The document contains log entries from an Android application crash. It records a java.lang.NoSuchFieldError exception occurring at multiple points during app initialization and execution. This suggests a mismatch between the application's expected class fields and the actual implementation in the installed version. Additional lines show the app connecting to camera services and other components while repeating log messages, indicating issues during startup.
We take content rights seriously. If you suspect this is your content, claim it here.
Available Formats
Download as TXT, PDF, TXT or read online on Scribd
0 ratings0% found this document useful (0 votes)
76 views14 pages
Logcat 1618761333927
The document contains log entries from an Android application crash. It records a java.lang.NoSuchFieldError exception occurring at multiple points during app initialization and execution. This suggests a mismatch between the application's expected class fields and the actual implementation in the installed version. Additional lines show the app connecting to camera services and other components while repeating log messages, indicating issues during startup.
We take content rights seriously. If you suspect this is your content, claim it here.
Available Formats
Download as TXT, PDF, TXT or read online on Scribd
You are on page 1/ 14
--------- beginning of crash
04-18 18:55:08.221 20786 20865 E AndroidRuntime: FATAL EXCEPTION: WRSListenerV2 bkg
04-18 18:55:08.221 20786 20865 E AndroidRuntime: Process: org.codeaurora.snapcam, PID: 20786
04-18 18:55:08.221 20786 20865 E AndroidRuntime: java.lang.NoSuchFieldError: No instance field a of type Lmls; in class Lmlv; or its superclasses (declaration of 'mlv' appears in base.apk)
04-18 18:55:08.221 20786 20865 E AndroidRuntime: at mbi.a(mbi.java:8)
04-18 18:55:08.221 20786 20865 E AndroidRuntime: at lmp.f(Unknown Source:279)
04-18 18:55:08.221 20786 20865 E AndroidRuntime: at lmp.c(Unknown Source:185)
04-18 18:55:08.221 20786 20865 E AndroidRuntime: at lmp.d(Unknown Source:62)
04-18 18:55:08.221 20786 20865 E AndroidRuntime: at lne.run(Unknown Source:17)
04-18 18:55:08.221 20786 20865 E AndroidRuntime: at android.os.Handler.handleCallback(Handler.java:883)
04-18 18:55:08.221 20786 20865 E AndroidRuntime: at android.os.Handler.dispatchMessage(Handler.java:100)
04-18 18:55:08.221 20786 20865 E AndroidRuntime: at android.os.Looper.loop(Looper.java:224)
04-18 18:55:08.221 20786 20865 E AndroidRuntime: at android.os.HandlerThread.run(HandlerThread.java:67)
04-18 18:55:08.267 20786 20786 E AndroidRuntime: FATAL EXCEPTION: main
04-18 18:55:08.267 20786 20786 E AndroidRuntime: Process: org.codeaurora.snapcam, PID: 20786
04-18 18:55:08.267 20786 20786 E AndroidRuntime: java.lang.NoSuchFieldError: No instance field a of type Lmls; in class Lmlv; or its superclasses (declaration of 'mlv' appears in base.apk)
04-18 18:55:08.267 20786 20786 E AndroidRuntime: at mbi.a(mbi.java:8)
04-18 18:55:08.267 20786 20786 E AndroidRuntime: at lmp.f(Unknown Source:279)
04-18 18:55:08.267 20786 20786 E AndroidRuntime: at lmp.c(Unknown Source:185)
04-18 18:55:08.267 20786 20786 E AndroidRuntime: at lml.run(Unknown Source:55)
04-18 18:55:08.267 20786 20786 E AndroidRuntime: at mtb.run(Unknown Source:3)
04-18 18:55:08.267 20786 20786 E AndroidRuntime: at java.util.concurrent.Executors$RunnableAdapter.call(Executors.java:462)
04-18 18:55:08.267 20786 20786 E AndroidRuntime: at qwt.c(Unknown Source:26)
04-18 18:55:08.267 20786 20786 E AndroidRuntime: at qvu.run(Unknown Source:663)
04-18 18:55:08.267 20786 20786 E AndroidRuntime: at qwu.run(Unknown Source:65)
04-18 18:55:08.267 20786 20786 E AndroidRuntime: at java.util.concurrent.Executors$RunnableAdapter.call(Executors.java:462)
04-18 18:55:08.267 20786 20786 E AndroidRuntime: at java.util.concurrent.FutureTask.run(FutureTask.java:266)
04-18 18:55:08.267 20786 20786 E AndroidRuntime: at java.util.concurrent.ScheduledThreadPoolExecutor$ScheduledFutureTask.run(ScheduledT hreadPoolExecutor.java:301)
04-18 18:55:08.267 20786 20786 E AndroidRuntime: at mto.run(Unknown Source:5)
04-18 18:55:08.267 20786 20786 E AndroidRuntime: at mtn.run(Unknown Source:0)
04-18 18:55:08.267 20786 20786 E AndroidRuntime: at java.util.concurrent.ThreadPoolExecutor.runWorker(ThreadPoolExecutor.java:1167)
04-18 18:55:08.267 20786 20786 E AndroidRuntime: at java.util.concurrent.ThreadPoolExecutor$Worker.run(ThreadPoolExecutor.java:641)
04-18 18:55:08.267 20786 20786 E AndroidRuntime: at java.lang.Thread.run(Thread.java:919)
04-18 18:55:08.267 20786 20786 E AndroidRuntime: at msf.run(Unknown Source:21) --------- beginning of main
04-18 18:55:33.200 21025 21025 W eaurora.snapcam: type=1400 audit(0.0:1209492): avc: denied { read } for name="u:object_r:vendor_default_prop:s0" dev="tmpfs" ino=25621 scontext=u:r:untrusted_app:s0:c113,c257,c512,c768 tcontext=u:object_r:vendor_default_prop:s0 tclass=file permissive=0
04-18 18:55:33.197 21025 21025 I ZoranLog: SearchIndexProv : Called onCreate
04-18 18:55:33.206 21025 21025 I FeatureParser: can't find joyeuse.xml in assets/device_features/,it may be in /vendor/etc/device_features
04-18 18:55:33.208 21025 21025 E libc : Access denied finding property "ro.vendor.df.effect.conflict"
04-18 18:55:33.226 21025 21025 I ApkCheck: ok
04-18 18:55:33.229 21025 21025 I ZoranLog: : Tag ConfigGserviceSource is 1 chars longer than limit.
04-18 18:55:33.239 21025 21057 W VideoCapabilities: Unsupported mime image/vnd.android.heic
04-18 18:55:33.241 21025 21057 W VideoCapabilities: Unsupported mime video/divx
04-18 18:55:33.241 21025 21057 W VideoCapabilities: Unsupported mime video/divx4
04-18 18:55:33.246 21025 21057 W VideoCapabilities: Unrecognized profile/level 0/3 for video/mpeg2
04-18 18:55:33.247 21025 21057 W VideoCapabilities: Unrecognized profile/level 0/3 for video/mpeg2
04-18 18:55:33.275 21025 21063 W eaurora.snapca: Accessing hidden field Ljava/util/Collections$SynchronizedCollection;->mutex:Ljava/lang/Object; (greylist- max-o, reflection, denied)
04-18 18:55:33.275 21025 21063 W eaurora.snapca: Accessing hidden method Ljava/util/Collections$SynchronizedSet;-><init>(Ljava/util/Set;Ljava/lang/Object;)V (greylist-max-o, reflection, denied)
04-18 18:55:33.276 21025 21063 W eaurora.snapca: Accessing hidden method Ljava/util/Collections$SynchronizedCollection;-><init>(Ljava/util/ Collection;Ljava/lang/Object;)V (greylist-max-o, reflection, denied)
04-18 18:55:33.278 21025 21058 I ZoranLog: StorageModule : Build number (V12.0.2.0.QJZEUXM) is not a number. Ignoring version check for b/149569689.
04-18 18:55:33.282 21025 21025 D ForceDarkHelper: updateByCheckExcludeList: pkg: org.codeaurora.snapcam activity: com.google.android.apps.camera.legacy.app.activity.main.CameraActivity@def8490
04-18 18:55:33.283 21025 21025 D ForceDarkHelper: updateByCheckExcludeList: pkg: org.codeaurora.snapcam activity: com.google.android.apps.camera.legacy.app.activity.main.CameraActivity@def8490
04-18 18:55:33.286 21025 21025 D ForceDarkHelper: updateByCheckExcludeList: pkg: org.codeaurora.snapcam activity: com.google.android.apps.camera.legacy.app.activity.main.CameraActivity@def8490
04-18 18:55:33.286 21025 21025 D ForceDarkHelper: updateByCheckExcludeList: pkg: org.codeaurora.snapcam activity: com.google.android.apps.camera.legacy.app.activity.main.CameraActivity@def8490
04-18 18:55:33.288 21025 21057 I CameraManagerGlobal: Connecting to camera service
04-18 18:55:33.288 21025 21025 D ForceDarkHelper: updateByCheckExcludeList: pkg: org.codeaurora.snapcam activity: com.google.android.apps.camera.legacy.app.activity.main.CameraActivity@def8490
04-18 18:55:33.296 21025 21025 D ForceDarkHelper: updateByCheckExcludeList: pkg: org.codeaurora.snapcam activity: com.google.android.apps.camera.legacy.app.activity.main.CameraActivity@def8490
04-18 18:55:33.298 21025 21025 I chatty : uid=10369(org.codeaurora.snapcam) identical 5 lines
04-18 18:55:33.298 21025 21025 D ForceDarkHelper: updateByCheckExcludeList: pkg: org.codeaurora.snapcam activity: com.google.android.apps.camera.legacy.app.activity.main.CameraActivity@def8490
04-18 18:55:33.324 21025 21025 D ForceDarkHelper: updateByCheckExcludeList: pkg: org.codeaurora.snapcam activity: com.google.android.apps.camera.legacy.app.activity.main.CameraActivity@def8490
04-18 18:55:33.325 21025 21025 I chatty : uid=10369(org.codeaurora.snapcam) identical 2 lines
04-18 18:55:33.325 21025 21025 D ForceDarkHelper: updateByCheckExcludeList: pkg: org.codeaurora.snapcam activity: com.google.android.apps.camera.legacy.app.activity.main.CameraActivity@def8490
04-18 18:55:33.325 21025 21068 I ZoranLog: : Tag PckStreamConfigModule is 2 chars longer than limit.
04-18 18:55:33.325 21025 21025 D ForceDarkHelper: updateByCheckExcludeList: pkg: org.codeaurora.snapcam activity: com.google.android.apps.camera.legacy.app.activity.main.CameraActivity@def8490
04-18 18:55:33.326 21025 21025 D ForceDarkHelper: updateByCheckExcludeList: pkg: org.codeaurora.snapcam activity: com.google.android.apps.camera.legacy.app.activity.main.CameraActivity@def8490
04-18 18:55:33.330 21025 21025 D ForceDarkHelper: updateByCheckExcludeList: pkg: org.codeaurora.snapcam activity: com.google.android.apps.camera.legacy.app.activity.main.CameraActivity@def8490
04-18 18:55:33.332 21025 21025 I chatty : uid=10369(org.codeaurora.snapcam) identical 4 lines
04-18 18:55:33.332 21025 21025 D ForceDarkHelper: updateByCheckExcludeList: pkg: org.codeaurora.snapcam activity: com.google.android.apps.camera.legacy.app.activity.main.CameraActivity@def8490
04-18 18:55:33.333 21025 21025 D ForceDarkHelper: updateByCheckExcludeList: pkg: org.codeaurora.snapcam activity: com.google.android.apps.camera.legacy.app.activity.main.CameraActivity@def8490
04-18 18:55:33.333 21025 21025 D ForceDarkHelper: updateByCheckExcludeList: pkg: org.codeaurora.snapcam activity: com.google.android.apps.camera.legacy.app.activity.main.CameraActivity@def8490
04-18 18:55:33.336 21025 21025 I chatty : uid=10369(org.codeaurora.snapcam) identical 7 lines
04-18 18:55:33.339 21025 21025 D ForceDarkHelper: updateByCheckExcludeList: pkg: org.codeaurora.snapcam activity: com.google.android.apps.camera.legacy.app.activity.main.CameraActivity@def8490
04-18 18:55:33.339 21025 21025 D ForceDarkHelper: updateByCheckExcludeList: pkg: org.codeaurora.snapcam activity: com.google.android.apps.camera.legacy.app.activity.main.CameraActivity@def8490
04-18 18:55:33.340 21025 21025 I chatty : uid=10369(org.codeaurora.snapcam) identical 1 line
04-18 18:55:33.342 21025 21025 D ForceDarkHelper: updateByCheckExcludeList: pkg: org.codeaurora.snapcam activity: com.google.android.apps.camera.legacy.app.activity.main.CameraActivity@def8490
04-18 18:55:33.344 21025 21025 D ForceDarkHelper: updateByCheckExcludeList: pkg: org.codeaurora.snapcam activity: com.google.android.apps.camera.legacy.app.activity.main.CameraActivity@def8490
04-18 18:55:33.346 21025 21025 I chatty : uid=10369(org.codeaurora.snapcam) identical 5 lines
04-18 18:55:33.347 21025 21025 D ForceDarkHelper: updateByCheckExcludeList: pkg: org.codeaurora.snapcam activity: com.google.android.apps.camera.legacy.app.activity.main.CameraActivity@def8490
04-18 18:55:33.347 21025 21072 E libc : Access denied finding property "persist.vendor.camera.privapp.list"
04-18 18:55:33.357 21025 21025 D ForceDarkHelper: updateByCheckExcludeList: pkg: org.codeaurora.snapcam activity: com.google.android.apps.camera.legacy.app.activity.main.CameraActivity@def8490
04-18 18:55:33.365 21025 21025 I chatty : uid=10369(org.codeaurora.snapcam) identical 15 lines
04-18 18:55:33.366 21025 21025 D ForceDarkHelper: updateByCheckExcludeList: pkg: org.codeaurora.snapcam activity: com.google.android.apps.camera.legacy.app.activity.main.CameraActivity@def8490
04-18 18:55:33.366 21025 21025 D ForceDarkHelper: updateByCheckExcludeList: pkg: org.codeaurora.snapcam activity: com.google.android.apps.camera.legacy.app.activity.main.CameraActivity@def8490
04-18 18:55:33.370 21025 21025 D ForceDarkHelper: updateByCheckExcludeList: pkg: org.codeaurora.snapcam activity: com.google.android.apps.camera.legacy.app.activity.main.CameraActivity@def8490
04-18 18:55:33.380 21025 21025 D ForceDarkHelper: updateByCheckExcludeList: pkg: org.codeaurora.snapcam activity: com.google.android.apps.camera.legacy.app.activity.main.CameraActivity@def8490
04-18 18:55:33.381 21025 21025 D ForceDarkHelper: updateByCheckExcludeList: pkg: org.codeaurora.snapcam activity: com.google.android.apps.camera.legacy.app.activity.main.CameraActivity@def8490
04-18 18:55:33.382 21025 21025 I chatty : uid=10369(org.codeaurora.snapcam) identical 1 line
04-18 18:55:33.383 21025 21025 D ForceDarkHelper: updateByCheckExcludeList: pkg: org.codeaurora.snapcam activity: com.google.android.apps.camera.legacy.app.activity.main.CameraActivity@def8490
04-18 18:55:33.384 21025 21025 D ForceDarkHelper: updateByCheckExcludeList: pkg: org.codeaurora.snapcam activity: com.google.android.apps.camera.legacy.app.activity.main.CameraActivity@def8490
04-18 18:55:33.385 21025 21025 I chatty : uid=10369(org.codeaurora.snapcam) identical 4 lines
04-18 18:55:33.388 21025 21025 D ForceDarkHelper: updateByCheckExcludeList: pkg: org.codeaurora.snapcam activity: com.google.android.apps.camera.legacy.app.activity.main.CameraActivity@def8490
04-18 18:55:33.389 21025 21025 D ForceDarkHelper: updateByCheckExcludeList: pkg: org.codeaurora.snapcam activity: com.google.android.apps.camera.legacy.app.activity.main.CameraActivity@def8490
04-18 18:55:33.390 21025 21025 D ForceDarkHelper: updateByCheckExcludeList: pkg: org.codeaurora.snapcam activity: com.google.android.apps.camera.legacy.app.activity.main.CameraActivity@def8490
04-18 18:55:33.391 21025 21025 I ZoranLog: : Tag ShutterBtnProgressOverlay is 6 chars longer than limit.
04-18 18:55:33.391 21025 21025 D ForceDarkHelper: updateByCheckExcludeList: pkg: org.codeaurora.snapcam activity: com.google.android.apps.camera.legacy.app.activity.main.CameraActivity@def8490
04-18 18:55:33.392 21025 21025 D ForceDarkHelper: updateByCheckExcludeList: pkg: org.codeaurora.snapcam activity: com.google.android.apps.camera.legacy.app.activity.main.CameraActivity@def8490
04-18 18:55:33.392 21025 21025 D ForceDarkHelper: updateByCheckExcludeList: pkg: org.codeaurora.snapcam activity: com.google.android.apps.camera.legacy.app.activity.main.CameraActivity@def8490
04-18 18:55:33.392 21025 21025 D ForceDarkHelper: updateByCheckExcludeList: pkg: org.codeaurora.snapcam activity: com.google.android.apps.camera.legacy.app.activity.main.CameraActivity@def8490
04-18 18:55:33.393 21025 21025 D ForceDarkHelper: updateByCheckExcludeList: pkg: org.codeaurora.snapcam activity: com.google.android.apps.camera.legacy.app.activity.main.CameraActivity@def8490
04-18 18:55:33.393 21025 21025 D ForceDarkHelper: updateByCheckExcludeList: pkg: org.codeaurora.snapcam activity: com.google.android.apps.camera.legacy.app.activity.main.CameraActivity@def8490
04-18 18:55:33.393 21025 21068 W ContextImpl: Failed to ensure /storage/0000-0000/Android/data/org.codeaurora.snapcam/cache: java.lang.IllegalStateException: Failed to prepare /storage/0000-0000/Android/data/org.codeaurora.snapcam/cache/: android.os.ServiceSpecificException: (code -30)
04-18 18:55:33.394 21025 21025 D ForceDarkHelper: updateByCheckExcludeList: pkg: org.codeaurora.snapcam activity: com.google.android.apps.camera.legacy.app.activity.main.CameraActivity@def8490
04-18 18:55:33.396 21025 21025 I chatty : uid=10369(org.codeaurora.snapcam) identical 4 lines
04-18 18:55:33.397 21025 21025 D ForceDarkHelper: updateByCheckExcludeList: pkg: org.codeaurora.snapcam activity: com.google.android.apps.camera.legacy.app.activity.main.CameraActivity@def8490
04-18 18:55:33.397 21025 21068 I ZoranLog: awb : Back
04-18 18:55:33.397 21025 21068 I ZoranLog: isawb : IMX586
04-18 18:55:33.398 21025 21068 W qyv : EEPROM_WB_CALIB is not available
04-18 18:55:33.399 21025 21068 W qyv : convertToBayerPattern: unsupported color filter arrangement: 5, returning kInvalid.
04-18 18:55:33.399 21025 21068 I ZoranLog: awb : Back
04-18 18:55:33.399 21025 21068 I ZoranLog: isawb : IMX586
04-18 18:55:33.400 21025 21068 W qyv : EEPROM_WB_CALIB is not available
04-18 18:55:33.401 21025 21068 I ZoranLog: awb : Back
04-18 18:55:33.401 21025 21068 I ZoranLog: isawb : IMX586
04-18 18:55:33.401 21025 21068 W qyv : EEPROM_WB_CALIB is not available
04-18 18:55:33.404 21025 21068 I ZoranLog: awb : Back
04-18 18:55:33.404 21025 21068 I ZoranLog: isawb : IMX586
04-18 18:55:33.404 21025 21068 W qyv : EEPROM_WB_CALIB is not available
04-18 18:55:33.405 21025 21068 I ZoranLog: awb : Back
04-18 18:55:33.405 21025 21068 I ZoranLog: isawb : IMX586
04-18 18:55:33.405 21025 21068 W qyv : EEPROM_WB_CALIB is not available
04-18 18:55:33.408 21025 21068 I org.codeaurora.snapcam: vendor/qcom/proprietary/commonsys-intf/adsprpc/src/fastrpc_apps_user.c:2548: fastrpc_apps_user_init done
04-18 18:55:33.409 21025 21068 W libgcam : [tuning.cc:2390]: GetTuningFromDeviceCode: Unsupported sensor ID. Using tuning defaults.
04-18 18:55:33.409 21025 21068 W libgcam : [tuning.cc:2390]: GetTuningFromDeviceCode: Unsupported sensor ID. Using tuning defaults.
04-18 18:55:33.416 21025 21068 I ZoranLog: GetNumCameras Sensor : 5
04-18 18:55:33.417 21025 21068 I ZoranLog: GetNumCameras Sensor : 5
04-18 18:55:33.417 21025 21068 I chatty : uid=10369(org.codeaurora.snapcam) CriticalPath identical 3 lines
04-18 18:55:33.417 21025 21068 I ZoranLog: GetNumCameras Sensor : 5
04-18 18:55:33.425 21025 21064 I ZoranLog: : Tag ZoomLockViewController is 3 chars longer than limit.
04-18 18:55:33.427 21025 21064 I ZoranLog: : Tag ShutterButtonAnimator is 2 chars longer than limit.
04-18 18:55:33.448 21025 21064 I ZoranLog: : Tag SceneDistanceAdviceSettings is 8 chars longer than limit.
04-18 18:55:33.450 21025 21054 I AdrenoGLES: QUALCOMM build : 57da73e, I82b4603a7a
04-18 18:55:33.450 21025 21054 I AdrenoGLES: Build Date : 12/03/20
04-18 18:55:33.450 21025 21054 I AdrenoGLES: OpenGL ES Shader Compiler Version: EV031.27.05.03
04-18 18:55:33.450 21025 21054 I AdrenoGLES: Local Branch :
04-18 18:55:33.450 21025 21054 I AdrenoGLES: Remote Branch : refs/tags/AU_LINUX_ANDROID_LA.UM.8.9.R1.10.00.00.558.071
04-18 18:55:33.450 21025 21054 I AdrenoGLES: Remote Branch : NONE
04-18 18:55:33.450 21025 21054 I AdrenoGLES: Reconstruct Branch : NOTHING
04-18 18:55:33.450 21025 21054 I AdrenoGLES: Build Config : S P 8.0.12 AArch64
04-18 18:55:33.452 21025 21064 I ZoranLog: : Tag LongExposureStatechart is 3 chars longer than limit.
04-18 18:55:33.453 21025 21054 I AdrenoGLES: PFP: 0x016ee187, ME: 0x00000000
04-18 18:55:33.473 21025 21064 W ContextImpl: Failed to ensure /storage/0000-0000/Android/data/org.codeaurora.snapcam/files: java.lang.IllegalStateException: Failed to prepare /storage/0000-0000/Android/data/org.codeaurora.snapcam/files/: android.os.ServiceSpecificException: (code -30)
04-18 18:55:33.474 21025 21068 I ZoranLog: DebugCanvasAdapter : UI view not yet initialized
04-18 18:55:33.480 21025 21054 W Gralloc3: mapper 3.x is not supported
04-18 18:55:33.484 21025 21064 W ContextImpl: Failed to ensure /storage/0000-0000/Android/data/org.codeaurora.snapcam/files: java.lang.IllegalStateException: Failed to prepare /storage/0000-0000/Android/data/org.codeaurora.snapcam/files/: android.os.ServiceSpecificException: (code -30)
04-18 18:55:33.484 21025 21064 I ZoranLog: : Tag MediaStoreDataLoader is 1 chars longer than limit.
04-18 18:55:33.495 21025 21025 I ZoranLog: SlfUpdTemperature : Was already registered as ThermalStatusListener on AppStart
04-18 18:55:33.498 21025 21025 D ForceDarkHelper: updateByCheckExcludeList: pkg: org.codeaurora.snapcam activity: com.google.android.apps.camera.legacy.app.activity.main.CameraActivity@def8490
04-18 18:55:33.498 21025 21025 I chatty : uid=10369(org.codeaurora.snapcam) identical 3 lines
04-18 18:55:33.499 21025 21025 D ForceDarkHelper: updateByCheckExcludeList: pkg: org.codeaurora.snapcam activity: com.google.android.apps.camera.legacy.app.activity.main.CameraActivity@def8490
04-18 18:55:33.499 21025 21025 D ForceDarkHelper: updateByCheckExcludeList: pkg: org.codeaurora.snapcam activity: com.google.android.apps.camera.legacy.app.activity.main.CameraActivity@def8490
04-18 18:55:33.499 21025 21025 D ForceDarkHelper: updateByCheckExcludeList: pkg: org.codeaurora.snapcam activity: com.google.android.apps.camera.legacy.app.activity.main.CameraActivity@def8490
04-18 18:55:33.500 21025 21025 I chatty : uid=10369(org.codeaurora.snapcam) identical 1 line
04-18 18:55:33.500 21025 21025 D ForceDarkHelper: updateByCheckExcludeList: pkg: org.codeaurora.snapcam activity: com.google.android.apps.camera.legacy.app.activity.main.CameraActivity@def8490
04-18 18:55:33.501 21025 21025 D ForceDarkHelper: updateByCheckExcludeList: pkg: org.codeaurora.snapcam activity: com.google.android.apps.camera.legacy.app.activity.main.CameraActivity@def8490
04-18 18:55:33.502 21025 21025 D ForceDarkHelper: updateByCheckExcludeList: pkg: org.codeaurora.snapcam activity: com.google.android.apps.camera.legacy.app.activity.main.CameraActivity@def8490
04-18 18:55:33.503 21025 21025 I chatty : uid=10369(org.codeaurora.snapcam) identical 2 lines
04-18 18:55:33.503 21025 21025 D ForceDarkHelper: updateByCheckExcludeList: pkg: org.codeaurora.snapcam activity: com.google.android.apps.camera.legacy.app.activity.main.CameraActivity@def8490
04-18 18:55:33.514 21025 21025 D ForceDarkHelper: updateByCheckExcludeList: pkg: org.codeaurora.snapcam activity: com.google.android.apps.camera.legacy.app.activity.main.CameraActivity@def8490
04-18 18:55:33.516 21025 21025 I chatty : uid=10369(org.codeaurora.snapcam) identical 5 lines
04-18 18:55:33.516 21025 21025 D ForceDarkHelper: updateByCheckExcludeList: pkg: org.codeaurora.snapcam activity: com.google.android.apps.camera.legacy.app.activity.main.CameraActivity@def8490
04-18 18:55:33.520 21025 21025 D ForceDarkHelper: updateByCheckExcludeList: pkg: org.codeaurora.snapcam activity: com.google.android.apps.camera.legacy.app.activity.main.CameraActivity@def8490
04-18 18:55:33.522 21025 21025 D ForceDarkHelper: updateByCheckExcludeList: pkg: org.codeaurora.snapcam activity: com.google.android.apps.camera.legacy.app.activity.main.CameraActivity@def8490
04-18 18:55:33.533 21025 21025 I chatty : uid=10369(org.codeaurora.snapcam) identical 24 lines
04-18 18:55:33.533 21025 21025 D ForceDarkHelper: updateByCheckExcludeList: pkg: org.codeaurora.snapcam activity: com.google.android.apps.camera.legacy.app.activity.main.CameraActivity@def8490
04-18 18:55:33.534 21025 21025 D ForceDarkHelper: updateByCheckExcludeList: pkg: org.codeaurora.snapcam activity: com.google.android.apps.camera.legacy.app.activity.main.CameraActivity@def8490
04-18 18:55:33.557 21025 21025 D ForceDarkHelper: updateByCheckExcludeList: pkg: org.codeaurora.snapcam activity: com.google.android.apps.camera.legacy.app.activity.main.CameraActivity@def8490
04-18 18:55:33.566 21025 21025 D ForceDarkHelper: updateByCheckExcludeList: pkg: org.codeaurora.snapcam activity: com.google.android.apps.camera.legacy.app.activity.main.CameraActivity@def8490
04-18 18:55:33.570 21025 21025 D ForceDarkHelper: updateByCheckExcludeList: pkg: org.codeaurora.snapcam activity: com.google.android.apps.camera.legacy.app.activity.main.CameraActivity@def8490
04-18 18:55:33.572 21025 21025 D ForceDarkHelper: updateByCheckExcludeList: pkg: org.codeaurora.snapcam activity: com.google.android.apps.camera.legacy.app.activity.main.CameraActivity@def8490
04-18 18:55:33.573 21025 21025 D ForceDarkHelper: updateByCheckExcludeList: pkg: org.codeaurora.snapcam activity: com.google.android.apps.camera.legacy.app.activity.main.CameraActivity@def8490
04-18 18:55:33.574 21025 21085 W SimpleReqProcessor: Failed to add Stream-3 to CaptureRequest for Request-10. The surface (null) was not valid.
04-18 18:55:33.574 21025 21025 D ForceDarkHelper: updateByCheckExcludeList: pkg: org.codeaurora.snapcam activity: com.google.android.apps.camera.legacy.app.activity.main.CameraActivity@def8490
04-18 18:55:33.576 21025 21043 W Gralloc3: allocator 3.x is not supported
04-18 18:55:33.577 21025 21085 W SimpleReqProcessor: Failed to add Stream-3 to CaptureRequest for Request-11. The surface (null) was not valid.
04-18 18:55:33.584 21025 21025 D ForceDarkHelper: updateByCheckExcludeList: pkg: org.codeaurora.snapcam activity: com.google.android.apps.camera.legacy.app.activity.main.CameraActivity@def8490
04-18 18:55:33.589 21025 21025 D ForceDarkHelper: updateByCheckExcludeList: pkg: org.codeaurora.snapcam activity: com.google.android.apps.camera.legacy.app.activity.main.CameraActivity@def8490
04-18 18:55:33.596 21025 21025 I chatty : uid=10369(org.codeaurora.snapcam) identical 18 lines
04-18 18:55:33.598 21025 21025 D ForceDarkHelper: updateByCheckExcludeList: pkg: org.codeaurora.snapcam activity: com.google.android.apps.camera.legacy.app.activity.main.CameraActivity@def8490
04-18 18:55:33.600 21025 21025 D ForceDarkHelper: updateByCheckExcludeList: pkg: org.codeaurora.snapcam activity: com.google.android.apps.camera.legacy.app.activity.main.CameraActivity@def8490
04-18 18:55:33.602 21025 21025 I chatty : uid=10369(org.codeaurora.snapcam) identical 2 lines
04-18 18:55:33.603 21025 21025 D ForceDarkHelper: updateByCheckExcludeList: pkg: org.codeaurora.snapcam activity: com.google.android.apps.camera.legacy.app.activity.main.CameraActivity@def8490
04-18 18:55:33.620 21025 21025 D ForceDarkHelper: updateByCheckExcludeList: pkg: org.codeaurora.snapcam activity: com.google.android.apps.camera.legacy.app.activity.main.CameraActivity@def8490
04-18 18:55:33.621 21025 21025 D ForceDarkHelper: updateByCheckExcludeList: pkg: org.codeaurora.snapcam activity: com.google.android.apps.camera.legacy.app.activity.main.CameraActivity@def8490
04-18 18:55:33.628 21025 21096 W SimpleReqProcessor: Failed to add Stream-3 to CaptureRequest for Request-12. The surface (null) was not valid.
04-18 18:55:33.631 21025 21096 W SimpleReqProcessor: Failed to add Stream-3 to CaptureRequest for Request-13. The surface (null) was not valid.
04-18 18:55:33.633 21025 21025 D ForceDarkHelper: updateByCheckExcludeList: pkg: org.codeaurora.snapcam activity: com.google.android.apps.camera.legacy.app.activity.main.CameraActivity@def8490
04-18 18:55:33.638 21025 21025 D ForceDarkHelper: updateByCheckExcludeList: pkg: org.codeaurora.snapcam activity: com.google.android.apps.camera.legacy.app.activity.main.CameraActivity@def8490
04-18 18:55:33.638 21025 21025 I chatty : uid=10369(org.codeaurora.snapcam) identical 1 line
04-18 18:55:33.640 21025 21025 D ForceDarkHelper: updateByCheckExcludeList: pkg: org.codeaurora.snapcam activity: com.google.android.apps.camera.legacy.app.activity.main.CameraActivity@def8490
04-18 18:55:33.650 21025 21025 D ForceDarkHelper: updateByCheckExcludeList: pkg: org.codeaurora.snapcam activity: com.google.android.apps.camera.legacy.app.activity.main.CameraActivity@def8490
04-18 18:55:33.651 21025 21025 D ForceDarkHelper: updateByCheckExcludeList: pkg: org.codeaurora.snapcam activity: com.google.android.apps.camera.legacy.app.activity.main.CameraActivity@def8490
04-18 18:55:33.654 21025 21025 I ZoranLog: : Tag HdrPlusTemperatureListener is 7 chars longer than limit.
04-18 18:55:33.661 21025 21025 W WearRemoteShutterListen: Tag WearRemoteShutterListenerV2 is 4 chars longer than limit.
04-18 18:55:33.663 21025 21025 I ZoranLog: ModeSwitcher : ModeSwitcher WAS ALREADY ENABLED!
04-18 18:55:33.665 21025 21104 E AndroidRuntime: FATAL EXCEPTION: WRSListenerV2 bkg
04-18 18:55:33.665 21025 21104 E AndroidRuntime: Process: org.codeaurora.snapcam, PID: 21025
04-18 18:55:33.665 21025 21104 E AndroidRuntime: java.lang.NoSuchFieldError: No instance field a of type Lmls; in class Lmlv; or its superclasses (declaration of 'mlv' appears in base.apk)
04-18 18:55:33.665 21025 21104 E AndroidRuntime: at mbi.a(mbi.java:8)
04-18 18:55:33.665 21025 21104 E AndroidRuntime: at lmp.f(Unknown Source:279)
04-18 18:55:33.665 21025 21104 E AndroidRuntime: at lmp.c(Unknown Source:185)
04-18 18:55:33.665 21025 21104 E AndroidRuntime: at lmp.d(Unknown Source:62)
04-18 18:55:33.665 21025 21104 E AndroidRuntime: at lne.run(Unknown Source:17)
04-18 18:55:33.665 21025 21104 E AndroidRuntime: at android.os.Handler.handleCallback(Handler.java:883)
04-18 18:55:33.665 21025 21104 E AndroidRuntime: at android.os.Handler.dispatchMessage(Handler.java:100)
04-18 18:55:33.665 21025 21104 E AndroidRuntime: at android.os.Looper.loop(Looper.java:224)
04-18 18:55:33.665 21025 21104 E AndroidRuntime: at android.os.HandlerThread.run(HandlerThread.java:67)
04-18 18:55:33.670 21025 21025 D ForceDarkHelper: updateByCheckExcludeList: pkg: org.codeaurora.snapcam activity: com.google.android.apps.camera.legacy.app.activity.main.CameraActivity@def8490
04-18 18:55:33.673 21025 21104 I ZoranLog: UncaughtExForwarder : Uncaught exception in background thread
04-18 18:55:33.673 21025 21104 I ZoranLog: UncaughtExHndlrBase : Uncaught exception in background thread Thread[WRSListenerV2 bkg,5,main]
04-18 18:55:33.674 21025 21025 D ForceDarkHelper: updateByCheckExcludeList: pkg: org.codeaurora.snapcam activity: com.google.android.apps.camera.legacy.app.activity.main.CameraActivity@def8490
04-18 18:55:33.677 21025 21025 D ForceDarkHelper: updateByCheckExcludeList: pkg: org.codeaurora.snapcam activity: com.google.android.apps.camera.legacy.app.activity.main.CameraActivity@def8490
04-18 18:55:33.680 21025 21096 W SimpleReqProcessor: Failed to add Stream-3 to CaptureRequest for Request-14. The surface (null) was not valid.
04-18 18:55:33.683 21025 21096 W SimpleReqProcessor: Failed to add Stream-3 to CaptureRequest for Request-15. The surface (null) was not valid.
04-18 18:55:33.691 21025 21025 W View : requestLayout() improperly called by pud{90d0b1d VFED..C.. ......ID 387,11-692,142} during layout: running second layout pass
04-18 18:55:33.693 21025 21025 D SurfaceView: UPDATE null, mIsCastMode = false
04-18 18:55:33.706 21025 21025 W SimpleReqProcessor: Failed to add Stream-3 to CaptureRequest for Request-16. The surface is not yet available.
04-18 18:55:33.711 21025 21025 D AndroidRuntime: Shutting down VM
04-18 18:55:33.711 21025 21025 E AndroidRuntime: FATAL EXCEPTION: main
04-18 18:55:33.711 21025 21025 E AndroidRuntime: Process: org.codeaurora.snapcam, PID: 21025
04-18 18:55:33.711 21025 21025 E AndroidRuntime: java.lang.NoSuchFieldError: No instance field a of type Lmls; in class Lmlv; or its superclasses (declaration of 'mlv' appears in base.apk)
04-18 18:55:33.711 21025 21025 E AndroidRuntime: at mbi.a(mbi.java:8)
04-18 18:55:33.711 21025 21025 E AndroidRuntime: at lmp.f(Unknown Source:279)
04-18 18:55:33.711 21025 21025 E AndroidRuntime: at lmp.c(Unknown Source:185)
04-18 18:55:33.711 21025 21025 E AndroidRuntime: at lml.run(Unknown Source:55)
04-18 18:55:33.711 21025 21025 E AndroidRuntime: at mtb.run(Unknown Source:3)
04-18 18:55:33.711 21025 21025 E AndroidRuntime: at java.util.concurrent.Executors$RunnableAdapter.call(Executors.java:462)
04-18 18:55:33.711 21025 21025 E AndroidRuntime: at qwt.c(Unknown Source:26)
04-18 18:55:33.711 21025 21025 E AndroidRuntime: at qvu.run(Unknown Source:663)
04-18 18:55:33.711 21025 21025 E AndroidRuntime: at qwu.run(Unknown Source:65)
04-18 18:55:33.711 21025 21025 E AndroidRuntime: at java.util.concurrent.Executors$RunnableAdapter.call(Executors.java:462)
04-18 18:55:33.711 21025 21025 E AndroidRuntime: at java.util.concurrent.FutureTask.run(FutureTask.java:266)
04-18 18:55:33.711 21025 21025 E AndroidRuntime: at java.util.concurrent.ScheduledThreadPoolExecutor$ScheduledFutureTask.run(ScheduledT hreadPoolExecutor.java:301)
04-18 18:55:33.711 21025 21025 E AndroidRuntime: at mto.run(Unknown Source:5)
04-18 18:55:33.711 21025 21025 E AndroidRuntime: at mtn.run(Unknown Source:0)
04-18 18:55:33.711 21025 21025 E AndroidRuntime: at java.util.concurrent.ThreadPoolExecutor.runWorker(ThreadPoolExecutor.java:1167)
04-18 18:55:33.711 21025 21025 E AndroidRuntime: at java.util.concurrent.ThreadPoolExecutor$Worker.run(ThreadPoolExecutor.java:641)
04-18 18:55:33.711 21025 21025 E AndroidRuntime: at java.lang.Thread.run(Thread.java:919)
04-18 18:55:33.711 21025 21025 E AndroidRuntime: at msf.run(Unknown Source:21)
04-18 18:55:33.712 21025 21085 W SurfaceMap: Surface(name=null)/@0x2fa7319 is valid but deferred streams are not yet available for CaptureSession-0
04-18 18:55:33.712 21025 21085 W SimpleReqProcessor: Failed to add Stream-3 to CaptureRequest for Request-17. The surface is not yet available.
04-18 18:55:33.770 21114 21114 E am:crash_repor: Not starting debugger since process cannot load the jdwp agent.
04-18 18:55:33.800 21025 21084 W CameraMetadataJV: Expect face scores and rectangles to be non-null
04-18 18:55:33.822 21025 21057 W FeatureExtractors: Extractor (frame) of type feature.acmi.imu.frame-straightness depends on foreign type feature.acmi.imu.camera-orientation! Feature values may be calculated out of order!
04-18 18:55:33.822 21025 21057 W FeatureExtractors: Extractor (frame) of type feature.acmi.imu.frame-straightness depends on foreign type feature.acmi.imu.camera-orientation! Feature values may be calculated out of order!
04-18 18:55:33.838 21025 21084 W CameraMetadataJV: Expect face scores and rectangles to be non-null
04-18 18:55:33.864 21025 21084 W CameraMetadataJV: Expect face scores and rectangles to be non-null
04-18 18:55:33.865 21025 21144 E qyv : Unexpected STATISTICS_SCENE_FLICKER type!
04-18 18:55:33.878 21025 21144 E libgcam : [gcam.cc:873]: TemporallyBinViewfinderFrame: [zsl-ns] AE produced invalid result: can't run binning.
04-18 18:55:33.895 21025 21144 E libgcam : [gcam.cc:873]: TemporallyBinViewfinderFrame: [zsl-ns] AE produced invalid result: can't run binning.
04-18 18:55:33.896 21114 21114 I am:crash_repor: Waiting for a blocking GC AddRemoveAppImageSpace
04-18 18:55:33.910 21025 21084 W JankMonitorFacade: UNINITIALIZED > rel Δ(result sensor timestamp) = 0.25 > 0.25
04-18 18:55:33.914 21114 21114 I Perf : Connecting to perf service.
04-18 18:55:33.914 21025 21144 E libgcam : [gcam.cc:873]: TemporallyBinViewfinderFrame: [zsl-ns] AE produced invalid result: can't run binning.
04-18 18:55:33.917 21025 21058 I tflite : Initialized TensorFlow Lite runtime.
04-18 18:55:33.917 21025 21084 W CameraMetadataJV: Expect face scores and rectangles to be non-null
04-18 18:55:33.934 21025 21084 W JankMonitorFacade: UNINITIALIZED > rel Δ(result sensor timestamp) = 0.33 > 0.25
04-18 18:55:33.935 21025 21084 W CameraMetadataJV: Expect face scores and rectangles to be non-null
04-18 18:55:33.940 21025 21176 I OMXClient: IOmx service obtained
04-18 18:55:33.948 21025 21144 E libgcam : [gcam.cc:873]: TemporallyBinViewfinderFrame: [zsl-ns] AE produced invalid result: can't run binning.
04-18 18:55:33.949 21114 21114 I SignatureCheck: Signature check ok
04-18 18:55:33.961 21114 21114 I FeatureParser: can't find joyeuse.xml in assets/device_features/,it may be in /vendor/etc/device_features
04-18 18:55:33.961 21025 21170 I MediaCodec: MediaCodec will operate in async mode
04-18 18:55:33.962 21114 21114 E libc : Access denied finding property "ro.vendor.df.effect.conflict"
04-18 18:55:33.965 21025 21176 I ExtendedACodec: setupVideoEncoder()
04-18 18:55:33.965 21025 21176 W OMXUtils: do not know color format 0x7fa30c06 = 2141391878
04-18 18:55:33.965 21025 21176 W OMXUtils: do not know color format 0x7fa30c04 = 2141391876
04-18 18:55:33.965 21025 21176 W OMXUtils: do not know color format 0x7fa30c00 = 2141391872
04-18 18:55:33.965 21025 21176 W OMXUtils: do not know color format 0x7fa30c09 = 2141391881
04-18 18:55:33.966 21025 21176 W OMXUtils: do not know color format 0x7fa30c0a = 2141391882
04-18 18:55:33.966 21025 21176 W OMXUtils: do not know color format 0x7fa30c08 = 2141391880
04-18 18:55:33.966 21025 21176 W OMXUtils: do not know color format 0x7fa30c07 = 2141391879
04-18 18:55:33.966 21025 21176 W OMXUtils: do not know color format 0x7f000789 = 2130708361
04-18 18:55:33.975 21025 21176 I ACodec : setupAVCEncoderParameters with [profile: High] [level: Level51]
04-18 18:55:33.976 21025 21176 I ACodec : [OMX.qcom.video.encoder.avc] cannot encode HDR static metadata. Ignoring.
04-18 18:55:33.976 21025 21176 I ACodec : setupVideoEncoder succeeded
04-18 18:55:33.976 21025 21176 I ExtendedACodec: [OMX.qcom.video.encoder.avc] configure, AMessage : AMessage(what = 'conf', target = 1) = {
04-18 18:55:33.976 21025 21176 I ExtendedACodec: int32_t color-format = 21
04-18 18:55:33.976 21025 21176 I ExtendedACodec: float i-frame-interval = 0.233333
04-18 18:55:33.976 21025 21176 I ExtendedACodec: int32_t level = 32768
04-18 18:55:33.976 21025 21176 I ExtendedACodec: string mime = "video/avc"
04-18 18:55:33.976 21025 21176 I ExtendedACodec: int32_t profile = 8
04-18 18:55:33.976 21025 21176 I ExtendedACodec: int32_t bitrate = 12000000
04-18 18:55:33.976 21025 21176 I ExtendedACodec: int32_t color-standard = 2
04-18 18:55:33.976 21025 21176 I ExtendedACodec: int32_t oo.muxer.drop_initial_non_keyframes = 1
04-18 18:55:33.976 21025 21176 I ExtendedACodec: int32_t color-transfer = 3
04-18 18:55:33.976 21025 21176 I ExtendedACodec: int32_t width = 640
04-18 18:55:33.976 21025 21176 I ExtendedACodec: int32_t color-range = 1
04-18 18:55:33.976 21025 21176 I ExtendedACodec: int32_t frame-rate = 30
04-18 18:55:33.976 21025 21176 I ExtendedACodec: int32_t height = 480
04-18 18:55:33.976 21025 21176 I ExtendedACodec: int32_t encoder = 1
04-18 18:55:33.976 21025 21176 I ExtendedACodec: }
04-18 18:55:33.980 21025 21084 W JankMonitorFacade: UNINITIALIZED > rel Δ(result sensor timestamp) = 1.00 > 0.25
04-18 18:55:33.981 21025 21084 W CameraMetadataJV: Expect face scores and rectangles to be non-null
04-18 18:55:33.994 21025 21144 E libgcam : [gcam.cc:873]: TemporallyBinViewfinderFrame: [zsl-ns] AE produced invalid result: can't run binning.
04-18 18:55:34.016 21025 21144 E libgcam : [gcam.cc:873]: TemporallyBinViewfinderFrame: [zsl-ns] AE produced invalid result: can't run binning.
04-18 18:55:34.017 21025 21189 I OMXClient: IOmx service obtained
04-18 18:55:34.020 21025 21189 I MediaCodec: MediaCodec will operate in async mode
04-18 18:55:34.024 21025 21189 W ExtendedACodec: Failed to get extension for extradata parameter
04-18 18:55:34.034 21025 21084 W JankMonitorFacade: UNINITIALIZED > rel Δ(result sensor timestamp) = 0.50 > 0.25
04-18 18:55:34.034 21025 21084 W CameraMetadataJV: Expect face scores and rectangles to be non-null
04-18 18:55:34.070 21025 21144 E libgcam : [gcam.cc:873]: TemporallyBinViewfinderFrame: [zsl-ns] AE produced invalid result: can't run binning.
04-18 18:55:34.083 21025 21084 W CameraMetadataJV: Expect face scores and rectangles to be non-null
04-18 18:55:34.095 21025 21169 E native : gyro.cc:431 error getting quat at time 4032616782624914
04-18 18:55:34.096 21025 21169 E native : gyro_stabilization_jni.cc:138 Cannot get the projection matrix.
04-18 18:55:34.096 21025 21169 I ZoranLog: GyroQueue : Projection matrix could not be computed for timestamp = 4032616782624914
04-18 18:55:34.096 21025 21169 E native : gyro.cc:431 error getting quat at time 4032616785048862
04-18 18:55:34.096 21025 21169 E native : gyro_stabilization_jni.cc:138 Cannot get the projection matrix.
04-18 18:55:34.096 21025 21169 I ZoranLog: GyroQueue : Projection matrix could not be computed for timestamp = 4032616785048862
04-18 18:55:34.096 21025 21169 E native : gyro.cc:431 error getting quat at time 4032616787472810
04-18 18:55:34.096 21025 21169 E native : gyro_stabilization_jni.cc:138 Cannot get the projection matrix.
04-18 18:55:34.096 21025 21169 I ZoranLog: GyroQueue : Projection matrix could not be computed for timestamp = 4032616787472810
04-18 18:55:34.096 21025 21169 E native : gyro.cc:431 error getting quat at time 4032616789896758
04-18 18:55:34.097 21025 21169 E native : gyro_stabilization_jni.cc:138 Cannot get the projection matrix.
04-18 18:55:34.097 21025 21169 I ZoranLog: GyroQueue : Projection matrix could not be computed for timestamp = 4032616789896758
04-18 18:55:34.097 21025 21169 E native : gyro.cc:431 error getting quat at time 4032616792320706
04-18 18:55:34.097 21025 21169 E native : gyro_stabilization_jni.cc:138 Cannot get the projection matrix.
04-18 18:55:34.097 21025 21169 I ZoranLog: GyroQueue : Projection matrix could not be computed for timestamp = 4032616792320706
04-18 18:55:34.097 21025 21169 E native : gyro.cc:431 error getting quat at time 4032616794744654
04-18 18:55:34.097 21025 21169 E native : gyro_stabilization_jni.cc:138 Cannot get the projection matrix.
04-18 18:55:34.097 21025 21169 I ZoranLog: GyroQueue : Projection matrix could not be computed for timestamp = 4032616794744654
04-18 18:55:34.097 21025 21169 E native : gyro.cc:431 error getting quat at time 4032616797168603
04-18 18:55:34.097 21025 21169 E native : gyro_stabilization_jni.cc:138 Cannot get the projection matrix.
04-18 18:55:34.097 21025 21169 I ZoranLog: GyroQueue : Projection matrix could not be computed for timestamp = 4032616797168603
04-18 18:55:34.097 21025 21169 E native : gyro.cc:431 error getting quat at time 4032616799592551
04-18 18:55:34.097 21025 21169 E native : gyro_stabilization_jni.cc:138 Cannot get the projection matrix.
04-18 18:55:34.097 21025 21169 I ZoranLog: GyroQueue : Projection matrix could not be computed for timestamp = 4032616799592551
04-18 18:55:34.097 21025 21169 E native : gyro.cc:431 error getting quat at time 4032616802016499
04-18 18:55:34.097 21025 21169 E native : gyro_stabilization_jni.cc:138 Cannot get the projection matrix.
04-18 18:55:34.097 21025 21169 I ZoranLog: GyroQueue : Projection matrix could not be computed for timestamp = 4032616802016499
04-18 18:55:34.097 21025 21169 E native : gyro.cc:431 error getting quat at time 4032616804440447
04-18 18:55:34.097 21025 21169 E native : gyro_stabilization_jni.cc:138 Cannot get the projection matrix.
04-18 18:55:34.097 21025 21169 I ZoranLog: GyroQueue : Projection matrix could not be computed for timestamp = 4032616804440447
04-18 18:55:34.097 21025 21169 E native : gyro.cc:431 error getting quat at time 4032616806864395
04-18 18:55:34.097 21025 21169 E native : gyro_stabilization_jni.cc:138 Cannot get the projection matrix.
04-18 18:55:34.097 21025 21169 I ZoranLog: GyroQueue : Projection matrix could not be computed for timestamp = 4032616806864395
04-18 18:55:34.097 21025 21169 E native : gyro.cc:431 error getting quat at time 4032616809288343
04-18 18:55:34.097 21025 21169 E native : gyro_stabilization_jni.cc:138 Cannot get the projection matrix.
04-18 18:55:34.097 21025 21169 I ZoranLog: GyroQueue : Projection matrix could not be computed for timestamp = 4032616809288343
04-18 18:55:34.098 21025 21169 I ZoranLog: GyroTransformCalc : Previous or current projection matrix cannot be computed. Defaulting to identity
04-18 18:55:34.098 21025 21169 I chatty : uid=10369(org.codeaurora.snapcam) mv- gyro-exec identical 10 lines
04-18 18:55:34.098 21025 21169 I ZoranLog: GyroTransformCalc : Previous or current projection matrix cannot be computed. Defaulting to identity
04-18 18:55:34.118 21025 21144 E libgcam : [gcam.cc:873]: TemporallyBinViewfinderFrame: [zsl-ns] AE produced invalid result: can't run binning.
04-18 18:55:34.135 21025 21084 W CameraMetadataJV: Expect face scores and rectangles to be non-null
04-18 18:55:34.179 21025 21144 E libgcam : [gcam.cc:873]: TemporallyBinViewfinderFrame: [zsl-ns] AE produced invalid result: can't run binning.
04-18 18:55:34.183 21025 21084 W CameraMetadataJV: Expect face scores and rectangles to be non-null
04-18 18:55:34.223 21025 21144 E libgcam : [gcam.cc:873]: TemporallyBinViewfinderFrame: [zsl-ns] AE produced invalid result: can't run binning.
04-18 18:55:34.231 21025 21084 W CameraMetadataJV: Expect face scores and rectangles to be non-null
04-18 18:55:34.271 21025 21144 E libgcam : [gcam.cc:873]: TemporallyBinViewfinderFrame: [zsl-ns] AE produced invalid result: can't run binning.
04-18 18:55:34.306 21025 21084 W CameraMetadataJV: Expect face scores and rectangles to be non-null
04-18 18:55:34.334 21025 21144 E libgcam : [gcam.cc:873]: TemporallyBinViewfinderFrame: [zsl-ns] AE produced invalid result: can't run binning.
04-18 18:55:34.336 21025 21084 W CameraMetadataJV: Expect face scores and rectangles to be non-null
04-18 18:55:34.370 21025 21144 E libgcam : [gcam.cc:873]: TemporallyBinViewfinderFrame: [zsl-ns] AE produced invalid result: can't run binning.
04-18 18:55:34.382 21025 21084 W CameraMetadataJV: Expect face scores and rectangles to be non-null
04-18 18:55:34.419 21025 21144 E libgcam : [gcam.cc:873]: TemporallyBinViewfinderFrame: [zsl-ns] AE produced invalid result: can't run binning.
04-18 18:55:34.439 21025 21084 W CameraMetadataJV: Expect face scores and rectangles to be non-null
04-18 18:55:34.478 21025 21144 E libgcam : [gcam.cc:873]: TemporallyBinViewfinderFrame: [zsl-ns] AE produced invalid result: can't run binning.
04-18 18:55:34.480 21025 21084 W CameraMetadataJV: Expect face scores and rectangles to be non-null
04-18 18:55:34.520 21025 21144 E libgcam : [gcam.cc:873]: TemporallyBinViewfinderFrame: [zsl-ns] AE produced invalid result: can't run binning.
04-18 18:55:34.531 21025 21084 W CameraMetadataJV: Expect face scores and rectangles to be non-null
04-18 18:55:34.570 21025 21144 E libgcam : [gcam.cc:873]: TemporallyBinViewfinderFrame: [zsl-ns] AE produced invalid result: can't run binning.
04-18 18:55:34.582 21025 21084 W CameraMetadataJV: Expect face scores and rectangles to be non-null
04-18 18:55:34.629 21025 21144 E libgcam : [gcam.cc:873]: TemporallyBinViewfinderFrame: [zsl-ns] AE produced invalid result: can't run binning.
04-18 18:55:34.632 21025 21084 W CameraMetadataJV: Expect face scores and rectangles to be non-null
04-18 18:55:34.668 21025 21144 E libgcam : [gcam.cc:873]: TemporallyBinViewfinderFrame: [zsl-ns] AE produced invalid result: can't run binning.
04-18 18:55:34.681 21025 21084 W CameraMetadataJV: Expect face scores and rectangles to be non-null
04-18 18:55:34.727 21025 21144 E libgcam : [gcam.cc:873]: TemporallyBinViewfinderFrame: [zsl-ns] AE produced invalid result: can't run binning.
04-18 18:55:34.734 21025 21084 W CameraMetadataJV: Expect face scores and rectangles to be non-null
04-18 18:55:34.768 21025 21144 E libgcam : [gcam.cc:873]: TemporallyBinViewfinderFrame: [zsl-ns] AE produced invalid result: can't run binning.
04-18 18:55:34.780 21025 21084 W CameraMetadataJV: Expect face scores and rectangles to be non-null
04-18 18:55:34.816 21025 21144 E libgcam : [gcam.cc:873]: TemporallyBinViewfinderFrame: [zsl-ns] AE produced invalid result: can't run binning.
04-18 18:55:34.827 21025 21084 W CameraMetadataJV: Expect face scores and rectangles to be non-null
04-18 18:55:34.872 21025 21144 E libgcam : [gcam.cc:873]: TemporallyBinViewfinderFrame: [zsl-ns] AE produced invalid result: can't run binning.
04-18 18:55:34.877 21025 21084 W CameraMetadataJV: Expect face scores and rectangles to be non-null
04-18 18:55:34.915 21025 21144 E libgcam : [gcam.cc:873]: TemporallyBinViewfinderFrame: [zsl-ns] AE produced invalid result: can't run binning.
04-18 18:55:34.928 21025 21084 W CameraMetadataJV: Expect face scores and rectangles to be non-null
04-18 18:55:34.964 21025 21144 E libgcam : [gcam.cc:873]: TemporallyBinViewfinderFrame: [zsl-ns] AE produced invalid result: can't run binning.
04-18 18:55:34.978 21025 21084 W CameraMetadataJV: Expect face scores and rectangles to be non-null
04-18 18:55:35.020 21025 21144 E libgcam : [gcam.cc:873]: TemporallyBinViewfinderFrame: [zsl-ns] AE produced invalid result: can't run binning.
04-18 18:55:35.032 21025 21084 W CameraMetadataJV: Expect face scores and rectangles to be non-null
04-18 18:55:35.081 21025 21144 E libgcam : [gcam.cc:873]: TemporallyBinViewfinderFrame: [zsl-ns] AE produced invalid result: can't run binning.
04-18 18:55:35.084 21025 21084 W CameraMetadataJV: Expect face scores and rectangles to be non-null
04-18 18:55:35.123 21025 21144 E libgcam : [gcam.cc:873]: TemporallyBinViewfinderFrame: [zsl-ns] AE produced invalid result: can't run binning.
04-18 18:55:35.143 21025 21084 W CameraMetadataJV: Expect face scores and rectangles to be non-null
04-18 18:55:35.181 21025 21144 E libgcam : [gcam.cc:873]: TemporallyBinViewfinderFrame: [zsl-ns] AE produced invalid result: can't run binning.
04-18 18:55:35.185 21025 21084 W CameraMetadataJV: Expect face scores and rectangles to be non-null
04-18 18:55:35.222 21025 21144 E libgcam : [gcam.cc:873]: TemporallyBinViewfinderFrame: [zsl-ns] AE produced invalid result: can't run binning.
04-18 18:55:35.234 21025 21084 W CameraMetadataJV: Expect face scores and rectangles to be non-null
04-18 18:55:35.270 21025 21144 E libgcam : [gcam.cc:873]: TemporallyBinViewfinderFrame: [zsl-ns] AE produced invalid result: can't run binning.
04-18 18:55:35.288 21025 21084 W CameraMetadataJV: Expect face scores and rectangles to be non-null
04-18 18:55:38.881 21114 21128 W System : A resource failed to call close.
04-18 18:55:38.882 21114 21128 W System : A resource failed to call close.