02-10 22:28:40.396 31228 31228 E ArmVmp : Match on catch block at 0xc3 in for 0x7bc38e3025
02-10 22:28:40.408 31228 31228 E ArmVmp : Match on catch block at 0xc3 in for 0x7bc38e3025
02-10 22:28:40.410 31228 31228 E ArmVmp : Match on catch block at 0xc3 in for 0x7bc38e3025
02-10 22:28:40.427 31228 31228 E ArmVmp : Match on catch block at 0xc3 in for 0x7bc38e3025
02-10 22:28:40.432 31228 31228 E ArmVmp : Match on catch block at 0xc3 in for 0x7bc38e3025
02-10 22:28:40.555 31228 31228 E ArmVmp : Match on catch block at 0xc3 in for 0x7bc38e3025
02-10 22:28:40.559 31228 31228 E ArmVmp : Match on catch block at 0xc3 in for 0x7bc38e3025
02-10 22:28:40.585 31228 31228 E ArmVmp : Match on catch block at 0xc3 in for 0x7bc38e3025
02-10 22:28:40.588 31228 31228 E ArmVmp : Match on catch block at 0xc3 in for 0x7bc38e3025
02-10 22:28:40.606 31228 31228 E ArmVmp : Match on catch block at 0xc3 in for 0x7bc38e3025
02-10 22:28:40.610 31228 31228 E ArmVmp : Match on catch block at 0xc3 in for 0x7bc38e3025
02-10 22:28:40.623 31228 31228 E ArmVmp : Match on catch block at 0xc3 in for 0x7bc38e3025
02-10 22:28:40.627 31228 31228 E ArmVmp : Match on catch block at 0xc3 in for 0x7bc38e3025
02-10 22:28:40.786 31228 31228 E ArmVmp : Match on catch block at 0xc3 in for 0x7bc38e3025
02-10 22:28:40.788 31228 31228 E ArmVmp : Match on catch block at 0xc3 in for 0x7bc38e3025
02-10 22:28:41.075 31228 31228 E ArmVmp : Match on catch block at 0xc3 in for 0x7bc38e3025
02-10 22:28:41.077 31228 31228 E ArmVmp : Match on catch block at 0xc3 in for 0x7bc38e3025
02-10 22:28:41.134 31228 585 W MediaPlayer: Use of stream types is deprecated for operations other than volume control
02-10 22:28:41.134 31228 585 W MediaPlayer: See the documentation of setAudioStreamType() for what to use instead with android.media.AudioAttributes to qualify your playback use case
02-10 22:28:41.296 31228 31228 E ArmVmp : Match on catch block at 0xc3 in for 0x7bc38e3025
02-10 22:28:41.309 31228 31228 E ArmVmp : Match on catch block at 0xc3 in for 0x7bc38e3025
02-10 22:28:41.743 31228 31228 E ArmVmp : Match on catch block at 0xc3 in for 0x7bc38e3025
02-10 22:28:41.749 31228 31228 E ArmVmp : Match on catch block at 0xc3 in for 0x7bc38e3025
02-10 22:28:41.777 31228 31228 E ArmVmp : Match on catch block at 0xc3 in for 0x7bc38e3025
02-10 22:28:41.780 31228 31228 E ArmVmp : Match on catch block at 0xc3 in for 0x7bc38e3025
02-10 22:28:41.789 31228 31228 E ArmVmp : Match on catch block at 0xc3 in for 0x7bc38e3025
02-10 22:28:41.791 31228 31228 E ArmVmp : Match on catch block at 0xc3 in for 0x7bc38e3025
02-10 22:28:42.300 31228 31228 E ArmVmp : Match on catch block at 0xc3 in for 0x7bc38e3025
02-10 22:28:42.308 31228 31228 E ArmVmp : Match on catch block at 0xc3 in for 0x7bc38e3025
02-10 22:28:42.792 31228 31228 E ArmVmp : Match on catch block at 0xc3 in for 0x7bc38e3025
02-10 22:28:42.798 31228 31228 E ArmVmp : Match on catch block at 0xc3 in for 0x7bc38e3025
02-10 22:28:43.301 31228 31228 E ArmVmp : Match on catch block at 0xc3 in for 0x7bc38e3025
02-10 22:28:43.304 31228 31228 E ArmVmp : Match on catch block at 0xc3 in for 0x7bc38e3025
02-10 22:28:43.795 31228 31228 E ArmVmp : Match on catch block at 0xc3 in for 0x7bc38e3025
02-10 22:28:43.799 31228 31228 E ArmVmp : Match on catch block at 0xc3 in for 0x7bc38e3025
02-10 22:28:44.303 31228 31228 E ArmVmp : Match on catch block at 0xc3 in for 0x7bc38e3025
02-10 22:28:44.307 31228 31228 E ArmVmp : Match on catch block at 0xc3 in for 0x7bc38e3025
02-10 22:28:44.815 31228 31228 E ArmVmp : Match on catch block at 0xc3 in for 0x7bc38e3025
02-10 22:28:44.822 31228 31228 E ArmVmp : Match on catch block at 0xc3 in for 0x7bc38e3025
02-10 22:28:45.309 31228 31228 E ArmVmp : Match on catch block at 0xc3 in for 0x7bc38e3025
02-10 22:28:45.315 31228 31228 E ArmVmp : Match on catch block at 0xc3 in for 0x7bc38e3025
02-10 22:28:45.816 31228 31228 E ArmVmp : Match on catch block at 0xc3 in for 0x7bc38e3025
02-10 22:28:45.821 31228 31228 E ArmVmp : Match on catch block at 0xc3 in for 0x7bc38e3025
02-10 22:28:46.311 31228 31228 E ArmVmp : Match on catch block at 0xc3 in for 0x7bc38e3025
02-10 22:28:46.318 31228 31228 E ArmVmp : Match on catch block at 0xc3 in for 0x7bc38e3025
02-10 22:28:46.819 31228 31228 E ArmVmp : Match on catch block at 0xc3 in for 0x7bc38e3025
02-10 22:28:46.825 31228 31228 E ArmVmp : Match on catch block at 0xc3 in for 0x7bc38e3025
02-10 22:28:47.315 31228 31228 E ArmVmp : Match on catch block at 0xc3 in for 0x7bc38e3025
02-10 22:28:47.326 31228 31228 E ArmVmp : Match on catch block at 0xc3 in for 0x7bc38e3025
02-10 22:28:47.823 31228 31228 E ArmVmp : Match on catch block at 0xc3 in for 0x7bc38e3025
02-10 22:28:47.831 31228 31228 E ArmVmp : Match on catch block at 0xc3 in for 0x7bc38e3025
02-10 22:28:48.316 31228 31228 E ArmVmp : Match on catch block at 0xc3 in for 0x7bc38e3025
02-10 22:28:48.325 31228 31228 E ArmVmp : Match on catch block at 0xc3 in for 0x7bc38e3025
02-10 22:28:48.821 31228 31228 E ArmVmp : Match on catch block at 0xc3 in for 0x7bc38e3025
02-10 22:28:48.829 31228 31228 E ArmVmp : Match on catch block at 0xc3 in for 0x7bc38e3025
02-10 22:28:49.319 31228 31228 E ArmVmp : Match on catch block at 0xc3 in for 0x7bc38e3025
02-10 22:28:49.327 31228 31228 E ArmVmp : Match on catch block at 0xc3 in for 0x7bc38e3025
02-10 22:28:49.553 31228 31228 E ArmVmp : Match on catch block at 0xc3 in for 0x7bc38e3025
02-10 22:28:49.559 31228 31228 E ArmVmp : Match on catch block at 0xc3 in for 0x7bc38e3025
02-10 22:28:49.664 31228 31228 E ArmVmp : Match on catch block at 0xc3 in for 0x7bc38e3025
02-10 22:28:49.667 31228 31228 E ArmVmp : Match on catch block at 0xc3 in for 0x7bc38e3025
02-10 22:28:49.680 31228 32668 E FrameEvents: updateAcquireFence: Did not find frame.
02-10 22:28:49.738 31228 31228 E ArmVmp : Match on catch block at 0xc3 in for 0x7bc38e3025
02-10 22:28:49.741 31228 31228 E ArmVmp : Match on catch block at 0xc3 in for 0x7bc38e3025
02-10 22:28:50.028 31228 31228 W ResourceType: Bad XML block: header size 18254 or total size 169478669 is larger than data size 231
02-10 22:28:50.039 31228 31228 W ResourceType: Bad XML block: header size 18254 or total size 169478669 is larger than data size 265
02-10 22:28:50.064 31228 31228 W ResourceType: Bad XML block: header size 18254 or total size 169478669 is larger than data size 376
02-10 22:28:50.072 31228 31228 W ResourceType: Bad XML block: header size 18254 or total size 169478669 is larger than data size 168
02-10 22:28:50.089 31228 31228 W ResourceType: Bad XML block: header size 18254 or total size 169478669 is larger than data size 571
02-10 22:28:50.105 31228 31228 W ResourceType: Bad XML block: header size 18254 or total size 169478669 is larger than data size 193
02-10 22:28:50.114 31228 31228 W ResourceType: Bad XML block: header size 18254 or total size 169478669 is larger than data size 363
02-10 22:28:50.122 31228 31228 W ResourceType: Bad XML block: header size 18254 or total size 169478669 is larger than data size 630
02-10 22:28:50.131 31228 31228 W ResourceType: Bad XML block: header size 18254 or total size 169478669 is larger than data size 313
02-10 22:28:50.139 31228 31228 W ResourceType: Bad XML block: header size 18254 or total size 169478669 is larger than data size 630
02-10 22:28:50.147 31228 31228 W ResourceType: Bad XML block: header size 18254 or total size 169478669 is larger than data size 457
02-10 22:28:50.155 31228 31228 W ResourceType: Bad XML block: header size 18254 or total size 169478669 is larger than data size 343
02-10 22:28:50.176 31228 31228 W ResourceType: Bad XML block: header size 18254 or total size 169478669 is larger than data size 589
02-10 22:28:50.181 31228 31228 W ResourceType: Bad XML block: header size 18254 or total size 169478669 is larger than data size 293
02-10 22:28:50.213 31228 31228 W ResourceType: Bad XML block: header size 18254 or total size 169478669 is larger than data size 547
02-10 22:28:50.316 31228 31228 W ResourceType: Bad XML block: header size 18254 or total size 169478669 is larger than data size 363
02-10 22:28:50.353 31228 31228 E ArmVmp : Match on catch block at 0xc3 in for 0x7bc38e3025
02-10 22:28:50.357 31228 31228 E ArmVmp : Match on catch block at 0xc3 in for 0x7bc38e3025
02-10 22:28:50.439 31228 31228 W View : requestLayout() improperly called by android.widget.Space{3890dda I.ED..... ......I. 15,45-20,50 #7f0b00ba app:id/action_tile_spacing} during layout: running second layout pass
02-10 22:28:50.439 31228 31228 W View : requestLayout() improperly called by android.widget.Space{f7a2da6 I.ED..... ......I. 15,45-20,50 #7f0b00ba app:id/action_tile_spacing} during layout: running second layout pass
02-10 22:28:50.439 31228 31228 W View : requestLayout() improperly called by android.widget.Space{b7e32 I.ED..... ......I. 15,44-20,49 #7f0b00ba app:id/action_tile_spacing} during layout: running second layout pass
02-10 22:28:50.439 31228 31228 W View : requestLayout() improperly called by android.widget.Space{bef4b7e I.ED..... ......I. 15,44-20,49 #7f0b00ba app:id/action_tile_spacing} during layout: running second layout pass
02-10 22:28:50.490 31228 31228 E ArmVmp : Match on catch block at 0xc3 in for 0x7bc38e3025
02-10 22:28:50.492 31228 31228 E ArmVmp : Match on catch block at 0xc3 in for 0x7bc38e3025
02-10 22:28:50.516 31228 31228 E ArmVmp : Match on catch block at 0xc3 in for 0x7bc38e3025
02-10 22:28:50.519 31228 31228 E ArmVmp : Match on catch block at 0xc3 in for 0x7bc38e3025
02-10 22:28:50.587 31228 31228 E ArmVmp : Match on catch block at 0xc3 in for 0x7bc38e3025
02-10 22:28:50.590 31228 31228 E ArmVmp : Match on catch block at 0xc3 in for 0x7bc38e3025
02-10 22:28:50.602 31228 31228 E ArmVmp : Match on catch block at 0xc3 in for 0x7bc38e3025
02-10 22:28:50.606 31228 31228 E ArmVmp : Match on catch block at 0xc3 in for 0x7bc38e3025
02-10 22:28:50.618 31228 31228 E ArmVmp : Match on catch block at 0xc3 in for 0x7bc38e3025
02-10 22:28:50.625 31228 31228 E ArmVmp : Match on catch block at 0xc3 in for 0x7bc38e3025
02-10 22:28:50.641 31228 31228 E ArmVmp : Match on catch block at 0xc3 in for 0x7bc38e3025
02-10 22:28:50.644 31228 31228 E ArmVmp : Match on catch block at 0xc3 in for 0x7bc38e3025
02-10 22:28:50.719 31228 31228 E ArmVmp : Match on catch block at 0xc3 in for 0x7bc38e3025
02-10 22:28:50.722 31228 31228 E ArmVmp : Match on catch block at 0xc3 in for 0x7bc38e3025
02-10 22:28:50.730 31228 31228 W IInputConnectionWrapper: requestCursorAnchorInfo on inactive InputConnection
02-10 22:28:50.734 31228 31228 E ArmVmp : Match on catch block at 0xc3 in for 0x7bc38e3025
02-10 22:28:50.736 31228 31228 E ArmVmp : Match on catch block at 0xc3 in for 0x7bc38e3025
02-10 22:28:50.747 31228 31228 E ArmVmp : Match on catch block at 0xc3 in for 0x7bc38e3025
02-10 22:28:50.750 31228 31228 E ArmVmp : Match on catch block at 0xc3 in for 0x7bc38e3025
02-10 22:28:50.764 31228 31228 E ArmVmp : Match on catch block at 0xc3 in for 0x7bc38e3025
02-10 22:28:50.766 31228 31228 E ArmVmp : Match on catch block at 0xc3 in for 0x7bc38e3025
02-10 22:28:51.003 31228 32668 E BLASTBufferQueue: BLASTBufferItemConsumer::onDisconnect()
02-10 22:28:51.013 31228 31228 E ArmVmp : Match on catch block at 0xc3 in for 0x7bc38e3025
02-10 22:28:51.018 31228 31228 E ArmVmp : Match on catch block at 0xc3 in for 0x7bc38e3025
02-10 22:28:51.985 31228 31228 E ArmVmp : Match on catch block at 0x0a in for 0x7bc38e3035
02-10 22:28:51.992 31228 31228 E ArmVmp : Match on catch block at 0x0a in for 0x7bc38e3035
02-10 22:28:52.056 31228 31228 E ArmVmp : Match on catch block at 0xc3 in for 0x7bc38e3025
02-10 22:28:52.059 31228 31228 E ArmVmp : Match on catch block at 0xc3 in for 0x7bc38e3025
02-10 22:28:52.066 31228 32668 E FrameEvents: updateAcquireFence: Did not find frame.
02-10 22:28:52.088 31228 31228 E ArmVmp : Match on catch block at 0xc3 in for 0x7bc38e3025
02-10 22:28:52.090 31228 31228 E ArmVmp : Match on catch block at 0xc3 in for 0x7bc38e3025
02-10 22:28:52.122 31228 31228 E ArmVmp : Match on catch block at 0xc3 in for 0x7bc38e3025
02-10 22:28:52.125 31228 31228 E ArmVmp : Match on catch block at 0xc3 in for 0x7bc38e3025
02-10 22:28:52.622 31228 31228 E ArmVmp : Match on catch block at 0xc3 in for 0x7bc38e3025
02-10 22:28:52.629 31228 31228 E ArmVmp : Match on catch block at 0xc3 in for 0x7bc38e3025
02-10 22:28:52.660 31228 31228 E ArmVmp : Match on catch block at 0xc3 in for 0x7bc38e3025
02-10 22:28:52.663 31228 31228 E ArmVmp : Match on catch block at 0xc3 in for 0x7bc38e3025
02-10 22:28:52.693 31228 31228 E ArmVmp : Match on catch block at 0xc3 in for 0x7bc38e3025
02-10 22:28:52.696 31228 31228 E ArmVmp : Match on catch block at 0xc3 in for 0x7bc38e3025
02-10 22:28:52.808 31228 32668 E BLASTBufferQueue: BLASTBufferItemConsumer::onDisconnect()
02-10 22:28:52.849 31228 31228 E ArmVmp : Match on catch block at 0xc3 in for 0x7bc38e3025
02-10 22:28:52.852 31228 31228 E ArmVmp : Match on catch block at 0xc3 in for 0x7bc38e3025
02-10 22:28:52.891 31228 31228 E ArmVmp : Match on catch block at 0xc3 in for 0x7bc38e3025
02-10 22:28:52.894 31228 31228 E ArmVmp : Match on catch block at 0xc3 in for 0x7bc38e3025
02-10 22:28:52.917 31228 31228 E ArmVmp : Match on catch block at 0xc3 in for 0x7bc38e3025
02-10 22:28:52.920 31228 31228 E ArmVmp : Match on catch block at 0xc3 in for 0x7bc38e3025
02-10 22:28:52.934 31228 31228 E ArmVmp : Match on catch block at 0xc3 in for 0x7bc38e3025
02-10 22:28:52.937 31228 31228 E ArmVmp : Match on catch block at 0xc3 in for 0x7bc38e3025
02-10 22:28:52.951 31228 31228 E ArmVmp : Match on catch block at 0xc3 in for 0x7bc38e3025
02-10 22:28:52.953 31228 31228 E ArmVmp : Match on catch block at 0xc3 in for 0x7bc38e3025
02-10 22:28:52.966 31228 31228 E ArmVmp : Match on catch block at 0xc3 in for 0x7bc38e3025
02-10 22:28:52.969 31228 31228 E ArmVmp : Match on catch block at 0xc3 in for 0x7bc38e3025
02-10 22:28:52.982 31228 31228 E ArmVmp : Match on catch block at 0xc3 in for 0x7bc38e3025
02-10 22:28:52.984 31228 31228 E ArmVmp : Match on catch block at 0xc3 in for 0x7bc38e3025
02-10 22:28:52.999 31228 31228 E ArmVmp : Match on catch block at 0xc3 in for 0x7bc38e3025
02-10 22:28:53.001 31228 31228 E ArmVmp : Match on catch block at 0xc3 in for 0x7bc38e3025
02-10 22:28:53.015 31228 31228 E ArmVmp : Match on catch block at 0xc3 in for 0x7bc38e3025
02-10 22:28:53.017 31228 31228 E ArmVmp : Match on catch block at 0xc3 in for 0x7bc38e3025
02-10 22:28:53.031 31228 31228 E ArmVmp : Match on catch block at 0xc3 in for 0x7bc38e3025
02-10 22:28:53.034 31228 31228 E ArmVmp : Match on catch block at 0xc3 in for 0x7bc38e3025
02-10 22:28:53.048 31228 31228 E ArmVmp : Match on catch block at 0xc3 in for 0x7bc38e3025
02-10 22:28:53.052 31228 31228 E ArmVmp : Match on catch block at 0xc3 in for 0x7bc38e3025
02-10 22:28:53.381 31228 31228 E ArmVmp : Match on catch block at 0xc3 in for 0x7bc38e3025
02-10 22:28:53.389 31228 31228 E ArmVmp : Match on catch block at 0xc3 in for 0x7bc38e3025
02-10 22:28:53.891 31228 31228 E ArmVmp : Match on catch block at 0xc3 in for 0x7bc38e3025
02-10 22:28:53.899 31228 31228 E ArmVmp : Match on catch block at 0xc3 in for 0x7bc38e3025
02-10 22:28:54.385 31228 31228 E ArmVmp : Match on catch block at 0xc3 in for 0x7bc38e3025
02-10 22:28:54.395 31228 31228 E ArmVmp : Match on catch block at 0xc3 in for 0x7bc38e3025
02-10 22:28:54.891 31228 31228 E ArmVmp : Match on catch block at 0xc3 in for 0x7bc38e3025
02-10 22:28:54.900 31228 31228 E ArmVmp : Match on catch block at 0xc3 in for 0x7bc38e3025
02-10 22:28:55.388 31228 31228 E ArmVmp : Match on catch block at 0xc3 in for 0x7bc38e3025
02-10 22:28:55.396 31228 31228 E ArmVmp : Match on catch block at 0xc3 in for 0x7bc38e3025
02-10 22:28:55.412 31228 31228 E ArmVmp : Match on catch block at 0xc3 in for 0x7bc38e3025
02-10 22:28:55.418 31228 31228 E ArmVmp : Match on catch block at 0xc3 in for 0x7bc38e3025
02-10 22:28:55.483 31228 31228 E ArmVmp : Match on catch block at 0xc3 in for 0x7bc38e3025
02-10 22:28:55.486 31228 31228 E ArmVmp : Match on catch block at 0xc3 in for 0x7bc38e3025
02-10 22:28:55.495 31228 32668 E FrameEvents: updateAcquireFence: Did not find frame.
02-10 22:28:55.517 31228 31228 E ArmVmp : Match on catch block at 0xc3 in for 0x7bc38e3025
02-10 22:28:55.519 31228 31228 E ArmVmp : Match on catch block at 0xc3 in for 0x7bc38e3025
02-10 22:28:55.669 31228 31228 W ResourceType: Bad XML block: header size 18254 or total size 169478669 is larger than data size 231
02-10 22:28:55.673 31228 31228 W ResourceType: Bad XML block: header size 18254 or total size 169478669 is larger than data size 265
02-10 22:28:55.691 31228 31228 W ResourceType: Bad XML block: header size 18254 or total size 169478669 is larger than data size 376
02-10 22:28:55.698 31228 31228 W ResourceType: Bad XML block: header size 18254 or total size 169478669 is larger than data size 168
02-10 22:28:55.709 31228 31228 W ResourceType: Bad XML block: header size 18254 or total size 169478669 is larger than data size 571
02-10 22:28:55.724 31228 31228 W ResourceType: Bad XML block: header size 18254 or total size 169478669 is larger than data size 193
02-10 22:28:55.731 31228 31228 W ResourceType: Bad XML block: header size 18254 or total size 169478669 is larger than data size 363
02-10 22:28:55.739 31228 31228 W ResourceType: Bad XML block: header size 18254 or total size 169478669 is larger than data size 630
02-10 22:28:55.746 31228 31228 W ResourceType: Bad XML block: header size 18254 or total size 169478669 is larger than data size 313
02-10 22:28:55.752 31228 31228 W ResourceType: Bad XML block: header size 18254 or total size 169478669 is larger than data size 630
02-10 22:28:55.756 31228 31228 W ResourceType: Bad XML block: header size 18254 or total size 169478669 is larger than data size 457
02-10 22:28:55.763 31228 31228 W ResourceType: Bad XML block: header size 18254 or total size 169478669 is larger than data size 343
02-10 22:28:55.777 31228 31228 W ResourceType: Bad XML block: header size 18254 or total size 169478669 is larger than data size 589
02-10 22:28:55.783 31228 31228 W ResourceType: Bad XML block: header size 18254 or total size 169478669 is larger than data size 293
02-10 22:28:55.800 31228 31228 W ResourceType: Bad XML block: header size 18254 or total size 169478669 is larger than data size 547
02-10 22:28:55.890 31228 31228 W ResourceType: Bad XML block: header size 18254 or total size 169478669 is larger than data size 363
02-10 22:28:55.925 31228 31228 E ArmVmp : Match on catch block at 0xc3 in for 0x7bc38e3025
02-10 22:28:55.927 31228 31228 E ArmVmp : Match on catch block at 0xc3 in for 0x7bc38e3025
02-10 22:28:55.973 31228 31228 W View : requestLayout() improperly called by android.widget.Space{619c1a1 I.ED..... ......I. 15,45-20,50 #7f0b00ba app:id/action_tile_spacing} during layout: running second layout pass
02-10 22:28:55.973 31228 31228 W View : requestLayout() improperly called by android.widget.Space{cefd6dd I.ED..... ......I. 15,45-20,50 #7f0b00ba app:id/action_tile_spacing} during layout: running second layout pass
02-10 22:28:55.973 31228 31228 W View : requestLayout() improperly called by android.widget.Space{d1803d9 I.ED..... ......I. 15,44-20,49 #7f0b00ba app:id/action_tile_spacing} during layout: running second layout pass
02-10 22:28:55.973 31228 31228 W View : requestLayout() improperly called by android.widget.Space{3fc0495 I.ED..... ......I. 15,44-20,49 #7f0b00ba app:id/action_tile_spacing} during layout: running second layout pass
02-10 22:28:56.005 31228 31228 E ArmVmp : Match on catch block at 0xc3 in for 0x7bc38e3025
02-10 22:28:56.007 31228 31228 E ArmVmp : Match on catch block at 0xc3 in for 0x7bc38e3025
02-10 22:28:56.027 31228 31228 E ArmVmp : Match on catch block at 0xc3 in for 0x7bc38e3025
02-10 22:28:56.029 31228 31228 E ArmVmp : Match on catch block at 0xc3 in for 0x7bc38e3025
02-10 22:28:56.073 31228 31228 E ArmVmp : Match on catch block at 0xc3 in for 0x7bc38e3025
02-10 22:28:56.077 31228 31228 E ArmVmp : Match on catch block at 0xc3 in for 0x7bc38e3025
02-10 22:28:56.087 31228 31228 E ArmVmp : Match on catch block at 0xc3 in for 0x7bc38e3025
02-10 22:28:56.101 31228 31228 E ArmVmp : Match on catch block at 0xc3 in for 0x7bc38e3025
02-10 22:28:56.111 31228 31228 E ArmVmp : Match on catch block at 0xc3 in for 0x7bc38e3025
02-10 22:28:56.113 31228 31228 E ArmVmp : Match on catch block at 0xc3 in for 0x7bc38e3025
02-10 22:28:56.126 31228 31228 E ArmVmp : Match on catch block at 0xc3 in for 0x7bc38e3025
02-10 22:28:56.128 31228 31228 E ArmVmp : Match on catch block at 0xc3 in for 0x7bc38e3025
02-10 22:28:56.146 31228 31228 E ArmVmp : Match on catch block at 0xc3 in for 0x7bc38e3025
02-10 22:28:56.148 31228 31228 E ArmVmp : Match on catch block at 0xc3 in for 0x7bc38e3025
02-10 22:28:56.514 31228 32668 E BLASTBufferQueue: BLASTBufferItemConsumer::onDisconnect()
02-10 22:28:56.528 31228 31228 E ArmVmp : Match on catch block at 0xc3 in for 0x7bc38e3025
02-10 22:28:56.530 31228 31228 E ArmVmp : Match on catch block at 0xc3 in for 0x7bc38e3025
02-10 22:28:58.985 31228 31228 W BottomSheetBehavior: BottomSheetBehavior now supports multiple callbacks. `setBottomSheetCallback()` removes all existing callbacks, including ones set internally by library authors, which may result in unintended behavior. This may change in the future. Please use `addBottomSheetCallback()` and `removeBottomSheetCallback()` instead to set your own callbacks.
02-10 22:29:01.063 31228 32668 E BLASTBufferQueue: BLASTBufferItemConsumer::onDisconnect()
02-10 22:29:01.852 31228 31228 E ArmVmp : Match on catch block at 0x0a in for 0x7bc38e3035
02-10 22:29:01.860 31228 31228 E ArmVmp : Match on catch block at 0x0a in for 0x7bc38e3035
02-10 22:29:01.918 31228 31228 E ArmVmp : Match on catch block at 0xc3 in for 0x7bc38e3025
02-10 22:29:01.924 31228 31228 E ArmVmp : Match on catch block at 0xc3 in for 0x7bc38e3025
02-10 22:29:01.930 31228 32668 E FrameEvents: updateAcquireFence: Did not find frame.
02-10 22:29:01.946 31228 31228 E ArmVmp : Match on catch block at 0xc3 in for 0x7bc38e3025
02-10 22:29:01.948 31228 31228 E ArmVmp : Match on catch block at 0xc3 in for 0x7bc38e3025
02-10 22:29:01.979 31228 31228 E ArmVmp : Match on catch block at 0xc3 in for 0x7bc38e3025
02-10 22:29:01.989 31228 31228 E ArmVmp : Match on catch block at 0xc3 in for 0x7bc38e3025
02-10 22:29:02.481 31228 31228 E ArmVmp : Match on catch block at 0xc3 in for 0x7bc38e3025
02-10 22:29:02.484 31228 31228 E ArmVmp : Match on catch block at 0xc3 in for 0x7bc38e3025
02-10 22:29:02.501 31228 31228 E ArmVmp : Match on catch block at 0xc3 in for 0x7bc38e3025
02-10 22:29:02.504 31228 31228 E ArmVmp : Match on catch block at 0xc3 in for 0x7bc38e3025
02-10 22:29:02.518 31228 31228 E ArmVmp : Match on catch block at 0xc3 in for 0x7bc38e3025
02-10 22:29:02.520 31228 31228 E ArmVmp : Match on catch block at 0xc3 in for 0x7bc38e3025
02-10 22:29:02.653 31228 32668 E BLASTBufferQueue: BLASTBufferItemConsumer::onDisconnect()
02-10 22:29:02.707 31228 31228 E ArmVmp : Match on catch block at 0xc3 in for 0x7bc38e3025
02-10 22:29:02.711 31228 31228 E ArmVmp : Match on catch block at 0xc3 in for 0x7bc38e3025
02-10 22:29:02.754 31228 31228 E ArmVmp : Match on catch block at 0xc3 in for 0x7bc38e3025
02-10 22:29:02.757 31228 31228 E ArmVmp : Match on catch block at 0xc3 in for 0x7bc38e3025
02-10 22:29:02.779 31228 31228 E ArmVmp : Match on catch block at 0xc3 in for 0x7bc38e3025
02-10 22:29:02.782 31228 31228 E ArmVmp : Match on catch block at 0xc3 in for 0x7bc38e3025
02-10 22:29:02.797 31228 31228 E ArmVmp : Match on catch block at 0xc3 in for 0x7bc38e3025
02-10 22:29:02.801 31228 31228 E ArmVmp : Match on catch block at 0xc3 in for 0x7bc38e3025
02-10 22:29:02.814 31228 31228 E ArmVmp : Match on catch block at 0xc3 in for 0x7bc38e3025
02-10 22:29:02.818 31228 31228 E ArmVmp : Match on catch block at 0xc3 in for 0x7bc38e3025
02-10 22:29:02.829 31228 31228 E ArmVmp : Match on catch block at 0xc3 in for 0x7bc38e3025
02-10 22:29:02.833 31228 31228 E ArmVmp : Match on catch block at 0xc3 in for 0x7bc38e3025
02-10 22:29:02.844 31228 31228 E ArmVmp : Match on catch block at 0xc3 in for 0x7bc38e3025
02-10 22:29:02.847 31228 31228 E ArmVmp : Match on catch block at 0xc3 in for 0x7bc38e3025
02-10 22:29:02.862 31228 31228 E ArmVmp : Match on catch block at 0xc3 in for 0x7bc38e3025
02-10 22:29:02.865 31228 31228 E ArmVmp : Match on catch block at 0xc3 in for 0x7bc38e3025
02-10 22:29:02.877 31228 31228 E ArmVmp : Match on catch block at 0xc3 in for 0x7bc38e3025
02-10 22:29:02.882 31228 31228 E ArmVmp : Match on catch block at 0xc3 in for 0x7bc38e3025
02-10 22:29:02.895 31228 31228 E ArmVmp : Match on catch block at 0xc3 in for 0x7bc38e3025
02-10 22:29:02.899 31228 31228 E ArmVmp : Match on catch block at 0xc3 in for 0x7bc38e3025
02-10 22:29:02.912 31228 31228 E ArmVmp : Match on catch block at 0xc3 in for 0x7bc38e3025
02-10 22:29:02.916 31228 31228 E ArmVmp : Match on catch block at 0xc3 in for 0x7bc38e3025
02-10 22:29:03.242 31228 31228 E ArmVmp : Match on catch block at 0xc3 in for 0x7bc38e3025
02-10 22:29:03.251 31228 31228 E ArmVmp : Match on catch block at 0xc3 in for 0x7bc38e3025
02-10 22:29:03.469 31228 31228 E ArmVmp : Match on catch block at 0xc3 in for 0x7bc38e3025
02-10 22:29:03.474 31228 31228 E ArmVmp : Match on catch block at 0xc3 in for 0x7bc38e3025
02-10 22:29:03.507 31228 31228 E ArmVmp : Match on catch block at 0xc3 in for 0x7bc38e3025
02-10 22:29:03.511 31228 31228 E ArmVmp : Match on catch block at 0xc3 in for 0x7bc38e3025
02-10 22:29:03.523 31228 31228 E ArmVmp : Match on catch block at 0xc3 in for 0x7bc38e3025
02-10 22:29:03.531 31228 31228 E ArmVmp : Match on catch block at 0xc3 in for 0x7bc38e3025
02-10 22:29:03.544 31228 31228 E ArmVmp : Match on catch block at 0xc3 in for 0x7bc38e3025
02-10 22:29:03.549 31228 31228 E ArmVmp : Match on catch block at 0xc3 in for 0x7bc38e3025
02-10 22:29:03.567 31228 31228 E ArmVmp : Match on catch block at 0xc3 in for 0x7bc38e3025
02-10 22:29:03.574 31228 31228 E ArmVmp : Match on catch block at 0xc3 in for 0x7bc38e3025
02-10 22:29:03.583 31228 31228 E ArmVmp : Match on catch block at 0xc3 in for 0x7bc38e3025
02-10 22:29:03.587 31228 31228 E ArmVmp : Match on catch block at 0xc3 in for 0x7bc38e3025
02-10 22:29:03.600 31228 31228 E ArmVmp : Match on catch block at 0xc3 in for 0x7bc38e3025
02-10 22:29:03.604 31228 31228 E ArmVmp : Match on catch block at 0xc3 in for 0x7bc38e3025
02-10 22:29:03.617 31228 31228 E ArmVmp : Match on catch block at 0xc3 in for 0x7bc38e3025
02-10 22:29:03.621 31228 31228 E ArmVmp : Match on catch block at 0xc3 in for 0x7bc38e3025
02-10 22:29:03.633 31228 31228 E ArmVmp : Match on catch block at 0xc3 in for 0x7bc38e3025
02-10 22:29:03.638 31228 31228 E ArmVmp : Match on catch block at 0xc3 in for 0x7bc38e3025
02-10 22:29:03.651 31228 31228 E ArmVmp : Match on catch block at 0xc3 in for 0x7bc38e3025
02-10 22:29:03.654 31228 31228 E ArmVmp : Match on catch block at 0xc3 in for 0x7bc38e3025
02-10 22:29:03.667 31228 31228 E ArmVmp : Match on catch block at 0xc3 in for 0x7bc38e3025
02-10 22:29:03.671 31228 31228 E ArmVmp : Match on catch block at 0xc3 in for 0x7bc38e3025
02-10 22:29:03.682 31228 31228 E ArmVmp : Match on catch block at 0xc3 in for 0x7bc38e3025
02-10 22:29:03.687 31228 31228 E ArmVmp : Match on catch block at 0xc3 in for 0x7bc38e3025
02-10 22:29:03.698 31228 31228 E ArmVmp : Match on catch block at 0xc3 in for 0x7bc38e3025
02-10 22:29:03.701 31228 31228 E ArmVmp : Match on catch block at 0xc3 in for 0x7bc38e3025
02-10 22:29:03.748 31228 31228 E ArmVmp : Match on catch block at 0xc3 in for 0x7bc38e3025
02-10 22:29:03.753 31228 31228 E ArmVmp : Match on catch block at 0xc3 in for 0x7bc38e3025
02-10 22:29:04.176 31228 31228 E ArmVmp : Match on catch block at 0xc3 in for 0x7bc38e3025
02-10 22:29:04.181 31228 31228 E ArmVmp : Match on catch block at 0xc3 in for 0x7bc38e3025
02-10 22:29:04.241 31228 31228 E ArmVmp : Match on catch block at 0xc3 in for 0x7bc38e3025
02-10 22:29:04.247 31228 31228 E ArmVmp : Match on catch block at 0xc3 in for 0x7bc38e3025
02-10 22:29:04.570 31228 31228 E ArmVmp : Match on catch block at 0xc3 in for 0x7bc38e3025
02-10 22:29:04.579 31228 31228 E ArmVmp : Match on catch block at 0xc3 in for 0x7bc38e3025
02-10 22:29:04.775 31228 31228 E ArmVmp : Match on catch block at 0xc3 in for 0x7bc38e3025
02-10 22:29:04.785 31228 31228 E ArmVmp : Match on catch block at 0xc3 in for 0x7bc38e3025
02-10 22:29:04.822 31228 31228 E ArmVmp : Match on catch block at 0xc3 in for 0x7bc38e3025
02-10 22:29:04.826 31228 31228 E ArmVmp : Match on catch block at 0xc3 in for 0x7bc38e3025
02-10 22:29:04.862 31228 31228 W com.mbwhatsapp: Method void com.mbwhatsapp.HomeActivity.A6e() failed lock verification and will run slower.
02-10 22:29:05.455 31228 31228 E ArmVmp : Match on catch block at 0x0a in for 0x7bc38e3031
02-10 22:29:05.505 31228 31228 E ArmVmp : Match on catch block at 0x0a in for 0x7bc38e304d
02-10 22:29:05.840 31228 31228 E ArmVmp : Match on catch block at 0xc3 in for 0x7bc38e3025
02-10 22:29:05.843 31228 31228 E ArmVmp : Match on catch block at 0xc3 in for 0x7bc38e3025
02-10 22:29:06.031 31228 406 W LOTTIE : Animation contains merge paths. Merge paths are only supported on KitKat+ and must be manually enabled by calling enableMergePathsForKitKatAndAbove().
02-10 22:29:06.376 31228 31228 E RecyclerView: No adapter attached; skipping layout
02-10 22:29:06.538 31228 32668 E BLASTBufferQueue: BLASTBufferItemConsumer::onDisconnect()
02-10 22:29:06.563 31228 2382 W com.mbwhatsapp: Accessing hidden method Lcom/android/org/conscrypt/ConscryptEngineSocket;->setUseSessionTickets(Z)V (max- target-q,core-platform-api, reflection, denied)
02-10 22:29:06.564 31228 2382 W com.mbwhatsapp: Accessing hidden method Lcom/android/org/conscrypt/OpenSSLSocketImpl;->setUseSessionTickets(Z)V (max- target-q,core-platform-api, reflection, denied)
02-10 22:29:06.564 31228 2382 W com.mbwhatsapp: Accessing hidden method Lcom/android/org/conscrypt/AbstractConscryptSocket;->setUseSessionTickets(Z)V (max- target-q, reflection, denied)
02-10 22:29:06.565 31228 2382 W com.mbwhatsapp: Accessing hidden method Lcom/android/org/conscrypt/ConscryptEngineSocket;->setHostname(Ljava/lang/String;)V (max-target-q,core-platform-api, reflection, denied)
02-10 22:29:06.565 31228 2382 W com.mbwhatsapp: Accessing hidden method Lcom/android/org/conscrypt/OpenSSLSocketImpl;->setHostname(Ljava/lang/String;)V (max-target-q,core-platform-api, reflection, denied)
02-10 22:29:06.565 31228 2382 W com.mbwhatsapp: Accessing hidden method Lcom/android/org/conscrypt/AbstractConscryptSocket;->setHostname(Ljava/lang/ String;)V (max-target-q, reflection, denied)
02-10 22:29:06.565 31228 2382 W com.mbwhatsapp: Accessing hidden method Lcom/android/org/conscrypt/OpenSSLSocketImpl;->setAlpnProtocols([B)V (max-target- q,core-platform-api, reflection, denied)
02-10 22:29:06.565 31228 2382 W com.mbwhatsapp: Accessing hidden method Lcom/android/org/conscrypt/AbstractConscryptSocket;->setAlpnProtocols([B)V (max- target-q, reflection, denied)
02-10 22:29:06.573 31228 31228 E ArmVmp : Match on catch block at 0xc3 in for 0x7bc38e3025
02-10 22:29:06.576 31228 31228 E ArmVmp : Match on catch block at 0xc3 in for 0x7bc38e3025
02-10 22:29:06.632 31228 32668 E BLASTBufferQueue: BLASTBufferItemConsumer::onDisconnect()
02-10 22:29:06.653 31228 31228 E RecyclerView: No adapter attached; skipping layout
02-10 22:29:06.656 31228 31228 W View : requestLayout() improperly called by androidx.appcompat.view.menu.ActionMenuItemView{1f6544c VFED..C.. ......ID 115,0- 174,0 #7f0b0f8a app:id/menuitem_search} during layout: running second layout pass
02-10 22:29:06.656 31228 31228 W View : requestLayout() improperly called by androidx.appcompat.widget.ActionMenuView{51f499e V.E...... ......ID 456,152- 741,152} during layout: running second layout pass
02-10 22:29:06.680 31228 31228 W LOTTIE : Animation contains merge paths but they are disabled.
02-10 22:29:06.710 31228 31228 E ArmVmp : Match on catch block at 0x0a in for 0x7bc38e3035
02-10 22:29:06.836 31228 32668 E BLASTBufferQueue: BLASTBufferItemConsumer::onDisconnect()
02-10 22:29:06.948 31228 31228 W View : requestLayout() improperly called by DecorView@d0e939b[HomeActivity] during second layout pass: posting in next frame
02-10 22:29:06.951 31228 32668 E BLASTBufferQueue: BLASTBufferItemConsumer::onDisconnect()
02-10 22:29:07.305 31228 2382 W com.mbwhatsapp: Accessing hidden method Lcom/android/org/conscrypt/OpenSSLSocketImpl;->getAlpnSelectedProtocol()[B (max- target-q,core-platform-api, reflection, denied)
02-10 22:29:07.305 31228 2382 W com.mbwhatsapp: Accessing hidden method Lcom/android/org/conscrypt/AbstractConscryptSocket;->getAlpnSelectedProtocol()[B (max-target-q, reflection, denied)
02-10 22:29:10.753 31228 31386 W ConnectivityManager.CallbackHandler: callback not found for CALLBACK_CAP_CHANGED message
02-10 22:29:13.829 31228 31228 E ArmVmp : Match on catch block at 0x0a in for 0x7bc38e3075
02-10 22:29:16.902 31228 32668 E BLASTBufferQueue: BLASTBufferItemConsumer::onDisconnect()
02-10 22:29:16.918 31228 31228 E ArmVmp : Match on catch block at 0x64 in for 0x7bc38e3031
02-10 22:29:19.346 31228 32668 E BLASTBufferQueue: BLASTBufferItemConsumer::onDisconnect()
02-10 22:29:19.387 31228 32668 E BLASTBufferQueue: BLASTBufferItemConsumer::onDisconnect()
02-10 22:29:20.279 31228 31228 E WindowManager: android.view.WindowLeaked: Activity com.mbwhatsapp.HomeActivity has leaked window DecorView@8b8fc21[HomeActivity] that was originally added here
02-10 22:29:20.279 31228 31228 E WindowManager: at android.view.ViewRootImpl.<init>(ViewRootImpl.java:814)
02-10 22:29:20.279 31228 31228 E WindowManager: at android.view.ViewRootImpl.<init>(ViewRootImpl.java:793)
02-10 22:29:20.279 31228 31228 E WindowManager: at android.view.WindowManagerGlobal.addView(WindowManagerGlobal.java:389)
02-10 22:29:20.279 31228 31228 E WindowManager: at android.view.WindowManagerImpl.addView(WindowManagerImpl.java:134)
02-10 22:29:20.279 31228 31228 E WindowManager: at android.app.Dialog.show(Dialog.java:363)
02-10 22:29:20.279 31228 31228 E WindowManager: at mbmodsd.mbmodsw.update.MBUpdate.show(Native Method)
02-10 22:29:20.279 31228 31228 E WindowManager: at mbmodsd.mbmodsw.home.HomeActivity$2.onResponse(Native Method)
02-10 22:29:20.279 31228 31228 E WindowManager: at mbmodsd.mbmodsw.update.RequestNetworkController$3$2.run(Native Method)
02-10 22:29:20.279 31228 31228 E WindowManager: at android.os.Handler.handleCallback(Handler.java:938)
02-10 22:29:20.279 31228 31228 E WindowManager: at android.os.Handler.dispatchMessage(Handler.java:99)
02-10 22:29:20.279 31228 31228 E WindowManager: at android.os.Looper.loopOnce(Looper.java:233)
02-10 22:29:20.279 31228 31228 E WindowManager: at android.os.Looper.loop(Looper.java:344)
02-10 22:29:20.279 31228 31228 E WindowManager: at android.app.ActivityThread.main(ActivityThread.java:8212)
02-10 22:29:20.279 31228 31228 E WindowManager: at java.lang.reflect.Method.invoke(Native Method)
02-10 22:29:20.279 31228 31228 E WindowManager: at com.android.internal.os.RuntimeInit$MethodAndArgsCaller.run(RuntimeInit.java:584)
02-10 22:29:20.279 31228 31228 E WindowManager: at com.android.internal.os.ZygoteInit.main(ZygoteInit.java:1034) --------- beginning of main
02-10 22:29:50.538 3106 3106 E com.mbwhatsapp: Unknown bits set in runtime_flags: 0x40000000
02-10 22:29:50.549 3106 3106 E com.mbwhatsapp: Not starting debugger since process cannot load the jdwp agent.
02-10 22:29:50.786 3106 3106 W System.err: java.lang.ClassNotFoundException: mbmodsd.mbmodsw.ui.views.btn.BtnBK
02-10 22:29:50.803 3106 3106 W System.err: at java.lang.Runtime.nativeLoad(Native Method)
02-10 22:29:50.803 3106 3106 W System.err: at java.lang.Runtime.nativeLoad(Runtime.java:1126)
02-10 22:29:50.803 3106 3106 W System.err: at java.lang.Runtime.loadLibrary0(Runtime.java:1080)
02-10 22:29:50.803 3106 3106 W System.err: at java.lang.Runtime.loadLibrary0(Runtime.java:1003)
02-10 22:29:50.803 3106 3106 W System.err: at java.lang.System.loadLibrary(System.java:1661)
02-10 22:29:50.803 3106 3106 W System.err: at arm.EpicVm.<clinit>(Unknown Source:2)
02-10 22:29:50.803 3106 3106 W System.err: at java.lang.Class.newInstance(Native Method)
02-10 22:29:50.803 3106 3106 W System.err: at android.app.AppComponentFactory.instantiateApplication(AppComponentFactory.java:76)
02-10 22:29:50.803 3106 3106 W System.err: at androidx.core.app.CoreComponentFactory.instantiateApplication(Unknown Source:0)
02-10 22:29:50.803 3106 3106 W System.err: at android.app.Instrumentation.newApplication(Instrumentation.java:1192)
02-10 22:29:50.803 3106 3106 W System.err: at android.app.LoadedApk.makeApplication(LoadedApk.java:1393)
02-10 22:29:50.803 3106 3106 W System.err: at android.app.ActivityThread.handleBindApplication(ActivityThread.java:7003)
02-10 22:29:50.803 3106 3106 W System.err: at android.app.ActivityThread.access$1800(ActivityThread.java:254)
02-10 22:29:50.803 3106 3106 W System.err: at android.app.ActivityThread$H.handleMessage(ActivityThread.java:2184)
02-10 22:29:50.803 3106 3106 W System.err: at android.os.Handler.dispatchMessage(Handler.java:106)
02-10 22:29:50.803 3106 3106 W System.err: at android.os.Looper.loopOnce(Looper.java:233)
02-10 22:29:50.803 3106 3106 W System.err: at android.os.Looper.loop(Looper.java:344)
02-10 22:29:50.804 3106 3106 W System.err: at android.app.ActivityThread.main(ActivityThread.java:8212)
02-10 22:29:50.804 3106 3106 W System.err: at java.lang.reflect.Method.invoke(Native Method)
02-10 22:29:50.804 3106 3106 W System.err: at com.android.internal.os.RuntimeInit$MethodAndArgsCaller.run(RuntimeInit.java:584)
02-10 22:29:50.804 3106 3106 W System.err: at com.android.internal.os.ZygoteInit.main(ZygoteInit.java:1034)
02-10 22:29:50.942 3106 3106 E CustomActivityOnCrash: IMPORTANT WARNING! You already have an UncaughtExceptionHandler, are you sure this is correct? If you use a custom UncaughtExceptionHandler, you must initialize it AFTER CustomActivityOnCrash! Installing anyway, but your original handler will not be called.
02-10 22:29:51.048 3106 3148 W LibraryVersion: Failed to get app version for libraryName: firebase-iid
02-10 22:29:51.483 3106 3106 W com.mbwhatsapp: Accessing hidden method Lcom/android/org/conscrypt/OpenSSLSocketImpl;->setUseSessionTickets(Z)V (max- target-q,core-platform-api, reflection, denied)
02-10 22:29:51.483 3106 3106 W com.mbwhatsapp: Accessing hidden method Lcom/android/org/conscrypt/AbstractConscryptSocket;->setUseSessionTickets(Z)V (max- target-q, reflection, denied)
02-10 22:29:51.586 3106 3106 W com.mbwhatsapp: type=1400 audit(0.0:417882): avc: granted { execute } for path="/data/data/com.mbwhatsapp/files/decompressed/libs.spk.zst/libc++_shared.so" dev="sda12" ino=973167 scontext=u:r:untrusted_app:s0:c88,c257,c512,c768 tcontext=u:object_r:app_data_file:s0:c88,c257,c512,c768 tclass=file app=com.mbwhatsapp
02-10 22:29:51.602 3106 3106 W com.mbwhatsapp: type=1400 audit(0.0:417883): avc: granted { execute } for path="/data/data/com.mbwhatsapp/files/decompressed/libs.spk.zst/libvlc.so" dev="sda12" ino=1029347 scontext=u:r:untrusted_app:s0:c88,c257,c512,c768 tcontext=u:object_r:app_data_file:s0:c88,c257,c512,c768 tclass=file app=com.mbwhatsapp
02-10 22:29:51.614 3106 3106 W com.mbwhatsapp: type=1400 audit(0.0:417884): avc: granted { execute } for path="/data/data/com.mbwhatsapp/files/decompressed/libs.spk.zst/libwhatsapp.so" dev="sda12" ino=1029304 scontext=u:r:untrusted_app:s0:c88,c257,c512,c768 tcontext=u:object_r:app_data_file:s0:c88,c257,c512,c768 tclass=file app=com.mbwhatsapp
02-10 22:29:51.754 3106 3106 W com.mbwhatsapp: type=1400 audit(0.0:417885): avc: granted { execute } for path="/data/data/com.mbwhatsapp/files/decompressed/libs.spk.zst/libcurve25519.so" dev="sda12" ino=1012736 scontext=u:r:untrusted_app:s0:c88,c257,c512,c768 tcontext=u:object_r:app_data_file:s0:c88,c257,c512,c768 tclass=file app=com.mbwhatsapp
02-10 22:29:51.774 3106 3106 W com.mbwhatsapp: type=1400 audit(0.0:417886): avc: granted { execute } for path="/data/data/com.mbwhatsapp/files/decompressed/libs.spk.zst/libwhatsapp.so" dev="sda12" ino=1029304 scontext=u:r:untrusted_app:s0:c88,c257,c512,c768 tcontext=u:object_r:app_data_file:s0:c88,c257,c512,c768 tclass=file app=com.mbwhatsapp
02-10 22:29:51.774 3106 3106 W com.mbwhatsapp: type=1400 audit(0.0:417887): avc: granted { execute } for path="/data/data/com.mbwhatsapp/files/decompressed/libs.spk.zst/libwhatsapp.so" dev="sda12" ino=1029304 scontext=u:r:untrusted_app:s0:c88,c257,c512,c768 tcontext=u:object_r:app_data_file:s0:c88,c257,c512,c768 tclass=file app=com.mbwhatsapp
02-10 22:29:51.774 3106 3106 W com.mbwhatsapp: type=1400 audit(0.0:417888): avc: granted { execute } for path="/data/data/com.mbwhatsapp/files/decompressed/libs.spk.zst/libwhatsapp.so" dev="sda12" ino=1029304 scontext=u:r:untrusted_app:s0:c88,c257,c512,c768 tcontext=u:object_r:app_data_file:s0:c88,c257,c512,c768 tclass=file app=com.mbwhatsapp
02-10 22:29:51.973 3106 3187 W com.mbwhatsapp: Method void X.2rL.A03(java.lang.Integer) failed lock verification and will run slower.
02-10 22:29:51.973 3106 3187 W com.mbwhatsapp: Common causes for lock verification issues are non-optimized dex code
02-10 22:29:51.973 3106 3187 W com.mbwhatsapp: and incorrect proguard optimizations.
02-10 22:29:53.651 3106 3140 W OplusExSystemServiceHelper: checkOplusExSystemService intent getComponent is null
02-10 22:37:08.543 3106 3184 E SQLiteDatabase: Error inserting transferred=0 media_job_uuid=f8cd6942-9c0a-4bb6-8681-a367ced67072 transcoded=0 gif_attribution=0 first_scan_length=0 direct_path=/v/t62.7161- 24/31805191_314416221131930_8872301880349321073_n.enc?ccb=11- 4&oh=01_AdTd7QbBCpnGtJKiKQ8a4yCIimgVuMyNpMVmWpmKM_6F4A&oe=65EF1675&_nc_sid=5e03e0 thumbnail_height_width_ratio=1.7777778 is_animated_sticker=0 file_hash=HlY5cdWeuJ9fRjnQmxOKRUTrf3mSPFucWMFN1OkdDjE= file_path=null file_size=0 partial_media_hash=null face_x=0 face_y=0 height=1024 trim_to=0 media_key_timestamp=1707575788000 message_url=https://mmg.whatsapp.net/v/t62.7161- 24/31805191_314416221131930_8872301880349321073_n.enc?ccb=11- 4&oh=01_AdTd7QbBCpnGtJKiKQ8a4yCIimgVuMyNpMVmWpmKM_6F4A&oe=65EF1675&_nc_sid=5e03e0&m ms3=true media_caption=null trim_from=0 mime_type=video/mp4 partial_media_enc_hash=null width=576 original_file_hash=null has_streaming_sidecar=1 autotransfer_retry_enabled=1 media_upload_handle=null message_row_id=98 multicast_id=null enc_file_hash=XKfDKaZlZDmHYU81Yp0B8W55ly3DXIucHUhYV0l1vXE= mute_video=0 page_count=0 first_scan_sidecar=null suspicious_content=0 file_length=1436816 media_name=null media_duration=29 chat_row_id=32 media_key=[B@18d807f
02-10 22:37:08.543 3106 3184 E SQLiteDatabase: android.database.sqlite.SQLiteConstraintException: UNIQUE constraint failed: message_media.message_row_id (code 1555 SQLITE_CONSTRAINT_PRIMARYKEY)
02-10 22:37:08.543 3106 3184 E SQLiteDatabase: at android.database.sqlite.SQLiteConnection.nativeExecuteForLastInsertedRowId(Native Method)
02-10 22:37:08.543 3106 3184 E SQLiteDatabase: at android.database.sqlite.SQLiteConnection.executeForLastInsertedRowId(SQLiteConnecti on.java:946)
02-10 22:37:08.543 3106 3184 E SQLiteDatabase: at android.database.sqlite.SQLiteSession.executeForLastInsertedRowId(SQLiteSession.jav a:790)
02-10 22:37:08.543 3106 3184 E SQLiteDatabase: at android.database.sqlite.SQLiteStatement.executeInsert(SQLiteStatement.java:89)
02-10 22:37:08.543 3106 3184 E SQLiteDatabase: at android.database.sqlite.SQLiteDatabase.insertWithOnConflict(SQLiteDatabase.java:170 2)
02-10 22:37:08.543 3106 3184 E SQLiteDatabase: at android.database.sqlite.SQLiteDatabase.insert(SQLiteDatabase.java:1571)
02-10 22:37:08.543 3106 3184 E SQLiteDatabase: at X.2tm.A08(Unknown Source:6)
02-10 22:37:08.543 3106 3184 E SQLiteDatabase: at X.35Y.A07(Unknown Source:212)
02-10 22:37:08.543 3106 3184 E SQLiteDatabase: at X.3QF.A14(Unknown Source:470)
02-10 22:37:08.543 3106 3184 E SQLiteDatabase: at X.3gU.run(Unknown Source:982)
02-10 22:37:08.543 3106 3184 E SQLiteDatabase: at android.os.Handler.handleCallback(Handler.java:938)
02-10 22:37:08.543 3106 3184 E SQLiteDatabase: at android.os.Handler.dispatchMessage(Handler.java:99)
02-10 22:37:08.543 3106 3184 E SQLiteDatabase: at X.0zq.dispatchMessage(Unknown Source:4)
02-10 22:37:08.543 3106 3184 E SQLiteDatabase: at android.os.Looper.loopOnce(Looper.java:233)
02-10 22:37:08.543 3106 3184 E SQLiteDatabase: at android.os.Looper.loop(Looper.java:344)
02-10 22:37:08.543 3106 3184 E SQLiteDatabase: at android.os.HandlerThread.run(HandlerThread.java:67)
02-10 22:37:37.094 3106 3106 W pool-8-thread-1: type=1400 audit(0.0:418050): avc: granted { execute } for path="/data/data/com.mbwhatsapp/files/decompressed/libs.spk.zst/libgifimage.so" dev="sda12" ino=1029653 scontext=u:r:untrusted_app:s0:c88,c257,c512,c768 tcontext=u:object_r:app_data_file:s0:c88,c257,c512,c768 tclass=file app=com.mbwhatsapp
02-10 22:37:37.460 3106 3184 E SQLiteDatabase: Error inserting transferred=1 media_job_uuid=2e6e5bdf-5956-429c-b0da-29eab1b437e4 transcoded=0 gif_attribution=0 first_scan_length=0 direct_path=/v/t62.7161- 24/31588641_3478019539126965_928740134341089825_n.enc?ccb=11-4&oh=01_AdSrDEcN- 9Hc1FBNaP2w-c5I67TQxfWg2Bpq4cWbQiPYrg&oe=65EF0854&_nc_sid=5e03e0&_nc_hot=1707575821 thumbnail_height_width_ratio=0.45833334 is_animated_sticker=0 file_hash=YBER3zRoCmauoSfWzVGhjEjngQ/tv7cbSxTbdqbTBXw= file_path=Media/MBWhatsApp Video/VID-20240210-WA0001.mp4 file_size=18622924 partial_media_hash=null face_x=0 face_y=0 height=384 trim_to=0 media_key_timestamp=1707479648000 message_url=https://mmg.whatsapp.net/v/t62.7161- 24/31588641_3478019539126965_928740134341089825_n.enc?ccb=11-4&oh=01_AdSrDEcN- 9Hc1FBNaP2w-c5I67TQxfWg2Bpq4cWbQiPYrg&oe=65EF0854&_nc_sid=5e03e0&mms3=true media_caption=null trim_from=0 mime_type=video/mp4 partial_media_enc_hash=null width=848 original_file_hash=null has_streaming_sidecar=1 autotransfer_retry_enabled=1 media_upload_handle=null message_row_id=99 multicast_id=null enc_file_hash=6XI07+TIVPVC9qFLZTb5nKW084ACZRUl6SicAWYt/HI= mute_video=0 page_count=0 first_scan_sidecar=null suspicious_content=0 file_length=18622924 media_name=null media_duration=120 chat_row_id=22 media_key=[B@249c76a
02-10 22:37:37.460 3106 3184 E SQLiteDatabase: android.database.sqlite.SQLiteConstraintException: UNIQUE constraint failed: message_media.message_row_id (code 1555 SQLITE_CONSTRAINT_PRIMARYKEY)
02-10 22:37:37.460 3106 3184 E SQLiteDatabase: at android.database.sqlite.SQLiteConnection.nativeExecuteForLastInsertedRowId(Native Method)
02-10 22:37:37.460 3106 3184 E SQLiteDatabase: at android.database.sqlite.SQLiteConnection.executeForLastInsertedRowId(SQLiteConnecti on.java:946)
02-10 22:37:37.460 3106 3184 E SQLiteDatabase: at android.database.sqlite.SQLiteSession.executeForLastInsertedRowId(SQLiteSession.jav a:790)
02-10 22:37:37.460 3106 3184 E SQLiteDatabase: at android.database.sqlite.SQLiteStatement.executeInsert(SQLiteStatement.java:89)
02-10 22:37:37.460 3106 3184 E SQLiteDatabase: at android.database.sqlite.SQLiteDatabase.insertWithOnConflict(SQLiteDatabase.java:170 2)
02-10 22:37:37.460 3106 3184 E SQLiteDatabase: at android.database.sqlite.SQLiteDatabase.insert(SQLiteDatabase.java:1571)
02-10 22:37:37.460 3106 3184 E SQLiteDatabase: at X.2tm.A08(Unknown Source:6)
02-10 22:37:37.460 3106 3184 E SQLiteDatabase: at X.35Y.A07(Unknown Source:212)
02-10 22:37:37.460 3106 3184 E SQLiteDatabase: at X.3QF.A14(Unknown Source:470)
02-10 22:37:37.460 3106 3184 E SQLiteDatabase: at X.3gU.run(Unknown Source:982)
02-10 22:37:37.460 3106 3184 E SQLiteDatabase: at android.os.Handler.handleCallback(Handler.java:938)
02-10 22:37:37.460 3106 3184 E SQLiteDatabase: at android.os.Handler.dispatchMessage(Handler.java:99)
02-10 22:37:37.460 3106 3184 E SQLiteDatabase: at X.0zq.dispatchMessage(Unknown Source:4)
02-10 22:37:37.460 3106 3184 E SQLiteDatabase: at android.os.Looper.loopOnce(Looper.java:233)
02-10 22:37:37.460 3106 3184 E SQLiteDatabase: at android.os.Looper.loop(Looper.java:344)
02-10 22:37:37.460 3106 3184 E SQLiteDatabase: at android.os.HandlerThread.run(HandlerThread.java:67)
02-10 22:38:00.664 3106 3184 E SQLiteDatabase: Error inserting transferred=1 media_job_uuid=c49521fe-ed91-4ada-b39b-d50c5388c110 transcoded=0 gif_attribution=0 first_scan_length=16965 direct_path=/o1/v/t62.7118-24/f1/m233/up-oil-image- e7ab3c90-e0da-47f7-924f-1b831ab195bc?ccb=9- 4&oh=01_AdQnt72aJsnFOhroPfvXrMVnIT1Gfutc-aBGvDKF8NaRwQ&oe=65EF02D5&_nc_sid=000000 thumbnail_height_width_ratio=1.0 is_animated_sticker=0 file_hash=dnSRfO+G/7xVfDbONvfr/9DEPtn8jC4Bca9XWD43t9w= file_path=Media/MBWhatsApp Images/IMG-20240210-WA0002.jpg file_size=228582 partial_media_hash=U9d3MPpSbtHm5K4dQtMX+VN9b+bVFqqJ3gO5sNZ8/vU= face_x=0 face_y=0 height=1080 trim_to=0 media_key_timestamp=1707575876000 message_url=https://mmg.whatsapp.net/o1/v/t62.7118-24/f1/m233/up-oil-image- e7ab3c90-e0da-47f7-924f-1b831ab195bc?ccb=9- 4&oh=01_AdQnt72aJsnFOhroPfvXrMVnIT1Gfutc- aBGvDKF8NaRwQ&oe=65EF02D5&_nc_sid=000000&mms3=true media_caption=null trim_from=0 mime_type=image/jpeg partial_media_enc_hash=null width=1080 original_file_hash=null has_streaming_sidecar=1 autotransfer_retry_enabled=1 media_upload_handle=null message_row_id=102 multicast_id=null enc_file_hash=3AKKLF8AHvuG2z+99mU4WYakH+BSnScPa3gatRbkb1M= mute_video=0 page_count=0 first_scan_sidecar=[B@6dbb904 suspicious_content=0 file_length=228582 media_name=null media_duration=0 chat_row_id=22 media_key=[B@b052eed
02-10 22:38:00.664 3106 3184 E SQLiteDatabase: android.database.sqlite.SQLiteConstraintException: UNIQUE constraint failed: message_media.message_row_id (code 1555 SQLITE_CONSTRAINT_PRIMARYKEY)
02-10 22:38:00.664 3106 3184 E SQLiteDatabase: at android.database.sqlite.SQLiteConnection.nativeExecuteForLastInsertedRowId(Native Method)
02-10 22:38:00.664 3106 3184 E SQLiteDatabase: at android.database.sqlite.SQLiteConnection.executeForLastInsertedRowId(SQLiteConnecti on.java:946)
