02-16 00:03:51.358 2724 2795 E IMGSRV : :473: glClientWaitSync: Expected application to have kicked everything until job: 27560 (possibly by calling glFlush)
02-16 00:03:51.397 2724 2795 E IMGSRV : :473: glClientWaitSync: Expected application to have kicked everything until job: 27562 (possibly by calling glFlush)
02-16 00:03:51.471 2724 2795 E IMGSRV : :473: glClientWaitSync: Expected application to have kicked everything until job: 27567 (possibly by calling glFlush)
02-16 00:03:51.509 2724 2795 E IMGSRV : :473: glClientWaitSync: Expected application to have kicked everything until job: 27569 (possibly by calling glFlush)
02-16 00:03:51.547 2724 2795 E IMGSRV : :473: glClientWaitSync: Expected application to have kicked everything until job: 27571 (possibly by calling glFlush)
02-16 00:03:51.581 2724 2795 E IMGSRV : :473: glClientWaitSync: Expected application to have kicked everything until job: 27573 (possibly by calling glFlush)
02-16 00:03:51.617 2724 2795 E IMGSRV : :473: glClientWaitSync: Expected application to have kicked everything until job: 27575 (possibly by calling glFlush)
02-16 00:03:51.652 2724 2795 E IMGSRV : :473: glClientWaitSync: Expected application to have kicked everything until job: 27577 (possibly by calling glFlush)
02-16 00:03:51.691 2724 2795 E IMGSRV : :473: glClientWaitSync: Expected application to have kicked everything until job: 27579 (possibly by calling glFlush)
02-16 00:03:51.761 2724 2795 E IMGSRV : :473: glClientWaitSync: Expected application to have kicked everything until job: 27581 (possibly by calling glFlush)
02-16 00:03:51.808 2724 2795 E IMGSRV : :473: glClientWaitSync: Expected application to have kicked everything until job: 27583 (possibly by calling glFlush)
02-16 00:03:51.889 2724 2795 E IMGSRV : :473: glClientWaitSync: Expected application to have kicked everything until job: 27588 (possibly by calling glFlush)
02-16 00:03:51.930 2724 2795 E IMGSRV : :473: glClientWaitSync: Expected application to have kicked everything until job: 27590 (possibly by calling glFlush)
02-16 00:03:51.964 2724 2795 E IMGSRV : :473: glClientWaitSync: Expected application to have kicked everything until job: 27592 (possibly by calling glFlush)
02-16 00:03:52.000 2724 2795 E IMGSRV : :473: glClientWaitSync: Expected application to have kicked everything until job: 27594 (possibly by calling glFlush)
02-16 00:03:52.041 2724 2795 E IMGSRV : :473: glClientWaitSync: Expected application to have kicked everything until job: 27596 (possibly by calling glFlush)
02-16 00:03:52.076 2724 2795 E IMGSRV : :473: glClientWaitSync: Expected application to have kicked everything until job: 27598 (possibly by calling glFlush)
02-16 00:03:52.129 2724 2795 E IMGSRV : :473: glClientWaitSync: Expected application to have kicked everything until job: 27600 (possibly by calling glFlush)
02-16 00:03:52.260 2724 2795 E IMGSRV : :473: glClientWaitSync: Expected application to have kicked everything until job: 27602 (possibly by calling glFlush)
02-16 00:03:52.324 2724 2795 E IMGSRV : :473: glClientWaitSync: Expected application to have kicked everything until job: 27604 (possibly by calling glFlush)
02-16 00:03:52.415 2724 2795 E IMGSRV : :473: glClientWaitSync: Expected application to have kicked everything until job: 27609 (possibly by calling glFlush)
02-16 00:03:52.456 2724 2795 E IMGSRV : :473: glClientWaitSync: Expected application to have kicked everything until job: 27611 (possibly by calling glFlush)
02-16 00:03:52.497 2724 2795 E IMGSRV : :473: glClientWaitSync: Expected application to have kicked everything until job: 27613 (possibly by calling glFlush)
02-16 00:03:52.535 2724 2795 E IMGSRV : :473: glClientWaitSync: Expected application to have kicked everything until job: 27615 (possibly by calling glFlush)
02-16 00:03:52.568 2724 2795 E IMGSRV : :473: glClientWaitSync: Expected application to have kicked everything until job: 27617 (possibly by calling glFlush)
02-16 00:03:52.609 2724 2795 E IMGSRV : :473: glClientWaitSync: Expected application to have kicked everything until job: 27619 (possibly by calling glFlush)
02-16 00:03:52.644 2724 2795 E IMGSRV : :473: glClientWaitSync: Expected application to have kicked everything until job: 27621 (possibly by calling glFlush)
02-16 00:03:52.681 2724 2795 E IMGSRV : :473: glClientWaitSync: Expected application to have kicked everything until job: 27623 (possibly by calling glFlush)
02-16 00:03:52.716 2724 2795 E IMGSRV : :473: glClientWaitSync: Expected application to have kicked everything until job: 27625 (possibly by calling glFlush)
02-16 00:03:52.786 2724 2795 E IMGSRV : :473: glClientWaitSync: Expected application to have kicked everything until job: 27630 (possibly by calling glFlush)
02-16 00:03:52.819 2724 2795 E IMGSRV : :473: glClientWaitSync: Expected application to have kicked everything until job: 27632 (possibly by calling glFlush)
02-16 00:03:52.882 2724 2795 E IMGSRV : :473: glClientWaitSync: Expected application to have kicked everything until job: 27634 (possibly by calling glFlush)
02-16 00:03:52.930 2724 2795 E IMGSRV : :473: glClientWaitSync: Expected application to have kicked everything until job: 27636 (possibly by calling glFlush)
02-16 00:03:52.969 2724 2795 E IMGSRV : :473: glClientWaitSync: Expected application to have kicked everything until job: 27638 (possibly by calling glFlush)
02-16 00:03:53.028 2724 2795 E IMGSRV : :473: glClientWaitSync: Expected application to have kicked everything until job: 27640 (possibly by calling glFlush)
02-16 00:03:53.065 2724 2795 E IMGSRV : :473: glClientWaitSync: Expected application to have kicked everything until job: 27642 (possibly by calling glFlush)
02-16 00:03:53.104 2724 2795 E IMGSRV : :473: glClientWaitSync: Expected application to have kicked everything until job: 27644 (possibly by calling glFlush)
02-16 00:03:53.141 2724 2795 E IMGSRV : :473: glClientWaitSync: Expected application to have kicked everything until job: 27646 (possibly by calling glFlush)
02-16 00:03:53.224 2724 2795 E IMGSRV : :473: glClientWaitSync: Expected application to have kicked everything until job: 27651 (possibly by calling glFlush)
02-16 00:03:53.264 2724 2795 E IMGSRV : :473: glClientWaitSync: Expected application to have kicked everything until job: 27653 (possibly by calling glFlush)
02-16 00:03:53.304 2724 2795 E IMGSRV : :473: glClientWaitSync: Expected application to have kicked everything until job: 27655 (possibly by calling glFlush)
02-16 00:03:53.335 2724 2795 E IMGSRV : :473: glClientWaitSync: Expected application to have kicked everything until job: 27657 (possibly by calling glFlush)
02-16 00:03:53.376 2724 2795 E IMGSRV : :473: glClientWaitSync: Expected application to have kicked everything until job: 27659 (possibly by calling glFlush)
02-16 00:03:53.411 2724 2795 E IMGSRV : :473: glClientWaitSync: Expected application to have kicked everything until job: 27661 (possibly by calling glFlush)
02-16 00:03:53.450 2724 2795 E IMGSRV : :473: glClientWaitSync: Expected application to have kicked everything until job: 27663 (possibly by calling glFlush)
02-16 00:03:53.485 2724 2795 E IMGSRV : :473: glClientWaitSync: Expected application to have kicked everything until job: 27665 (possibly by calling glFlush)
02-16 00:03:53.519 2724 2795 E IMGSRV : :473: glClientWaitSync: Expected application to have kicked everything until job: 27667 (possibly by calling glFlush)
02-16 00:03:53.608 2724 2795 E IMGSRV : :473: glClientWaitSync: Expected application to have kicked everything until job: 27672 (possibly by calling glFlush)
02-16 00:03:53.646 2724 2795 E IMGSRV : :473: glClientWaitSync: Expected application to have kicked everything until job: 27674 (possibly by calling glFlush)
02-16 00:03:53.682 2724 2795 E IMGSRV : :473: glClientWaitSync: Expected application to have kicked everything until job: 27676 (possibly by calling glFlush)
02-16 00:03:53.722 2724 2795 E IMGSRV : :473: glClientWaitSync: Expected application to have kicked everything until job: 27678 (possibly by calling glFlush)
02-16 00:03:53.758 2724 2795 E IMGSRV : :473: glClientWaitSync: Expected application to have kicked everything until job: 27680 (possibly by calling glFlush)
02-16 00:03:53.798 2724 2795 E IMGSRV : :473: glClientWaitSync: Expected application to have kicked everything until job: 27682 (possibly by calling glFlush)
02-16 00:03:53.832 2724 2795 E IMGSRV : :473: glClientWaitSync: Expected application to have kicked everything until job: 27684 (possibly by calling glFlush)
02-16 00:03:53.870 2724 2795 E IMGSRV : :473: glClientWaitSync: Expected application to have kicked everything until job: 27686 (possibly by calling glFlush)
02-16 00:03:53.913 2724 2795 E IMGSRV : :473: glClientWaitSync: Expected application to have kicked everything until job: 27688 (possibly by calling glFlush)
02-16 00:03:53.991 2724 2795 E IMGSRV : :473: glClientWaitSync: Expected application to have kicked everything until job: 27693 (possibly by calling glFlush)
02-16 00:03:54.022 2724 2795 E IMGSRV : :473: glClientWaitSync: Expected application to have kicked everything until job: 27695 (possibly by calling glFlush)
02-16 00:03:54.064 2724 2795 E IMGSRV : :473: glClientWaitSync: Expected application to have kicked everything until job: 27697 (possibly by calling glFlush)
02-16 00:03:54.099 2724 2795 E IMGSRV : :473: glClientWaitSync: Expected application to have kicked everything until job: 27699 (possibly by calling glFlush)
02-16 00:03:54.156 2724 2795 E IMGSRV : :473: glClientWaitSync: Expected application to have kicked everything until job: 27701 (possibly by calling glFlush)
02-16 00:03:54.201 2724 2795 E IMGSRV : :473: glClientWaitSync: Expected application to have kicked everything until job: 27703 (possibly by calling glFlush)
02-16 00:03:54.234 2724 2795 E IMGSRV : :473: glClientWaitSync: Expected application to have kicked everything until job: 27705 (possibly by calling glFlush)
02-16 00:03:54.287 2724 2795 E IMGSRV : :473: glClientWaitSync: Expected application to have kicked everything until job: 27707 (possibly by calling glFlush)
02-16 00:03:54.318 2724 2795 E IMGSRV : :473: glClientWaitSync: Expected application to have kicked everything until job: 27709 (possibly by calling glFlush)
02-16 00:03:54.392 2724 2795 E IMGSRV : :473: glClientWaitSync: Expected application to have kicked everything until job: 27714 (possibly by calling glFlush)
02-16 00:03:54.451 2724 2795 E IMGSRV : :473: glClientWaitSync: Expected application to have kicked everything until job: 27716 (possibly by calling glFlush)
02-16 00:03:54.487 2724 2795 E IMGSRV : :473: glClientWaitSync: Expected application to have kicked everything until job: 27718 (possibly by calling glFlush)
02-16 00:03:54.531 2724 2795 E IMGSRV : :473: glClientWaitSync: Expected application to have kicked everything until job: 27720 (possibly by calling glFlush)
02-16 00:03:54.566 2724 2795 E IMGSRV : :473: glClientWaitSync: Expected application to have kicked everything until job: 27722 (possibly by calling glFlush)
02-16 00:03:54.601 2724 2795 E IMGSRV : :473: glClientWaitSync: Expected application to have kicked everything until job: 27724 (possibly by calling glFlush)
02-16 00:03:54.635 2724 2795 E IMGSRV : :473: glClientWaitSync: Expected application to have kicked everything until job: 27726 (possibly by calling glFlush)
02-16 00:03:54.670 2724 2795 E IMGSRV : :473: glClientWaitSync: Expected application to have kicked everything until job: 27728 (possibly by calling glFlush)
02-16 00:03:54.709 2724 2795 E IMGSRV : :473: glClientWaitSync: Expected application to have kicked everything until job: 27730 (possibly by calling glFlush)
02-16 00:03:54.782 2724 2795 E IMGSRV : :473: glClientWaitSync: Expected application to have kicked everything until job: 27735 (possibly by calling glFlush)
02-16 00:03:54.817 2724 2795 E IMGSRV : :473: glClientWaitSync: Expected application to have kicked everything until job: 27737 (possibly by calling glFlush)
02-16 00:03:54.852 2724 2795 E IMGSRV : :473: glClientWaitSync: Expected application to have kicked everything until job: 27739 (possibly by calling glFlush)
02-16 00:03:54.896 2724 2795 E IMGSRV : :473: glClientWaitSync: Expected application to have kicked everything until job: 27741 (possibly by calling glFlush)
02-16 00:03:54.933 2724 2795 E IMGSRV : :473: glClientWaitSync: Expected application to have kicked everything until job: 27743 (possibly by calling glFlush)
02-16 00:03:54.969 2724 2795 E IMGSRV : :473: glClientWaitSync: Expected application to have kicked everything until job: 27745 (possibly by calling glFlush)
02-16 00:03:55.013 2724 2795 E IMGSRV : :473: glClientWaitSync: Expected application to have kicked everything until job: 27747 (possibly by calling glFlush)
02-16 00:03:55.049 2724 2795 E IMGSRV : :473: glClientWaitSync: Expected application to have kicked everything until job: 27749 (possibly by calling glFlush)
02-16 00:03:55.085 2724 2795 E IMGSRV : :473: glClientWaitSync: Expected application to have kicked everything until job: 27751 (possibly by calling glFlush)
02-16 00:03:55.154 2724 2795 E IMGSRV : :473: glClientWaitSync: Expected application to have kicked everything until job: 27756 (possibly by calling glFlush)
02-16 00:03:55.197 2724 2795 E IMGSRV : :473: glClientWaitSync: Expected application to have kicked everything until job: 27758 (possibly by calling glFlush)
02-16 00:03:55.235 2724 2795 E IMGSRV : :473: glClientWaitSync: Expected application to have kicked everything until job: 27760 (possibly by calling glFlush)
02-16 00:03:55.269 2724 2795 E IMGSRV : :473: glClientWaitSync: Expected application to have kicked everything until job: 27762 (possibly by calling glFlush)
02-16 00:03:55.307 2724 2795 E IMGSRV : :473: glClientWaitSync: Expected application to have kicked everything until job: 27764 (possibly by calling glFlush)
02-16 00:03:55.343 2724 2795 E IMGSRV : :473: glClientWaitSync: Expected application to have kicked everything until job: 27766 (possibly by calling glFlush)
02-16 00:03:55.387 2724 2795 E IMGSRV : :473: glClientWaitSync: Expected application to have kicked everything until job: 27768 (possibly by calling glFlush)
02-16 00:03:55.420 2724 2795 E IMGSRV : :473: glClientWaitSync: Expected application to have kicked everything until job: 27770 (possibly by calling glFlush)
02-16 00:03:55.458 2724 2795 E IMGSRV : :473: glClientWaitSync: Expected application to have kicked everything until job: 27772 (possibly by calling glFlush)
02-16 00:03:55.535 2724 2795 E IMGSRV : :473: glClientWaitSync: Expected application to have kicked everything until job: 27777 (possibly by calling glFlush)
02-16 00:03:55.569 2724 2795 E IMGSRV : :473: glClientWaitSync: Expected application to have kicked everything until job: 27779 (possibly by calling glFlush)
02-16 00:03:55.605 2724 2795 E IMGSRV : :473: glClientWaitSync: Expected application to have kicked everything until job: 27781 (possibly by calling glFlush)
02-16 00:03:55.649 2724 2795 E IMGSRV : :473: glClientWaitSync: Expected application to have kicked everything until job: 27783 (possibly by calling glFlush)
02-16 00:03:55.685 2724 2795 E IMGSRV : :473: glClientWaitSync: Expected application to have kicked everything until job: 27785 (possibly by calling glFlush)
02-16 00:03:55.721 2724 2795 E IMGSRV : :473: glClientWaitSync: Expected application to have kicked everything until job: 27787 (possibly by calling glFlush)
02-16 00:03:55.758 2724 2795 E IMGSRV : :473: glClientWaitSync: Expected application to have kicked everything until job: 27789 (possibly by calling glFlush)
02-16 00:03:55.799 2724 2795 E IMGSRV : :473: glClientWaitSync: Expected application to have kicked everything until job: 27791 (possibly by calling glFlush)
02-16 00:03:55.834 2724 2795 E IMGSRV : :473: glClientWaitSync: Expected application to have kicked everything until job: 27793 (possibly by calling glFlush)
02-16 00:03:55.913 2724 2795 E IMGSRV : :473: glClientWaitSync: Expected application to have kicked everything until job: 27798 (possibly by calling glFlush)
02-16 00:03:55.946 2724 2795 E IMGSRV : :473: glClientWaitSync: Expected application to have kicked everything until job: 27800 (possibly by calling glFlush)
02-16 00:03:55.983 2724 2795 E IMGSRV : :473: glClientWaitSync: Expected application to have kicked everything until job: 27802 (possibly by calling glFlush)
02-16 00:03:56.019 2724 2795 E IMGSRV : :473: glClientWaitSync: Expected application to have kicked everything until job: 27804 (possibly by calling glFlush)
02-16 00:03:56.059 2724 2795 E IMGSRV : :473: glClientWaitSync: Expected application to have kicked everything until job: 27806 (possibly by calling glFlush)
02-16 00:03:56.098 2724 2795 E IMGSRV : :473: glClientWaitSync: Expected application to have kicked everything until job: 27808 (possibly by calling glFlush)
02-16 00:03:56.135 2724 2795 E IMGSRV : :473: glClientWaitSync: Expected application to have kicked everything until job: 27810 (possibly by calling glFlush)
02-16 00:03:56.170 2724 2795 E IMGSRV : :473: glClientWaitSync: Expected application to have kicked everything until job: 27812 (possibly by calling glFlush)
02-16 00:03:56.210 2724 2795 E IMGSRV : :473: glClientWaitSync: Expected application to have kicked everything until job: 27814 (possibly by calling glFlush)
02-16 00:03:56.314 2724 2795 E IMGSRV : :473: glClientWaitSync: Expected application to have kicked everything until job: 27819 (possibly by calling glFlush)
02-16 00:03:56.356 2724 2795 E IMGSRV : :473: glClientWaitSync: Expected application to have kicked everything until job: 27821 (possibly by calling glFlush)
02-16 00:03:56.403 2724 2795 E IMGSRV : :473: glClientWaitSync: Expected application to have kicked everything until job: 27823 (possibly by calling glFlush)
02-16 00:03:56.446 2724 2795 E IMGSRV : :473: glClientWaitSync: Expected application to have kicked everything until job: 27825 (possibly by calling glFlush)
02-16 00:03:56.485 2724 2795 E IMGSRV : :473: glClientWaitSync: Expected application to have kicked everything until job: 27827 (possibly by calling glFlush)
02-16 00:03:56.520 2724 2795 E IMGSRV : :473: glClientWaitSync: Expected application to have kicked everything until job: 27829 (possibly by calling glFlush)
02-16 00:03:56.560 2724 2795 E IMGSRV : :473: glClientWaitSync: Expected application to have kicked everything until job: 27831 (possibly by calling glFlush)
02-16 00:03:56.599 2724 2795 E IMGSRV : :473: glClientWaitSync: Expected application to have kicked everything until job: 27833 (possibly by calling glFlush)
02-16 00:03:56.635 2724 2795 E IMGSRV : :473: glClientWaitSync: Expected application to have kicked everything until job: 27835 (possibly by calling glFlush)
02-16 00:03:56.709 2724 2795 E IMGSRV : :473: glClientWaitSync: Expected application to have kicked everything until job: 27840 (possibly by calling glFlush)
02-16 00:03:56.748 2724 2795 E IMGSRV : :473: glClientWaitSync: Expected application to have kicked everything until job: 27842 (possibly by calling glFlush)
02-16 00:03:56.786 2724 2724 E Dialog : show dialog view=DecorView@8fad146[EosUnityPlayerActivity]
02-16 00:03:56.789 2724 2795 E IMGSRV : :473: glClientWaitSync: Expected application to have kicked everything until job: 27844 (possibly by calling glFlush)
02-16 00:03:56.836 2724 2795 E IMGSRV : :473: glClientWaitSync: Expected application to have kicked everything until job: 27846 (possibly by calling glFlush)
02-16 00:03:56.853 2724 2724 D IMGGralloc: Gralloc Register w:1585, h:228, f:0x1, usage:0x966, ui64Stamp:2008161, sSize:1536000, line = 2335
02-16 00:03:56.904 2724 2795 E IMGSRV : :473: glClientWaitSync: Expected application to have kicked everything until job: 27848 (possibly by calling glFlush)
02-16 00:03:56.930 2724 2758 D IMGGralloc: Gralloc Free w:720, h:1557, f:0x1, usage:0xb00, ui64Stamp:2007817 line = 2441
02-16 00:03:56.930 2724 2758 D IMGGralloc: Gralloc Free w:720, h:1557, f:0x1, usage:0xb00, ui64Stamp:2007827 line = 2441
02-16 00:03:56.931 2724 2758 D IMGGralloc: Gralloc Free w:720, h:1557, f:0x1, usage:0xb00, ui64Stamp:2007836 line = 2441
02-16 00:03:56.950 2724 2758 D IMGGralloc: Gralloc Register w:673, h:1473, f:0x1, usage:0xb00, ui64Stamp:2008171, sSize:4096000, line = 2335
02-16 00:03:56.961 2724 2758 D IMGGralloc: Gralloc Register w:673, h:1473, f:0x1, usage:0xb00, ui64Stamp:2008180, sSize:4096000, line = 2335
02-16 00:03:56.963 2724 2795 E IMGSRV : :473: glClientWaitSync: Expected application to have kicked everything until job: 27850 (possibly by calling glFlush)
02-16 00:03:56.968 2724 2724 D IMGGralloc: Gralloc Free w:1557, h:720, f:0x1, usage:0x966, ui64Stamp:2007831 line = 2441
02-16 00:03:56.969 2724 2724 D IMGGralloc: Gralloc Register w:1473, h:673, f:0x1, usage:0x966, ui64Stamp:2008184, sSize:4096000, line = 2335
02-16 00:03:56.979 2724 2758 D IMGGralloc: Gralloc Register w:673, h:1473, f:0x1, usage:0xb00, ui64Stamp:2008189, sSize:4096000, line = 2335
02-16 00:03:56.983 2724 2724 I AssistStructure: Flattened final assist data: 1148 bytes, containing 3 windows, 6 views
02-16 00:03:57.013 2724 2724 D IMGGralloc: Gralloc Register w:1585, h:228, f:0x1, usage:0x966, ui64Stamp:2008193, sSize:1536000, line = 2335
02-16 00:03:57.027 2724 2795 E IMGSRV : :473: glClientWaitSync: Expected application to have kicked everything until job: 27852 (possibly by calling glFlush)
02-16 00:03:57.085 2724 2724 D IMGGralloc: Gralloc Free w:1557, h:720, f:0x1, usage:0x966, ui64Stamp:2007839 line = 2441
02-16 00:03:57.085 2724 2736 I mods.patcher:p: Background young concurrent copying GC freed 79851(2372KB) AllocSpace objects, 3(60KB) LOS objects, 43% free, 3181KB/5659KB, paused 272us total 101.735ms
02-16 00:03:57.086 2724 2724 D IMGGralloc: Gralloc Register w:1473, h:673, f:0x1, usage:0x966, ui64Stamp:2008201, sSize:4096000, line = 2335
02-16 00:03:57.090 2724 2795 E IMGSRV : :473: glClientWaitSync: Expected application to have kicked everything until job: 27854 (possibly by calling glFlush)
02-16 00:03:57.094 2724 2738 W System : A resource failed to call release.
02-16 00:03:57.109 2724 2738 W System : A resource failed to call release.
02-16 00:03:57.171 2724 2795 E IMGSRV : :473: glClientWaitSync: Expected application to have kicked everything until job: 27856 (possibly by calling glFlush)
02-16 00:03:57.279 2724 2795 E IMGSRV : :473: glClientWaitSync: Expected application to have kicked everything until job: 27861 (possibly by calling glFlush)
02-16 00:03:57.339 2724 2758 D IMGGralloc: Gralloc Free w:673, h:1473, f:0x1, usage:0xb00, ui64Stamp:2008171 line = 2441
02-16 00:03:57.340 2724 2758 D IMGGralloc: Gralloc Free w:673, h:1473, f:0x1, usage:0xb00, ui64Stamp:2008180 line = 2441
02-16 00:03:57.340 2724 2758 D IMGGralloc: Gralloc Free w:673, h:1473, f:0x1, usage:0xb00, ui64Stamp:2008189 line = 2441
02-16 00:03:57.350 2724 2758 D IMGGralloc: Gralloc Register w:300, h:1473, f:0x1, usage:0xb00, ui64Stamp:2008233, sSize:1810432, line = 2335
02-16 00:03:57.361 2724 2758 D IMGGralloc: Gralloc Register w:300, h:1473, f:0x1, usage:0xb00, ui64Stamp:2008241, sSize:1810432, line = 2335
02-16 00:03:57.364 2724 2724 D IMGGralloc: Gralloc Free w:1557, h:720, f:0x1, usage:0x966, ui64Stamp:2007845 line = 2441
02-16 00:03:57.364 2724 2724 D IMGGralloc: Gralloc Register w:1473, h:300, f:0x1, usage:0x966, ui64Stamp:2008246, sSize:1810432, line = 2335
02-16 00:03:57.365 2724 2795 E IMGSRV : :473: glClientWaitSync: Expected application to have kicked everything until job: 27863 (possibly by calling glFlush)
02-16 00:03:57.376 2724 2758 D IMGGralloc: Gralloc Register w:300, h:1473, f:0x1, usage:0xb00, ui64Stamp:2008250, sSize:1810432, line = 2335
02-16 00:03:57.397 2724 2724 D IMGGralloc: Gralloc Free w:1473, h:673, f:0x1, usage:0x966, ui64Stamp:2008184 line = 2441
02-16 00:03:57.398 2724 2724 D IMGGralloc: Gralloc Register w:1473, h:300, f:0x1, usage:0x966, ui64Stamp:2008259, sSize:1810432, line = 2335
02-16 00:03:57.416 2724 2724 D IMGGralloc: Gralloc Free w:1473, h:673, f:0x1, usage:0x966, ui64Stamp:2008201 line = 2441
02-16 00:03:57.416 2724 2724 D IMGGralloc: Gralloc Register w:1473, h:300, f:0x1, usage:0x966, ui64Stamp:2008263, sSize:1810432, line = 2335
02-16 00:03:57.433 2724 2795 E IMGSRV : :473: glClientWaitSync: Expected application to have kicked everything until job: 27865 (possibly by calling glFlush)
02-16 00:03:57.470 2724 2795 E IMGSRV : :473: glClientWaitSync: Expected application to have kicked everything until job: 27867 (possibly by calling glFlush)
02-16 00:03:57.518 2724 2795 E IMGSRV : :473: glClientWaitSync: Expected application to have kicked everything until job: 27869 (possibly by calling glFlush)
02-16 00:03:57.555 2724 2795 E IMGSRV : :473: glClientWaitSync: Expected application to have kicked everything until job: 27871 (possibly by calling glFlush)
02-16 00:03:57.610 2724 2795 E IMGSRV : :473: glClientWaitSync: Expected application to have kicked everything until job: 27873 (possibly by calling glFlush)
02-16 00:03:57.657 2724 2795 E IMGSRV : :473: glClientWaitSync: Expected application to have kicked everything until job: 27875 (possibly by calling glFlush)
02-16 00:03:57.704 2724 2795 E IMGSRV : :473: glClientWaitSync: Expected application to have kicked everything until job: 27877 (possibly by calling glFlush)
02-16 00:03:57.802 2724 2795 E IMGSRV : :473: glClientWaitSync: Expected application to have kicked everything until job: 27882 (possibly by calling glFlush)
02-16 00:03:57.843 2724 2795 E IMGSRV : :473: glClientWaitSync: Expected application to have kicked everything until job: 27884 (possibly by calling glFlush)
02-16 00:03:57.898 2724 2795 E IMGSRV : :473: glClientWaitSync: Expected application to have kicked everything until job: 27886 (possibly by calling glFlush)
02-16 00:03:57.933 2724 2795 E IMGSRV : :473: glClientWaitSync: Expected application to have kicked everything until job: 27888 (possibly by calling glFlush)
02-16 00:03:57.975 2724 2795 E IMGSRV : :473: glClientWaitSync: Expected application to have kicked everything until job: 27890 (possibly by calling glFlush)
02-16 00:03:58.017 2724 2795 E IMGSRV : :473: glClientWaitSync: Expected application to have kicked everything until job: 27892 (possibly by calling glFlush)
02-16 00:03:58.066 2724 2795 E IMGSRV : :473: glClientWaitSync: Expected application to have kicked everything until job: 27894 (possibly by calling glFlush)
02-16 00:03:58.103 2724 2795 E IMGSRV : :473: glClientWaitSync: Expected application to have kicked everything until job: 27896 (possibly by calling glFlush)
02-16 00:03:58.141 2724 2795 E IMGSRV : :473: glClientWaitSync: Expected application to have kicked everything until job: 27898 (possibly by calling glFlush)
02-16 00:03:58.225 2724 2795 E IMGSRV : :473: glClientWaitSync: Expected application to have kicked everything until job: 27903 (possibly by calling glFlush)
02-16 00:03:58.266 2724 2795 E IMGSRV : :473: glClientWaitSync: Expected application to have kicked everything until job: 27905 (possibly by calling glFlush)
02-16 00:03:58.302 2724 2795 E IMGSRV : :473: glClientWaitSync: Expected application to have kicked everything until job: 27907 (possibly by calling glFlush)
02-16 00:03:58.335 2724 2795 E IMGSRV : :473: glClientWaitSync: Expected application to have kicked everything until job: 27909 (possibly by calling glFlush)
02-16 00:03:58.374 2724 2795 E IMGSRV : :473: glClientWaitSync: Expected application to have kicked everything until job: 27911 (possibly by calling glFlush)
02-16 00:03:58.451 2724 2795 E IMGSRV : :473: glClientWaitSync: Expected application to have kicked everything until job: 27913 (possibly by calling glFlush)
02-16 00:03:58.496 2724 2795 E IMGSRV : :473: glClientWaitSync: Expected application to have kicked everything until job: 27915 (possibly by calling glFlush)
02-16 00:03:58.551 2724 2795 E IMGSRV : :473: glClientWaitSync: Expected application to have kicked everything until job: 27917 (possibly by calling glFlush)
02-16 00:03:58.588 2724 2795 E IMGSRV : :473: glClientWaitSync: Expected application to have kicked everything until job: 27919 (possibly by calling glFlush)
02-16 00:03:58.675 2724 2795 E IMGSRV : :473: glClientWaitSync: Expected application to have kicked everything until job: 27924 (possibly by calling glFlush)
02-16 00:03:58.733 2724 2795 E IMGSRV : :473: glClientWaitSync: Expected application to have kicked everything until job: 27926 (possibly by calling glFlush)
02-16 00:03:58.782 2724 2795 E IMGSRV : :473: glClientWaitSync: Expected application to have kicked everything until job: 27928 (possibly by calling glFlush)
02-16 00:03:58.815 2724 2795 E IMGSRV : :473: glClientWaitSync: Expected application to have kicked everything until job: 27930 (possibly by calling glFlush)
02-16 00:03:58.851 2724 2795 E IMGSRV : :473: glClientWaitSync: Expected application to have kicked everything until job: 27932 (possibly by calling glFlush)
02-16 00:03:58.892 2724 2795 E IMGSRV : :473: glClientWaitSync: Expected application to have kicked everything until job: 27934 (possibly by calling glFlush)
02-16 00:03:58.939 2724 2795 E IMGSRV : :473: glClientWaitSync: Expected application to have kicked everything until job: 27936 (possibly by calling glFlush)
02-16 00:03:58.991 2724 2795 E IMGSRV : :473: glClientWaitSync: Expected application to have kicked everything until job: 27938 (possibly by calling glFlush)
02-16 00:03:59.021 2724 2795 E IMGSRV : :473: glClientWaitSync: Expected application to have kicked everything until job: 27940 (possibly by calling glFlush)
02-16 00:03:59.110 2724 2795 E IMGSRV : :473: glClientWaitSync: Expected application to have kicked everything until job: 27945 (possibly by calling glFlush)
02-16 00:03:59.152 2724 2795 E IMGSRV : :473: glClientWaitSync: Expected application to have kicked everything until job: 27947 (possibly by calling glFlush)
02-16 00:03:59.188 2724 2795 E IMGSRV : :473: glClientWaitSync: Expected application to have kicked everything until job: 27949 (possibly by calling glFlush)
02-16 00:03:59.230 2724 2795 E IMGSRV : :473: glClientWaitSync: Expected application to have kicked everything until job: 27951 (possibly by calling glFlush)
02-16 00:03:59.287 2724 2795 E IMGSRV : :473: glClientWaitSync: Expected application to have kicked everything until job: 27953 (possibly by calling glFlush)
02-16 00:03:59.332 2724 2795 E IMGSRV : :473: glClientWaitSync: Expected application to have kicked everything until job: 27955 (possibly by calling glFlush)
02-16 00:03:59.379 2724 2795 E IMGSRV : :473: glClientWaitSync: Expected application to have kicked everything until job: 27957 (possibly by calling glFlush)
02-16 00:03:59.413 2724 2795 E IMGSRV : :473: glClientWaitSync: Expected application to have kicked everything until job: 27959 (possibly by calling glFlush)
02-16 00:03:59.452 2724 2795 E IMGSRV : :473: glClientWaitSync: Expected application to have kicked everything until job: 27961 (possibly by calling glFlush)
02-16 00:03:59.544 2724 2795 E IMGSRV : :473: glClientWaitSync: Expected application to have kicked everything until job: 27966 (possibly by calling glFlush)
02-16 00:03:59.591 2724 2795 E IMGSRV : :473: glClientWaitSync: Expected application to have kicked everything until job: 27968 (possibly by calling glFlush)
02-16 00:03:59.634 2724 2795 E IMGSRV : :473: glClientWaitSync: Expected application to have kicked everything until job: 27970 (possibly by calling glFlush)
02-16 00:03:59.680 2724 2795 E IMGSRV : :473: glClientWaitSync: Expected application to have kicked everything until job: 27972 (possibly by calling glFlush)
02-16 00:03:59.726 2724 2795 E IMGSRV : :473: glClientWaitSync: Expected application to have kicked everything until job: 27974 (possibly by calling glFlush)
02-16 00:03:59.758 2724 2795 E IMGSRV : :473: glClientWaitSync: Expected application to have kicked everything until job: 27976 (possibly by calling glFlush)
02-16 00:03:59.817 2724 2795 E IMGSRV : :473: glClientWaitSync: Expected application to have kicked everything until job: 27978 (possibly by calling glFlush)
02-16 00:03:59.851 2724 2795 E IMGSRV : :473: glClientWaitSync: Expected application to have kicked everything until job: 27980 (possibly by calling glFlush)
02-16 00:03:59.889 2724 2795 E IMGSRV : :473: glClientWaitSync: Expected application to have kicked everything until job: 27982 (possibly by calling glFlush)
02-16 00:03:59.977 2724 2724 D IMGGralloc: Gralloc Register w:1585, h:228, f:0x1, usage:0x966, ui64Stamp:2008398, sSize:1536000, line = 2335
02-16 00:04:00.006 2724 2795 E IMGSRV : :473: glClientWaitSync: Expected application to have kicked everything until job: 27987 (possibly by calling glFlush)
02-16 00:04:00.059 2724 2795 E IMGSRV : :473: glClientWaitSync: Expected application to have kicked everything until job: 27989 (possibly by calling glFlush)
02-16 00:04:00.106 2724 2795 E IMGSRV : :473: glClientWaitSync: Expected application to have kicked everything until job: 27991 (possibly by calling glFlush)
02-16 00:04:00.168 2724 2795 E IMGSRV : :473: glClientWaitSync: Expected application to have kicked everything until job: 27993 (possibly by calling glFlush)
02-16 00:04:00.230 2724 2795 E IMGSRV : :473: glClientWaitSync: Expected application to have kicked everything until job: 27995 (possibly by calling glFlush)
02-16 00:04:00.280 2724 2795 E IMGSRV : :473: glClientWaitSync: Expected application to have kicked everything until job: 27997 (possibly by calling glFlush)
02-16 00:04:00.329 2724 2795 E IMGSRV : :473: glClientWaitSync: Expected application to have kicked everything until job: 27999 (possibly by calling glFlush)
02-16 00:04:00.390 2724 2795 E IMGSRV : :473: glClientWaitSync: Expected application to have kicked everything until job: 28001 (possibly by calling glFlush)
02-16 00:04:00.444 2724 2795 E IMGSRV : :473: glClientWaitSync: Expected application to have kicked everything until job: 28003 (possibly by calling glFlush)
02-16 00:04:00.534 2724 2795 E IMGSRV : :473: glClientWaitSync: Expected application to have kicked everything until job: 28008 (possibly by calling glFlush)
02-16 00:04:00.585 2724 2795 E IMGSRV : :473: glClientWaitSync: Expected application to have kicked everything until job: 28010 (possibly by calling glFlush)
02-16 00:04:00.621 2724 2795 E IMGSRV : :473: glClientWaitSync: Expected application to have kicked everything until job: 28012 (possibly by calling glFlush)
02-16 00:04:00.655 2724 2795 E IMGSRV : :473: glClientWaitSync: Expected application to have kicked everything until job: 28014 (possibly by calling glFlush)
02-16 00:04:00.700 2724 2795 E IMGSRV : :473: glClientWaitSync: Expected application to have kicked everything until job: 28016 (possibly by calling glFlush)
02-16 00:04:00.736 2724 2795 E IMGSRV : :473: glClientWaitSync: Expected application to have kicked everything until job: 28018 (possibly by calling glFlush)
02-16 00:04:00.769 2724 2795 E IMGSRV : :473: glClientWaitSync: Expected application to have kicked everything until job: 28020 (possibly by calling glFlush)
02-16 00:04:00.805 2724 2795 E IMGSRV : :473: glClientWaitSync: Expected application to have kicked everything until job: 28022 (possibly by calling glFlush)
02-16 00:04:00.851 2724 2795 E IMGSRV : :473: glClientWaitSync: Expected application to have kicked everything until job: 28024 (possibly by calling glFlush)
02-16 00:04:00.968 2724 2795 E IMGSRV : :473: glClientWaitSync: Expected application to have kicked everything until job: 28029 (possibly by calling glFlush)
02-16 00:04:01.015 2724 2795 E IMGSRV : :473: glClientWaitSync: Expected application to have kicked everything until job: 28031 (possibly by calling glFlush)
02-16 00:04:01.056 2724 2795 E IMGSRV : :473: glClientWaitSync: Expected application to have kicked everything until job: 28033 (possibly by calling glFlush)
02-16 00:04:01.098 2724 2795 E IMGSRV : :473: glClientWaitSync: Expected application to have kicked everything until job: 28035 (possibly by calling glFlush)
02-16 00:04:01.139 2724 2795 E IMGSRV : :473: glClientWaitSync: Expected application to have kicked everything until job: 28037 (possibly by calling glFlush)
02-16 00:04:01.171 2724 2795 E IMGSRV : :473: glClientWaitSync: Expected application to have kicked everything until job: 28039 (possibly by calling glFlush)
02-16 00:04:01.219 2724 2795 E IMGSRV : :473: glClientWaitSync: Expected application to have kicked everything until job: 28041 (possibly by calling glFlush)
02-16 00:04:01.257 2724 2795 E IMGSRV : :473: glClientWaitSync: Expected application to have kicked everything until job: 28043 (possibly by calling glFlush)
02-16 00:04:01.295 2724 2795 E IMGSRV : :473: glClientWaitSync: Expected application to have kicked everything until job: 28045 (possibly by calling glFlush)
02-16 00:04:01.391 2724 2795 E IMGSRV : :473: glClientWaitSync: Expected application to have kicked everything until job: 28050 (possibly by calling glFlush)
02-16 00:04:01.431 2724 2795 E IMGSRV : :473: glClientWaitSync: Expected application to have kicked everything until job: 28052 (possibly by calling glFlush)
02-16 00:04:01.490 2724 2795 E IMGSRV : :473: glClientWaitSync: Expected application to have kicked everything until job: 28054 (possibly by calling glFlush)
02-16 00:04:01.528 2724 2795 E IMGSRV : :473: glClientWaitSync: Expected application to have kicked everything until job: 28056 (possibly by calling glFlush)
02-16 00:04:01.572 2724 2795 E IMGSRV : :473: glClientWaitSync: Expected application to have kicked everything until job: 28058 (possibly by calling glFlush)
02-16 00:04:01.621 2724 2795 E IMGSRV : :473: glClientWaitSync: Expected application to have kicked everything until job: 28060 (possibly by calling glFlush)
02-16 00:04:01.654 2724 2795 E IMGSRV : :473: glClientWaitSync: Expected application to have kicked everything until job: 28062 (possibly by calling glFlush)
02-16 00:04:01.691 2724 2795 E IMGSRV : :473: glClientWaitSync: Expected application to have kicked everything until job: 28064 (possibly by calling glFlush)
02-16 00:04:01.734 2724 2795 E IMGSRV : :473: glClientWaitSync: Expected application to have kicked everything until job: 28066 (possibly by calling glFlush)
02-16 00:04:01.808 2724 2795 E IMGSRV : :473: glClientWaitSync: Expected application to have kicked everything until job: 28071 (possibly by calling glFlush)
02-16 00:04:01.839 2724 2795 E IMGSRV : :473: glClientWaitSync: Expected application to have kicked everything until job: 28073 (possibly by calling glFlush)
02-16 00:04:01.879 2724 2795 E IMGSRV : :473: glClientWaitSync: Expected application to have kicked everything until job: 28075 (possibly by calling glFlush)
02-16 00:04:01.916 2724 2724 D IMGGralloc: Gralloc Free w:1585, h:228, f:0x1, usage:0x966, ui64Stamp:2008161 line = 2441
02-16 00:04:01.917 2724 2724 D IMGGralloc: Gralloc Free w:1585, h:228, f:0x1, usage:0x966, ui64Stamp:2008398 line = 2441
02-16 00:04:01.918 2724 2724 D IMGGralloc: Gralloc Free w:1585, h:228, f:0x1, usage:0x966, ui64Stamp:2008193 line = 2441
02-16 00:04:01.920 2724 2795 E IMGSRV : :473: glClientWaitSync: Expected application to have kicked everything until job: 28077 (possibly by calling glFlush)
02-16 00:04:01.938 2724 2724 W IInputConnectionWrapper: getTextBeforeCursor on inactive InputConnection
02-16 00:04:01.943 2724 2724 W IInputConnectionWrapper: getTextAfterCursor on inactive InputConnection
02-16 00:04:01.958 2724 2724 W IInputConnectionWrapper: getSelectedText on inactive InputConnection
02-16 00:04:01.985 2724 2795 E IMGSRV : :473: glClientWaitSync: Expected application to have kicked everything until job: 28079 (possibly by calling glFlush)
02-16 00:04:02.023 2724 2795 E IMGSRV : :473: glClientWaitSync: Expected application to have kicked everything until job: 28081 (possibly by calling glFlush)
02-16 00:04:02.056 2724 2758 D IMGGralloc: Gralloc Free w:300, h:1473, f:0x1, usage:0xb00, ui64Stamp:2008233 line = 2441
02-16 00:04:02.057 2724 2758 D IMGGralloc: Gralloc Free w:300, h:1473, f:0x1, usage:0xb00, ui64Stamp:2008241 line = 2441
02-16 00:04:02.057 2724 2758 D IMGGralloc: Gralloc Free w:300, h:1473, f:0x1, usage:0xb00, ui64Stamp:2008250 line = 2441
02-16 00:04:02.058 2724 2795 E IMGSRV : :473: glClientWaitSync: Expected application to have kicked everything until job: 28083 (possibly by calling glFlush)
02-16 00:04:02.066 2724 2758 D IMGGralloc: Gralloc Register w:720, h:1557, f:0x1, usage:0xb00, ui64Stamp:2008517, sSize:4517888, line = 2335
02-16 00:04:02.078 2724 2724 D IMGGralloc: Gralloc Free w:1473, h:300, f:0x1, usage:0x966, ui64Stamp:2008246 line = 2441
02-16 00:04:02.079 2724 2758 D IMGGralloc: Gralloc Register w:720, h:1557, f:0x1, usage:0xb00, ui64Stamp:2008525, sSize:4517888, line = 2335
02-16 00:04:02.079 2724 2724 D IMGGralloc: Gralloc Register w:1557, h:720, f:0x1, usage:0x966, ui64Stamp:2008528, sSize:4517888, line = 2335
02-16 00:04:02.107 2724 2758 D IMGGralloc: Gralloc Register w:720, h:1557, f:0x1, usage:0xb00, ui64Stamp:2008535, sSize:4517888, line = 2335
02-16 00:04:02.111 2724 2724 D IMGGralloc: Gralloc Free w:1473, h:300, f:0x1, usage:0x966, ui64Stamp:2008259 line = 2441
02-16 00:04:02.112 2724 2724 D IMGGralloc: Gralloc Register w:1557, h:720, f:0x1, usage:0x966, ui64Stamp:2008539, sSize:4517888, line = 2335
02-16 00:04:02.118 2724 2724 W IInputConnectionWrapper: requestCursorAnchorInfo on inactive InputConnection
02-16 00:04:02.127 2724 2724 D IMGGralloc: Gralloc Free w:1473, h:300, f:0x1, usage:0x966, ui64Stamp:2008263 line = 2441
02-16 00:04:02.128 2724 2724 D IMGGralloc: Gralloc Register w:1557, h:720, f:0x1, usage:0x966, ui64Stamp:2008543, sSize:4517888, line = 2335
02-16 00:04:02.137 2724 2795 E IMGSRV : :473: glClientWaitSync: Expected application to have kicked everything until job: 28085 (possibly by calling glFlush)
02-16 00:04:02.188 2724 2795 E IMGSRV : :473: glClientWaitSync: Expected application to have kicked everything until job: 28087 (possibly by calling glFlush)
02-16 00:04:02.270 2724 2795 E IMGSRV : :473: glClientWaitSync: Expected application to have kicked everything until job: 28092 (possibly by calling glFlush)
02-16 00:04:02.304 2724 2795 E IMGSRV : :473: glClientWaitSync: Expected application to have kicked everything until job: 28094 (possibly by calling glFlush)
02-16 00:04:02.344 2724 2795 E IMGSRV : :473: glClientWaitSync: Expected application to have kicked everything until job: 28096 (possibly by calling glFlush)
02-16 00:04:02.387 2724 2795 E IMGSRV : :473: glClientWaitSync: Expected application to have kicked everything until job: 28098 (possibly by calling glFlush)
02-16 00:04:02.424 2724 2795 E IMGSRV : :473: glClientWaitSync: Expected application to have kicked everything until job: 28100 (possibly by calling glFlush)
02-16 00:04:02.466 2724 2795 E IMGSRV : :473: glClientWaitSync: Expected application to have kicked everything until job: 28102 (possibly by calling glFlush)
02-16 00:04:02.503 2724 2795 E IMGSRV : :473: glClientWaitSync: Expected application to have kicked everything until job: 28104 (possibly by calling glFlush)
02-16 00:04:02.541 2724 2795 E IMGSRV : :473: glClientWaitSync: Expected application to have kicked everything until job: 28106 (possibly by calling glFlush)
02-16 00:04:02.625 2724 2795 E IMGSRV : :473: glClientWaitSync: Expected application to have kicked everything until job: 28108 (possibly by calling glFlush)
02-16 00:04:02.754 2724 2795 E IMGSRV : :473: glClientWaitSync: Expected application to have kicked everything until job: 28113 (possibly by calling glFlush)
02-16 00:04:02.802 2724 2795 E IMGSRV : :473: glClientWaitSync: Expected application to have kicked everything until job: 28115 (possibly by calling glFlush)
02-16 00:04:02.840 2724 2795 E IMGSRV : :473: glClientWaitSync: Expected application to have kicked everything until job: 28117 (possibly by calling glFlush)
02-16 00:04:02.886 2724 2795 E IMGSRV : :473: glClientWaitSync: Expected application to have kicked everything until job: 28119 (possibly by calling glFlush)
02-16 00:04:02.919 2724 2795 E IMGSRV : :473: glClientWaitSync: Expected application to have kicked everything until job: 28121 (possibly by calling glFlush)
02-16 00:04:02.960 2724 2795 E IMGSRV : :473: glClientWaitSync: Expected application to have kicked everything until job: 28123 (possibly by calling glFlush)
02-16 00:04:03.000 2724 2795 E IMGSRV : :473: glClientWaitSync: Expected application to have kicked everything until job: 28125 (possibly by calling glFlush)
02-16 00:04:03.040 2724 2795 E IMGSRV : :473: glClientWaitSync: Expected application to have kicked everything until job: 28127 (possibly by calling glFlush)
02-16 00:04:03.085 2724 2795 E IMGSRV : :473: glClientWaitSync: Expected application to have kicked everything until job: 28129 (possibly by calling glFlush)
02-16 00:04:03.164 2724 2795 E IMGSRV : :473: glClientWaitSync: Expected application to have kicked everything until job: 28134 (possibly by calling glFlush)
02-16 00:04:03.199 2724 2795 E IMGSRV : :473: glClientWaitSync: Expected application to have kicked everything until job: 28136 (possibly by calling glFlush)
02-16 00:04:03.239 2724 2795 E IMGSRV : :473: glClientWaitSync: Expected application to have kicked everything until job: 28138 (possibly by calling glFlush)
02-16 00:04:03.273 2724 2795 E IMGSRV : :473: glClientWaitSync: Expected application to have kicked everything until job: 28140 (possibly by calling glFlush)
02-16 00:04:03.310 2724 2795 E IMGSRV : :473: glClientWaitSync: Expected application to have kicked everything until job: 28142 (possibly by calling glFlush)
02-16 00:04:03.349 2724 2795 E IMGSRV : :473: glClientWaitSync: Expected application to have kicked everything until job: 28144 (possibly by calling glFlush)
02-16 00:04:03.383 2724 2795 E IMGSRV : :473: glClientWaitSync: Expected application to have kicked everything until job: 28146 (possibly by calling glFlush)
02-16 00:04:03.419 2724 2795 E IMGSRV : :473: glClientWaitSync: Expected application to have kicked everything until job: 28148 (possibly by calling glFlush)
02-16 00:04:03.455 2724 2795 E IMGSRV : :473: glClientWaitSync: Expected application to have kicked everything until job: 28150 (possibly by calling glFlush)
02-16 00:04:03.542 2724 2795 E IMGSRV : :473: glClientWaitSync: Expected application to have kicked everything until job: 28155 (possibly by calling glFlush)
02-16 00:04:03.598 2724 2795 E IMGSRV : :473: glClientWaitSync: Expected application to have kicked everything until job: 28157 (possibly by calling glFlush)
02-16 00:04:03.638 2724 2795 E IMGSRV : :473: glClientWaitSync: Expected application to have kicked everything until job: 28159 (possibly by calling glFlush)
02-16 00:04:03.693 2724 2795 E IMGSRV : :473: glClientWaitSync: Expected application to have kicked everything until job: 28161 (possibly by calling glFlush)
02-16 00:04:03.730 2724 2795 E IMGSRV : :473: glClientWaitSync: Expected application to have kicked everything until job: 28163 (possibly by calling glFlush)
02-16 00:04:03.782 2724 2795 E IMGSRV : :473: glClientWaitSync: Expected application to have kicked everything until job: 28165 (possibly by calling glFlush)
02-16 00:04:03.840 2724 2795 E IMGSRV : :473: glClientWaitSync: Expected application to have kicked everything until job: 28167 (possibly by calling glFlush)
02-16 00:04:03.888 2724 2795 E IMGSRV : :473: glClientWaitSync: Expected application to have kicked everything until job: 28169 (possibly by calling glFlush)
02-16 00:04:03.924 2724 2795 E IMGSRV : :473: glClientWaitSync: Expected application to have kicked everything until job: 28171 (possibly by calling glFlush)
02-16 00:04:04.021 2724 2795 E IMGSRV : :473: glClientWaitSync: Expected application to have kicked everything until job: 28176 (possibly by calling glFlush)
02-16 00:04:04.062 2724 2795 E IMGSRV : :473: glClientWaitSync: Expected application to have kicked everything until job: 28178 (possibly by calling glFlush)
02-16 00:04:04.126 2724 2795 E IMGSRV : :473: glClientWaitSync: Expected application to have kicked everything until job: 28180 (possibly by calling glFlush)
02-16 00:04:04.184 2724 2795 E IMGSRV : :473: glClientWaitSync: Expected application to have kicked everything until job: 28182 (possibly by calling glFlush)
02-16 00:04:04.221 2724 2795 E IMGSRV : :473: glClientWaitSync: Expected application to have kicked everything until job: 28184 (possibly by calling glFlush)
02-16 00:04:04.253 2724 2795 E IMGSRV : :473: glClientWaitSync: Expected application to have kicked everything until job: 28186 (possibly by calling glFlush)
02-16 00:04:04.290 2724 2795 E IMGSRV : :473: glClientWaitSync: Expected application to have kicked everything until job: 28188 (possibly by calling glFlush)
02-16 00:04:04.330 2724 2795 E IMGSRV : :473: glClientWaitSync: Expected application to have kicked everything until job: 28190 (possibly by calling glFlush)
02-16 00:04:04.382 2724 2795 E IMGSRV : :473: glClientWaitSync: Expected application to have kicked everything until job: 28192 (possibly by calling glFlush)
02-16 00:04:04.450 2724 2795 E IMGSRV : :473: glClientWaitSync: Expected application to have kicked everything until job: 28197 (possibly by calling glFlush)
02-16 00:04:04.487 2724 2795 E IMGSRV : :473: glClientWaitSync: Expected application to have kicked everything until job: 28199 (possibly by calling glFlush)
02-16 00:04:04.523 2724 2795 E IMGSRV : :473: glClientWaitSync: Expected application to have kicked everything until job: 28201 (possibly by calling glFlush)
02-16 00:04:04.564 2724 2795 E IMGSRV : :473: glClientWaitSync: Expected application to have kicked everything until job: 28203 (possibly by calling glFlush)
02-16 00:04:04.600 2724 2795 E IMGSRV : :473: glClientWaitSync: Expected application to have kicked everything until job: 28205 (possibly by calling glFlush)
