02-16 00:06:29.292 2724 2795 E IMGSRV : :473: glClientWaitSync: Expected application to have kicked everything until job: 35576 (possibly by calling glFlush)
02-16 00:06:29.327 2724 2795 E IMGSRV : :473: glClientWaitSync: Expected application to have kicked everything until job: 35578 (possibly by calling glFlush)
02-16 00:06:29.362 2724 2795 E IMGSRV : :473: glClientWaitSync: Expected application to have kicked everything until job: 35580 (possibly by calling glFlush)
02-16 00:06:29.408 2724 2795 E IMGSRV : :473: glClientWaitSync: Expected application to have kicked everything until job: 35582 (possibly by calling glFlush)
02-16 00:06:29.446 2724 2795 E IMGSRV : :473: glClientWaitSync: Expected application to have kicked everything until job: 35584 (possibly by calling glFlush)
02-16 00:06:29.525 2724 2795 E IMGSRV : :473: glClientWaitSync: Expected application to have kicked everything until job: 35589 (possibly by calling glFlush)
02-16 00:06:29.565 2724 2795 E IMGSRV : :473: glClientWaitSync: Expected application to have kicked everything until job: 35591 (possibly by calling glFlush)
02-16 00:06:29.625 2724 2795 E IMGSRV : :473: glClientWaitSync: Expected application to have kicked everything until job: 35593 (possibly by calling glFlush)
02-16 00:06:29.661 2724 2795 E IMGSRV : :473: glClientWaitSync: Expected application to have kicked everything until job: 35595 (possibly by calling glFlush)
02-16 00:06:29.696 2724 2795 E IMGSRV : :473: glClientWaitSync: Expected application to have kicked everything until job: 35597 (possibly by calling glFlush)
02-16 00:06:29.734 2724 2795 E IMGSRV : :473: glClientWaitSync: Expected application to have kicked everything until job: 35599 (possibly by calling glFlush)
02-16 00:06:29.793 2724 2795 E IMGSRV : :473: glClientWaitSync: Expected application to have kicked everything until job: 35601 (possibly by calling glFlush)
02-16 00:06:29.841 2724 2795 E IMGSRV : :473: glClientWaitSync: Expected application to have kicked everything until job: 35603 (possibly by calling glFlush)
02-16 00:06:29.880 2724 2795 E IMGSRV : :473: glClientWaitSync: Expected application to have kicked everything until job: 35605 (possibly by calling glFlush)
02-16 00:06:29.988 2724 2795 E IMGSRV : :473: glClientWaitSync: Expected application to have kicked everything until job: 35610 (possibly by calling glFlush)
02-16 00:06:30.033 2724 2795 E IMGSRV : :473: glClientWaitSync: Expected application to have kicked everything until job: 35612 (possibly by calling glFlush)
02-16 00:06:30.070 2724 2795 E IMGSRV : :473: glClientWaitSync: Expected application to have kicked everything until job: 35614 (possibly by calling glFlush)
02-16 00:06:30.124 2724 2795 E IMGSRV : :473: glClientWaitSync: Expected application to have kicked everything until job: 35616 (possibly by calling glFlush)
02-16 00:06:30.166 2724 2795 E IMGSRV : :473: glClientWaitSync: Expected application to have kicked everything until job: 35618 (possibly by calling glFlush)
02-16 00:06:30.210 2724 2795 E IMGSRV : :473: glClientWaitSync: Expected application to have kicked everything until job: 35620 (possibly by calling glFlush)
02-16 00:06:30.251 2724 2795 E IMGSRV : :473: glClientWaitSync: Expected application to have kicked everything until job: 35622 (possibly by calling glFlush)
02-16 00:06:30.294 2724 2795 E IMGSRV : :473: glClientWaitSync: Expected application to have kicked everything until job: 35624 (possibly by calling glFlush)
02-16 00:06:30.330 2724 2795 E IMGSRV : :473: glClientWaitSync: Expected application to have kicked everything until job: 35626 (possibly by calling glFlush)
02-16 00:06:30.418 2724 2795 E IMGSRV : :473: glClientWaitSync: Expected application to have kicked everything until job: 35631 (possibly by calling glFlush)
02-16 00:06:30.456 2724 2795 E IMGSRV : :473: glClientWaitSync: Expected application to have kicked everything until job: 35633 (possibly by calling glFlush)
02-16 00:06:30.501 2724 2795 E IMGSRV : :473: glClientWaitSync: Expected application to have kicked everything until job: 35635 (possibly by calling glFlush)
02-16 00:06:30.536 2724 2795 E IMGSRV : :473: glClientWaitSync: Expected application to have kicked everything until job: 35637 (possibly by calling glFlush)
02-16 00:06:30.577 2724 2795 E IMGSRV : :473: glClientWaitSync: Expected application to have kicked everything until job: 35639 (possibly by calling glFlush)
02-16 00:06:30.616 2724 2795 E IMGSRV : :473: glClientWaitSync: Expected application to have kicked everything until job: 35641 (possibly by calling glFlush)
02-16 00:06:30.652 2724 2795 E IMGSRV : :473: glClientWaitSync: Expected application to have kicked everything until job: 35643 (possibly by calling glFlush)
02-16 00:06:30.688 2724 2795 E IMGSRV : :473: glClientWaitSync: Expected application to have kicked everything until job: 35645 (possibly by calling glFlush)
02-16 00:06:30.724 2724 2795 E IMGSRV : :473: glClientWaitSync: Expected application to have kicked everything until job: 35647 (possibly by calling glFlush)
02-16 00:06:30.804 2724 2795 E IMGSRV : :473: glClientWaitSync: Expected application to have kicked everything until job: 35652 (possibly by calling glFlush)
02-16 00:06:30.842 2724 2795 E IMGSRV : :473: glClientWaitSync: Expected application to have kicked everything until job: 35654 (possibly by calling glFlush)
02-16 00:06:30.879 2724 2795 E IMGSRV : :473: glClientWaitSync: Expected application to have kicked everything until job: 35656 (possibly by calling glFlush)
02-16 00:06:30.918 2724 2795 E IMGSRV : :473: glClientWaitSync: Expected application to have kicked everything until job: 35658 (possibly by calling glFlush)
02-16 00:06:30.965 2724 2795 E IMGSRV : :473: glClientWaitSync: Expected application to have kicked everything until job: 35660 (possibly by calling glFlush)
02-16 00:06:31.021 2724 2795 E IMGSRV : :473: glClientWaitSync: Expected application to have kicked everything until job: 35662 (possibly by calling glFlush)
02-16 00:06:31.058 2724 2795 E IMGSRV : :473: glClientWaitSync: Expected application to have kicked everything until job: 35664 (possibly by calling glFlush)
02-16 00:06:31.096 2724 2795 E IMGSRV : :473: glClientWaitSync: Expected application to have kicked everything until job: 35666 (possibly by calling glFlush)
02-16 00:06:31.142 2724 2795 E IMGSRV : :473: glClientWaitSync: Expected application to have kicked everything until job: 35668 (possibly by calling glFlush)
02-16 00:06:31.229 2724 2795 E IMGSRV : :473: glClientWaitSync: Expected application to have kicked everything until job: 35673 (possibly by calling glFlush)
02-16 00:06:31.277 2724 2795 E IMGSRV : :473: glClientWaitSync: Expected application to have kicked everything until job: 35675 (possibly by calling glFlush)
02-16 00:06:31.338 2724 2795 E IMGSRV : :473: glClientWaitSync: Expected application to have kicked everything until job: 35677 (possibly by calling glFlush)
02-16 00:06:31.381 2724 2795 E IMGSRV : :473: glClientWaitSync: Expected application to have kicked everything until job: 35679 (possibly by calling glFlush)
02-16 00:06:31.423 2724 2795 E IMGSRV : :473: glClientWaitSync: Expected application to have kicked everything until job: 35681 (possibly by calling glFlush)
02-16 00:06:31.471 2724 2795 E IMGSRV : :473: glClientWaitSync: Expected application to have kicked everything until job: 35683 (possibly by calling glFlush)
02-16 00:06:31.514 2724 2795 E IMGSRV : :473: glClientWaitSync: Expected application to have kicked everything until job: 35685 (possibly by calling glFlush)
02-16 00:06:31.560 2724 2795 E IMGSRV : :473: glClientWaitSync: Expected application to have kicked everything until job: 35687 (possibly by calling glFlush)
02-16 00:06:31.611 2724 2795 E IMGSRV : :473: glClientWaitSync: Expected application to have kicked everything until job: 35689 (possibly by calling glFlush)
02-16 00:06:31.704 2724 2795 E IMGSRV : :473: glClientWaitSync: Expected application to have kicked everything until job: 35694 (possibly by calling glFlush)
02-16 00:06:31.757 2724 2795 E IMGSRV : :473: glClientWaitSync: Expected application to have kicked everything until job: 35696 (possibly by calling glFlush)
02-16 00:06:31.794 2724 2795 E IMGSRV : :473: glClientWaitSync: Expected application to have kicked everything until job: 35698 (possibly by calling glFlush)
02-16 00:06:31.832 2724 2795 E IMGSRV : :473: glClientWaitSync: Expected application to have kicked everything until job: 35700 (possibly by calling glFlush)
02-16 00:06:31.903 2724 2795 E IMGSRV : :473: glClientWaitSync: Expected application to have kicked everything until job: 35702 (possibly by calling glFlush)
02-16 00:06:31.958 2724 2795 E IMGSRV : :473: glClientWaitSync: Expected application to have kicked everything until job: 35704 (possibly by calling glFlush)
02-16 00:06:31.998 2724 2795 E IMGSRV : :473: glClientWaitSync: Expected application to have kicked everything until job: 35706 (possibly by calling glFlush)
02-16 00:06:32.032 2724 2795 E IMGSRV : :473: glClientWaitSync: Expected application to have kicked everything until job: 35708 (possibly by calling glFlush)
02-16 00:06:32.077 2724 2795 E IMGSRV : :473: glClientWaitSync: Expected application to have kicked everything until job: 35710 (possibly by calling glFlush)
02-16 00:06:32.167 2724 2795 E IMGSRV : :473: glClientWaitSync: Expected application to have kicked everything until job: 35715 (possibly by calling glFlush)
02-16 00:06:32.217 2724 2795 E IMGSRV : :473: glClientWaitSync: Expected application to have kicked everything until job: 35717 (possibly by calling glFlush)
02-16 00:06:32.264 2724 2795 E IMGSRV : :473: glClientWaitSync: Expected application to have kicked everything until job: 35719 (possibly by calling glFlush)
02-16 00:06:32.340 2724 2795 E IMGSRV : :473: glClientWaitSync: Expected application to have kicked everything until job: 35721 (possibly by calling glFlush)
02-16 00:06:32.395 2724 2795 E IMGSRV : :473: glClientWaitSync: Expected application to have kicked everything until job: 35723 (possibly by calling glFlush)
02-16 00:06:32.435 2724 2795 E IMGSRV : :473: glClientWaitSync: Expected application to have kicked everything until job: 35725 (possibly by calling glFlush)
02-16 00:06:32.487 2724 2795 E IMGSRV : :473: glClientWaitSync: Expected application to have kicked everything until job: 35727 (possibly by calling glFlush)
02-16 00:06:32.523 2724 2795 E IMGSRV : :473: glClientWaitSync: Expected application to have kicked everything until job: 35729 (possibly by calling glFlush)
02-16 00:06:32.569 2724 2795 E IMGSRV : :473: glClientWaitSync: Expected application to have kicked everything until job: 35731 (possibly by calling glFlush)
02-16 00:06:32.658 2724 2795 E IMGSRV : :473: glClientWaitSync: Expected application to have kicked everything until job: 35736 (possibly by calling glFlush)
02-16 00:06:32.704 2724 2795 E IMGSRV : :473: glClientWaitSync: Expected application to have kicked everything until job: 35738 (possibly by calling glFlush)
02-16 00:06:32.757 2724 2795 E IMGSRV : :473: glClientWaitSync: Expected application to have kicked everything until job: 35740 (possibly by calling glFlush)
02-16 00:06:32.808 2724 2795 E IMGSRV : :473: glClientWaitSync: Expected application to have kicked everything until job: 35742 (possibly by calling glFlush)
02-16 00:06:32.868 2724 2795 E IMGSRV : :473: glClientWaitSync: Expected application to have kicked everything until job: 35744 (possibly by calling glFlush)
02-16 00:06:32.909 2724 2795 E IMGSRV : :473: glClientWaitSync: Expected application to have kicked everything until job: 35746 (possibly by calling glFlush)
02-16 00:06:33.072 2724 2757 E Unity : NullReferenceException: Object reference not set to an instance of an object.
02-16 00:06:33.072 2724 2757 E Unity : at MeetingHud.Update () [0x00000] in <00000000000000000000000000000000>:0
02-16 00:06:33.072 2724 2757 E Unity :
02-16 00:06:33.124 2724 2795 E IMGSRV : :473: glClientWaitSync: Expected application to have kicked everything until job: 35748 (possibly by calling glFlush)
02-16 00:06:33.509 2724 2724 D IMGGralloc: Gralloc Register w:70, h:70, f:0x1, usage:0x966, ui64Stamp:2018247, sSize:28672, line = 2335
02-16 00:06:33.539 2724 2724 D IMGGralloc: Gralloc Register w:70, h:70, f:0x1, usage:0x966, ui64Stamp:2018253, sSize:28672, line = 2335
02-16 00:06:33.547 2724 2724 D IMGGralloc: Gralloc Free w:70, h:70, f:0x1, usage:0x966, ui64Stamp:2018247 line = 2441
02-16 00:06:33.548 2724 2724 D IMGGralloc: Gralloc Free w:70, h:70, f:0x1, usage:0x966, ui64Stamp:2018253 line = 2441
02-16 00:06:33.567 2724 2724 D IMGGralloc: Gralloc Free w:1585, h:228, f:0x1, usage:0x966, ui64Stamp:2017895 line = 2441
02-16 00:06:33.568 2724 2724 D IMGGralloc: Gralloc Free w:1585, h:228, f:0x1, usage:0x966, ui64Stamp:2017866 line = 2441
02-16 00:06:33.714 2724 2758 D IMGGralloc: Gralloc Free w:300, h:1473, f:0x1, usage:0xb00, ui64Stamp:2017945 line = 2441
02-16 00:06:33.714 2724 2758 D IMGGralloc: Gralloc Free w:300, h:1473, f:0x1, usage:0xb00, ui64Stamp:2017953 line = 2441
02-16 00:06:33.714 2724 2758 D IMGGralloc: Gralloc Free w:300, h:1473, f:0x1, usage:0xb00, ui64Stamp:2017961 line = 2441
02-16 00:06:33.721 2724 2758 D IMGGralloc: Gralloc Register w:720, h:1557, f:0x1, usage:0xb00, ui64Stamp:2018269, sSize:4517888, line = 2335
02-16 00:06:33.731 2724 2758 D IMGGralloc: Gralloc Register w:720, h:1557, f:0x1, usage:0xb00, ui64Stamp:2018278, sSize:4517888, line = 2335
02-16 00:06:33.733 2724 2724 D IMGGralloc: Gralloc Free w:1473, h:673, f:0x1, usage:0x966, ui64Stamp:2017900 line = 2441
02-16 00:06:33.735 2724 2724 D IMGGralloc: Gralloc Register w:1557, h:720, f:0x1, usage:0x966, ui64Stamp:2018283, sSize:4517888, line = 2335
02-16 00:06:33.741 2724 2758 D IMGGralloc: Gralloc Register w:720, h:1557, f:0x1, usage:0xb00, ui64Stamp:2018287, sSize:4517888, line = 2335
02-16 00:06:33.743 2724 2724 W IInputConnectionWrapper: requestCursorAnchorInfo on inactive InputConnection
02-16 00:06:33.753 2724 2724 D IMGGralloc: Gralloc Free w:1473, h:300, f:0x1, usage:0x966, ui64Stamp:2017957 line = 2441
02-16 00:06:33.753 2724 2724 D IMGGralloc: Gralloc Register w:1557, h:720, f:0x1, usage:0x966, ui64Stamp:2018292, sSize:4517888, line = 2335
02-16 00:06:49.489 2724 2724 W UnityMain: type=1400 audit(0.0:940496): avc: denied { ioctl } for path="socket:[39164097]" dev="sockfs" ino=39164097 ioctlcmd=0xc scontext=u:r:untrusted_app:s0:c250,c256,c512,c768 tcontext=u:r:untrusted_app:s0:c250,c256,c512,c768 tclass=udp_socket permissive=0 app=polarmods.patcher
02-16 00:07:03.205 2724 2724 W UnityMain: type=1400 audit(0.0:940497): avc: denied { ioctl } for path="socket:[39126665]" dev="sockfs" ino=39126665 ioctlcmd=0xc scontext=u:r:untrusted_app:s0:c250,c256,c512,c768 tcontext=u:r:untrusted_app:s0:c250,c256,c512,c768 tclass=udp_socket permissive=0 app=polarmods.patcher
02-16 00:07:06.865 2724 2724 W UnityMain: type=1400 audit(0.0:940498): avc: denied { ioctl } for path="socket:[39158138]" dev="sockfs" ino=39158138 ioctlcmd=0xc scontext=u:r:untrusted_app:s0:c250,c256,c512,c768 tcontext=u:r:untrusted_app:s0:c250,c256,c512,c768 tclass=udp_socket permissive=0 app=polarmods.patcher
02-16 00:07:09.333 2724 2795 E IMGSRV : :473: glClientWaitSync: Expected application to have kicked everything until job: 37487 (possibly by calling glFlush)
02-16 00:07:09.345 2724 2795 E IMGSRV : :473: glClientWaitSync: Expected application to have kicked everything until job: 37489 (possibly by calling glFlush)
02-16 00:07:09.378 2724 2795 E IMGSRV : :473: glClientWaitSync: Expected application to have kicked everything until job: 37491 (possibly by calling glFlush)
02-16 00:07:09.411 2724 2795 E IMGSRV : :473: glClientWaitSync: Expected application to have kicked everything until job: 37493 (possibly by calling glFlush)
02-16 00:07:09.444 2724 2795 E IMGSRV : :473: glClientWaitSync: Expected application to have kicked everything until job: 37495 (possibly by calling glFlush)
02-16 00:07:09.477 2724 2795 E IMGSRV : :473: glClientWaitSync: Expected application to have kicked everything until job: 37497 (possibly by calling glFlush)
02-16 00:07:09.510 2724 2795 E IMGSRV : :473: glClientWaitSync: Expected application to have kicked everything until job: 37499 (possibly by calling glFlush)
02-16 00:07:09.543 2724 2795 E IMGSRV : :473: glClientWaitSync: Expected application to have kicked everything until job: 37501 (possibly by calling glFlush)
02-16 00:07:09.578 2724 2795 E IMGSRV : :473: glClientWaitSync: Expected application to have kicked everything until job: 37503 (possibly by calling glFlush)
02-16 00:07:09.645 2724 2795 E IMGSRV : :473: glClientWaitSync: Expected application to have kicked everything until job: 37508 (possibly by calling glFlush)
02-16 00:07:09.677 2724 2795 E IMGSRV : :473: glClientWaitSync: Expected application to have kicked everything until job: 37510 (possibly by calling glFlush)
02-16 00:07:09.711 2724 2795 E IMGSRV : :473: glClientWaitSync: Expected application to have kicked everything until job: 37512 (possibly by calling glFlush)
02-16 00:07:09.743 2724 2795 E IMGSRV : :473: glClientWaitSync: Expected application to have kicked everything until job: 37514 (possibly by calling glFlush)
02-16 00:07:09.778 2724 2795 E IMGSRV : :473: glClientWaitSync: Expected application to have kicked everything until job: 37516 (possibly by calling glFlush)
02-16 00:07:09.812 2724 2795 E IMGSRV : :473: glClientWaitSync: Expected application to have kicked everything until job: 37518 (possibly by calling glFlush)
02-16 00:07:09.963 2724 2795 E IMGSRV : :473: glClientWaitSync: Expected application to have kicked everything until job: 37520 (possibly by calling glFlush)
02-16 00:07:10.014 2724 2795 E IMGSRV : :473: glClientWaitSync: Expected application to have kicked everything until job: 37522 (possibly by calling glFlush)
02-16 00:07:10.048 2724 2795 E IMGSRV : :473: glClientWaitSync: Expected application to have kicked everything until job: 37524 (possibly by calling glFlush)
02-16 00:07:10.115 2724 2795 E IMGSRV : :473: glClientWaitSync: Expected application to have kicked everything until job: 37529 (possibly by calling glFlush)
02-16 00:07:10.118 2724 2757 E Unity : NullReferenceException: Object reference not set to an instance of an object.
02-16 00:07:10.118 2724 2757 E Unity : at SkinLayer.IsPlayingRunAnim () [0x00000] in <00000000000000000000000000000000>:0
02-16 00:07:10.118 2724 2757 E Unity : at PlayerPhysics.HandleAnimation (System.Boolean amDead) [0x00000] in <00000000000000000000000000000000>:0
02-16 00:07:10.118 2724 2757 E Unity : at PlayerPhysics.FixedUpdate () [0x00000] in <00000000000000000000000000000000>:0
02-16 00:07:10.118 2724 2757 E Unity :
02-16 00:07:10.124 2724 2757 E Unity : NullReferenceException: Object reference not set to an instance of an object.
02-16 00:07:10.124 2724 2757 E Unity : at SkinLayer.IsPlayingRunAnim () [0x00000] in <00000000000000000000000000000000>:0
02-16 00:07:10.124 2724 2757 E Unity : at PlayerPhysics.HandleAnimation (System.Boolean amDead) [0x00000] in <00000000000000000000000000000000>:0
02-16 00:07:10.124 2724 2757 E Unity : at PlayerPhysics.FixedUpdate () [0x00000] in <00000000000000000000000000000000>:0
02-16 00:07:10.124 2724 2757 E Unity :
02-16 00:07:10.147 2724 2795 E IMGSRV : :473: glClientWaitSync: Expected application to have kicked everything until job: 37531 (possibly by calling glFlush)
02-16 00:07:10.148 2724 2757 E Unity : NullReferenceException: Object reference not set to an instance of an object.
02-16 00:07:10.148 2724 2757 E Unity : at SkinLayer.IsPlayingRunAnim () [0x00000] in <00000000000000000000000000000000>:0
02-16 00:07:10.148 2724 2757 E Unity : at PlayerPhysics.HandleAnimation (System.Boolean amDead) [0x00000] in <00000000000000000000000000000000>:0
02-16 00:07:10.148 2724 2757 E Unity : at PlayerPhysics.FixedUpdate () [0x00000] in <00000000000000000000000000000000>:0
02-16 00:07:10.148 2724 2757 E Unity :
02-16 00:07:10.154 2724 2757 E Unity : NullReferenceException: Object reference not set to an instance of an object.
02-16 00:07:10.154 2724 2757 E Unity : at SkinLayer.IsPlayingRunAnim () [0x00000] in <00000000000000000000000000000000>:0
02-16 00:07:10.154 2724 2757 E Unity : at PlayerPhysics.HandleAnimation (System.Boolean amDead) [0x00000] in <00000000000000000000000000000000>:0
02-16 00:07:10.154 2724 2757 E Unity : at PlayerPhysics.FixedUpdate () [0x00000] in <00000000000000000000000000000000>:0
02-16 00:07:10.154 2724 2757 E Unity :
02-16 00:07:10.181 2724 2795 E IMGSRV : :473: glClientWaitSync: Expected application to have kicked everything until job: 37533 (possibly by calling glFlush)
02-16 00:07:10.187 2724 2757 E Unity : NullReferenceException: Object reference not set to an instance of an object.
02-16 00:07:10.187 2724 2757 E Unity : at SkinLayer.IsPlayingRunAnim () [0x00000] in <00000000000000000000000000000000>:0
02-16 00:07:10.187 2724 2757 E Unity : at PlayerPhysics.HandleAnimation (System.Boolean amDead) [0x00000] in <00000000000000000000000000000000>:0
02-16 00:07:10.187 2724 2757 E Unity : at PlayerPhysics.FixedUpdate () [0x00000] in <00000000000000000000000000000000>:0
02-16 00:07:10.187 2724 2757 E Unity :
02-16 00:07:10.195 2724 2757 E Unity : NullReferenceException: Object reference not set to an instance of an object.
02-16 00:07:10.195 2724 2757 E Unity : at SkinLayer.IsPlayingRunAnim () [0x00000] in <00000000000000000000000000000000>:0
02-16 00:07:10.195 2724 2757 E Unity : at PlayerPhysics.HandleAnimation (System.Boolean amDead) [0x00000] in <00000000000000000000000000000000>:0
02-16 00:07:10.195 2724 2757 E Unity : at PlayerPhysics.FixedUpdate () [0x00000] in <00000000000000000000000000000000>:0
02-16 00:07:10.195 2724 2757 E Unity :
02-16 00:07:10.222 2724 2795 E IMGSRV : :473: glClientWaitSync: Expected application to have kicked everything until job: 37535 (possibly by calling glFlush)
02-16 00:07:10.308 2724 2795 E IMGSRV : :473: glClientWaitSync: Expected application to have kicked everything until job: 37537 (possibly by calling glFlush)
02-16 00:07:10.334 2724 2795 E IMGSRV : :473: glClientWaitSync: Expected application to have kicked everything until job: 37539 (possibly by calling glFlush)
02-16 00:07:10.338 2724 2757 E Unity : NullReferenceException: Object reference not set to an instance of an object.
02-16 00:07:10.338 2724 2757 E Unity : at SkinLayer.IsPlayingRunAnim () [0x00000] in <00000000000000000000000000000000>:0
02-16 00:07:10.338 2724 2757 E Unity : at PlayerPhysics.HandleAnimation (System.Boolean amDead) [0x00000] in <00000000000000000000000000000000>:0
02-16 00:07:10.338 2724 2757 E Unity : at PlayerPhysics.FixedUpdate () [0x00000] in <00000000000000000000000000000000>:0
02-16 00:07:10.338 2724 2757 E Unity :
02-16 00:07:10.353 2724 2757 E Unity : NullReferenceException: Object reference not set to an instance of an object.
02-16 00:07:10.353 2724 2757 E Unity : at SkinLayer.IsPlayingRunAnim () [0x00000] in <00000000000000000000000000000000>:0
02-16 00:07:10.353 2724 2757 E Unity : at PlayerPhysics.HandleAnimation (System.Boolean amDead) [0x00000] in <00000000000000000000000000000000>:0
02-16 00:07:10.353 2724 2757 E Unity : at PlayerPhysics.FixedUpdate () [0x00000] in <00000000000000000000000000000000>:0
02-16 00:07:10.353 2724 2757 E Unity :
02-16 00:07:10.381 2724 2795 E IMGSRV : :473: glClientWaitSync: Expected application to have kicked everything until job: 37541 (possibly by calling glFlush)
02-16 00:07:10.422 2724 2795 E IMGSRV : :473: glClientWaitSync: Expected application to have kicked everything until job: 37543 (possibly by calling glFlush)
02-16 00:07:10.469 2724 2795 E IMGSRV : :473: glClientWaitSync: Expected application to have kicked everything until job: 37545 (possibly by calling glFlush)
02-16 00:07:10.521 2724 2795 E IMGSRV : :473: glClientWaitSync: Expected application to have kicked everything until job: 37550 (possibly by calling glFlush)
02-16 00:07:10.548 2724 2795 E IMGSRV : :473: glClientWaitSync: Expected application to have kicked everything until job: 37552 (possibly by calling glFlush)
02-16 00:07:10.573 2724 2795 E IMGSRV : :473: glClientWaitSync: Expected application to have kicked everything until job: 37554 (possibly by calling glFlush)
02-16 00:07:10.599 2724 2795 E IMGSRV : :473: glClientWaitSync: Expected application to have kicked everything until job: 37556 (possibly by calling glFlush)
02-16 00:07:10.638 2724 2795 E IMGSRV : :473: glClientWaitSync: Expected application to have kicked everything until job: 37558 (possibly by calling glFlush)
02-16 00:07:10.678 2724 2795 E IMGSRV : :473: glClientWaitSync: Expected application to have kicked everything until job: 37560 (possibly by calling glFlush)
02-16 00:07:10.711 2724 2795 E IMGSRV : :473: glClientWaitSync: Expected application to have kicked everything until job: 37562 (possibly by calling glFlush)
02-16 00:07:10.735 2724 2795 E IMGSRV : :473: glClientWaitSync: Expected application to have kicked everything until job: 37564 (possibly by calling glFlush)
02-16 00:07:10.773 2724 2795 E IMGSRV : :473: glClientWaitSync: Expected application to have kicked everything until job: 37566 (possibly by calling glFlush)
02-16 00:07:10.831 2724 2795 E IMGSRV : :473: glClientWaitSync: Expected application to have kicked everything until job: 37571 (possibly by calling glFlush)
02-16 00:07:10.863 2724 2795 E IMGSRV : :473: glClientWaitSync: Expected application to have kicked everything until job: 37573 (possibly by calling glFlush)
02-16 00:07:10.898 2724 2795 E IMGSRV : :473: glClientWaitSync: Expected application to have kicked everything until job: 37575 (possibly by calling glFlush)
02-16 00:07:10.930 2724 2795 E IMGSRV : :473: glClientWaitSync: Expected application to have kicked everything until job: 37577 (possibly by calling glFlush)
02-16 00:07:10.962 2724 2795 E IMGSRV : :473: glClientWaitSync: Expected application to have kicked everything until job: 37579 (possibly by calling glFlush)
02-16 00:07:10.995 2724 2795 E IMGSRV : :473: glClientWaitSync: Expected application to have kicked everything until job: 37581 (possibly by calling glFlush)
02-16 00:07:11.031 2724 2795 E IMGSRV : :473: glClientWaitSync: Expected application to have kicked everything until job: 37583 (possibly by calling glFlush)
02-16 00:07:11.063 2724 2795 E IMGSRV : :473: glClientWaitSync: Expected application to have kicked everything until job: 37585 (possibly by calling glFlush)
02-16 00:07:11.097 2724 2795 E IMGSRV : :473: glClientWaitSync: Expected application to have kicked everything until job: 37587 (possibly by calling glFlush)
02-16 00:07:11.163 2724 2795 E IMGSRV : :473: glClientWaitSync: Expected application to have kicked everything until job: 37592 (possibly by calling glFlush)
02-16 00:07:11.197 2724 2795 E IMGSRV : :473: glClientWaitSync: Expected application to have kicked everything until job: 37594 (possibly by calling glFlush)
02-16 00:07:11.233 2724 2795 E IMGSRV : :473: glClientWaitSync: Expected application to have kicked everything until job: 37596 (possibly by calling glFlush)
02-16 00:07:11.265 2724 2795 E IMGSRV : :473: glClientWaitSync: Expected application to have kicked everything until job: 37598 (possibly by calling glFlush)
02-16 00:07:11.296 2724 2795 E IMGSRV : :473: glClientWaitSync: Expected application to have kicked everything until job: 37600 (possibly by calling glFlush)
02-16 00:07:11.330 2724 2795 E IMGSRV : :473: glClientWaitSync: Expected application to have kicked everything until job: 37602 (possibly by calling glFlush)
02-16 00:07:11.364 2724 2795 E IMGSRV : :473: glClientWaitSync: Expected application to have kicked everything until job: 37604 (possibly by calling glFlush)
02-16 00:07:11.395 2724 2795 E IMGSRV : :473: glClientWaitSync: Expected application to have kicked everything until job: 37606 (possibly by calling glFlush)
02-16 00:07:11.430 2724 2795 E IMGSRV : :473: glClientWaitSync: Expected application to have kicked everything until job: 37608 (possibly by calling glFlush)
02-16 00:07:11.495 2724 2795 E IMGSRV : :473: glClientWaitSync: Expected application to have kicked everything until job: 37613 (possibly by calling glFlush)
02-16 00:07:11.529 2724 2795 E IMGSRV : :473: glClientWaitSync: Expected application to have kicked everything until job: 37615 (possibly by calling glFlush)
02-16 00:07:11.562 2724 2795 E IMGSRV : :473: glClientWaitSync: Expected application to have kicked everything until job: 37617 (possibly by calling glFlush)
02-16 00:07:11.595 2724 2795 E IMGSRV : :473: glClientWaitSync: Expected application to have kicked everything until job: 37619 (possibly by calling glFlush)
02-16 00:07:11.629 2724 2795 E IMGSRV : :473: glClientWaitSync: Expected application to have kicked everything until job: 37621 (possibly by calling glFlush)
02-16 00:07:11.661 2724 2795 E IMGSRV : :473: glClientWaitSync: Expected application to have kicked everything until job: 37623 (possibly by calling glFlush)
02-16 00:07:11.693 2724 2795 E IMGSRV : :473: glClientWaitSync: Expected application to have kicked everything until job: 37625 (possibly by calling glFlush)
02-16 00:07:11.726 2724 2795 E IMGSRV : :473: glClientWaitSync: Expected application to have kicked everything until job: 37627 (possibly by calling glFlush)
02-16 00:07:11.762 2724 2795 E IMGSRV : :473: glClientWaitSync: Expected application to have kicked everything until job: 37629 (possibly by calling glFlush)
02-16 00:07:11.829 2724 2795 E IMGSRV : :473: glClientWaitSync: Expected application to have kicked everything until job: 37634 (possibly by calling glFlush)
02-16 00:07:11.862 2724 2795 E IMGSRV : :473: glClientWaitSync: Expected application to have kicked everything until job: 37636 (possibly by calling glFlush)
02-16 00:07:11.896 2724 2795 E IMGSRV : :473: glClientWaitSync: Expected application to have kicked everything until job: 37638 (possibly by calling glFlush)
02-16 00:07:11.929 2724 2795 E IMGSRV : :473: glClientWaitSync: Expected application to have kicked everything until job: 37640 (possibly by calling glFlush)
02-16 00:07:11.962 2724 2795 E IMGSRV : :473: glClientWaitSync: Expected application to have kicked everything until job: 37642 (possibly by calling glFlush)
02-16 00:07:11.997 2724 2795 E IMGSRV : :473: glClientWaitSync: Expected application to have kicked everything until job: 37644 (possibly by calling glFlush)
02-16 00:07:12.028 2724 2795 E IMGSRV : :473: glClientWaitSync: Expected application to have kicked everything until job: 37646 (possibly by calling glFlush)
02-16 00:07:12.061 2724 2795 E IMGSRV : :473: glClientWaitSync: Expected application to have kicked everything until job: 37648 (possibly by calling glFlush)
02-16 00:07:12.096 2724 2795 E IMGSRV : :473: glClientWaitSync: Expected application to have kicked everything until job: 37650 (possibly by calling glFlush)
02-16 00:07:12.162 2724 2795 E IMGSRV : :473: glClientWaitSync: Expected application to have kicked everything until job: 37655 (possibly by calling glFlush)
02-16 00:07:12.195 2724 2795 E IMGSRV : :473: glClientWaitSync: Expected application to have kicked everything until job: 37657 (possibly by calling glFlush)
02-16 00:07:12.228 2724 2795 E IMGSRV : :473: glClientWaitSync: Expected application to have kicked everything until job: 37659 (possibly by calling glFlush)
02-16 00:07:12.262 2724 2795 E IMGSRV : :473: glClientWaitSync: Expected application to have kicked everything until job: 37661 (possibly by calling glFlush)
02-16 00:07:12.297 2724 2795 E IMGSRV : :473: glClientWaitSync: Expected application to have kicked everything until job: 37663 (possibly by calling glFlush)
02-16 00:07:12.329 2724 2795 E IMGSRV : :473: glClientWaitSync: Expected application to have kicked everything until job: 37665 (possibly by calling glFlush)
02-16 00:07:12.362 2724 2795 E IMGSRV : :473: glClientWaitSync: Expected application to have kicked everything until job: 37667 (possibly by calling glFlush)
02-16 00:07:12.396 2724 2795 E IMGSRV : :473: glClientWaitSync: Expected application to have kicked everything until job: 37669 (possibly by calling glFlush)
02-16 00:07:12.431 2724 2795 E IMGSRV : :473: glClientWaitSync: Expected application to have kicked everything until job: 37671 (possibly by calling glFlush)
02-16 00:07:12.495 2724 2795 E IMGSRV : :473: glClientWaitSync: Expected application to have kicked everything until job: 37676 (possibly by calling glFlush)
02-16 00:07:12.529 2724 2795 E IMGSRV : :473: glClientWaitSync: Expected application to have kicked everything until job: 37678 (possibly by calling glFlush)
02-16 00:07:12.563 2724 2795 E IMGSRV : :473: glClientWaitSync: Expected application to have kicked everything until job: 37680 (possibly by calling glFlush)
02-16 00:07:12.597 2724 2795 E IMGSRV : :473: glClientWaitSync: Expected application to have kicked everything until job: 37682 (possibly by calling glFlush)
02-16 00:07:12.629 2724 2795 E IMGSRV : :473: glClientWaitSync: Expected application to have kicked everything until job: 37684 (possibly by calling glFlush)
02-16 00:07:12.667 2724 2795 E IMGSRV : :473: glClientWaitSync: Expected application to have kicked everything until job: 37686 (possibly by calling glFlush)
02-16 00:07:12.698 2724 2795 E IMGSRV : :473: glClientWaitSync: Expected application to have kicked everything until job: 37688 (possibly by calling glFlush)
02-16 00:07:12.728 2724 2795 E IMGSRV : :473: glClientWaitSync: Expected application to have kicked everything until job: 37690 (possibly by calling glFlush)
02-16 00:07:12.763 2724 2795 E IMGSRV : :473: glClientWaitSync: Expected application to have kicked everything until job: 37692 (possibly by calling glFlush)
02-16 00:07:12.830 2724 2795 E IMGSRV : :473: glClientWaitSync: Expected application to have kicked everything until job: 37697 (possibly by calling glFlush)
02-16 00:07:12.862 2724 2795 E IMGSRV : :473: glClientWaitSync: Expected application to have kicked everything until job: 37699 (possibly by calling glFlush)
02-16 00:07:12.896 2724 2795 E IMGSRV : :473: glClientWaitSync: Expected application to have kicked everything until job: 37701 (possibly by calling glFlush)
02-16 00:07:12.930 2724 2795 E IMGSRV : :473: glClientWaitSync: Expected application to have kicked everything until job: 37703 (possibly by calling glFlush)
02-16 00:07:12.963 2724 2795 E IMGSRV : :473: glClientWaitSync: Expected application to have kicked everything until job: 37705 (possibly by calling glFlush)
02-16 00:07:12.995 2724 2795 E IMGSRV : :473: glClientWaitSync: Expected application to have kicked everything until job: 37707 (possibly by calling glFlush)
02-16 00:07:13.030 2724 2795 E IMGSRV : :473: glClientWaitSync: Expected application to have kicked everything until job: 37709 (possibly by calling glFlush)
02-16 00:07:13.063 2724 2795 E IMGSRV : :473: glClientWaitSync: Expected application to have kicked everything until job: 37711 (possibly by calling glFlush)
02-16 00:07:13.096 2724 2795 E IMGSRV : :473: glClientWaitSync: Expected application to have kicked everything until job: 37713 (possibly by calling glFlush)
02-16 00:07:13.162 2724 2795 E IMGSRV : :473: glClientWaitSync: Expected application to have kicked everything until job: 37718 (possibly by calling glFlush)
02-16 00:07:13.198 2724 2795 E IMGSRV : :473: glClientWaitSync: Expected application to have kicked everything until job: 37720 (possibly by calling glFlush)
02-16 00:07:13.230 2724 2795 E IMGSRV : :473: glClientWaitSync: Expected application to have kicked everything until job: 37722 (possibly by calling glFlush)
02-16 00:07:13.263 2724 2795 E IMGSRV : :473: glClientWaitSync: Expected application to have kicked everything until job: 37724 (possibly by calling glFlush)
02-16 00:07:13.297 2724 2795 E IMGSRV : :473: glClientWaitSync: Expected application to have kicked everything until job: 37726 (possibly by calling glFlush)
02-16 00:07:13.329 2724 2795 E IMGSRV : :473: glClientWaitSync: Expected application to have kicked everything until job: 37728 (possibly by calling glFlush)
02-16 00:07:13.363 2724 2795 E IMGSRV : :473: glClientWaitSync: Expected application to have kicked everything until job: 37730 (possibly by calling glFlush)
02-16 00:07:13.395 2724 2795 E IMGSRV : :473: glClientWaitSync: Expected application to have kicked everything until job: 37732 (possibly by calling glFlush)
02-16 00:07:13.429 2724 2795 E IMGSRV : :473: glClientWaitSync: Expected application to have kicked everything until job: 37734 (possibly by calling glFlush)
02-16 00:07:13.492 2724 2795 E IMGSRV : :473: glClientWaitSync: Expected application to have kicked everything until job: 37739 (possibly by calling glFlush)
02-16 00:07:13.530 2724 2795 E IMGSRV : :473: glClientWaitSync: Expected application to have kicked everything until job: 37741 (possibly by calling glFlush)
02-16 00:07:13.564 2724 2795 E IMGSRV : :473: glClientWaitSync: Expected application to have kicked everything until job: 37743 (possibly by calling glFlush)
02-16 00:07:13.598 2724 2795 E IMGSRV : :473: glClientWaitSync: Expected application to have kicked everything until job: 37745 (possibly by calling glFlush)
02-16 00:07:13.630 2724 2795 E IMGSRV : :473: glClientWaitSync: Expected application to have kicked everything until job: 37747 (possibly by calling glFlush)
02-16 00:07:13.663 2724 2795 E IMGSRV : :473: glClientWaitSync: Expected application to have kicked everything until job: 37749 (possibly by calling glFlush)
02-16 00:07:13.697 2724 2795 E IMGSRV : :473: glClientWaitSync: Expected application to have kicked everything until job: 37751 (possibly by calling glFlush)
02-16 00:07:13.730 2724 2795 E IMGSRV : :473: glClientWaitSync: Expected application to have kicked everything until job: 37753 (possibly by calling glFlush)
02-16 00:07:13.763 2724 2795 E IMGSRV : :473: glClientWaitSync: Expected application to have kicked everything until job: 37755 (possibly by calling glFlush)
02-16 00:07:13.829 2724 2795 E IMGSRV : :473: glClientWaitSync: Expected application to have kicked everything until job: 37760 (possibly by calling glFlush)
02-16 00:07:13.863 2724 2795 E IMGSRV : :473: glClientWaitSync: Expected application to have kicked everything until job: 37762 (possibly by calling glFlush)
02-16 00:07:13.896 2724 2795 E IMGSRV : :473: glClientWaitSync: Expected application to have kicked everything until job: 37764 (possibly by calling glFlush)
02-16 00:07:13.930 2724 2795 E IMGSRV : :473: glClientWaitSync: Expected application to have kicked everything until job: 37766 (possibly by calling glFlush)
02-16 00:07:13.961 2724 2795 E IMGSRV : :473: glClientWaitSync: Expected application to have kicked everything until job: 37768 (possibly by calling glFlush)
02-16 00:07:13.996 2724 2795 E IMGSRV : :473: glClientWaitSync: Expected application to have kicked everything until job: 37770 (possibly by calling glFlush)
02-16 00:07:14.029 2724 2795 E IMGSRV : :473: glClientWaitSync: Expected application to have kicked everything until job: 37772 (possibly by calling glFlush)
02-16 00:07:14.062 2724 2795 E IMGSRV : :473: glClientWaitSync: Expected application to have kicked everything until job: 37774 (possibly by calling glFlush)
02-16 00:07:14.096 2724 2795 E IMGSRV : :473: glClientWaitSync: Expected application to have kicked everything until job: 37776 (possibly by calling glFlush)
02-16 00:07:14.162 2724 2795 E IMGSRV : :473: glClientWaitSync: Expected application to have kicked everything until job: 37781 (possibly by calling glFlush)
02-16 00:07:14.196 2724 2795 E IMGSRV : :473: glClientWaitSync: Expected application to have kicked everything until job: 37783 (possibly by calling glFlush)
02-16 00:07:14.229 2724 2795 E IMGSRV : :473: glClientWaitSync: Expected application to have kicked everything until job: 37785 (possibly by calling glFlush)
02-16 00:07:14.263 2724 2795 E IMGSRV : :473: glClientWaitSync: Expected application to have kicked everything until job: 37787 (possibly by calling glFlush)
02-16 00:07:14.297 2724 2795 E IMGSRV : :473: glClientWaitSync: Expected application to have kicked everything until job: 37789 (possibly by calling glFlush)
02-16 00:07:14.329 2724 2795 E IMGSRV : :473: glClientWaitSync: Expected application to have kicked everything until job: 37791 (possibly by calling glFlush)
02-16 00:07:14.363 2724 2795 E IMGSRV : :473: glClientWaitSync: Expected application to have kicked everything until job: 37793 (possibly by calling glFlush)
02-16 00:07:14.396 2724 2795 E IMGSRV : :473: glClientWaitSync: Expected application to have kicked everything until job: 37795 (possibly by calling glFlush)
02-16 00:07:14.431 2724 2795 E IMGSRV : :473: glClientWaitSync: Expected application to have kicked everything until job: 37797 (possibly by calling glFlush)
02-16 00:07:14.495 2724 2795 E IMGSRV : :473: glClientWaitSync: Expected application to have kicked everything until job: 37802 (possibly by calling glFlush)
02-16 00:07:14.530 2724 2795 E IMGSRV : :473: glClientWaitSync: Expected application to have kicked everything until job: 37804 (possibly by calling glFlush)
02-16 00:07:14.563 2724 2795 E IMGSRV : :473: glClientWaitSync: Expected application to have kicked everything until job: 37806 (possibly by calling glFlush)
02-16 00:07:14.596 2724 2795 E IMGSRV : :473: glClientWaitSync: Expected application to have kicked everything until job: 37808 (possibly by calling glFlush)
02-16 00:07:14.630 2724 2795 E IMGSRV : :473: glClientWaitSync: Expected application to have kicked everything until job: 37810 (possibly by calling glFlush)
02-16 00:07:14.662 2724 2795 E IMGSRV : :473: glClientWaitSync: Expected application to have kicked everything until job: 37812 (possibly by calling glFlush)
02-16 00:07:14.696 2724 2795 E IMGSRV : :473: glClientWaitSync: Expected application to have kicked everything until job: 37814 (possibly by calling glFlush)
02-16 00:07:14.730 2724 2795 E IMGSRV : :473: glClientWaitSync: Expected application to have kicked everything until job: 37816 (possibly by calling glFlush)
02-16 00:07:14.764 2724 2795 E IMGSRV : :473: glClientWaitSync: Expected application to have kicked everything until job: 37818 (possibly by calling glFlush)
02-16 00:07:14.833 2724 2795 E IMGSRV : :473: glClientWaitSync: Expected application to have kicked everything until job: 37823 (possibly by calling glFlush)
02-16 00:07:14.864 2724 2795 E IMGSRV : :473: glClientWaitSync: Expected application to have kicked everything until job: 37825 (possibly by calling glFlush)
02-16 00:07:15.018 2724 2795 E IMGSRV : :473: glClientWaitSync: Expected application to have kicked everything until job: 37827 (possibly by calling glFlush)
02-16 00:07:15.052 2724 2795 E IMGSRV : :473: glClientWaitSync: Expected application to have kicked everything until job: 37829 (possibly by calling glFlush)
02-16 00:07:15.075 2724 2795 E IMGSRV : :473: glClientWaitSync: Expected application to have kicked everything until job: 37831 (possibly by calling glFlush)
02-16 00:07:15.098 2724 2795 E IMGSRV : :473: glClientWaitSync: Expected application to have kicked everything until job: 37833 (possibly by calling glFlush)
02-16 00:07:15.131 2724 2795 E IMGSRV : :473: glClientWaitSync: Expected application to have kicked everything until job: 37835 (possibly by calling glFlush)
02-16 00:07:15.165 2724 2795 E IMGSRV : :473: glClientWaitSync: Expected application to have kicked everything until job: 37837 (possibly by calling glFlush)
02-16 00:07:15.198 2724 2795 E IMGSRV : :473: glClientWaitSync: Expected application to have kicked everything until job: 37839 (possibly by calling glFlush)
02-16 00:07:15.264 2724 2795 E IMGSRV : :473: glClientWaitSync: Expected application to have kicked everything until job: 37844 (possibly by calling glFlush)
02-16 00:07:15.297 2724 2795 E IMGSRV : :473: glClientWaitSync: Expected application to have kicked everything until job: 37846 (possibly by calling glFlush)
02-16 00:07:15.332 2724 2795 E IMGSRV : :473: glClientWaitSync: Expected application to have kicked everything until job: 37848 (possibly by calling glFlush)
02-16 00:07:15.365 2724 2795 E IMGSRV : :473: glClientWaitSync: Expected application to have kicked everything until job: 37850 (possibly by calling glFlush)
02-16 00:07:15.399 2724 2795 E IMGSRV : :473: glClientWaitSync: Expected application to have kicked everything until job: 37852 (possibly by calling glFlush)
02-16 00:07:15.433 2724 2795 E IMGSRV : :473: glClientWaitSync: Expected application to have kicked everything until job: 37854 (possibly by calling glFlush)
02-16 00:07:15.469 2724 2795 E IMGSRV : :473: glClientWaitSync: Expected application to have kicked everything until job: 37856 (possibly by calling glFlush)
02-16 00:07:15.496 2724 2795 E IMGSRV : :473: glClientWaitSync: Expected application to have kicked everything until job: 37858 (possibly by calling glFlush)
02-16 00:07:15.530 2724 2795 E IMGSRV : :473: glClientWaitSync: Expected application to have kicked everything until job: 37860 (possibly by calling glFlush)
02-16 00:07:15.597 2724 2795 E IMGSRV : :473: glClientWaitSync: Expected application to have kicked everything until job: 37865 (possibly by calling glFlush)
02-16 00:07:15.630 2724 2795 E IMGSRV : :473: glClientWaitSync: Expected application to have kicked everything until job: 37867 (possibly by calling glFlush)
02-16 00:07:15.664 2724 2795 E IMGSRV : :473: glClientWaitSync: Expected application to have kicked everything until job: 37869 (possibly by calling glFlush)
02-16 00:07:15.697 2724 2795 E IMGSRV : :473: glClientWaitSync: Expected application to have kicked everything until job: 37871 (possibly by calling glFlush)
02-16 00:07:15.729 2724 2795 E IMGSRV : :473: glClientWaitSync: Expected application to have kicked everything until job: 37873 (possibly by calling glFlush)
02-16 00:07:15.764 2724 2795 E IMGSRV : :473: glClientWaitSync: Expected application to have kicked everything until job: 37875 (possibly by calling glFlush)
02-16 00:07:15.797 2724 2795 E IMGSRV : :473: glClientWaitSync: Expected application to have kicked everything until job: 37877 (possibly by calling glFlush)
02-16 00:07:15.832 2724 2795 E IMGSRV : :473: glClientWaitSync: Expected application to have kicked everything until job: 37879 (possibly by calling glFlush)
02-16 00:07:15.864 2724 2795 E IMGSRV : :473: glClientWaitSync: Expected application to have kicked everything until job: 37881 (possibly by calling glFlush)
02-16 00:07:15.931 2724 2795 E IMGSRV : :473: glClientWaitSync: Expected application to have kicked everything until job: 37886 (possibly by calling glFlush)
02-16 00:07:15.964 2724 2795 E IMGSRV : :473: glClientWaitSync: Expected application to have kicked everything until job: 37888 (possibly by calling glFlush)
02-16 00:07:15.997 2724 2795 E IMGSRV : :473: glClientWaitSync: Expected application to have kicked everything until job: 37890 (possibly by calling glFlush)
02-16 00:07:16.030 2724 2795 E IMGSRV : :473: glClientWaitSync: Expected application to have kicked everything until job: 37892 (possibly by calling glFlush)
02-16 00:07:16.063 2724 2795 E IMGSRV : :473: glClientWaitSync: Expected application to have kicked everything until job: 37894 (possibly by calling glFlush)
02-16 00:07:16.098 2724 2795 E IMGSRV : :473: glClientWaitSync: Expected application to have kicked everything until job: 37896 (possibly by calling glFlush)
02-16 00:07:16.130 2724 2795 E IMGSRV : :473: glClientWaitSync: Expected application to have kicked everything until job: 37898 (possibly by calling glFlush)
02-16 00:07:16.163 2724 2795 E IMGSRV : :473: glClientWaitSync: Expected application to have kicked everything until job: 37900 (possibly by calling glFlush)
02-16 00:07:16.196 2724 2795 E IMGSRV : :473: glClientWaitSync: Expected application to have kicked everything until job: 37902 (possibly by calling glFlush)
02-16 00:07:16.262 2724 2795 E IMGSRV : :473: glClientWaitSync: Expected application to have kicked everything until job: 37907 (possibly by calling glFlush)
02-16 00:07:16.296 2724 2795 E IMGSRV : :473: glClientWaitSync: Expected application to have kicked everything until job: 37909 (possibly by calling glFlush)
02-16 00:07:16.332 2724 2795 E IMGSRV : :473: glClientWaitSync: Expected application to have kicked everything until job: 37911 (possibly by calling glFlush)
02-16 00:07:16.362 2724 2795 E IMGSRV : :473: glClientWaitSync: Expected application to have kicked everything until job: 37913 (possibly by calling glFlush)
02-16 00:07:16.396 2724 2795 E IMGSRV : :473: glClientWaitSync: Expected application to have kicked everything until job: 37915 (possibly by calling glFlush)
02-16 00:07:16.429 2724 2795 E IMGSRV : :473: glClientWaitSync: Expected application to have kicked everything until job: 37917 (possibly by calling glFlush)
02-16 00:07:16.462 2724 2795 E IMGSRV : :473: glClientWaitSync: Expected application to have kicked everything until job: 37919 (possibly by calling glFlush)
02-16 00:07:16.497 2724 2795 E IMGSRV : :473: glClientWaitSync: Expected application to have kicked everything until job: 37921 (possibly by calling glFlush)
02-16 00:07:16.529 2724 2795 E IMGSRV : :473: glClientWaitSync: Expected application to have kicked everything until job: 37923 (possibly by calling glFlush)
02-16 00:07:16.596 2724 2795 E IMGSRV : :473: glClientWaitSync: Expected application to have kicked everything until job: 37928 (possibly by calling glFlush)
02-16 00:07:16.630 2724 2795 E IMGSRV : :473: glClientWaitSync: Expected application to have kicked everything until job: 37930 (possibly by calling glFlush)
02-16 00:07:16.664 2724 2795 E IMGSRV : :473: glClientWaitSync: Expected application to have kicked everything until job: 37932 (possibly by calling glFlush)
