02-16 00:06:03.696 2724 2795 E IMGSRV : :473: glClientWaitSync: Expected application to have kicked everything until job: 34476 (possibly by calling glFlush)
02-16 00:06:03.703 2724 2758 D IMGGralloc: Gralloc Register w:300, h:1473, f:0x1, usage:0xb00, ui64Stamp:2016121, sSize:1810432, line = 2335
02-16 00:06:03.711 2724 2758 D IMGGralloc: Gralloc Register w:300, h:1473, f:0x1, usage:0xb00, ui64Stamp:2016129, sSize:1810432, line = 2335
02-16 00:06:03.712 2724 2724 D IMGGralloc: Gralloc Free w:1557, h:720, f:0x1, usage:0x966, ui64Stamp:2015934 line = 2441
02-16 00:06:03.712 2724 2724 D IMGGralloc: Gralloc Register w:1473, h:300, f:0x1, usage:0x966, ui64Stamp:2016134, sSize:1810432, line = 2335
02-16 00:06:03.719 2724 2758 D IMGGralloc: Gralloc Register w:300, h:1473, f:0x1, usage:0xb00, ui64Stamp:2016138, sSize:1810432, line = 2335
02-16 00:06:03.730 2724 2724 D IMGGralloc: Gralloc Free w:1473, h:673, f:0x1, usage:0x966, ui64Stamp:2016072 line = 2441
02-16 00:06:03.731 2724 2724 D IMGGralloc: Gralloc Register w:1473, h:300, f:0x1, usage:0x966, ui64Stamp:2016142, sSize:1810432, line = 2335
02-16 00:06:03.748 2724 2795 E IMGSRV : :473: glClientWaitSync: Expected application to have kicked everything until job: 34478 (possibly by calling glFlush)
02-16 00:06:03.750 2724 2724 D IMGGralloc: Gralloc Free w:1473, h:673, f:0x1, usage:0x966, ui64Stamp:2016086 line = 2441
02-16 00:06:03.751 2724 2724 D IMGGralloc: Gralloc Register w:1473, h:300, f:0x1, usage:0x966, ui64Stamp:2016147, sSize:1810432, line = 2335
02-16 00:06:03.802 2724 2795 E IMGSRV : :473: glClientWaitSync: Expected application to have kicked everything until job: 34480 (possibly by calling glFlush)
02-16 00:06:03.840 2724 2795 E IMGSRV : :473: glClientWaitSync: Expected application to have kicked everything until job: 34482 (possibly by calling glFlush)
02-16 00:06:03.878 2724 2795 E IMGSRV : :473: glClientWaitSync: Expected application to have kicked everything until job: 34484 (possibly by calling glFlush)
02-16 00:06:03.917 2724 2795 E IMGSRV : :473: glClientWaitSync: Expected application to have kicked everything until job: 34486 (possibly by calling glFlush)
02-16 00:06:03.955 2724 2795 E IMGSRV : :473: glClientWaitSync: Expected application to have kicked everything until job: 34488 (possibly by calling glFlush)
02-16 00:06:03.990 2724 2795 E IMGSRV : :473: glClientWaitSync: Expected application to have kicked everything until job: 34490 (possibly by calling glFlush)
02-16 00:06:04.038 2724 2795 E IMGSRV : :473: glClientWaitSync: Expected application to have kicked everything until job: 34492 (possibly by calling glFlush)
02-16 00:06:04.115 2724 2795 E IMGSRV : :473: glClientWaitSync: Expected application to have kicked everything until job: 34497 (possibly by calling glFlush)
02-16 00:06:04.151 2724 2724 D IMGGralloc: Gralloc Free w:1585, h:228, f:0x1, usage:0x966, ui64Stamp:2016081 line = 2441
02-16 00:06:04.153 2724 2724 D IMGGralloc: Gralloc Free w:1585, h:228, f:0x1, usage:0x966, ui64Stamp:2016051 line = 2441
02-16 00:06:04.163 2724 2795 E IMGSRV : :473: glClientWaitSync: Expected application to have kicked everything until job: 34499 (possibly by calling glFlush)
02-16 00:06:04.167 2724 2724 W InputEventReceiver: Attempted to finish an input event but the input event receiver has already been disposed.
02-16 00:06:04.222 2724 2795 E IMGSRV : :473: glClientWaitSync: Expected application to have kicked everything until job: 34501 (possibly by calling glFlush)
02-16 00:06:04.256 2724 2795 E IMGSRV : :473: glClientWaitSync: Expected application to have kicked everything until job: 34503 (possibly by calling glFlush)
02-16 00:06:04.260 2724 2758 D IMGGralloc: Gralloc Free w:300, h:1473, f:0x1, usage:0xb00, ui64Stamp:2016121 line = 2441
02-16 00:06:04.260 2724 2758 D IMGGralloc: Gralloc Free w:300, h:1473, f:0x1, usage:0xb00, ui64Stamp:2016129 line = 2441
02-16 00:06:04.260 2724 2758 D IMGGralloc: Gralloc Free w:300, h:1473, f:0x1, usage:0xb00, ui64Stamp:2016138 line = 2441
02-16 00:06:04.270 2724 2758 D IMGGralloc: Gralloc Register w:720, h:1557, f:0x1, usage:0xb00, ui64Stamp:2016179, sSize:4517888, line = 2335
02-16 00:06:04.279 2724 2758 D IMGGralloc: Gralloc Register w:720, h:1557, f:0x1, usage:0xb00, ui64Stamp:2016188, sSize:4517888, line = 2335
02-16 00:06:04.288 2724 2724 D IMGGralloc: Gralloc Free w:1473, h:300, f:0x1, usage:0x966, ui64Stamp:2016134 line = 2441
02-16 00:06:04.290 2724 2724 D IMGGralloc: Gralloc Register w:1557, h:720, f:0x1, usage:0x966, ui64Stamp:2016192, sSize:4517888, line = 2335
02-16 00:06:04.291 2724 2758 D IMGGralloc: Gralloc Register w:720, h:1557, f:0x1, usage:0xb00, ui64Stamp:2016196, sSize:4517888, line = 2335
02-16 00:06:04.305 2724 2724 D IMGGralloc: Gralloc Free w:1473, h:300, f:0x1, usage:0x966, ui64Stamp:2016142 line = 2441
02-16 00:06:04.305 2724 2724 D IMGGralloc: Gralloc Register w:1557, h:720, f:0x1, usage:0x966, ui64Stamp:2016201, sSize:4517888, line = 2335
02-16 00:06:04.307 2724 2795 E IMGSRV : :473: glClientWaitSync: Expected application to have kicked everything until job: 34505 (possibly by calling glFlush)
02-16 00:06:04.333 2724 2724 D IMGGralloc: Gralloc Free w:1473, h:300, f:0x1, usage:0x966, ui64Stamp:2016147 line = 2441
02-16 00:06:04.334 2724 2724 D IMGGralloc: Gralloc Register w:1557, h:720, f:0x1, usage:0x966, ui64Stamp:2016207, sSize:4517888, line = 2335
02-16 00:06:04.347 2724 2724 W IInputConnectionWrapper: requestCursorAnchorInfo on inactive InputConnection
02-16 00:06:04.372 2724 2795 E IMGSRV : :473: glClientWaitSync: Expected application to have kicked everything until job: 34507 (possibly by calling glFlush)
02-16 00:06:04.436 2724 2795 E IMGSRV : :473: glClientWaitSync: Expected application to have kicked everything until job: 34509 (possibly by calling glFlush)
02-16 00:06:04.484 2724 2795 E IMGSRV : :473: glClientWaitSync: Expected application to have kicked everything until job: 34511 (possibly by calling glFlush)
02-16 00:06:04.520 2724 2795 E IMGSRV : :473: glClientWaitSync: Expected application to have kicked everything until job: 34513 (possibly by calling glFlush)
02-16 00:06:04.594 2724 2795 E IMGSRV : :473: glClientWaitSync: Expected application to have kicked everything until job: 34518 (possibly by calling glFlush)
02-16 00:06:04.636 2724 2795 E IMGSRV : :473: glClientWaitSync: Expected application to have kicked everything until job: 34520 (possibly by calling glFlush)
02-16 00:06:04.678 2724 2795 E IMGSRV : :473: glClientWaitSync: Expected application to have kicked everything until job: 34522 (possibly by calling glFlush)
02-16 00:06:04.714 2724 2795 E IMGSRV : :473: glClientWaitSync: Expected application to have kicked everything until job: 34524 (possibly by calling glFlush)
02-16 00:06:04.751 2724 2795 E IMGSRV : :473: glClientWaitSync: Expected application to have kicked everything until job: 34526 (possibly by calling glFlush)
02-16 00:06:04.788 2724 2795 E IMGSRV : :473: glClientWaitSync: Expected application to have kicked everything until job: 34528 (possibly by calling glFlush)
02-16 00:06:04.846 2724 2795 E IMGSRV : :473: glClientWaitSync: Expected application to have kicked everything until job: 34530 (possibly by calling glFlush)
02-16 00:06:04.855 2724 2724 E Dialog : show dialog view=DecorView@43f77d0[EosUnityPlayerActivity]
02-16 00:06:04.895 2724 2724 D IMGGralloc: Gralloc Register w:1585, h:228, f:0x1, usage:0x966, ui64Stamp:2016245, sSize:1536000, line = 2335
02-16 00:06:04.931 2724 2795 E IMGSRV : :473: glClientWaitSync: Expected application to have kicked everything until job: 34532 (possibly by calling glFlush)
02-16 00:06:04.961 2724 2758 D IMGGralloc: Gralloc Free w:720, h:1557, f:0x1, usage:0xb00, ui64Stamp:2016179 line = 2441
02-16 00:06:04.961 2724 2758 D IMGGralloc: Gralloc Free w:720, h:1557, f:0x1, usage:0xb00, ui64Stamp:2016188 line = 2441
02-16 00:06:04.962 2724 2758 D IMGGralloc: Gralloc Free w:720, h:1557, f:0x1, usage:0xb00, ui64Stamp:2016196 line = 2441
02-16 00:06:04.978 2724 2795 E IMGSRV : :473: glClientWaitSync: Expected application to have kicked everything until job: 34534 (possibly by calling glFlush)
02-16 00:06:04.988 2724 2758 D IMGGralloc: Gralloc Register w:673, h:1473, f:0x1, usage:0xb00, ui64Stamp:2016255, sSize:4096000, line = 2335
02-16 00:06:05.003 2724 2758 D IMGGralloc: Gralloc Register w:673, h:1473, f:0x1, usage:0xb00, ui64Stamp:2016262, sSize:4096000, line = 2335
02-16 00:06:05.007 2724 2724 D IMGGralloc: Gralloc Free w:1557, h:720, f:0x1, usage:0x966, ui64Stamp:2016192 line = 2441
02-16 00:06:05.007 2724 2724 D IMGGralloc: Gralloc Register w:1473, h:673, f:0x1, usage:0x966, ui64Stamp:2016266, sSize:4096000, line = 2335
02-16 00:06:05.021 2724 2758 D IMGGralloc: Gralloc Register w:673, h:1473, f:0x1, usage:0xb00, ui64Stamp:2016270, sSize:4096000, line = 2335
02-16 00:06:05.029 2724 2724 I AssistStructure: Flattened final assist data: 1148 bytes, containing 3 windows, 6 views
02-16 00:06:05.049 2724 2724 D IMGGralloc: Gralloc Register w:1585, h:228, f:0x1, usage:0x966, ui64Stamp:2016274, sSize:1536000, line = 2335
02-16 00:06:05.075 2724 2724 D IMGGralloc: Gralloc Free w:1557, h:720, f:0x1, usage:0x966, ui64Stamp:2016201 line = 2441
02-16 00:06:05.076 2724 2724 D IMGGralloc: Gralloc Register w:1473, h:673, f:0x1, usage:0x966, ui64Stamp:2016277, sSize:4096000, line = 2335
02-16 00:06:05.174 2724 2795 E IMGSRV : :473: glClientWaitSync: Expected application to have kicked everything until job: 34539 (possibly by calling glFlush)
02-16 00:06:05.227 2724 2795 E IMGSRV : :473: glClientWaitSync: Expected application to have kicked everything until job: 34541 (possibly by calling glFlush)
02-16 00:06:05.298 2724 2795 E IMGSRV : :473: glClientWaitSync: Expected application to have kicked everything until job: 34543 (possibly by calling glFlush)
02-16 00:06:05.366 2724 2795 E IMGSRV : :473: glClientWaitSync: Expected application to have kicked everything until job: 34545 (possibly by calling glFlush)
02-16 00:06:05.410 2724 2758 D IMGGralloc: Gralloc Free w:673, h:1473, f:0x1, usage:0xb00, ui64Stamp:2016255 line = 2441
02-16 00:06:05.411 2724 2758 D IMGGralloc: Gralloc Free w:673, h:1473, f:0x1, usage:0xb00, ui64Stamp:2016262 line = 2441
02-16 00:06:05.411 2724 2758 D IMGGralloc: Gralloc Free w:673, h:1473, f:0x1, usage:0xb00, ui64Stamp:2016270 line = 2441
02-16 00:06:05.417 2724 2758 D IMGGralloc: Gralloc Register w:300, h:1473, f:0x1, usage:0xb00, ui64Stamp:2016318, sSize:1810432, line = 2335
02-16 00:06:05.429 2724 2758 D IMGGralloc: Gralloc Register w:300, h:1473, f:0x1, usage:0xb00, ui64Stamp:2016327, sSize:1810432, line = 2335
02-16 00:06:05.430 2724 2724 D IMGGralloc: Gralloc Free w:1557, h:720, f:0x1, usage:0x966, ui64Stamp:2016207 line = 2441
02-16 00:06:05.431 2724 2724 D IMGGralloc: Gralloc Register w:1473, h:300, f:0x1, usage:0x966, ui64Stamp:2016331, sSize:1810432, line = 2335
02-16 00:06:05.434 2724 2795 E IMGSRV : :473: glClientWaitSync: Expected application to have kicked everything until job: 34547 (possibly by calling glFlush)
02-16 00:06:05.437 2724 2758 D IMGGralloc: Gralloc Register w:300, h:1473, f:0x1, usage:0xb00, ui64Stamp:2016335, sSize:1810432, line = 2335
02-16 00:06:05.447 2724 2724 D IMGGralloc: Gralloc Free w:1473, h:673, f:0x1, usage:0x966, ui64Stamp:2016266 line = 2441
02-16 00:06:05.448 2724 2724 D IMGGralloc: Gralloc Register w:1473, h:300, f:0x1, usage:0x966, ui64Stamp:2016340, sSize:1810432, line = 2335
02-16 00:06:05.465 2724 2724 D IMGGralloc: Gralloc Free w:1473, h:673, f:0x1, usage:0x966, ui64Stamp:2016277 line = 2441
02-16 00:06:05.466 2724 2724 D IMGGralloc: Gralloc Register w:1473, h:300, f:0x1, usage:0x966, ui64Stamp:2016344, sSize:1810432, line = 2335
02-16 00:06:05.487 2724 2795 E IMGSRV : :473: glClientWaitSync: Expected application to have kicked everything until job: 34549 (possibly by calling glFlush)
02-16 00:06:05.526 2724 2795 E IMGSRV : :473: glClientWaitSync: Expected application to have kicked everything until job: 34551 (possibly by calling glFlush)
02-16 00:06:05.565 2724 2795 E IMGSRV : :473: glClientWaitSync: Expected application to have kicked everything until job: 34553 (possibly by calling glFlush)
02-16 00:06:05.607 2724 2795 E IMGSRV : :473: glClientWaitSync: Expected application to have kicked everything until job: 34555 (possibly by calling glFlush)
02-16 00:06:05.688 2724 2795 E IMGSRV : :473: glClientWaitSync: Expected application to have kicked everything until job: 34560 (possibly by calling glFlush)
02-16 00:06:05.720 2724 2795 E IMGSRV : :473: glClientWaitSync: Expected application to have kicked everything until job: 34562 (possibly by calling glFlush)
02-16 00:06:05.756 2724 2795 E IMGSRV : :473: glClientWaitSync: Expected application to have kicked everything until job: 34564 (possibly by calling glFlush)
02-16 00:06:05.792 2724 2795 E IMGSRV : :473: glClientWaitSync: Expected application to have kicked everything until job: 34566 (possibly by calling glFlush)
02-16 00:06:05.856 2724 2795 E IMGSRV : :473: glClientWaitSync: Expected application to have kicked everything until job: 34568 (possibly by calling glFlush)
02-16 00:06:05.914 2724 2795 E IMGSRV : :473: glClientWaitSync: Expected application to have kicked everything until job: 34570 (possibly by calling glFlush)
02-16 00:06:05.983 2724 2795 E IMGSRV : :473: glClientWaitSync: Expected application to have kicked everything until job: 34572 (possibly by calling glFlush)
02-16 00:06:06.030 2724 2795 E IMGSRV : :473: glClientWaitSync: Expected application to have kicked everything until job: 34574 (possibly by calling glFlush)
02-16 00:06:06.087 2724 2795 E IMGSRV : :473: glClientWaitSync: Expected application to have kicked everything until job: 34576 (possibly by calling glFlush)
02-16 00:06:06.186 2724 2795 E IMGSRV : :473: glClientWaitSync: Expected application to have kicked everything until job: 34581 (possibly by calling glFlush)
02-16 00:06:06.257 2724 2795 E IMGSRV : :473: glClientWaitSync: Expected application to have kicked everything until job: 34583 (possibly by calling glFlush)
02-16 00:06:06.309 2724 2795 E IMGSRV : :473: glClientWaitSync: Expected application to have kicked everything until job: 34585 (possibly by calling glFlush)
02-16 00:06:06.355 2724 2795 E IMGSRV : :473: glClientWaitSync: Expected application to have kicked everything until job: 34587 (possibly by calling glFlush)
02-16 00:06:06.395 2724 2795 E IMGSRV : :473: glClientWaitSync: Expected application to have kicked everything until job: 34589 (possibly by calling glFlush)
02-16 00:06:06.434 2724 2795 E IMGSRV : :473: glClientWaitSync: Expected application to have kicked everything until job: 34591 (possibly by calling glFlush)
02-16 00:06:06.489 2724 2795 E IMGSRV : :473: glClientWaitSync: Expected application to have kicked everything until job: 34593 (possibly by calling glFlush)
02-16 00:06:06.526 2724 2795 E IMGSRV : :473: glClientWaitSync: Expected application to have kicked everything until job: 34595 (possibly by calling glFlush)
02-16 00:06:06.567 2724 2795 E IMGSRV : :473: glClientWaitSync: Expected application to have kicked everything until job: 34597 (possibly by calling glFlush)
02-16 00:06:06.645 2724 2795 E IMGSRV : :473: glClientWaitSync: Expected application to have kicked everything until job: 34602 (possibly by calling glFlush)
02-16 00:06:06.684 2724 2795 E IMGSRV : :473: glClientWaitSync: Expected application to have kicked everything until job: 34604 (possibly by calling glFlush)
02-16 00:06:06.724 2724 2795 E IMGSRV : :473: glClientWaitSync: Expected application to have kicked everything until job: 34606 (possibly by calling glFlush)
02-16 00:06:06.765 2724 2795 E IMGSRV : :473: glClientWaitSync: Expected application to have kicked everything until job: 34608 (possibly by calling glFlush)
02-16 00:06:06.803 2724 2795 E IMGSRV : :473: glClientWaitSync: Expected application to have kicked everything until job: 34610 (possibly by calling glFlush)
02-16 00:06:06.852 2724 2795 E IMGSRV : :473: glClientWaitSync: Expected application to have kicked everything until job: 34612 (possibly by calling glFlush)
02-16 00:06:06.892 2724 2795 E IMGSRV : :473: glClientWaitSync: Expected application to have kicked everything until job: 34614 (possibly by calling glFlush)
02-16 00:06:06.932 2724 2795 E IMGSRV : :473: glClientWaitSync: Expected application to have kicked everything until job: 34616 (possibly by calling glFlush)
02-16 00:06:06.979 2724 2795 E IMGSRV : :473: glClientWaitSync: Expected application to have kicked everything until job: 34618 (possibly by calling glFlush)
02-16 00:06:07.069 2724 2795 E IMGSRV : :473: glClientWaitSync: Expected application to have kicked everything until job: 34623 (possibly by calling glFlush)
02-16 00:06:07.122 2724 2795 E IMGSRV : :473: glClientWaitSync: Expected application to have kicked everything until job: 34625 (possibly by calling glFlush)
02-16 00:06:07.162 2724 2795 E IMGSRV : :473: glClientWaitSync: Expected application to have kicked everything until job: 34627 (possibly by calling glFlush)
02-16 00:06:07.206 2724 2795 E IMGSRV : :473: glClientWaitSync: Expected application to have kicked everything until job: 34629 (possibly by calling glFlush)
02-16 00:06:07.253 2724 2795 E IMGSRV : :473: glClientWaitSync: Expected application to have kicked everything until job: 34631 (possibly by calling glFlush)
02-16 00:06:07.306 2724 2795 E IMGSRV : :473: glClientWaitSync: Expected application to have kicked everything until job: 34633 (possibly by calling glFlush)
02-16 00:06:07.342 2724 2795 E IMGSRV : :473: glClientWaitSync: Expected application to have kicked everything until job: 34635 (possibly by calling glFlush)
02-16 00:06:07.392 2724 2795 E IMGSRV : :473: glClientWaitSync: Expected application to have kicked everything until job: 34637 (possibly by calling glFlush)
02-16 00:06:07.426 2724 2795 E IMGSRV : :473: glClientWaitSync: Expected application to have kicked everything until job: 34639 (possibly by calling glFlush)
02-16 00:06:07.505 2724 2795 E IMGSRV : :473: glClientWaitSync: Expected application to have kicked everything until job: 34644 (possibly by calling glFlush)
02-16 00:06:07.548 2724 2795 E IMGSRV : :473: glClientWaitSync: Expected application to have kicked everything until job: 34646 (possibly by calling glFlush)
02-16 00:06:07.581 2724 2795 E IMGSRV : :473: glClientWaitSync: Expected application to have kicked everything until job: 34648 (possibly by calling glFlush)
02-16 00:06:07.618 2724 2795 E IMGSRV : :473: glClientWaitSync: Expected application to have kicked everything until job: 34650 (possibly by calling glFlush)
02-16 00:06:07.654 2724 2795 E IMGSRV : :473: glClientWaitSync: Expected application to have kicked everything until job: 34652 (possibly by calling glFlush)
02-16 00:06:07.693 2724 2795 E IMGSRV : :473: glClientWaitSync: Expected application to have kicked everything until job: 34654 (possibly by calling glFlush)
02-16 00:06:07.730 2724 2795 E IMGSRV : :473: glClientWaitSync: Expected application to have kicked everything until job: 34656 (possibly by calling glFlush)
02-16 00:06:07.787 2724 2724 D IMGGralloc: Gralloc Free w:1585, h:228, f:0x1, usage:0x966, ui64Stamp:2016274 line = 2441
02-16 00:06:07.788 2724 2724 D IMGGralloc: Gralloc Free w:1585, h:228, f:0x1, usage:0x966, ui64Stamp:2016245 line = 2441
02-16 00:06:07.790 2724 2795 E IMGSRV : :473: glClientWaitSync: Expected application to have kicked everything until job: 34658 (possibly by calling glFlush)
02-16 00:06:07.805 2724 2724 W IInputConnectionWrapper: getTextBeforeCursor on inactive InputConnection
02-16 00:06:07.810 2724 2724 W IInputConnectionWrapper: getTextAfterCursor on inactive InputConnection
02-16 00:06:07.827 2724 2724 W IInputConnectionWrapper: getSelectedText on inactive InputConnection
02-16 00:06:07.834 2724 2795 E IMGSRV : :473: glClientWaitSync: Expected application to have kicked everything until job: 34660 (possibly by calling glFlush)
02-16 00:06:07.917 2724 2758 D IMGGralloc: Gralloc Free w:300, h:1473, f:0x1, usage:0xb00, ui64Stamp:2016318 line = 2441
02-16 00:06:07.917 2724 2758 D IMGGralloc: Gralloc Free w:300, h:1473, f:0x1, usage:0xb00, ui64Stamp:2016327 line = 2441
02-16 00:06:07.918 2724 2758 D IMGGralloc: Gralloc Free w:300, h:1473, f:0x1, usage:0xb00, ui64Stamp:2016335 line = 2441
02-16 00:06:07.926 2724 2758 D IMGGralloc: Gralloc Register w:720, h:1557, f:0x1, usage:0xb00, ui64Stamp:2016487, sSize:4517888, line = 2335
02-16 00:06:07.940 2724 2758 D IMGGralloc: Gralloc Register w:720, h:1557, f:0x1, usage:0xb00, ui64Stamp:2016496, sSize:4517888, line = 2335
02-16 00:06:07.944 2724 2724 D IMGGralloc: Gralloc Free w:1473, h:300, f:0x1, usage:0x966, ui64Stamp:2016331 line = 2441
02-16 00:06:07.945 2724 2724 D IMGGralloc: Gralloc Register w:1557, h:720, f:0x1, usage:0x966, ui64Stamp:2016500, sSize:4517888, line = 2335
02-16 00:06:07.957 2724 2758 D IMGGralloc: Gralloc Register w:720, h:1557, f:0x1, usage:0xb00, ui64Stamp:2016503, sSize:4517888, line = 2335
02-16 00:06:07.964 2724 2795 E IMGSRV : :473: glClientWaitSync: Expected application to have kicked everything until job: 34665 (possibly by calling glFlush)
02-16 00:06:07.975 2724 2724 D IMGGralloc: Gralloc Free w:1473, h:300, f:0x1, usage:0x966, ui64Stamp:2016340 line = 2441
02-16 00:06:07.976 2724 2724 D IMGGralloc: Gralloc Register w:1557, h:720, f:0x1, usage:0x966, ui64Stamp:2016508, sSize:4517888, line = 2335
02-16 00:06:08.002 2724 2724 D IMGGralloc: Gralloc Free w:1473, h:300, f:0x1, usage:0x966, ui64Stamp:2016344 line = 2441
02-16 00:06:08.003 2724 2724 D IMGGralloc: Gralloc Register w:1557, h:720, f:0x1, usage:0x966, ui64Stamp:2016513, sSize:4517888, line = 2335
02-16 00:06:08.012 2724 2724 W IInputConnectionWrapper: requestCursorAnchorInfo on inactive InputConnection
02-16 00:06:08.047 2724 2795 E IMGSRV : :473: glClientWaitSync: Expected application to have kicked everything until job: 34667 (possibly by calling glFlush)
02-16 00:06:08.116 2724 2795 E IMGSRV : :473: glClientWaitSync: Expected application to have kicked everything until job: 34669 (possibly by calling glFlush)
02-16 00:06:08.156 2724 2795 E IMGSRV : :473: glClientWaitSync: Expected application to have kicked everything until job: 34671 (possibly by calling glFlush)
02-16 00:06:08.194 2724 2795 E IMGSRV : :473: glClientWaitSync: Expected application to have kicked everything until job: 34673 (possibly by calling glFlush)
02-16 00:06:08.236 2724 2795 E IMGSRV : :473: glClientWaitSync: Expected application to have kicked everything until job: 34675 (possibly by calling glFlush)
02-16 00:06:08.274 2724 2795 E IMGSRV : :473: glClientWaitSync: Expected application to have kicked everything until job: 34677 (possibly by calling glFlush)
02-16 00:06:08.317 2724 2795 E IMGSRV : :473: glClientWaitSync: Expected application to have kicked everything until job: 34679 (possibly by calling glFlush)
02-16 00:06:08.358 2724 2795 E IMGSRV : :473: glClientWaitSync: Expected application to have kicked everything until job: 34681 (possibly by calling glFlush)
02-16 00:06:08.438 2724 2795 E IMGSRV : :473: glClientWaitSync: Expected application to have kicked everything until job: 34686 (possibly by calling glFlush)
02-16 00:06:08.485 2724 2795 E IMGSRV : :473: glClientWaitSync: Expected application to have kicked everything until job: 34688 (possibly by calling glFlush)
02-16 00:06:08.525 2724 2795 E IMGSRV : :473: glClientWaitSync: Expected application to have kicked everything until job: 34690 (possibly by calling glFlush)
02-16 00:06:08.558 2724 2795 E IMGSRV : :473: glClientWaitSync: Expected application to have kicked everything until job: 34692 (possibly by calling glFlush)
02-16 00:06:08.593 2724 2795 E IMGSRV : :473: glClientWaitSync: Expected application to have kicked everything until job: 34694 (possibly by calling glFlush)
02-16 00:06:08.636 2724 2795 E IMGSRV : :473: glClientWaitSync: Expected application to have kicked everything until job: 34696 (possibly by calling glFlush)
02-16 00:06:08.676 2724 2795 E IMGSRV : :473: glClientWaitSync: Expected application to have kicked everything until job: 34698 (possibly by calling glFlush)
02-16 00:06:08.714 2724 2795 E IMGSRV : :473: glClientWaitSync: Expected application to have kicked everything until job: 34700 (possibly by calling glFlush)
02-16 00:06:08.747 2724 2795 E IMGSRV : :473: glClientWaitSync: Expected application to have kicked everything until job: 34702 (possibly by calling glFlush)
02-16 00:06:08.822 2724 2795 E IMGSRV : :473: glClientWaitSync: Expected application to have kicked everything until job: 34707 (possibly by calling glFlush)
02-16 00:06:08.857 2724 2795 E IMGSRV : :473: glClientWaitSync: Expected application to have kicked everything until job: 34709 (possibly by calling glFlush)
02-16 00:06:08.893 2724 2795 E IMGSRV : :473: glClientWaitSync: Expected application to have kicked everything until job: 34711 (possibly by calling glFlush)
02-16 00:06:08.930 2724 2795 E IMGSRV : :473: glClientWaitSync: Expected application to have kicked everything until job: 34713 (possibly by calling glFlush)
02-16 00:06:08.965 2724 2795 E IMGSRV : :473: glClientWaitSync: Expected application to have kicked everything until job: 34715 (possibly by calling glFlush)
02-16 00:06:09.005 2724 2795 E IMGSRV : :473: glClientWaitSync: Expected application to have kicked everything until job: 34717 (possibly by calling glFlush)
02-16 00:06:09.040 2724 2795 E IMGSRV : :473: glClientWaitSync: Expected application to have kicked everything until job: 34719 (possibly by calling glFlush)
02-16 00:06:09.075 2724 2795 E IMGSRV : :473: glClientWaitSync: Expected application to have kicked everything until job: 34721 (possibly by calling glFlush)
02-16 00:06:09.139 2724 2795 E IMGSRV : :473: glClientWaitSync: Expected application to have kicked everything until job: 34723 (possibly by calling glFlush)
02-16 00:06:09.224 2724 2795 E IMGSRV : :473: glClientWaitSync: Expected application to have kicked everything until job: 34728 (possibly by calling glFlush)
02-16 00:06:09.287 2724 2795 E IMGSRV : :473: glClientWaitSync: Expected application to have kicked everything until job: 34730 (possibly by calling glFlush)
02-16 00:06:09.328 2724 2795 E IMGSRV : :473: glClientWaitSync: Expected application to have kicked everything until job: 34732 (possibly by calling glFlush)
02-16 00:06:09.369 2724 2795 E IMGSRV : :473: glClientWaitSync: Expected application to have kicked everything until job: 34734 (possibly by calling glFlush)
02-16 00:06:09.421 2724 2795 E IMGSRV : :473: glClientWaitSync: Expected application to have kicked everything until job: 34736 (possibly by calling glFlush)
02-16 00:06:09.459 2724 2795 E IMGSRV : :473: glClientWaitSync: Expected application to have kicked everything until job: 34738 (possibly by calling glFlush)
02-16 00:06:09.500 2724 2795 E IMGSRV : :473: glClientWaitSync: Expected application to have kicked everything until job: 34740 (possibly by calling glFlush)
02-16 00:06:09.539 2724 2795 E IMGSRV : :473: glClientWaitSync: Expected application to have kicked everything until job: 34742 (possibly by calling glFlush)
02-16 00:06:09.575 2724 2795 E IMGSRV : :473: glClientWaitSync: Expected application to have kicked everything until job: 34744 (possibly by calling glFlush)
02-16 00:06:09.652 2724 2795 E IMGSRV : :473: glClientWaitSync: Expected application to have kicked everything until job: 34749 (possibly by calling glFlush)
02-16 00:06:09.688 2724 2795 E IMGSRV : :473: glClientWaitSync: Expected application to have kicked everything until job: 34751 (possibly by calling glFlush)
02-16 00:06:09.728 2724 2795 E IMGSRV : :473: glClientWaitSync: Expected application to have kicked everything until job: 34753 (possibly by calling glFlush)
02-16 00:06:09.762 2724 2795 E IMGSRV : :473: glClientWaitSync: Expected application to have kicked everything until job: 34755 (possibly by calling glFlush)
02-16 00:06:09.807 2724 2795 E IMGSRV : :473: glClientWaitSync: Expected application to have kicked everything until job: 34757 (possibly by calling glFlush)
02-16 00:06:09.847 2724 2795 E IMGSRV : :473: glClientWaitSync: Expected application to have kicked everything until job: 34759 (possibly by calling glFlush)
02-16 00:06:09.886 2724 2795 E IMGSRV : :473: glClientWaitSync: Expected application to have kicked everything until job: 34761 (possibly by calling glFlush)
02-16 00:06:09.923 2724 2795 E IMGSRV : :473: glClientWaitSync: Expected application to have kicked everything until job: 34763 (possibly by calling glFlush)
02-16 00:06:09.956 2724 2795 E IMGSRV : :473: glClientWaitSync: Expected application to have kicked everything until job: 34765 (possibly by calling glFlush)
02-16 00:06:10.034 2724 2795 E IMGSRV : :473: glClientWaitSync: Expected application to have kicked everything until job: 34770 (possibly by calling glFlush)
02-16 00:06:10.072 2724 2795 E IMGSRV : :473: glClientWaitSync: Expected application to have kicked everything until job: 34772 (possibly by calling glFlush)
02-16 00:06:10.107 2724 2795 E IMGSRV : :473: glClientWaitSync: Expected application to have kicked everything until job: 34774 (possibly by calling glFlush)
02-16 00:06:10.146 2724 2795 E IMGSRV : :473: glClientWaitSync: Expected application to have kicked everything until job: 34776 (possibly by calling glFlush)
02-16 00:06:10.182 2724 2795 E IMGSRV : :473: glClientWaitSync: Expected application to have kicked everything until job: 34778 (possibly by calling glFlush)
02-16 00:06:10.225 2724 2795 E IMGSRV : :473: glClientWaitSync: Expected application to have kicked everything until job: 34780 (possibly by calling glFlush)
02-16 00:06:10.257 2724 2795 E IMGSRV : :473: glClientWaitSync: Expected application to have kicked everything until job: 34782 (possibly by calling glFlush)
02-16 00:06:10.296 2724 2795 E IMGSRV : :473: glClientWaitSync: Expected application to have kicked everything until job: 34784 (possibly by calling glFlush)
02-16 00:06:10.337 2724 2795 E IMGSRV : :473: glClientWaitSync: Expected application to have kicked everything until job: 34786 (possibly by calling glFlush)
02-16 00:06:10.414 2724 2795 E IMGSRV : :473: glClientWaitSync: Expected application to have kicked everything until job: 34791 (possibly by calling glFlush)
02-16 00:06:10.446 2724 2795 E IMGSRV : :473: glClientWaitSync: Expected application to have kicked everything until job: 34793 (possibly by calling glFlush)
02-16 00:06:10.484 2724 2795 E IMGSRV : :473: glClientWaitSync: Expected application to have kicked everything until job: 34795 (possibly by calling glFlush)
02-16 00:06:10.522 2724 2795 E IMGSRV : :473: glClientWaitSync: Expected application to have kicked everything until job: 34797 (possibly by calling glFlush)
02-16 00:06:10.572 2724 2795 E IMGSRV : :473: glClientWaitSync: Expected application to have kicked everything until job: 34799 (possibly by calling glFlush)
02-16 00:06:10.619 2724 2795 E IMGSRV : :473: glClientWaitSync: Expected application to have kicked everything until job: 34801 (possibly by calling glFlush)
02-16 00:06:10.653 2724 2795 E IMGSRV : :473: glClientWaitSync: Expected application to have kicked everything until job: 34803 (possibly by calling glFlush)
02-16 00:06:10.690 2724 2795 E IMGSRV : :473: glClientWaitSync: Expected application to have kicked everything until job: 34805 (possibly by calling glFlush)
02-16 00:06:10.730 2724 2795 E IMGSRV : :473: glClientWaitSync: Expected application to have kicked everything until job: 34807 (possibly by calling glFlush)
02-16 00:06:10.810 2724 2795 E IMGSRV : :473: glClientWaitSync: Expected application to have kicked everything until job: 34812 (possibly by calling glFlush)
02-16 00:06:10.850 2724 2795 E IMGSRV : :473: glClientWaitSync: Expected application to have kicked everything until job: 34814 (possibly by calling glFlush)
02-16 00:06:10.889 2724 2795 E IMGSRV : :473: glClientWaitSync: Expected application to have kicked everything until job: 34816 (possibly by calling glFlush)
02-16 00:06:10.924 2724 2795 E IMGSRV : :473: glClientWaitSync: Expected application to have kicked everything until job: 34818 (possibly by calling glFlush)
02-16 00:06:10.957 2724 2795 E IMGSRV : :473: glClientWaitSync: Expected application to have kicked everything until job: 34820 (possibly by calling glFlush)
02-16 00:06:10.997 2724 2795 E IMGSRV : :473: glClientWaitSync: Expected application to have kicked everything until job: 34822 (possibly by calling glFlush)
02-16 00:06:11.043 2724 2795 E IMGSRV : :473: glClientWaitSync: Expected application to have kicked everything until job: 34824 (possibly by calling glFlush)
02-16 00:06:11.084 2724 2795 E IMGSRV : :473: glClientWaitSync: Expected application to have kicked everything until job: 34826 (possibly by calling glFlush)
02-16 00:06:11.116 2724 2795 E IMGSRV : :473: glClientWaitSync: Expected application to have kicked everything until job: 34828 (possibly by calling glFlush)
02-16 00:06:11.190 2724 2795 E IMGSRV : :473: glClientWaitSync: Expected application to have kicked everything until job: 34833 (possibly by calling glFlush)
02-16 00:06:11.235 2724 2795 E IMGSRV : :473: glClientWaitSync: Expected application to have kicked everything until job: 34835 (possibly by calling glFlush)
02-16 00:06:11.270 2724 2795 E IMGSRV : :473: glClientWaitSync: Expected application to have kicked everything until job: 34837 (possibly by calling glFlush)
02-16 00:06:11.308 2724 2795 E IMGSRV : :473: glClientWaitSync: Expected application to have kicked everything until job: 34839 (possibly by calling glFlush)
02-16 00:06:11.342 2724 2795 E IMGSRV : :473: glClientWaitSync: Expected application to have kicked everything until job: 34841 (possibly by calling glFlush)
02-16 00:06:11.388 2724 2795 E IMGSRV : :473: glClientWaitSync: Expected application to have kicked everything until job: 34843 (possibly by calling glFlush)
02-16 00:06:11.423 2724 2795 E IMGSRV : :473: glClientWaitSync: Expected application to have kicked everything until job: 34845 (possibly by calling glFlush)
02-16 00:06:11.457 2724 2795 E IMGSRV : :473: glClientWaitSync: Expected application to have kicked everything until job: 34847 (possibly by calling glFlush)
02-16 00:06:11.493 2724 2795 E IMGSRV : :473: glClientWaitSync: Expected application to have kicked everything until job: 34849 (possibly by calling glFlush)
02-16 00:06:11.573 2724 2795 E IMGSRV : :473: glClientWaitSync: Expected application to have kicked everything until job: 34854 (possibly by calling glFlush)
02-16 00:06:11.607 2724 2795 E IMGSRV : :473: glClientWaitSync: Expected application to have kicked everything until job: 34856 (possibly by calling glFlush)
02-16 00:06:11.643 2724 2795 E IMGSRV : :473: glClientWaitSync: Expected application to have kicked everything until job: 34858 (possibly by calling glFlush)
02-16 00:06:11.677 2724 2795 E IMGSRV : :473: glClientWaitSync: Expected application to have kicked everything until job: 34860 (possibly by calling glFlush)
02-16 00:06:11.718 2724 2795 E IMGSRV : :473: glClientWaitSync: Expected application to have kicked everything until job: 34862 (possibly by calling glFlush)
02-16 00:06:11.755 2724 2795 E IMGSRV : :473: glClientWaitSync: Expected application to have kicked everything until job: 34864 (possibly by calling glFlush)
02-16 00:06:11.792 2724 2795 E IMGSRV : :473: glClientWaitSync: Expected application to have kicked everything until job: 34866 (possibly by calling glFlush)
02-16 00:06:11.838 2724 2795 E IMGSRV : :473: glClientWaitSync: Expected application to have kicked everything until job: 34868 (possibly by calling glFlush)
02-16 00:06:11.885 2724 2795 E IMGSRV : :473: glClientWaitSync: Expected application to have kicked everything until job: 34870 (possibly by calling glFlush)
02-16 00:06:11.956 2724 2795 E IMGSRV : :473: glClientWaitSync: Expected application to have kicked everything until job: 34875 (possibly by calling glFlush)
02-16 00:06:11.991 2724 2795 E IMGSRV : :473: glClientWaitSync: Expected application to have kicked everything until job: 34877 (possibly by calling glFlush)
02-16 00:06:12.025 2724 2795 E IMGSRV : :473: glClientWaitSync: Expected application to have kicked everything until job: 34879 (possibly by calling glFlush)
02-16 00:06:12.061 2724 2795 E IMGSRV : :473: glClientWaitSync: Expected application to have kicked everything until job: 34881 (possibly by calling glFlush)
02-16 00:06:12.103 2724 2795 E IMGSRV : :473: glClientWaitSync: Expected application to have kicked everything until job: 34883 (possibly by calling glFlush)
02-16 00:06:12.143 2724 2795 E IMGSRV : :473: glClientWaitSync: Expected application to have kicked everything until job: 34885 (possibly by calling glFlush)
02-16 00:06:12.179 2724 2795 E IMGSRV : :473: glClientWaitSync: Expected application to have kicked everything until job: 34887 (possibly by calling glFlush)
02-16 00:06:12.217 2724 2795 E IMGSRV : :473: glClientWaitSync: Expected application to have kicked everything until job: 34889 (possibly by calling glFlush)
02-16 00:06:12.256 2724 2795 E IMGSRV : :473: glClientWaitSync: Expected application to have kicked everything until job: 34891 (possibly by calling glFlush)
02-16 00:06:12.330 2724 2795 E IMGSRV : :473: glClientWaitSync: Expected application to have kicked everything until job: 34896 (possibly by calling glFlush)
02-16 00:06:12.374 2724 2795 E IMGSRV : :473: glClientWaitSync: Expected application to have kicked everything until job: 34898 (possibly by calling glFlush)
02-16 00:06:12.408 2724 2795 E IMGSRV : :473: glClientWaitSync: Expected application to have kicked everything until job: 34900 (possibly by calling glFlush)
02-16 00:06:12.445 2724 2795 E IMGSRV : :473: glClientWaitSync: Expected application to have kicked everything until job: 34902 (possibly by calling glFlush)
02-16 00:06:12.486 2724 2795 E IMGSRV : :473: glClientWaitSync: Expected application to have kicked everything until job: 34904 (possibly by calling glFlush)
02-16 00:06:12.541 2724 2795 E IMGSRV : :473: glClientWaitSync: Expected application to have kicked everything until job: 34906 (possibly by calling glFlush)
02-16 00:06:12.602 2724 2795 E IMGSRV : :473: glClientWaitSync: Expected application to have kicked everything until job: 34908 (possibly by calling glFlush)
02-16 00:06:12.643 2724 2795 E IMGSRV : :473: glClientWaitSync: Expected application to have kicked everything until job: 34910 (possibly by calling glFlush)
02-16 00:06:12.680 2724 2795 E IMGSRV : :473: glClientWaitSync: Expected application to have kicked everything until job: 34912 (possibly by calling glFlush)
02-16 00:06:12.758 2724 2795 E IMGSRV : :473: glClientWaitSync: Expected application to have kicked everything until job: 34917 (possibly by calling glFlush)
02-16 00:06:12.791 2724 2795 E IMGSRV : :473: glClientWaitSync: Expected application to have kicked everything until job: 34919 (possibly by calling glFlush)
02-16 00:06:12.832 2724 2795 E IMGSRV : :473: glClientWaitSync: Expected application to have kicked everything until job: 34921 (possibly by calling glFlush)
02-16 00:06:12.864 2724 2795 E IMGSRV : :473: glClientWaitSync: Expected application to have kicked everything until job: 34923 (possibly by calling glFlush)
02-16 00:06:12.907 2724 2795 E IMGSRV : :473: glClientWaitSync: Expected application to have kicked everything until job: 34925 (possibly by calling glFlush)
02-16 00:06:12.943 2724 2795 E IMGSRV : :473: glClientWaitSync: Expected application to have kicked everything until job: 34927 (possibly by calling glFlush)
02-16 00:06:12.981 2724 2724 E Dialog : show dialog view=DecorView@191d9c7[EosUnityPlayerActivity]
02-16 00:06:12.997 2724 2795 E IMGSRV : :473: glClientWaitSync: Expected application to have kicked everything until job: 34929 (possibly by calling glFlush)
02-16 00:06:13.045 2724 2724 D IMGGralloc: Gralloc Register w:1585, h:228, f:0x1, usage:0x966, ui64Stamp:2016797, sSize:1536000, line = 2335
02-16 00:06:13.058 2724 2795 E IMGSRV : :473: glClientWaitSync: Expected application to have kicked everything until job: 34931 (possibly by calling glFlush)
02-16 00:06:13.117 2724 2795 E IMGSRV : :473: glClientWaitSync: Expected application to have kicked everything until job: 34933 (possibly by calling glFlush)
02-16 00:06:13.152 2724 2758 D IMGGralloc: Gralloc Free w:720, h:1557, f:0x1, usage:0xb00, ui64Stamp:2016487 line = 2441
02-16 00:06:13.153 2724 2758 D IMGGralloc: Gralloc Free w:720, h:1557, f:0x1, usage:0xb00, ui64Stamp:2016496 line = 2441
02-16 00:06:13.153 2724 2758 D IMGGralloc: Gralloc Free w:720, h:1557, f:0x1, usage:0xb00, ui64Stamp:2016503 line = 2441
02-16 00:06:13.164 2724 2758 D IMGGralloc: Gralloc Register w:673, h:1473, f:0x1, usage:0xb00, ui64Stamp:2016810, sSize:4096000, line = 2335
02-16 00:06:13.175 2724 2758 D IMGGralloc: Gralloc Register w:673, h:1473, f:0x1, usage:0xb00, ui64Stamp:2016818, sSize:4096000, line = 2335
02-16 00:06:13.179 2724 2724 D IMGGralloc: Gralloc Free w:1557, h:720, f:0x1, usage:0x966, ui64Stamp:2016500 line = 2441
02-16 00:06:13.179 2724 2724 D IMGGralloc: Gralloc Register w:1473, h:673, f:0x1, usage:0x966, ui64Stamp:2016822, sSize:4096000, line = 2335
02-16 00:06:13.190 2724 2758 D IMGGralloc: Gralloc Register w:673, h:1473, f:0x1, usage:0xb00, ui64Stamp:2016826, sSize:4096000, line = 2335
02-16 00:06:13.204 2724 2724 I AssistStructure: Flattened final assist data: 1148 bytes, containing 3 windows, 6 views
02-16 00:06:13.242 2724 2724 D IMGGralloc: Gralloc Register w:1585, h:228, f:0x1, usage:0x966, ui64Stamp:2016833, sSize:1536000, line = 2335
02-16 00:06:13.244 2724 2795 E IMGSRV : :473: glClientWaitSync: Expected application to have kicked everything until job: 34938 (possibly by calling glFlush)
02-16 00:06:13.286 2724 2724 D IMGGralloc: Gralloc Free w:1557, h:720, f:0x1, usage:0x966, ui64Stamp:2016508 line = 2441
02-16 00:06:13.286 2724 2724 D IMGGralloc: Gralloc Register w:1473, h:673, f:0x1, usage:0x966, ui64Stamp:2016840, sSize:4096000, line = 2335
02-16 00:06:13.355 2724 2795 E IMGSRV : :473: glClientWaitSync: Expected application to have kicked everything until job: 34940 (possibly by calling glFlush)
02-16 00:06:13.473 2724 2795 E IMGSRV : :473: glClientWaitSync: Expected application to have kicked everything until job: 34942 (possibly by calling glFlush)
02-16 00:06:13.577 2724 2795 E IMGSRV : :473: glClientWaitSync: Expected application to have kicked everything until job: 34944 (possibly by calling glFlush)
02-16 00:06:13.610 2724 2758 D IMGGralloc: Gralloc Free w:673, h:1473, f:0x1, usage:0xb00, ui64Stamp:2016810 line = 2441
02-16 00:06:13.610 2724 2758 D IMGGralloc: Gralloc Free w:673, h:1473, f:0x1, usage:0xb00, ui64Stamp:2016818 line = 2441
02-16 00:06:13.611 2724 2758 D IMGGralloc: Gralloc Free w:673, h:1473, f:0x1, usage:0xb00, ui64Stamp:2016826 line = 2441
02-16 00:06:13.619 2724 2758 D IMGGralloc: Gralloc Register w:300, h:1473, f:0x1, usage:0xb00, ui64Stamp:2016883, sSize:1810432, line = 2335
02-16 00:06:13.629 2724 2758 D IMGGralloc: Gralloc Register w:300, h:1473, f:0x1, usage:0xb00, ui64Stamp:2016891, sSize:1810432, line = 2335
02-16 00:06:13.630 2724 2724 D IMGGralloc: Gralloc Free w:1557, h:720, f:0x1, usage:0x966, ui64Stamp:2016513 line = 2441
02-16 00:06:13.631 2724 2724 D IMGGralloc: Gralloc Register w:1473, h:300, f:0x1, usage:0x966, ui64Stamp:2016895, sSize:1810432, line = 2335
02-16 00:06:13.642 2724 2758 D IMGGralloc: Gralloc Register w:300, h:1473, f:0x1, usage:0xb00, ui64Stamp:2016898, sSize:1810432, line = 2335
02-16 00:06:13.648 2724 2724 D IMGGralloc: Gralloc Free w:1473, h:673, f:0x1, usage:0x966, ui64Stamp:2016822 line = 2441
02-16 00:06:13.650 2724 2724 D IMGGralloc: Gralloc Register w:1473, h:300, f:0x1, usage:0x966, ui64Stamp:2016903, sSize:1810432, line = 2335
02-16 00:06:13.662 2724 2795 E IMGSRV : :473: glClientWaitSync: Expected application to have kicked everything until job: 34946 (possibly by calling glFlush)
02-16 00:06:13.666 2724 2724 D IMGGralloc: Gralloc Free w:1473, h:673, f:0x1, usage:0x966, ui64Stamp:2016840 line = 2441
02-16 00:06:13.666 2724 2724 D IMGGralloc: Gralloc Register w:1473, h:300, f:0x1, usage:0x966, ui64Stamp:2016908, sSize:1810432, line = 2335
02-16 00:06:13.707 2724 2795 E IMGSRV : :473: glClientWaitSync: Expected application to have kicked everything until job: 34948 (possibly by calling glFlush)
02-16 00:06:13.753 2724 2795 E IMGSRV : :473: glClientWaitSync: Expected application to have kicked everything until job: 34950 (possibly by calling glFlush)
02-16 00:06:13.803 2724 2795 E IMGSRV : :473: glClientWaitSync: Expected application to have kicked everything until job: 34952 (possibly by calling glFlush)
02-16 00:06:13.854 2724 2795 E IMGSRV : :473: glClientWaitSync: Expected application to have kicked everything until job: 34954 (possibly by calling glFlush)
02-16 00:06:13.927 2724 2795 E IMGSRV : :473: glClientWaitSync: Expected application to have kicked everything until job: 34959 (possibly by calling glFlush)
02-16 00:06:13.981 2724 2795 E IMGSRV : :473: glClientWaitSync: Expected application to have kicked everything until job: 34961 (possibly by calling glFlush)
02-16 00:06:14.041 2724 2795 E IMGSRV : :473: glClientWaitSync: Expected application to have kicked everything until job: 34963 (possibly by calling glFlush)
02-16 00:06:14.101 2724 2795 E IMGSRV : :473: glClientWaitSync: Expected application to have kicked everything until job: 34965 (possibly by calling glFlush)
02-16 00:06:14.149 2724 2795 E IMGSRV : :473: glClientWaitSync: Expected application to have kicked everything until job: 34967 (possibly by calling glFlush)
02-16 00:06:14.224 2724 2795 E IMGSRV : :473: glClientWaitSync: Expected application to have kicked everything until job: 34969 (possibly by calling glFlush)
02-16 00:06:14.270 2724 2795 E IMGSRV : :473: glClientWaitSync: Expected application to have kicked everything until job: 34971 (possibly by calling glFlush)
02-16 00:06:14.321 2724 2795 E IMGSRV : :473: glClientWaitSync: Expected application to have kicked everything until job: 34973 (possibly by calling glFlush)
02-16 00:06:14.373 2724 2795 E IMGSRV : :473: glClientWaitSync: Expected application to have kicked everything until job: 34975 (possibly by calling glFlush)
02-16 00:06:14.461 2724 2795 E IMGSRV : :473: glClientWaitSync: Expected application to have kicked everything until job: 34980 (possibly by calling glFlush)
02-16 00:06:14.502 2724 2795 E IMGSRV : :473: glClientWaitSync: Expected application to have kicked everything until job: 34982 (possibly by calling glFlush)
02-16 00:06:14.545 2724 2795 E IMGSRV : :473: glClientWaitSync: Expected application to have kicked everything until job: 34984 (possibly by calling glFlush)
02-16 00:06:14.595 2724 2795 E IMGSRV : :473: glClientWaitSync: Expected application to have kicked everything until job: 34986 (possibly by calling glFlush)
02-16 00:06:14.631 2724 2795 E IMGSRV : :473: glClientWaitSync: Expected application to have kicked everything until job: 34988 (possibly by calling glFlush)
02-16 00:06:14.676 2724 2795 E IMGSRV : :473: glClientWaitSync: Expected application to have kicked everything until job: 34990 (possibly by calling glFlush)
02-16 00:06:14.718 2724 2795 E IMGSRV : :473: glClientWaitSync: Expected application to have kicked everything until job: 34992 (possibly by calling glFlush)
02-16 00:06:14.757 2724 2795 E IMGSRV : :473: glClientWaitSync: Expected application to have kicked everything until job: 34994 (possibly by calling glFlush)
02-16 00:06:14.801 2724 2795 E IMGSRV : :473: glClientWaitSync: Expected application to have kicked everything until job: 34996 (possibly by calling glFlush)
02-16 00:06:14.913 2724 2795 E IMGSRV : :473: glClientWaitSync: Expected application to have kicked everything until job: 35001 (possibly by calling glFlush)
02-16 00:06:14.975 2724 2795 E IMGSRV : :473: glClientWaitSync: Expected application to have kicked everything until job: 35003 (possibly by calling glFlush)
02-16 00:06:15.029 2724 2795 E IMGSRV : :473: glClientWaitSync: Expected application to have kicked everything until job: 35005 (possibly by calling glFlush)
02-16 00:06:15.074 2724 2795 E IMGSRV : :473: glClientWaitSync: Expected application to have kicked everything until job: 35007 (possibly by calling glFlush)
02-16 00:06:15.116 2724 2795 E IMGSRV : :473: glClientWaitSync: Expected application to have kicked everything until job: 35009 (possibly by calling glFlush)
02-16 00:06:15.247 2724 2795 E IMGSRV : :473: glClientWaitSync: Expected application to have kicked everything until job: 35011 (possibly by calling glFlush)
02-16 00:06:15.306 2724 2795 E IMGSRV : :473: glClientWaitSync: Expected application to have kicked everything until job: 35013 (possibly by calling glFlush)
02-16 00:06:15.357 2724 2795 E IMGSRV : :473: glClientWaitSync: Expected application to have kicked everything until job: 35015 (possibly by calling glFlush)
02-16 00:06:15.406 2724 2795 E IMGSRV : :473: glClientWaitSync: Expected application to have kicked everything until job: 35017 (possibly by calling glFlush)
02-16 00:06:15.484 2724 2795 E IMGSRV : :473: glClientWaitSync: Expected application to have kicked everything until job: 35022 (possibly by calling glFlush)
02-16 00:06:15.525 2724 2795 E IMGSRV : :473: glClientWaitSync: Expected application to have kicked everything until job: 35024 (possibly by calling glFlush)
02-16 00:06:15.558 2724 2795 E IMGSRV : :473: glClientWaitSync: Expected application to have kicked everything until job: 35026 (possibly by calling glFlush)
02-16 00:06:15.592 2724 2795 E IMGSRV : :473: glClientWaitSync: Expected application to have kicked everything until job: 35028 (possibly by calling glFlush)
