The document contains log entries from an app startup process. It records events like loading libraries, registering graphics memory, and starting activities. There are indications that some operations like making the application and loading activities took longer than expected. Graphics memory is allocated and freed for different sized images and orientations during the app launch.
We take content rights seriously. If you suspect this is your content, claim it here.
Available Formats
Download as TXT, PDF, TXT or read online on Scribd
0 ratings0% found this document useful (0 votes)
25 views2,384 pages
Polarmods - Patcher Logcat
The document contains log entries from an app startup process. It records events like loading libraries, registering graphics memory, and starting activities. There are indications that some operations like making the application and loading activities took longer than expected. Graphics memory is allocated and freed for different sized images and orientations during the app launch.
We take content rights seriously. If you suspect this is your content, claim it here.
Available Formats
Download as TXT, PDF, TXT or read online on Scribd
You are on page 1/ 2384
--------- beginning of main
02-15 23:51:40.930 944 944 D NetworkSecurityConfig: Using Network Security
Config from resource network_security_config debugBuild: false
02-15 23:51:40.931 944 944 D NetworkSecurityConfig: Using Network Security Config from resource network_security_config debugBuild: false
02-15 23:51:41.891 944 944 W CheckTime: App running slow: Executing handleBindApplication : makeApplication took 962ms --------- beginning of system
02-15 23:51:42.091 944 944 D ActivityThread: Loading provider polarmods.patcher.SystemCallProvider: polarmods.patcher.core.system.SystemCallProvider
02-15 23:51:42.096 944 944 W CheckTime: App running slow: Executing handleBindApplication : installContentProviders took 205ms
02-15 23:51:42.109 922 922 W CheckTime: App running slow: Executing handleBindApplication : makeApplication took 2034ms
02-15 23:51:43.537 922 922 W CheckTime: App running slow: Executing activity onCreate took 1386ms
02-15 23:51:43.540 922 922 I ActivityThread: smart_link is not supported!!!
02-15 23:51:43.616 922 976 D IMGGralloc: Gralloc Register w:720, h:1469, f:0x1, usage:0xb00, ui64Stamp:1965748, sSize:4239360, line = 2335
02-15 23:51:43.632 922 968 D IMGGralloc: Gralloc Register w:720, h:1469, f:0x1, usage:0xb00, ui64Stamp:1965758, sSize:4239360, line = 2335
02-15 23:51:43.717 922 968 D IMGGralloc: Gralloc Register w:720, h:1600, f:0x1, usage:0xb00, ui64Stamp:1965787, sSize:4608000, line = 2335
02-15 23:51:43.940 922 976 D IMGGralloc: Gralloc Register w:720, h:1469, f:0x1, usage:0xb00, ui64Stamp:1965806, sSize:4239360, line = 2335
02-15 23:51:43.967 922 976 D IMGGralloc: Gralloc Register w:720, h:1469, f:0x1, usage:0xb00, ui64Stamp:1965820, sSize:4239360, line = 2335
02-15 23:51:43.980 922 968 D IMGGralloc: Gralloc Register w:720, h:1469, f:0x1, usage:0xb00, ui64Stamp:1965826, sSize:4239360, line = 2335
02-15 23:51:43.980 922 968 E OpenGLRenderer: reset ##### pid = 968
02-15 23:51:47.542 922 976 D IMGGralloc: Gralloc Free w:720, h:1469, f:0x1, usage:0xb00, ui64Stamp:1965748 line = 2441
02-15 23:51:47.548 922 976 D IMGGralloc: Gralloc Free w:720, h:1469, f:0x1, usage:0xb00, ui64Stamp:1965806 line = 2441
02-15 23:51:47.548 922 976 D IMGGralloc: Gralloc Free w:720, h:1469, f:0x1, usage:0xb00, ui64Stamp:1965820 line = 2441
02-15 23:51:47.557 922 968 D IMGGralloc: Gralloc Free w:720, h:1469, f:0x1, usage:0xb00, ui64Stamp:1965758 line = 2441
02-15 23:51:47.558 922 968 D IMGGralloc: Gralloc Free w:720, h:1469, f:0x1, usage:0xb00, ui64Stamp:1965826 line = 2441
02-15 23:51:47.577 922 968 D IMGGralloc: Gralloc Free w:720, h:1600, f:0x1, usage:0xb00, ui64Stamp:1965787 line = 2441
02-15 23:52:56.014 922 976 D IMGGralloc: Gralloc Register w:720, h:1469, f:0x1, usage:0xb00, ui64Stamp:1967536, sSize:4239360, line = 2335
02-15 23:52:56.032 922 976 D IMGGralloc: Gralloc Free w:720, h:1469, f:0x1, usage:0xb00, ui64Stamp:1967536 line = 2441
02-15 23:52:56.040 922 976 D IMGGralloc: Gralloc Register w:720, h:1469, f:0x1, usage:0xb00, ui64Stamp:1967546, sSize:4239360, line = 2335
02-15 23:52:56.047 922 976 D IMGGralloc: Gralloc Register w:720, h:1469, f:0x1, usage:0xb00, ui64Stamp:1967550, sSize:4239360, line = 2335
02-15 23:52:56.051 922 968 D IMGGralloc: Gralloc Register w:720, h:1469, f:0x1, usage:0xb00, ui64Stamp:1967554, sSize:4239360, line = 2335
02-15 23:52:56.062 922 976 D IMGGralloc: Gralloc Register w:720, h:1469, f:0x1, usage:0xb00, ui64Stamp:1967558, sSize:4239360, line = 2335
02-15 23:52:56.074 922 922 I ActivityThread: smart_link is not supported!!!
02-15 23:52:56.109 922 968 D IMGGralloc: Gralloc Register w:720, h:1600, f:0x1, usage:0xb00, ui64Stamp:1967574, sSize:4608000, line = 2335
02-15 23:52:56.123 922 968 D IMGGralloc: Gralloc Free w:720, h:1469, f:0x1, usage:0xb00, ui64Stamp:1967554 line = 2441
02-15 23:52:56.148 922 968 D IMGGralloc: Gralloc Register w:720, h:1469, f:0x1, usage:0xb00, ui64Stamp:1967594, sSize:4239360, line = 2335
02-15 23:52:59.123 922 976 D IMGGralloc: Gralloc Free w:720, h:1469, f:0x1, usage:0xb00, ui64Stamp:1967546 line = 2441
02-15 23:52:59.123 922 976 D IMGGralloc: Gralloc Free w:720, h:1469, f:0x1, usage:0xb00, ui64Stamp:1967550 line = 2441
02-15 23:52:59.124 922 976 D IMGGralloc: Gralloc Free w:720, h:1469, f:0x1, usage:0xb00, ui64Stamp:1967558 line = 2441
02-15 23:52:59.132 922 968 D IMGGralloc: Gralloc Free w:720, h:1469, f:0x1, usage:0xb00, ui64Stamp:1967594 line = 2441
02-15 23:52:59.152 922 968 D IMGGralloc: Gralloc Free w:720, h:1600, f:0x1, usage:0xb00, ui64Stamp:1967574 line = 2441
02-15 23:54:23.062 922 976 D IMGGralloc: Gralloc Register w:720, h:1469, f:0x1, usage:0xb00, ui64Stamp:1971790, sSize:4239360, line = 2335
02-15 23:54:23.094 922 976 D IMGGralloc: Gralloc Free w:720, h:1469, f:0x1, usage:0xb00, ui64Stamp:1971790 line = 2441
02-15 23:54:23.108 922 976 D IMGGralloc: Gralloc Register w:720, h:1469, f:0x1, usage:0xb00, ui64Stamp:1971800, sSize:4239360, line = 2335
02-15 23:54:23.115 922 976 D IMGGralloc: Gralloc Register w:720, h:1469, f:0x1, usage:0xb00, ui64Stamp:1971804, sSize:4239360, line = 2335
02-15 23:54:23.121 922 968 D IMGGralloc: Gralloc Register w:720, h:1469, f:0x1, usage:0xb00, ui64Stamp:1971808, sSize:4239360, line = 2335
02-15 23:54:23.132 922 976 D IMGGralloc: Gralloc Register w:720, h:1469, f:0x1, usage:0xb00, ui64Stamp:1971811, sSize:4239360, line = 2335
02-15 23:54:23.143 922 922 I ActivityThread: smart_link is not supported!!!
02-15 23:54:23.174 922 968 D IMGGralloc: Gralloc Register w:720, h:1600, f:0x1, usage:0xb00, ui64Stamp:1971830, sSize:4608000, line = 2335
02-15 23:54:23.185 922 968 D IMGGralloc: Gralloc Free w:720, h:1469, f:0x1, usage:0xb00, ui64Stamp:1971808 line = 2441
02-15 23:54:23.206 922 968 D IMGGralloc: Gralloc Register w:720, h:1469, f:0x1, usage:0xb00, ui64Stamp:1971849, sSize:4239360, line = 2335
02-15 23:54:31.303 2724 2724 W mods.patcher:p: Using default instruction set features for ARM CPU variant (generic) using conservative defaults
02-15 23:54:31.308 2724 2724 E mods.patcher:p: Not starting debugger since process cannot load the jdwp agent.
02-15 23:54:31.382 2724 2724 D NetworkSecurityConfig: Using Network Security Config from resource network_security_config debugBuild: false
02-15 23:54:31.385 2724 2724 D NetworkSecurityConfig: Using Network Security Config from resource network_security_config debugBuild: false
02-15 23:54:32.807 2724 2724 W CheckTime: App running slow: Executing handleBindApplication : makeApplication took 1426ms
02-15 23:54:33.597 2724 2724 W mods.patcher:p0: type=1400 audit(0.0:939419): avc: granted { execute } for path="/data/data/polarmods.patcher/files/nativeLibs/libAmongUs.so" dev="dm-16" ino=186317 scontext=u:r:untrusted_app:s0:c250,c256,c512,c768 tcontext=u:object_r:app_data_file:s0:c250,c256,c512,c768 tclass=file app=polarmods.patcher
02-15 23:54:33.978 2724 2724 W mods.patcher:p: ClassLoaderContext classpath size mismatch. expected=0, found=1 (PCL[] | PCL[/system/framework/org.apache.http.legacy.jar*1305899224])
02-15 23:54:35.562 2724 2724 D NetworkSecurityConfig: No Network Security Config specified, using platform default
02-15 23:54:35.562 2724 2724 W nsconfig: com.innersloth.spacemafia: New config does not match the previously set config.
02-15 23:54:36.156 922 968 D IMGGralloc: Gralloc Register w:720, h:1600, f:0x1, usage:0xb00, ui64Stamp:1972172, sSize:4608000, line = 2335
02-15 23:54:36.173 922 968 D IMGGralloc: Gralloc Register w:1600, h:720, f:0x1, usage:0xb00, ui64Stamp:1972177, sSize:4608000, line = 2335
02-15 23:54:36.219 922 976 D IMGGralloc: Gralloc Free w:720, h:1469, f:0x1, usage:0xb00, ui64Stamp:1971800 line = 2441
02-15 23:54:36.219 922 976 D IMGGralloc: Gralloc Register w:1469, h:720, f:0x1, usage:0xb00, ui64Stamp:1972188, sSize:4239360, line = 2335
02-15 23:54:36.288 922 976 D IMGGralloc: Gralloc Free w:720, h:1469, f:0x1, usage:0xb00, ui64Stamp:1971804 line = 2441
02-15 23:54:36.289 922 976 D IMGGralloc: Gralloc Register w:1469, h:720, f:0x1, usage:0xb00, ui64Stamp:1972199, sSize:4239360, line = 2335
02-15 23:54:36.348 922 976 D IMGGralloc: Gralloc Free w:720, h:1469, f:0x1, usage:0xb00, ui64Stamp:1971811 line = 2441
02-15 23:54:36.349 922 976 D IMGGralloc: Gralloc Register w:1469, h:720, f:0x1, usage:0xb00, ui64Stamp:1972204, sSize:4239360, line = 2335
02-15 23:54:36.400 2724 2742 I mods.patcher:p: Waiting for a blocking GC ProfileSaver
02-15 23:54:36.410 2724 2742 I mods.patcher:p: WaitForGcToComplete blocked ProfileSaver on ClassLinker for 9.501ms
02-15 23:54:36.425 2724 2736 I mods.patcher:p: WaitForGcToComplete blocked RunEmptyCheckpoint on ProfileSaver for 14.279ms
02-15 23:54:36.484 2724 2724 I IL2CPP : JNI_OnLoad
02-15 23:54:36.545 2724 2724 D EosUnityPlayerActivity: EOS Loaded!
02-15 23:54:36.589 2724 2724 W CheckTime: App running slow: Executing activity onCreate took 848ms
02-15 23:54:36.612 2724 2724 I ActivityThread: smart_link is not supported!!!
02-15 23:54:36.886 2724 2724 D IMGGralloc: Gralloc Register w:1473, h:673, f:0x1, usage:0x966, ui64Stamp:1972281, sSize:4096000, line = 2335
02-15 23:54:36.910 2724 2758 D IMGGralloc: Gralloc Register w:673, h:1473, f:0x1, usage:0xb00, ui64Stamp:1972310, sSize:4096000, line = 2335
02-15 23:54:36.979 922 968 D IMGGralloc: Gralloc Free w:720, h:1600, f:0x1, usage:0xb00, ui64Stamp:1971830 line = 2441
02-15 23:54:36.980 922 968 D IMGGralloc: Gralloc Register w:1600, h:720, f:0x1, usage:0xb00, ui64Stamp:1972349, sSize:4608000, line = 2335
02-15 23:54:37.002 2724 2724 D IMGGralloc: Gralloc Register w:1557, h:720, f:0x1, usage:0x966, ui64Stamp:1972360, sSize:4517888, line = 2335
02-15 23:54:37.064 922 968 D IMGGralloc: Gralloc Free w:720, h:1600, f:0x1, usage:0xb00, ui64Stamp:1972172 line = 2441
02-15 23:54:37.064 922 968 D IMGGralloc: Gralloc Register w:1600, h:720, f:0x1, usage:0xb00, ui64Stamp:1972364, sSize:4608000, line = 2335
02-15 23:54:37.280 2724 2758 D IMGGralloc: Gralloc Free w:673, h:1473, f:0x1, usage:0xb00, ui64Stamp:1972310 line = 2441
02-15 23:54:37.290 2724 2724 D IMGGralloc: Gralloc Register w:1557, h:720, f:0x1, usage:0x966, ui64Stamp:1972398, sSize:4517888, line = 2335
02-15 23:54:37.317 2724 2758 D IMGGralloc: Gralloc Register w:720, h:1557, f:0x1, usage:0xb00, ui64Stamp:1972409, sSize:4517888, line = 2335
02-15 23:54:37.368 2724 2724 D IMGGralloc: Gralloc Register w:1557, h:720, f:0x1, usage:0x966, ui64Stamp:1972417, sSize:4517888, line = 2335
02-15 23:54:37.405 2724 2758 D IMGGralloc: Gralloc Register w:720, h:1557, f:0x1, usage:0xb00, ui64Stamp:1972434, sSize:4517888, line = 2335
02-15 23:54:37.418 2724 2724 D IMGGralloc: Gralloc Free w:1473, h:673, f:0x1, usage:0x966, ui64Stamp:1972281 line = 2441
02-15 23:54:37.419 2724 2724 D IMGGralloc: Gralloc Register w:1557, h:720, f:0x1, usage:0x966, ui64Stamp:1972443, sSize:4517888, line = 2335
02-15 23:54:37.428 2724 2758 D IMGGralloc: Gralloc Register w:720, h:1557, f:0x1, usage:0xb00, ui64Stamp:1972450, sSize:4517888, line = 2335
02-15 23:54:37.444 2724 2724 D IMGGralloc: Gralloc Register w:1557, h:720, f:0x1, usage:0x966, ui64Stamp:1972458, sSize:4517888, line = 2335
02-15 23:54:37.526 922 976 D IMGGralloc: Gralloc Free w:1469, h:720, f:0x1, usage:0xb00, ui64Stamp:1972188 line = 2441
02-15 23:54:37.526 922 976 D IMGGralloc: Gralloc Free w:1469, h:720, f:0x1, usage:0xb00, ui64Stamp:1972199 line = 2441
02-15 23:54:37.527 922 976 D IMGGralloc: Gralloc Free w:1469, h:720, f:0x1, usage:0xb00, ui64Stamp:1972204 line = 2441
02-15 23:54:37.543 922 968 D IMGGralloc: Gralloc Free w:720, h:1469, f:0x1, usage:0xb00, ui64Stamp:1971849 line = 2441
02-15 23:54:37.574 2724 2757 I Unity : MemoryManager: Using 'Dynamic Heap' Allocator.
02-15 23:54:37.605 922 968 D IMGGralloc: Gralloc Free w:1600, h:720, f:0x1, usage:0xb00, ui64Stamp:1972349 line = 2441
02-15 23:54:37.608 922 968 D IMGGralloc: Gralloc Free w:1600, h:720, f:0x1, usage:0xb00, ui64Stamp:1972177 line = 2441
02-15 23:54:37.609 922 968 D IMGGralloc: Gralloc Free w:1600, h:720, f:0x1, usage:0xb00, ui64Stamp:1972364 line = 2441
02-15 23:54:37.977 2724 2757 I PlayCore: UID: [10002] PID: [2724] AssetPackServiceListenerRegistry : registerListener
02-15 23:54:37.992 2724 2757 E PlayCore: UID: [10002] PID: [2724] AssetPackServiceImpl : onError(-11)
02-15 23:54:37.992 2724 2768 E PlayCore: UID: [10002] PID: [2724] AssetPackServiceImpl : onError(-11)
02-15 23:54:37.995 2724 2768 W PlayCore: UID: [10002] PID: [2724] AssetPackManager : Could not sync active asset packs. com.google.android.play.core.assetpacks.AssetPackException: Asset Pack Download Error(-11): The Play Store app is either not installed or not the official version. (https://developer.android.com/reference/com/google/android/play/core/assetpacks/ model/AssetPackErrorCode.html#PLAY_STORE_NOT_FOUND)
02-15 23:54:37.995 2724 2757 E PlayCore: UID: [10002] PID: [2724] AssetPackServiceImpl : onError(-11)
02-15 23:54:38.009 2724 2757 I Unity : SystemInfo CPU = ARMv7 VFPv3 NEON, Cores = 8, Memory = 1897mb
02-15 23:54:38.009 2724 2757 I Unity : SystemInfo ARM big.LITTLE configuration: 4 big (mask: 0xf0), 4 little (mask: 0xf)
02-15 23:54:38.010 2724 2757 I Unity : ApplicationInfo com.innersloth.spacemafia version 2023.11.28 build 8becdac5-7a97-4fe9-9212- d9605367d4c6
02-15 23:54:38.010 2724 2757 I Unity : Built from '2020.3/staging' branch, Version '2020.3.45f1 (660cd1701bd5)', Build type 'Release', Scripting Backend 'il2cpp', CPU 'armeabi-v7a', Stripping 'Enabled'
02-15 23:54:39.926 2724 2757 E libprocessgroup: set_timerslack_ns write failed: Operation not permitted
02-15 23:54:39.928 2724 2757 I chatty : uid=10250(polarmods.patcher) UnityMain identical 14 lines
02-15 23:54:39.928 2724 2757 E libprocessgroup: set_timerslack_ns write failed: Operation not permitted
02-15 23:54:39.976 2724 2757 I Unity : Company Name: Innersloth
02-15 23:54:39.977 2724 2757 I Unity : Product Name: Among Us
02-15 23:54:40.037 2724 2757 D IMGGralloc: Gralloc Register w:514, h:1112, f:0x1, usage:0xb00, ui64Stamp:1973313, sSize:2367488, line = 2335
02-15 23:54:40.045 2724 2757 D Unity : GL_EXT_debug_marker GL_ANDROID_extension_pack_es31a GL_EXT_blend_minmax GL_EXT_buffer_storage GL_EXT_clear_texture GL_EXT_clip_control GL_EXT_color_buffer_float GL_EXT_color_buffer_half_float GL_EXT_conservative_depth GL_EXT_copy_image GL_EXT_discard_framebuffer GL_EXT_draw_buffers GL_EXT_draw_buffers_indexed GL_EXT_draw_elements_base_vertex GL_EXT_EGL_image_array GL_EXT_external_buffer GL_EXT_float_blend GL_EXT_geometry_point_size GL_EXT_geometry_shader GL_EXT_gpu_shader5 GL_EXT_memory_object GL_EXT_memory_object_fd GL_EXT_multi_draw_arrays GL_EXT_multisampled_render_to_texture GL_EXT_multisampled_render_to_texture2 GL_EXT_occlusion_query_boolean GL_EXT_polygon_offset_clamp GL_EXT_primitive_bounding_box GL_EXT_pvrtc_sRGB GL_EXT_read_format_bgra GL_EXT_robustness GL_EXT_separate_shader_objects GL_EXT_shader_framebuffer_fetch GL_EXT_shader_group_vote GL_EXT_shader_implicit_conversions GL_EXT_shader_io_blocks GL_EXT_shader_non_constant_global_initializers GL_EXT_shader_pixel_local_storage GL_EXT_shader_pixel_
02-15 23:54:40.045 2724 2757 D Unity : local_storage2 GL_EXT_shader_texture_lod GL_EXT_shadow_samplers GL_EXT_sparse_texture GL_EXT_sRGB_write_control GL_EXT_tessellation_point_size GL_EXT_tessellation_shader GL_EXT_texture_border_clamp GL_EXT_texture_buffer GL_EXT_texture_cube_map_array GL_EXT_texture_format_BGRA8888 GL_EXT_texture_format_sRGB_override GL_EXT_texture_rg GL_EXT_texture_shadow_lod GL_EXT_texture_sRGB_decode GL_EXT_texture_sRGB_R8 GL_EXT_texture_sRGB_RG8 GL_EXT_YUV_target GL_IMG_framebuffer_downsample GL_IMG_multisampled_render_to_texture GL_IMG_program_binary GL_IMG_read_format GL_IMG_shader_binary GL_IMG_texture_compression_pvrtc GL_IMG_texture_compression_pvrtc2 GL_IMG_texture_format_BGRA8888 GL_IMG_texture_npot GL_KHR_blend_equation_advanced GL_KHR_blend_equation_advanced_coherent GL_KHR_debug GL_KHR_robustness GL_KHR_texture_compression_astc_ldr GL_OES_compressed_ETC1_RGB8_texture GL_OES_depth24 GL_OES_depth_texture GL_OES_draw_buffers_indexed GL_OES_draw_elements_base_vertex GL_OES_EGL_image GL_OES_EGL_image_external GL_OES_E
02-15 23:54:40.045 2724 2757 D Unity : GL_image_external_essl3 GL_OES_EGL_sync GL_OES_element_index_uint GL_OES_fragment_precision_high GL_OES_geometry_point_size GL_OES_geometry_shader GL_OES_get_program_binary GL_OES_gpu_shader5 GL_OES_mapbuffer GL_OES_packed_depth_stencil GL_OES_required_internalformat GL_OES_rgb8_rgba8 GL_OES_sample_shading GL_OES_sample_variables GL_OES_shader_image_atomic GL_OES_shader_io_blocks GL_OES_shader_multisample_interpolation GL_OES_standard_derivatives GL_OES_surfaceless_context GL_OES_tessellation_point_size GL_OES_tessellation_shader GL_OES_texture_border_clamp GL_OES_texture_buffer GL_OES_texture_cube_map_array GL_OES_texture_float GL_OES_texture_half_float GL_OES_texture_npot GL_OES_texture_stencil8 GL_OES_texture_storage_multisample_2d_array GL_OES_vertex_array_object GL_OES_vertex_half_float
02-15 23:54:40.332 2724 2802 I AudioTrack: set(): streamType -1, sampleRate 24000, format 0x1, channelMask 0x3, frameCount 6481, flags #0, notificationFrames 0, sessionId 0, transferType 3, uid -1, pid -1
02-15 23:54:40.394 2724 2802 W AudioTrack: Use of stream types is deprecated for operations other than volume control
02-15 23:54:40.394 2724 2802 W AudioTrack: See the documentation of AudioTrack() for what to use instead with android.media.AudioAttributes to qualify your playback use case
02-15 23:54:40.395 2724 2802 I AudioTrack: start mClientUid:10250 mClientPid:2724 mSessionId:43417 app name:com.innersloth.spacemafia
02-15 23:54:40.486 2724 2802 W AudioTrack: restoreTrack_l(7565): dead IAudioTrack, PCM, creating a new one from obtainBuffer()
02-15 23:54:40.486 2724 2802 I BpBinder: onLastStrongRef automatically unlinking death recipients: <uncached descriptor>
02-15 23:54:40.486 2724 2802 I BpBinder: onLastStrongRef automatically unlinking death recipients: <uncached descriptor>
02-15 23:54:40.579 2724 2802 D AudioTrack: releaseBuffer is no-op due to IAudioTrack sequence mismatch 1 != 2
02-15 23:54:40.595 2724 2802 W AudioTrack: restoreTrack_l(7566): dead IAudioTrack, PCM, creating a new one from obtainBuffer()
02-15 23:54:40.595 2724 2802 I BpBinder: onLastStrongRef automatically unlinking death recipients: <uncached descriptor>
02-15 23:54:40.637 2724 2802 D AudioTrack: releaseBuffer is no-op due to IAudioTrack sequence mismatch 2 != 3
02-15 23:54:40.849 2724 2757 V MediaRouter: Audio routes updated: AudioRoutesInfo{ type=SPEAKER, bluetoothName=TWS }, a2dp=true
02-15 23:54:40.851 2724 2757 V MediaRouter: Selecting route: RouteInfo{ name=TWS, description=Audio Bluetooth, status=null, category=RouteCategory{ name=Sistema types=ROUTE_TYPE_LIVE_AUDIO ROUTE_TYPE_LIVE_VIDEO groupable=false }, supportedTypes=ROUTE_TYPE_LIVE_AUDIO , presentationDisplay=null }
02-15 23:54:40.888 2724 2724 E Dialog : show dialog view=DecorView@3992417[EosUnityPlayerActivity]
02-15 23:54:40.914 2724 2724 D IMGGralloc: Gralloc Register w:140, h:140, f:0x1, usage:0x966, ui64Stamp:1973656, sSize:86016, line = 2335
02-15 23:54:40.919 2724 2757 I IL2CPP : Locale es-US
02-15 23:54:40.920 2724 2724 D IMGGralloc: Gralloc Register w:140, h:140, f:0x1, usage:0x966, ui64Stamp:1973661, sSize:86016, line = 2335
02-15 23:54:41.120 2724 2724 D IMGGralloc: Gralloc Free w:140, h:140, f:0x1, usage:0x966, ui64Stamp:1973656 line = 2441
02-15 23:54:41.121 2724 2724 D IMGGralloc: Gralloc Free w:140, h:140, f:0x1, usage:0x966, ui64Stamp:1973661 line = 2441
02-15 23:54:41.162 2724 2757 I PlayCore: UID: [10002] PID: [2724] AssetPackServiceListenerRegistry : unregisterListener
02-15 23:54:41.170 2724 2757 D IMGGralloc: Gralloc Free w:514, h:1112, f:0x1, usage:0xb00, ui64Stamp:1973313 line = 2441
02-15 23:54:41.178 2724 2757 D IMGGralloc: Gralloc Register w:514, h:1112, f:0x1, usage:0xb00, ui64Stamp:1973768, sSize:2367488, line = 2335
02-15 23:54:44.325 2724 2757 W Unity : DontDestroyOnLoad only works for root GameObjects or components on root GameObjects.
02-15 23:54:44.827 2724 2757 D Discord : discord_connect_sdk::ffi::logging: Native Android logger created
02-15 23:54:44.923 2724 2795 D IMGGralloc: Gralloc Register w:514, h:1112, f:0x1, usage:0xb00, ui64Stamp:1974951, sSize:2367488, line = 2335
02-15 23:54:44.931 2724 2757 D IMGGralloc: Gralloc Register w:514, h:1112, f:0x1, usage:0xb00, ui64Stamp:1974955, sSize:2367488, line = 2335
02-15 23:54:45.469 2724 2738 W System : A resource failed to call release.
02-15 23:54:49.164 2724 2757 W Unity : Using mirror once texture wrap mode which is not supported by the platform. Using mirror wrap mode instead, check SystemInfo.supportsTextureWrapMirrorOnce before using.
02-15 23:54:53.669 2724 2724 W Thread-8: type=1400 audit(0.0:939428): avc: denied { search } for name="net" dev="sysfs" ino=9117 scontext=u:r:untrusted_app:s0:c250,c256,c512,c768 tcontext=u:object_r:sysfs_net:s0 tclass=dir permissive=0 app=polarmods.patcher
02-15 23:54:53.844 2724 2757 D IMGGralloc: Gralloc Free w:514, h:1112, f:0x1, usage:0xb00, ui64Stamp:1973768 line = 2441
02-15 23:54:53.844 2724 2757 D IMGGralloc: Gralloc Free w:514, h:1112, f:0x1, usage:0xb00, ui64Stamp:1974951 line = 2441
02-15 23:54:53.845 2724 2757 D IMGGralloc: Gralloc Free w:514, h:1112, f:0x1, usage:0xb00, ui64Stamp:1974955 line = 2441
02-15 23:54:53.856 2724 2757 D IMGGralloc: Gralloc Register w:720, h:1557, f:0x1, usage:0xb00, ui64Stamp:1975403, sSize:4517888, line = 2335
02-15 23:54:54.396 2724 2757 I EngineFactory: Provider GmsCore_OpenSSL not available
02-15 23:54:54.755 2724 2795 D IMGGralloc: Gralloc Register w:720, h:1557, f:0x1, usage:0xb00, ui64Stamp:1975465, sSize:4517888, line = 2335
02-15 23:54:54.772 2724 2795 D IMGGralloc: Gralloc Register w:720, h:1557, f:0x1, usage:0xb00, ui64Stamp:1975472, sSize:4517888, line = 2335
02-15 23:54:56.215 2724 2757 D HelperFragment: Creating fragment
02-15 23:54:56.215 2724 2724 D HelperFragment: onResume called
02-15 23:54:56.215 2724 2724 D SignInRequest: signIn
02-15 23:54:56.217 2724 2724 D SignInRequest: Building client for: bab3830 (a:false e:false i:true wc: 229679017402- kjalm0imngijq5q4vhesmsvqqgm2h5t7.apps.googleusercontent.com f: false)
02-15 23:54:56.249 2724 2724 D SignInRequest: canReuseAccount: false
02-15 23:54:56.249 2724 2724 D SignInRequest: signInClient.silentSignIn
02-15 23:54:56.257 2724 2830 W GooglePlayServicesUtil: com.innersloth.spacemafia requires the Google Play Store, but it is missing.
02-15 23:54:56.258 2724 2724 W GooglePlayServicesUtil: com.innersloth.spacemafia requires the Google Play Store, but it is missing.
02-15 23:54:56.261 2724 2830 W GoogleApiManager: The service for com.google.android.gms.auth.api.signin.internal.zzf is not available: ConnectionResult{statusCode=SERVICE_INVALID, resolution=null, message=null}
02-15 23:54:56.264 2724 2724 W DynamiteModule: Local module descriptor class for com.google.android.gms.auth.api.fallback not found.
02-15 23:54:56.270 2724 2830 W GooglePlayServicesUtil: com.innersloth.spacemafia requires the Google Play Store, but it is missing.
02-15 23:54:56.271 2724 2830 W GoogleApiManager: The service for com.google.android.gms.auth.api.signin.internal.zzf is not available: ConnectionResult{statusCode=SERVICE_INVALID, resolution=null, message=null}
02-15 23:54:56.275 2724 2724 D SignInRequest: silentSignIn.onFailure
02-15 23:54:56.275 2724 2724 E SignInRequest: Sign-in failed with status code: 17
02-15 23:54:56.275 2724 2724 E SignInRequest: Setting result error status code to: 17
02-15 23:54:57.781 2724 2757 E Unity : Coroutine couldn't be started because the the game object 'Cosmetics' is inactive!
02-15 23:54:57.781 2724 2757 E Unity : PoolablePlayer:UpdateFromDataManager(MaskType)
02-15 23:54:57.781 2724 2757 E Unity : AccountTab:UpdatePlayerCosmetics()
02-15 23:54:57.781 2724 2757 E Unity : InventoryManager:OnInventoryOpenCallback(OnOpenCompleteCallbackInfo)
02-15 23:54:57.781 2724 2757 E Unity : Epic.OnlineServices.Inventory.OnOpenCompleteCallback:Invoke(OnOpenCompleteCallbackI nfo)
02-15 23:54:57.781 2724 2757 E Unity : Epic.OnlineServices.Inventory.InventoryInterface:OnOpenCompleteCallbackInternalImpl ementation(IntPtr)
02-15 23:54:57.781 2724 2757 E Unity :
02-15 23:54:57.781 2724 2757 E Unity : [ line -1003376516]
02-15 23:54:57.781 2724 2757 E Unity :
02-15 23:54:58.447 2724 2757 W BillingClient: Connection to Billing service is blocked.
02-15 23:54:58.470 2724 2757 W Unity : Unity IAP: <b>Unity In-App Purchasing</b> requires <b>Unity Gaming Services</b> to have been initialized before use.
02-15 23:54:58.470 2724 2757 W Unity : - Find out how to initialize <b>Unity Gaming Services</b> by following the documentation <i>https://docs.unity.com/ugs- overview/services-core-api.html#InitializationExample</i>
02-15 23:54:58.470 2724 2757 W Unity : or download the <i>06 Initialize Gaming Services</i> sample from <i>Package Manager > In-App Purchasing > Samples</i>.
02-15 23:54:58.470 2724 2757 W Unity : - If you are using the codeless API, you may want to enable the enable <b>Unity Gaming Services</b> automatic initialization by checking the <b>Automatically initialize Unity Gaming Services</b> checkbox at the bottom of the <b>IAP Catalog</b> window
02-15 23:54:58.470 2724 2757 W Unity : UnityEngine.Logger:LogWarning(String, Object)
02-15 23:54:58.470 2724 2757 W Unity : UnityEngine.Purchasing.UnityPurchasing:Initialize(IStoreListener, ConfigurationBuilder, ILogger, String, IAnalyticsAdapter, IAnalyticsAdapter, ICatalogProvider, IUnityServicesInitializationChecker)
02-15 23:54:58.470 2724 2757 W Unity : UnityEngine.Purchasing.UnityPurchasing:Initialize(IStoreListener, ConfigurationBuilder)
02-15 23:54:58.470 2724 2757 W Unity : StoreManager:Initialize()
02-15 23:54:58.470 2724 2757 W Unity : <
02-15 23:55:05.437 2724 2802 I AudioTrack: stop mClientUid:10250 mClientPid:2724 mSessionId:43417 app name:com.innersloth.spacemafia
02-15 23:55:05.437 2724 2802 D AudioTrack: stop(7569): called with 609954 frames delivered
02-15 23:55:05.675 2724 2758 D IMGGralloc: Gralloc Free w:720, h:1557, f:0x1, usage:0xb00, ui64Stamp:1972409 line = 2441
02-15 23:55:05.675 2724 2758 D IMGGralloc: Gralloc Free w:720, h:1557, f:0x1, usage:0xb00, ui64Stamp:1972434 line = 2441
02-15 23:55:05.675 2724 2758 D IMGGralloc: Gralloc Free w:720, h:1557, f:0x1, usage:0xb00, ui64Stamp:1972450 line = 2441
02-15 23:55:05.688 2724 2758 D IMGGralloc: Gralloc Register w:673, h:1473, f:0x1, usage:0xb00, ui64Stamp:1976262, sSize:4096000, line = 2335
02-15 23:55:05.701 2724 2758 D IMGGralloc: Gralloc Register w:673, h:1473, f:0x1, usage:0xb00, ui64Stamp:1976271, sSize:4096000, line = 2335
02-15 23:55:05.707 2724 2724 D IMGGralloc: Gralloc Free w:1557, h:720, f:0x1, usage:0x966, ui64Stamp:1972398 line = 2441
02-15 23:55:05.708 2724 2724 D IMGGralloc: Gralloc Register w:1473, h:673, f:0x1, usage:0x966, ui64Stamp:1976273, sSize:4096000, line = 2335
02-15 23:55:05.719 2724 2758 D IMGGralloc: Gralloc Register w:673, h:1473, f:0x1, usage:0xb00, ui64Stamp:1976278, sSize:4096000, line = 2335
02-15 23:55:05.741 2724 2724 D IMGGralloc: Gralloc Free w:1557, h:720, f:0x1, usage:0x966, ui64Stamp:1972443 line = 2441
02-15 23:55:05.741 2724 2724 D IMGGralloc: Gralloc Register w:1473, h:673, f:0x1, usage:0x966, ui64Stamp:1976283, sSize:4096000, line = 2335
02-15 23:55:05.761 2724 2724 D IMGGralloc: Gralloc Free w:1557, h:720, f:0x1, usage:0x966, ui64Stamp:1972458 line = 2441
02-15 23:55:05.762 2724 2724 D IMGGralloc: Gralloc Register w:1473, h:673, f:0x1, usage:0x966, ui64Stamp:1976289, sSize:4096000, line = 2335
02-15 23:55:07.280 2724 2758 D IMGGralloc: Gralloc Free w:673, h:1473, f:0x1, usage:0xb00, ui64Stamp:1976262 line = 2441
02-15 23:55:07.280 2724 2758 D IMGGralloc: Gralloc Free w:673, h:1473, f:0x1, usage:0xb00, ui64Stamp:1976271 line = 2441
02-15 23:55:07.280 2724 2758 D IMGGralloc: Gralloc Free w:673, h:1473, f:0x1, usage:0xb00, ui64Stamp:1976278 line = 2441
02-15 23:55:07.338 2724 2724 D IMGGralloc: Gralloc Free w:1473, h:673, f:0x1, usage:0x966, ui64Stamp:1976283 line = 2441
02-15 23:55:07.339 2724 2724 D IMGGralloc: Gralloc Free w:1473, h:673, f:0x1, usage:0x966, ui64Stamp:1976273 line = 2441
02-15 23:55:07.341 2724 2724 D IMGGralloc: Gralloc Free w:1473, h:673, f:0x1, usage:0x966, ui64Stamp:1976289 line = 2441
02-15 23:55:07.434 2724 2879 D IMGGralloc: Gralloc Register w:720, h:1557, f:0x1, usage:0xb00, ui64Stamp:1975403, sSize addr:0xf46648d8, line = 2341
02-15 23:55:07.960 2724 2724 D IMGGralloc: Gralloc Free w:720, h:1557, f:0x1, usage:0xb00, ui64Stamp:1975403 line = 2441
02-15 23:55:07.961 2724 2724 D IMGGralloc: Gralloc Free w:720, h:1557, f:0x1, usage:0xb00, ui64Stamp:1975472 line = 2441
02-15 23:55:07.984 2724 2724 D IMGGralloc: Gralloc Free w:1557, h:720, f:0x1, usage:0x966, ui64Stamp:1972417 line = 2441
02-15 23:55:07.993 2724 2724 D IMGGralloc: Gralloc Free w:1557, h:720, f:0x1, usage:0x966, ui64Stamp:1972360 line = 2441
02-15 23:55:08.013 2724 2879 D IMGGralloc: Gralloc Free w:720, h:1557, f:0x1, usage:0xb00, ui64Stamp:1975403 line = 2441
02-15 23:55:45.196 2724 2758 D IMGGralloc: Gralloc Register w:673, h:1473, f:0x1, usage:0xb00, ui64Stamp:1978872, sSize:4096000, line = 2335
02-15 23:55:45.247 2724 2758 D IMGGralloc: Gralloc Free w:673, h:1473, f:0x1, usage:0xb00, ui64Stamp:1978872 line = 2441
02-15 23:55:45.254 2724 2758 D IMGGralloc: Gralloc Register w:673, h:1473, f:0x1, usage:0xb00, ui64Stamp:1978884, sSize:4096000, line = 2335
02-15 23:55:45.261 2724 2758 D IMGGralloc: Gralloc Register w:673, h:1473, f:0x1, usage:0xb00, ui64Stamp:1978888, sSize:4096000, line = 2335
02-15 23:55:45.265 2724 2724 D IMGGralloc: Gralloc Register w:1557, h:720, f:0x1, usage:0x966, ui64Stamp:1978893, sSize:4517888, line = 2335
02-15 23:55:45.279 2724 2758 D IMGGralloc: Gralloc Register w:673, h:1473, f:0x1, usage:0xb00, ui64Stamp:1978897, sSize:4096000, line = 2335
02-15 23:55:45.354 2724 2724 D HelperFragment: onResume called
02-15 23:55:45.355 2724 2724 I ActivityThread: smart_link is not supported!!!
02-15 23:55:45.417 2724 2758 D IMGGralloc: Gralloc Free w:673, h:1473, f:0x1, usage:0xb00, ui64Stamp:1978884 line = 2441
02-15 23:55:45.418 2724 2758 D IMGGralloc: Gralloc Free w:673, h:1473, f:0x1, usage:0xb00, ui64Stamp:1978888 line = 2441
02-15 23:55:45.418 2724 2758 D IMGGralloc: Gralloc Free w:673, h:1473, f:0x1, usage:0xb00, ui64Stamp:1978897 line = 2441
02-15 23:55:45.425 2724 2758 D IMGGralloc: Gralloc Register w:720, h:1557, f:0x1, usage:0xb00, ui64Stamp:1978911, sSize:4517888, line = 2335
02-15 23:55:45.439 2724 2758 D IMGGralloc: Gralloc Register w:720, h:1557, f:0x1, usage:0xb00, ui64Stamp:1978916, sSize:4517888, line = 2335
02-15 23:55:45.442 2724 2724 D IMGGralloc: Gralloc Register w:1557, h:720, f:0x1, usage:0x966, ui64Stamp:1978920, sSize:4517888, line = 2335
02-15 23:55:45.450 2724 2758 D IMGGralloc: Gralloc Register w:720, h:1557, f:0x1, usage:0xb00, ui64Stamp:1978925, sSize:4517888, line = 2335
02-15 23:55:45.509 2724 2724 D IMGGralloc: Gralloc Register w:1557, h:720, f:0x1, usage:0x966, ui64Stamp:1978935, sSize:4517888, line = 2335
02-15 23:55:45.594 2724 2724 D IMGGralloc: Gralloc Register w:1557, h:720, f:0x1, usage:0x966, ui64Stamp:1978942, sSize:4517888, line = 2335
02-15 23:55:46.034 2724 2757 E Surface : getSlotFromBufferLocked: unknown buffer: 0xa30dac00
02-15 23:55:46.036 2724 2757 E IMGSRV : :707: QueueCancelBufferWrapper: Failed to cancel buffer 0xb4b52748 (-22)
02-15 23:55:46.036 2724 2757 D IMGGralloc: Gralloc Free w:720, h:1557, f:0x1, usage:0xb00, ui64Stamp:1975465 line = 2441
02-15 23:55:46.093 2724 2757 D IMGGralloc: Gralloc Register w:720, h:1557, f:0x1, usage:0xb00, ui64Stamp:1978971, sSize:4517888, line = 2335
02-15 23:55:46.646 2724 2757 W BillingClient: Connection to Billing service is blocked.
02-15 23:55:46.796 2724 2757 D CompatibilityChangeReporter: Compat change id reported: 147600208; UID 10002; state: ENABLED
02-15 23:55:46.859 2724 3007 I AudioTrack: set(): streamType -1, sampleRate 24000, format 0x1, channelMask 0x3, frameCount 6481, flags #0, notificationFrames 0, sessionId 0, transferType 3, uid -1, pid -1
02-15 23:55:46.910 2724 3007 W AudioTrack: Use of stream types is deprecated for operations other than volume control
02-15 23:55:46.910 2724 3007 W AudioTrack: See the documentation of AudioTrack() for what to use instead with android.media.AudioAttributes to qualify your playback use case
02-15 23:55:46.911 2724 3007 I AudioTrack: start mClientUid:10250 mClientPid:2724 mSessionId:43425 app name:com.innersloth.spacemafia
02-15 23:55:46.920 2724 2724 V MediaRouter: Selecting route: RouteInfo{ name=TWS, description=Audio Bluetooth, status=null, category=RouteCategory{ name=Sistema types=ROUTE_TYPE_LIVE_AUDIO ROUTE_TYPE_LIVE_VIDEO groupable=false }, supportedTypes=ROUTE_TYPE_LIVE_AUDIO , presentationDisplay=null }
02-15 23:55:47.398 2724 2795 D IMGGralloc: Gralloc Register w:720, h:1557, f:0x1, usage:0xb00, ui64Stamp:1979146, sSize:4517888, line = 2335
02-15 23:55:47.431 2724 2795 D IMGGralloc: Gralloc Register w:720, h:1557, f:0x1, usage:0xb00, ui64Stamp:1979157, sSize:4517888, line = 2335
02-15 23:56:01.146 2724 2807 W Choreographer: Frame time is 0.08384 ms in the future! Check that graphics HAL is generating vsync timestamps using the correct timebase.
02-15 23:56:03.113 2724 2807 W Choreographer: Frame time is 0.121771 ms in the future! Check that graphics HAL is generating vsync timestamps using the correct timebase.
02-15 23:58:07.516 2724 2807 W Choreographer: Frame time is 0.099568 ms in the future! Check that graphics HAL is generating vsync timestamps using the correct timebase.
02-15 23:58:31.061 2724 2724 V MediaRouter: Selecting route: RouteInfo{ name=TWS, description=Audio Bluetooth, status=null, category=RouteCategory{ name=Sistema types=ROUTE_TYPE_LIVE_AUDIO ROUTE_TYPE_LIVE_VIDEO groupable=false }, supportedTypes=ROUTE_TYPE_LIVE_AUDIO , presentationDisplay=null }
02-15 23:59:47.900 2724 2758 D IMGGralloc: Gralloc Free w:720, h:1557, f:0x1, usage:0xb00, ui64Stamp:1978911 line = 2441
02-15 23:59:47.901 2724 2758 D IMGGralloc: Gralloc Free w:720, h:1557, f:0x1, usage:0xb00, ui64Stamp:1978916 line = 2441
02-15 23:59:47.901 2724 2758 D IMGGralloc: Gralloc Free w:720, h:1557, f:0x1, usage:0xb00, ui64Stamp:1978925 line = 2441
02-15 23:59:47.908 2724 2758 D IMGGralloc: Gralloc Register w:673, h:1473, f:0x1, usage:0xb00, ui64Stamp:1992106, sSize:4096000, line = 2335
02-15 23:59:47.931 2724 2758 D IMGGralloc: Gralloc Register w:673, h:1473, f:0x1, usage:0xb00, ui64Stamp:1992114, sSize:4096000, line = 2335
02-15 23:59:47.946 2724 2758 D IMGGralloc: Gralloc Register w:673, h:1473, f:0x1, usage:0xb00, ui64Stamp:1992119, sSize:4096000, line = 2335
02-15 23:59:47.954 2724 2724 D IMGGralloc: Gralloc Free w:1557, h:720, f:0x1, usage:0x966, ui64Stamp:1978920 line = 2441
02-15 23:59:47.956 2724 2724 D IMGGralloc: Gralloc Register w:1473, h:673, f:0x1, usage:0x966, ui64Stamp:1992124, sSize:4096000, line = 2335
02-15 23:59:47.980 2724 2724 D IMGGralloc: Gralloc Register w:1473, h:673, f:0x1, usage:0x966, ui64Stamp:1992130, sSize:4096000, line = 2335
02-15 23:59:48.006 2724 2724 D IMGGralloc: Gralloc Free w:1557, h:720, f:0x1, usage:0x966, ui64Stamp:1978893 line = 2441
02-15 23:59:48.006 2724 2724 D IMGGralloc: Gralloc Register w:1473, h:673, f:0x1, usage:0x966, ui64Stamp:1992142, sSize:4096000, line = 2335
02-15 23:59:55.920 2724 2758 D IMGGralloc: Gralloc Free w:673, h:1473, f:0x1, usage:0xb00, ui64Stamp:1992106 line = 2441
02-15 23:59:55.920 2724 2758 D IMGGralloc: Gralloc Free w:673, h:1473, f:0x1, usage:0xb00, ui64Stamp:1992114 line = 2441
02-15 23:59:55.920 2724 2758 D IMGGralloc: Gralloc Free w:673, h:1473, f:0x1, usage:0xb00, ui64Stamp:1992119 line = 2441
02-15 23:59:55.930 2724 2758 D IMGGralloc: Gralloc Register w:720, h:1557, f:0x1, usage:0xb00, ui64Stamp:1992670, sSize:4517888, line = 2335
02-15 23:59:55.938 2724 2758 D IMGGralloc: Gralloc Register w:720, h:1557, f:0x1, usage:0xb00, ui64Stamp:1992679, sSize:4517888, line = 2335
02-15 23:59:55.948 2724 2724 D IMGGralloc: Gralloc Free w:1473, h:673, f:0x1, usage:0x966, ui64Stamp:1992124 line = 2441
02-15 23:59:55.949 2724 2724 D IMGGralloc: Gralloc Register w:1557, h:720, f:0x1, usage:0x966, ui64Stamp:1992681, sSize:4517888, line = 2335
02-15 23:59:55.953 2724 2758 D IMGGralloc: Gralloc Register w:720, h:1557, f:0x1, usage:0xb00, ui64Stamp:1992685, sSize:4517888, line = 2335
02-15 23:59:55.978 2724 2724 D IMGGralloc: Gralloc Free w:1473, h:673, f:0x1, usage:0x966, ui64Stamp:1992130 line = 2441
02-15 23:59:55.978 2724 2724 D IMGGralloc: Gralloc Register w:1557, h:720, f:0x1, usage:0x966, ui64Stamp:1992691, sSize:4517888, line = 2335
02-15 23:59:56.016 2724 2724 D IMGGralloc: Gralloc Free w:1473, h:673, f:0x1, usage:0x966, ui64Stamp:1992142 line = 2441
02-15 23:59:56.017 2724 2724 D IMGGralloc: Gralloc Register w:1557, h:720, f:0x1, usage:0x966, ui64Stamp:1992696, sSize:4517888, line = 2335
02-15 23:59:59.805 2724 2724 W UnityMain: type=1400 audit(0.0:940321): avc: denied { ioctl } for path="socket:[39133371]" dev="sockfs" ino=39133371 ioctlcmd=0xc scontext=u:r:untrusted_app:s0:c250,c256,c512,c768 tcontext=u:r:untrusted_app:s0:c250,c256,c512,c768 tclass=udp_socket permissive=0 app=polarmods.patcher
02-16 00:00:00.881 2724 2724 W UnityMain: type=1400 audit(0.0:940322): avc: denied { ioctl } for path="socket:[39127879]" dev="sockfs" ino=39127879 ioctlcmd=0xc scontext=u:r:untrusted_app:s0:c250,c256,c512,c768 tcontext=u:r:untrusted_app:s0:c250,c256,c512,c768 tclass=udp_socket permissive=0 app=polarmods.patcher
02-16 00:00:03.283 2724 2795 E IMGSRV : :473: glClientWaitSync: Expected application to have kicked everything until job: 15744 (possibly by calling glFlush)
02-16 00:00:03.297 2724 2795 E IMGSRV : :473: glClientWaitSync: Expected application to have kicked everything until job: 15746 (possibly by calling glFlush)
02-16 00:00:03.333 2724 2795 E IMGSRV : :473: glClientWaitSync: Expected application to have kicked everything until job: 15748 (possibly by calling glFlush)
02-16 00:00:03.361 2724 2795 E IMGSRV : :473: glClientWaitSync: Expected application to have kicked everything until job: 15750 (possibly by calling glFlush)
02-16 00:00:03.396 2724 2795 E IMGSRV : :473: glClientWaitSync: Expected application to have kicked everything until job: 15752 (possibly by calling glFlush)
02-16 00:00:03.432 2724 2795 E IMGSRV : :473: glClientWaitSync: Expected application to have kicked everything until job: 15754 (possibly by calling glFlush)
02-16 00:00:03.462 2724 2795 E IMGSRV : :473: glClientWaitSync: Expected application to have kicked everything until job: 15756 (possibly by calling glFlush)
02-16 00:00:03.495 2724 2795 E IMGSRV : :473: glClientWaitSync: Expected application to have kicked everything until job: 15758 (possibly by calling glFlush)
02-16 00:00:03.528 2724 2795 E IMGSRV : :473: glClientWaitSync: Expected application to have kicked everything until job: 15760 (possibly by calling glFlush)
02-16 00:00:03.597 2724 2795 E IMGSRV : :473: glClientWaitSync: Expected application to have kicked everything until job: 15765 (possibly by calling glFlush)
02-16 00:00:03.629 2724 2795 E IMGSRV : :473: glClientWaitSync: Expected application to have kicked everything until job: 15767 (possibly by calling glFlush)
02-16 00:00:03.662 2724 2795 E IMGSRV : :473: glClientWaitSync: Expected application to have kicked everything until job: 15769 (possibly by calling glFlush)
02-16 00:00:03.696 2724 2795 E IMGSRV : :473: glClientWaitSync: Expected application to have kicked everything until job: 15771 (possibly by calling glFlush)
02-16 00:00:03.730 2724 2795 E IMGSRV : :473: glClientWaitSync: Expected application to have kicked everything until job: 15773 (possibly by calling glFlush)
02-16 00:00:03.760 2724 2795 E IMGSRV : :473: glClientWaitSync: Expected application to have kicked everything until job: 15775 (possibly by calling glFlush)
02-16 00:00:03.794 2724 2795 E IMGSRV : :473: glClientWaitSync: Expected application to have kicked everything until job: 15777 (possibly by calling glFlush)
02-16 00:00:03.828 2724 2795 E IMGSRV : :473: glClientWaitSync: Expected application to have kicked everything until job: 15779 (possibly by calling glFlush)
02-16 00:00:03.860 2724 2795 E IMGSRV : :473: glClientWaitSync: Expected application to have kicked everything until job: 15781 (possibly by calling glFlush)
02-16 00:00:03.927 2724 2795 E IMGSRV : :473: glClientWaitSync: Expected application to have kicked everything until job: 15786 (possibly by calling glFlush)
02-16 00:00:03.960 2724 2795 E IMGSRV : :473: glClientWaitSync: Expected application to have kicked everything until job: 15788 (possibly by calling glFlush)
02-16 00:00:03.994 2724 2795 E IMGSRV : :473: glClientWaitSync: Expected application to have kicked everything until job: 15790 (possibly by calling glFlush)
02-16 00:00:04.028 2724 2795 E IMGSRV : :473: glClientWaitSync: Expected application to have kicked everything until job: 15792 (possibly by calling glFlush)
02-16 00:00:04.062 2724 2795 E IMGSRV : :473: glClientWaitSync: Expected application to have kicked everything until job: 15794 (possibly by calling glFlush)
02-16 00:00:04.096 2724 2795 E IMGSRV : :473: glClientWaitSync: Expected application to have kicked everything until job: 15796 (possibly by calling glFlush)
02-16 00:00:04.129 2724 2795 E IMGSRV : :473: glClientWaitSync: Expected application to have kicked everything until job: 15798 (possibly by calling glFlush)
02-16 00:00:04.159 2724 2795 E IMGSRV : :473: glClientWaitSync: Expected application to have kicked everything until job: 15800 (possibly by calling glFlush)
02-16 00:00:04.196 2724 2795 E IMGSRV : :473: glClientWaitSync: Expected application to have kicked everything until job: 15802 (possibly by calling glFlush)
02-16 00:00:04.239 2724 2724 V MediaRouter: Selecting route: RouteInfo{ name=TWS, description=Audio Bluetooth, status=null, category=RouteCategory{ name=Sistema types=ROUTE_TYPE_LIVE_AUDIO ROUTE_TYPE_LIVE_VIDEO groupable=false }, supportedTypes=ROUTE_TYPE_LIVE_AUDIO , presentationDisplay=null }
02-16 00:00:04.259 2724 2795 E IMGSRV : :473: glClientWaitSync: Expected application to have kicked everything until job: 15807 (possibly by calling glFlush)
02-16 00:00:04.294 2724 2795 E IMGSRV : :473: glClientWaitSync: Expected application to have kicked everything until job: 15809 (possibly by calling glFlush)
02-16 00:00:04.328 2724 2795 E IMGSRV : :473: glClientWaitSync: Expected application to have kicked everything until job: 15811 (possibly by calling glFlush)
02-16 00:00:04.361 2724 2795 E IMGSRV : :473: glClientWaitSync: Expected application to have kicked everything until job: 15813 (possibly by calling glFlush)
02-16 00:00:04.393 2724 2795 E IMGSRV : :473: glClientWaitSync: Expected application to have kicked everything until job: 15815 (possibly by calling glFlush)
02-16 00:00:04.432 2724 2795 E IMGSRV : :473: glClientWaitSync: Expected application to have kicked everything until job: 15817 (possibly by calling glFlush)
02-16 00:00:04.459 2724 2795 E IMGSRV : :473: glClientWaitSync: Expected application to have kicked everything until job: 15819 (possibly by calling glFlush)
02-16 00:00:04.493 2724 2795 E IMGSRV : :473: glClientWaitSync: Expected application to have kicked everything until job: 15821 (possibly by calling glFlush)
02-16 00:00:04.755 2724 2795 E IMGSRV : :473: glClientWaitSync: Expected application to have kicked everything until job: 15823 (possibly by calling glFlush)
02-16 00:00:04.814 2724 2757 E Unity : NullReferenceException: Object reference not set to an instance of an object.
02-16 00:00:04.814 2724 2757 E Unity : at SkinLayer.IsPlayingRunAnim () [0x00000] in <00000000000000000000000000000000>:0
02-16 00:00:04.814 2724 2757 E Unity : at PlayerPhysics.HandleAnimation (System.Boolean amDead) [0x00000] in <00000000000000000000000000000000>:0
02-16 00:00:04.814 2724 2757 E Unity : at PlayerPhysics.FixedUpdate () [0x00000] in <00000000000000000000000000000000>:0
02-16 00:00:04.814 2724 2757 E Unity :
02-16 00:00:04.863 2724 2757 E Unity : NullReferenceException: Object reference not set to an instance of an object.
02-16 00:00:04.863 2724 2757 E Unity : at SkinLayer.IsPlayingRunAnim () [0x00000] in <00000000000000000000000000000000>:0
02-16 00:00:04.863 2724 2757 E Unity : at PlayerPhysics.HandleAnimation (System.Boolean amDead) [0x00000] in <00000000000000000000000000000000>:0
02-16 00:00:04.863 2724 2757 E Unity : at PlayerPhysics.FixedUpdate () [0x00000] in <00000000000000000000000000000000>:0
02-16 00:00:04.863 2724 2757 E Unity :
02-16 00:00:04.879 2724 2757 E Unity : NullReferenceException: Object reference not set to an instance of an object.
02-16 00:00:04.879 2724 2757 E Unity : at SkinLayer.IsPlayingRunAnim () [0x00000] in <00000000000000000000000000000000>:0
02-16 00:00:04.879 2724 2757 E Unity : at PlayerPhysics.HandleAnimation (System.Boolean amDead) [0x00000] in <00000000000000000000000000000000>:0
02-16 00:00:04.879 2724 2757 E Unity : at PlayerPhysics.FixedUpdate () [0x00000] in <00000000000000000000000000000000>:0
02-16 00:00:04.879 2724 2757 E Unity :
02-16 00:00:04.910 2724 2795 E IMGSRV : :473: glClientWaitSync: Expected application to have kicked everything until job: 15828 (possibly by calling glFlush)
02-16 00:00:04.915 2724 2757 E Unity : NullReferenceException: Object reference not set to an instance of an object.
02-16 00:00:04.915 2724 2757 E Unity : at SkinLayer.IsPlayingRunAnim () [0x00000] in <00000000000000000000000000000000>:0
02-16 00:00:04.915 2724 2757 E Unity : at PlayerPhysics.HandleAnimation (System.Boolean amDead) [0x00000] in <00000000000000000000000000000000>:0
02-16 00:00:04.915 2724 2757 E Unity : at PlayerPhysics.FixedUpdate () [0x00000] in <00000000000000000000000000000000>:0
02-16 00:00:04.915 2724 2757 E Unity :
02-16 00:00:04.930 2724 2757 E Unity : NullReferenceException: Object reference not set to an instance of an object.
02-16 00:00:04.930 2724 2757 E Unity : at SkinLayer.IsPlayingRunAnim () [0x00000] in <00000000000000000000000000000000>:0
02-16 00:00:04.930 2724 2757 E Unity : at PlayerPhysics.HandleAnimation (System.Boolean amDead) [0x00000] in <00000000000000000000000000000000>:0
02-16 00:00:04.930 2724 2757 E Unity : at PlayerPhysics.FixedUpdate () [0x00000] in <00000000000000000000000000000000>:0
02-16 00:00:04.930 2724 2757 E Unity :
02-16 00:00:04.969 2724 2795 E IMGSRV : :473: glClientWaitSync: Expected application to have kicked everything until job: 15830 (possibly by calling glFlush)
02-16 00:00:04.978 2724 2757 E Unity : NullReferenceException: Object reference not set to an instance of an object.
02-16 00:00:04.978 2724 2757 E Unity : at SkinLayer.IsPlayingRunAnim () [0x00000] in <00000000000000000000000000000000>:0
02-16 00:00:04.978 2724 2757 E Unity : at PlayerPhysics.HandleAnimation (System.Boolean amDead) [0x00000] in <00000000000000000000000000000000>:0
02-16 00:00:04.978 2724 2757 E Unity : at PlayerPhysics.FixedUpdate () [0x00000] in <00000000000000000000000000000000>:0
02-16 00:00:04.978 2724 2757 E Unity :
02-16 00:00:04.999 2724 2795 E IMGSRV : :473: glClientWaitSync: Expected application to have kicked everything until job: 15832 (possibly by calling glFlush)
02-16 00:00:05.007 2724 2757 E Unity : NullReferenceException: Object reference not set to an instance of an object.
02-16 00:00:05.007 2724 2757 E Unity : at SkinLayer.IsPlayingRunAnim () [0x00000] in <00000000000000000000000000000000>:0
02-16 00:00:05.007 2724 2757 E Unity : at PlayerPhysics.HandleAnimation (System.Boolean amDead) [0x00000] in <00000000000000000000000000000000>:0
02-16 00:00:05.007 2724 2757 E Unity : at PlayerPhysics.FixedUpdate () [0x00000] in <00000000000000000000000000000000>:0
02-16 00:00:05.007 2724 2757 E Unity :
02-16 00:00:05.029 2724 2795 E IMGSRV : :473: glClientWaitSync: Expected application to have kicked everything until job: 15834 (possibly by calling glFlush)
02-16 00:00:05.038 2724 2757 E Unity : NullReferenceException: Object reference not set to an instance of an object.
02-16 00:00:05.038 2724 2757 E Unity : at SkinLayer.IsPlayingRunAnim () [0x00000] in <00000000000000000000000000000000>:0
02-16 00:00:05.038 2724 2757 E Unity : at PlayerPhysics.HandleAnimation (System.Boolean amDead) [0x00000] in <00000000000000000000000000000000>:0
02-16 00:00:05.038 2724 2757 E Unity : at PlayerPhysics.FixedUpdate () [0x00000] in <00000000000000000000000000000000>:0
02-16 00:00:05.038 2724 2757 E Unity :
02-16 00:00:05.059 2724 2795 E IMGSRV : :473: glClientWaitSync: Expected application to have kicked everything until job: 15836 (possibly by calling glFlush)
