02-16 00:05:37.450 2724 2724 I AssistStructure: Flattened final assist data: 1148 bytes, containing 3 windows, 6 views
02-16 00:05:37.481 2724 2795 E IMGSRV : :473: glClientWaitSync: Expected application to have kicked everything until job: 33268 (possibly by calling glFlush)
02-16 00:05:37.488 2724 2724 D IMGGralloc: Gralloc Register w:1585, h:228, f:0x1, usage:0x966, ui64Stamp:2014331, sSize:1536000, line = 2335
02-16 00:05:37.504 2724 2724 D IMGGralloc: Gralloc Free w:1557, h:720, f:0x1, usage:0x966, ui64Stamp:2013739 line = 2441
02-16 00:05:37.509 2724 2724 D IMGGralloc: Gralloc Register w:1473, h:673, f:0x1, usage:0x966, ui64Stamp:2014336, sSize:4096000, line = 2335
02-16 00:05:37.552 2724 2795 E IMGSRV : :473: glClientWaitSync: Expected application to have kicked everything until job: 33270 (possibly by calling glFlush)
02-16 00:05:37.630 2724 2795 E IMGSRV : :473: glClientWaitSync: Expected application to have kicked everything until job: 33272 (possibly by calling glFlush)
02-16 00:05:37.686 2724 2795 E IMGSRV : :473: glClientWaitSync: Expected application to have kicked everything until job: 33274 (possibly by calling glFlush)
02-16 00:05:37.778 2724 2758 D IMGGralloc: Gralloc Free w:673, h:1473, f:0x1, usage:0xb00, ui64Stamp:2014311 line = 2441
02-16 00:05:37.778 2724 2758 D IMGGralloc: Gralloc Free w:673, h:1473, f:0x1, usage:0xb00, ui64Stamp:2014320 line = 2441
02-16 00:05:37.779 2724 2758 D IMGGralloc: Gralloc Free w:673, h:1473, f:0x1, usage:0xb00, ui64Stamp:2014327 line = 2441
02-16 00:05:37.801 2724 2758 D IMGGralloc: Gralloc Register w:300, h:1473, f:0x1, usage:0xb00, ui64Stamp:2014372, sSize:1810432, line = 2335
02-16 00:05:37.808 2724 2758 D IMGGralloc: Gralloc Register w:300, h:1473, f:0x1, usage:0xb00, ui64Stamp:2014380, sSize:1810432, line = 2335
02-16 00:05:37.810 2724 2724 D IMGGralloc: Gralloc Free w:1557, h:720, f:0x1, usage:0x966, ui64Stamp:2013743 line = 2441
02-16 00:05:37.810 2724 2724 D IMGGralloc: Gralloc Register w:1473, h:300, f:0x1, usage:0x966, ui64Stamp:2014384, sSize:1810432, line = 2335
02-16 00:05:37.828 2724 2758 D IMGGralloc: Gralloc Register w:300, h:1473, f:0x1, usage:0xb00, ui64Stamp:2014388, sSize:1810432, line = 2335
02-16 00:05:37.835 2724 2795 E IMGSRV : :473: glClientWaitSync: Expected application to have kicked everything until job: 33279 (possibly by calling glFlush)
02-16 00:05:37.844 2724 2724 D IMGGralloc: Gralloc Free w:1473, h:673, f:0x1, usage:0x966, ui64Stamp:2014323 line = 2441
02-16 00:05:37.844 2724 2724 D IMGGralloc: Gralloc Register w:1473, h:300, f:0x1, usage:0x966, ui64Stamp:2014392, sSize:1810432, line = 2335
02-16 00:05:37.863 2724 2724 D IMGGralloc: Gralloc Free w:1473, h:673, f:0x1, usage:0x966, ui64Stamp:2014336 line = 2441
02-16 00:05:37.864 2724 2724 D IMGGralloc: Gralloc Register w:1473, h:300, f:0x1, usage:0x966, ui64Stamp:2014397, sSize:1810432, line = 2335
02-16 00:05:37.891 2724 2795 E IMGSRV : :473: glClientWaitSync: Expected application to have kicked everything until job: 33281 (possibly by calling glFlush)
02-16 00:05:37.935 2724 2795 E IMGSRV : :473: glClientWaitSync: Expected application to have kicked everything until job: 33283 (possibly by calling glFlush)
02-16 00:05:37.974 2724 2795 E IMGSRV : :473: glClientWaitSync: Expected application to have kicked everything until job: 33285 (possibly by calling glFlush)
02-16 00:05:38.018 2724 2795 E IMGSRV : :473: glClientWaitSync: Expected application to have kicked everything until job: 33287 (possibly by calling glFlush)
02-16 00:05:38.054 2724 2795 E IMGSRV : :473: glClientWaitSync: Expected application to have kicked everything until job: 33289 (possibly by calling glFlush)
02-16 00:05:38.101 2724 2795 E IMGSRV : :473: glClientWaitSync: Expected application to have kicked everything until job: 33291 (possibly by calling glFlush)
02-16 00:05:38.134 2724 2795 E IMGSRV : :473: glClientWaitSync: Expected application to have kicked everything until job: 33293 (possibly by calling glFlush)
02-16 00:05:38.171 2724 2795 E IMGSRV : :473: glClientWaitSync: Expected application to have kicked everything until job: 33295 (possibly by calling glFlush)
02-16 00:05:38.268 2724 2795 E IMGSRV : :473: glClientWaitSync: Expected application to have kicked everything until job: 33300 (possibly by calling glFlush)
02-16 00:05:38.320 2724 2795 E IMGSRV : :473: glClientWaitSync: Expected application to have kicked everything until job: 33302 (possibly by calling glFlush)
02-16 00:05:38.381 2724 2795 E IMGSRV : :473: glClientWaitSync: Expected application to have kicked everything until job: 33304 (possibly by calling glFlush)
02-16 00:05:38.442 2724 2795 E IMGSRV : :473: glClientWaitSync: Expected application to have kicked everything until job: 33306 (possibly by calling glFlush)
02-16 00:05:38.509 2724 2795 E IMGSRV : :473: glClientWaitSync: Expected application to have kicked everything until job: 33308 (possibly by calling glFlush)
02-16 00:05:38.588 2724 2795 E IMGSRV : :473: glClientWaitSync: Expected application to have kicked everything until job: 33310 (possibly by calling glFlush)
02-16 00:05:38.642 2724 2795 E IMGSRV : :473: glClientWaitSync: Expected application to have kicked everything until job: 33312 (possibly by calling glFlush)
02-16 00:05:38.690 2724 2795 E IMGSRV : :473: glClientWaitSync: Expected application to have kicked everything until job: 33314 (possibly by calling glFlush)
02-16 00:05:38.739 2724 2795 E IMGSRV : :473: glClientWaitSync: Expected application to have kicked everything until job: 33316 (possibly by calling glFlush)
02-16 00:05:38.830 2724 2795 E IMGSRV : :473: glClientWaitSync: Expected application to have kicked everything until job: 33321 (possibly by calling glFlush)
02-16 00:05:38.881 2724 2795 E IMGSRV : :473: glClientWaitSync: Expected application to have kicked everything until job: 33323 (possibly by calling glFlush)
02-16 00:05:38.932 2724 2795 E IMGSRV : :473: glClientWaitSync: Expected application to have kicked everything until job: 33325 (possibly by calling glFlush)
02-16 00:05:38.971 2724 2795 E IMGSRV : :473: glClientWaitSync: Expected application to have kicked everything until job: 33327 (possibly by calling glFlush)
02-16 00:05:39.019 2724 2795 E IMGSRV : :473: glClientWaitSync: Expected application to have kicked everything until job: 33329 (possibly by calling glFlush)
02-16 00:05:39.062 2724 2795 E IMGSRV : :473: glClientWaitSync: Expected application to have kicked everything until job: 33331 (possibly by calling glFlush)
02-16 00:05:39.107 2724 2795 E IMGSRV : :473: glClientWaitSync: Expected application to have kicked everything until job: 33333 (possibly by calling glFlush)
02-16 00:05:39.139 2724 2795 E IMGSRV : :473: glClientWaitSync: Expected application to have kicked everything until job: 33335 (possibly by calling glFlush)
02-16 00:05:39.182 2724 2795 E IMGSRV : :473: glClientWaitSync: Expected application to have kicked everything until job: 33337 (possibly by calling glFlush)
02-16 00:05:39.278 2724 2795 E IMGSRV : :473: glClientWaitSync: Expected application to have kicked everything until job: 33342 (possibly by calling glFlush)
02-16 00:05:39.326 2724 2795 E IMGSRV : :473: glClientWaitSync: Expected application to have kicked everything until job: 33344 (possibly by calling glFlush)
02-16 00:05:39.370 2724 2795 E IMGSRV : :473: glClientWaitSync: Expected application to have kicked everything until job: 33346 (possibly by calling glFlush)
02-16 00:05:39.405 2724 2795 E IMGSRV : :473: glClientWaitSync: Expected application to have kicked everything until job: 33348 (possibly by calling glFlush)
02-16 00:05:39.441 2724 2795 E IMGSRV : :473: glClientWaitSync: Expected application to have kicked everything until job: 33350 (possibly by calling glFlush)
02-16 00:05:39.485 2724 2795 E IMGSRV : :473: glClientWaitSync: Expected application to have kicked everything until job: 33352 (possibly by calling glFlush)
02-16 00:05:39.527 2724 2795 E IMGSRV : :473: glClientWaitSync: Expected application to have kicked everything until job: 33354 (possibly by calling glFlush)
02-16 00:05:39.573 2724 2795 E IMGSRV : :473: glClientWaitSync: Expected application to have kicked everything until job: 33356 (possibly by calling glFlush)
02-16 00:05:39.623 2724 2795 E IMGSRV : :473: glClientWaitSync: Expected application to have kicked everything until job: 33358 (possibly by calling glFlush)
02-16 00:05:39.715 2724 2795 E IMGSRV : :473: glClientWaitSync: Expected application to have kicked everything until job: 33363 (possibly by calling glFlush)
02-16 00:05:39.760 2724 2795 E IMGSRV : :473: glClientWaitSync: Expected application to have kicked everything until job: 33365 (possibly by calling glFlush)
02-16 00:05:39.797 2724 2795 E IMGSRV : :473: glClientWaitSync: Expected application to have kicked everything until job: 33367 (possibly by calling glFlush)
02-16 00:05:39.840 2724 2795 E IMGSRV : :473: glClientWaitSync: Expected application to have kicked everything until job: 33369 (possibly by calling glFlush)
02-16 00:05:39.876 2724 2795 E IMGSRV : :473: glClientWaitSync: Expected application to have kicked everything until job: 33371 (possibly by calling glFlush)
02-16 00:05:39.930 2724 2795 E IMGSRV : :473: glClientWaitSync: Expected application to have kicked everything until job: 33373 (possibly by calling glFlush)
02-16 00:05:39.976 2724 2795 E IMGSRV : :473: glClientWaitSync: Expected application to have kicked everything until job: 33375 (possibly by calling glFlush)
02-16 00:05:40.042 2724 2795 E IMGSRV : :473: glClientWaitSync: Expected application to have kicked everything until job: 33377 (possibly by calling glFlush)
02-16 00:05:40.090 2724 2795 E IMGSRV : :473: glClientWaitSync: Expected application to have kicked everything until job: 33379 (possibly by calling glFlush)
02-16 00:05:40.176 2724 2795 E IMGSRV : :473: glClientWaitSync: Expected application to have kicked everything until job: 33384 (possibly by calling glFlush)
02-16 00:05:40.209 2724 2795 E IMGSRV : :473: glClientWaitSync: Expected application to have kicked everything until job: 33386 (possibly by calling glFlush)
02-16 00:05:40.272 2724 2795 E IMGSRV : :473: glClientWaitSync: Expected application to have kicked everything until job: 33388 (possibly by calling glFlush)
02-16 00:05:40.318 2724 2795 E IMGSRV : :473: glClientWaitSync: Expected application to have kicked everything until job: 33390 (possibly by calling glFlush)
02-16 00:05:40.359 2724 2795 E IMGSRV : :473: glClientWaitSync: Expected application to have kicked everything until job: 33392 (possibly by calling glFlush)
02-16 00:05:40.405 2724 2795 E IMGSRV : :473: glClientWaitSync: Expected application to have kicked everything until job: 33394 (possibly by calling glFlush)
02-16 00:05:40.437 2724 2795 E IMGSRV : :473: glClientWaitSync: Expected application to have kicked everything until job: 33396 (possibly by calling glFlush)
02-16 00:05:40.475 2724 2795 E IMGSRV : :473: glClientWaitSync: Expected application to have kicked everything until job: 33398 (possibly by calling glFlush)
02-16 00:05:40.518 2724 2795 E IMGSRV : :473: glClientWaitSync: Expected application to have kicked everything until job: 33400 (possibly by calling glFlush)
02-16 00:05:40.592 2724 2795 E IMGSRV : :473: glClientWaitSync: Expected application to have kicked everything until job: 33405 (possibly by calling glFlush)
02-16 00:05:40.636 2724 2795 E IMGSRV : :473: glClientWaitSync: Expected application to have kicked everything until job: 33407 (possibly by calling glFlush)
02-16 00:05:40.672 2724 2795 E IMGSRV : :473: glClientWaitSync: Expected application to have kicked everything until job: 33409 (possibly by calling glFlush)
02-16 00:05:40.715 2724 2795 E IMGSRV : :473: glClientWaitSync: Expected application to have kicked everything until job: 33411 (possibly by calling glFlush)
02-16 00:05:40.729 2724 2724 D IMGGralloc: Gralloc Free w:1585, h:228, f:0x1, usage:0x966, ui64Stamp:2014331 line = 2441
02-16 00:05:40.730 2724 2724 D IMGGralloc: Gralloc Free w:1585, h:228, f:0x1, usage:0x966, ui64Stamp:2014302 line = 2441
02-16 00:05:40.748 2724 2724 W IInputConnectionWrapper: getTextBeforeCursor on inactive InputConnection
02-16 00:05:40.752 2724 2724 W IInputConnectionWrapper: getTextAfterCursor on inactive InputConnection
02-16 00:05:40.756 2724 2724 W IInputConnectionWrapper: getSelectedText on inactive InputConnection
02-16 00:05:40.780 2724 2795 E IMGSRV : :473: glClientWaitSync: Expected application to have kicked everything until job: 33413 (possibly by calling glFlush)
02-16 00:05:40.835 2724 2795 E IMGSRV : :473: glClientWaitSync: Expected application to have kicked everything until job: 33415 (possibly by calling glFlush)
02-16 00:05:40.858 2724 2758 D IMGGralloc: Gralloc Free w:300, h:1473, f:0x1, usage:0xb00, ui64Stamp:2014372 line = 2441
02-16 00:05:40.858 2724 2758 D IMGGralloc: Gralloc Free w:300, h:1473, f:0x1, usage:0xb00, ui64Stamp:2014380 line = 2441
02-16 00:05:40.859 2724 2758 D IMGGralloc: Gralloc Free w:300, h:1473, f:0x1, usage:0xb00, ui64Stamp:2014388 line = 2441
02-16 00:05:40.867 2724 2758 D IMGGralloc: Gralloc Register w:720, h:1557, f:0x1, usage:0xb00, ui64Stamp:2014570, sSize:4517888, line = 2335
02-16 00:05:40.878 2724 2795 E IMGSRV : :473: glClientWaitSync: Expected application to have kicked everything until job: 33417 (possibly by calling glFlush)
02-16 00:05:40.879 2724 2758 D IMGGralloc: Gralloc Register w:720, h:1557, f:0x1, usage:0xb00, ui64Stamp:2014580, sSize:4517888, line = 2335
02-16 00:05:40.888 2724 2724 D IMGGralloc: Gralloc Free w:1473, h:300, f:0x1, usage:0x966, ui64Stamp:2014384 line = 2441
02-16 00:05:40.888 2724 2724 D IMGGralloc: Gralloc Register w:1557, h:720, f:0x1, usage:0x966, ui64Stamp:2014584, sSize:4517888, line = 2335
02-16 00:05:40.896 2724 2758 D IMGGralloc: Gralloc Register w:720, h:1557, f:0x1, usage:0xb00, ui64Stamp:2014589, sSize:4517888, line = 2335
02-16 00:05:40.903 2724 2724 D IMGGralloc: Gralloc Free w:1473, h:300, f:0x1, usage:0x966, ui64Stamp:2014392 line = 2441
02-16 00:05:40.904 2724 2724 D IMGGralloc: Gralloc Register w:1557, h:720, f:0x1, usage:0x966, ui64Stamp:2014592, sSize:4517888, line = 2335
02-16 00:05:40.943 2724 2724 D IMGGralloc: Gralloc Free w:1473, h:300, f:0x1, usage:0x966, ui64Stamp:2014397 line = 2441
02-16 00:05:40.943 2724 2724 D IMGGralloc: Gralloc Register w:1557, h:720, f:0x1, usage:0x966, ui64Stamp:2014597, sSize:4517888, line = 2335
02-16 00:05:40.952 2724 2724 W IInputConnectionWrapper: requestCursorAnchorInfo on inactive InputConnection
02-16 00:05:40.965 2724 2795 E IMGSRV : :473: glClientWaitSync: Expected application to have kicked everything until job: 33419 (possibly by calling glFlush)
02-16 00:05:41.010 2724 2795 E IMGSRV : :473: glClientWaitSync: Expected application to have kicked everything until job: 33421 (possibly by calling glFlush)
02-16 00:05:41.137 2724 2795 E IMGSRV : :473: glClientWaitSync: Expected application to have kicked everything until job: 33426 (possibly by calling glFlush)
02-16 00:05:41.194 2724 2795 E IMGSRV : :473: glClientWaitSync: Expected application to have kicked everything until job: 33428 (possibly by calling glFlush)
02-16 00:05:41.262 2724 2795 E IMGSRV : :473: glClientWaitSync: Expected application to have kicked everything until job: 33430 (possibly by calling glFlush)
02-16 00:05:41.317 2724 2795 E IMGSRV : :473: glClientWaitSync: Expected application to have kicked everything until job: 33432 (possibly by calling glFlush)
02-16 00:05:41.360 2724 2795 E IMGSRV : :473: glClientWaitSync: Expected application to have kicked everything until job: 33434 (possibly by calling glFlush)
02-16 00:05:41.421 2724 2795 E IMGSRV : :473: glClientWaitSync: Expected application to have kicked everything until job: 33436 (possibly by calling glFlush)
02-16 00:05:41.464 2724 2795 E IMGSRV : :473: glClientWaitSync: Expected application to have kicked everything until job: 33438 (possibly by calling glFlush)
02-16 00:05:41.509 2724 2795 E IMGSRV : :473: glClientWaitSync: Expected application to have kicked everything until job: 33440 (possibly by calling glFlush)
02-16 00:05:41.548 2724 2795 E IMGSRV : :473: glClientWaitSync: Expected application to have kicked everything until job: 33442 (possibly by calling glFlush)
02-16 00:05:41.622 2724 2795 E IMGSRV : :473: glClientWaitSync: Expected application to have kicked everything until job: 33447 (possibly by calling glFlush)
02-16 00:05:41.659 2724 2795 E IMGSRV : :473: glClientWaitSync: Expected application to have kicked everything until job: 33449 (possibly by calling glFlush)
02-16 00:05:41.699 2724 2795 E IMGSRV : :473: glClientWaitSync: Expected application to have kicked everything until job: 33451 (possibly by calling glFlush)
02-16 00:05:41.735 2724 2795 E IMGSRV : :473: glClientWaitSync: Expected application to have kicked everything until job: 33453 (possibly by calling glFlush)
02-16 00:05:41.773 2724 2795 E IMGSRV : :473: glClientWaitSync: Expected application to have kicked everything until job: 33455 (possibly by calling glFlush)
02-16 00:05:41.810 2724 2795 E IMGSRV : :473: glClientWaitSync: Expected application to have kicked everything until job: 33457 (possibly by calling glFlush)
02-16 00:05:41.845 2724 2795 E IMGSRV : :473: glClientWaitSync: Expected application to have kicked everything until job: 33459 (possibly by calling glFlush)
02-16 00:05:41.884 2724 2795 E IMGSRV : :473: glClientWaitSync: Expected application to have kicked everything until job: 33461 (possibly by calling glFlush)
02-16 00:05:41.925 2724 2795 E IMGSRV : :473: glClientWaitSync: Expected application to have kicked everything until job: 33463 (possibly by calling glFlush)
02-16 00:05:42.036 2724 2795 E IMGSRV : :473: glClientWaitSync: Expected application to have kicked everything until job: 33468 (possibly by calling glFlush)
02-16 00:05:42.073 2724 2795 E IMGSRV : :473: glClientWaitSync: Expected application to have kicked everything until job: 33470 (possibly by calling glFlush)
02-16 00:05:42.111 2724 2795 E IMGSRV : :473: glClientWaitSync: Expected application to have kicked everything until job: 33472 (possibly by calling glFlush)
02-16 00:05:42.153 2724 2795 E IMGSRV : :473: glClientWaitSync: Expected application to have kicked everything until job: 33474 (possibly by calling glFlush)
02-16 00:05:42.192 2724 2795 E IMGSRV : :473: glClientWaitSync: Expected application to have kicked everything until job: 33476 (possibly by calling glFlush)
02-16 00:05:42.232 2724 2795 E IMGSRV : :473: glClientWaitSync: Expected application to have kicked everything until job: 33478 (possibly by calling glFlush)
02-16 00:05:42.271 2724 2795 E IMGSRV : :473: glClientWaitSync: Expected application to have kicked everything until job: 33480 (possibly by calling glFlush)
02-16 00:05:42.306 2724 2795 E IMGSRV : :473: glClientWaitSync: Expected application to have kicked everything until job: 33482 (possibly by calling glFlush)
02-16 00:05:42.349 2724 2795 E IMGSRV : :473: glClientWaitSync: Expected application to have kicked everything until job: 33484 (possibly by calling glFlush)
02-16 00:05:42.425 2724 2795 E IMGSRV : :473: glClientWaitSync: Expected application to have kicked everything until job: 33489 (possibly by calling glFlush)
02-16 00:05:42.463 2724 2795 E IMGSRV : :473: glClientWaitSync: Expected application to have kicked everything until job: 33491 (possibly by calling glFlush)
02-16 00:05:42.505 2724 2795 E IMGSRV : :473: glClientWaitSync: Expected application to have kicked everything until job: 33493 (possibly by calling glFlush)
02-16 00:05:42.539 2724 2795 E IMGSRV : :473: glClientWaitSync: Expected application to have kicked everything until job: 33495 (possibly by calling glFlush)
02-16 00:05:42.584 2724 2795 E IMGSRV : :473: glClientWaitSync: Expected application to have kicked everything until job: 33497 (possibly by calling glFlush)
02-16 00:05:42.625 2724 2724 E Dialog : show dialog view=DecorView@d54c49b[EosUnityPlayerActivity]
02-16 00:05:42.634 2724 2795 E IMGSRV : :473: glClientWaitSync: Expected application to have kicked everything until job: 33499 (possibly by calling glFlush)
02-16 00:05:42.675 2724 2724 D IMGGralloc: Gralloc Register w:1585, h:228, f:0x1, usage:0x966, ui64Stamp:2014708, sSize:1536000, line = 2335
02-16 00:05:42.711 2724 2795 E IMGSRV : :473: glClientWaitSync: Expected application to have kicked everything until job: 33501 (possibly by calling glFlush)
02-16 00:05:42.756 2724 2758 D IMGGralloc: Gralloc Free w:720, h:1557, f:0x1, usage:0xb00, ui64Stamp:2014570 line = 2441
02-16 00:05:42.757 2724 2758 D IMGGralloc: Gralloc Free w:720, h:1557, f:0x1, usage:0xb00, ui64Stamp:2014580 line = 2441
02-16 00:05:42.757 2724 2758 D IMGGralloc: Gralloc Free w:720, h:1557, f:0x1, usage:0xb00, ui64Stamp:2014589 line = 2441
02-16 00:05:42.768 2724 2758 D IMGGralloc: Gralloc Register w:673, h:1473, f:0x1, usage:0xb00, ui64Stamp:2014717, sSize:4096000, line = 2335
02-16 00:05:42.778 2724 2758 D IMGGralloc: Gralloc Register w:673, h:1473, f:0x1, usage:0xb00, ui64Stamp:2014726, sSize:4096000, line = 2335
02-16 00:05:42.778 2724 2795 E IMGSRV : :473: glClientWaitSync: Expected application to have kicked everything until job: 33503 (possibly by calling glFlush)
02-16 00:05:42.782 2724 2724 D IMGGralloc: Gralloc Free w:1557, h:720, f:0x1, usage:0x966, ui64Stamp:2014584 line = 2441
02-16 00:05:42.784 2724 2724 D IMGGralloc: Gralloc Register w:1473, h:673, f:0x1, usage:0x966, ui64Stamp:2014730, sSize:4096000, line = 2335
02-16 00:05:42.792 2724 2758 D IMGGralloc: Gralloc Register w:673, h:1473, f:0x1, usage:0xb00, ui64Stamp:2014734, sSize:4096000, line = 2335
02-16 00:05:42.805 2724 2724 I AssistStructure: Flattened final assist data: 1148 bytes, containing 3 windows, 6 views
02-16 00:05:42.829 2724 2724 D IMGGralloc: Gralloc Register w:1585, h:228, f:0x1, usage:0x966, ui64Stamp:2014738, sSize:1536000, line = 2335
02-16 00:05:42.853 2724 2795 E IMGSRV : :473: glClientWaitSync: Expected application to have kicked everything until job: 33505 (possibly by calling glFlush)
02-16 00:05:42.855 2724 2724 D IMGGralloc: Gralloc Free w:1557, h:720, f:0x1, usage:0x966, ui64Stamp:2014592 line = 2441
02-16 00:05:42.856 2724 2724 D IMGGralloc: Gralloc Register w:1473, h:673, f:0x1, usage:0x966, ui64Stamp:2014742, sSize:4096000, line = 2335
02-16 00:05:43.037 2724 2795 E IMGSRV : :473: glClientWaitSync: Expected application to have kicked everything until job: 33510 (possibly by calling glFlush)
02-16 00:05:43.118 2724 2795 E IMGSRV : :473: glClientWaitSync: Expected application to have kicked everything until job: 33512 (possibly by calling glFlush)
02-16 00:05:43.193 2724 2795 E IMGSRV : :473: glClientWaitSync: Expected application to have kicked everything until job: 33514 (possibly by calling glFlush)
02-16 00:05:43.219 2724 2758 D IMGGralloc: Gralloc Free w:673, h:1473, f:0x1, usage:0xb00, ui64Stamp:2014717 line = 2441
02-16 00:05:43.219 2724 2758 D IMGGralloc: Gralloc Free w:673, h:1473, f:0x1, usage:0xb00, ui64Stamp:2014726 line = 2441
02-16 00:05:43.219 2724 2758 D IMGGralloc: Gralloc Free w:673, h:1473, f:0x1, usage:0xb00, ui64Stamp:2014734 line = 2441
02-16 00:05:43.228 2724 2758 D IMGGralloc: Gralloc Register w:300, h:1473, f:0x1, usage:0xb00, ui64Stamp:2014787, sSize:1810432, line = 2335
02-16 00:05:43.238 2724 2758 D IMGGralloc: Gralloc Register w:300, h:1473, f:0x1, usage:0xb00, ui64Stamp:2014795, sSize:1810432, line = 2335
02-16 00:05:43.240 2724 2724 D IMGGralloc: Gralloc Free w:1557, h:720, f:0x1, usage:0x966, ui64Stamp:2014597 line = 2441
02-16 00:05:43.241 2724 2724 D IMGGralloc: Gralloc Register w:1473, h:300, f:0x1, usage:0x966, ui64Stamp:2014799, sSize:1810432, line = 2335
02-16 00:05:43.249 2724 2758 D IMGGralloc: Gralloc Register w:300, h:1473, f:0x1, usage:0xb00, ui64Stamp:2014804, sSize:1810432, line = 2335
02-16 00:05:43.259 2724 2724 D IMGGralloc: Gralloc Free w:1473, h:673, f:0x1, usage:0x966, ui64Stamp:2014730 line = 2441
02-16 00:05:43.260 2724 2724 D IMGGralloc: Gralloc Register w:1473, h:300, f:0x1, usage:0x966, ui64Stamp:2014808, sSize:1810432, line = 2335
02-16 00:05:43.272 2724 2795 E IMGSRV : :473: glClientWaitSync: Expected application to have kicked everything until job: 33516 (possibly by calling glFlush)
02-16 00:05:43.277 2724 2724 D IMGGralloc: Gralloc Free w:1473, h:673, f:0x1, usage:0x966, ui64Stamp:2014742 line = 2441
02-16 00:05:43.278 2724 2724 D IMGGralloc: Gralloc Register w:1473, h:300, f:0x1, usage:0x966, ui64Stamp:2014812, sSize:1810432, line = 2335
02-16 00:05:43.336 2724 2795 E IMGSRV : :473: glClientWaitSync: Expected application to have kicked everything until job: 33518 (possibly by calling glFlush)
02-16 00:05:43.399 2724 2795 E IMGSRV : :473: glClientWaitSync: Expected application to have kicked everything until job: 33520 (possibly by calling glFlush)
02-16 00:05:43.455 2724 2795 E IMGSRV : :473: glClientWaitSync: Expected application to have kicked everything until job: 33522 (possibly by calling glFlush)
02-16 00:05:43.491 2724 2795 E IMGSRV : :473: glClientWaitSync: Expected application to have kicked everything until job: 33524 (possibly by calling glFlush)
02-16 00:05:43.537 2724 2795 E IMGSRV : :473: glClientWaitSync: Expected application to have kicked everything until job: 33526 (possibly by calling glFlush)
02-16 00:05:43.657 2724 2795 E IMGSRV : :473: glClientWaitSync: Expected application to have kicked everything until job: 33531 (possibly by calling glFlush)
02-16 00:05:43.714 2724 2795 E IMGSRV : :473: glClientWaitSync: Expected application to have kicked everything until job: 33533 (possibly by calling glFlush)
02-16 00:05:43.758 2724 2795 E IMGSRV : :473: glClientWaitSync: Expected application to have kicked everything until job: 33535 (possibly by calling glFlush)
02-16 00:05:43.811 2724 2795 E IMGSRV : :473: glClientWaitSync: Expected application to have kicked everything until job: 33537 (possibly by calling glFlush)
02-16 00:05:43.853 2724 2795 E IMGSRV : :473: glClientWaitSync: Expected application to have kicked everything until job: 33539 (possibly by calling glFlush)
02-16 00:05:43.933 2724 2795 E IMGSRV : :473: glClientWaitSync: Expected application to have kicked everything until job: 33541 (possibly by calling glFlush)
02-16 00:05:43.989 2724 2795 E IMGSRV : :473: glClientWaitSync: Expected application to have kicked everything until job: 33543 (possibly by calling glFlush)
02-16 00:05:44.026 2724 2795 E IMGSRV : :473: glClientWaitSync: Expected application to have kicked everything until job: 33545 (possibly by calling glFlush)
02-16 00:05:44.071 2724 2795 E IMGSRV : :473: glClientWaitSync: Expected application to have kicked everything until job: 33547 (possibly by calling glFlush)
02-16 00:05:44.181 2724 2795 E IMGSRV : :473: glClientWaitSync: Expected application to have kicked everything until job: 33552 (possibly by calling glFlush)
02-16 00:05:44.228 2724 2795 E IMGSRV : :473: glClientWaitSync: Expected application to have kicked everything until job: 33554 (possibly by calling glFlush)
02-16 00:05:44.270 2724 2795 E IMGSRV : :473: glClientWaitSync: Expected application to have kicked everything until job: 33556 (possibly by calling glFlush)
02-16 00:05:44.309 2724 2795 E IMGSRV : :473: glClientWaitSync: Expected application to have kicked everything until job: 33558 (possibly by calling glFlush)
02-16 00:05:44.352 2724 2795 E IMGSRV : :473: glClientWaitSync: Expected application to have kicked everything until job: 33560 (possibly by calling glFlush)
02-16 00:05:44.389 2724 2795 E IMGSRV : :473: glClientWaitSync: Expected application to have kicked everything until job: 33562 (possibly by calling glFlush)
02-16 00:05:44.423 2724 2795 E IMGSRV : :473: glClientWaitSync: Expected application to have kicked everything until job: 33564 (possibly by calling glFlush)
02-16 00:05:44.461 2724 2795 E IMGSRV : :473: glClientWaitSync: Expected application to have kicked everything until job: 33566 (possibly by calling glFlush)
02-16 00:05:44.518 2724 2795 E IMGSRV : :473: glClientWaitSync: Expected application to have kicked everything until job: 33568 (possibly by calling glFlush)
02-16 00:05:44.619 2724 2795 E IMGSRV : :473: glClientWaitSync: Expected application to have kicked everything until job: 33573 (possibly by calling glFlush)
02-16 00:05:44.678 2724 2795 E IMGSRV : :473: glClientWaitSync: Expected application to have kicked everything until job: 33575 (possibly by calling glFlush)
02-16 00:05:44.720 2724 2795 E IMGSRV : :473: glClientWaitSync: Expected application to have kicked everything until job: 33577 (possibly by calling glFlush)
02-16 00:05:44.764 2724 2795 E IMGSRV : :473: glClientWaitSync: Expected application to have kicked everything until job: 33579 (possibly by calling glFlush)
02-16 00:05:44.804 2724 2795 E IMGSRV : :473: glClientWaitSync: Expected application to have kicked everything until job: 33581 (possibly by calling glFlush)
02-16 00:05:44.853 2724 2795 E IMGSRV : :473: glClientWaitSync: Expected application to have kicked everything until job: 33583 (possibly by calling glFlush)
02-16 00:05:44.901 2724 2795 E IMGSRV : :473: glClientWaitSync: Expected application to have kicked everything until job: 33585 (possibly by calling glFlush)
02-16 00:05:44.945 2724 2795 E IMGSRV : :473: glClientWaitSync: Expected application to have kicked everything until job: 33587 (possibly by calling glFlush)
02-16 00:05:44.987 2724 2795 E IMGSRV : :473: glClientWaitSync: Expected application to have kicked everything until job: 33589 (possibly by calling glFlush)
02-16 00:05:45.082 2724 2795 E IMGSRV : :473: glClientWaitSync: Expected application to have kicked everything until job: 33594 (possibly by calling glFlush)
02-16 00:05:45.128 2724 2795 E IMGSRV : :473: glClientWaitSync: Expected application to have kicked everything until job: 33596 (possibly by calling glFlush)
02-16 00:05:45.175 2724 2795 E IMGSRV : :473: glClientWaitSync: Expected application to have kicked everything until job: 33598 (possibly by calling glFlush)
02-16 00:05:45.215 2724 2795 E IMGSRV : :473: glClientWaitSync: Expected application to have kicked everything until job: 33600 (possibly by calling glFlush)
02-16 00:05:45.260 2724 2795 E IMGSRV : :473: glClientWaitSync: Expected application to have kicked everything until job: 33602 (possibly by calling glFlush)
02-16 00:05:45.295 2724 2724 D IMGGralloc: Gralloc Register w:1585, h:228, f:0x1, usage:0x966, ui64Stamp:2014928, sSize:1536000, line = 2335
02-16 00:05:45.319 2724 2795 E IMGSRV : :473: glClientWaitSync: Expected application to have kicked everything until job: 33604 (possibly by calling glFlush)
02-16 00:05:45.394 2724 2795 E IMGSRV : :473: glClientWaitSync: Expected application to have kicked everything until job: 33606 (possibly by calling glFlush)
02-16 00:05:45.465 2724 2795 E IMGSRV : :473: glClientWaitSync: Expected application to have kicked everything until job: 33608 (possibly by calling glFlush)
02-16 00:05:45.531 2724 2795 E IMGSRV : :473: glClientWaitSync: Expected application to have kicked everything until job: 33610 (possibly by calling glFlush)
02-16 00:05:45.620 2724 2795 E IMGSRV : :473: glClientWaitSync: Expected application to have kicked everything until job: 33615 (possibly by calling glFlush)
02-16 00:05:45.676 2724 2795 E IMGSRV : :473: glClientWaitSync: Expected application to have kicked everything until job: 33617 (possibly by calling glFlush)
02-16 00:05:45.717 2724 2795 E IMGSRV : :473: glClientWaitSync: Expected application to have kicked everything until job: 33619 (possibly by calling glFlush)
02-16 00:05:45.781 2724 2795 E IMGSRV : :473: glClientWaitSync: Expected application to have kicked everything until job: 33621 (possibly by calling glFlush)
02-16 00:05:45.821 2724 2795 E IMGSRV : :473: glClientWaitSync: Expected application to have kicked everything until job: 33623 (possibly by calling glFlush)
02-16 00:05:45.863 2724 2795 E IMGSRV : :473: glClientWaitSync: Expected application to have kicked everything until job: 33625 (possibly by calling glFlush)
02-16 00:05:45.909 2724 2795 E IMGSRV : :473: glClientWaitSync: Expected application to have kicked everything until job: 33627 (possibly by calling glFlush)
02-16 00:05:45.968 2724 2795 E IMGSRV : :473: glClientWaitSync: Expected application to have kicked everything until job: 33629 (possibly by calling glFlush)
02-16 00:05:46.014 2724 2795 E IMGSRV : :473: glClientWaitSync: Expected application to have kicked everything until job: 33631 (possibly by calling glFlush)
02-16 00:05:46.108 2724 2795 E IMGSRV : :473: glClientWaitSync: Expected application to have kicked everything until job: 33636 (possibly by calling glFlush)
02-16 00:05:46.150 2724 2795 E IMGSRV : :473: glClientWaitSync: Expected application to have kicked everything until job: 33638 (possibly by calling glFlush)
02-16 00:05:46.204 2724 2795 E IMGSRV : :473: glClientWaitSync: Expected application to have kicked everything until job: 33640 (possibly by calling glFlush)
02-16 00:05:46.256 2724 2795 E IMGSRV : :473: glClientWaitSync: Expected application to have kicked everything until job: 33642 (possibly by calling glFlush)
02-16 00:05:46.302 2724 2795 E IMGSRV : :473: glClientWaitSync: Expected application to have kicked everything until job: 33644 (possibly by calling glFlush)
02-16 00:05:46.355 2724 2795 E IMGSRV : :473: glClientWaitSync: Expected application to have kicked everything until job: 33646 (possibly by calling glFlush)
02-16 00:05:46.391 2724 2795 E IMGSRV : :473: glClientWaitSync: Expected application to have kicked everything until job: 33648 (possibly by calling glFlush)
02-16 00:05:46.442 2724 2795 E IMGSRV : :473: glClientWaitSync: Expected application to have kicked everything until job: 33650 (possibly by calling glFlush)
02-16 00:05:46.494 2724 2795 E IMGSRV : :473: glClientWaitSync: Expected application to have kicked everything until job: 33652 (possibly by calling glFlush)
02-16 00:05:46.590 2724 2795 E IMGSRV : :473: glClientWaitSync: Expected application to have kicked everything until job: 33657 (possibly by calling glFlush)
02-16 00:05:46.643 2724 2795 E IMGSRV : :473: glClientWaitSync: Expected application to have kicked everything until job: 33659 (possibly by calling glFlush)
02-16 00:05:46.682 2724 2795 E IMGSRV : :473: glClientWaitSync: Expected application to have kicked everything until job: 33661 (possibly by calling glFlush)
02-16 00:05:46.737 2724 2795 E IMGSRV : :473: glClientWaitSync: Expected application to have kicked everything until job: 33663 (possibly by calling glFlush)
02-16 00:05:46.773 2724 2795 E IMGSRV : :473: glClientWaitSync: Expected application to have kicked everything until job: 33665 (possibly by calling glFlush)
02-16 00:05:46.809 2724 2795 E IMGSRV : :473: glClientWaitSync: Expected application to have kicked everything until job: 33667 (possibly by calling glFlush)
02-16 00:05:46.854 2724 2795 E IMGSRV : :473: glClientWaitSync: Expected application to have kicked everything until job: 33669 (possibly by calling glFlush)
02-16 00:05:46.903 2724 2795 E IMGSRV : :473: glClientWaitSync: Expected application to have kicked everything until job: 33671 (possibly by calling glFlush)
02-16 00:05:46.944 2724 2795 E IMGSRV : :473: glClientWaitSync: Expected application to have kicked everything until job: 33673 (possibly by calling glFlush)
02-16 00:05:47.039 2724 2795 E IMGSRV : :473: glClientWaitSync: Expected application to have kicked everything until job: 33678 (possibly by calling glFlush)
02-16 00:05:47.087 2724 2795 E IMGSRV : :473: glClientWaitSync: Expected application to have kicked everything until job: 33680 (possibly by calling glFlush)
02-16 00:05:47.109 2724 2738 W System : A resource failed to call release.
02-16 00:05:47.109 2724 2738 W System : A resource failed to call release.
02-16 00:05:47.110 2724 2738 W System : A resource failed to call release.
02-16 00:05:47.136 2724 2795 E IMGSRV : :473: glClientWaitSync: Expected application to have kicked everything until job: 33682 (possibly by calling glFlush)
02-16 00:05:47.177 2724 2795 E IMGSRV : :473: glClientWaitSync: Expected application to have kicked everything until job: 33684 (possibly by calling glFlush)
02-16 00:05:47.218 2724 2795 E IMGSRV : :473: glClientWaitSync: Expected application to have kicked everything until job: 33686 (possibly by calling glFlush)
02-16 00:05:47.261 2724 2795 E IMGSRV : :473: glClientWaitSync: Expected application to have kicked everything until job: 33688 (possibly by calling glFlush)
02-16 00:05:47.301 2724 2795 E IMGSRV : :473: glClientWaitSync: Expected application to have kicked everything until job: 33690 (possibly by calling glFlush)
02-16 00:05:47.344 2724 2795 E IMGSRV : :473: glClientWaitSync: Expected application to have kicked everything until job: 33692 (possibly by calling glFlush)
02-16 00:05:47.387 2724 2795 E IMGSRV : :473: glClientWaitSync: Expected application to have kicked everything until job: 33694 (possibly by calling glFlush)
02-16 00:05:47.414 2724 2724 D IMGGralloc: Gralloc Free w:1585, h:228, f:0x1, usage:0x966, ui64Stamp:2014738 line = 2441
02-16 00:05:47.414 2724 2724 D IMGGralloc: Gralloc Free w:1585, h:228, f:0x1, usage:0x966, ui64Stamp:2014928 line = 2441
02-16 00:05:47.415 2724 2724 D IMGGralloc: Gralloc Free w:1585, h:228, f:0x1, usage:0x966, ui64Stamp:2014708 line = 2441
02-16 00:05:47.435 2724 2724 W IInputConnectionWrapper: getTextBeforeCursor on inactive InputConnection
02-16 00:05:47.440 2724 2724 W IInputConnectionWrapper: getTextAfterCursor on inactive InputConnection
02-16 00:05:47.442 2724 2724 W IInputConnectionWrapper: getSelectedText on inactive InputConnection
02-16 00:05:47.486 2724 2795 E IMGSRV : :473: glClientWaitSync: Expected application to have kicked everything until job: 33699 (possibly by calling glFlush)
02-16 00:05:47.524 2724 2758 D IMGGralloc: Gralloc Free w:300, h:1473, f:0x1, usage:0xb00, ui64Stamp:2014787 line = 2441
02-16 00:05:47.524 2724 2758 D IMGGralloc: Gralloc Free w:300, h:1473, f:0x1, usage:0xb00, ui64Stamp:2014795 line = 2441
02-16 00:05:47.524 2724 2758 D IMGGralloc: Gralloc Free w:300, h:1473, f:0x1, usage:0xb00, ui64Stamp:2014804 line = 2441
02-16 00:05:47.534 2724 2758 D IMGGralloc: Gralloc Register w:720, h:1557, f:0x1, usage:0xb00, ui64Stamp:2015054, sSize:4517888, line = 2335
02-16 00:05:47.542 2724 2795 E IMGSRV : :473: glClientWaitSync: Expected application to have kicked everything until job: 33701 (possibly by calling glFlush)
02-16 00:05:47.548 2724 2758 D IMGGralloc: Gralloc Register w:720, h:1557, f:0x1, usage:0xb00, ui64Stamp:2015063, sSize:4517888, line = 2335
02-16 00:05:47.550 2724 2724 D IMGGralloc: Gralloc Free w:1473, h:300, f:0x1, usage:0x966, ui64Stamp:2014799 line = 2441
02-16 00:05:47.551 2724 2724 D IMGGralloc: Gralloc Register w:1557, h:720, f:0x1, usage:0x966, ui64Stamp:2015067, sSize:4517888, line = 2335
02-16 00:05:47.565 2724 2758 D IMGGralloc: Gralloc Register w:720, h:1557, f:0x1, usage:0xb00, ui64Stamp:2015072, sSize:4517888, line = 2335
02-16 00:05:47.594 2724 2724 D IMGGralloc: Gralloc Free w:1473, h:300, f:0x1, usage:0x966, ui64Stamp:2014808 line = 2441
02-16 00:05:47.594 2724 2724 D IMGGralloc: Gralloc Register w:1557, h:720, f:0x1, usage:0x966, ui64Stamp:2015078, sSize:4517888, line = 2335
02-16 00:05:47.603 2724 2724 W IInputConnectionWrapper: requestCursorAnchorInfo on inactive InputConnection
02-16 00:05:47.630 2724 2795 E IMGSRV : :473: glClientWaitSync: Expected application to have kicked everything until job: 33703 (possibly by calling glFlush)
02-16 00:05:47.675 2724 2795 E IMGSRV : :473: glClientWaitSync: Expected application to have kicked everything until job: 33705 (possibly by calling glFlush)
02-16 00:05:47.719 2724 2795 E IMGSRV : :473: glClientWaitSync: Expected application to have kicked everything until job: 33707 (possibly by calling glFlush)
02-16 00:05:47.766 2724 2795 E IMGSRV : :473: glClientWaitSync: Expected application to have kicked everything until job: 33709 (possibly by calling glFlush)
02-16 00:05:47.806 2724 2795 E IMGSRV : :473: glClientWaitSync: Expected application to have kicked everything until job: 33711 (possibly by calling glFlush)
02-16 00:05:47.840 2724 2795 E IMGSRV : :473: glClientWaitSync: Expected application to have kicked everything until job: 33713 (possibly by calling glFlush)
02-16 00:05:47.878 2724 2795 E IMGSRV : :473: glClientWaitSync: Expected application to have kicked everything until job: 33715 (possibly by calling glFlush)
02-16 00:05:47.969 2724 2795 E IMGSRV : :473: glClientWaitSync: Expected application to have kicked everything until job: 33720 (possibly by calling glFlush)
02-16 00:05:48.004 2724 2795 E IMGSRV : :473: glClientWaitSync: Expected application to have kicked everything until job: 33722 (possibly by calling glFlush)
02-16 00:05:48.058 2724 2795 E IMGSRV : :473: glClientWaitSync: Expected application to have kicked everything until job: 33724 (possibly by calling glFlush)
02-16 00:05:48.101 2724 2795 E IMGSRV : :473: glClientWaitSync: Expected application to have kicked everything until job: 33726 (possibly by calling glFlush)
02-16 00:05:48.136 2724 2795 E IMGSRV : :473: glClientWaitSync: Expected application to have kicked everything until job: 33728 (possibly by calling glFlush)
02-16 00:05:48.171 2724 2795 E IMGSRV : :473: glClientWaitSync: Expected application to have kicked everything until job: 33730 (possibly by calling glFlush)
02-16 00:05:48.209 2724 2795 E IMGSRV : :473: glClientWaitSync: Expected application to have kicked everything until job: 33732 (possibly by calling glFlush)
02-16 00:05:48.262 2724 2795 E IMGSRV : :473: glClientWaitSync: Expected application to have kicked everything until job: 33734 (possibly by calling glFlush)
02-16 00:05:48.299 2724 2795 E IMGSRV : :473: glClientWaitSync: Expected application to have kicked everything until job: 33736 (possibly by calling glFlush)
02-16 00:05:48.374 2724 2795 E IMGSRV : :473: glClientWaitSync: Expected application to have kicked everything until job: 33741 (possibly by calling glFlush)
02-16 00:05:48.411 2724 2795 E IMGSRV : :473: glClientWaitSync: Expected application to have kicked everything until job: 33743 (possibly by calling glFlush)
02-16 00:05:48.452 2724 2795 E IMGSRV : :473: glClientWaitSync: Expected application to have kicked everything until job: 33745 (possibly by calling glFlush)
02-16 00:05:48.488 2724 2795 E IMGSRV : :473: glClientWaitSync: Expected application to have kicked everything until job: 33747 (possibly by calling glFlush)
02-16 00:05:48.532 2724 2795 E IMGSRV : :473: glClientWaitSync: Expected application to have kicked everything until job: 33749 (possibly by calling glFlush)
02-16 00:05:48.566 2724 2795 E IMGSRV : :473: glClientWaitSync: Expected application to have kicked everything until job: 33751 (possibly by calling glFlush)
02-16 00:05:48.601 2724 2795 E IMGSRV : :473: glClientWaitSync: Expected application to have kicked everything until job: 33753 (possibly by calling glFlush)
02-16 00:05:48.643 2724 2795 E IMGSRV : :473: glClientWaitSync: Expected application to have kicked everything until job: 33755 (possibly by calling glFlush)
02-16 00:05:48.685 2724 2795 E IMGSRV : :473: glClientWaitSync: Expected application to have kicked everything until job: 33757 (possibly by calling glFlush)
02-16 00:05:48.762 2724 2795 E IMGSRV : :473: glClientWaitSync: Expected application to have kicked everything until job: 33762 (possibly by calling glFlush)
02-16 00:05:48.803 2724 2795 E IMGSRV : :473: glClientWaitSync: Expected application to have kicked everything until job: 33764 (possibly by calling glFlush)
02-16 00:05:48.838 2724 2795 E IMGSRV : :473: glClientWaitSync: Expected application to have kicked everything until job: 33766 (possibly by calling glFlush)
02-16 00:05:48.876 2724 2795 E IMGSRV : :473: glClientWaitSync: Expected application to have kicked everything until job: 33768 (possibly by calling glFlush)
02-16 00:05:48.936 2724 2795 E IMGSRV : :473: glClientWaitSync: Expected application to have kicked everything until job: 33770 (possibly by calling glFlush)
02-16 00:05:48.969 2724 2795 E IMGSRV : :473: glClientWaitSync: Expected application to have kicked everything until job: 33772 (possibly by calling glFlush)
02-16 00:05:49.004 2724 2795 E IMGSRV : :473: glClientWaitSync: Expected application to have kicked everything until job: 33774 (possibly by calling glFlush)
02-16 00:05:49.044 2724 2795 E IMGSRV : :473: glClientWaitSync: Expected application to have kicked everything until job: 33776 (possibly by calling glFlush)
02-16 00:05:49.092 2724 2795 E IMGSRV : :473: glClientWaitSync: Expected application to have kicked everything until job: 33778 (possibly by calling glFlush)
02-16 00:05:49.166 2724 2795 E IMGSRV : :473: glClientWaitSync: Expected application to have kicked everything until job: 33783 (possibly by calling glFlush)
02-16 00:05:49.204 2724 2795 E IMGSRV : :473: glClientWaitSync: Expected application to have kicked everything until job: 33785 (possibly by calling glFlush)
02-16 00:05:49.242 2724 2795 E IMGSRV : :473: glClientWaitSync: Expected application to have kicked everything until job: 33787 (possibly by calling glFlush)
02-16 00:05:49.283 2724 2795 E IMGSRV : :473: glClientWaitSync: Expected application to have kicked everything until job: 33789 (possibly by calling glFlush)
02-16 00:05:49.320 2724 2795 E IMGSRV : :473: glClientWaitSync: Expected application to have kicked everything until job: 33791 (possibly by calling glFlush)
02-16 00:05:49.355 2724 2795 E IMGSRV : :473: glClientWaitSync: Expected application to have kicked everything until job: 33793 (possibly by calling glFlush)
02-16 00:05:49.390 2724 2795 E IMGSRV : :473: glClientWaitSync: Expected application to have kicked everything until job: 33795 (possibly by calling glFlush)
02-16 00:05:49.427 2724 2795 E IMGSRV : :473: glClientWaitSync: Expected application to have kicked everything until job: 33797 (possibly by calling glFlush)
02-16 00:05:49.465 2724 2795 E IMGSRV : :473: glClientWaitSync: Expected application to have kicked everything until job: 33799 (possibly by calling glFlush)
02-16 00:05:49.589 2724 2795 E IMGSRV : :473: glClientWaitSync: Expected application to have kicked everything until job: 33804 (possibly by calling glFlush)
02-16 00:05:49.632 2724 2795 E IMGSRV : :473: glClientWaitSync: Expected application to have kicked everything until job: 33806 (possibly by calling glFlush)
02-16 00:05:49.669 2724 2795 E IMGSRV : :473: glClientWaitSync: Expected application to have kicked everything until job: 33808 (possibly by calling glFlush)
02-16 00:05:49.702 2724 2795 E IMGSRV : :473: glClientWaitSync: Expected application to have kicked everything until job: 33810 (possibly by calling glFlush)
02-16 00:05:49.740 2724 2795 E IMGSRV : :473: glClientWaitSync: Expected application to have kicked everything until job: 33812 (possibly by calling glFlush)
02-16 00:05:49.808 2724 2795 E IMGSRV : :473: glClientWaitSync: Expected application to have kicked everything until job: 33814 (possibly by calling glFlush)
02-16 00:05:49.861 2724 2795 E IMGSRV : :473: glClientWaitSync: Expected application to have kicked everything until job: 33816 (possibly by calling glFlush)
02-16 00:05:49.899 2724 2795 E IMGSRV : :473: glClientWaitSync: Expected application to have kicked everything until job: 33818 (possibly by calling glFlush)
02-16 00:05:49.937 2724 2795 E IMGSRV : :473: glClientWaitSync: Expected application to have kicked everything until job: 33820 (possibly by calling glFlush)
02-16 00:05:50.010 2724 2795 E IMGSRV : :473: glClientWaitSync: Expected application to have kicked everything until job: 33825 (possibly by calling glFlush)
02-16 00:05:50.134 2724 2795 E IMGSRV : :473: glClientWaitSync: Expected application to have kicked everything until job: 33827 (possibly by calling glFlush)
02-16 00:05:50.174 2724 2795 E IMGSRV : :473: glClientWaitSync: Expected application to have kicked everything until job: 33829 (possibly by calling glFlush)
02-16 00:05:50.225 2724 2795 E IMGSRV : :473: glClientWaitSync: Expected application to have kicked everything until job: 33831 (possibly by calling glFlush)
02-16 00:05:50.260 2724 2795 E IMGSRV : :473: glClientWaitSync: Expected application to have kicked everything until job: 33833 (possibly by calling glFlush)
02-16 00:05:50.301 2724 2795 E IMGSRV : :473: glClientWaitSync: Expected application to have kicked everything until job: 33835 (possibly by calling glFlush)
02-16 00:05:50.337 2724 2795 E IMGSRV : :473: glClientWaitSync: Expected application to have kicked everything until job: 33837 (possibly by calling glFlush)
02-16 00:05:50.378 2724 2795 E IMGSRV : :473: glClientWaitSync: Expected application to have kicked everything until job: 33839 (possibly by calling glFlush)
02-16 00:05:50.419 2724 2795 E IMGSRV : :473: glClientWaitSync: Expected application to have kicked everything until job: 33841 (possibly by calling glFlush)
02-16 00:05:50.491 2724 2795 E IMGSRV : :473: glClientWaitSync: Expected application to have kicked everything until job: 33846 (possibly by calling glFlush)
02-16 00:05:50.537 2724 2795 E IMGSRV : :473: glClientWaitSync: Expected application to have kicked everything until job: 33848 (possibly by calling glFlush)
02-16 00:05:50.571 2724 2795 E IMGSRV : :473: glClientWaitSync: Expected application to have kicked everything until job: 33850 (possibly by calling glFlush)
02-16 00:05:50.613 2724 2795 E IMGSRV : :473: glClientWaitSync: Expected application to have kicked everything until job: 33852 (possibly by calling glFlush)
02-16 00:05:50.646 2724 2795 E IMGSRV : :473: glClientWaitSync: Expected application to have kicked everything until job: 33854 (possibly by calling glFlush)
