02-16 00:06:15.628 2724 2795 E IMGSRV : :473: glClientWaitSync: Expected application to have kicked everything until job: 35030 (possibly by calling glFlush)
02-16 00:06:15.685 2724 2795 E IMGSRV : :473: glClientWaitSync: Expected application to have kicked everything until job: 35032 (possibly by calling glFlush)
02-16 00:06:15.726 2724 2795 E IMGSRV : :473: glClientWaitSync: Expected application to have kicked everything until job: 35034 (possibly by calling glFlush)
02-16 00:06:15.755 2724 2724 D IMGGralloc: Gralloc Free w:1585, h:228, f:0x1, usage:0x966, ui64Stamp:2016797 line = 2441
02-16 00:06:15.757 2724 2724 D IMGGralloc: Gralloc Free w:1585, h:228, f:0x1, usage:0x966, ui64Stamp:2016833 line = 2441
02-16 00:06:15.768 2724 2795 E IMGSRV : :473: glClientWaitSync: Expected application to have kicked everything until job: 35036 (possibly by calling glFlush)
02-16 00:06:15.779 2724 2724 W IInputConnectionWrapper: getTextBeforeCursor on inactive InputConnection
02-16 00:06:15.796 2724 2724 W IInputConnectionWrapper: getTextAfterCursor on inactive InputConnection
02-16 00:06:15.811 2724 2724 W IInputConnectionWrapper: getSelectedText on inactive InputConnection
02-16 00:06:15.847 2724 2795 E IMGSRV : :473: glClientWaitSync: Expected application to have kicked everything until job: 35038 (possibly by calling glFlush)
02-16 00:06:15.878 2724 2758 D IMGGralloc: Gralloc Free w:300, h:1473, f:0x1, usage:0xb00, ui64Stamp:2016883 line = 2441
02-16 00:06:15.878 2724 2758 D IMGGralloc: Gralloc Free w:300, h:1473, f:0x1, usage:0xb00, ui64Stamp:2016891 line = 2441
02-16 00:06:15.878 2724 2758 D IMGGralloc: Gralloc Free w:300, h:1473, f:0x1, usage:0xb00, ui64Stamp:2016898 line = 2441
02-16 00:06:15.886 2724 2758 D IMGGralloc: Gralloc Register w:720, h:1557, f:0x1, usage:0xb00, ui64Stamp:2017042, sSize:4517888, line = 2335
02-16 00:06:15.899 2724 2758 D IMGGralloc: Gralloc Register w:720, h:1557, f:0x1, usage:0xb00, ui64Stamp:2017050, sSize:4517888, line = 2335
02-16 00:06:15.902 2724 2724 D IMGGralloc: Gralloc Free w:1473, h:300, f:0x1, usage:0x966, ui64Stamp:2016895 line = 2441
02-16 00:06:15.903 2724 2724 D IMGGralloc: Gralloc Register w:1557, h:720, f:0x1, usage:0x966, ui64Stamp:2017054, sSize:4517888, line = 2335
02-16 00:06:15.908 2724 2758 D IMGGralloc: Gralloc Register w:720, h:1557, f:0x1, usage:0xb00, ui64Stamp:2017058, sSize:4517888, line = 2335
02-16 00:06:15.946 2724 2795 E IMGSRV : :473: glClientWaitSync: Expected application to have kicked everything until job: 35043 (possibly by calling glFlush)
02-16 00:06:15.950 2724 2724 D IMGGralloc: Gralloc Free w:1473, h:300, f:0x1, usage:0x966, ui64Stamp:2016903 line = 2441
02-16 00:06:15.950 2724 2724 D IMGGralloc: Gralloc Register w:1557, h:720, f:0x1, usage:0x966, ui64Stamp:2017064, sSize:4517888, line = 2335
02-16 00:06:15.959 2724 2724 W IInputConnectionWrapper: requestCursorAnchorInfo on inactive InputConnection
02-16 00:06:16.015 2724 2795 E IMGSRV : :473: glClientWaitSync: Expected application to have kicked everything until job: 35045 (possibly by calling glFlush)
02-16 00:06:16.064 2724 2795 E IMGSRV : :473: glClientWaitSync: Expected application to have kicked everything until job: 35047 (possibly by calling glFlush)
02-16 00:06:16.118 2724 2795 E IMGSRV : :473: glClientWaitSync: Expected application to have kicked everything until job: 35049 (possibly by calling glFlush)
02-16 00:06:16.156 2724 2795 E IMGSRV : :473: glClientWaitSync: Expected application to have kicked everything until job: 35051 (possibly by calling glFlush)
02-16 00:06:16.193 2724 2795 E IMGSRV : :473: glClientWaitSync: Expected application to have kicked everything until job: 35053 (possibly by calling glFlush)
02-16 00:06:16.236 2724 2795 E IMGSRV : :473: glClientWaitSync: Expected application to have kicked everything until job: 35055 (possibly by calling glFlush)
02-16 00:06:16.280 2724 2795 E IMGSRV : :473: glClientWaitSync: Expected application to have kicked everything until job: 35057 (possibly by calling glFlush)
02-16 00:06:16.312 2724 2795 E IMGSRV : :473: glClientWaitSync: Expected application to have kicked everything until job: 35059 (possibly by calling glFlush)
02-16 00:06:16.403 2724 2795 E IMGSRV : :473: glClientWaitSync: Expected application to have kicked everything until job: 35064 (possibly by calling glFlush)
02-16 00:06:16.442 2724 2795 E IMGSRV : :473: glClientWaitSync: Expected application to have kicked everything until job: 35066 (possibly by calling glFlush)
02-16 00:06:16.477 2724 2795 E IMGSRV : :473: glClientWaitSync: Expected application to have kicked everything until job: 35068 (possibly by calling glFlush)
02-16 00:06:16.540 2724 2795 E IMGSRV : :473: glClientWaitSync: Expected application to have kicked everything until job: 35070 (possibly by calling glFlush)
02-16 00:06:16.591 2724 2795 E IMGSRV : :473: glClientWaitSync: Expected application to have kicked everything until job: 35072 (possibly by calling glFlush)
02-16 00:06:16.625 2724 2795 E IMGSRV : :473: glClientWaitSync: Expected application to have kicked everything until job: 35074 (possibly by calling glFlush)
02-16 00:06:16.663 2724 2795 E IMGSRV : :473: glClientWaitSync: Expected application to have kicked everything until job: 35076 (possibly by calling glFlush)
02-16 00:06:16.705 2724 2795 E IMGSRV : :473: glClientWaitSync: Expected application to have kicked everything until job: 35078 (possibly by calling glFlush)
02-16 00:06:16.742 2724 2795 E IMGSRV : :473: glClientWaitSync: Expected application to have kicked everything until job: 35080 (possibly by calling glFlush)
02-16 00:06:16.820 2724 2724 V MediaRouter: Selecting route: RouteInfo{ name=TWS, description=Audio Bluetooth, status=null, category=RouteCategory{ name=Sistema types=ROUTE_TYPE_LIVE_AUDIO ROUTE_TYPE_LIVE_VIDEO groupable=false }, supportedTypes=ROUTE_TYPE_LIVE_AUDIO , presentationDisplay=null }
02-16 00:06:16.822 2724 2795 E IMGSRV : :473: glClientWaitSync: Expected application to have kicked everything until job: 35085 (possibly by calling glFlush)
02-16 00:06:16.859 2724 2795 E IMGSRV : :473: glClientWaitSync: Expected application to have kicked everything until job: 35087 (possibly by calling glFlush)
02-16 00:06:16.902 2724 2795 E IMGSRV : :473: glClientWaitSync: Expected application to have kicked everything until job: 35089 (possibly by calling glFlush)
02-16 00:06:16.963 2724 2795 E IMGSRV : :473: glClientWaitSync: Expected application to have kicked everything until job: 35091 (possibly by calling glFlush)
02-16 00:06:17.002 2724 2795 E IMGSRV : :473: glClientWaitSync: Expected application to have kicked everything until job: 35093 (possibly by calling glFlush)
02-16 00:06:17.039 2724 2795 E IMGSRV : :473: glClientWaitSync: Expected application to have kicked everything until job: 35095 (possibly by calling glFlush)
02-16 00:06:17.074 2724 2795 E IMGSRV : :473: glClientWaitSync: Expected application to have kicked everything until job: 35097 (possibly by calling glFlush)
02-16 00:06:17.114 2724 2795 E IMGSRV : :473: glClientWaitSync: Expected application to have kicked everything until job: 35099 (possibly by calling glFlush)
02-16 00:06:17.148 2724 2795 E IMGSRV : :473: glClientWaitSync: Expected application to have kicked everything until job: 35101 (possibly by calling glFlush)
02-16 00:06:17.245 2724 2795 E IMGSRV : :473: glClientWaitSync: Expected application to have kicked everything until job: 35106 (possibly by calling glFlush)
02-16 00:06:17.290 2724 2795 E IMGSRV : :473: glClientWaitSync: Expected application to have kicked everything until job: 35108 (possibly by calling glFlush)
02-16 00:06:17.328 2724 2724 E Dialog : show dialog view=DecorView@4c64bbb[EosUnityPlayerActivity]
02-16 00:06:17.335 2724 2795 E IMGSRV : :473: glClientWaitSync: Expected application to have kicked everything until job: 35110 (possibly by calling glFlush)
02-16 00:06:17.381 2724 2724 D IMGGralloc: Gralloc Register w:1585, h:228, f:0x1, usage:0x966, ui64Stamp:2017141, sSize:1536000, line = 2335
02-16 00:06:17.394 2724 2795 E IMGSRV : :473: glClientWaitSync: Expected application to have kicked everything until job: 35112 (possibly by calling glFlush)
02-16 00:06:17.464 2724 2795 E IMGSRV : :473: glClientWaitSync: Expected application to have kicked everything until job: 35114 (possibly by calling glFlush)
02-16 00:06:17.490 2724 2758 D IMGGralloc: Gralloc Free w:720, h:1557, f:0x1, usage:0xb00, ui64Stamp:2017042 line = 2441
02-16 00:06:17.490 2724 2758 D IMGGralloc: Gralloc Free w:720, h:1557, f:0x1, usage:0xb00, ui64Stamp:2017050 line = 2441
02-16 00:06:17.490 2724 2758 D IMGGralloc: Gralloc Free w:720, h:1557, f:0x1, usage:0xb00, ui64Stamp:2017058 line = 2441
02-16 00:06:17.500 2724 2758 D IMGGralloc: Gralloc Register w:673, h:1473, f:0x1, usage:0xb00, ui64Stamp:2017153, sSize:4096000, line = 2335
02-16 00:06:17.517 2724 2724 D IMGGralloc: Gralloc Free w:1473, h:300, f:0x1, usage:0x966, ui64Stamp:2016908 line = 2441
02-16 00:06:17.518 2724 2724 D IMGGralloc: Gralloc Register w:1473, h:673, f:0x1, usage:0x966, ui64Stamp:2017163, sSize:4096000, line = 2335
02-16 00:06:17.526 2724 2758 D IMGGralloc: Gralloc Register w:673, h:1473, f:0x1, usage:0xb00, ui64Stamp:2017160, sSize:4096000, line = 2335
02-16 00:06:17.527 2724 2795 E IMGSRV : :473: glClientWaitSync: Expected application to have kicked everything until job: 35116 (possibly by calling glFlush)
02-16 00:06:17.532 2724 2724 I AssistStructure: Flattened final assist data: 1148 bytes, containing 3 windows, 6 views
02-16 00:06:17.541 2724 2758 D IMGGralloc: Gralloc Register w:673, h:1473, f:0x1, usage:0xb00, ui64Stamp:2017170, sSize:4096000, line = 2335
02-16 00:06:17.560 2724 2724 D IMGGralloc: Gralloc Register w:1585, h:228, f:0x1, usage:0x966, ui64Stamp:2017175, sSize:1536000, line = 2335
02-16 00:06:17.583 2724 2795 E IMGSRV : :473: glClientWaitSync: Expected application to have kicked everything until job: 35118 (possibly by calling glFlush)
02-16 00:06:17.584 2724 2724 D IMGGralloc: Gralloc Free w:1557, h:720, f:0x1, usage:0x966, ui64Stamp:2017054 line = 2441
02-16 00:06:17.585 2724 2724 D IMGGralloc: Gralloc Register w:1473, h:673, f:0x1, usage:0x966, ui64Stamp:2017181, sSize:4096000, line = 2335
02-16 00:06:17.655 2724 2795 E IMGSRV : :473: glClientWaitSync: Expected application to have kicked everything until job: 35120 (possibly by calling glFlush)
02-16 00:06:17.706 2724 2795 E IMGSRV : :473: glClientWaitSync: Expected application to have kicked everything until job: 35122 (possibly by calling glFlush)
02-16 00:06:17.844 2724 2795 E IMGSRV : :473: glClientWaitSync: Expected application to have kicked everything until job: 35127 (possibly by calling glFlush)
02-16 00:06:17.883 2724 2758 D IMGGralloc: Gralloc Free w:673, h:1473, f:0x1, usage:0xb00, ui64Stamp:2017153 line = 2441
02-16 00:06:17.884 2724 2758 D IMGGralloc: Gralloc Free w:673, h:1473, f:0x1, usage:0xb00, ui64Stamp:2017160 line = 2441
02-16 00:06:17.884 2724 2758 D IMGGralloc: Gralloc Free w:673, h:1473, f:0x1, usage:0xb00, ui64Stamp:2017170 line = 2441
02-16 00:06:17.891 2724 2758 D IMGGralloc: Gralloc Register w:300, h:1473, f:0x1, usage:0xb00, ui64Stamp:2017221, sSize:1810432, line = 2335
02-16 00:06:17.901 2724 2758 D IMGGralloc: Gralloc Register w:300, h:1473, f:0x1, usage:0xb00, ui64Stamp:2017230, sSize:1810432, line = 2335
02-16 00:06:17.902 2724 2724 D IMGGralloc: Gralloc Free w:1557, h:720, f:0x1, usage:0x966, ui64Stamp:2017064 line = 2441
02-16 00:06:17.903 2724 2724 D IMGGralloc: Gralloc Register w:1473, h:300, f:0x1, usage:0x966, ui64Stamp:2017234, sSize:1810432, line = 2335
02-16 00:06:17.917 2724 2795 E IMGSRV : :473: glClientWaitSync: Expected application to have kicked everything until job: 35129 (possibly by calling glFlush)
02-16 00:06:17.924 2724 2724 D IMGGralloc: Gralloc Free w:1473, h:673, f:0x1, usage:0x966, ui64Stamp:2017163 line = 2441
02-16 00:06:17.926 2724 2758 D IMGGralloc: Gralloc Register w:300, h:1473, f:0x1, usage:0xb00, ui64Stamp:2017236, sSize:1810432, line = 2335
02-16 00:06:17.928 2724 2724 D IMGGralloc: Gralloc Register w:1473, h:300, f:0x1, usage:0x966, ui64Stamp:2017241, sSize:1810432, line = 2335
02-16 00:06:17.950 2724 2724 D IMGGralloc: Gralloc Free w:1473, h:673, f:0x1, usage:0x966, ui64Stamp:2017181 line = 2441
02-16 00:06:17.950 2724 2724 D IMGGralloc: Gralloc Register w:1473, h:300, f:0x1, usage:0x966, ui64Stamp:2017246, sSize:1810432, line = 2335
02-16 00:06:18.027 2724 2795 E IMGSRV : :473: glClientWaitSync: Expected application to have kicked everything until job: 35131 (possibly by calling glFlush)
02-16 00:06:18.129 2724 2795 E IMGSRV : :473: glClientWaitSync: Expected application to have kicked everything until job: 35133 (possibly by calling glFlush)
02-16 00:06:18.175 2724 2795 E IMGSRV : :473: glClientWaitSync: Expected application to have kicked everything until job: 35135 (possibly by calling glFlush)
02-16 00:06:18.252 2724 2795 E IMGSRV : :473: glClientWaitSync: Expected application to have kicked everything until job: 35137 (possibly by calling glFlush)
02-16 00:06:18.314 2724 2795 E IMGSRV : :473: glClientWaitSync: Expected application to have kicked everything until job: 35139 (possibly by calling glFlush)
02-16 00:06:18.373 2724 2795 E IMGSRV : :473: glClientWaitSync: Expected application to have kicked everything until job: 35141 (possibly by calling glFlush)
02-16 00:06:18.426 2724 2795 E IMGSRV : :473: glClientWaitSync: Expected application to have kicked everything until job: 35143 (possibly by calling glFlush)
02-16 00:06:18.612 2724 2795 E IMGSRV : :473: glClientWaitSync: Expected application to have kicked everything until job: 35148 (possibly by calling glFlush)
02-16 00:06:18.671 2724 2795 E IMGSRV : :473: glClientWaitSync: Expected application to have kicked everything until job: 35150 (possibly by calling glFlush)
02-16 00:06:18.767 2724 2795 E IMGSRV : :473: glClientWaitSync: Expected application to have kicked everything until job: 35152 (possibly by calling glFlush)
02-16 00:06:18.931 2724 2795 E IMGSRV : :473: glClientWaitSync: Expected application to have kicked everything until job: 35154 (possibly by calling glFlush)
02-16 00:06:19.075 2724 2795 E IMGSRV : :473: glClientWaitSync: Expected application to have kicked everything until job: 35156 (possibly by calling glFlush)
02-16 00:06:19.249 2724 2795 E IMGSRV : :473: glClientWaitSync: Expected application to have kicked everything until job: 35158 (possibly by calling glFlush)
02-16 00:06:19.382 2724 2795 E IMGSRV : :473: glClientWaitSync: Expected application to have kicked everything until job: 35160 (possibly by calling glFlush)
02-16 00:06:19.489 2724 2795 E IMGSRV : :473: glClientWaitSync: Expected application to have kicked everything until job: 35162 (possibly by calling glFlush)
02-16 00:06:19.566 2724 2795 E IMGSRV : :473: glClientWaitSync: Expected application to have kicked everything until job: 35164 (possibly by calling glFlush)
02-16 00:06:19.739 2724 2795 E IMGSRV : :473: glClientWaitSync: Expected application to have kicked everything until job: 35169 (possibly by calling glFlush)
02-16 00:06:19.797 2724 2795 E IMGSRV : :473: glClientWaitSync: Expected application to have kicked everything until job: 35171 (possibly by calling glFlush)
02-16 00:06:19.850 2724 2795 E IMGSRV : :473: glClientWaitSync: Expected application to have kicked everything until job: 35173 (possibly by calling glFlush)
02-16 00:06:19.907 2724 2795 E IMGSRV : :473: glClientWaitSync: Expected application to have kicked everything until job: 35175 (possibly by calling glFlush)
02-16 00:06:19.981 2724 2795 E IMGSRV : :473: glClientWaitSync: Expected application to have kicked everything until job: 35177 (possibly by calling glFlush)
02-16 00:06:20.063 2724 2795 E IMGSRV : :473: glClientWaitSync: Expected application to have kicked everything until job: 35179 (possibly by calling glFlush)
02-16 00:06:20.130 2724 2795 E IMGSRV : :473: glClientWaitSync: Expected application to have kicked everything until job: 35181 (possibly by calling glFlush)
02-16 00:06:20.174 2724 2795 E IMGSRV : :473: glClientWaitSync: Expected application to have kicked everything until job: 35183 (possibly by calling glFlush)
02-16 00:06:20.244 2724 2795 E IMGSRV : :473: glClientWaitSync: Expected application to have kicked everything until job: 35185 (possibly by calling glFlush)
02-16 00:06:20.325 2724 2795 E IMGSRV : :473: glClientWaitSync: Expected application to have kicked everything until job: 35190 (possibly by calling glFlush)
02-16 00:06:20.359 2724 2795 E IMGSRV : :473: glClientWaitSync: Expected application to have kicked everything until job: 35192 (possibly by calling glFlush)
02-16 00:06:20.395 2724 2795 E IMGSRV : :473: glClientWaitSync: Expected application to have kicked everything until job: 35194 (possibly by calling glFlush)
02-16 00:06:20.430 2724 2795 E IMGSRV : :473: glClientWaitSync: Expected application to have kicked everything until job: 35196 (possibly by calling glFlush)
02-16 00:06:20.473 2724 2795 E IMGSRV : :473: glClientWaitSync: Expected application to have kicked everything until job: 35198 (possibly by calling glFlush)
02-16 00:06:20.509 2724 2795 E IMGSRV : :473: glClientWaitSync: Expected application to have kicked everything until job: 35200 (possibly by calling glFlush)
02-16 00:06:20.548 2724 2795 E IMGSRV : :473: glClientWaitSync: Expected application to have kicked everything until job: 35202 (possibly by calling glFlush)
02-16 00:06:20.607 2724 2795 E IMGSRV : :473: glClientWaitSync: Expected application to have kicked everything until job: 35204 (possibly by calling glFlush)
02-16 00:06:20.640 2724 2795 E IMGSRV : :473: glClientWaitSync: Expected application to have kicked everything until job: 35206 (possibly by calling glFlush)
02-16 00:06:20.726 2724 2795 E IMGSRV : :473: glClientWaitSync: Expected application to have kicked everything until job: 35211 (possibly by calling glFlush)
02-16 00:06:20.761 2724 2795 E IMGSRV : :473: glClientWaitSync: Expected application to have kicked everything until job: 35213 (possibly by calling glFlush)
02-16 00:06:20.803 2724 2795 E IMGSRV : :473: glClientWaitSync: Expected application to have kicked everything until job: 35215 (possibly by calling glFlush)
02-16 00:06:20.854 2724 2795 E IMGSRV : :473: glClientWaitSync: Expected application to have kicked everything until job: 35217 (possibly by calling glFlush)
02-16 00:06:20.923 2724 2795 E IMGSRV : :473: glClientWaitSync: Expected application to have kicked everything until job: 35219 (possibly by calling glFlush)
02-16 00:06:20.963 2724 2795 E IMGSRV : :473: glClientWaitSync: Expected application to have kicked everything until job: 35221 (possibly by calling glFlush)
02-16 00:06:21.004 2724 2795 E IMGSRV : :473: glClientWaitSync: Expected application to have kicked everything until job: 35223 (possibly by calling glFlush)
02-16 00:06:21.075 2724 2795 E IMGSRV : :473: glClientWaitSync: Expected application to have kicked everything until job: 35225 (possibly by calling glFlush)
02-16 00:06:21.131 2724 2795 E IMGSRV : :473: glClientWaitSync: Expected application to have kicked everything until job: 35227 (possibly by calling glFlush)
02-16 00:06:21.232 2724 2795 E IMGSRV : :473: glClientWaitSync: Expected application to have kicked everything until job: 35232 (possibly by calling glFlush)
02-16 00:06:21.265 2724 2795 E IMGSRV : :473: glClientWaitSync: Expected application to have kicked everything until job: 35234 (possibly by calling glFlush)
02-16 00:06:21.311 2724 2795 E IMGSRV : :473: glClientWaitSync: Expected application to have kicked everything until job: 35236 (possibly by calling glFlush)
02-16 00:06:21.349 2724 2795 E IMGSRV : :473: glClientWaitSync: Expected application to have kicked everything until job: 35238 (possibly by calling glFlush)
02-16 00:06:21.398 2724 2795 E IMGSRV : :473: glClientWaitSync: Expected application to have kicked everything until job: 35240 (possibly by calling glFlush)
02-16 00:06:21.440 2724 2795 E IMGSRV : :473: glClientWaitSync: Expected application to have kicked everything until job: 35242 (possibly by calling glFlush)
02-16 00:06:21.500 2724 2795 E IMGSRV : :473: glClientWaitSync: Expected application to have kicked everything until job: 35244 (possibly by calling glFlush)
02-16 00:06:21.542 2724 2795 E IMGSRV : :473: glClientWaitSync: Expected application to have kicked everything until job: 35246 (possibly by calling glFlush)
02-16 00:06:21.590 2724 2795 E IMGSRV : :473: glClientWaitSync: Expected application to have kicked everything until job: 35248 (possibly by calling glFlush)
02-16 00:06:21.678 2724 2795 E IMGSRV : :473: glClientWaitSync: Expected application to have kicked everything until job: 35253 (possibly by calling glFlush)
02-16 00:06:21.729 2724 2795 E IMGSRV : :473: glClientWaitSync: Expected application to have kicked everything until job: 35255 (possibly by calling glFlush)
02-16 00:06:21.783 2724 2795 E IMGSRV : :473: glClientWaitSync: Expected application to have kicked everything until job: 35257 (possibly by calling glFlush)
02-16 00:06:21.834 2724 2795 E IMGSRV : :473: glClientWaitSync: Expected application to have kicked everything until job: 35259 (possibly by calling glFlush)
02-16 00:06:21.873 2724 2795 E IMGSRV : :473: glClientWaitSync: Expected application to have kicked everything until job: 35261 (possibly by calling glFlush)
02-16 00:06:21.939 2724 2795 E IMGSRV : :473: glClientWaitSync: Expected application to have kicked everything until job: 35263 (possibly by calling glFlush)
02-16 00:06:21.984 2724 2795 E IMGSRV : :473: glClientWaitSync: Expected application to have kicked everything until job: 35265 (possibly by calling glFlush)
02-16 00:06:22.037 2724 2795 E IMGSRV : :473: glClientWaitSync: Expected application to have kicked everything until job: 35267 (possibly by calling glFlush)
02-16 00:06:22.083 2724 2795 E IMGSRV : :473: glClientWaitSync: Expected application to have kicked everything until job: 35269 (possibly by calling glFlush)
02-16 00:06:22.191 2724 2795 E IMGSRV : :473: glClientWaitSync: Expected application to have kicked everything until job: 35274 (possibly by calling glFlush)
02-16 00:06:22.236 2724 2795 E IMGSRV : :473: glClientWaitSync: Expected application to have kicked everything until job: 35276 (possibly by calling glFlush)
02-16 00:06:22.280 2724 2795 E IMGSRV : :473: glClientWaitSync: Expected application to have kicked everything until job: 35278 (possibly by calling glFlush)
02-16 00:06:22.321 2724 2795 E IMGSRV : :473: glClientWaitSync: Expected application to have kicked everything until job: 35280 (possibly by calling glFlush)
02-16 00:06:22.357 2724 2795 E IMGSRV : :473: glClientWaitSync: Expected application to have kicked everything until job: 35282 (possibly by calling glFlush)
02-16 00:06:22.394 2724 2795 E IMGSRV : :473: glClientWaitSync: Expected application to have kicked everything until job: 35284 (possibly by calling glFlush)
02-16 00:06:22.447 2724 2795 E IMGSRV : :473: glClientWaitSync: Expected application to have kicked everything until job: 35286 (possibly by calling glFlush)
02-16 00:06:22.497 2724 2795 E IMGSRV : :473: glClientWaitSync: Expected application to have kicked everything until job: 35288 (possibly by calling glFlush)
02-16 00:06:22.536 2724 2724 D IMGGralloc: Gralloc Register w:1585, h:228, f:0x1, usage:0x966, ui64Stamp:2017535, sSize:1536000, line = 2335
02-16 00:06:22.543 2724 2795 E IMGSRV : :473: glClientWaitSync: Expected application to have kicked everything until job: 35290 (possibly by calling glFlush)
02-16 00:06:22.640 2724 2795 E IMGSRV : :473: glClientWaitSync: Expected application to have kicked everything until job: 35295 (possibly by calling glFlush)
02-16 00:06:22.681 2724 2795 E IMGSRV : :473: glClientWaitSync: Expected application to have kicked everything until job: 35297 (possibly by calling glFlush)
02-16 00:06:22.731 2724 2795 E IMGSRV : :473: glClientWaitSync: Expected application to have kicked everything until job: 35299 (possibly by calling glFlush)
02-16 00:06:22.774 2724 2795 E IMGSRV : :473: glClientWaitSync: Expected application to have kicked everything until job: 35301 (possibly by calling glFlush)
02-16 00:06:22.828 2724 2795 E IMGSRV : :473: glClientWaitSync: Expected application to have kicked everything until job: 35303 (possibly by calling glFlush)
02-16 00:06:22.870 2724 2795 E IMGSRV : :473: glClientWaitSync: Expected application to have kicked everything until job: 35305 (possibly by calling glFlush)
02-16 00:06:22.913 2724 2795 E IMGSRV : :473: glClientWaitSync: Expected application to have kicked everything until job: 35307 (possibly by calling glFlush)
02-16 00:06:22.968 2724 2795 E IMGSRV : :473: glClientWaitSync: Expected application to have kicked everything until job: 35309 (possibly by calling glFlush)
02-16 00:06:23.000 2724 2795 E IMGSRV : :473: glClientWaitSync: Expected application to have kicked everything until job: 35311 (possibly by calling glFlush)
02-16 00:06:23.085 2724 2795 E IMGSRV : :473: glClientWaitSync: Expected application to have kicked everything until job: 35316 (possibly by calling glFlush)
02-16 00:06:23.127 2724 2795 E IMGSRV : :473: glClientWaitSync: Expected application to have kicked everything until job: 35318 (possibly by calling glFlush)
02-16 00:06:23.172 2724 2795 E IMGSRV : :473: glClientWaitSync: Expected application to have kicked everything until job: 35320 (possibly by calling glFlush)
02-16 00:06:23.235 2724 2795 E IMGSRV : :473: glClientWaitSync: Expected application to have kicked everything until job: 35322 (possibly by calling glFlush)
02-16 00:06:23.296 2724 2795 E IMGSRV : :473: glClientWaitSync: Expected application to have kicked everything until job: 35324 (possibly by calling glFlush)
02-16 00:06:23.337 2724 2795 E IMGSRV : :473: glClientWaitSync: Expected application to have kicked everything until job: 35326 (possibly by calling glFlush)
02-16 00:06:23.384 2724 2795 E IMGSRV : :473: glClientWaitSync: Expected application to have kicked everything until job: 35328 (possibly by calling glFlush)
02-16 00:06:23.432 2724 2795 E IMGSRV : :473: glClientWaitSync: Expected application to have kicked everything until job: 35330 (possibly by calling glFlush)
02-16 00:06:23.479 2724 2795 E IMGSRV : :473: glClientWaitSync: Expected application to have kicked everything until job: 35332 (possibly by calling glFlush)
02-16 00:06:23.567 2724 2795 E IMGSRV : :473: glClientWaitSync: Expected application to have kicked everything until job: 35337 (possibly by calling glFlush)
02-16 00:06:23.623 2724 2795 E IMGSRV : :473: glClientWaitSync: Expected application to have kicked everything until job: 35339 (possibly by calling glFlush)
02-16 00:06:23.660 2724 2795 E IMGSRV : :473: glClientWaitSync: Expected application to have kicked everything until job: 35341 (possibly by calling glFlush)
02-16 00:06:23.693 2724 2795 E IMGSRV : :473: glClientWaitSync: Expected application to have kicked everything until job: 35343 (possibly by calling glFlush)
02-16 00:06:23.732 2724 2795 E IMGSRV : :473: glClientWaitSync: Expected application to have kicked everything until job: 35345 (possibly by calling glFlush)
02-16 00:06:23.793 2724 2795 E IMGSRV : :473: glClientWaitSync: Expected application to have kicked everything until job: 35347 (possibly by calling glFlush)
02-16 00:06:23.827 2724 2795 E IMGSRV : :473: glClientWaitSync: Expected application to have kicked everything until job: 35349 (possibly by calling glFlush)
02-16 00:06:23.885 2724 2795 E IMGSRV : :473: glClientWaitSync: Expected application to have kicked everything until job: 35351 (possibly by calling glFlush)
02-16 00:06:23.928 2724 2795 E IMGSRV : :473: glClientWaitSync: Expected application to have kicked everything until job: 35353 (possibly by calling glFlush)
02-16 00:06:24.004 2724 2795 E IMGSRV : :473: glClientWaitSync: Expected application to have kicked everything until job: 35358 (possibly by calling glFlush)
02-16 00:06:24.055 2724 2795 E IMGSRV : :473: glClientWaitSync: Expected application to have kicked everything until job: 35360 (possibly by calling glFlush)
02-16 00:06:24.102 2724 2795 E IMGSRV : :473: glClientWaitSync: Expected application to have kicked everything until job: 35362 (possibly by calling glFlush)
02-16 00:06:24.139 2724 2795 E IMGSRV : :473: glClientWaitSync: Expected application to have kicked everything until job: 35364 (possibly by calling glFlush)
02-16 00:06:24.181 2724 2795 E IMGSRV : :473: glClientWaitSync: Expected application to have kicked everything until job: 35366 (possibly by calling glFlush)
02-16 00:06:24.224 2724 2795 E IMGSRV : :473: glClientWaitSync: Expected application to have kicked everything until job: 35368 (possibly by calling glFlush)
02-16 00:06:24.270 2724 2795 E IMGSRV : :473: glClientWaitSync: Expected application to have kicked everything until job: 35370 (possibly by calling glFlush)
02-16 00:06:24.315 2724 2795 E IMGSRV : :473: glClientWaitSync: Expected application to have kicked everything until job: 35372 (possibly by calling glFlush)
02-16 00:06:24.364 2724 2795 E IMGSRV : :473: glClientWaitSync: Expected application to have kicked everything until job: 35374 (possibly by calling glFlush)
02-16 00:06:24.485 2724 2795 E IMGSRV : :473: glClientWaitSync: Expected application to have kicked everything until job: 35379 (possibly by calling glFlush)
02-16 00:06:24.551 2724 2795 E IMGSRV : :473: glClientWaitSync: Expected application to have kicked everything until job: 35381 (possibly by calling glFlush)
02-16 00:06:24.615 2724 2795 E IMGSRV : :473: glClientWaitSync: Expected application to have kicked everything until job: 35383 (possibly by calling glFlush)
02-16 00:06:24.689 2724 2795 E IMGSRV : :473: glClientWaitSync: Expected application to have kicked everything until job: 35385 (possibly by calling glFlush)
02-16 00:06:24.730 2724 2795 E IMGSRV : :473: glClientWaitSync: Expected application to have kicked everything until job: 35387 (possibly by calling glFlush)
02-16 00:06:24.800 2724 2795 E IMGSRV : :473: glClientWaitSync: Expected application to have kicked everything until job: 35389 (possibly by calling glFlush)
02-16 00:06:24.864 2724 2795 E IMGSRV : :473: glClientWaitSync: Expected application to have kicked everything until job: 35391 (possibly by calling glFlush)
02-16 00:06:24.915 2724 2795 E IMGSRV : :473: glClientWaitSync: Expected application to have kicked everything until job: 35393 (possibly by calling glFlush)
02-16 00:06:24.960 2724 2724 D IMGGralloc: Gralloc Free w:1585, h:228, f:0x1, usage:0x966, ui64Stamp:2017175 line = 2441
02-16 00:06:24.961 2724 2724 D IMGGralloc: Gralloc Free w:1585, h:228, f:0x1, usage:0x966, ui64Stamp:2017535 line = 2441
02-16 00:06:24.967 2724 2724 D IMGGralloc: Gralloc Free w:1585, h:228, f:0x1, usage:0x966, ui64Stamp:2017141 line = 2441
02-16 00:06:24.976 2724 2795 E IMGSRV : :473: glClientWaitSync: Expected application to have kicked everything until job: 35395 (possibly by calling glFlush)
02-16 00:06:24.992 2724 2724 W IInputConnectionWrapper: getTextBeforeCursor on inactive InputConnection
02-16 00:06:25.079 2724 2758 D IMGGralloc: Gralloc Free w:300, h:1473, f:0x1, usage:0xb00, ui64Stamp:2017221 line = 2441
02-16 00:06:25.079 2724 2758 D IMGGralloc: Gralloc Free w:300, h:1473, f:0x1, usage:0xb00, ui64Stamp:2017230 line = 2441
02-16 00:06:25.080 2724 2758 D IMGGralloc: Gralloc Free w:300, h:1473, f:0x1, usage:0xb00, ui64Stamp:2017236 line = 2441
02-16 00:06:25.090 2724 2758 D IMGGralloc: Gralloc Register w:673, h:1557, f:0x1, usage:0xb00, ui64Stamp:2017670, sSize:4317184, line = 2335
02-16 00:06:25.103 2724 2758 D IMGGralloc: Gralloc Register w:673, h:1557, f:0x1, usage:0xb00, ui64Stamp:2017679, sSize:4317184, line = 2335
02-16 00:06:25.111 2724 2758 D IMGGralloc: Gralloc Register w:673, h:1557, f:0x1, usage:0xb00, ui64Stamp:2017683, sSize:4317184, line = 2335
02-16 00:06:25.115 2724 2724 D IMGGralloc: Gralloc Free w:1473, h:300, f:0x1, usage:0x966, ui64Stamp:2017234 line = 2441
02-16 00:06:25.115 2724 2724 D IMGGralloc: Gralloc Register w:1557, h:673, f:0x1, usage:0x966, ui64Stamp:2017687, sSize:4317184, line = 2335
02-16 00:06:25.124 2724 2724 W IInputConnectionWrapper: getTextAfterCursor on inactive InputConnection
02-16 00:06:25.143 2724 2795 E IMGSRV : :473: glClientWaitSync: Expected application to have kicked everything until job: 35400 (possibly by calling glFlush)
02-16 00:06:25.204 2724 2795 E IMGSRV : :473: glClientWaitSync: Expected application to have kicked everything until job: 35402 (possibly by calling glFlush)
02-16 00:06:25.235 2724 2758 D IMGGralloc: Gralloc Free w:673, h:1557, f:0x1, usage:0xb00, ui64Stamp:2017670 line = 2441
02-16 00:06:25.235 2724 2758 D IMGGralloc: Gralloc Free w:673, h:1557, f:0x1, usage:0xb00, ui64Stamp:2017679 line = 2441
02-16 00:06:25.236 2724 2758 D IMGGralloc: Gralloc Free w:673, h:1557, f:0x1, usage:0xb00, ui64Stamp:2017683 line = 2441
02-16 00:06:25.247 2724 2758 D IMGGralloc: Gralloc Register w:720, h:1557, f:0x1, usage:0xb00, ui64Stamp:2017707, sSize:4517888, line = 2335
02-16 00:06:25.263 2724 2758 D IMGGralloc: Gralloc Register w:720, h:1557, f:0x1, usage:0xb00, ui64Stamp:2017716, sSize:4517888, line = 2335
02-16 00:06:25.277 2724 2724 D IMGGralloc: Gralloc Free w:1473, h:300, f:0x1, usage:0x966, ui64Stamp:2017241 line = 2441
02-16 00:06:25.278 2724 2724 D IMGGralloc: Gralloc Register w:1557, h:720, f:0x1, usage:0x966, ui64Stamp:2017721, sSize:4517888, line = 2335
02-16 00:06:25.288 2724 2724 W IInputConnectionWrapper: getSelectedText on inactive InputConnection
02-16 00:06:25.292 2724 2758 D IMGGralloc: Gralloc Register w:720, h:1557, f:0x1, usage:0xb00, ui64Stamp:2017726, sSize:4517888, line = 2335
02-16 00:06:25.296 2724 2795 E IMGSRV : :473: glClientWaitSync: Expected application to have kicked everything until job: 35404 (possibly by calling glFlush)
02-16 00:06:25.301 2724 2724 D IMGGralloc: Gralloc Free w:1473, h:300, f:0x1, usage:0x966, ui64Stamp:2017246 line = 2441
02-16 00:06:25.302 2724 2724 D IMGGralloc: Gralloc Register w:1557, h:720, f:0x1, usage:0x966, ui64Stamp:2017731, sSize:4517888, line = 2335
02-16 00:06:25.343 2724 2724 D IMGGralloc: Gralloc Free w:1557, h:673, f:0x1, usage:0x966, ui64Stamp:2017687 line = 2441
02-16 00:06:25.344 2724 2724 D IMGGralloc: Gralloc Register w:1557, h:720, f:0x1, usage:0x966, ui64Stamp:2017736, sSize:4517888, line = 2335
02-16 00:06:25.354 2724 2724 W IInputConnectionWrapper: requestCursorAnchorInfo on inactive InputConnection
02-16 00:06:25.382 2724 2795 E IMGSRV : :473: glClientWaitSync: Expected application to have kicked everything until job: 35406 (possibly by calling glFlush)
02-16 00:06:25.430 2724 2795 E IMGSRV : :473: glClientWaitSync: Expected application to have kicked everything until job: 35408 (possibly by calling glFlush)
02-16 00:06:25.511 2724 2795 E IMGSRV : :473: glClientWaitSync: Expected application to have kicked everything until job: 35410 (possibly by calling glFlush)
02-16 00:06:25.578 2724 2795 E IMGSRV : :473: glClientWaitSync: Expected application to have kicked everything until job: 35412 (possibly by calling glFlush)
02-16 00:06:25.628 2724 2795 E IMGSRV : :473: glClientWaitSync: Expected application to have kicked everything until job: 35414 (possibly by calling glFlush)
02-16 00:06:25.692 2724 2795 E IMGSRV : :473: glClientWaitSync: Expected application to have kicked everything until job: 35416 (possibly by calling glFlush)
02-16 00:06:25.855 2724 2795 E IMGSRV : :473: glClientWaitSync: Expected application to have kicked everything until job: 35421 (possibly by calling glFlush)
02-16 00:06:25.907 2724 2795 E IMGSRV : :473: glClientWaitSync: Expected application to have kicked everything until job: 35423 (possibly by calling glFlush)
02-16 00:06:25.965 2724 2795 E IMGSRV : :473: glClientWaitSync: Expected application to have kicked everything until job: 35425 (possibly by calling glFlush)
02-16 00:06:26.006 2724 2795 E IMGSRV : :473: glClientWaitSync: Expected application to have kicked everything until job: 35427 (possibly by calling glFlush)
02-16 00:06:26.075 2724 2795 E IMGSRV : :473: glClientWaitSync: Expected application to have kicked everything until job: 35429 (possibly by calling glFlush)
02-16 00:06:26.119 2724 2795 E IMGSRV : :473: glClientWaitSync: Expected application to have kicked everything until job: 35431 (possibly by calling glFlush)
02-16 00:06:26.158 2724 2795 E IMGSRV : :473: glClientWaitSync: Expected application to have kicked everything until job: 35433 (possibly by calling glFlush)
02-16 00:06:26.200 2724 2795 E IMGSRV : :473: glClientWaitSync: Expected application to have kicked everything until job: 35435 (possibly by calling glFlush)
02-16 00:06:26.244 2724 2795 E IMGSRV : :473: glClientWaitSync: Expected application to have kicked everything until job: 35437 (possibly by calling glFlush)
02-16 00:06:26.336 2724 2795 E IMGSRV : :473: glClientWaitSync: Expected application to have kicked everything until job: 35442 (possibly by calling glFlush)
02-16 00:06:26.377 2724 2795 E IMGSRV : :473: glClientWaitSync: Expected application to have kicked everything until job: 35444 (possibly by calling glFlush)
02-16 00:06:26.424 2724 2795 E IMGSRV : :473: glClientWaitSync: Expected application to have kicked everything until job: 35446 (possibly by calling glFlush)
02-16 00:06:26.478 2724 2795 E IMGSRV : :473: glClientWaitSync: Expected application to have kicked everything until job: 35448 (possibly by calling glFlush)
02-16 00:06:26.513 2724 2795 E IMGSRV : :473: glClientWaitSync: Expected application to have kicked everything until job: 35450 (possibly by calling glFlush)
02-16 00:06:26.550 2724 2795 E IMGSRV : :473: glClientWaitSync: Expected application to have kicked everything until job: 35452 (possibly by calling glFlush)
02-16 00:06:26.589 2724 2795 E IMGSRV : :473: glClientWaitSync: Expected application to have kicked everything until job: 35454 (possibly by calling glFlush)
02-16 00:06:26.623 2724 2795 E IMGSRV : :473: glClientWaitSync: Expected application to have kicked everything until job: 35456 (possibly by calling glFlush)
02-16 00:06:26.657 2724 2795 E IMGSRV : :473: glClientWaitSync: Expected application to have kicked everything until job: 35458 (possibly by calling glFlush)
02-16 00:06:26.733 2724 2795 E IMGSRV : :473: glClientWaitSync: Expected application to have kicked everything until job: 35463 (possibly by calling glFlush)
02-16 00:06:26.796 2724 2795 E IMGSRV : :473: glClientWaitSync: Expected application to have kicked everything until job: 35465 (possibly by calling glFlush)
02-16 00:06:26.833 2724 2795 E IMGSRV : :473: glClientWaitSync: Expected application to have kicked everything until job: 35467 (possibly by calling glFlush)
02-16 00:06:26.873 2724 2795 E IMGSRV : :473: glClientWaitSync: Expected application to have kicked everything until job: 35469 (possibly by calling glFlush)
02-16 00:06:26.911 2724 2795 E IMGSRV : :473: glClientWaitSync: Expected application to have kicked everything until job: 35471 (possibly by calling glFlush)
02-16 00:06:26.943 2724 2795 E IMGSRV : :473: glClientWaitSync: Expected application to have kicked everything until job: 35473 (possibly by calling glFlush)
02-16 00:06:26.977 2724 2795 E IMGSRV : :473: glClientWaitSync: Expected application to have kicked everything until job: 35475 (possibly by calling glFlush)
02-16 00:06:27.011 2724 2795 E IMGSRV : :473: glClientWaitSync: Expected application to have kicked everything until job: 35477 (possibly by calling glFlush)
02-16 00:06:27.050 2724 2795 E IMGSRV : :473: glClientWaitSync: Expected application to have kicked everything until job: 35479 (possibly by calling glFlush)
02-16 00:06:27.123 2724 2795 E IMGSRV : :473: glClientWaitSync: Expected application to have kicked everything until job: 35484 (possibly by calling glFlush)
02-16 00:06:27.159 2724 2795 E IMGSRV : :473: glClientWaitSync: Expected application to have kicked everything until job: 35486 (possibly by calling glFlush)
02-16 00:06:27.198 2724 2795 E IMGSRV : :473: glClientWaitSync: Expected application to have kicked everything until job: 35488 (possibly by calling glFlush)
02-16 00:06:27.236 2724 2795 E IMGSRV : :473: glClientWaitSync: Expected application to have kicked everything until job: 35490 (possibly by calling glFlush)
02-16 00:06:27.276 2724 2795 E IMGSRV : :473: glClientWaitSync: Expected application to have kicked everything until job: 35492 (possibly by calling glFlush)
02-16 00:06:27.332 2724 2795 E IMGSRV : :473: glClientWaitSync: Expected application to have kicked everything until job: 35494 (possibly by calling glFlush)
02-16 00:06:27.352 2724 2724 E Dialog : show dialog view=DecorView@223c56f[EosUnityPlayerActivity]
02-16 00:06:27.392 2724 2795 E IMGSRV : :473: glClientWaitSync: Expected application to have kicked everything until job: 35496 (possibly by calling glFlush)
02-16 00:06:27.430 2724 2736 I mods.patcher:p: Background young concurrent copying GC freed 81780(2667KB) AllocSpace objects, 3(60KB) LOS objects, 39% free, 3990KB/6634KB, paused 589us total 136.843ms
02-16 00:06:27.438 2724 2738 W System : A resource failed to call release.
02-16 00:06:27.439 2724 2738 W System : A resource failed to call release.
02-16 00:06:27.440 2724 2738 W System : A resource failed to call release.
02-16 00:06:27.441 2724 2738 W System : A resource failed to call release.
02-16 00:06:27.444 2724 2738 W System : A resource failed to call release.
02-16 00:06:27.449 2724 2795 E IMGSRV : :473: glClientWaitSync: Expected application to have kicked everything until job: 35498 (possibly by calling glFlush)
02-16 00:06:27.466 2724 2724 D IMGGralloc: Gralloc Register w:1585, h:228, f:0x1, usage:0x966, ui64Stamp:2017866, sSize:1536000, line = 2335
02-16 00:06:27.515 2724 2795 E IMGSRV : :473: glClientWaitSync: Expected application to have kicked everything until job: 35500 (possibly by calling glFlush)
02-16 00:06:27.552 2724 2758 D IMGGralloc: Gralloc Free w:720, h:1557, f:0x1, usage:0xb00, ui64Stamp:2017707 line = 2441
02-16 00:06:27.556 2724 2758 D IMGGralloc: Gralloc Free w:720, h:1557, f:0x1, usage:0xb00, ui64Stamp:2017716 line = 2441
02-16 00:06:27.556 2724 2758 D IMGGralloc: Gralloc Free w:720, h:1557, f:0x1, usage:0xb00, ui64Stamp:2017726 line = 2441
02-16 00:06:27.566 2724 2758 D IMGGralloc: Gralloc Register w:673, h:1473, f:0x1, usage:0xb00, ui64Stamp:2017876, sSize:4096000, line = 2335
02-16 00:06:27.576 2724 2758 D IMGGralloc: Gralloc Register w:673, h:1473, f:0x1, usage:0xb00, ui64Stamp:2017884, sSize:4096000, line = 2335
02-16 00:06:27.578 2724 2724 D IMGGralloc: Gralloc Free w:1557, h:720, f:0x1, usage:0x966, ui64Stamp:2017721 line = 2441
02-16 00:06:27.579 2724 2724 D IMGGralloc: Gralloc Register w:1473, h:673, f:0x1, usage:0x966, ui64Stamp:2017888, sSize:4096000, line = 2335
02-16 00:06:27.586 2724 2758 D IMGGralloc: Gralloc Register w:673, h:1473, f:0x1, usage:0xb00, ui64Stamp:2017891, sSize:4096000, line = 2335
02-16 00:06:27.599 2724 2724 I AssistStructure: Flattened final assist data: 1148 bytes, containing 3 windows, 6 views
02-16 00:06:27.619 2724 2724 D IMGGralloc: Gralloc Register w:1585, h:228, f:0x1, usage:0x966, ui64Stamp:2017895, sSize:1536000, line = 2335
02-16 00:06:27.623 2724 2795 E IMGSRV : :473: glClientWaitSync: Expected application to have kicked everything until job: 35505 (possibly by calling glFlush)
02-16 00:06:27.654 2724 2724 D IMGGralloc: Gralloc Free w:1557, h:720, f:0x1, usage:0x966, ui64Stamp:2017731 line = 2441
02-16 00:06:27.654 2724 2724 D IMGGralloc: Gralloc Register w:1473, h:673, f:0x1, usage:0x966, ui64Stamp:2017900, sSize:4096000, line = 2335
02-16 00:06:27.698 2724 2795 E IMGSRV : :473: glClientWaitSync: Expected application to have kicked everything until job: 35507 (possibly by calling glFlush)
02-16 00:06:27.758 2724 2795 E IMGSRV : :473: glClientWaitSync: Expected application to have kicked everything until job: 35509 (possibly by calling glFlush)
02-16 00:06:27.811 2724 2795 E IMGSRV : :473: glClientWaitSync: Expected application to have kicked everything until job: 35511 (possibly by calling glFlush)
02-16 00:06:27.860 2724 2795 E IMGSRV : :473: glClientWaitSync: Expected application to have kicked everything until job: 35513 (possibly by calling glFlush)
02-16 00:06:27.938 2724 2795 E IMGSRV : :473: glClientWaitSync: Expected application to have kicked everything until job: 35515 (possibly by calling glFlush)
02-16 00:06:28.019 2724 2795 E IMGSRV : :473: glClientWaitSync: Expected application to have kicked everything until job: 35517 (possibly by calling glFlush)
02-16 00:06:28.058 2724 2758 D IMGGralloc: Gralloc Free w:673, h:1473, f:0x1, usage:0xb00, ui64Stamp:2017876 line = 2441
02-16 00:06:28.059 2724 2758 D IMGGralloc: Gralloc Free w:673, h:1473, f:0x1, usage:0xb00, ui64Stamp:2017884 line = 2441
02-16 00:06:28.060 2724 2758 D IMGGralloc: Gralloc Free w:673, h:1473, f:0x1, usage:0xb00, ui64Stamp:2017891 line = 2441
02-16 00:06:28.074 2724 2795 E IMGSRV : :473: glClientWaitSync: Expected application to have kicked everything until job: 35519 (possibly by calling glFlush)
02-16 00:06:28.087 2724 2758 D IMGGralloc: Gralloc Register w:300, h:1473, f:0x1, usage:0xb00, ui64Stamp:2017945, sSize:1810432, line = 2335
02-16 00:06:28.095 2724 2758 D IMGGralloc: Gralloc Register w:300, h:1473, f:0x1, usage:0xb00, ui64Stamp:2017953, sSize:1810432, line = 2335
02-16 00:06:28.097 2724 2724 D IMGGralloc: Gralloc Free w:1557, h:720, f:0x1, usage:0x966, ui64Stamp:2017736 line = 2441
02-16 00:06:28.098 2724 2724 D IMGGralloc: Gralloc Register w:1473, h:300, f:0x1, usage:0x966, ui64Stamp:2017957, sSize:1810432, line = 2335
02-16 00:06:28.102 2724 2758 D IMGGralloc: Gralloc Register w:300, h:1473, f:0x1, usage:0xb00, ui64Stamp:2017961, sSize:1810432, line = 2335
02-16 00:06:28.117 2724 2724 D IMGGralloc: Gralloc Free w:1473, h:673, f:0x1, usage:0x966, ui64Stamp:2017888 line = 2441
02-16 00:06:28.117 2724 2724 D IMGGralloc: Gralloc Register w:1473, h:300, f:0x1, usage:0x966, ui64Stamp:2017965, sSize:1810432, line = 2335
02-16 00:06:28.127 2724 2795 E IMGSRV : :473: glClientWaitSync: Expected application to have kicked everything until job: 35521 (possibly by calling glFlush)
02-16 00:06:28.212 2724 2795 E IMGSRV : :473: glClientWaitSync: Expected application to have kicked everything until job: 35526 (possibly by calling glFlush)
02-16 00:06:28.246 2724 2795 E IMGSRV : :473: glClientWaitSync: Expected application to have kicked everything until job: 35528 (possibly by calling glFlush)
02-16 00:06:28.286 2724 2795 E IMGSRV : :473: glClientWaitSync: Expected application to have kicked everything until job: 35530 (possibly by calling glFlush)
02-16 00:06:28.321 2724 2795 E IMGSRV : :473: glClientWaitSync: Expected application to have kicked everything until job: 35532 (possibly by calling glFlush)
02-16 00:06:28.359 2724 2795 E IMGSRV : :473: glClientWaitSync: Expected application to have kicked everything until job: 35534 (possibly by calling glFlush)
02-16 00:06:28.406 2724 2795 E IMGSRV : :473: glClientWaitSync: Expected application to have kicked everything until job: 35536 (possibly by calling glFlush)
02-16 00:06:28.443 2724 2795 E IMGSRV : :473: glClientWaitSync: Expected application to have kicked everything until job: 35538 (possibly by calling glFlush)
02-16 00:06:28.482 2724 2795 E IMGSRV : :473: glClientWaitSync: Expected application to have kicked everything until job: 35540 (possibly by calling glFlush)
02-16 00:06:28.514 2724 2795 E IMGSRV : :473: glClientWaitSync: Expected application to have kicked everything until job: 35542 (possibly by calling glFlush)
02-16 00:06:28.591 2724 2795 E IMGSRV : :473: glClientWaitSync: Expected application to have kicked everything until job: 35547 (possibly by calling glFlush)
02-16 00:06:28.624 2724 2795 E IMGSRV : :473: glClientWaitSync: Expected application to have kicked everything until job: 35549 (possibly by calling glFlush)
02-16 00:06:28.679 2724 2795 E IMGSRV : :473: glClientWaitSync: Expected application to have kicked everything until job: 35551 (possibly by calling glFlush)
02-16 00:06:28.741 2724 2795 E IMGSRV : :473: glClientWaitSync: Expected application to have kicked everything until job: 35553 (possibly by calling glFlush)
02-16 00:06:28.812 2724 2795 E IMGSRV : :473: glClientWaitSync: Expected application to have kicked everything until job: 35555 (possibly by calling glFlush)
02-16 00:06:28.892 2724 2795 E IMGSRV : :473: glClientWaitSync: Expected application to have kicked everything until job: 35557 (possibly by calling glFlush)
02-16 00:06:28.952 2724 2795 E IMGSRV : :473: glClientWaitSync: Expected application to have kicked everything until job: 35559 (possibly by calling glFlush)
02-16 00:06:29.017 2724 2795 E IMGSRV : :473: glClientWaitSync: Expected application to have kicked everything until job: 35561 (possibly by calling glFlush)
02-16 00:06:29.060 2724 2795 E IMGSRV : :473: glClientWaitSync: Expected application to have kicked everything until job: 35563 (possibly by calling glFlush)
02-16 00:06:29.144 2724 2795 E IMGSRV : :473: glClientWaitSync: Expected application to have kicked everything until job: 35568 (possibly by calling glFlush)
02-16 00:06:29.183 2724 2795 E IMGSRV : :473: glClientWaitSync: Expected application to have kicked everything until job: 35570 (possibly by calling glFlush)
02-16 00:06:29.219 2724 2795 E IMGSRV : :473: glClientWaitSync: Expected application to have kicked everything until job: 35572 (possibly by calling glFlush)
02-16 00:06:29.257 2724 2795 E IMGSRV : :473: glClientWaitSync: Expected application to have kicked everything until job: 35574 (possibly by calling glFlush)
