02-16 00:07:27.597 2724 2724 D IMGGralloc: Gralloc Free w:1473, h:300, f:0x1, usage:0x966, ui64Stamp:2021445 line = 2441
02-16 00:07:27.597 2724 2724 D IMGGralloc: Gralloc Register w:1557, h:720, f:0x1, usage:0x966, ui64Stamp:2021716, sSize:4517888, line = 2335
02-16 00:07:27.608 2724 2758 D IMGGralloc: Gralloc Register w:720, h:1557, f:0x1, usage:0xb00, ui64Stamp:2021720, sSize:4517888, line = 2335
02-16 00:07:27.619 2724 2795 E IMGSRV : :473: glClientWaitSync: Expected application to have kicked everything until job: 38604 (possibly by calling glFlush)
02-16 00:07:27.640 2724 2724 D IMGGralloc: Gralloc Free w:1473, h:300, f:0x1, usage:0x966, ui64Stamp:2021455 line = 2441
02-16 00:07:27.640 2724 2724 D IMGGralloc: Gralloc Register w:1557, h:720, f:0x1, usage:0x966, ui64Stamp:2021726, sSize:4517888, line = 2335
02-16 00:07:27.652 2724 2724 W IInputConnectionWrapper: requestCursorAnchorInfo on inactive InputConnection
02-16 00:07:27.660 2724 2724 D IMGGralloc: Gralloc Free w:1473, h:300, f:0x1, usage:0x966, ui64Stamp:2021460 line = 2441
02-16 00:07:27.661 2724 2724 D IMGGralloc: Gralloc Register w:1557, h:720, f:0x1, usage:0x966, ui64Stamp:2021730, sSize:4517888, line = 2335
02-16 00:07:27.670 2724 2795 E IMGSRV : :473: glClientWaitSync: Expected application to have kicked everything until job: 38606 (possibly by calling glFlush)
02-16 00:07:27.698 2724 2795 E IMGSRV : :473: glClientWaitSync: Expected application to have kicked everything until job: 38608 (possibly by calling glFlush)
02-16 00:07:27.722 2724 2795 E IMGSRV : :473: glClientWaitSync: Expected application to have kicked everything until job: 38610 (possibly by calling glFlush)
02-16 00:07:27.743 2724 2795 E IMGSRV : :473: glClientWaitSync: Expected application to have kicked everything until job: 38612 (possibly by calling glFlush)
02-16 00:07:27.773 2724 2795 E IMGSRV : :473: glClientWaitSync: Expected application to have kicked everything until job: 38614 (possibly by calling glFlush)
02-16 00:07:27.802 2724 2795 E IMGSRV : :473: glClientWaitSync: Expected application to have kicked everything until job: 38616 (possibly by calling glFlush)
02-16 00:07:27.870 2724 2795 E IMGSRV : :473: glClientWaitSync: Expected application to have kicked everything until job: 38621 (possibly by calling glFlush)
02-16 00:07:27.902 2724 2795 E IMGSRV : :473: glClientWaitSync: Expected application to have kicked everything until job: 38623 (possibly by calling glFlush)
02-16 00:07:27.936 2724 2795 E IMGSRV : :473: glClientWaitSync: Expected application to have kicked everything until job: 38625 (possibly by calling glFlush)
02-16 00:07:27.968 2724 2795 E IMGSRV : :473: glClientWaitSync: Expected application to have kicked everything until job: 38627 (possibly by calling glFlush)
02-16 00:07:28.000 2724 2795 E IMGSRV : :473: glClientWaitSync: Expected application to have kicked everything until job: 38629 (possibly by calling glFlush)
02-16 00:07:28.034 2724 2795 E IMGSRV : :473: glClientWaitSync: Expected application to have kicked everything until job: 38631 (possibly by calling glFlush)
02-16 00:07:28.067 2724 2795 E IMGSRV : :473: glClientWaitSync: Expected application to have kicked everything until job: 38633 (possibly by calling glFlush)
02-16 00:07:28.101 2724 2795 E IMGSRV : :473: glClientWaitSync: Expected application to have kicked everything until job: 38635 (possibly by calling glFlush)
02-16 00:07:28.137 2724 2795 E IMGSRV : :473: glClientWaitSync: Expected application to have kicked everything until job: 38637 (possibly by calling glFlush)
02-16 00:07:28.215 2724 2795 E IMGSRV : :473: glClientWaitSync: Expected application to have kicked everything until job: 38642 (possibly by calling glFlush)
02-16 00:07:28.236 2724 2795 E IMGSRV : :473: glClientWaitSync: Expected application to have kicked everything until job: 38644 (possibly by calling glFlush)
02-16 00:07:28.268 2724 2795 E IMGSRV : :473: glClientWaitSync: Expected application to have kicked everything until job: 38646 (possibly by calling glFlush)
02-16 00:07:28.299 2724 2795 E IMGSRV : :473: glClientWaitSync: Expected application to have kicked everything until job: 38648 (possibly by calling glFlush)
02-16 00:07:28.334 2724 2795 E IMGSRV : :473: glClientWaitSync: Expected application to have kicked everything until job: 38650 (possibly by calling glFlush)
02-16 00:07:28.368 2724 2795 E IMGSRV : :473: glClientWaitSync: Expected application to have kicked everything until job: 38652 (possibly by calling glFlush)
02-16 00:07:28.401 2724 2795 E IMGSRV : :473: glClientWaitSync: Expected application to have kicked everything until job: 38654 (possibly by calling glFlush)
02-16 00:07:28.439 2724 2795 E IMGSRV : :473: glClientWaitSync: Expected application to have kicked everything until job: 38656 (possibly by calling glFlush)
02-16 00:07:28.467 2724 2795 E IMGSRV : :473: glClientWaitSync: Expected application to have kicked everything until job: 38658 (possibly by calling glFlush)
02-16 00:07:28.535 2724 2795 E IMGSRV : :473: glClientWaitSync: Expected application to have kicked everything until job: 38663 (possibly by calling glFlush)
02-16 00:07:28.568 2724 2795 E IMGSRV : :473: glClientWaitSync: Expected application to have kicked everything until job: 38665 (possibly by calling glFlush)
02-16 00:07:28.602 2724 2795 E IMGSRV : :473: glClientWaitSync: Expected application to have kicked everything until job: 38667 (possibly by calling glFlush)
02-16 00:07:28.635 2724 2795 E IMGSRV : :473: glClientWaitSync: Expected application to have kicked everything until job: 38669 (possibly by calling glFlush)
02-16 00:07:28.667 2724 2795 E IMGSRV : :473: glClientWaitSync: Expected application to have kicked everything until job: 38671 (possibly by calling glFlush)
02-16 00:07:28.702 2724 2795 E IMGSRV : :473: glClientWaitSync: Expected application to have kicked everything until job: 38673 (possibly by calling glFlush)
02-16 00:07:28.734 2724 2795 E IMGSRV : :473: glClientWaitSync: Expected application to have kicked everything until job: 38675 (possibly by calling glFlush)
02-16 00:07:28.769 2724 2795 E IMGSRV : :473: glClientWaitSync: Expected application to have kicked everything until job: 38677 (possibly by calling glFlush)
02-16 00:07:28.802 2724 2795 E IMGSRV : :473: glClientWaitSync: Expected application to have kicked everything until job: 38679 (possibly by calling glFlush)
02-16 00:07:28.868 2724 2795 E IMGSRV : :473: glClientWaitSync: Expected application to have kicked everything until job: 38684 (possibly by calling glFlush)
02-16 00:07:28.901 2724 2795 E IMGSRV : :473: glClientWaitSync: Expected application to have kicked everything until job: 38686 (possibly by calling glFlush)
02-16 00:07:28.939 2724 2795 E IMGSRV : :473: glClientWaitSync: Expected application to have kicked everything until job: 38688 (possibly by calling glFlush)
02-16 00:07:28.969 2724 2795 E IMGSRV : :473: glClientWaitSync: Expected application to have kicked everything until job: 38690 (possibly by calling glFlush)
02-16 00:07:29.002 2724 2795 E IMGSRV : :473: glClientWaitSync: Expected application to have kicked everything until job: 38692 (possibly by calling glFlush)
02-16 00:07:29.034 2724 2795 E IMGSRV : :473: glClientWaitSync: Expected application to have kicked everything until job: 38694 (possibly by calling glFlush)
02-16 00:07:29.067 2724 2795 E IMGSRV : :473: glClientWaitSync: Expected application to have kicked everything until job: 38696 (possibly by calling glFlush)
02-16 00:07:29.102 2724 2795 E IMGSRV : :473: glClientWaitSync: Expected application to have kicked everything until job: 38698 (possibly by calling glFlush)
02-16 00:07:29.133 2724 2795 E IMGSRV : :473: glClientWaitSync: Expected application to have kicked everything until job: 38700 (possibly by calling glFlush)
02-16 00:07:29.202 2724 2795 E IMGSRV : :473: glClientWaitSync: Expected application to have kicked everything until job: 38705 (possibly by calling glFlush)
02-16 00:07:29.234 2724 2795 E IMGSRV : :473: glClientWaitSync: Expected application to have kicked everything until job: 38707 (possibly by calling glFlush)
02-16 00:07:29.269 2724 2795 E IMGSRV : :473: glClientWaitSync: Expected application to have kicked everything until job: 38709 (possibly by calling glFlush)
02-16 00:07:29.301 2724 2795 E IMGSRV : :473: glClientWaitSync: Expected application to have kicked everything until job: 38711 (possibly by calling glFlush)
02-16 00:07:29.334 2724 2795 E IMGSRV : :473: glClientWaitSync: Expected application to have kicked everything until job: 38713 (possibly by calling glFlush)
02-16 00:07:29.368 2724 2795 E IMGSRV : :473: glClientWaitSync: Expected application to have kicked everything until job: 38715 (possibly by calling glFlush)
02-16 00:07:29.401 2724 2795 E IMGSRV : :473: glClientWaitSync: Expected application to have kicked everything until job: 38717 (possibly by calling glFlush)
02-16 00:07:29.437 2724 2795 E IMGSRV : :473: glClientWaitSync: Expected application to have kicked everything until job: 38719 (possibly by calling glFlush)
02-16 00:07:29.470 2724 2795 E IMGSRV : :473: glClientWaitSync: Expected application to have kicked everything until job: 38721 (possibly by calling glFlush)
02-16 00:07:29.534 2724 2795 E IMGSRV : :473: glClientWaitSync: Expected application to have kicked everything until job: 38726 (possibly by calling glFlush)
02-16 00:07:29.568 2724 2795 E IMGSRV : :473: glClientWaitSync: Expected application to have kicked everything until job: 38728 (possibly by calling glFlush)
02-16 00:07:29.600 2724 2795 E IMGSRV : :473: glClientWaitSync: Expected application to have kicked everything until job: 38730 (possibly by calling glFlush)
02-16 00:07:29.634 2724 2795 E IMGSRV : :473: glClientWaitSync: Expected application to have kicked everything until job: 38732 (possibly by calling glFlush)
02-16 00:07:29.667 2724 2795 E IMGSRV : :473: glClientWaitSync: Expected application to have kicked everything until job: 38734 (possibly by calling glFlush)
02-16 00:07:29.700 2724 2795 E IMGSRV : :473: glClientWaitSync: Expected application to have kicked everything until job: 38736 (possibly by calling glFlush)
02-16 00:07:29.735 2724 2795 E IMGSRV : :473: glClientWaitSync: Expected application to have kicked everything until job: 38738 (possibly by calling glFlush)
02-16 00:07:29.769 2724 2795 E IMGSRV : :473: glClientWaitSync: Expected application to have kicked everything until job: 38740 (possibly by calling glFlush)
02-16 00:07:29.801 2724 2795 E IMGSRV : :473: glClientWaitSync: Expected application to have kicked everything until job: 38742 (possibly by calling glFlush)
02-16 00:07:29.868 2724 2795 E IMGSRV : :473: glClientWaitSync: Expected application to have kicked everything until job: 38747 (possibly by calling glFlush)
02-16 00:07:29.900 2724 2795 E IMGSRV : :473: glClientWaitSync: Expected application to have kicked everything until job: 38749 (possibly by calling glFlush)
02-16 00:07:29.936 2724 2795 E IMGSRV : :473: glClientWaitSync: Expected application to have kicked everything until job: 38751 (possibly by calling glFlush)
02-16 00:07:29.973 2724 2795 E IMGSRV : :473: glClientWaitSync: Expected application to have kicked everything until job: 38753 (possibly by calling glFlush)
02-16 00:07:30.004 2724 2795 E IMGSRV : :473: glClientWaitSync: Expected application to have kicked everything until job: 38755 (possibly by calling glFlush)
02-16 00:07:30.037 2724 2795 E IMGSRV : :473: glClientWaitSync: Expected application to have kicked everything until job: 38757 (possibly by calling glFlush)
02-16 00:07:30.072 2724 2795 E IMGSRV : :473: glClientWaitSync: Expected application to have kicked everything until job: 38759 (possibly by calling glFlush)
02-16 00:07:30.115 2724 2795 E IMGSRV : :473: glClientWaitSync: Expected application to have kicked everything until job: 38761 (possibly by calling glFlush)
02-16 00:07:30.137 2724 2795 E IMGSRV : :473: glClientWaitSync: Expected application to have kicked everything until job: 38763 (possibly by calling glFlush)
02-16 00:07:30.201 2724 2795 E IMGSRV : :473: glClientWaitSync: Expected application to have kicked everything until job: 38768 (possibly by calling glFlush)
02-16 00:07:30.234 2724 2795 E IMGSRV : :473: glClientWaitSync: Expected application to have kicked everything until job: 38770 (possibly by calling glFlush)
02-16 00:07:30.268 2724 2795 E IMGSRV : :473: glClientWaitSync: Expected application to have kicked everything until job: 38772 (possibly by calling glFlush)
02-16 00:07:30.300 2724 2795 E IMGSRV : :473: glClientWaitSync: Expected application to have kicked everything until job: 38774 (possibly by calling glFlush)
02-16 00:07:30.335 2724 2795 E IMGSRV : :473: glClientWaitSync: Expected application to have kicked everything until job: 38776 (possibly by calling glFlush)
02-16 00:07:30.367 2724 2795 E IMGSRV : :473: glClientWaitSync: Expected application to have kicked everything until job: 38778 (possibly by calling glFlush)
02-16 00:07:30.400 2724 2795 E IMGSRV : :473: glClientWaitSync: Expected application to have kicked everything until job: 38780 (possibly by calling glFlush)
02-16 00:07:30.435 2724 2795 E IMGSRV : :473: glClientWaitSync: Expected application to have kicked everything until job: 38782 (possibly by calling glFlush)
02-16 00:07:30.470 2724 2795 E IMGSRV : :473: glClientWaitSync: Expected application to have kicked everything until job: 38784 (possibly by calling glFlush)
02-16 00:07:30.536 2724 2795 E IMGSRV : :473: glClientWaitSync: Expected application to have kicked everything until job: 38789 (possibly by calling glFlush)
02-16 00:07:30.568 2724 2795 E IMGSRV : :473: glClientWaitSync: Expected application to have kicked everything until job: 38791 (possibly by calling glFlush)
02-16 00:07:30.602 2724 2795 E IMGSRV : :473: glClientWaitSync: Expected application to have kicked everything until job: 38793 (possibly by calling glFlush)
02-16 00:07:30.637 2724 2795 E IMGSRV : :473: glClientWaitSync: Expected application to have kicked everything until job: 38795 (possibly by calling glFlush)
02-16 00:07:30.669 2724 2795 E IMGSRV : :473: glClientWaitSync: Expected application to have kicked everything until job: 38797 (possibly by calling glFlush)
02-16 00:07:30.701 2724 2795 E IMGSRV : :473: glClientWaitSync: Expected application to have kicked everything until job: 38799 (possibly by calling glFlush)
02-16 00:07:30.735 2724 2795 E IMGSRV : :473: glClientWaitSync: Expected application to have kicked everything until job: 38801 (possibly by calling glFlush)
02-16 00:07:30.768 2724 2795 E IMGSRV : :473: glClientWaitSync: Expected application to have kicked everything until job: 38803 (possibly by calling glFlush)
02-16 00:07:30.801 2724 2795 E IMGSRV : :473: glClientWaitSync: Expected application to have kicked everything until job: 38805 (possibly by calling glFlush)
02-16 00:07:30.868 2724 2795 E IMGSRV : :473: glClientWaitSync: Expected application to have kicked everything until job: 38810 (possibly by calling glFlush)
02-16 00:07:30.903 2724 2795 E IMGSRV : :473: glClientWaitSync: Expected application to have kicked everything until job: 38812 (possibly by calling glFlush)
02-16 00:07:30.934 2724 2795 E IMGSRV : :473: glClientWaitSync: Expected application to have kicked everything until job: 38814 (possibly by calling glFlush)
02-16 00:07:30.970 2724 2795 E IMGSRV : :473: glClientWaitSync: Expected application to have kicked everything until job: 38816 (possibly by calling glFlush)
02-16 00:07:31.002 2724 2795 E IMGSRV : :473: glClientWaitSync: Expected application to have kicked everything until job: 38818 (possibly by calling glFlush)
02-16 00:07:31.035 2724 2795 E IMGSRV : :473: glClientWaitSync: Expected application to have kicked everything until job: 38820 (possibly by calling glFlush)
02-16 00:07:31.070 2724 2795 E IMGSRV : :473: glClientWaitSync: Expected application to have kicked everything until job: 38822 (possibly by calling glFlush)
02-16 00:07:31.102 2724 2795 E IMGSRV : :473: glClientWaitSync: Expected application to have kicked everything until job: 38824 (possibly by calling glFlush)
02-16 00:07:31.136 2724 2795 E IMGSRV : :473: glClientWaitSync: Expected application to have kicked everything until job: 38826 (possibly by calling glFlush)
02-16 00:07:31.203 2724 2795 E IMGSRV : :473: glClientWaitSync: Expected application to have kicked everything until job: 38831 (possibly by calling glFlush)
02-16 00:07:31.235 2724 2795 E IMGSRV : :473: glClientWaitSync: Expected application to have kicked everything until job: 38833 (possibly by calling glFlush)
02-16 00:07:31.270 2724 2795 E IMGSRV : :473: glClientWaitSync: Expected application to have kicked everything until job: 38835 (possibly by calling glFlush)
02-16 00:07:31.303 2724 2795 E IMGSRV : :473: glClientWaitSync: Expected application to have kicked everything until job: 38837 (possibly by calling glFlush)
02-16 00:07:31.336 2724 2795 E IMGSRV : :473: glClientWaitSync: Expected application to have kicked everything until job: 38839 (possibly by calling glFlush)
02-16 00:07:31.368 2724 2795 E IMGSRV : :473: glClientWaitSync: Expected application to have kicked everything until job: 38841 (possibly by calling glFlush)
02-16 00:07:31.401 2724 2795 E IMGSRV : :473: glClientWaitSync: Expected application to have kicked everything until job: 38843 (possibly by calling glFlush)
02-16 00:07:31.436 2724 2795 E IMGSRV : :473: glClientWaitSync: Expected application to have kicked everything until job: 38845 (possibly by calling glFlush)
02-16 00:07:31.470 2724 2795 E IMGSRV : :473: glClientWaitSync: Expected application to have kicked everything until job: 38847 (possibly by calling glFlush)
02-16 00:07:31.535 2724 2795 E IMGSRV : :473: glClientWaitSync: Expected application to have kicked everything until job: 38852 (possibly by calling glFlush)
02-16 00:07:31.568 2724 2795 E IMGSRV : :473: glClientWaitSync: Expected application to have kicked everything until job: 38854 (possibly by calling glFlush)
02-16 00:07:31.603 2724 2795 E IMGSRV : :473: glClientWaitSync: Expected application to have kicked everything until job: 38856 (possibly by calling glFlush)
02-16 00:07:31.635 2724 2795 E IMGSRV : :473: glClientWaitSync: Expected application to have kicked everything until job: 38858 (possibly by calling glFlush)
02-16 00:07:31.666 2724 2795 E IMGSRV : :473: glClientWaitSync: Expected application to have kicked everything until job: 38860 (possibly by calling glFlush)
02-16 00:07:31.701 2724 2795 E IMGSRV : :473: glClientWaitSync: Expected application to have kicked everything until job: 38862 (possibly by calling glFlush)
02-16 00:07:31.735 2724 2795 E IMGSRV : :473: glClientWaitSync: Expected application to have kicked everything until job: 38864 (possibly by calling glFlush)
02-16 00:07:31.768 2724 2795 E IMGSRV : :473: glClientWaitSync: Expected application to have kicked everything until job: 38866 (possibly by calling glFlush)
02-16 00:07:31.801 2724 2795 E IMGSRV : :473: glClientWaitSync: Expected application to have kicked everything until job: 38868 (possibly by calling glFlush)
02-16 00:07:31.870 2724 2795 E IMGSRV : :473: glClientWaitSync: Expected application to have kicked everything until job: 38873 (possibly by calling glFlush)
02-16 00:07:31.900 2724 2795 E IMGSRV : :473: glClientWaitSync: Expected application to have kicked everything until job: 38875 (possibly by calling glFlush)
02-16 00:07:31.935 2724 2795 E IMGSRV : :473: glClientWaitSync: Expected application to have kicked everything until job: 38877 (possibly by calling glFlush)
02-16 00:07:31.969 2724 2795 E IMGSRV : :473: glClientWaitSync: Expected application to have kicked everything until job: 38879 (possibly by calling glFlush)
02-16 00:07:32.003 2724 2795 E IMGSRV : :473: glClientWaitSync: Expected application to have kicked everything until job: 38881 (possibly by calling glFlush)
02-16 00:07:32.034 2724 2795 E IMGSRV : :473: glClientWaitSync: Expected application to have kicked everything until job: 38883 (possibly by calling glFlush)
02-16 00:07:32.067 2724 2795 E IMGSRV : :473: glClientWaitSync: Expected application to have kicked everything until job: 38885 (possibly by calling glFlush)
02-16 00:07:32.101 2724 2795 E IMGSRV : :473: glClientWaitSync: Expected application to have kicked everything until job: 38887 (possibly by calling glFlush)
02-16 00:07:32.136 2724 2795 E IMGSRV : :473: glClientWaitSync: Expected application to have kicked everything until job: 38889 (possibly by calling glFlush)
02-16 00:07:32.201 2724 2795 E IMGSRV : :473: glClientWaitSync: Expected application to have kicked everything until job: 38894 (possibly by calling glFlush)
02-16 00:07:32.235 2724 2795 E IMGSRV : :473: glClientWaitSync: Expected application to have kicked everything until job: 38896 (possibly by calling glFlush)
02-16 00:07:32.299 2724 2795 E IMGSRV : :473: glClientWaitSync: Expected application to have kicked everything until job: 38898 (possibly by calling glFlush)
02-16 00:07:44.677 2724 2724 W UnityMain: type=1400 audit(0.0:940579): avc: denied { ioctl } for path="socket:[39164259]" dev="sockfs" ino=39164259 ioctlcmd=0xc scontext=u:r:untrusted_app:s0:c250,c256,c512,c768 tcontext=u:r:untrusted_app:s0:c250,c256,c512,c768 tclass=udp_socket permissive=0 app=polarmods.patcher
02-16 00:07:45.705 2724 2724 W UnityMain: type=1400 audit(0.0:940580): avc: denied { ioctl } for path="socket:[39164262]" dev="sockfs" ino=39164262 ioctlcmd=0xc scontext=u:r:untrusted_app:s0:c250,c256,c512,c768 tcontext=u:r:untrusted_app:s0:c250,c256,c512,c768 tclass=udp_socket permissive=0 app=polarmods.patcher
02-16 00:07:48.021 2724 2795 E IMGSRV : :473: glClientWaitSync: Expected application to have kicked everything until job: 39625 (possibly by calling glFlush)
02-16 00:07:48.033 2724 2795 E IMGSRV : :473: glClientWaitSync: Expected application to have kicked everything until job: 39627 (possibly by calling glFlush)
02-16 00:07:48.068 2724 2795 E IMGSRV : :473: glClientWaitSync: Expected application to have kicked everything until job: 39629 (possibly by calling glFlush)
02-16 00:07:48.101 2724 2795 E IMGSRV : :473: glClientWaitSync: Expected application to have kicked everything until job: 39631 (possibly by calling glFlush)
02-16 00:07:48.133 2724 2795 E IMGSRV : :473: glClientWaitSync: Expected application to have kicked everything until job: 39633 (possibly by calling glFlush)
02-16 00:07:48.167 2724 2795 E IMGSRV : :473: glClientWaitSync: Expected application to have kicked everything until job: 39635 (possibly by calling glFlush)
02-16 00:07:48.201 2724 2795 E IMGSRV : :473: glClientWaitSync: Expected application to have kicked everything until job: 39637 (possibly by calling glFlush)
02-16 00:07:48.234 2724 2795 E IMGSRV : :473: glClientWaitSync: Expected application to have kicked everything until job: 39639 (possibly by calling glFlush)
02-16 00:07:48.267 2724 2795 E IMGSRV : :473: glClientWaitSync: Expected application to have kicked everything until job: 39641 (possibly by calling glFlush)
02-16 00:07:48.335 2724 2795 E IMGSRV : :473: glClientWaitSync: Expected application to have kicked everything until job: 39646 (possibly by calling glFlush)
02-16 00:07:48.369 2724 2795 E IMGSRV : :473: glClientWaitSync: Expected application to have kicked everything until job: 39648 (possibly by calling glFlush)
02-16 00:07:48.401 2724 2795 E IMGSRV : :473: glClientWaitSync: Expected application to have kicked everything until job: 39650 (possibly by calling glFlush)
02-16 00:07:48.434 2724 2795 E IMGSRV : :473: glClientWaitSync: Expected application to have kicked everything until job: 39652 (possibly by calling glFlush)
02-16 00:07:48.467 2724 2795 E IMGSRV : :473: glClientWaitSync: Expected application to have kicked everything until job: 39654 (possibly by calling glFlush)
02-16 00:07:48.501 2724 2795 E IMGSRV : :473: glClientWaitSync: Expected application to have kicked everything until job: 39656 (possibly by calling glFlush)
02-16 00:07:48.659 2724 2795 E IMGSRV : :473: glClientWaitSync: Expected application to have kicked everything until job: 39658 (possibly by calling glFlush)
02-16 00:07:48.687 2724 2795 E IMGSRV : :473: glClientWaitSync: Expected application to have kicked everything until job: 39660 (possibly by calling glFlush)
02-16 00:07:48.903 2724 2795 E IMGSRV : :473: glClientWaitSync: Expected application to have kicked everything until job: 39662 (possibly by calling glFlush)
02-16 00:07:48.912 2724 2757 E Unity : NullReferenceException: Object reference not set to an instance of an object.
02-16 00:07:48.912 2724 2757 E Unity : at SkinLayer.IsPlayingRunAnim () [0x00000] in <00000000000000000000000000000000>:0
02-16 00:07:48.912 2724 2757 E Unity : at PlayerPhysics.HandleAnimation (System.Boolean amDead) [0x00000] in <00000000000000000000000000000000>:0
02-16 00:07:48.912 2724 2757 E Unity : at PlayerPhysics.FixedUpdate () [0x00000] in <00000000000000000000000000000000>:0
02-16 00:07:48.912 2724 2757 E Unity :
02-16 00:07:48.929 2724 2757 E Unity : NullReferenceException: Object reference not set to an instance of an object.
02-16 00:07:48.929 2724 2757 E Unity : at SkinLayer.IsPlayingRunAnim () [0x00000] in <00000000000000000000000000000000>:0
02-16 00:07:48.929 2724 2757 E Unity : at PlayerPhysics.HandleAnimation (System.Boolean amDead) [0x00000] in <00000000000000000000000000000000>:0
02-16 00:07:48.929 2724 2757 E Unity : at PlayerPhysics.FixedUpdate () [0x00000] in <00000000000000000000000000000000>:0
02-16 00:07:48.929 2724 2757 E Unity :
02-16 00:07:48.945 2724 2757 E Unity : NullReferenceException: Object reference not set to an instance of an object.
02-16 00:07:48.945 2724 2757 E Unity : at SkinLayer.IsPlayingRunAnim () [0x00000] in <00000000000000000000000000000000>:0
02-16 00:07:48.945 2724 2757 E Unity : at PlayerPhysics.HandleAnimation (System.Boolean amDead) [0x00000] in <00000000000000000000000000000000>:0
02-16 00:07:48.945 2724 2757 E Unity : at PlayerPhysics.FixedUpdate () [0x00000] in <00000000000000000000000000000000>:0
02-16 00:07:48.945 2724 2757 E Unity :
02-16 00:07:48.961 2724 2757 E Unity : NullReferenceException: Object reference not set to an instance of an object.
02-16 00:07:48.961 2724 2757 E Unity : at SkinLayer.IsPlayingRunAnim () [0x00000] in <00000000000000000000000000000000>:0
02-16 00:07:48.961 2724 2757 E Unity : at PlayerPhysics.HandleAnimation (System.Boolean amDead) [0x00000] in <00000000000000000000000000000000>:0
02-16 00:07:48.961 2724 2757 E Unity : at PlayerPhysics.FixedUpdate () [0x00000] in <00000000000000000000000000000000>:0
02-16 00:07:48.961 2724 2757 E Unity :
02-16 00:07:48.974 2724 2757 E Unity : NullReferenceException: Object reference not set to an instance of an object.
02-16 00:07:48.974 2724 2757 E Unity : at SkinLayer.IsPlayingRunAnim () [0x00000] in <00000000000000000000000000000000>:0
02-16 00:07:48.974 2724 2757 E Unity : at PlayerPhysics.HandleAnimation (System.Boolean amDead) [0x00000] in <00000000000000000000000000000000>:0
02-16 00:07:48.974 2724 2757 E Unity : at PlayerPhysics.FixedUpdate () [0x00000] in <00000000000000000000000000000000>:0
02-16 00:07:48.974 2724 2757 E Unity :
02-16 00:07:49.015 2724 2757 E Unity : NullReferenceException: Object reference not set to an instance of an object.
02-16 00:07:49.015 2724 2757 E Unity : at SkinLayer.IsPlayingRunAnim () [0x00000] in <00000000000000000000000000000000>:0
02-16 00:07:49.015 2724 2757 E Unity : at PlayerPhysics.HandleAnimation (System.Boolean amDead) [0x00000] in <00000000000000000000000000000000>:0
02-16 00:07:49.015 2724 2757 E Unity : at PlayerPhysics.FixedUpdate () [0x00000] in <00000000000000000000000000000000>:0
02-16 00:07:49.015 2724 2757 E Unity :
02-16 00:07:49.032 2724 2757 I chatty : uid=10250(polarmods.patcher) UnityMain identical 1 line
02-16 00:07:49.042 2724 2757 E Unity : NullReferenceException: Object reference not set to an instance of an object.
02-16 00:07:49.042 2724 2757 E Unity : at SkinLayer.IsPlayingRunAnim () [0x00000] in <00000000000000000000000000000000>:0
02-16 00:07:49.042 2724 2757 E Unity : at PlayerPhysics.HandleAnimation (System.Boolean amDead) [0x00000] in <00000000000000000000000000000000>:0
02-16 00:07:49.042 2724 2757 E Unity : at PlayerPhysics.FixedUpdate () [0x00000] in <00000000000000000000000000000000>:0
02-16 00:07:49.042 2724 2757 E Unity :
02-16 00:07:49.095 2724 2795 E IMGSRV : :473: glClientWaitSync: Expected application to have kicked everything until job: 39667 (possibly by calling glFlush)
02-16 00:07:49.109 2724 2757 E Unity : NullReferenceException: Object reference not set to an instance of an object.
02-16 00:07:49.109 2724 2757 E Unity : at SkinLayer.IsPlayingRunAnim () [0x00000] in <00000000000000000000000000000000>:0
02-16 00:07:49.109 2724 2757 E Unity : at PlayerPhysics.HandleAnimation (System.Boolean amDead) [0x00000] in <00000000000000000000000000000000>:0
02-16 00:07:49.109 2724 2757 E Unity : at PlayerPhysics.FixedUpdate () [0x00000] in <00000000000000000000000000000000>:0
02-16 00:07:49.109 2724 2757 E Unity :
02-16 00:07:49.122 2724 2757 E Unity : NullReferenceException: Object reference not set to an instance of an object.
02-16 00:07:49.122 2724 2757 E Unity : at SkinLayer.IsPlayingRunAnim () [0x00000] in <00000000000000000000000000000000>:0
02-16 00:07:49.122 2724 2757 E Unity : at PlayerPhysics.HandleAnimation (System.Boolean amDead) [0x00000] in <00000000000000000000000000000000>:0
02-16 00:07:49.122 2724 2757 E Unity : at PlayerPhysics.FixedUpdate () [0x00000] in <00000000000000000000000000000000>:0
02-16 00:07:49.122 2724 2757 E Unity :
02-16 00:07:49.132 2724 2757 E Unity : NullReferenceException: Object reference not set to an instance of an object.
02-16 00:07:49.132 2724 2757 E Unity : at SkinLayer.IsPlayingRunAnim () [0x00000] in <00000000000000000000000000000000>:0
02-16 00:07:49.132 2724 2757 E Unity : at PlayerPhysics.HandleAnimation (System.Boolean amDead) [0x00000] in <00000000000000000000000000000000>:0
02-16 00:07:49.132 2724 2757 E Unity : at PlayerPhysics.FixedUpdate () [0x00000] in <00000000000000000000000000000000>:0
02-16 00:07:49.132 2724 2757 E Unity :
02-16 00:07:49.159 2724 2795 E IMGSRV : :473: glClientWaitSync: Expected application to have kicked everything until job: 39669 (possibly by calling glFlush)
02-16 00:07:49.162 2724 2757 E Unity : NullReferenceException: Object reference not set to an instance of an object.
02-16 00:07:49.162 2724 2757 E Unity : at SkinLayer.IsPlayingRunAnim () [0x00000] in <00000000000000000000000000000000>:0
02-16 00:07:49.162 2724 2757 E Unity : at PlayerPhysics.HandleAnimation (System.Boolean amDead) [0x00000] in <00000000000000000000000000000000>:0
02-16 00:07:49.162 2724 2757 E Unity : at PlayerPhysics.FixedUpdate () [0x00000] in <00000000000000000000000000000000>:0
02-16 00:07:49.162 2724 2757 E Unity :
02-16 00:07:49.175 2724 2757 E Unity : NullReferenceException: Object reference not set to an instance of an object.
02-16 00:07:49.175 2724 2757 E Unity : at SkinLayer.IsPlayingRunAnim () [0x00000] in <00000000000000000000000000000000>:0
02-16 00:07:49.175 2724 2757 E Unity : at PlayerPhysics.HandleAnimation (System.Boolean amDead) [0x00000] in <00000000000000000000000000000000>:0
02-16 00:07:49.175 2724 2757 E Unity : at PlayerPhysics.FixedUpdate () [0x00000] in <00000000000000000000000000000000>:0
02-16 00:07:49.175 2724 2757 E Unity :
02-16 00:07:49.209 2724 2795 E IMGSRV : :473: glClientWaitSync: Expected application to have kicked everything until job: 39671 (possibly by calling glFlush)
02-16 00:07:49.221 2724 2757 E Unity : NullReferenceException: Object reference not set to an instance of an object.
02-16 00:07:49.221 2724 2757 E Unity : at SkinLayer.IsPlayingRunAnim () [0x00000] in <00000000000000000000000000000000>:0
02-16 00:07:49.221 2724 2757 E Unity : at PlayerPhysics.HandleAnimation (System.Boolean amDead) [0x00000] in <00000000000000000000000000000000>:0
02-16 00:07:49.221 2724 2757 E Unity : at PlayerPhysics.FixedUpdate () [0x00000] in <00000000000000000000000000000000>:0
02-16 00:07:49.221 2724 2757 E Unity :
02-16 00:07:49.245 2724 2795 E IMGSRV : :473: glClientWaitSync: Expected application to have kicked everything until job: 39673 (possibly by calling glFlush)
02-16 00:07:49.253 2724 2757 E Unity : NullReferenceException: Object reference not set to an instance of an object.
02-16 00:07:49.253 2724 2757 E Unity : at SkinLayer.IsPlayingRunAnim () [0x00000] in <00000000000000000000000000000000>:0
02-16 00:07:49.253 2724 2757 E Unity : at PlayerPhysics.HandleAnimation (System.Boolean amDead) [0x00000] in <00000000000000000000000000000000>:0
02-16 00:07:49.253 2724 2757 E Unity : at PlayerPhysics.FixedUpdate () [0x00000] in <00000000000000000000000000000000>:0
02-16 00:07:49.253 2724 2757 E Unity :
02-16 00:07:49.285 2724 2757 E Unity : NullReferenceException: Object reference not set to an instance of an object.
02-16 00:07:49.285 2724 2757 E Unity : at SkinLayer.IsPlayingRunAnim () [0x00000] in <00000000000000000000000000000000>:0
02-16 00:07:49.285 2724 2757 E Unity : at PlayerPhysics.HandleAnimation (System.Boolean amDead) [0x00000] in <00000000000000000000000000000000>:0
02-16 00:07:49.285 2724 2757 E Unity : at PlayerPhysics.FixedUpdate () [0x00000] in <00000000000000000000000000000000>:0
02-16 00:07:49.285 2724 2757 E Unity :
02-16 00:07:49.285 2724 2795 E IMGSRV : :473: glClientWaitSync: Expected application to have kicked everything until job: 39675 (possibly by calling glFlush)
02-16 00:07:49.312 2724 2795 E IMGSRV : :473: glClientWaitSync: Expected application to have kicked everything until job: 39677 (possibly by calling glFlush)
02-16 00:07:49.315 2724 2757 E Unity : NullReferenceException: Object reference not set to an instance of an object.
02-16 00:07:49.315 2724 2757 E Unity : at SkinLayer.IsPlayingRunAnim () [0x00000] in <00000000000000000000000000000000>:0
02-16 00:07:49.315 2724 2757 E Unity : at PlayerPhysics.HandleAnimation (System.Boolean amDead) [0x00000] in <00000000000000000000000000000000>:0
02-16 00:07:49.315 2724 2757 E Unity : at PlayerPhysics.FixedUpdate () [0x00000] in <00000000000000000000000000000000>:0
02-16 00:07:49.315 2724 2757 E Unity :
02-16 00:07:49.345 2724 2795 E IMGSRV : :473: glClientWaitSync: Expected application to have kicked everything until job: 39679 (possibly by calling glFlush)
02-16 00:07:49.347 2724 2757 E Unity : NullReferenceException: Object reference not set to an instance of an object.
02-16 00:07:49.347 2724 2757 E Unity : at SkinLayer.IsPlayingRunAnim () [0x00000] in <00000000000000000000000000000000>:0
02-16 00:07:49.347 2724 2757 E Unity : at PlayerPhysics.HandleAnimation (System.Boolean amDead) [0x00000] in <00000000000000000000000000000000>:0
02-16 00:07:49.347 2724 2757 E Unity : at PlayerPhysics.FixedUpdate () [0x00000] in <00000000000000000000000000000000>:0
02-16 00:07:49.347 2724 2757 E Unity :
02-16 00:07:49.379 2724 2795 E IMGSRV : :473: glClientWaitSync: Expected application to have kicked everything until job: 39681 (possibly by calling glFlush)
02-16 00:07:49.382 2724 2757 E Unity : NullReferenceException: Object reference not set to an instance of an object.
02-16 00:07:49.382 2724 2757 E Unity : at SkinLayer.IsPlayingRunAnim () [0x00000] in <00000000000000000000000000000000>:0
02-16 00:07:49.382 2724 2757 E Unity : at PlayerPhysics.HandleAnimation (System.Boolean amDead) [0x00000] in <00000000000000000000000000000000>:0
02-16 00:07:49.382 2724 2757 E Unity : at PlayerPhysics.FixedUpdate () [0x00000] in <00000000000000000000000000000000>:0
02-16 00:07:49.382 2724 2757 E Unity :
02-16 00:07:49.417 2724 2795 E IMGSRV : :473: glClientWaitSync: Expected application to have kicked everything until job: 39683 (possibly by calling glFlush)
02-16 00:07:49.417 2724 2757 E Unity : NullReferenceException: Object reference not set to an instance of an object.
02-16 00:07:49.417 2724 2757 E Unity : at SkinLayer.IsPlayingRunAnim () [0x00000] in <00000000000000000000000000000000>:0
02-16 00:07:49.417 2724 2757 E Unity : at PlayerPhysics.HandleAnimation (System.Boolean amDead) [0x00000] in <00000000000000000000000000000000>:0
02-16 00:07:49.417 2724 2757 E Unity : at PlayerPhysics.FixedUpdate () [0x00000] in <00000000000000000000000000000000>:0
02-16 00:07:49.417 2724 2757 E Unity :
02-16 00:07:49.453 2724 2757 E Unity : NullReferenceException: Object reference not set to an instance of an object.
02-16 00:07:49.453 2724 2757 E Unity : at SkinLayer.IsPlayingRunAnim () [0x00000] in <00000000000000000000000000000000>:0
02-16 00:07:49.453 2724 2757 E Unity : at PlayerPhysics.HandleAnimation (System.Boolean amDead) [0x00000] in <00000000000000000000000000000000>:0
02-16 00:07:49.453 2724 2757 E Unity : at PlayerPhysics.FixedUpdate () [0x00000] in <00000000000000000000000000000000>:0
02-16 00:07:49.453 2724 2757 E Unity :
02-16 00:07:49.482 2724 2795 E IMGSRV : :473: glClientWaitSync: Expected application to have kicked everything until job: 39688 (possibly by calling glFlush)
02-16 00:07:49.484 2724 2757 E Unity : NullReferenceException: Object reference not set to an instance of an object.
02-16 00:07:49.484 2724 2757 E Unity : at SkinLayer.IsPlayingRunAnim () [0x00000] in <00000000000000000000000000000000>:0
02-16 00:07:49.484 2724 2757 E Unity : at PlayerPhysics.HandleAnimation (System.Boolean amDead) [0x00000] in <00000000000000000000000000000000>:0
02-16 00:07:49.484 2724 2757 E Unity : at PlayerPhysics.FixedUpdate () [0x00000] in <00000000000000000000000000000000>:0
02-16 00:07:49.484 2724 2757 E Unity :
02-16 00:07:49.509 2724 2795 E IMGSRV : :473: glClientWaitSync: Expected application to have kicked everything until job: 39690 (possibly by calling glFlush)
02-16 00:07:49.513 2724 2757 E Unity : NullReferenceException: Object reference not set to an instance of an object.
02-16 00:07:49.513 2724 2757 E Unity : at SkinLayer.IsPlayingRunAnim () [0x00000] in <00000000000000000000000000000000>:0
02-16 00:07:49.513 2724 2757 E Unity : at PlayerPhysics.HandleAnimation (System.Boolean amDead) [0x00000] in <00000000000000000000000000000000>:0
02-16 00:07:49.513 2724 2757 E Unity : at PlayerPhysics.FixedUpdate () [0x00000] in <00000000000000000000000000000000>:0
02-16 00:07:49.513 2724 2757 E Unity :
02-16 00:07:49.540 2724 2795 E IMGSRV : :473: glClientWaitSync: Expected application to have kicked everything until job: 39692 (possibly by calling glFlush)
02-16 00:07:49.551 2724 2757 E Unity : NullReferenceException: Object reference not set to an instance of an object.
02-16 00:07:49.551 2724 2757 E Unity : at SkinLayer.IsPlayingRunAnim () [0x00000] in <00000000000000000000000000000000>:0
02-16 00:07:49.551 2724 2757 E Unity : at PlayerPhysics.HandleAnimation (System.Boolean amDead) [0x00000] in <00000000000000000000000000000000>:0
02-16 00:07:49.551 2724 2757 E Unity : at PlayerPhysics.FixedUpdate () [0x00000] in <00000000000000000000000000000000>:0
02-16 00:07:49.551 2724 2757 E Unity :
02-16 00:07:49.584 2724 2795 E IMGSRV : :473: glClientWaitSync: Expected application to have kicked everything until job: 39694 (possibly by calling glFlush)
02-16 00:07:49.587 2724 2757 E Unity : NullReferenceException: Object reference not set to an instance of an object.
02-16 00:07:49.587 2724 2757 E Unity : at SkinLayer.IsPlayingRunAnim () [0x00000] in <00000000000000000000000000000000>:0
02-16 00:07:49.587 2724 2757 E Unity : at PlayerPhysics.HandleAnimation (System.Boolean amDead) [0x00000] in <00000000000000000000000000000000>:0
02-16 00:07:49.587 2724 2757 E Unity : at PlayerPhysics.FixedUpdate () [0x00000] in <00000000000000000000000000000000>:0
02-16 00:07:49.587 2724 2757 E Unity :
02-16 00:07:49.619 2724 2795 E IMGSRV : :473: glClientWaitSync: Expected application to have kicked everything until job: 39696 (possibly by calling glFlush)
02-16 00:07:49.621 2724 2757 E Unity : NullReferenceException: Object reference not set to an instance of an object.
02-16 00:07:49.621 2724 2757 E Unity : at SkinLayer.IsPlayingRunAnim () [0x00000] in <00000000000000000000000000000000>:0
02-16 00:07:49.621 2724 2757 E Unity : at PlayerPhysics.HandleAnimation (System.Boolean amDead) [0x00000] in <00000000000000000000000000000000>:0
02-16 00:07:49.621 2724 2757 E Unity : at PlayerPhysics.FixedUpdate () [0x00000] in <00000000000000000000000000000000>:0
02-16 00:07:49.621 2724 2757 E Unity :
02-16 00:07:49.653 2724 2795 E IMGSRV : :473: glClientWaitSync: Expected application to have kicked everything until job: 39698 (possibly by calling glFlush)
02-16 00:07:49.653 2724 2757 E Unity : NullReferenceException: Object reference not set to an instance of an object.
02-16 00:07:49.653 2724 2757 E Unity : at SkinLayer.IsPlayingRunAnim () [0x00000] in <00000000000000000000000000000000>:0
02-16 00:07:49.653 2724 2757 E Unity : at PlayerPhysics.HandleAnimation (System.Boolean amDead) [0x00000] in <00000000000000000000000000000000>:0
02-16 00:07:49.653 2724 2757 E Unity : at PlayerPhysics.FixedUpdate () [0x00000] in <00000000000000000000000000000000>:0
02-16 00:07:49.653 2724 2757 E Unity :
02-16 00:07:49.683 2724 2795 E IMGSRV : :473: glClientWaitSync: Expected application to have kicked everything until job: 39700 (possibly by calling glFlush)
02-16 00:07:49.687 2724 2757 E Unity : NullReferenceException: Object reference not set to an instance of an object.
02-16 00:07:49.687 2724 2757 E Unity : at SkinLayer.IsPlayingRunAnim () [0x00000] in <00000000000000000000000000000000>:0
02-16 00:07:49.687 2724 2757 E Unity : at PlayerPhysics.HandleAnimation (System.Boolean amDead) [0x00000] in <00000000000000000000000000000000>:0
02-16 00:07:49.687 2724 2757 E Unity : at PlayerPhysics.FixedUpdate () [0x00000] in <00000000000000000000000000000000>:0
02-16 00:07:49.687 2724 2757 E Unity :
02-16 00:07:49.712 2724 2795 E IMGSRV : :473: glClientWaitSync: Expected application to have kicked everything until job: 39702 (possibly by calling glFlush)
02-16 00:07:49.719 2724 2757 E Unity : NullReferenceException: Object reference not set to an instance of an object.
02-16 00:07:49.719 2724 2757 E Unity : at SkinLayer.IsPlayingRunAnim () [0x00000] in <00000000000000000000000000000000>:0
02-16 00:07:49.719 2724 2757 E Unity : at PlayerPhysics.HandleAnimation (System.Boolean amDead) [0x00000] in <00000000000000000000000000000000>:0
02-16 00:07:49.719 2724 2757 E Unity : at PlayerPhysics.FixedUpdate () [0x00000] in <00000000000000000000000000000000>:0
02-16 00:07:49.719 2724 2757 E Unity :
02-16 00:07:49.745 2724 2795 E IMGSRV : :473: glClientWaitSync: Expected application to have kicked everything until job: 39704 (possibly by calling glFlush)
02-16 00:07:49.751 2724 2757 E Unity : NullReferenceException: Object reference not set to an instance of an object.
02-16 00:07:49.751 2724 2757 E Unity : at SkinLayer.IsPlayingRunAnim () [0x00000] in <00000000000000000000000000000000>:0
02-16 00:07:49.751 2724 2757 E Unity : at PlayerPhysics.HandleAnimation (System.Boolean amDead) [0x00000] in <00000000000000000000000000000000>:0
02-16 00:07:49.751 2724 2757 E Unity : at PlayerPhysics.FixedUpdate () [0x00000] in <00000000000000000000000000000000>:0
02-16 00:07:49.751 2724 2757 E Unity :
02-16 00:07:49.782 2724 2757 E Unity : NullReferenceException: Object reference not set to an instance of an object.
02-16 00:07:49.782 2724 2757 E Unity : at SkinLayer.IsPlayingRunAnim () [0x00000] in <00000000000000000000000000000000>:0
02-16 00:07:49.782 2724 2757 E Unity : at PlayerPhysics.HandleAnimation (System.Boolean amDead) [0x00000] in <00000000000000000000000000000000>:0
02-16 00:07:49.782 2724 2757 E Unity : at PlayerPhysics.FixedUpdate () [0x00000] in <00000000000000000000000000000000>:0
02-16 00:07:49.782 2724 2757 E Unity :
02-16 00:07:49.807 2724 2795 E IMGSRV : :473: glClientWaitSync: Expected application to have kicked everything until job: 39709 (possibly by calling glFlush)
02-16 00:07:49.813 2724 2757 E Unity : NullReferenceException: Object reference not set to an instance of an object.
02-16 00:07:49.813 2724 2757 E Unity : at SkinLayer.IsPlayingRunAnim () [0x00000] in <00000000000000000000000000000000>:0
02-16 00:07:49.813 2724 2757 E Unity : at PlayerPhysics.HandleAnimation (System.Boolean amDead) [0x00000] in <00000000000000000000000000000000>:0
02-16 00:07:49.813 2724 2757 E Unity : at PlayerPhysics.FixedUpdate () [0x00000] in <00000000000000000000000000000000>:0
02-16 00:07:49.813 2724 2757 E Unity :
02-16 00:07:49.837 2724 2795 E IMGSRV : :473: glClientWaitSync: Expected application to have kicked everything until job: 39711 (possibly by calling glFlush)
02-16 00:07:49.867 2724 2795 E IMGSRV : :473: glClientWaitSync: Expected application to have kicked everything until job: 39713 (possibly by calling glFlush)
02-16 00:07:49.891 2724 2795 E IMGSRV : :473: glClientWaitSync: Expected application to have kicked everything until job: 39715 (possibly by calling glFlush)
02-16 00:07:49.924 2724 2795 E IMGSRV : :473: glClientWaitSync: Expected application to have kicked everything until job: 39717 (possibly by calling glFlush)
02-16 00:07:49.955 2724 2795 E IMGSRV : :473: glClientWaitSync: Expected application to have kicked everything until job: 39719 (possibly by calling glFlush)
02-16 00:07:49.987 2724 2795 E IMGSRV : :473: glClientWaitSync: Expected application to have kicked everything until job: 39721 (possibly by calling glFlush)
02-16 00:07:50.020 2724 2795 E IMGSRV : :473: glClientWaitSync: Expected application to have kicked everything until job: 39723 (possibly by calling glFlush)
02-16 00:07:50.056 2724 2795 E IMGSRV : :473: glClientWaitSync: Expected application to have kicked everything until job: 39725 (possibly by calling glFlush)
02-16 00:07:50.129 2724 2795 E IMGSRV : :473: glClientWaitSync: Expected application to have kicked everything until job: 39730 (possibly by calling glFlush)
02-16 00:07:50.158 2724 2795 E IMGSRV : :473: glClientWaitSync: Expected application to have kicked everything until job: 39732 (possibly by calling glFlush)
02-16 00:07:50.194 2724 2795 E IMGSRV : :473: glClientWaitSync: Expected application to have kicked everything until job: 39734 (possibly by calling glFlush)
02-16 00:07:50.227 2724 2795 E IMGSRV : :473: glClientWaitSync: Expected application to have kicked everything until job: 39736 (possibly by calling glFlush)
02-16 00:07:50.258 2724 2795 E IMGSRV : :473: glClientWaitSync: Expected application to have kicked everything until job: 39738 (possibly by calling glFlush)
02-16 00:07:50.292 2724 2795 E IMGSRV : :473: glClientWaitSync: Expected application to have kicked everything until job: 39740 (possibly by calling glFlush)
02-16 00:07:50.321 2724 2795 E IMGSRV : :473: glClientWaitSync: Expected application to have kicked everything until job: 39742 (possibly by calling glFlush)
02-16 00:07:50.367 2724 2795 E IMGSRV : :473: glClientWaitSync: Expected application to have kicked everything until job: 39744 (possibly by calling glFlush)
02-16 00:07:50.393 2724 2795 E IMGSRV : :473: glClientWaitSync: Expected application to have kicked everything until job: 39746 (possibly by calling glFlush)
02-16 00:07:50.457 2724 2795 E IMGSRV : :473: glClientWaitSync: Expected application to have kicked everything until job: 39751 (possibly by calling glFlush)
02-16 00:07:50.490 2724 2795 E IMGSRV : :473: glClientWaitSync: Expected application to have kicked everything until job: 39753 (possibly by calling glFlush)
02-16 00:07:50.521 2724 2795 E IMGSRV : :473: glClientWaitSync: Expected application to have kicked everything until job: 39755 (possibly by calling glFlush)
02-16 00:07:50.562 2724 2795 E IMGSRV : :473: glClientWaitSync: Expected application to have kicked everything until job: 39757 (possibly by calling glFlush)
02-16 00:07:50.590 2724 2795 E IMGSRV : :473: glClientWaitSync: Expected application to have kicked everything until job: 39759 (possibly by calling glFlush)
02-16 00:07:50.623 2724 2795 E IMGSRV : :473: glClientWaitSync: Expected application to have kicked everything until job: 39761 (possibly by calling glFlush)
02-16 00:07:50.657 2724 2795 E IMGSRV : :473: glClientWaitSync: Expected application to have kicked everything until job: 39763 (possibly by calling glFlush)
02-16 00:07:50.689 2724 2795 E IMGSRV : :473: glClientWaitSync: Expected application to have kicked everything until job: 39765 (possibly by calling glFlush)
02-16 00:07:50.723 2724 2795 E IMGSRV : :473: glClientWaitSync: Expected application to have kicked everything until job: 39767 (possibly by calling glFlush)
02-16 00:07:50.792 2724 2795 E IMGSRV : :473: glClientWaitSync: Expected application to have kicked everything until job: 39772 (possibly by calling glFlush)
02-16 00:07:50.827 2724 2795 E IMGSRV : :473: glClientWaitSync: Expected application to have kicked everything until job: 39774 (possibly by calling glFlush)
02-16 00:07:50.856 2724 2795 E IMGSRV : :473: glClientWaitSync: Expected application to have kicked everything until job: 39776 (possibly by calling glFlush)
02-16 00:07:50.889 2724 2795 E IMGSRV : :473: glClientWaitSync: Expected application to have kicked everything until job: 39778 (possibly by calling glFlush)
02-16 00:07:50.921 2724 2795 E IMGSRV : :473: glClientWaitSync: Expected application to have kicked everything until job: 39780 (possibly by calling glFlush)
02-16 00:07:50.954 2724 2795 E IMGSRV : :473: glClientWaitSync: Expected application to have kicked everything until job: 39782 (possibly by calling glFlush)
02-16 00:07:50.988 2724 2795 E IMGSRV : :473: glClientWaitSync: Expected application to have kicked everything until job: 39784 (possibly by calling glFlush)
02-16 00:07:51.025 2724 2795 E IMGSRV : :473: glClientWaitSync: Expected application to have kicked everything until job: 39786 (possibly by calling glFlush)
