05-14 00:46:07.791 11205 11303 W Parcel : Expecting binder but got null!
05-14 00:46:07.792 11205 11205 D VRI[HomeActivity]: vri.reportDrawFinished
syncSeqId=0 android.view.ViewRootImpl.lambda$createSyncIfNeeded$4$android-view-
ViewRootImpl:3920 android.view.ViewRootImpl$$ExternalSyntheticLambda1.run:6
android.os.Handler.handleCallback:942 android.os.Handler.dispatchMessage:99
android.os.Looper.loopOnce:211
05-14 00:46:07.806 11205 11205 D DecorView[]: onWindowFocusChanged hasWindowFocus
false
05-14 00:46:07.832 11205 11205 D DecorView[]: onWindowFocusChanged hasWindowFocus
true
05-14 00:46:09.316 11205 11205 D View : [Warning] assignParent to null: this =
DecorView@e50d4bc[HomeActivity]
05-14 00:46:09.316 11205 11205 D BLASTBufferQueue: [VRI[HomeActivity]#13](f:0,a:1)
destructor()
05-14 00:46:09.316 11205 11205 D BufferQueueConsumer: [VRI[HomeActivity]#13(BLAST
Consumer)13](id:2bc50000000d,api:0,p:-1,c:11205) disconnect
05-14 00:46:09.324 11205 11205 W InputEventReceiver: Attempted to finish an input
event but the input event receiver has already been disposed.
05-14 00:46:09.338 11205 11205 D DecorView[]: onWindowFocusChanged hasWindowFocus
true
05-14 00:46:09.339 11205 11205 I HandWritingStubImpl: refreshLastKeyboardType: 1
05-14 00:46:09.339 11205 11205 I HandWritingStubImpl: getCurrentKeyboardType: 1
05-14 00:46:12.451 11205 11205 W OnBackInvokedCallback: OnBackInvokedCallback is
not enabled for the application.
05-14 00:46:12.451 11205 11205 W OnBackInvokedCallback: Set
'android:enableOnBackInvokedCallback="true"' in the application manifest.
05-14 00:46:12.591 11205 11235 W System : A resource failed to call close.
05-14 00:46:14.638 11205 11205 V VRI[HomeActivity]: [ANR Warning]Input routeing
takes more than 6000ms since 1970-01-01 00:00:00.000, this =
com.mediatek.view.impl.ViewDebugManagerImpl@fda01e0
05-14 00:46:14.638 11205 11205 V VRI[HomeActivity]: Input event delivered to
android.view.ViewRootImpl$NativePostImeInputStage@560f683 at 2024-05-14
00:46:14.638
05-14 00:46:14.638 11205 11205 V VRI[HomeActivity]: Input event delivered to
android.view.ViewRootImpl$ImeInputStage@c7320f6 at 2024-05-14 00:46:14.635
05-14 00:46:14.638 11205 11205 V VRI[HomeActivity]: Input event delivered to
android.view.ViewRootImpl$NativePreImeInputStage@bbfb7b8 at 2024-05-14 00:46:14.635
05-14 00:46:14.638 11205 11205 V VRI[HomeActivity]: Input event delivered to
android.view.ViewRootImpl$ViewPostImeInputStage@1b71000 at 2024-05-14 00:46:14.638
05-14 00:46:14.638 11205 11205 V VRI[HomeActivity]: Input event delivered to
android.view.ViewRootImpl$ViewPreImeInputStage@aeb7991 at 2024-05-14 00:46:14.635
05-14 00:46:14.638 11205 11205 V VRI[HomeActivity]: Input event delivered to
android.view.ViewRootImpl$SyntheticInputStage@1d20039 at 2024-05-14 00:46:14.638
05-14 00:46:14.638 11205 11205 V VRI[HomeActivity]: Input event delivered to
android.view.ViewRootImpl$EarlyPostImeInputStage@cae2932 at 2024-05-14 00:46:14.635
05-14 00:46:14.640 11205 11205 V VRI[HomeActivity]: [ANR Warning]Input routeing
takes more than 6000ms since 1970-01-01 00:00:00.000, this =
com.mediatek.view.impl.ViewDebugManagerImpl@fda01e0
05-14 00:46:14.640 11205 11205 V VRI[HomeActivity]: Input event delivered to
android.view.ViewRootImpl$NativePostImeInputStage@560f683 at 2024-05-14
00:46:14.639
05-14 00:46:14.640 11205 11205 V VRI[HomeActivity]: Input event delivered to
android.view.ViewRootImpl$ViewPostImeInputStage@1b71000 at 2024-05-14 00:46:14.639
05-14 00:46:14.640 11205 11205 V VRI[HomeActivity]: Input event delivered to
android.view.ViewRootImpl$SyntheticInputStage@1d20039 at 2024-05-14 00:46:14.640
05-14 00:46:14.640 11205 11205 V VRI[HomeActivity]: Input event delivered to
android.view.ViewRootImpl$EarlyPostImeInputStage@cae2932 at 2024-05-14 00:46:14.639
05-14 00:46:14.678 11205 11205 D DecorView[]: onWindowFocusChanged hasWindowFocus
false
05-14 00:46:14.711 11205 11303 I GED : ged_boost_gpu_freq, level 100, eOrigin
2, final_idx 31, oppidx_max 31, oppidx_min 0
05-14 00:46:15.121 11205 11303 I GED : ged_boost_gpu_freq, level 100, eOrigin
2, final_idx 31, oppidx_max 31, oppidx_min 0
05-14 00:46:15.448 11205 11205 D BLASTBufferQueue: [VRI[HomeActivity]#12](f:0,a:1)
destructor()
05-14 00:46:15.448 11205 11205 D BufferQueueConsumer: [VRI[HomeActivity]#12(BLAST
Consumer)12](id:2bc50000000c,api:0,p:-1,c:11205) disconnect
05-14 00:46:15.462 11205 11205 D View : [Warning] assignParent to null: this =
DecorView@fe79163[HomeActivity]
05-14 00:46:16.479 11205 8766 D libMEOW : meow new tls: 0xd4237600
05-14 00:46:16.480 11205 8766 D libMEOW : applied 1 plugins for
[com.rockstargames.samp]:
05-14 00:46:16.480 11205 8766 D libMEOW : plugin 1: [libMEOW_gift.so]:
05-14 00:46:16.481 11205 8766 D libMEOW : meow delete tls: 0xd4237600
05-14 00:46:16.498 11205 11205 D MiuiMultiWindowAdapter:
MiuiMultiWindowAdapter::getFreeformVideoWhiteListInSystem::LIST_ABOUT_SUPPORT_LANDS
CAPE_VIDEO = [com.hunantv.imgo.activity, com.tencent.qqlive, com.qiyi.video,
com.hunantv.imgo.activity.inter, com.tencent.qqlivei18n, com.iqiyi.i18n,
tv.danmaku.bili]
05-14 00:46:16.562 11205 11205 D IS_CTS_MODE: false
05-14 00:46:16.562 11205 11205 D MULTI_WINDOW_ENABLED: false
05-14 00:46:16.563 11205 11205 D DecorView[]: getWindowModeFromSystem windowmode
is 1
05-14 00:46:17.303 11205 11205 W Activity: PerfMonitor: Slow Operation: Activity
com.rockstargames.samp/com.launcher.activity.SplashActivity onCreate took 757ms
05-14 00:46:17.320 11205 11205 D VRI[SplashActivity]: hardware acceleration = true,
forceHwAccelerated = false
05-14 00:46:17.328 11205 11205 W Looper : PerfMonitor looperActivity :
package=com.rockstargames.samp/com.launcher.activity.SplashActivity time=0ms
latency=845ms procState=-1 historyMsgCount=1 (msgIndex=1 wall=876ms seq=71368
late=1ms h=android.app.ActivityThread$H w=159)
05-14 00:46:17.370 11205 11205 D BufferQueueConsumer: [](id:2bc50000000e,api:0,p:-
1,c:11205) connect: controlledByApp=false
05-14 00:46:17.376 11205 11205 D VRI[SplashActivity]: vri.reportNextDraw
android.view.ViewRootImpl.performTraversals:3852
android.view.ViewRootImpl.doTraversal:2587
android.view.ViewRootImpl$TraversalRunnable.run:9716
android.view.Choreographer$CallbackRecord.run:1386
android.view.Choreographer$CallbackRecord.run:1394
05-14 00:46:17.376 11205 11205 D VRI[SplashActivity]: vri.Setup new sync id=0
syncSeqId=0
05-14 00:46:17.443 11205 11303 D BLASTBufferQueue: [VRI[SplashActivity]#14]
(f:0,a:1) acquireNextBufferLocked size=1080x2400 mFrameNumber=1
applyTransaction=true mTimestamp=126866792534407(auto) mPendingTransactions.size=0
graphicBufferId=48125108551771 transform=0
05-14 00:46:17.451 11205 11303 W Parcel : Expecting binder but got null!
05-14 00:46:17.452 11205 11205 D VRI[SplashActivity]: vri.reportDrawFinished
syncSeqId=0 android.view.ViewRootImpl.lambda$createSyncIfNeeded$4$android-view-
ViewRootImpl:3920 android.view.ViewRootImpl$$ExternalSyntheticLambda1.run:6
android.os.Handler.handleCallback:942 android.os.Handler.dispatchMessage:99
android.os.Looper.loopOnce:211
05-14 00:46:17.859 11205 8843 I System.out: exbdcd -> Request: Request{method=GET,
url=https://online-launcher.com/SAMPNEW_V2/urls_v2.json, headers=[User-
Agent:Mozilla/5.0 (Windows NT 10.0; Win64; x64) AppleWebKit/537.36 (KHTML, like
Gecko) Chrome/123.0.0.0 Safari/537.36], tags={class
retrofit2.Invocation=com.launcher.network.api.ConfigApiService.getConfig() []}}
05-14 00:46:17.883 11205 11205 D DecorView[]: onWindowFocusChanged hasWindowFocus
true
05-14 00:46:17.883 11205 11205 I HandWritingStubImpl: refreshLastKeyboardType: 1
05-14 00:46:17.883 11205 11205 I HandWritingStubImpl: getCurrentKeyboardType: 1
05-14 00:46:18.279 11205 8843 I System.out: exbdcd <- Response (code: 200): {
05-14 00:46:18.279 11205 8843 I System.out: "URL_HOST": "https://igta-online.my-
fastdl.com/SAMPNEW/",
05-14 00:46:18.279 11205 8843 I System.out: "URL_HOST2":
"http://onlinerp.mimas.feralhosting.com/",
05-14 00:46:18.279 11205 8843 I System.out: "URL_UPDATE": "https://online-
launcher.com/SAMPNEW_V2/update_v2.json",
05-14 00:46:18.279 11205 8843 I System.out: "URL_NEWS": "https://online-
launcher.com/SAMPNEW_V2/news.json",
05-14 00:46:18.279 11205 8843 I System.out: "URL_HELP": "https://online-
launcher.com/SAMPNEW_V2/help.json",
05-14 00:46:18.279 11205 8843 I System.out: "URL_CONFIG": "https://online-
launcher.com/SAMPNEW_V2/config/samp_settings.ini",
05-14 00:46:18.279 11205 8843 I System.out: "URL_ONLINE_API": "https://api.gta-
mobile.ru/oldAPI/online_api.php",
05-14 00:46:18.279 11205 8843 I System.out: "URL_DONATE_API": "https://api.gta-
mo--------- beginning of main
05-14 00:46:16.480 11205 8766 D libMEOW : applied 1 plugins for
[com.rockstargames.samp]:
05-14 00:46:16.480 11205 8766 D libMEOW : plugin 1: [libMEOW_gift.so]:
05-14 00:46:16.481 11205 8766 D libMEOW : meow delete tls: 0xd4237600
05-14 00:46:16.498 11205 11205 D MiuiMultiWindowAdapter:
MiuiMultiWindowAdapter::getFreeformVideoWhiteListInSystem::LIST_ABOUT_SUPPORT_LANDS
CAPE_VIDEO = [com.hunantv.imgo.activity, com.tencent.qqlive, com.qiyi.video,
com.hunantv.imgo.activity.inter, com.tencent.qqlivei18n, com.iqiyi.i18n,
tv.danmaku.bili]
05-14 00:46:16.562 11205 11205 D IS_CTS_MODE: false
05-14 00:46:16.562 11205 11205 D MULTI_WINDOW_ENABLED: false
05-14 00:46:16.563 11205 11205 D DecorView[]: getWindowModeFromSystem windowmode
is 1
--------- beginning of system
05-14 00:46:17.303 11205 11205 W Activity: PerfMonitor: Slow Operation: Activity
com.rockstargames.samp/com.launcher.activity.SplashActivity onCreate took 757ms
05-14 00:46:17.320 11205 11205 D VRI[SplashActivity]: hardware acceleration = true,
forceHwAccelerated = false
05-14 00:46:17.328 11205 11205 W Looper : PerfMonitor looperActivity :
package=com.rockstargames.samp/com.launcher.activity.SplashActivity time=0ms
latency=845ms procState=-1 historyMsgCount=1 (msgIndex=1 wall=876ms seq=71368
late=1ms h=android.app.ActivityThread$H w=159)
05-14 00:46:17.370 11205 11205 D BufferQueueConsumer: [](id:2bc50000000e,api:0,p:-
1,c:11205) connect: controlledByApp=false
05-14 00:46:17.376 11205 11205 D VRI[SplashActivity]: vri.reportNextDraw
android.view.ViewRootImpl.performTraversals:3852
android.view.ViewRootImpl.doTraversal:2587
android.view.ViewRootImpl$TraversalRunnable.run:9716
android.view.Choreographer$CallbackRecord.run:1386
android.view.Choreographer$CallbackRecord.run:1394
05-14 00:46:17.376 11205 11205 D VRI[SplashActivity]: vri.Setup new sync id=0
syncSeqId=0
05-14 00:46:17.443 11205 11303 D BLASTBufferQueue: [VRI[SplashActivity]#14]
(f:0,a:1) acquireNextBufferLocked size=1080x2400 mFrameNumber=1
applyTransaction=true mTimestamp=126866792534407(auto) mPendingTransactions.size=0
graphicBufferId=48125108551771 transform=0
05-14 00:46:17.451 11205 11303 W Parcel : Expecting binder but got null!
05-14 00:46:17.452 11205 11205 D VRI[SplashActivity]: vri.reportDrawFinished
syncSeqId=0 android.view.ViewRootImpl.lambda$createSyncIfNeeded$4$android-view-
ViewRootImpl:3920 android.view.ViewRootImpl$$ExternalSyntheticLambda1.run:6
android.os.Handler.handleCallback:942 android.os.Handler.dispatchMessage:99
android.os.Looper.loopOnce:211
05-14 00:46:17.859 11205 8843 I System.out: exbdcd -> Request: Request{method=GET,
url=https://online-launcher.com/SAMPNEW_V2/urls_v2.json, headers=[User-
Agent:Mozilla/5.0 (Windows NT 10.0; Win64; x64) AppleWebKit/537.36 (KHTML, like
Gecko) Chrome/123.0.0.0 Safari/537.36], tags={class
retrofit2.Invocation=com.launcher.network.api.ConfigApiService.getConfig() []}}
05-14 00:46:17.883 11205 11205 D DecorView[]: onWindowFocusChanged hasWindowFocus
true
05-14 00:46:17.883 11205 11205 I HandWritingStubImpl: refreshLastKeyboardType: 1
05-14 00:46:17.883 11205 11205 I HandWritingStubImpl: getCurrentKeyboardType: 1
05-14 00:46:18.279 11205 8843 I System.out: exbdcd <- Response (code: 200): {
05-14 00:46:18.279 11205 8843 I System.out: "URL_HOST": "https://igta-online.my-
fastdl.com/SAMPNEW/",
05-14 00:46:18.279 11205 8843 I System.out: "URL_HOST2":
"http://onlinerp.mimas.feralhosting.com/",
05-14 00:46:18.279 11205 8843 I System.out: "URL_UPDATE": "https://online-
launcher.com/SAMPNEW_V2/update_v2.json",
05-14 00:46:18.279 11205 8843 I System.out: "URL_NEWS": "https://online-
launcher.com/SAMPNEW_V2/news.json",
05-14 00:46:18.279 11205 8843 I System.out: "URL_HELP": "https://online-
launcher.com/SAMPNEW_V2/help.json",
05-14 00:46:18.279 11205 8843 I System.out: "URL_CONFIG": "https://online-
launcher.com/SAMPNEW_V2/config/samp_settings.ini",
05-14 00:46:18.279 11205 8843 I System.out: "URL_ONLINE_API": "https://api.gta-
mobile.ru/oldAPI/online_api.php",
05-14 00:46:18.279 11205 8843 I Systembile.ru/oldAPI/donate_api.php",
05-14 00:46:18.279 11205 8843 I System.out: "URL_SITE": "https://gta-
mobile.ru/",
05-14 00:46:18.279 11205 8843 I System.out: "URL_VK":
"https://vk.com/online_samp",
05-14 00:46:18.279 11205 8843 I System.out: "URL_YOUTUBE":
"https://www.youtube.com/channel/UCCzB4ySWiZfRvApMU2CTfEA",
05-14 00:46:18.279 11205 8843 I System.out: "URL_INSTAGRAM":
"https://www.instagram.com/online_samp",
05-14 00:46:18.279 11205 8843 I System.out: "URL_SUPPORT":
"https://vk.me/android_client",
05-14 00:46:18.279 11205 8843 I System.out: "URL_TELEGRAM":
"https://t.me/onlinerp_channel"
05-14 00:46:18.279 11205 8843 I System.out: }
05-14 00:46:18.307 11205 8879 I System.out: exbdcd -> Request: Request{method=GET,
url=https://online-launcher.com/SAMPNEW_V2/update_v2.json, headers=[User-
Agent:Mozilla/5.0 (Windows NT 10.0; Win64; x64) AppleWebKit/537.36 (KHTML, like
Gecko) Chrome/123.0.0.0 Safari/537.36], tags={class
retrofit2.Invocation=com.launcher.network.api.UpdateApiService.getUpdate()
[https://online-launcher.com/SAMPNEW_V2/update_v2.json]}}
05-14 00:46:18.675 11205 8879 I System.out: exbdcd <- Response (code: 200): {
05-14 00:46:18.675 11205 8879 I System.out: "msgs": [
05-14 00:46:18.675 11205 8879 I System.out: {
05-14 00:46:18.675 11205 8879 I System.out: "id": 0,
05-14 00:46:18.675 11205 8879 I System.out: "min_version": 0,
05-14 00:46:18.675 11205 8879 I System.out: "max_version": 382,
05-14 00:46:18.675 11205 8879 I System.out: "title": "Уведомление",
05-14 00:46:18.675 11205 8879 I System.out: "text": "Технические работы.",
05-14 00:46:18.675 11205 8879 I System.out: "button": "Закрыть",
05-14 00:46:18.675 11205 8879 I System.out: "button_url": "quit"
05-14 00:46:18.675 11205 8879 I System.out: }
05-14 00:46:18.675 11205 8879 I System.out: ],
05-14 00:46:18.675 11205 8879 I System.out: "apk": {
05-14 00:46:18.675 11205 8879 I System.out: "version": 411,
05-14 00:46:18.675 11205 8879 I System.out: "str": "3.6.12",
05-14 00:46:18.675 11205 8879 I System.out: "path":
"apk/samp_411_050524_1414.apk",
05-14 00:46:18.675 11205 8879 I System.out: "auto_update": true,
05-14 00:46:18.675 11205 8879 I System.out: "manual_update": false,
05-14 00:46:18.675 11205 8879 I System.out: "manual_update_url": ""
05-14 00:46:18.675 11205 8879 I System.out: },
05-14 00:46:18.676 11205 8879 I System.out: "archive": {
05-14 00:46:18.676 11205 8879 I System.out: "path":
"cache/350/cache_350.7z.001",
05-14 00:46:18.676 11205 8879 I System.out: "path2":
"cache/350/cache_350.7z.002",
05-14 00:46:18.676 11205 8879 I System.out: "size": 2147483648
05-14 00:46:18.676 11205 8879 I System.out: },
05-14 00:46:18.676 11205 8879 I System.out: "cache": {
05-14 00:46:18.676 11205 8879 I System.out: "archive": [
05-14 00:46:18.676 11205 8879 I System.out: "cache/411/cache_411.7z.001",
05-14 00:46:18.676 11205 8879 I System.out: "cache/411/cache_411.7z.002",
05-14 00:46:18.676 11205 8879 I System.out: "cache/411/cache_411.7z.003"
05-14 00:46:18.676 11205 8879 I System.out: ],
05-14 00:46:18.676 11205 8879 I System.out: "size": 2147483648
05-14 00:46:18.676 11205 8879 I System.out: },
05-14 00:46:18.676 11205 8879 I System.out: "files": [
05-14 00:46:18.676 11205 8879 I System.out: {
05-14 00:46:18.676 11205 8879 I System.out: "name": ".custom",
05-14 00:46:18.676 11205 8879 I System.out: "path": "files/.custom",
05-14 00:46:18.676 11205 8879 I System.out: "size": 363382640
05-14 00:46:18.676 11205 8879 I System.out: },
05-14 00:46:18.676 11205 8879 I System.out: {
05-14 00:46:18.676 11205 8879 I System.out: "name": ".custom2",
05-14 00:46:18.676 11205 8879 I System.out: "path": "files/.custom2",
05-14 00:46:18.676 11205 8879 I System.out: "size": 289398867
05-14 00:46:18.676 11205 8879 I System.out: },
05-14 00:46:18.676 11205 8879 I System.out: {
05-14 00:46:18.676 11205 8879 I System.out: "name": ".data",
05-14 00:46:18.676 11205 8879 I System.out: "path": "files/.data",
05-14 00:46:18.676 11205 8879 I System.out: "size": 34650498
05-14 00:46:18.676 11205 8879 I System.out: },
05-14 00:46:18.676 11205 8879 I System.out: {
05-14 00:46:18.676 11205 8879 I System.out: "name": ".mods",
05-14 00:46:18.676 11205 8879 I System.out: "path": "files/.mods",
05-14 00:46:18.676 11205 8879 I System.out: "size": 464102353
05-14 00:46:18.676 11205 8879 I System.out: },
05-14 00:46:18.676 11205 8879 I System.out: {
05-14 00:46:18.676 11205 8879 I System.out: "name": ".mods2",
05-14 00:46:18.676 11205 8879 I System.out: "path": "files/.mods2",
05-14 00:46:18.676 11205 8879 I System.out: "size": 416232282
05-14 00:46:18.676 11205 8879 I System.out: },
05-14 00:46:18.676 11205 8879 I System.out: {
05-14 00:46:18.676 11205 8879 I System.out: "name": ".nomedia",
05-14 00:46:18.676 11205 8879 I System.out: "path": "files/.nomedia",
05-14 00:46:18.676 11205 8879 I System.out: "size": 0
05-14 00:46:18.676 11205 8879 I System.out: },
05-14 00:46:18.676 11205 8879 I System.out: {
05-14 00:46:18.676 11205 8879 I System.out: "name": ".samp",
05-14 00:46:18.676 11205 8879 I System.out: "path": "files/.samp",
05-14 00:46:18.676 11205 8879 I System.out: "size": 158693526
05-14 00:46:18.676 11205 8879 I System.out: },
05-14 00:46:18.676 11205 8879 I System.out: {
05-14 00:46:18.676 11205 8879 I System.out: "name": ".texs",
05-14 00:46:18.676 11205 8879 I System.out: "path": "files/.texs",
05-14 00:46:18.676 11205 8879 I System.out: "size": 249568432
05-14 00:46:18.676 11205 8879 I System.out: },
05-14 00:46:18.676 11205 8879 I System.out: {
05-14 00:46:18.676 11205 8879 I System.out: "name": "gta_sa.set",
05-14 00:46:18.676 11205 8879 I System.out: "path": "files/gta_sa.set",
05-14 00:46:18.676 11205 8879 I System.out: "size": 0
05-14 00:46:18.676 11205 8879 I System.out: },
05-14 00:46:18.676 11205 8879 I System.out: {
05-14 00:46:18.676 11205 8879 I System.out: "name": "scache_small.txt",
05-14 00:46:18.676 11205 8879 I System.out: "path":
"files/scache_small.txt",
05-14 00:46:18.676 11205 8879 I System.out: "size": 0
05-14 00:46:18.676 11205 8879 I System.out: },
05-14 00:46:18.676 11205 8879 I System.out: {
05-14 00:46:18.676 11205 8879 I System.out: "name": "scache_small_low.txt",
05-14 00:46:18.676 11205 8879 I System.out: "path":
"files/scache_small_low.txt",
05-14 00:46:18.676 11205 8879 I System.out: "size": 0
05-14 00:46:18.676 11205 8879 I System.out: },
05-14 00:46:18.676 11205 8879 I System.out: {
05-14 00:46:18.676 11205 8879 I System.out: "name": "stream.ini",
05-14 00:46:18.676 11205 8879 I System.out: "path": "files/stream.ini",
05-14 00:46:18.676 11205 8879 I System.out: "size": 0
05-14 00:46:18.676 11205 8879 I System.out: },
05-14 00:46:18.676 11205 8879 I System.out: {
05-14 00:46:18.676 11205 8879 I System.out: "name": "version.txt",
05-14 00:46:18.676 11205 8879 I System.out: "path": "files/version.txt",
05-14 00:46:18.676 11205 8879 I System.out: "size": 0
05-14 00:46:18.676 11205 8879 I System.out: },
05-14 00:46:18.676 11205 8879 I System.out: {
05-14 00:46:18.676 11205 8879 I System.out: "name": "anim.img",
05-14 00:46:18.676 11205 8879 I System.out: "path": "files/anim/anim.img",
05-14 00:46:18.676 11205 8879 I System.out: "size": 0
05-14 00:46:18.676 11205 8879 I System.out: },
05-14 00:46:18.676 11205 8879 I System.out: {
05-14 00:46:18.676 11205 8879 I System.out: "name": "cuts.img",
05-14 00:46:18.676 11205 8879 I System.out: "path": "files/anim/cuts.img",
05-14 00:46:18.676 11205.out: "URL_DONATE_API":
"https://api.gta-mobile.ru/oldAPI/donate_api.php",
05-14 00:46:18.279 11205 8843 I System.out: "URL_SITE": "https://gta-
mobile.ru/",
05-14 00:46:18.279 11205 8843 I System.out: "URL_VK":
"https://vk.com/online_samp",
05-14 00:46:18.279 11205 8843 I System.out: "URL_YOUTUBE":
"https://www.youtube.com/channel/UCCzB4ySWiZfRvApMU2CTfEA",
05-14 00:46:18.279 11205 8843 I System.out: "URL_INSTAGRAM":
"https://www.instagram.com/online_samp",
05-14 00:46:18.279 11205 8843 I System.out: "URL_SUPPORT":
"https://vk.me/android_client",
05-14 00:46:18.279 11205 8843 I System.out: "URL_TELEGRAM":
"https://t.me/onlinerp_channel"
05-14 00:46:18.279 11205 8843 I System.out: }
05-14 00:46:18.307 11205 8879 I System.out: exbdcd -> Request: Request{method=GET,
url=https://online-launcher.com/SAMPNEW_V2/update_v2.json, headers=[User-
Agent:Mozilla/5.0 (Windows NT 10.0; Win64; x64) AppleWebKit/537.36 (KHTML, like
Gecko) Chrome/123.0.0.0 Safari/537.36], tags={class
retrofit2.Invocation=com.launcher.network.api.UpdateApiService.getUpdate()
[https://online-launcher.com/SAMPNEW_V2/update_v2.json]}}
05-14 00:46:18.675 11205 8879 I System.out: exbdcd <- Response (code: 200): {
05-14 00:46:18.675 11205 8879 I System.out: "msgs": [
05-14 00:46:18.675 11205 8879 I System.out: {
05-14 00:46:18.675 11205 8879 I System.out: "id": 0,
05-14 00:46:18.675 11205 8879 I System.out: "min_version": 0,
05-14 00:46:18.675 11205 8879 I System.out: "max_version": 382,
05-14 00:46:18.675 11205 8879 I System.out: "title": "Уведомление",
05-14 00:46:18.675 11205 8879 I System.out: "text": "Технические работы.",
05-14 00:46:18.675 11205 8879 I System.out: "button": "Закрыть",
05-14 00:46:18.675 11205 8879 I System.out: "button_url": "quit"
05-14 00:46:18.675 11205 8879 I System.out: }
05-14 00:46:18.675 11205 8879 I System.out: ],
05-14 00:46:18.675 11205 8879 I System.out: "apk": {
05-14 00:46:18.675 11205 8879 I System.out: "version": 411,
05-14 00:46:18.675 11205 8879 I System.out: "str": "3.6.12",
05-14 00:46:18.675 11205 8879 I System.out: "path":
"apk/samp_411_050524_1414.apk",
05-14 00:46:18.675 11205 8879 I System.out: "auto_update": true,
05-14 00:46:18.675 11205 8879 I System.out: "manual_update": false,
05-14 00:46:18.675 11205 8879 I System.out: "manual_update_url": ""
05-14 00:46:18.675 11205 8879 I System.out: },
05-14 00:46:18.676 11205 8879 I System.out: "archive": {
05-14 00:46:18.676 11205 8879 I System.out: "path":
"cache/350/cache_350.7z.001",
05-14 00:46:18.676 11205 8879 I System.out: "path2":
"cache/350/cache_350.7z.002",
05-14 00:46:18.676 11205 8879 I System.out: "size": 2147483648
05-14 00:46:18.676 11205 8879 I System.out: },
05-14 00:46:18.676 11205 8879 I System.out: "cache": {
05-14 00:46:18.676 11205 8879 I System.out: "archive": [
05-14 00:46:18.676 11205 8879 I System.out: "cache/411/cache_411.7z.001",
05-14 00:46:18.676 11205 8879 I System.out: "cache/411/cache_411.7z.002",
05-14 00:46:18.676 11205 8879 I System.out: "cache/411/cache_411.7z.003"
05-14 00:46:18.676 11205 8879 I System.out: ],
05-14 00:46:18.676 11205 8879 I System.out: "size": 2147483648
05-14 00:46:18.676 11205 8879 I System.out: },
05-14 00:46:18.676 11205 8879 I System.out: "files": [
05-14 00:46:18.676 11205 8879 I System.out: {
05-14 00:46:18.676 11205 8879 I System.out: "name": ".custom",
05-14 00:46:18.676 11205 8879 I System.out: "path": "files/.custom",
05-14 00:46:18.676 11205 8879 I System.out: "size": 363382640
05-14 00:46:18.676 11205 8879 I System.out: },
05-14 00:46:18.676 11205 8879 I System.out: {
05-14 00:46:18.676 11205 8879 I System.out: "name": ".custom2",
05-14 00:46:18.676 11205 8879 I System.out: "path": "files/.custom2",
05-14 00:46:18.676 11205 8879 I System.out: "size": 289398867
05-14 00:46:18.67 8879 I System.out: "size": 0
05-14 00:46:18.676 11205 8879 I System.out: },
05-14 00:46:18.676 11205 8879 I System.out: {
05-14 00:46:18.676 11205 8879 I System.out: "name":
"360Default1280x720.cfg",
05-14 00:46:18.676 11205 8879 I System.out: "path":
"files/data/360Default1280x720.cfg",
05-14 00:46:18.676 11205 8879 I System.out: "size": 0
05-14 00:46:18.676 11205 8879 I System.out: },
05-14 00:46:18.676 11205 8879 I System.out: {
05-14 00:46:18.676 11205 8879 I System.out: "name": "360Default960x720.cfg",
05-14 00:46:18.676 11205 8879 I System.out: "path":
"files/data/360Default960x720.cfg",
05-14 00:46:18.676 11205 8879 I System.out: "size": 0
05-14 00:46:18.676 11205 8879 I System.out: },
05-14 00:46:18.676 11205 8879 I System.out: {
05-14 00:46:18.676 11205 8879 I System.out: "name": "animgrp.dat",
05-14 00:46:18.676 11205 8879 I System.out: "path":
"files/data/animgrp.dat",
05-14 00:46:18.676 11205 8879 I System.out: "size": 0
05-14 00:46:18.676 11205 8879 I System.out: },
05-14 00:46:18.676 11205 8879 I System.out: {
05-14 00:46:18.676 11205 8879 I System.out: "name": "ar_stats.dat",
05-14 00:46:18.676 11205 8879 I System.out: "path":
"files/data/ar_stats.dat",
05-14 00:46:18.676 11205 8879 I System.out: "size": 0
05-14 00:46:18.676 11205 8879 I System.out: },
05-14 00:46:18.676 11205 8879 I System.out: {
05-14 00:46:18.677 11205 8879 I System.out: "name": "carcols.dat",
05-14 00:46:18.677 11205 8879 I System.out: "path":
"files/data/carcols.dat",
05-14 00:46:18.677 11205 8879 I System.out: "size": 0
05-14 00:46:18.677 11205 8879 I System.out: },
05-14 00:46:18.677 11205 8879 I System.out: {
05-14 00:46:18.677 11205 8879 I System.out: "name": "cargrp.dat",
05-14 00:46:18.677 11205 8879 I System.out: "path": "files/data/cargrp.dat",
05-14 00:46:18.677 11205 8879 I System.out: "size": 0
05-14 00:46:18.677 11205 8879 I System.out: },
05-14 00:46:18.677 11205 8879 I System.out: {
05-14 00:46:18.677 11205 8879 I System.out: "name": "carmods.dat",
05-14 00:46:18.677 11205 8879 I System.out: "path":
"files/data/carmods.dat",
05-14 00:46:18.677 11205 8879 I System.out: "size": 0
05-14 00:46:18.677 11205 8879 I System.out: },
05-14 00:46:18.677 11205 8879 I System.out: {
05-14 00:46:18.677 11205 8879 I System.out: "name": "clothes.dat",
05-14 00:46:18.677 11205 8879 I System.out: "path":
"files/data/clothes.dat",
05-14 00:46:18.677 11205 8879 I System.out: "size": 0
05-14 00:46:18.677 11205 8879 I System.out: },
05-14 00:46:18.677 11205 8879 I System.out: {
05-14 00:46:18.677 11205 8879 I System.out: "name": "colorcycle.dat",
05-14 00:46:18.677 11205 8879 I System.out: "path":
"files/data/colorcycle.dat",
05-14 00:46:18.677 11205 8879 I System.out: "size": 0
05-14 00:46:18.677 11205 8879 I System.out: },
05-14 00:46:18.677 11205 8879 I System.out: {
05-14 00:46:18.677 11205 8879 I System.out: "name": "default.dat",
05-14 00:46:18.677 11205 8879 I System.out: "path":
"files/data/default.dat",
05-14 00:46:18.677 11205 8879 I System.out: "size": 0
05-14 00:46:18.677 11205 8879 I System.out: },
05-14 00:46:18.677 11205 8879 I System.out: {
05-14 00:46:18.677 11205 8879 I System.out: "name": "default.ide",
05-14 00:46:18.677 11205 8879 I System.out: "path":
"files/data/default.ide",
05-14 00:46:18.677 11205 8879 I System.out: "size": 0
05-14 00:46:18.677 11205 8879 I System.out: },
05-14 00:46:18.677 11205 8879 I System.out: {
05-14 00:46:18.677 11205 8879 I System.out: "name": "fonts.dat",
05-14 00:46:18.677 11205 8879 I System.out: "path": "files/data/fonts.dat",
05-14 00:46:18.677 11205 8879 I System.out: "size": 0
05-14 00:46:18.677 11205 8879 I System.out: },
05-14 00:46:18.677 11205 6 11205 8879 I System.out: },
05-14 00:46:18.676 11205 8879 I System.out: {
05-14 00:46:18.676 11205 8879 I System.out: "name": ".data",
05-14 00:46:18.676 11205 8879 I System.out: "path": "files/.data",
05-14 00:46:18.676 11205 8879 I System.out: "size": 34650498
05-14 00:46:18.676 11205 8879 I System.out: },
05-14 00:46:18.676 11205 8879 I System.out: {
05-14 00:46:18.676 11205 8879 I System.out: "name": ".mods",
05-14 00:46:18.676 11205 8879 I System.out: "path": "files/.mods",
05-14 00:46:18.676 11205 8879 I System.out: "size": 464102353
05-14 00:46:18.676 11205 8879 I System.out: },
05-14 00:46:18.676 11205 8879 I System.out: {
05-14 00:46:18.676 11205 8879 I System.out: "name": ".mods2",
05-14 00:46:18.676 11205 8879 I System.out: "path": "files/.mods2",
05-14 00:46:18.676 11205 8879 I System.out: "size": 416232282
05-14 00:46:18.676 11205 8879 I System.out: },
05-14 00:46:18.676 11205 8879 I System.out: {
05-14 00:46:18.676 11205 8879 I System.out: "name": ".nomedia",
05-14 00:46:18.676 11205 8879 I System.out: "path": "files/.nomedia",
05-14 00:46:18.676 11205 8879 I System.out: "size": 0
05-14 00:46:18.676 11205 8879 I System.out: },
05-14 00:46:18.676 11205 8879 I System.out: {
05-14 00:46:18.676 11205 8879 I System.out: "name": ".samp",
05-14 00:46:18.676 11205 8879 I System.out: "path": "files/.samp",
05-14 00:46:18.676 11205 8879 I System.out: "size": 158693526
05-14 00:46:18.676 11205 8879 I System.out: },
05-14 00:46:18.676 11205 8879 I System.out: {
05-14 00:46:18.676 11205 8879 I System.out: "name": ".texs",
05-14 00:46:18.676 11205 8879 I System.out: "path": "files/.texs",
05-14 00:46:18.676 11205 8879 I System.out: "size": 249568432
05-14 00:46:18.676 11205 8879 I System.out: },
05-14 00:46:18.676 11205 8879 I System.out: {
05-14 00:46:18.676 11205 8879 I System.out: "name": "gta_sa.set",
05-14 00:46:18.676 11205 8879 I System.out: "path": "files/gta_sa.set",
05-14 00:46:18.676 11205 8879 I System.out: "size": 0
05-14 00:46:18.676 11205 8879 I System.out: },
05-14 00:46:18.676 11205 8879 I System.out: {
05-14 00:46:18.676 11205 8879 I System.out: "name": "scache_small.txt",
05-14 00:46:18.676 11205 8879 I System.out: "path":
"files/scache_small.txt",
05-14 00:46:18.676 11205 8879 I System.out: "size": 0
05-14 00:46:18.676 11205 8879 I System.out: },
05-14 00:46:18.676 11205 8879 I System.out: {
05-14 00:46:18.676 11205 8879 I System.out: "name": "scache_small_low.txt",
05-14 00:46:18.676 11205 8879 I System.out: "path":
"files/scache_small_low.txt",
05-14 00:46:18.676 11205 8879 I System.out: "size": 0
05-14 00:46:18.676 11205 8879 I System.out: },
05-14 00:46:18.676 11205 8879 I System.out: {
05-14 00:46:18.676 11205 8879 I System.out: "name": "stream.ini",
05-14 00:46:18.676 11205 8879 I System.out: "path": "files/stream.ini",
05-14 00:46:18.676 11205 8879 I System.out: "size": 0
05-14 00:46:18.676 11205 8879 I System.out: },
05-14 00:46:18.676 11205 8879 I System.out: {
05-14 00:46:18.676 11205 8879 I System.out: "name": "version.txt",
05-14 00:46:18.676 11205 8879 I System.out: "path": "files/version.txt",
05-14 00:46:18.676 11205 8879 I System.out: "size": 0
05-14 00:46:18.676 11205 8879 I System.out: },
05-14 00:46:18.676 11205 8879 I System.out: {
05-14 00:46:18.676 11205 8879 I System.out: "name": "anim.img",
05-14 00:46:18.676 11205 8879 I System.out: "path": "files/anim/anim.img",
05-14 00:46:18.676 11205 8879 I System.out: "size": 0
05-14 00:46:18.676 11205 8879 I System.out: },
05-14 00:46:18.676 11205 8879 I System.out: {
05-14 00:46:18.676 11205 8879 I System.out: "name": "cuts.img",
05-14 00:46:18.676 11205 8879 I System.out: "path": "fi 8879 I System.out:
{
05-14 00:46:18.677 11205 8879 I System.out: "name": "furnitur.dat",
05-14 00:46:18.677 11205 8879 I System.out: "path":
"files/data/furnitur.dat",
05-14 00:46:18.677 11205 8879 I System.out: "size": 0
05-14 00:46:18.677 11205 8879 I System.out: },
05-14 00:46:18.677 11205 8879 I System.out: {
05-14 00:46:18.677 11205 8879 I System.out: "name": "gridref.dat",
05-14 00:46:18.677 11205 8879 I System.out: "path":
"files/data/gridref.dat",
05-14 00:46:18.677 11205 8879 I System.out: "size": 0
05-14 00:46:18.677 11205 8879 I System.out: },
05-14 00:46:18.677 11205 8879 I System.out: {
05-14 00:46:18.677 11205 8879 I System.out: "name": "handling.cfg",
05-14 00:46:18.677 11205 8879 I System.out: "path":
"files/data/handling.cfg",
05-14 00:46:18.677 11205 8879 I System.out: "size": 0
05-14 00:46:18.677 11205 8879 I System.out: },
05-14 00:46:18.677 11205 8879 I System.out: {
05-14 00:46:18.677 11205 8879 I System.out: "name": "info.zon",
05-14 00:46:18.677 11205 8879 I System.out: "path": "files/data/info.zon",
05-14 00:46:18.677 11205 8879 I System.out: "size": 0
05-14 00:46:18.677 11205 8879 I System.out: },
05-14 00:46:18.677 11205 8879 I System.out: {
05-14 00:46:18.677 11205 8879 I System.out: "name": "map.zon",
05-14 00:46:18.677 11205 8879 I System.out: "path": "files/data/map.zon",
05-14 00:46:18.677 11205 8879 I System.out: "size": 0
05-14 00:46:18.677 11205 8879 I System.out: },
05-14 00:46:18.677 11205 8879 I System.out: {
05-14 00:46:18.677 11205 8879 I System.out: "name": "melee.dat",
05-14 00:46:18.677 11205 8879 I System.out: "path": "files/data/melee.dat",
05-14 00:46:18.677 11205 8879 I System.out: "size": 0
05-14 00:46:18.677 11205 8879 I System.out: },
05-14 00:46:18.677 11205 8879 I System.out: {
05-14 00:46:18.677 11205 8879 I System.out: "name": "object.dat",
05-14 00:46:18.677 11205 8879 I System.out: "path": "files/data/object.dat",
05-14 00:46:18.677 11205 8879 I System.out: "size": 0
05-14 00:46:18.677 11205 8879 I System.out: },
05-14 00:46:18.677 11205 8879 I System.out: {
05-14 00:46:18.677 11205 8879 I System.out: "name": "ped.dat",
05-14 00:46:18.677 11205 8879 I System.out: "path": "files/data/ped.dat",
05-14 00:46:18.677 11205 8879 I System.out: "size": 0
05-14 00:46:18.677 11205 8879 I System.out: },
05-14 00:46:18.677 11205 8879 I System.out: {
05-14 00:46:18.677 11205 8879 I System.out: "name": "pedgrp.dat",
05-14 00:46:18.677 11205 8879 I System.out: "path": "files/data/pedgrp.dat",
05-14 00:46:18.677 11205 8879 I System.out: "size": 0
05-14 00:46:18.677 11205 8879 I System.out: },
05-14 00:46:18.677 11205 8879 I System.out: {
05-14 00:46:18.677 11205 8879 I System.out: "name": "peds.ide",
05-14 00:46:18.677 11205 8879 I System.out: "path": "files/data/peds.ide",
05-14 00:46:18.677 11205 8879 I System.out: "size": 0
05-14 00:46:18.677 11205 8879 I System.out: },
05-14 00:46:18.677 11205 8879 I System.out: {
05-14 00:46:18.677 11205 8879 I System.out: "name": "pedstats.dat",
05-14 00:46:18.677 11205 8879 I System.out: "path":
"files/data/pedstats.dat",
05-14 00:46:18.677 11205 8879 I System.out: "size": 0
05-14 00:46:18.677 11205 8879 I System.out: },
05-14 00:46:18.677 11205 8879 I System.out: {
05-14 00:46:18.677 11205 8879 I System.out: "name": "plants.dat",
05-14 00:46:18.677 11205 8879 I System.out: "path": "files/data/plants.dat",
05-14 00:46:18.677 11205 8879 I System.out: "size": 0
05-14 00:46:18.677 11205 8879 I System.out: },
05-14 00:46:18.677 11205 8879 I System.out: {
05-14 00:46:18.677 11205 8879 I System.out: "name": "popcycle.dat",
05-14 00:46:18.677 11205 8879 I System.out: "path":
"files/data/popcycle.dat",
05les/anim/cuts.img",
05-14 00:46:18.676 11205 8879 I System.out: "size": 0
05-14 00:46:18.676 11205 8879 I System.out: },
05-14 00:46:18.676 11205 8879 I System.out: {
05-14 00:46:18.676 11205 8879 I System.out: "name":
"360Default1280x720.cfg",
05-14 00:46:18.676 11205 8879 I System.out: "path":
"files/data/360Default1280x720.cfg",
05-14 00:46:18.676 11205 8879 I System.out: "size": 0
05-14 00:46:18.676 11205 8879 I System.out: },
05-14 00:46:18.676 11205 8879 I System.out: {
05-14 00:46:18.676 11205 8879 I System.out: "name": "360Default960x720.cfg",
05-14 00:46:18.676 11205 8879 I System.out: "path":
"files/data/360Default960x720.cfg",
05-14 00:46:18.676 11205 8879 I System.out: "size": 0
05-14 00:46:18.676 11205 8879 I System.out: },
05-14 00:46:18.676 11205 8879 I System.out: {
05-14 00:46:18.676 11205 8879 I System.out: "name": "animgrp.dat",
05-14 00:46:18.676 11205 8879 I System.out: "path":
"files/data/animgrp.dat",
05-14 00:46:18.676 11205 8879 I System.out: "size": 0
05-14 00:46:18.676 11205 8879 I System.out: },
05-14 00:46:18.676 11205 8879 I System.out: {
05-14 00:46:18.676 11205 8879 I System.out: "name": "ar_stats.dat",
05-14 00:46:18.676 11205 8879 I System.out: "path":
"files/data/ar_stats.dat",
05-14 00:46:18.676 11205 8879 I System.out: "size": 0
05-14 00:46:18.676 11205 8879 I System.out: },
05-14 00:46:18.676 11205 8879 I System.out: {
05-14 00:46:18.677 11205 8879 I System.out: "name": "carcols.dat",
05-14 00:46:18.677 11205 8879 I System.out: "path":
"files/data/carcols.dat",
05-14 00:46:18.677 11205 8879 I System.out: "size": 0
05-14 00:46:18.677 11205 8879 I System.out: },
05-14 00:46:18.677 11205 8879 I System.out: {
05-14 00:46:18.677 11205 8879 I System.out: "name": "cargrp.dat",
05-14 00:46:18.677 11205 8879 I System.out: "path": "files/data/cargrp.dat",
05-14 00:46:18.677 11205 8879 I System.out: "size": 0
05-14 00:46:18.677 11205 8879 I System.out: },
05-14 00:46:18.677 11205 8879 I System.out: {
05-14 00:46:18.677 11205 8879 I System.out: "name": "carmods.dat",
05-14 00:46:18.677 11205 8879 I System.out: "path":
"files/data/carmods.dat",
05-14 00:46:18.677 11205 8879 I System.out: "size": 0
05-14 00:46:18.677 11205 8879 I System.out: },
05-14 00:46:18.677 11205 8879 I System.out: {
05-14 00:46:18.677 11205 8879 I System.out: "name": "clothes.dat",
05-14 00:46:18.677 11205 8879 I System.out: "path":
"files/data/clothes.dat",
05-14 00:46:18.677 11205 8879 I System.out: "size": 0
05-14 00:46:18.677 11205 8879 I System.out: },
05-14 00:46:18.677 11205 8879 I System.out: {
05-14 00:46:18.677 11205 8879 I System.out: "name": "colorcycle.dat",
05-14 00:46:18.677 11205 8879 I System.out: "path":
"files/data/colorcycle.dat",
05-14 00:46:18.677 11205 8879 I System.out: "size": 0
05-14 00:46:18.677 11205 8879 I System.out: },
05-14 00:46:18.677 11205 8879 I System.out: {
05-14 00:46:18.677 11205 8879 I System.out: "name": "default.dat",
05-14 00:46:18.677 11205 8879 I System.out: "path":
"files/data/default.dat",
05-14 00:46:18.677 11205 8879 I System.out: "size": 0
05-14 00:46:18.677 11205 8879 I System.out: },
05-14 00:46:18.677 11205 8879 I System.out: {
05-14 00:46:18.677 11205 8879 I System.out: "name": "default.ide",
05-14 00:46:18.677 11205 8879 I System.out: "path":
"files/data/default.ide",
05-14 00:46:18.677 11205 8879 I System.out: "size": 0
05-14 00:46:18.677 11205 8879 I System.out: },
05-14 00:46:18.677 11205 8879 I System.out: {
05-14 00:46:18.677 11205 8879 I System.out: "name": "fonts.dat",
05-14 00:46:18.677 11205 8879 I System.out: "path": "files/data/fonts.dat",
05-14 00:46:18.677 11205 8879 I System.out: "size": 0
05-14 00:46:18.677 11205 8879 I -14 00:46:18.677 11205 8879 I System.out:
"size": 0
05-14 00:46:18.677 11205 8879 I System.out: },
05-14 00:46:18.677 11205 8879 I System.out: {
05-14 00:46:18.677 11205 8879 I System.out: "name": "procobj.dat",
05-14 00:46:18.677 11205 8879 I System.out: "path":
"files/data/procobj.dat",
05-14 00:46:18.677 11205 8879 I System.out: "size": 0
05-14 00:46:18.677 11205 8879 I System.out: },
05-14 00:46:18.677 11205 8879 I System.out: {
05-14 00:46:18.677 11205 8879 I System.out: "name": "shopping.dat",
05-14 00:46:18.677 11205 8879 I System.out: "path":
"files/data/shopping.dat",
05-14 00:46:18.677 11205 8879 I System.out: "size": 0
05-14 00:46:18.678 11205 8879 I System.out: },
05-14 00:46:18.678 11205 8879 I System.out: {
05-14 00:46:18.678 11205 8879 I System.out: "name": "ShopUVs.dat",
05-14 00:46:18.678 11205 8879 I System.out: "path":
"files/data/ShopUVs.dat",
05-14 00:46:18.678 11205 8879 I System.out: "size": 0
05-14 00:46:18.678 11205 8879 I System.out: },
05-14 00:46:18.678 11205 8879 I System.out: {
05-14 00:46:18.678 11205 8879 I System.out: "name": "statdisp.dat",
05-14 00:46:18.678 11205 8879 I System.out: "path":
"files/data/statdisp.dat",
05-14 00:46:18.678 11205 8879 I System.out: "size": 0
05-14 00:46:18.678 11205 8879 I System.out: },
05-14 00:46:18.678 11205 8879 I System.out: {
05-14 00:46:18.678 11205 8879 I System.out: "name": "surface.dat",
05-14 00:46:18.678 11205 8879 I System.out: "path":
"files/data/surface.dat",
05-14 00:46:18.678 11205 8879 I System.out: "size": 0
05-14 00:46:18.678 11205 8879 I System.out: },
05-14 00:46:18.678 11205 8879 I System.out: {
05-14 00:46:18.678 11205 8879 I System.out: "name": "surfaud.dat",
05-14 00:46:18.678 11205 8879 I System.out: "path":
"files/data/surfaud.dat",
05-14 00:46:18.678 11205 8879 I System.out: "size": 0
05-14 00:46:18.678 11205 8879 I System.out: },
05-14 00:46:18.678 11205 8879 I System.out: {
05-14 00:46:18.678 11205 8879 I System.out: "name": "surfinfo.dat",
05-14 00:46:18.678 11205 8879 I System.out: "path":
"files/data/surfinfo.dat",
05-14 00:46:18.678 11205 8879 I System.out: "size": 0
05-14 00:46:18.678 11205 8879 I System.out: },
05-14 00:46:18.678 11205 8879 I System.out: {
05-14 00:46:18.678 11205 8879 I System.out: "name": "timecyc.dat",
05-14 00:46:18.678 11205 8879 I System.out: "path":
"files/data/timecyc.dat",
05-14 00:46:18.678 11205 8879 I System.out: "size": 0
05-14 00:46:18.678 11205 8879 I System.out: },
05-14 00:46:18.678 11205 8879 I System.out: {
05-14 00:46:18.678 11205 8879 I System.out: "name":
"TouchDefaultPhone3x2.cfg",
05-14 00:46:18.678 11205 8879 I System.out: "path":
"files/data/TouchDefaultPhone3x2.cfg",
05-14 00:46:18.678 11205 8879 I System.out: "size": 0
05-14 00:46:18.678 11205 8879 I System.out: },
05-14 00:46:18.678 11205 8879 I System.out: {
05-14 00:46:18.678 11205 8879 I System.out: "name":
"TouchDefaultPhoneWidescreen.cfg",
05-14 00:46:18.678 11205 8879 I System.out: "path":
"files/data/TouchDefaultPhoneWidescreen.cfg",
05-14 00:46:18.678 11205 8879 I System.out: "size": 0
05-14 00:46:18.678 11205 8879 I System.out: },
05-14 00:46:18.678 11205 8879 I System.out: {
05-14 00:46:18.678 11205 8879 I System.out: "name":
"TouchDefaultTablet4x3.cfg",
05-14 00:46:18.678 11205 8879 I System.out: "path":
"files/data/TouchDefaultTablet4x3.cfg",
05-14 00:46:18.678 11205 8879 I System.out: "size": 0
05-14 00:46:18.678 11205 8879 I System.out: },
05-14 00:46:18.678 11205 8879 I System.out: {
05-14 00:46:18.678 11205 8879 I System.out: "name":
"TouchDefaultTabletWidescreen.cfg",
05-14 00:46:18.678 11205 8879 I System.out: "path":
"files/data/TouchDefaultTabletWidescreen.cfg",
05-14 00:46:18.678 1System.out: },
05-14 00:46:18.677 11205 8879 I System.out: {
05-14 00:46:18.677 11205 8879 I System.out: "name": "furnitur.dat",
05-14 00:46:18.677 11205 8879 I System.out: "path":
"files/data/furnitur.dat",
05-14 00:46:18.677 11205 8879 I System.out: "size": 0
05-14 00:46:18.677 11205 8879 I System.out: },
05-14 00:46:18.677 11205 8879 I System.out: {
05-14 00:46:18.677 11205 8879 I System.out: "name": "gridref.dat",
05-14 00:46:18.677 11205 8879 I System.out: "path":
"files/data/gridref.dat",
05-14 00:46:18.677 11205 8879 I System.out: "size": 0
05-14 00:46:18.677 11205 8879 I System.out: },
05-14 00:46:18.677 11205 8879 I System.out: {
05-14 00:46:18.677 11205 8879 I System.out: "name": "handling.cfg",
05-14 00:46:18.677 11205 8879 I System.out: "path":
"files/data/handling.cfg",
05-14 00:46:18.677 11205 8879 I System.out: "size": 0
05-14 00:46:18.677 11205 8879 I System.out: },
05-14 00:46:18.677 11205 8879 I System.out: {
05-14 00:46:18.677 11205 8879 I System.out: "name": "info.zon",
05-14 00:46:18.677 11205 8879 I System.out: "path": "files/data/info.zon",
05-14 00:46:18.677 11205 8879 I System.out: "size": 0
05-14 00:46:18.677 11205 8879 I System.out: },
05-14 00:46:18.677 11205 8879 I System.out: {
05-14 00:46:18.677 11205 8879 I System.out: "name": "map.zon",
05-14 00:46:18.677 11205 8879 I System.out: "path": "files/data/map.zon",
05-14 00:46:18.677 11205 8879 I System.out: "size": 0
05-14 00:46:18.677 11205 8879 I System.out: },
05-14 00:46:18.677 11205 8879 I System.out: {
05-14 00:46:18.677 11205 8879 I System.out: "name": "melee.dat",
05-14 00:46:18.677 11205 8879 I System.out: "path": "files/data/melee.dat",
05-14 00:46:18.677 11205 8879 I System.out: "size": 0
05-14 00:46:18.677 11205 8879 I System.out: },
05-14 00:46:18.677 11205 8879 I System.out: {
05-14 00:46:18.677 11205 8879 I System.out: "name": "object.dat",
05-14 00:46:18.677 11205 8879 I System.out: "path": "files/data/object.dat",
05-14 00:46:18.677 11205 8879 I System.out: "size": 0
05-14 00:46:18.677 11205 8879 I System.out: },
05-14 00:46:18.677 11205 8879 I System.out: {
05-14 00:46:18.677 11205 8879 I System.out: "name": "ped.dat",
05-14 00:46:18.677 11205 8879 I System.out: "path": "files/data/ped.dat",
05-14 00:46:18.677 11205 8879 I System.out: "size": 0
05-14 00:46:18.677 11205 8879 I System.out: },
05-14 00:46:18.677 11205 8879 I System.out: {
05-14 00:46:18.677 11205 8879 I System.out: "name": "pedgrp.dat",
05-14 00:46:18.677 11205 8879 I System.out: "path": "files/data/pedgrp.dat",
05-14 00:46:18.677 11205 8879 I System.out: "size": 0
05-14 00:46:18.677 11205 8879 I System.out: },
05-14 00:46:18.677 11205 8879 I System.out: {
05-14 00:46:18.677 11205 8879 I System.out: "name": "peds.ide",
05-14 00:46:18.677 11205 8879 I System.out: "path": "files/data/peds.ide",
05-14 00:46:18.677 11205 8879 I System.out: "size": 0
05-14 00:46:18.677 11205 8879 I System.out: },
05-14 00:46:18.677 11205 8879 I System.out: {
05-14 00:46:18.677 11205 8879 I System.out: "name": "pedstats.dat",
05-14 00:46:18.677 11205 8879 I System.out: "path":
"files/data/pedstats.dat",
05-14 00:46:18.677 11205 8879 I System.out: "size": 0
05-14 00:46:18.677 11205 8879 I System.out: },
05-14 00:46:18.677 11205 8879 I System.out: {
05-14 00:46:18.677 11205 8879 I System.out: "name": "plants.dat",
05-14 00:46:18.677 11205 8879 I System.out: "path": "files/data/plants.dat",
05-14 00:46:18.677 11205 8879 I System.out: "size": 0
05-14 00:46:18.677 11205 8879 I System.out: },
05-14 00:46:18.677 11205 8879 I System.out: {
05-14 00:46:18.677 11205 8879 I System.out: "name": "popcycle.dat",
05-14 00:46:18.677 11205 8879 I System.out: "path":
"files/data/popcycle.dat",
05-14 00:46:18.677 11205 8879 I System.out: "size": 0
05-14 00:46:18.677 11205 8879 I System.out: },
05-14 00:46:18.677 11205 8879 I System.out: {
05-14 00:46:18.677 11205 8879 I System.out: "name": "procobj.dat",
05-14 00:46:18.677 11205 8879 I System.out: "path":
"files/data/procobj.dat",
05-14 00:46:18.677 11205 8879 I System.out: "size": 0
05-14 00:46:18.677 11205 8879 I System.out: },
05-14 00:46:18.677 11205 8879 I System.out: {
05-14 00:46:18.677 11205 8879 I System.out: "name": "shopping.dat",
05-14 00:46:18.677 11205 8879 I System.out: "path":
"files/data/shopping.dat",
05-14 00:46:18.677 11205 8879 I System.out: "size": 0
05-14 00:46:18.678 11205 8879 I System.out: },
05-14 00:46:18.678 11205 8879 I System.out: {
05-14 00:46:18.678 11205 8879 I System.out: "name": "ShopUVs.dat",
05-14 00:46:18.678 11205 8879 I System.out: "path":
"files/data/ShopUVs.dat",
05-14 00:46:18.678 11205 8879 I System.out: "size": 0
05-14 00:46:18.678 11205 8879 I System.out: },
05-14 00:46:18.678 11205 8879 I System.out: {
05-14 00:46:18.678 11205 8879 I System.out: "name": "statdisp.dat",
05-14 00:46:18.678 11205 8879 I System.out: "path":
"files/data/statdisp.dat",
05-14 00:46:18.678 11205 8879 I System.out: "size": 0
05-14 00:46:18.678 11205 8879 I System.out: },
05-14 00:46:18.678 11205 8879 I System.out: {
05-14 00:46:18.678 11205 8879 I System.out: "name": "surface.dat",
05-14 00:46:18.678 11205 8879 I System.out: "path":
"files/data/surface.dat",
05-14 00:46:18.678 11205 8879 I System.out: "size": 0
05-14 00:46:18.678 11205 8879 I System.out: },
05-14 00:46:18.678 11205 8879 I System.out: {
05-14 00:46:18.678 11205 8879 I System.out: "name": "surfaud.dat",
05-14 00:46:18.678 11205 8879 I System.out: "path":
"files/data/surfaud.dat",
05-14 00:46:18.678 11205 8879 I System.out: "size": 0
05-14 00:46:18.678 11205 8879 I System.out: },
05-14 00:46:18.678 11205 8879 I System.out: {
05-14 00:46:18.678 11205 8879 I System.out: "name": "surfinfo.dat",
05-14 00:46:18.678 11205 8879 I System.out: "path":
"files/data/surfinfo.dat",
05-14 00:46:18.678 11205 8879 I System.out: "size": 0
05-14 00:46:18.678 11205 8879 I System.out: },
05-14 00:46:18.678 11205 8879 I System.out: {
05-14 00:46:18.678 11205 8879 I System.out: "name": "timecyc.dat",
05-14 00:46:18.678 11205 8879 I System.out: "path":
"files/data/timecyc.dat",
05-14 00:46:18.678 11205 8879 I System.out: "size": 0
05-14 00:46:18.678 11205 8879 I System.out: },
05-14 00:46:18.678 11205 8879 I System.out: {
05-14 00:46:18.678 11205 8879 I System.out: "name":
"TouchDefaultPhone3x2.cfg",
05-14 00:46:18.678 11205 8879 I System.out: "path":
"files/data/TouchDefaultPhone3x2.cfg",
05-14 00:46:18.678 11205 8879 I System.out: "size": 0
05-14 00:46:18.678 11205 8879 I System.out: },
05-14 00:46:18.678 11205 8879 I System.out: {
05-14 00:46:18.678 11205 8879 I System.out: "name":
"TouchDefaultPhoneWidescreen.cfg",
05-14 00:46:18.678 11205 8879 I System.out: "path":
"files/data/TouchDefaultPhoneWidescreen.cfg",
05-14 00:46:18.678 11205 8879 I System.out: "size": 0
05-14 00:46:18.678 11205 8879 I System.out: },
05-14 00:46:18.678 11205 8879 I System.out: {
05-14 00:46:18.678 11205 8879 I System.out: "name":
"TouchDefaultTablet4x3.cfg",
05-14 00:46:18.678 11205 8879 I System.out: "path":
"files/data/TouchDefaultTablet4x3.cfg",
05-14 00:46:18.678 11205 8879 I System.out: "size": 0
05-14 00:46:18.678 11205 8879 I System.out: },
05-14 00:46:18.678 11205 8879 I System.out: {
05-14 00:46:18.678 11205 8879 I System.out: "name":
"TouchDefaultTabletWidescreen.cfg",
05-14 00:46:18.678 11205 8879 I System.out: "path":
"files/data/TouchDefaul1205 8879 I System.out: "size": 0
05-14 00:46:18.678 11205 8879 I System.out: },
05-14 00:46:18.678 11205 8879 I System.out: {
05-14 00:46:18.678 11205 8879 I System.out: "name": "txdcut.ide",
05-14 00:46:18.678 11205 8879 I System.out: "path": "files/data/txdcut.ide",
05-14 00:46:18.678 11205 8879 I System.out: "size": 0
05-14 00:46:18.678 11205 8879 I System.out: },
05-14 00:46:18.678 11205 8879 I System.out: {
05-14 00:46:18.678 11205 8879 I System.out: "name": "vehicles.ide",
05-14 00:46:18.678 11205 8879 I System.out: "path":
"files/data/vehicles.ide",
05-14 00:46:18.678 11205 8879 I System.out: "size": 0
