0% found this document useful (0 votes)
65 views664 pages

Logcat

Uploaded by

bturki594
Copyright
© © All Rights Reserved
We take content rights seriously. If you suspect this is your content, claim it here.
Available Formats
Download as TXT, PDF, TXT or read online on Scribd
0% found this document useful (0 votes)
65 views664 pages

Logcat

Uploaded by

bturki594
Copyright
© © All Rights Reserved
We take content rights seriously. If you suspect this is your content, claim it here.
Available Formats
Download as TXT, PDF, TXT or read online on Scribd
You are on page 1/ 664

--------- beginning of main

05-13 23:42:30.211 11205 11205 I kstargames.samp: Using CollectorTypeCC GC.


05-13 23:42:30.253 11205 11205 E kstargames.samp: Not starting debugger since
process cannot load the jdwp agent.
05-13 23:42:30.347 11205 11205 W System.err: android.system.ErrnoException: open
failed: ENOENT (No such file or directory)
05-13 23:42:30.347 11205 11205 W System.err: at libcore.io.Linux.open(Native
Method)
05-13 23:42:30.347 11205 11205 W System.err: at
libcore.io.ForwardingOs.open(ForwardingOs.java:563)
05-13 23:42:30.347 11205 11205 W System.err: at
libcore.io.BlockGuardOs.open(BlockGuardOs.java:274)
05-13 23:42:30.347 11205 11205 W System.err: at
libcore.io.ForwardingOs.open(ForwardingOs.java:563)
05-13 23:42:30.347 11205 11205 W System.err: at
android.app.ActivityThread$AndroidOs.open(ActivityThread.java:8170)
05-13 23:42:30.347 11205 11205 W System.err: at
android.system.Os.open(Os.java:494)
05-13 23:42:30.347 11205 11205 W System.err: at
android.os.perfdebug.PerfDebugMonitorImpl.monitorVersionControl(PerfDebugMonitorImp
l.java:204)
05-13 23:42:30.347 11205 11205 W System.err: at
android.os.perfdebug.PerfDebugMonitorImpl.prepareMonitor(PerfDebugMonitorImpl.java:
185)
05-13 23:42:30.348 11205 11205 W System.err: at
android.app.ActivityThread.main(ActivityThread.java:8257)
05-13 23:42:30.348 11205 11205 W System.err: at
java.lang.reflect.Method.invoke(Native Method)
05-13 23:42:30.348 11205 11205 W System.err: at
com.android.internal.os.RuntimeInit$MethodAndArgsCaller.run(RuntimeInit.java:580)
05-13 23:42:30.348 11205 11205 W System.err: at
com.android.internal.os.ZygoteInit.main(ZygoteInit.java:1028)
05-13 23:42:30.352 11205 11205 I MessageMonitor: Load libmiui_runtime
05-13 23:42:30.411 11205 11205 D CompatibilityChangeReporter: Compat change id
reported: 171979766; UID 10348; state: DISABLED
05-13 23:42:30.517 11205 11205 D ApplicationLoaders: Returning zygote-cached class
loader: /system/framework/android.test.base.jar
05-13 23:42:30.531 11205 11205 D nativeloader: Configuring clns-4 for other apk
/data/app/~~7CaAkSbvhwqQ-W45asaCaw==/com.rockstargames.samp-
rR1Jt7Kh6MXrjJjjVz1MXQ==/base.apk. target_sdk_version=29, uses_libraries=,
library_path=/data/app/~~7CaAkSbvhwqQ-W45asaCaw==/com.rockstargames.samp-
rR1Jt7Kh6MXrjJjjVz1MXQ==/lib/arm:/data/app/~~7CaAkSbvhwqQ-W45asaCaw==/
com.rockstargames.samp-rR1Jt7Kh6MXrjJjjVz1MXQ==/base.apk!/lib/armeabi-v7a,
permitted_path=/data:/mnt/expand:/data/user/0/com.rockstargames.samp
05-13 23:42:30.531 11205 11205 D nativeloader: Extending system_exposed_libraries:
libmisys_jni.xiaomi.so:libteeservice_client.trustonic.so:libapuwareapusys.mtk.so:li
bapuwareapusys_v2.mtk.so:libapuwarexrp.mtk.so:libapuwarexrp_v2.mtk.so:libapuwareuti
ls.mtk.so:libapuwareutils_v2.mtk.so:libapuwarehmp.mtk.so:libmcv_runtime_usdk.mtk.so
:libneuron_graph_delegate.mtk.so:libneuronusdk_adapter.mtk.so:libtflite_mtk.mtk.so:
libarmnn_ndk.mtk.so:libcmdl_ndk.mtk.so:libnir_neon_driver_ndk.mtk.so:libmvpu_runtim
e.mtk.so:libmvpu_runtime_pub.mtk.so:libmvpu_engine_pub.mtk.so:libmvpu_pattern_pub.m
tk.so:libmvpuop_mtk_cv.mtk.so:libmvpuop_mtk_nn.mtk.so
05-13 23:42:30.563 11205 11205 V GraphicsEnvironment: ANGLE Developer option for
'com.rockstargames.samp' set to: 'default'
05-13 23:42:30.564 11205 11205 V GraphicsEnvironment: ANGLE GameManagerService for
com.rockstargames.samp: false
05-13 23:42:30.564 11205 11205 V GraphicsEnvironment: Neither updatable production
driver nor prerelease driver is supported.
05-13 23:42:30.569 11205 11205 I ForceDarkHelperStubImpl: initialize for
com.rockstargames.samp , ForceDarkOrigin
05-13 23:42:30.579 11205 11205 D kstargames.samp: JNI_OnLoad success
05-13 23:42:30.579 11205 11205 I MiuiForceDarkConfig: setConfig density:2.750000,
mainRule:0, secondaryRule:0, tertiaryRule:0
05-13 23:42:30.582 11205 11205 D NetworkSecurityConfig: Using Network Security
Config from resource network_security_config debugBuild: false
05-13 23:42:30.584 11205 11205 D NetworkSecurityConfig: Using Network Security
Config from resource network_security_config debugBuild: false
05-13 23:42:30.586 11205 11205 D CompatibilityChangeReporter: Compat change id
reported: 183155436; UID 10348; state: DISABLED
05-13 23:42:30.716 11205 11275 W ziparchive: Unable to open
'/data/user_de/0/com.google.android.gms/app_chimera/m/00000002/DynamiteLoader.dm':
No such file or directory
05-13 23:42:30.716 11205 11275 W ziparchive: Unable to open
'/data/user_de/0/com.google.android.gms/app_chimera/m/00000002/DynamiteLoader.dm':
No such file or directory
05-13 23:42:30.752 11205 11285 D TrafficStats: tagSocket(91) with
statsTag=0xffffffff, statsUid=-1
05-13 23:42:30.767 11205 11281 D libcrashlytics: Initializing libcrashlytics
version 3.2.0
05-13 23:42:30.776 11205 11281 D libcrashlytics: Initializing native crash handling
successful.
05-13 23:42:30.783 11205 11275 W System : ClassLoader referenced unknown path:
05-13 23:42:30.784 11205 11275 D nativeloader: Configuring clns-5 for other apk .
target_sdk_version=34, uses_libraries=,
library_path=/data/app/~~NjiyjWgZuCpfw0IvmKztow==/com.google.android.gms-
KIaOChQpVPWmDfLL8GPRnA==/lib/arm:/data/app/~~NjiyjWgZuCpfw0IvmKztow==/
com.google.android.gms-KIaOChQpVPWmDfLL8GPRnA==/base.apk!/lib/armeabi-v7a,
permitted_path=/data:/mnt/expand:/data/user/0/com.google.android.gms
05-13 23:42:30.786 11205 11297 D CompatibilityChangeReporter: Compat change id
reported: 160794467; UID 10348; state: DISABLED
05-13 23:42:30.812 11205 11289 D TrafficStats: tagSocket(93) with statsTag=0x8001,
statsUid=-1
05-13 23:42:30.815 11205 11205 D MiuiMultiWindowAdapter:
MiuiMultiWindowAdapter::getFreeformVideoWhiteListInSystem::LIST_ABOUT_SUPPORT_LANDS
CAPE_VIDEO = [com.hunantv.imgo.activity, com.tencent.qqlive, com.qiyi.video,
com.hunantv.imgo.activity.inter, com.tencent.qqlivei18n, com.iqiyi.i18n,
tv.danmaku.bili]
05-13 23:42:30.835 11205 11305 D libMEOW : meow new tls: 0xee587600
05-13 23:42:30.838 11205 11305 D libMEOW : meow reload base cfg path: na
05-13 23:42:30.838 11205 11305 D libMEOW : meow reload overlay cfg path:
/data/system/mcd/glt.cfg
05-13 23:42:30.862 11205 11305 I libMEOW_gift: open /data/system/mcd/arc.ini
05-13 23:42:30.863 11205 11305 D libMEOW : applied 1 plugins for
[com.rockstargames.samp]:
05-13 23:42:30.863 11205 11305 D libMEOW : plugin 1: [libMEOW_gift.so]:
05-13 23:42:30.872 11205 11305 D libMEOW : meow delete tls: 0xee587600
05-13 23:42:30.898 11205 11205 W kstargames.samp: type=1400 audit(0.0:119393): avc:
denied { read } for name="u:object_r:vendor_displayfeature_prop:s0" dev="tmpfs"
ino=12648 scontext=u:r:untrusted_app_29:s0:c92,c257,c512,c768
tcontext=u:object_r:vendor_displayfeature_prop:s0 tclass=file permissive=0
app=com.rockstargames.samp
05-13 23:42:30.900 11205 11205 W libc : Access denied finding property
"ro.vendor.df.effect.conflict"
05-13 23:42:30.921 11205 11205 D IS_CTS_MODE: false
05-13 23:42:30.921 11205 11205 D MULTI_WINDOW_ENABLED: false
05-13 23:42:30.927 11205 11205 D DecorView[]: getWindowModeFromSystem windowmode
is 1
05-13 23:42:30.930 11205 11275 W ziparchive: Unable to open
'/data/user_de/0/com.google.android.gms/app_chimera/m/00000003/MeasurementDynamite.
dm': No such file or directory
05-13 23:42:30.930 11205 11275 W ziparchive: Unable to open
'/data/user_de/0/com.google.android.gms/app_chimera/m/00000003/MeasurementDynamite.
dm': No such file or directory
05-13 23:42:31.101 11205 11205 I MSYNC3-VariableRefreshRate: Variable refreshrate
is disabled
05-13 23:42:31.109 11205 11205 I SurfaceFactory: [static] sSurfaceFactory =
com.mediatek.view.impl.SurfaceFactoryImpl@d4fa64e
05-13 23:42:31.119 11205 11205 D VRI[SplashActivity]: hardware acceleration = true,
forceHwAccelerated = false
05-13 23:42:31.123 11205 11356 I PowerHalWrapper: PowerHalWrapper.getInstance
05-13 23:42:31.132 11205 11332 I FA : App measurement initialized, version:
85007
05-13 23:42:31.133 11205 11332 I FA : To enable debug logging run: adb shell
setprop log.tag.FA VERBOSE
05-13 23:42:31.133 11205 11332 I FA : To enable faster debug mode event
logging run:
05-13 23:42:31.133 11205 11332 I FA : adb shell setprop
debug.firebase.analytics.app com.rockstargames.samp
05-13 23:42:31.133 11205 11205 D libMEOW : meow new tls: 0xeddc6c80
05-13 23:42:31.133 11205 11205 D libMEOW : applied 1 plugins for
[com.rockstargames.samp]:
05-13 23:42:31.133 11205 11205 D libMEOW : plugin 1: [libMEOW_gift.so]:
--------- beginning of system
05-13 23:42:31.202 11205 11205 W Looper : PerfMonitor looperActivity :
package=com.rockstargames.samp/com.launcher.activity.SplashActivity time=396ms
latency=394ms procState=-1 historyMsgCount=1 (msgIndex=1 wall=397ms seq=2
late=12ms h=android.app.ActivityThread$H w=110)
05-13 23:42:31.202 11205 11205 W Looper : PerfMonitor looperActivity :
package=com.rockstargames.samp/com.launcher.activity.SplashActivity time=1ms
latency=787ms procState=-1 historyMsgCount=2 (msgIndex=1 wall=397ms seq=2
late=12ms h=android.app.ActivityThread$H w=110) (msgIndex=2 wall=396ms seq=3
late=394ms h=android.app.ActivityThread$H w=159)
05-13 23:42:31.209 11205 11332 I FA : Tag Manager is not found and thus will
not be used
05-13 23:42:31.239 11205 11205 D BufferQueueConsumer: [](id:2bc500000000,api:0,p:-
1,c:11205) connect: controlledByApp=false
05-13 23:42:31.250 11205 11205 E FBI : Can't load library: dlopen failed:
library "libmagtsync.so" not found
05-13 23:42:31.254 11205 11303 D libMEOW : meow new tls: 0xeda80740
05-13 23:42:31.254 11205 11303 D libMEOW : applied 1 plugins for
[com.rockstargames.samp]:
05-13 23:42:31.254 11205 11303 D libMEOW : plugin 1: [libMEOW_gift.so]:
05-13 23:42:31.257 11205 11205 D VRI[SplashActivity]: vri.reportNextDraw
android.view.ViewRootImpl.performTraversals:3852
android.view.ViewRootImpl.doTraversal:2587
android.view.ViewRootImpl$TraversalRunnable.run:9716
android.view.Choreographer$CallbackRecord.run:1386
android.view.Choreographer$CallbackRecord.run:1394
05-13 23:42:31.257 11205 11205 D VRI[SplashActivity]: vri.Setup new sync id=0
syncSeqId=0
05-13 23:42:31.299 11205 11303 E OpenGLRenderer: Device claims wide gamut support,
cannot find matching config, error = EGL_SUCCESS
05-13 23:42:31.299 11205 11303 W OpenGLRenderer: Failed to initialize 101010-2
format, error = EGL_SUCCESS
05-13 23:42:31.311 11205 11303 E linker : library "/system_ext/lib64/libmigl.so"
("/system_ext/lib64/libmigl.so") needed or dlopened by "/system/lib/libEGL.so" is
not accessible for the namespace: [name="(default)", ld_library_paths="",
default_library_paths="/system/lib:/system_ext/lib",
permitted_paths="/system/lib/drm:/system/lib/extractors:/system/lib/hw:/
system_ext/lib:/system/framework:/system/app:/system/priv-app:/system_ext/
framework:/system_ext/app:/system_ext/priv-app:/vendor/framework:/vendor/app:/
vendor/priv-app:/system/vendor/framework:/system/vendor/app:/system/vendor/priv-
app:/odm/framework:/odm/app:/odm/priv-app:/oem/app:/product/framework:/product/
app:/product/priv-app:/data:/mnt/expand:/apex/com.android.runtime/lib/bionic:/
system/lib/bootstrap"]
05-13 23:42:31.311 11205 11303 E libEGL : open /system_ext/lib64/libmigl.so
failed! dlopen - dlopen failed: library "/system_ext/lib64/libmigl.so" needed or
dlopened by "/system/lib/libEGL.so" is not accessible for the namespace "(default)"
05-13 23:42:31.320 11205 11303 E libEGL : pre_cache appList:
com.android.contacts,com.android.mms,com.android.settings,com.android.thememanager,
com.mi.android.globalFileexplorer,com.miui.gallery,com.miui.notes,com.miui.security
center,com.miui.videoplayer,com.miui.weather2,com.xiaomi.calendar
05-13 23:42:31.374 11205 11303 D kstargames.samp: MiuiProcessManagerServiceStub
setSchedFifo
05-13 23:42:31.374 11205 11303 I MiuiProcessManagerImpl: setSchedFifo pid:11205,
mode:3
05-13 23:42:31.382 11205 11392 E ion : ioctl c0044901 failed with code -1:
Invalid argument
05-13 23:42:31.384 11205 11303 D hw-ProcessState: Binder ioctl to enable oneway
spam detection failed: Invalid argument
05-13 23:42:31.553 11205 11303 E libEGL : pre_cache appList:
com.android.contacts,com.android.mms,com.android.settings,com.android.thememanager,
com.mi.android.globalFileexplorer,com.miui.gallery,com.miui.notes,com.miui.security
center,com.miui.videoplayer,com.miui.weather2,com.xiaomi.calendar
05-13 23:42:31.588 11205 11303 D BLASTBufferQueue: [VRI[SplashActivity]#0](f:0,a:1)
acquireNextBufferLocked size=1080x2400 mFrameNumber=1 applyTransaction=true
mTimestamp=123040937488333(auto) mPendingTransactions.size=0
graphicBufferId=48125108551680 transform=0
05-13 23:42:31.594 11205 11303 W Parcel : Expecting binder but got null!
05-13 23:42:31.594 11205 11205 W Looper : PerfMonitor doFrame : time=376ms
vsyncFrame=0 latency=95ms procState=-1 historyMsgCount=6 (msgIndex=1 wall=396ms
seq=3 late=394ms h=android.app.ActivityThread$H w=159)
05-13 23:42:31.595 11205 11205 D VRI[SplashActivity]: vri.reportDrawFinished
syncSeqId=0 android.view.ViewRootImpl.lambda$createSyncIfNeeded$4$android-view-
ViewRootImpl:3920 android.view.ViewRootImpl$$ExternalSyntheticLambda1.run:6
android.os.Handler.handleCallback:942 android.os.Handler.dispatchMessage:99
android.os.Looper.loopOnce:211
05-13 23:42:32.779 11205 11205 D CompatibilityChangeReporter: Compat change id
reported: 78294732; UID 10348; state: DISABLED
05-13 23:42:32.827 11205 11205 D DecorView[]: onWindowFocusChanged hasWindowFocus
true
05-13 23:42:32.827 11205 11205 I HandWritingStubImpl: refreshLastKeyboardType: 1
05-13 23:42:32.827 11205 11205 I HandWritingStubImpl: getCurrentKeyboardType: 1
05-13 23:42:32.835 11205 11205 I HandWritingStubImpl: getCurrentKeyboardType: 1
05-13 23:42:32.845 11205 11569 I System.out: exbdcd -> Request: Request{method=GET,
url=https://online-launcher.com/SAMPNEW_V2/urls_v2.json, headers=[User-
Agent:Mozilla/5.0 (Windows NT 10.0; Win64; x64) AppleWebKit/537.36 (KHTML, like
Gecko) Chrome/123.0.0.0 Safari/537.36], tags={class
retrofit2.Invocation=com.launcher.network.api.ConfigApiService.getConfig() []}}
05-13 23:42:32.853 11205 11569 D TrafficStats: tagSocket(150) with
statsTag=0xffffffff, statsUid=-1
05-13 23:42:33.767 11205 11569 I System.out: exbdcd <- Response (code: 200): {
05-13 23:42:33.767 11205 11569 I System.out: "URL_HOST": "https://igta-online.my-
fastdl.com/SAMPNEW/",
05-13 23:42:33.767 11205 11569 I System.out: "URL_HOST2":
"http://onlinerp.mimas.feralhosting.com/",
05-13 23:42:33.767 11205 11569 I System.out: "URL_UPDATE": "https://online-
launcher.com/SAMPNEW_V2/update_v2.json",
05-13 23:42:33.767 11205 11569 I System.out: "URL_NEWS": "https://online-
launcher.com/SAMPNEW_V2/news.json",
05-13 23:42:33.767 11205 11569 I System.out: "URL_HELP": "https://online-
launcher.com/SAMPNEW_V2/help.json",
05-13 23:42:33.767 11205 11569 I System.out: "URL_CONFIG": "https://online-
launcher.com/SAMPNEW_V2/config/samp_settings.ini",
05-13 23:42:33.767 11205 11569 I System.out: "URL_ONLINE_API": "https://api.gta-
mobile.ru/oldAPI/online_api.php",
05-13 23:42:33.767 11205 11569 I System.out: "URL_DONATE_API": "https://api.gta-
mobile.ru/oldAPI/donate_api.php",
05-13 23:42:33.767 11205 11569 I System.out: "URL_SITE": "https://gta-
mobile.ru/",
05-13 23:42:33.767 11205 11569 I System.out: "URL_VK":
"https://vk.com/online_samp",
05-13 23:42:33.767 11205 11569 I System.out: "URL_YOUTUBE":
"https://www.youtube.com/channel/UCCzB4ySWiZfRvApMU2CTfEA",
05-13 23:42:33.767 11205 11569 I System.out: "URL_INSTAGRAM":
"https://www.instagram.com/online_samp",
05-13 23:42:33.767 11205 11569 I System.out: "URL_SUPPORT":
"https://vk.me/android_client",
05-13 23:42:33.767 11205 11569 I System.out: "URL_TELEGRAM":
"https://t.me/onlinerp_channel"
05-13 23:42:33.767 11205 11569 I System.out: }
05-13 23:42:33.776 11205 11594 I System.out: exbdcd -> Request: Request{method=GET,
url=https://online-launcher.com/SAMPNEW_V2/update_v2.json, headers=[User-
Agent:Mozilla/5.0 (Windows NT 10.0; Win64; x64) AppleWebKit/537.36 (KHTML, like
Gecko) Chrome/123.0.0.0 Safari/537.36], tags={class
retrofit2.Invocation=com.launcher.network.api.UpdateApiService.getUpdate()
[https://online-launcher.com/SAMPNEW_V2/update_v2.json]}}
05-13 23:42:34.073 11205 11594 I System.out: exbdcd <- Response (code: 200): {
05-13 23:42:34.073 11205 11594 I System.out: "msgs": [
05-13 23:42:34.073 11205 11594 I System.out: {
05-13 23:42:34.073 11205 11594 I System.out: "id": 0,
05-13 23:42:34.073 11205 11594 I System.out: "min_version": 0,
05-13 23:42:34.073 11205 11594 I System.out: "max_version": 382,
05-13 23:42:34.073 11205 11594 I System.out: "title": "Уведомление",
05-13 23:42:34.073 11205 11594 I System.out: "text": "Технические работы.",
05-13 23:42:34.073 11205 11594 I System.out: "button": "Закрыть",
05-13 23:42:34.073 11205 11594 I System.out: "button_url": "quit"
05-13 23:42:34.073 11205 11594 I System.out: }
05-13 23:42:34.073 11205 11594 I System.out: ],
05-13 23:42:34.073 11205 11594 I System.out: "apk": {
05-13 23:42:34.073 11205 11594 I System.out: "version": 411,
05-13 23:42:34.073 11205 11594 I System.out: "str": "3.6.12",
05-13 23:42:34.073 11205 11594 I System.out: "path":
"apk/samp_411_050524_1414.apk",
05-13 23:42:34.073 11205 11594 I System.out: "auto_update": true,
05-13 23:42:34.073 11205 11594 I System.out: "manual_update": false,
05-13 23:42:34.073 11205 11594 I System.out: "manual_update_url": ""
05-13 23:42:34.073 11205 11594 I System.out: },
05-13 23:42:34.073 11205 11594 I System.out: "archive": {
05-13 23:42:34.073 11205 11594 I System.out: "path":
"cache/350/cache_350.7z.001",
05-13 23:42:34.073 11205 11594 I System.out: "path2":
"cache/350/cache_350.7z.002",
05-13 23:42:34.073 11205 11594 I System.out: "size": 2147483648
05-13 23:42:34.073 11205 11594 I System.out: },
05-13 23:42:34.073 11205 11594 I System.out: "cache": {
05-13 23:42:34.073 11205 11594 I System.out: "archive": [
05-13 23:42:34.073 11205 11594 I System.out: "cache/411/cache_411.7z.001",
05-13 23:42:34.073 11205 11594 I System.out: "cache/411/cache_411.7z.002",
05-13 23:42:34.073 11205 11594 I System.out: "cache/411/cache_411.7z.003"
05-13 23:42:34.073 11205 11594 I System.out: ],
05-13 23:42:34.073 11205 11594 I System.out: "size": 2147483648
05-13 23:42:34.073 11205 11594 I System.out: },
05-13 23:42:34.073 11205 11594 I System.out: "files": [
05-13 23:42:34.073 11205 11594 I System.out: {
05-13 23:42:34.073 11205 11594 I System.out: "name": ".custom",
05-13 23:42:34.074 11205 11594 I System.out: "path": "files/.custom",
05-13 23:42:34.074 11205 11594 I System.out: "size": 363382640
05-13 23:42:34.074 11205 11594 I System.out: },
05-13 23:42:34.074 11205 11594 I System.out: {
05-13 23:42:34.074 11205 11594 I System.out: "name": ".custom2",
05-13 23:42:34.074 11205 11594 I System.out: "path": "files/.custom2",
05-13 23:42:34.074 11205 11594 I System.out: "size": 289398867
05-13 23:42:34.074 11205 11594 I System.out: },
05-13 23:42:34.074 11205 11594 I System.out: {
05-13 23:42:34.074 11205 11594 I System.out: "name": ".data",
05-13 23:42:34.074 11205 11594 I System.out: "path": "files/.data",
05-13 23:42:34.074 11205 11594 I System.out: "size": 34650498
05-13 23:42:34.074 11205 11594 I System.out: },
05-13 23:42:34.074 11205 11594 I System.out: {
05-13 23:42:34.074 11205 11594 I System.out: "name": ".mods",
05-13 23:42:34.074 11205 11594 I System.out: "path": "files/.mods",
05-13 23:42:34.074 11205 11594 I System.out: "size": 464102353
05-13 23:42:34.074 11205 11594 I System.out: },
05-13 23:42:34.074 11205 11594 I System.out: {
05-13 23:42:34.074 11205 11594 I System.out: "name": ".mods2",
05-13 23:42:34.074 11205 11594 I System.out: "path": "files/.mods2",
05-13 23:42:34.074 11205 11594 I System.out: "size": 416232282
05-13 23:42:34.074 11205 11594 I System.out: },
05-13 23:42:34.074 11205 11594 I System.out: {
05-13 23:42:34.074 11205 11594 I System.out: "name": ".nomedia",
05-13 23:42:34.074 11205 11594 I System.out: "path": "files/.nomedia",
05-13 23:42:34.074 11205 11594 I System.out: "size": 0
05-13 23:42:34.074 11205 11594 I System.out: },
05-13 23:42:34.074 11205 11594 I System.out: {
05-13 23:42:34.074 11205 11594 I System.out: "name": ".samp",
05-13 23:42:34.074 11205 11594 I System.out: "path": "files/.samp",
05-13 23:42:34.074 11205 11594 I System.out: "size": 158693526
05-13 23:42:34.074 11205 11594 I System.out: },
05-13 23:42:34.074 11205 11594 I System.out: {
05-13 23:42:34.074 11205 11594 I System.out: "name": ".texs",
05-13 23:42:34.074 11205 11594 I System.out: "path": "files/.texs",
05-13 23:42:34.074 11205 11594 I System.out: "size": 249568432
05-13 23:42:34.074 11205 11594 I System.out: },
05-13 23:42:34.074 11205 11594 I System.out: {
05-13 23:42:34.074 11205 11594 I System.out: "name": "gta_sa.set",
05-13 23:42:34.074 11205 11594 I System.out: "path": "files/gta_sa.set",
05-13 23:42:34.074 11205 11594 I System.out: "size": 0
05-13 23:42:34.074 11205 11594 I System.out: },
05-13 23:42:34.074 11205 11594 I System.out: {
05-13 23:42:34.074 11205 11594 I System.out: "name": "scache_small.txt",
05-13 23:42:34.074 11205 11594 I System.out: "path":
"files/scache_small.txt",
05-13 23:42:34.074 11205 11594 I System.out: "size": 0
05-13 23:42:34.074 11205 11594 I System.out: },
05-13 23:42:34.074 11205 11594 I System.out: {
05-13 23:42:34.074 11205 11594 I System.out: "name": "scache_small_low.txt",
05-13 23:42:34.074 11205 11594 I System.out: "path":
"files/scache_small_low.txt",
05-13 23:42:34.074 11205 11594 I System.out: "size": 0
05-13 23:42:34.074 11205 11594 I System.out: },
05-13 23:42:34.074 11205 11594 I System.out: {
05-13 23:42:34.074 11205 11594 I System.out: "name": "stream.ini",
05-13 23:42:34.074 11205 11594 I System.out: "path": "files/stream.ini",
05-13 23:42:34.074 11205 11594 I System.out: "size": 0
05-13 23:42:34.074 11205 11594 I System.out: },
05-13 23:42:34.074 11205 11594 I System.out: {
05-13 23:42:34.074 11205 11594 I System.out: "name": "version.txt",
05-13 23:42:34.074 11205 11594 I System.out: "path": "files/version.txt",
05-13 23:42:34.074 11205 11594 I System.out: "size": 0
05-13 23:42:34.074 11205 11594 I System.out: },
05-13 23:42:34.074 11205 11594 I System.out: {
05-13 23:42:34.074 11205 11594 I System.out: "name": "anim.img",
05-13 23:42:34.074 11205 11594 I System.out: "path": "files/anim/anim.img",
05-13 23:42:34.074 11205 11594 I System.out: "size": 0
05-13 23:42:34.074 11205 11594 I System.out: },
05-13 23:42:34.074 11205 11594 I System.out: {
05-13 23:42:34.074 11205 11594 I System.out: "name": "cuts.img",
05-13 23:42:34.074 11205 11594 I System.out: "path": "files/anim/cuts.img",
05-13 23:42:34.074 11205 11594 I System.out: "size": 0
05-13 23:42:34.074 11205 11594 I System.out: },
05-13 23:42:34.074 11205 11594 I System.out: {
05-13 23:42:34.074 11205 11594 I System.out: "name":
"360Default1280x720.cfg",
05-13 23:42:34.074 11205 11594 I System.out: "path":
"files/data/360Default1280x720.cfg",
05-13 23:42:34.074 11205 11594 I System.out: "size": 0
05-13 23:42:34.074 11205 11594 I System.out: },
05-13 23:42:34.074 11205 11594 I System.out: {
05-13 23:42:34.074 11205 11594 I System.out: "name": "360Default960x720.cfg",
05-13 23:42:34.074 11205 11594 I System.out: "path":
"files/data/360Default960x720.cfg",
05-13 23:42:34.074 11205 11594 I System.out: "size": 0
05-13 23:42:34.074 11205 11594 I System.out: },
05-13 23:42:34.074 11205 11594 I System.out: {
05-13 23:42:34.074 11205 11594 I System.out: "name": "animgrp.dat",
05-13 23:42:34.074 11205 11594 I System.out: "path":
"files/data/animgrp.dat",
05-13 23:42:34.074 11205 11594 I System.out: "size": 0
05-13 23:42:34.074 11205 11594 I System.out: },
05-13 23:42:34.074 11205 11594 I System.out: {
05-13 23:42:34.074 11205 11594 I System.out: "name": "ar_stats.dat",
05-13 23:42:34.074 11205 11594 I System.out: "path":
"files/data/ar_stats.dat",
05-13 23:42:34.074 11205 11594 I System.out: "size": 0
05-13 23:42:34.074 11205 11594 I System.out: },
05-13 23:42:34.074 11205 11594 I System.out: {
05-13 23:42:34.074 11205 11594 I System.out: "name": "carcols.dat",
05-13 23:42:34.074 11205 11594 I System.out: "path":
"files/data/carcols.dat",
05-13 23:42:34.074 11205 11594 I System.out: "size": 0
05-13 23:42:34.074 11205 11594 I System.out: },
05-13 23:42:34.074 11205 11594 I System.out: {
05-13 23:42:34.074 11205 11594 I System.out: "name": "cargrp.dat",
05-13 23:42:34.074 11205 11594 I System.out: "path": "files/data/cargrp.dat",
05-13 23:42:34.074 11205 11594 I System.out: "size": 0
05-13 23:42:34.074 11205 11594 I System.out: },
05-13 23:42:34.074 11205 11594 I System.out: {
05-13 23:42:34.074 11205 11594 I System.out: "name": "carmods.dat",
05-13 23:42:34.074 11205 11594 I System.out: "path":
"files/data/carmods.dat",
05-13 23:42:34.074 11205 11594 I System.out: "size": 0
05-13 23:42:34.074 11205 11594 I System.out: },
05-13 23:42:34.074 11205 11594 I System.out: {
05-13 23:42:34.074 11205 11594 I System.out: "name": "clothes.dat",
05-13 23:42:34.074 11205 11594 I System.out: "path":
"files/data/clothes.dat",
05-13 23:42:34.074 11205 11594 I System.out: "size": 0
05-13 23:42:34.074 11205 11594 I System.out: },
05-13 23:42:34.074 11205 11594 I System.out: {
05-13 23:42:34.074 11205 11594 I System.out: "name": "colorcycle.dat",
05-13 23:42:34.074 11205 11594 I System.out: "path":
"files/data/colorcycle.dat",
05-13 23:42:34.074 11205 11594 I System.out: "size": 0
05-13 23:42:34.074 11205 11594 I System.out: },
05-13 23:42:34.074 11205 11594 I System.out: {
05-13 23:42:34.074 11205 11594 I System.out: "name": "default.dat",
05-13 23:42:34.074 11205 11594 I System.out: "path":
"files/data/default.dat",
05-13 23:42:34.074 11205 11594 I System.out: "size": 0
05-13 23:42:34.074 11205 11594 I System.out: },
05-13 23:42:34.074 11205 11594 I System.out: {
05-13 23:42:34.074 11205 11594 I System.out: "name": "default.ide",
05-13 23:42:34.074 11205 11594 I System.out: "path":
"files/data/default.ide",
05-13 23:42:34.074 11205 11594 I System.out: "size": 0
05-13 23:42:34.074 11205 11594 I System.out: },
05-13 23:42:34.074 11205 11594 I System.out: {
05-13 23:42:34.074 11205 11594 I System.out: "name": "fonts.dat",
05-13 23:42:34.074 11205 11594 I System.out: "path": "files/data/fonts.dat",
05-13 23:42:34.074 11205 11594 I System.out: "size": 0
05-13 23:42:34.074 11205 11594 I System.out: },
05-13 23:42:34.074 11205 11594 I System.out: {
05-13 23:42:34.074 11205 11594 I System.out: "name": "furnitur.dat",
05-13 23:42:34.075 11205 11594 I System.out: "path":
"files/data/furnitur.dat",
05-13 23:42:34.075 11205 11594 I System.out: "size": 0
05-13 23:42:34.075 11205 11594 I System.out: },
05-13 23:42:34.075 11205 11594 I System.out: {
05-13 23:42:34.075 11205 11594 I System.out: "name": "gridref.dat",
05-13 23:42:34.075 11205 11594 I System.out: "path":
"files/data/gridref.dat",
05-13 23:42:34.075 11205 11594 I System.out: "size": 0
05-13 23:42:34.075 11205 11594 I System.out: },
05-13 23:42:34.075 11205 11594 I System.out: {
05-13 23:42:34.075 11205 11594 I System.out: "name": "handling.cfg",
05-13 23:42:34.075 11205 11594 I System.out: "path":
"files/data/handling.cfg",
05-13 23:42:34.075 11205 11594 I System.out: "size": 0
05-13 23:42:34.075 11205 11594 I System.out: },
05-13 23:42:34.075 11205 11594 I System.out: {
05-13 23:42:34.075 11205 11594 I System.out: "name": "info.zon",
05-13 23:42:34.075 11205 11594 I System.out: "path": "files/data/info.zon",
05-13 23:42:34.075 11205 11594 I System.out: "size": 0
05-13 23:42:34.075 11205 11594 I System.out: },
05-13 23:42:34.075 11205 11594 I System.out: {
05-13 23:42:34.075 11205 11594 I System.out: "name": "map.zon",
05-13 23:42:34.075 11205 11594 I System.out: "path": "files/data/map.zon",
05-13 23:42:34.075 11205 11594 I System.out: "size": 0
05-13 23:42:34.075 11205 11594 I System.out: },
05-13 23:42:34.075 11205 11594 I System.out: {
05-13 23:42:34.075 11205 11594 I System.out: "name": "melee.dat",
05-13 23:42:34.075 11205 11594 I System.out: "path": "files/data/melee.dat",
05-13 23:42:34.075 11205 11594 I System.out: "size": 0
05-13 23:42:34.075 11205 11594 I System.out: },
05-13 23:42:34.075 11205 11594 I System.out: {
05-13 23:42:34.075 11205 11594 I System.out: "name": "object.dat",
05-13 23:42:34.075 11205 11594 I System.out: "path": "files/data/object.dat",
05-13 23:42:34.075 11205 11594 I System.out: "size": 0
05-13 23:42:34.075 11205 11594 I System.out: },
05-13 23:42:34.075 11205 11594 I System.out: {
05-13 23:42:34.075 11205 11594 I System.out: "name": "ped.dat",
05-13 23:42:34.075 11205 11594 I System.out: "path": "files/data/ped.dat",
05-13 23:42:34.075 11205 11594 I System.out: "size": 0
05-13 23:42:34.075 11205 11594 I System.out: },
05-13 23:42:34.075 11205 11594 I System.out: {
05-13 23:42:34.075 11205 11594 I System.out: "name": "pedgrp.dat",
05-13 23:42:34.075 11205 11594 I System.out: "path": "files/data/pedgrp.dat",
05-13 23:42:34.075 11205 11594 I System.out: "size": 0
05-13 23:42:34.075 11205 11594 I System.out: },
05-13 23:42:34.075 11205 11594 I System.out: {
05-13 23:42:34.075 11205 11594 I System.out: "name": "peds.ide",
05-13 23:42:34.075 11205 11594 I System.out: "path": "files/data/peds.ide",
05-13 23:42:34.075 11205 11594 I System.out: "size": 0
05-13 23:42:34.075 11205 11594 I System.out: },
05-13 23:42:34.075 11205 11594 I System.out: {
05-13 23:42:34.075 11205 11594 I System.out: "name": "pedstats.dat",
05-13 23:42:34.075 11205 11594 I System.out: "path":
"files/data/pedstats.dat",
05-13 23:42:34.075 11205 11594 I System.out: "size": 0
05-13 23:42:34.075 11205 11594 I System.out: },
05-13 23:42:34.075 11205 11594 I System.out: {
05-13 23:42:34.075 11205 11594 I System.out: "name": "plants.dat",
05-13 23:42:34.075 11205 11594 I System.out: "path": "files/data/plants.dat",
05-13 23:42:34.075 11205 11594 I System.out: "size": 0
05-13 23:42:34.075 11205 11594 I System.out: },
05-13 23:42:34.075 11205 11594 I System.out: {
05-13 23:42:34.075 11205 11594 I System.out: "name": "popcycle.dat",
05-13 23:42:34.075 11205 11594 I System.out: "path":
"files/data/popcycle.dat",
05-13 23:42:34.075 11205 11594 I System.out: "size": 0
05-13 23:42:34.075 11205 11594 I System.out: },
05-13 23:42:34.075 11205 11594 I System.out: {
05-13 23:42:34.075 11205 11594 I System.out: "name": "procobj.dat",
05-13 23:42:34.075 11205 11594 I System.out: "path":
"files/data/procobj.dat",
05-13 23:42:34.075 11205 11594 I System.out: "size": 0
05-13 23:42:34.075 11205 11594 I System.out: },
05-13 23:42:34.075 11205 11594 I System.out: {
05-13 23:42:34.075 11205 11594 I System.out: "name": "shopping.dat",
05-13 23:42:34.075 11205 11594 I System.out: "path":
"files/data/shopping.dat",
05-13 23:42:34.075 11205 11594 I System.out: "size": 0
05-13 23:42:34.075 11205 11594 I System.out: },
05-13 23:42:34.075 11205 11594 I System.out: {
05-13 23:42:34.075 11205 11594 I System.out: "name": "ShopUVs.dat",
05-13 23:42:34.075 11205 11594 I System.out: "path":
"files/data/ShopUVs.dat",
05-13 23:42:34.075 11205 11594 I System.out: "size": 0
05-13 23:42:34.075 11205 11594 I System.out: },
05-13 23:42:34.075 11205 11594 I System.out: {
05-13 23:42:34.075 11205 11594 I System.out: "name": "statdisp.dat",
05-13 23:42:34.075 11205 11594 I System.out: "path":
"files/data/statdisp.dat",
05-13 23:42:34.075 11205 11594 I System.out: "size": 0
05-13 23:42:34.075 11205 11594 I System.out: },
05-13 23:42:34.075 11205 11594 I System.out: {
05-13 23:42:34.075 11205 11594 I System.out: "name": "surface.dat",
05-13 23:42:34.075 11205 11594 I System.out: "path":
"files/data/surface.dat",
05-13 23:42:34.075 11205 11594 I System.out: "size": 0
05-13 23:42:34.075 11205 11594 I System.out: },
05-13 23:42:34.075 11205 11594 I System.out: {
05-13 23:42:34.075 11205 11594 I System.out: "name": "surfaud.dat",
05-13 23:42:34.075 11205 11594 I System.out: "path":
"files/data/surfaud.dat",
05-13 23:42:34.075 11205 11594 I System.out: "size": 0
05-13 23:42:34.075 11205 11594 I System.out: },
05-13 23:42:34.075 11205 11594 I System.out: {
05-13 23:42:34.075 11205 11594 I System.out: "name": "surfinfo.dat",
05-13 23:42:34.075 11205 11594 I System.out: "path":
"files/data/surfinfo.dat",
05-13 23:42:34.075 11205 11594 I System.out: "size": 0
05-13 23:42:34.075 11205 11594 I System.out: },
05-13 23:42:34.075 11205 11594 I System.out: {
05-13 23:42:34.075 11205 11594 I System.out: "name": "timecyc.dat",
05-13 23:42:34.075 11205 11594 I System.out: "path":
"files/data/timecyc.dat",
05-13 23:42:34.075 11205 11594 I System.out: "size": 0
05-13 23:42:34.075 11205 11594 I System.out: },
05-13 23:42:34.075 11205 11594 I System.out: {
05-13 23:42:34.075 11205 11594 I System.out: "name":
"TouchDefaultPhone3x2.cfg",
05-13 23:42:34.075 11205 11594 I System.out: "path":
"files/data/TouchDefaultPhone3x2.cfg",
05-13 23:42:34.075 11205 11594 I System.out: "size": 0
05-13 23:42:34.075 11205 11594 I System.out: },
05-13 23:42:34.075 11205 11594 I System.out: {
05-13 23:42:34.075 11205 11594 I System.out: "name":
"TouchDefaultPhoneWidescreen.cfg",
05-13 23:42:34.075 11205 11594 I System.out: "path":
"files/data/TouchDefaultPhoneWidescreen.cfg",
05-13 23:42:34.075 11205 11594 I System.out: "size": 0
05-13 23:42:34.075 11205 11594 I System.out: },
05-13 23:42:34.075 11205 11594 I System.out: {
05-13 23:42:34.076 11205 11594 I System.out: "name":
"TouchDefaultTablet4x3.cfg",
05-13 23:42:34.076 11205 11594 I System.out: "path":
"files/data/TouchDefaultTablet4x3.cfg",
05-13 23:42:34.076 11205 11594 I System.out: "size": 0
05-13 23:42:34.076 11205 11594 I System.out: },
05-13 23:42:34.076 11205 11594 I System.out: {
05-13 23:42:34.076 11205 11594 I System.out: "name":
"TouchDefaultTabletWidescreen.cfg",
05-13 23:42:34.076 11205 11594 I System.out: "path":
"files/data/TouchDefaultTabletWidescreen.cfg",
05-13 23:42:34.076 11205 11594 I System.out: "size": 0
05-13 23:42:34.076 11205 11594 I System.out: },
05-13 23:42:34.076 11205 11594 I System.out: {
05-13 23:42:34.076 11205 11594 I System.out: "name": "txdcut.ide",
05-13 23:42:34.076 11205 11594 I System.out: "path": "files/data/txdcut.ide",
05-13 23:42:34.076 11205 11594 I System.out: "size": 0
05-13 23:42:34.076 11205 11594 I System.out: },
05-13 23:42:34.076 11205 11594 I System.out: {
05-13 23:42:34.076 11205 11594 I System.out: "name": "vehicles.ide",
05-13 23:42:34.076 11205 11594 I System.out: "path":
"files/data/vehicles.ide",
05-13 23:42:34.076 11205 11594 I System.out: "size": 0
05-13 23:42:34.076 11205 11594 I System.out: },
05-13 23:42:34.076 11205 11594 I System.out: {
05-13 23:42:34.076 11205 11594 I System.out: "name": "water.dat",
05-13 23:42:34.076 11205 11594 I System.out: "path": "files/data/water.dat",
05-13 23:42:34.076 11205 11594 I System.out: "size": 0
05-13 23:42:34.076 11205 11594 I System.out: },
05-13 23:42:34.076 11205 11594 I System.out: {
05-13 23:42:34.076 11205 11594 I System.out: "name": "water1.dat",
05-13 23:42:34.076 11205 11594 I System.out: "path": "files/data/water1.dat",
05-13 23:42:34.076 11205 11594 I System.out: "size": 0
05-13 23:42:34.076 11205 11594 I System.out: },
05-13 23:42:34.076 11205 11594 I System.out: {
05-13 23:42:34.076 11205 11594 I System.out: "name": "weapon.dat",
05-13 23:42:34.076 11205 11594 I System.out: "path": "files/data/weapon.dat",
05-13 23:42:34.076 11205 11594 I System.out: "size": 0
05-13 23:42:34.076 11205 11594 I System.out: },
05-13 23:42:34.076 11205 11594 I System.out: {
05-13 23:42:34.076 11205 11594 I System.out: "name": "effects.fxp",
05-13 23:42:34.076 11205 11594 I System.out: "path":
"files/models/effects.fxp",
05-13 23:42:34.076 11205 11594 I System.out: "size": 0
05-13 23:42:34.076 11205 11594 I System.out: },
05-13 23:42:34.076 11205 11594 I System.out: {
05-13 23:42:34.076 11205 11594 I System.out: "name": "gta3.img",
05-13 23:42:34.076 11205 11594 I System.out: "path": "files/texdb/gta3.img",
05-13 23:42:34.076 11205 11594 I System.out: "size": 0
05-13 23:42:34.076 11205 11594 I System.out: },
05-13 23:42:34.076 11205 11594 I System.out: {
05-13 23:42:34.076 11205 11594 I System.out: "name": "gta_int.img",
05-13 23:42:34.076 11205 11594 I System.out: "path":
"files/texdb/gta_int.img",
05-13 23:42:34.076 11205 11594 I System.out: "size": 0
05-13 23:42:34.076 11205 11594 I System.out: },
05-13 23:42:34.076 11205 11594 I System.out: {
05-13 23:42:34.076 11205 11594 I System.out: "name": "player.img",
05-13 23:42:34.076 11205 11594 I System.out: "path":
"files/texdb/player.img",
05-13 23:42:34.076 11205 11594 I System.out: "size": 0
05-13 23:42:34.076 11205 11594 I System.out: },
05-13 23:42:34.076 11205 11594 I System.out: {
05-13 23:42:34.076 11205 11594 I System.out: "name": "american.gxt",
05-13 23:42:34.076 11205 11594 I System.out: "path":
"files/Text/american.gxt",
05-13 23:42:34.076 11205 11594 I System.out: "size": 0
05-13 23:42:34.076 11205 11594 I System.out: },
05-13 23:42:34.076 11205 11594 I System.out: {
05-13 23:42:34.076 11205 11594 I System.out: "name": "french.gxt",
05-13 23:42:34.076 11205 11594 I System.out: "path": "files/Text/french.gxt",
05-13 23:42:34.076 11205 11594 I System.out: "size": 0
05-13 23:42:34.076 11205 11594 I System.out: },
05-13 23:42:34.076 11205 11594 I System.out: {
05-13 23:42:34.076 11205 11594 I System.out: "name": "german.gxt",
05-13 23:42:34.076 11205 11594 I System.out: "path": "files/Text/german.gxt",
05-13 23:42:34.076 11205 11594 I System.out: "size": 0
05-13 23:42:34.076 11205 11594 I System.out: },
05-13 23:42:34.076 11205 11594 I System.out: {
05-13 23:42:34.076 11205 11594 I System.out: "name": "italian.gxt",
05-13 23:42:34.076 11205 11594 I System.out: "path":
"files/Text/italian.gxt",
05-13 23:42:34.076 11205 11594 I System.out: "size": 0
05-13 23:42:34.076 11205 11594 I System.out: },
05-13 23:42:34.076 11205 11594 I System.out: {
05-13 23:42:34.076 11205 11594 I System.out: "name": "japanese.gxt",
05-13 23:42:34.076 11205 11594 I System.out: "path":
"files/Text/japanese.gxt",
05-13 23:42:34.076 11205 11594 I System.out: "size": 0
05-13 23:42:34.076 11205 11594 I System.out: },
05-13 23:42:34.076 11205 11594 I System.out: {
05-13 23:42:34.076 11205 11594 I System.out: "name": "russian.gxt",
05-13 23:42:34.076 11205 11594 I System.out: "path":
"files/Text/russian.gxt",
05-13 23:42:34.076 11205 11594 I System.out: "size": 0
05-13 23:42:34.076 11205 11594 I System.out: },
05-13 23:42:34.076 11205 11594 I System.out: {
05-13 23:42:34.076 11205 11594 I System.out: "name": "spanish.gxt",
05-13 23:42:34.076 11205 11594 I System.out: "path":
"files/Text/spanish.gxt",
05-13 23:42:34.076 11205 11594 I System.out: "size": 0
05-13 23:42:34.076 11205 11594 I System.out: },
05-13 23:42:34.076 11205 11594 I System.out: {
05-13 23:42:34.076 11205 11594 I System.out: "name": "AudioEventHistory.txt",
05-13 23:42:34.076 11205 11594 I System.out: "path":
"files/audio/CONFIG/AudioEventHistory.txt",
05-13 23:42:34.076 11205 11594 I System.out: "size": 0
05-13 23:42:34.076 11205 11594 I System.out: },
05-13 23:42:34.076 11205 11594 I System.out: {
05-13 23:42:34.076 11205 11594 I System.out: "name": "BankLkup.dat",
05-13 23:42:34.076 11205 11594 I System.out: "path":
"files/audio/CONFIG/BankLkup.dat",
05-13 23:42:34.076 11205 11594 I System.out: "size": 0
05-13 23:42:34.076 11205 11594 I System.out: },
05-13 23:42:34.076 11205 11594 I System.out: {
05-13 23:42:34.076 11205 11594 I System.out: "name": "BankSlot.dat",
05-13 23:42:34.076 11205 11594 I System.out: "path":
"files/audio/CONFIG/BankSlot.dat",
05-13 23:42:34.076 11205 11594 I System.out: "size": 0
05-13 23:42:34.076 11205 11594 I System.out: },
05-13 23:42:34.076 11205 11594 I System.out: {
05-13 23:42:34.076 11205 11594 I System.out: "name": "EventVol.dat",
05-13 23:42:34.076 11205 11594 I System.out: "path":
"files/audio/CONFIG/EventVol.dat",
05-13 23:42:34.076 11205 11594 I System.out: "size": 0
05-13 23:42:34.076 11205 11594 I System.out: },
05-13 23:42:34.076 11205 11594 I System.out: {
05-13 23:42:34.076 11205 11594 I System.out: "name": "PakFiles.dat",
05-13 23:42:34.076 11205 11594 I System.out: "path":
"files/audio/CONFIG/PakFiles.dat",
05-13 23:42:34.076 11205 11594 I System.out: "size": 0
05-13 23:42:34.076 11205 11594 I System.out: },
05-13 23:42:34.076 11205 11594 I System.out: {
05-13 23:42:34.076 11205 11594 I System.out: "name": "SOUNDINF.DAT",
05-13 23:42:34.076 11205 11594 I System.out: "path":
"files/audio/CONFIG/SOUNDINF.DAT",
05-13 23:42:34.076 11205 11594 I System.out: "size": 0
05-13 23:42:34.076 11205 11594 I System.out: },
05-13 23:42:34.077 11205 11594 I System.out: {
05-13 23:42:34.077 11205 11594 I System.out: "name": "StrmPaks.dat",
05-13 23:42:34.077 11205 11594 I System.out: "path":
"files/audio/CONFIG/StrmPaks.dat",
05-13 23:42:34.077 11205 11594 I System.out: "size": 0
05-13 23:42:34.077 11205 11594 I System.out: },
05-13 23:42:34.077 11205 11594 I System.out: {
05-13 23:42:34.077 11205 11594 I System.out: "name": "TrakLkup.dat",
05-13 23:42:34.077 11205 11594 I System.out: "path":
"files/audio/CONFIG/TrakLkup.dat",
05-13 23:42:34.077 11205 11594 I System.out: "size": 0
05-13 23:42:34.077 11205 11594 I System.out: },
05-13 23:42:34.077 11205 11594 I System.out: {
05-13 23:42:34.077 11205 11594 I System.out: "name": "TRKHEAD.DAT",
05-13 23:42:34.077 11205 11594 I System.out: "path":
"files/audio/CONFIG/TRKHEAD.DAT",
05-13 23:42:34.077 11205 11594 I System.out: "size": 0
05-13 23:42:34.077 11205 11594 I System.out: },
05-13 23:42:34.077 11205 11594 I System.out: {
05-13 23:42:34.077 11205 11594 I System.out: "name": "FEET.osw",
05-13 23:42:34.077 11205 11594 I System.out: "path":
"files/audio/SFX/FEET.osw",
05-13 23:42:34.077 11205 11594 I System.out: "size": 0
05-13 23:42:34.077 11205 11594 I System.out: },
05-13 23:42:34.077 11205 11594 I System.out: {
05-13 23:42:34.077 11205 11594 I System.out: "name": "FEET.osw.idx",
05-13 23:42:34.077 11205 11594 I System.out: "path":
"files/audio/SFX/FEET.osw.idx",
05-13 23:42:34.077 11205 11594 I System.out: "size": 0
05-13 23:42:34.077 11205 11594 I System.out: },
05-13 23:42:34.077 11205 11594 I System.out: {
05-13 23:42:34.077 11205 11594 I System.out: "name": "GENRL.osw",
05-13 23:42:34.077 11205 11594 I System.out: "path":
"files/audio/SFX/GENRL.osw",
05-13 23:42:34.077 11205 11594 I System.out: "size": 0
05-13 23:42:34.077 11205 11594 I System.out: },
05-13 23:42:34.077 11205 11594 I System.out: {
05-13 23:42:34.077 11205 11594 I System.out: "name": "GENRL.osw.idx",
05-13 23:42:34.077 11205 11594 I System.out: "path":
"files/audio/SFX/GENRL.osw.idx",
05-13 23:42:34.077 11205 11594 I System.out: "size": 0
05-13 23:42:34.077 11205 11594 I System.out: },
05-13 23:42:34.077 11205 11594 I System.out: {
05-13 23:42:34.077 11205 11594 I System.out: "name": "PAIN_A.osw",
05-13 23:42:34.077 11205 11594 I System.out: "path":
"files/audio/SFX/PAIN_A.osw",
05-13 23:42:34.077 11205 11594 I System.out: "size": 0
05-13 23:42:34.077 11205 11594 I System.out: },
05-13 23:42:34.077 11205 11594 I System.out: {
05-13 23:42:34.077 11205 11594 I System.out: "name": "PAIN_A.osw.idx",
05-13 23:42:34.077 11205 11594 I System.out: "path":
"files/audio/SFX/PAIN_A.osw.idx",
05-13 23:42:34.077 11205 11594 I System.out: "size": 0
05-13 23:42:34.077 11205 11594 I System.out: },
05-13 23:42:34.077 11205 11594 I System.out: {
05-13 23:42:34.077 11205 11594 I System.out: "name": "AA.osw",
05-13 23:42:34.077 11205 11594 I System.out: "path":
"files/audio/STREAMS/AA.osw",
05-13 23:42:34.077 11205 11594 I System.out: "size": 0
05-13 23:42:34.077 11205 11594 I System.out: },
05-13 23:42:34.077 11205 11594 I System.out: {
05-13 23:42:34.077 11205 11594 I System.out: "name": "AA.osw.idx",
05-13 23:42:34.077 11205 11594 I System.out: "path":
"files/audio/STREAMS/AA.osw.idx",
05-13 23:42:34.077 11205 11594 I System.out: "size": 0
05-13 23:42:34.077 11205 11594 I System.out: },
05-13 23:42:34.077 11205 11594 I System.out: {
05-13 23:42:34.077 11205 11594 I System.out: "name": "ADVERTS.osw",
05-13 23:42:34.077 11205 11594 I System.out: "path":
"files/audio/STREAMS/ADVERTS.osw",
05-13 23:42:34.077 11205 11594 I System.out: "size": 0
05-13 23:42:34.077 11205 11594 I System.out: },
05-13 23:42:34.077 11205 11594 I System.out: {
05-13 23:42:34.077 11205 11594 I System.out: "name": "ADVERTS.osw.idx",
05-13 23:42:34.077 11205 11594 I System.out: "path":
"files/audio/STREAMS/ADVERTS.osw.idx",
05-13 23:42:34.077 11205 11594 I System.out: "size": 0
05-13 23:42:34.077 11205 11594 I System.out: },
05-13 23:42:34.077 11205 11594 I System.out: {
05-13 23:42:34.077 11205 11594 I System.out: "name": "AMBIENCE.osw",
05-13 23:42:34.077 11205 11594 I System.out: "path":
"files/audio/STREAMS/AMBIENCE.osw",
05-13 23:42:34.077 11205 11594 I System.out: "size": 0
05-13 23:42:34.077 11205 11594 I System.out: },
05-13 23:42:34.077 11205 11594 I System.out: {
05-13 23:42:34.077 11205 11594 I System.out: "name": "AMBIENCE.osw.idx",
05-13 23:42:34.077 11205 11594 I System.out: "path":
"files/audio/STREAMS/AMBIENCE.osw.idx",
05-13 23:42:34.077 11205 11594 I System.out: "size": 0
05-13 23:42:34.077 11205 11594 I System.out: },
05-13 23:42:34.077 11205 11594 I System.out: {
05-13 23:42:34.077 11205 11594 I System.out: "name": "BEATS.osw",
05-13 23:42:34.077 11205 11594 I System.out: "path":
"files/audio/STREAMS/BEATS.osw",
05-13 23:42:34.077 11205 11594 I System.out: "size": 0
05-13 23:42:34.077 11205 11594 I System.out: },
05-13 23:42:34.077 11205 11594 I System.out: {
05-13 23:42:34.077 11205 11594 I System.out: "name": "BEATS.osw.idx",
05-13 23:42:34.077 11205 11594 I System.out: "path":
"files/audio/STREAMS/BEATS.osw.idx",
05-13 23:42:34.077 11205 11594 I System.out: "size": 0
05-13 23:42:34.077 11205 11594 I System.out: },
05-13 23:42:34.077 11205 11594 I System.out: {
05-13 23:42:34.077 11205 11594 I System.out: "name": "CH.osw",
05-13 23:42:34.077 11205 11594 I System.out: "path":
"files/audio/STREAMS/CH.osw",
05-13 23:42:34.077 11205 11594 I System.out: "size": 0
05-13 23:42:34.077 11205 11594 I System.out: },
05-13 23:42:34.077 11205 11594 I System.out: {
05-13 23:42:34.077 11205 11594 I System.out: "name": "CH.osw.idx",
05-13 23:42:34.077 11205 11594 I System.out: "path":
"files/audio/STREAMS/CH.osw.idx",
05-13 23:42:34.077 11205 11594 I System.out: "size": 0
05-13 23:42:34.077 11205 11594 I System.out: },
05-13 23:42:34.077 11205 11594 I System.out: {
05-13 23:42:34.077 11205 11594 I System.out: "name": "CO.osw",
05-13 23:42:34.077 11205 11594 I System.out: "path":
"files/audio/STREAMS/CO.osw",
05-13 23:42:34.077 11205 11594 I System.out: "size": 0
05-13 23:42:34.077 11205 11594 I System.out: },
05-13 23:42:34.077 11205 11594 I System.out: {
05-13 23:42:34.077 11205 11594 I System.out: "name": "CO.osw.idx",
05-13 23:42:34.077 11205 11594 I System.out: "path":
"files/audio/STREAMS/CO.osw.idx",
05-13 23:42:34.077 11205 11594 I System.out: "size": 0
05-13 23:42:34.077 11205 11594 I System.out: },
05-13 23:42:34.077 11205 11594 I System.out: {
05-13 23:42:34.077 11205 11594 I System.out: "name": "CR.osw",
05-13 23:42:34.077 11205 11594 I System.out: "path":
"files/audio/STREAMS/CR.osw",
05-13 23:42:34.077 11205 11594 I System.out: "size": 0
05-13 23:42:34.077 11205 11594 I System.out: },
05-13 23:42:34.077 11205 11594 I System.out: {
05-13 23:42:34.077 11205 11594 I System.out: "name": "CR.osw.idx",
05-13 23:42:34.077 11205 11594 I System.out: "path":
"files/audio/STREAMS/CR.osw.idx",
05-13 23:42:34.077 11205 11594 I System.out: "size": 0
05-13 23:42:34.077 11205 11594 I System.out: },
05-13 23:42:34.077 11205 11594 I System.out: {
05-13 23:42:34.078 11205 11594 I System.out: "name": "CUTSCENE.osw",
05-13 23:42:34.078 11205 11594 I System.out: "path":
"files/audio/STREAMS/CUTSCENE.osw",
05-13 23:42:34.078 11205 11594 I System.out: "size": 0
05-13 23:42:34.078 11205 11594 I System.out: },
05-13 23:42:34.078 11205 11594 I System.out: {
05-13 23:42:34.078 11205 11594 I System.out: "name": "CUTSCENE.osw.idx",
05-13 23:42:34.078 11205 11594 I System.out: "path":
"files/audio/STREAMS/CUTSCENE.osw.idx",
05-13 23:42:34.078 11205 11594 I System.out: "size": 0
05-13 23:42:34.078 11205 11594 I System.out: },
05-13 23:42:34.078 11205 11594 I System.out: {
05-13 23:42:34.078 11205 11594 I System.out: "name": "DS.osw",
05-13 23:42:34.078 11205 11594 I System.out: "path":
"files/audio/STREAMS/DS.osw",
05-13 23:42:34.078 11205 11594 I System.out: "size": 0
05-13 23:42:34.078 11205 11594 I System.out: },
05-13 23:42:34.078 11205 11594 I System.out: {
05-13 23:42:34.078 11205 11594 I System.out: "name": "DS.osw.idx",
05-13 23:42:34.078 11205 11594 I System.out: "path":
"files/audio/STREAMS/DS.osw.idx",
05-13 23:42:34.078 11205 11594 I System.out: "size": 0
05-13 23:42:34.078 11205 11594 I System.out: },
05-13 23:42:34.078 11205 11594 I System.out: {
05-13 23:42:34.078 11205 11594 I System.out: "name": "HC.osw",
05-13 23:42:34.078 11205 11594 I System.out: "path":
"files/audio/STREAMS/HC.osw",
05-13 23:42:34.078 11205 11594 I System.out: "size": 0
05-13 23:42:34.078 11205 11594 I System.out: },
05-13 23:42:34.078 11205 11594 I System.out: {
05-13 23:42:34.078 11205 11594 I System.out: "name": "HC.osw.idx",
05-13 23:42:34.078 11205 11594 I System.out: "path":
"files/audio/STREAMS/HC.osw.idx",
05-13 23:42:34.078 11205 11594 I System.out: "size": 0
05-13 23:42:34.078 11205 11594 I System.out: },
05-13 23:42:34.078 11205 11594 I System.out: {
05-13 23:42:34.078 11205 11594 I System.out: "name": "MH.osw",
05-13 23:42:34.078 11205 11594 I System.out: "path":
"files/audio/STREAMS/MH.osw",
05-13 23:42:34.078 11205 11594 I System.out: "size": 0
