04-10 10:15:05.259 7439 8204 I IJKMEDIA: (default)
04-10 10:15:05.259 7439 8204 I IJKMEDIA:
04-10 10:15:05.259 7439 8204 I IJKMEDIA: Metadata:
04-10 10:15:05.259 7439 8204 I IJKMEDIA: creation_time :
04-10 10:15:05.259 7439 8204 I IJKMEDIA: 2021-06-03T10:56:18.000000Z
04-10 10:15:05.259 7439 8204 I IJKMEDIA:
04-10 10:15:05.259 7439 8204 I IJKMEDIA: handler_name :
04-10 10:15:05.259 7439 8204 I IJKMEDIA: ISO Media file produced by Google Inc.
Created on: 06/03/2021.
04-10 10:15:05.259 7439 8204 I IJKMEDIA:
04-10 10:15:05.259 7439 8202 D IJKMEDIA: FFP_MSG_FIND_STREAM_INFO:
04-10 10:15:05.259 7439 8204 I IJKMEDIA: Stream #0:1
04-10 10:15:05.259 7439 8204 I IJKMEDIA: (eng)
04-10 10:15:05.259 7439 8204 D IJKMEDIA: , 1, 1/44100
04-10 10:15:05.259 7439 8204 I IJKMEDIA: : Audio: aac (mp4a / 0x6134706D), 44100
Hz, stereo, fltp, 128 kb/s
04-10 10:15:05.259 7439 8204 I IJKMEDIA: (default)
04-10 10:15:05.259 7439 8204 I IJKMEDIA:
04-10 10:15:05.259 7439 8204 I IJKMEDIA: Metadata:
04-10 10:15:05.259 7439 8204 I IJKMEDIA: creation_time :
04-10 10:15:05.259 7439 8204 I IJKMEDIA: 2021-06-03T10:56:18.000000Z
04-10 10:15:05.259 7439 8204 I IJKMEDIA:
04-10 10:15:05.259 7439 8204 I IJKMEDIA: handler_name :
04-10 10:15:05.259 7439 8204 I IJKMEDIA: ISO Media file produced by Google Inc.
Created on: 06/03/2021.
04-10 10:15:05.259 7439 8204 I IJKMEDIA:
04-10 10:15:05.260 7439 8204 I IJKMEDIA: SDL_Android_AudioTrack:
CHANNEL_OUT_STEREO
04-10 10:15:05.260 7439 8204 I IJKMEDIA: SDL_Android_AudioTrack:
ENCODING_PCM_16BIT
04-10 10:15:05.265 7439 8204 D AudioTrack: INSP:
type=audio,case=1,set=0xa7cfa750,stream_type=-
1,sample_rate=44100,format=0x1,channel_mask=0x3,frame_count=3776,flags=0x0,notifica
tion_frames=0,session_id=0,transfer_type=3,uid=-1,pid=-1
04-10 10:15:05.265 7439 8204 D AudioTrack: INSP:
type=audio,case=1,attributes=1,content_type=2,usage=1,source=0,flags=0x800
04-10 10:15:05.265 7439 8204 D AudioTrack: set(): Building AudioTrack with
attributes: usage = 1, content = 2, flags = 0x800, tags = []
04-10 10:15:05.265 7439 8204 D AudioTrack: set(): 0xa7cfa750, Create
AudioTrackThread, tid = 8209
04-10 10:15:05.274 7439 8204 D AudioTrack: createTrack_l(13564): 0xa7cfa750,
mCblk = 0x9a8b5000, mLatency = 127, mAfLatency = 42, frameCount = 3776, mSampleRate
= 44100, mFlags = 0, mReqFrameCount = 3776, mNotificationFramesAct = 1258
04-10 10:15:05.280 7439 8204 W AudioTrack: Use of stream types is deprecated for
operations other than volume control
04-10 10:15:05.280 7439 8204 W AudioTrack: See the documentation of AudioTrack()
for what to use instead with android.media.AudioAttributes to qualify your playback
use case
04-10 10:15:05.280 7439 8204 I IJKMEDIA: SDL_Android_AudioTrack_new_from_spec:
init volume as 1.000000/(0.000000,1.000000)
04-10 10:15:05.280 7439 8204 D AudioTrack: setVolume(13564): 0xa7cfa750, left =
1.000000, right = 1.000000
04-10 10:15:05.280 7439 8204 I IJKMEDIA: audio_session_id = 98881
04-10 10:15:05.280 7439 8204 I IJKMEDIA: AudioCodec: avcodec, aac
04-10 10:15:05.280 7439 8210 I IJKMEDIA: SDL_RunThread: [8210] ff_aout_android
04-10 10:15:05.280 7439 8211 I IJKMEDIA: SDL_RunThread: [8211] ff_audio_dec
04-10 10:15:05.280 7439 8204 D IJKMEDIA: detected 8 logical cores
04-10 10:15:05.280 7439 8204 D IJKMEDIA: nal_unit_type: 7, nal_ref_idc: 3
04-10 10:15:05.280 7439 8204 D IJKMEDIA: nal_unit_type: 8, nal_ref_idc: 3
04-10 10:15:05.281 7439 8210 D AudioTrack: start(13564): 0xa7cfa750, prior
state:STATE_STOPPED
04-10 10:15:05.282 7439 8204 I IJKMEDIA: VideoCodec: avcodec, h264
04-10 10:15:05.282 7439 8204 W IJKMEDIA: fps: 30.000000 (normal)
04-10 10:15:05.282 7439 8221 I IJKMEDIA: SDL_RunThread: [8221] ff_video_dec
04-10 10:15:05.282 7439 8204 W IJKMEDIA: fps: 30.000000 (normal)
04-10 10:15:05.282 7439 8212 D IJKMEDIA: nal_unit_type: 5, nal_ref_idc: 1
04-10 10:15:05.282 7439 8212 D IJKMEDIA: Format yuv420p chosen by get_format().
04-10 10:15:05.282 7439 8212 I IJKMEDIA: Reinit context to 1280x720, pix_fmt:
yuv420p
04-10 10:15:05.282 7439 8202 D IJKMEDIA: FFP_MSG_VIDEO_ROTATION_CHANGED: 0
04-10 10:15:05.282 7439 8202 D IJKMEDIA: FFP_MSG_COMPONENT_OPEN:
04-10 10:15:05.282 7439 8202 D IJKMEDIA: FFP_MSG_VIDEO_SIZE_CHANGED: 1280, 720
04-10 10:15:05.282 7439 8202 D IJKMEDIA: FFP_MSG_SAR_CHANGED: 1, 1
04-10 10:15:05.282 7439 8202 D IJKMEDIA: ijkmp_get_msg: FFP_MSG_PREPARED
04-10 10:15:05.282 7439 8202 D IJKMEDIA: FFP_MSG_PREPARED:
04-10 10:15:05.283 7439 8212 D IJKMEDIA: no picture
04-10 10:15:05.284 7439 8204 V IJKMEDIA: stream 0, sample 15, dts 466667
04-10 10:15:05.284 7439 8204 V IJKMEDIA: stream 1, sample 1, dts 23220
04-10 10:15:05.284 7439 8211 D IJKMEDIA: ffp_toggle_buffering_l: start
04-10 10:15:05.284 7439 8202 D IJKMEDIA: FFP_MSG_BUFFERING_START:
04-10 10:15:05.284 7439 8204 V IJKMEDIA: stream 0, sample 15, dts 466667
04-10 10:15:05.284 7439 8204 V IJKMEDIA: stream 1, sample 2, dts 46440
04-10 10:15:05.284 7439 8204 V IJKMEDIA: stream 0, sample 15, dts 466667
04-10 10:15:05.284 7439 8204 V IJKMEDIA: stream 1, sample 3, dts 69660
04-10 10:15:05.284 7439 8204 V IJKMEDIA: stream 0, sample 15, dts 466667
04-10 10:15:05.284 7439 8204 V IJKMEDIA: stream 1, sample 4, dts 92880
04-10 10:15:05.284 7439 8204 V IJKMEDIA: stream 0, sample 15, dts 466667
04-10 10:15:05.284 7439 8204 V IJKMEDIA: stream 1, sample 5, dts 116100
04-10 10:15:05.284 7439 8204 V IJKMEDIA: stream 0, sample 15, dts 466667
04-10 10:15:05.284 7439 8204 V IJKMEDIA: stream 1, sample 6, dts 139320
04-10 10:15:05.284 7439 8213 D IJKMEDIA: nal_unit_type: 1, nal_ref_idc: 1
04-10 10:15:05.284 7439 8204 V IJKMEDIA: stream 0, sample 15, dts 466667
04-10 10:15:05.284 7439 8204 V IJKMEDIA: stream 1, sample 7, dts 162540
04-10 10:15:05.284 7439 8204 V IJKMEDIA: stream 0, sample 15, dts 466667
04-10 10:15:05.284 7439 8204 V IJKMEDIA: stream 1, sample 8, dts 185760
04-10 10:15:05.284 7439 8204 V IJKMEDIA: stream 0, sample 15, dts 466667
04-10 10:15:05.284 7439 8204 V IJKMEDIA: stream 1, sample 9, dts 208980
04-10 10:15:05.284 7439 8204 V IJKMEDIA: stream 0, sample 15, dts 466667
04-10 10:15:05.284 7439 8204 V IJKMEDIA: stream 1, sample 10, dts 232200
04-10 10:15:05.284 7439 8204 V IJKMEDIA: stream 0, sample 15, dts 466667
04-10 10:15:05.284 7439 8204 V IJKMEDIA: stream 1, sample 11, dts 255420
04-10 10:15:05.284 7439 8204 V IJKMEDIA: stream 0, sample 15, dts 466667
04-10 10:15:05.284 7439 8204 V IJKMEDIA: stream 1, sample 12, dts 278639
04-10 10:15:05.284 7439 8204 V IJKMEDIA: stream 0, sample 15, dts 466667
04-10 10:15:05.284 7439 8204 V IJKMEDIA: stream 1, sample 13, dts 301859
04-10 10:15:05.284 7439 8204 V IJKMEDIA: stream 0, sample 15, dts 466667
04-10 10:15:05.284 7439 8204 V IJKMEDIA: stream 1, sample 14, dts 325079
04-10 10:15:05.284 7439 8204 V IJKMEDIA: stream 0, sample 15, dts 466667
04-10 10:15:05.284 7439 8210 D AudioTrack: pause(13564): 0xa7cfa750, prior
state:STATE_ACTIVE
04-10 10:15:05.285 7439 8204 V IJKMEDIA: stream 1, sample 15, dts 348299
04-10 10:15:05.285 7439 8204 V IJKMEDIA: stream 0, sample 15, dts 466667
04-10 10:15:05.285 7439 8204 V IJKMEDIA: stream 1, sample 16, dts 371519
04-10 10:15:05.285 7439 8204 V IJKMEDIA: stream 0, sample 15, dts 466667
04-10 10:15:05.285 7439 8204 V IJKMEDIA: stream 1, sample 17, dts 394739
04-10 10:15:05.285 7439 7439 D IJKMEDIA: IjkMediaPlayer_setVolume
04-10 10:15:05.285 7439 8204 V IJKMEDIA: stream 0, sample 15, dts 466667
04-10 10:15:05.285 7439 8204 V IJKMEDIA: stream 1, sample 18, dts 417959
04-10 10:15:05.285 7439 8204 V IJKMEDIA: stream 0, sample 15, dts 466667
04-10 10:15:05.285 7439 8204 V IJKMEDIA: stream 1, sample 19, dts 441179
04-10 10:15:05.285 7439 8204 V IJKMEDIA: stream 0, sample 15, dts 466667
04-10 10:15:05.285 7439 8204 V IJKMEDIA: stream 1, sample 20, dts 464399
04-10 10:15:05.285 7439 8204 V IJKMEDIA: stream 0, sample 15, dts 466667
04-10 10:15:05.285 7439 8204 V IJKMEDIA: stream 1, sample 21, dts 487619
04-10 10:15:05.285 7439 7439 D IJKMEDIA: ijkmp_android_set_volume(0.000000,
0.000000)
04-10 10:15:05.285 7439 8204 V IJKMEDIA: stream 0, sample 16, dts 500000
04-10 10:15:05.285 7439 8204 V IJKMEDIA: stream 1, sample 21, dts 487619
04-10 10:15:05.285 7439 8204 V IJKMEDIA: stream 0, sample 17, dts 533333
04-10 10:15:05.285 7439 8204 V IJKMEDIA: stream 1, sample 21, dts 487619
04-10 10:15:05.285 7439 7439 D IJKMEDIA: ffpipeline_set_volume
04-10 10:15:05.286 7439 8204 V IJKMEDIA: stream 0, sample 18, dts 566667
04-10 10:15:05.286 7439 8204 V IJKMEDIA: stream 1, sample 21, dts 487619
04-10 10:15:05.286 7439 8204 V IJKMEDIA: stream 0, sample 19, dts 600000
04-10 10:15:05.286 7439 8204 V IJKMEDIA: stream 1, sample 21, dts 487619
04-10 10:15:05.286 7439 8204 V IJKMEDIA: stream 0, sample 20, dts 633333
04-10 10:15:05.286 7439 8204 V IJKMEDIA: stream 1, sample 21, dts 487619
04-10 10:15:05.286 7439 8204 V IJKMEDIA: stream 0, sample 21, dts 666667
04-10 10:15:05.286 7439 8204 V IJKMEDIA: stream 1, sample 21, dts 487619
04-10 10:15:05.286 7439 8214 D IJKMEDIA: nal_unit_type: 5, nal_ref_idc: 1
04-10 10:15:05.286 7439 8204 V IJKMEDIA: stream 0, sample 22, dts 700000
04-10 10:15:05.286 7439 8204 V IJKMEDIA: stream 1, sample 21, dts 487619
04-10 10:15:05.286 7439 8204 V IJKMEDIA: stream 0, sample 23, dts 733333
04-10 10:15:05.286 7439 8204 V IJKMEDIA: stream 1, sample 21, dts 487619
04-10 10:15:05.286 7439 8204 V IJKMEDIA: stream 0, sample 24, dts 766667
04-10 10:15:05.286 7439 8204 V IJKMEDIA: stream 1, sample 21, dts 487619
04-10 10:15:05.286 7439 8204 V IJKMEDIA: stream 0, sample 25, dts 800000
04-10 10:15:05.286 7439 8204 V IJKMEDIA: stream 1, sample 21, dts 487619
04-10 10:15:05.287 7439 8204 V IJKMEDIA: stream 0, sample 26, dts 833333
04-10 10:15:05.287 7439 8204 V IJKMEDIA: stream 1, sample 21, dts 487619
04-10 10:15:05.287 7439 8204 V IJKMEDIA: stream 0, sample 27, dts 866667
04-10 10:15:05.287 7439 8204 V IJKMEDIA: stream 1, sample 21, dts 487619
04-10 10:15:05.287 7439 8204 V IJKMEDIA: stream 0, sample 28, dts 900000
04-10 10:15:05.287 7439 8204 V IJKMEDIA: stream 1, sample 21, dts 487619
04-10 10:15:05.287 7439 8204 V IJKMEDIA: stream 0, sample 29, dts 933333
04-10 10:15:05.287 7439 8204 V IJKMEDIA: stream 1, sample 21, dts 487619
04-10 10:15:05.288 7439 8215 D IJKMEDIA: nal_unit_type: 5, nal_ref_idc: 1
04-10 10:15:05.289 7439 8204 V IJKMEDIA: stream 0, sample 30, dts 966667
04-10 10:15:05.289 7439 8204 V IJKMEDIA: stream 1, sample 21, dts 487619
04-10 10:15:05.289 7439 8204 V IJKMEDIA: stream 0, sample 30, dts 966667
04-10 10:15:05.289 7439 8204 V IJKMEDIA: stream 1, sample 22, dts 510839
04-10 10:15:05.289 7439 8204 V IJKMEDIA: stream 0, sample 30, dts 966667
04-10 10:15:05.289 7439 8204 V IJKMEDIA: stream 1, sample 23, dts 534059
04-10 10:15:05.289 7439 8204 V IJKMEDIA: stream 0, sample 30, dts 966667
04-10 10:15:05.289 7439 8204 V IJKMEDIA: stream 1, sample 24, dts 557279
04-10 10:15:05.289 7439 8204 V IJKMEDIA: stream 0, sample 30, dts 966667
04-10 10:15:05.289 7439 8204 V IJKMEDIA: stream 1, sample 25, dts 580499
04-10 10:15:05.289 7439 8204 V IJKMEDIA: stream 0, sample 30, dts 966667
04-10 10:15:05.289 7439 8204 V IJKMEDIA: stream 1, sample 26, dts 603719
04-10 10:15:05.289 7439 8204 V IJKMEDIA: stream 0, sample 30, dts 966667
04-10 10:15:05.289 7439 8204 V IJKMEDIA: stream 1, sample 27, dts 626939
04-10 10:15:05.289 7439 8204 V IJKMEDIA: stream 0, sample 30, dts 966667
04-10 10:15:05.289 7439 8204 V IJKMEDIA: stream 1, sample 28, dts 650159
04-10 10:15:05.289 7439 8204 V IJKMEDIA: stream 0, sample 30, dts 966667
04-10 10:15:05.289 7439 8204 V IJKMEDIA: stream 1, sample 29, dts 673379
04-10 10:15:05.289 7439 8204 V IJKMEDIA: stream 0, sample 30, dts 966667
04-10 10:15:05.289 7439 8204 V IJKMEDIA: stream 1, sample 30, dts 696599
04-10 10:15:05.289 7439 8204 V IJKMEDIA: stream 0, sample 30, dts 966667
04-10 10:15:05.289 7439 8204 V IJKMEDIA: stream 1, sample 31, dts 719819
04-10 10:15:05.290 7439 8204 V IJKMEDIA: stream 0, sample 30, dts 966667
04-10 10:15:05.290 7439 8204 V IJKMEDIA: stream 1, sample 32, dts 743039
04-10 10:15:05.290 7439 8204 V IJKMEDIA: stream 0, sample 30, dts 966667
04-10 10:15:05.290 7439 8204 V IJKMEDIA: stream 1, sample 33, dts 766259
04-10 10:15:05.290 7439 8204 V IJKMEDIA: stream 0, sample 30, dts 966667
04-10 10:15:05.290 7439 8204 V IJKMEDIA: stream 1, sample 34, dts 789478
04-10 10:15:05.290 7439 8204 V IJKMEDIA: stream 0, sample 30, dts 966667
04-10 10:15:05.290 7439 8204 V IJKMEDIA: stream 1, sample 35, dts 812698
04-10 10:15:05.290 7439 8204 V IJKMEDIA: stream 0, sample 30, dts 966667
04-10 10:15:05.290 7439 8204 V IJKMEDIA: stream 1, sample 36, dts 835918
04-10 10:15:05.290 7439 8204 V IJKMEDIA: stream 0, sample 30, dts 966667
04-10 10:15:05.290 7439 8204 V IJKMEDIA: stream 1, sample 37, dts 859138
04-10 10:15:05.290 7439 8204 V IJKMEDIA: stream 0, sample 30, dts 966667
04-10 10:15:05.290 7439 8204 V IJKMEDIA: stream 1, sample 38, dts 882358
04-10 10:15:05.290 7439 8204 V IJKMEDIA: stream 0, sample 30, dts 966667
04-10 10:15:05.290 7439 8204 V IJKMEDIA: stream 1, sample 39, dts 905578
04-10 10:15:05.290 7439 8204 V IJKMEDIA: stream 0, sample 30, dts 966667
04-10 10:15:05.290 7439 8204 V IJKMEDIA: stream 1, sample 40, dts 928798
04-10 10:15:05.290 7439 8204 V IJKMEDIA: stream 0, sample 30, dts 966667
04-10 10:15:05.290 7439 8204 V IJKMEDIA: stream 1, sample 41, dts 952018
04-10 10:15:05.290 7439 8204 V IJKMEDIA: stream 0, sample 30, dts 966667
04-10 10:15:05.290 7439 8204 V IJKMEDIA: stream 1, sample 42, dts 975238
04-10 10:15:05.290 7439 8216 D IJKMEDIA: nal_unit_type: 5, nal_ref_idc: 1
04-10 10:15:05.292 7439 8204 V IJKMEDIA: stream 0, sample 31, dts 1000000
04-10 10:15:05.292 7439 8204 V IJKMEDIA: stream 1, sample 42, dts 975238
04-10 10:15:05.292 7439 8204 V IJKMEDIA: stream 0, sample 32, dts 1033333
04-10 10:15:05.292 7439 8204 V IJKMEDIA: stream 1, sample 42, dts 975238
04-10 10:15:05.293 7439 8204 V IJKMEDIA: stream 0, sample 33, dts 1066667
04-10 10:15:05.293 7439 8204 V IJKMEDIA: stream 1, sample 42, dts 975238
04-10 10:15:05.293 7439 8204 V IJKMEDIA: stream 0, sample 34, dts 1100000
04-10 10:15:05.293 7439 8204 V IJKMEDIA: stream 1, sample 42, dts 975238
04-10 10:15:05.294 7439 8217 D IJKMEDIA: nal_unit_type: 1, nal_ref_idc: 1
04-10 10:15:05.295 7439 8204 V IJKMEDIA: stream 0, sample 35, dts 1133333
04-10 10:15:05.295 7439 8204 V IJKMEDIA: stream 1, sample 42, dts 975238
04-10 10:15:05.296 7439 8218 D IJKMEDIA: nal_unit_type: 1, nal_ref_idc: 1
04-10 10:15:05.299 7439 8204 V IJKMEDIA: stream 0, sample 36, dts 1166667
04-10 10:15:05.299 7439 8204 V IJKMEDIA: stream 1, sample 42, dts 975238
04-10 10:15:05.299 7439 8204 V IJKMEDIA: stream 0, sample 37, dts 1200000
04-10 10:15:05.299 7439 8204 V IJKMEDIA: stream 1, sample 42, dts 975238
04-10 10:15:05.299 7439 8204 V IJKMEDIA: stream 0, sample 38, dts 1233333
04-10 10:15:05.299 7439 8204 V IJKMEDIA: stream 1, sample 42, dts 975238
04-10 10:15:05.299 7439 8204 V IJKMEDIA: stream 0, sample 39, dts 1266667
04-10 10:15:05.299 7439 8204 V IJKMEDIA: stream 1, sample 42, dts 975238
04-10 10:15:05.300 7439 8219 D IJKMEDIA: nal_unit_type: 1, nal_ref_idc: 1
04-10 10:15:05.302 7439 8204 V IJKMEDIA: stream 0, sample 40, dts 1300000
04-10 10:15:05.302 7439 8204 V IJKMEDIA: stream 1, sample 42, dts 975238
04-10 10:15:05.302 7439 8220 D IJKMEDIA: nal_unit_type: 1, nal_ref_idc: 1
04-10 10:15:05.303 7439 8212 D IJKMEDIA: nal_unit_type: 1, nal_ref_idc: 0
04-10 10:15:05.304 7439 8221 D IJKMEDIA: SDL_VoutFFmpeg_CreateOverlay(w=1280,
h=720, fmt=RV32(0x32335652, dp=0xa3eeb360)
04-10 10:15:05.304 7439 8202 D IJKMEDIA: FFP_MSG_VIDEO_SIZE_CHANGED: 1280, 720
04-10 10:15:05.311 7439 8204 V IJKMEDIA: stream 0, sample 41, dts 1333333
04-10 10:15:05.311 7439 8204 V IJKMEDIA: stream 1, sample 42, dts 975238
04-10 10:15:05.311 7439 8204 V IJKMEDIA: stream 0, sample 42, dts 1366667
04-10 10:15:05.311 7439 8221 D IJKMEDIA: Video: first frame decoded
04-10 10:15:05.311 7439 8204 V IJKMEDIA: stream 1, sample 42, dts 975238
04-10 10:15:05.311 7439 8202 D IJKMEDIA: FFP_MSG_VIDEO_DECODED_START:
04-10 10:15:05.311 7439 8204 V IJKMEDIA: stream 0, sample 43, dts 1400000
04-10 10:15:05.311 7439 8204 V IJKMEDIA: stream 1, sample 42, dts 975238
04-10 10:15:05.311 7439 8204 V IJKMEDIA: stream 0, sample 44, dts 1433333
04-10 10:15:05.311 7439 8204 V IJKMEDIA: stream 1, sample 42, dts 975238
04-10 10:15:05.311 7439 8204 V IJKMEDIA: stream 0, sample 45, dts 1466667
04-10 10:15:05.311 7439 8204 V IJKMEDIA: stream 1, sample 42, dts 975238
04-10 10:15:05.311 7439 8221 D IJKMEDIA: SDL_VoutFFmpeg_CreateOverlay(w=1280,
h=720, fmt=RV32(0x32335652, dp=0xa3eeb360)
04-10 10:15:05.311 7439 8204 V IJKMEDIA: stream 0, sample 45, dts 1466667
04-10 10:15:05.311 7439 8204 V IJKMEDIA: stream 1, sample 43, dts 998458
04-10 10:15:05.311 7439 8202 D IJKMEDIA: FFP_MSG_VIDEO_SIZE_CHANGED: 1280, 720
04-10 10:15:05.311 7439 8213 D IJKMEDIA: nal_unit_type: 1, nal_ref_idc: 1
04-10 10:15:05.311 7439 8204 V IJKMEDIA: stream 0, sample 45, dts 1466667
04-10 10:15:05.311 7439 8204 V IJKMEDIA: stream 1, sample 44, dts 1021678
04-10 10:15:05.311 7439 8204 V IJKMEDIA: stream 0, sample 45, dts 1466667
04-10 10:15:05.311 7439 8204 V IJKMEDIA: stream 1, sample 45, dts 1044898
04-10 10:15:05.311 7439 8204 V IJKMEDIA: stream 0, sample 45, dts 1466667
04-10 10:15:05.312 7439 8204 V IJKMEDIA: stream 1, sample 46, dts 1068118
04-10 10:15:05.312 7439 8204 V IJKMEDIA: stream 0, sample 45, dts 1466667
04-10 10:15:05.312 7439 8204 V IJKMEDIA: stream 1, sample 47, dts 1091338
04-10 10:15:05.312 7439 8204 V IJKMEDIA: stream 0, sample 45, dts 1466667
04-10 10:15:05.312 7439 8204 V IJKMEDIA: stream 1, sample 48, dts 1114558
04-10 10:15:05.312 7439 8204 V IJKMEDIA: stream 0, sample 45, dts 1466667
04-10 10:15:05.312 7439 8204 V IJKMEDIA: stream 1, sample 49, dts 1137778
04-10 10:15:05.312 7439 8204 V IJKMEDIA: stream 0, sample 45, dts 1466667
04-10 10:15:05.312 7439 8204 V IJKMEDIA: stream 1, sample 50, dts 1160998
04-10 10:15:05.312 7439 8204 V IJKMEDIA: stream 0, sample 45, dts 1466667
04-10 10:15:05.312 7439 8204 V IJKMEDIA: stream 1, sample 51, dts 1184218
04-10 10:15:05.312 7439 8204 V IJKMEDIA: stream 0, sample 45, dts 1466667
04-10 10:15:05.312 7439 8204 V IJKMEDIA: stream 1, sample 52, dts 1207438
04-10 10:15:05.312 7439 8204 V IJKMEDIA: stream 0, sample 45, dts 1466667
04-10 10:15:05.313 7439 8204 V IJKMEDIA: stream 1, sample 53, dts 1230658
04-10 10:15:05.313 7439 8204 V IJKMEDIA: stream 0, sample 45, dts 1466667
04-10 10:15:05.313 7439 8204 V IJKMEDIA: stream 1, sample 54, dts 1253878
04-10 10:15:05.313 7439 8204 V IJKMEDIA: stream 0, sample 45, dts 1466667
04-10 10:15:05.313 7439 8204 V IJKMEDIA: stream 1, sample 55, dts 1277098
04-10 10:15:05.313 7439 8204 V IJKMEDIA: stream 0, sample 45, dts 1466667
04-10 10:15:05.313 7439 8204 V IJKMEDIA: stream 1, sample 56, dts 1300317
04-10 10:15:05.313 7439 8204 V IJKMEDIA: stream 0, sample 45, dts 1466667
04-10 10:15:05.313 7439 8204 V IJKMEDIA: stream 1, sample 57, dts 1323537
04-10 10:15:05.313 7439 8204 V IJKMEDIA: stream 0, sample 45, dts 1466667
04-10 10:15:05.313 7439 8204 V IJKMEDIA: stream 1, sample 58, dts 1346757
04-10 10:15:05.313 7439 8204 V IJKMEDIA: stream 0, sample 45, dts 1466667
04-10 10:15:05.313 7439 8204 V IJKMEDIA: stream 1, sample 59, dts 1369977
04-10 10:15:05.313 7439 8204 V IJKMEDIA: stream 0, sample 45, dts 1466667
04-10 10:15:05.313 7439 8204 V IJKMEDIA: stream 1, sample 60, dts 1393197
04-10 10:15:05.313 7439 8204 V IJKMEDIA: stream 0, sample 45, dts 1466667
04-10 10:15:05.314 7439 8204 V IJKMEDIA: stream 1, sample 61, dts 1416417
04-10 10:15:05.314 7439 8204 V IJKMEDIA: stream 0, sample 45, dts 1466667
04-10 10:15:05.314 7439 8204 V IJKMEDIA: stream 1, sample 62, dts 1439637
04-10 10:15:05.314 7439 8204 V IJKMEDIA: stream 0, sample 45, dts 1466667
04-10 10:15:05.314 7439 8204 V IJKMEDIA: stream 1, sample 63, dts 1462857
04-10 10:15:05.315 7439 8204 V IJKMEDIA: stream 0, sample 46, dts 1500000
04-10 10:15:05.315 7439 8204 V IJKMEDIA: stream 1, sample 63, dts 1462857
04-10 10:15:05.315 7439 8204 V IJKMEDIA: stream 0, sample 47, dts 1533333
04-10 10:15:05.315 7439 8204 V IJKMEDIA: stream 1, sample 63, dts 1462857
04-10 10:15:05.317 7439 8214 D IJKMEDIA: nal_unit_type: 1, nal_ref_idc: 1
04-10 10:15:05.317 7439 8221 D IJKMEDIA: SDL_VoutFFmpeg_CreateOverlay(w=1280,
h=720, fmt=RV32(0x32335652, dp=0xa3eeb360)
04-10 10:15:05.317 7439 8202 D IJKMEDIA: FFP_MSG_VIDEO_SIZE_CHANGED: 1280, 720
04-10 10:15:05.321 7439 8215 D IJKMEDIA: nal_unit_type: 1, nal_ref_idc: 1
04-10 10:15:05.353 7439 8204 D IJKMEDIA: ffp_toggle_buffering_l: end
04-10 10:15:05.379 7439 7439 D IJKMEDIA: ijkmp_android_set_volume(0.000000,
0.000000)=void
04-10 10:15:05.379 7439 8202 D IJKMEDIA: FFP_MSG_BUFFERING_END:
04-10 10:15:05.379 7439 8204 V IJKMEDIA: stream 0, sample 48, dts 1566667
04-10 10:15:05.379 7439 8204 V IJKMEDIA: stream 1, sample 63, dts 1462857
04-10 10:15:05.379 7439 8204 V IJKMEDIA: stream 0, sample 49, dts 1600000
04-10 10:15:05.380 7439 8204 V IJKMEDIA: stream 1, sample 63, dts 1462857
04-10 10:15:05.380 7439 8210 D AudioTrack: start(13564): 0xa7cfa750, prior
state:STATE_PAUSED
04-10 10:15:05.380 7439 8203 W IJKMEDIA: func_display_overlay_l: NULL
native_window
04-10 10:15:05.380 7439 8202 D IJKMEDIA: FFP_MSG_VIDEO_RENDERING_START:
04-10 10:15:05.380 7439 8204 V IJKMEDIA: stream 0, sample 50, dts 1633333
04-10 10:15:05.380 7439 8204 V IJKMEDIA: stream 1, sample 63, dts 1462857
04-10 10:15:05.380 7439 8204 V IJKMEDIA: stream 0, sample 51, dts 1666667
04-10 10:15:05.380 7439 8204 V IJKMEDIA: stream 1, sample 63, dts 1462857
04-10 10:15:05.380 7439 8204 V IJKMEDIA: stream 0, sample 52, dts 1700000
04-10 10:15:05.380 7439 8204 V IJKMEDIA: stream 1, sample 63, dts 1462857
04-10 10:15:05.380 7439 8204 V IJKMEDIA: stream 0, sample 53, dts 1733333
04-10 10:15:05.380 7439 8204 V IJKMEDIA: stream 1, sample 63, dts 1462857
04-10 10:15:05.380 7439 8204 V IJKMEDIA: stream 0, sample 54, dts 1766667
04-10 10:15:05.380 7439 8204 V IJKMEDIA: stream 1, sample 63, dts 1462857
04-10 10:15:05.380 7439 8204 V IJKMEDIA: stream 0, sample 55, dts 1800000
04-10 10:15:05.380 7439 8204 V IJKMEDIA: stream 1, sample 63, dts 1462857
04-10 10:15:05.380 7439 8204 V IJKMEDIA: stream 0, sample 56, dts 1833333
04-10 10:15:05.380 7439 8204 V IJKMEDIA: stream 1, sample 63, dts 1462857
04-10 10:15:05.380 7439 8204 V IJKMEDIA: stream 0, sample 57, dts 1866667
04-10 10:15:05.380 7439 8210 D AudioTrack: setVolume(13564): 0xa7cfa750, left =
0.000000, right = 0.000000
04-10 10:15:05.380 7439 8204 V IJKMEDIA: stream 1, sample 63, dts 1462857
04-10 10:15:05.381 7439 8204 V IJKMEDIA: stream 0, sample 58, dts 1900000
04-10 10:15:05.381 7439 8204 V IJKMEDIA: stream 1, sample 63, dts 1462857
04-10 10:15:05.381 7439 8210 D IJKMEDIA: Using fltp internally between filters
04-10 10:15:05.381 7439 8204 V IJKMEDIA: stream 0, sample 59, dts 1933333
04-10 10:15:05.381 7439 8204 V IJKMEDIA: stream 1, sample 63, dts 1462857
04-10 10:15:05.381 7439 8210 D IJKMEDIA: avcodec/Audio: first frame decoded
04-10 10:15:05.381 7439 8202 D IJKMEDIA: FFP_MSG_AUDIO_DECODED_START:
04-10 10:15:05.381 7439 8204 V IJKMEDIA: stream 0, sample 60, dts 1966667
04-10 10:15:05.381 7439 8204 V IJKMEDIA: stream 1, sample 63, dts 1462857
04-10 10:15:05.381 7439 8204 V IJKMEDIA: stream 0, sample 60, dts 1966667
04-10 10:15:05.381 7439 8202 D IJKMEDIA: FFP_MSG_AUDIO_RENDERING_START:
04-10 10:15:05.381 7439 8204 V IJKMEDIA: stream 1, sample 64, dts 1486077
04-10 10:15:05.381 7439 8204 V IJKMEDIA: stream 0, sample 60, dts 1966667
04-10 10:15:05.381 7439 8204 V IJKMEDIA: stream 1, sample 65, dts 1509297
04-10 10:15:05.381 7439 8204 V IJKMEDIA: stream 0, sample 60, dts 1966667
04-10 10:15:05.381 7439 8204 V IJKMEDIA: stream 1, sample 66, dts 1532517
04-10 10:15:05.381 7439 8204 V IJKMEDIA: stream 0, sample 60, dts 1966667
04-10 10:15:05.381 7439 8204 V IJKMEDIA: stream 1, sample 67, dts 1555737
04-10 10:15:05.381 7439 8204 V IJKMEDIA: stream 0, sample 60, dts 1966667
04-10 10:15:05.381 7439 8204 V IJKMEDIA: stream 1, sample 68, dts 1578957
04-10 10:15:05.381 7439 8204 V IJKMEDIA: stream 0, sample 60, dts 1966667
04-10 10:15:05.381 7439 8204 V IJKMEDIA: stream 1, sample 69, dts 1602177
04-10 10:15:05.381 7439 8204 V IJKMEDIA: stream 0, sample 60, dts 1966667
04-10 10:15:05.381 7439 8204 V IJKMEDIA: stream 1, sample 70, dts 1625397
04-10 10:15:05.381 7439 8204 V IJKMEDIA: stream 0, sample 60, dts 1966667
04-10 10:15:05.381 7439 8204 V IJKMEDIA: stream 1, sample 71, dts 1648617
04-10 10:15:05.381 7439 8204 V IJKMEDIA: stream 0, sample 60, dts 1966667
04-10 10:15:05.381 7439 8204 V IJKMEDIA: stream 1, sample 72, dts 1671837
04-10 10:15:05.381 7439 8204 V IJKMEDIA: stream 0, sample 60, dts 1966667
04-10 10:15:05.381 7439 8204 V IJKMEDIA: stream 1, sample 73, dts 1695057
04-10 10:15:05.381 7439 8204 V IJKMEDIA: stream 0, sample 60, dts 1966667
04-10 10:15:05.381 7439 8204 V IJKMEDIA: stream 1, sample 74, dts 1718277
04-10 10:15:05.381 7439 8204 V IJKMEDIA: stream 0, sample 60, dts 1966667
04-10 10:15:05.381 7439 8204 V IJKMEDIA: stream 1, sample 75, dts 1741497
04-10 10:15:05.381 7439 8204 V IJKMEDIA: stream 0, sample 60, dts 1966667
04-10 10:15:05.381 7439 8204 V IJKMEDIA: stream 1, sample 76, dts 1764717
04-10 10:15:05.381 7439 8204 V IJKMEDIA: stream 0, sample 60, dts 1966667
04-10 10:15:05.381 7439 8204 V IJKMEDIA: stream 1, sample 77, dts 1787937
04-10 10:15:05.381 7439 8204 V IJKMEDIA: stream 0, sample 60, dts 1966667
04-10 10:15:05.381 7439 8204 V IJKMEDIA: stream 1, sample 78, dts 1811156
04-10 10:15:05.382 7439 8204 V IJKMEDIA: stream 0, sample 60, dts 1966667
04-10 10:15:05.382 7439 8204 V IJKMEDIA: stream 1, sample 79, dts 1834376
04-10 10:15:05.382 7439 8204 V IJKMEDIA: stream 0, sample 60, dts 1966667
04-10 10:15:05.382 7439 8204 V IJKMEDIA: stream 1, sample 80, dts 1857596
04-10 10:15:05.382 7439 8204 V IJKMEDIA: stream 0, sample 60, dts 1966667
04-10 10:15:05.382 7439 8204 V IJKMEDIA: stream 1, sample 81, dts 1880816
04-10 10:15:05.382 7439 8204 V IJKMEDIA: stream 0, sample 60, dts 1966667
04-10 10:15:05.382 7439 8204 V IJKMEDIA: stream 1, sample 82, dts 1904036
04-10 10:15:05.382 7439 8204 V IJKMEDIA: stream 0, sample 60, dts 1966667
04-10 10:15:05.382 7439 8204 V IJKMEDIA: stream 1, sample 83, dts 1927256
04-10 10:15:05.382 7439 8204 V IJKMEDIA: stream 0, sample 60, dts 1966667
04-10 10:15:05.382 7439 8204 V IJKMEDIA: stream 1, sample 84, dts 1950476
04-10 10:15:05.382 7439 8204 V IJKMEDIA: stream 0, sample 61, dts 2000000
04-10 10:15:05.382 7439 8204 V IJKMEDIA: stream 1, sample 84, dts 1950476
04-10 10:15:05.382 7439 8204 V IJKMEDIA: stream 0, sample 62, dts 2033333
04-10 10:15:05.382 7439 8204 V IJKMEDIA: stream 1, sample 84, dts 1950476
04-10 10:15:05.382 7439 8204 V IJKMEDIA: stream 0, sample 63, dts 2066667
04-10 10:15:05.382 7439 8204 V IJKMEDIA: stream 1, sample 84, dts 1950476
04-10 10:15:05.382 7439 8204 V IJKMEDIA: stream 0, sample 64, dts 2100000
04-10 10:15:05.382 7439 8204 V IJKMEDIA: stream 1, sample 84, dts 1950476
04-10 10:15:05.382 7439 8204 V IJKMEDIA: stream 0, sample 65, dts 2133333
04-10 10:15:05.382 7439 8204 V IJKMEDIA: stream 1, sample 84, dts 1950476
04-10 10:15:05.382 7439 8204 V IJKMEDIA: stream 0, sample 66, dts 2166667
04-10 10:15:05.382 7439 8204 V IJKMEDIA: stream 1, sample 84, dts 1950476
04-10 10:15:05.382 7439 8204 V IJKMEDIA: stream 0, sample 67, dts 2200000
04-10 10:15:05.382 7439 8204 V IJKMEDIA: stream 1, sample 84, dts 1950476
04-10 10:15:05.382 7439 8204 V IJKMEDIA: stream 0, sample 68, dts 2233333
04-10 10:15:05.382 7439 8204 V IJKMEDIA: stream 1, sample 84, dts 1950476
04-10 10:15:05.382 7439 8204 V IJKMEDIA: stream 0, sample 69, dts 2266667
04-10 10:15:05.382 7439 8204 V IJKMEDIA: stream 1, sample 84, dts 1950476
04-10 10:15:05.382 7439 8204 V IJKMEDIA: stream 0, sample 70, dts 2300000
04-10 10:15:05.382 7439 8204 V IJKMEDIA: stream 1, sample 84, dts 1950476
04-10 10:15:05.382 7439 8204 V IJKMEDIA: stream 0, sample 71, dts 2333333
04-10 10:15:05.382 7439 8204 V IJKMEDIA: stream 1, sample 84, dts 1950476
04-10 10:15:05.382 7439 8204 V IJKMEDIA: stream 0, sample 72, dts 2366667
04-10 10:15:05.382 7439 8204 V IJKMEDIA: stream 1, sample 84, dts 1950476
04-10 10:15:05.382 7439 8204 V IJKMEDIA: stream 0, sample 73, dts 2400000
04-10 10:15:05.382 7439 8204 V IJKMEDIA: stream 1, sample 84, dts 1950476
04-10 10:15:05.383 7439 8204 V IJKMEDIA: stream 0, sample 74, dts 2433333
04-10 10:15:05.383 7439 8204 V IJKMEDIA: stream 1, sample 84, dts 1950476
04-10 10:15:05.383 7439 8204 V IJKMEDIA: stream 0, sample 75, dts 2466667
04-10 10:15:05.383 7439 8204 V IJKMEDIA: stream 1, sample 84, dts 1950476
04-10 10:15:05.383 7439 8204 V IJKMEDIA: stream 0, sample 75, dts 2466667
04-10 10:15:05.383 7439 8204 V IJKMEDIA: stream 1, sample 85, dts 1973696
04-10 10:15:05.383 7439 8204 V IJKMEDIA: stream 0, sample 75, dts 2466667
04-10 10:15:05.383 7439 8204 V IJKMEDIA: stream 1, sample 86, dts 1996916
04-10 10:15:05.383 7439 8204 V IJKMEDIA: stream 0, sample 75, dts 2466667
04-10 10:15:05.383 7439 8204 V IJKMEDIA: stream 1, sample 87, dts 2020136
04-10 10:15:05.383 7439 8204 V IJKMEDIA: stream 0, sample 75, dts 2466667
04-10 10:15:05.383 7439 8204 V IJKMEDIA: stream 1, sample 88, dts 2043356
04-10 10:15:05.383 7439 8204 V IJKMEDIA: stream 0, sample 75, dts 2466667
04-10 10:15:05.383 7439 8204 V IJKMEDIA: stream 1, sample 89, dts 2066576
04-10 10:15:05.383 7439 8204 V IJKMEDIA: stream 0, sample 75, dts 2466667
04-10 10:15:05.383 7439 8204 V IJKMEDIA: stream 1, sample 90, dts 2089796
04-10 10:15:05.383 7439 8204 V IJKMEDIA: stream 0, sample 75, dts 2466667
04-10 10:15:05.383 7439 8204 V IJKMEDIA: stream 1, sample 91, dts 2113016
04-10 10:15:05.383 7439 8204 V IJKMEDIA: stream 0, sample 75, dts 2466667
04-10 10:15:05.383 7439 8204 V IJKMEDIA: stream 1, sample 92, dts 2136236
04-10 10:15:05.383 7439 8204 V IJKMEDIA: stream 0, sample 75, dts 2466667
04-10 10:15:05.383 7439 8204 V IJKMEDIA: stream 1, sample 93, dts 2159456
04-10 10:15:05.383 7439 8204 V IJKMEDIA: stream 0, sample 75, dts 2466667
04-10 10:15:05.383 7439 8204 V IJKMEDIA: stream 1, sample 94, dts 2182676
04-10 10:15:05.383 7439 8204 V IJKMEDIA: stream 0, sample 75, dts 2466667
04-10 10:15:05.383 7439 8204 V IJKMEDIA: stream 1, sample 95, dts 2205896
04-10 10:15:05.383 7439 8204 V IJKMEDIA: stream 0, sample 75, dts 2466667
04-10 10:15:05.383 7439 8204 V IJKMEDIA: stream 1, sample 96, dts 2229116
04-10 10:15:05.383 7439 8204 V IJKMEDIA: stream 0, sample 75, dts 2466667
04-10 10:15:05.383 7439 8204 V IJKMEDIA: stream 1, sample 97, dts 2252336
04-10 10:15:05.383 7439 8204 V IJKMEDIA: stream 0, sample 75, dts 2466667
04-10 10:15:05.383 7439 8204 V IJKMEDIA: stream 1, sample 98, dts 2275556
04-10 10:15:05.383 7439 8204 V IJKMEDIA: stream 0, sample 75, dts 2466667
04-10 10:15:05.383 7439 8204 V IJKMEDIA: stream 1, sample 99, dts 2298776
04-10 10:15:05.383 7439 8204 V IJKMEDIA: stream 0, sample 75, dts 2466667
04-10 10:15:05.383 7439 8204 V IJKMEDIA: stream 1, sample 100, dts 2321995
04-10 10:15:05.383 7439 8204 V IJKMEDIA: stream 0, sample 75, dts 2466667
04-10 10:15:05.383 7439 8204 V IJKMEDIA: stream 1, sample 101, dts 2345215
04-10 10:15:05.383 7439 8204 V IJKMEDIA: stream 0, sample 75, dts 2466667
04-10 10:15:05.383 7439 8204 V IJKMEDIA: stream 1, sample 102, dts 2368435
04-10 10:15:05.383 7439 8204 V IJKMEDIA: stream 0, sample 75, dts 2466667
04-10 10:15:05.383 7439 8204 V IJKMEDIA: stream 1, sample 103, dts 2391655
04-10 10:15:05.383 7439 8204 V IJKMEDIA: stream 0, sample 75, dts 2466667
04-10 10:15:05.383 7439 8204 V IJKMEDIA: stream 1, sample 104, dts 2414875
04-10 10:15:05.383 7439 8204 V IJKMEDIA: stream 0, sample 75, dts 2466667
04-10 10:15:05.383 7439 8204 V IJKMEDIA: stream 1, sample 105, dts 2438095
04-10 10:15:05.383 7439 8204 V IJKMEDIA: stream 0, sample 76, dts 2500000
04-10 10:15:05.383 7439 8204 V IJKMEDIA: stream 1, sample 105, dts 2438095
04-10 10:15:05.383 7439 8204 V IJKMEDIA: stream 0, sample 77, dts 2533333
04-10 10:15:05.383 7439 8204 V IJKMEDIA: stream 1, sample 105, dts 2438095
04-10 10:15:05.383 7439 8204 V IJKMEDIA: stream 0, sample 78, dts 2566667
04-10 10:15:05.383 7439 8204 V IJKMEDIA: stream 1, sample 105, dts 2438095
04-10 10:15:05.384 7439 8204 V IJKMEDIA: stream 0, sample 79, dts 2600000
04-10 10:15:05.384 7439 8204 V IJKMEDIA: stream 1, sample 105, dts 2438095
04-10 10:15:05.384 7439 8204 V IJKMEDIA: stream 0, sample 80, dts 2633333
04-10 10:15:05.384 7439 8204 V IJKMEDIA: stream 1, sample 105, dts 2438095
04-10 10:15:05.384 7439 8204 V IJKMEDIA: stream 0, sample 81, dts 2666667
04-10 10:15:05.384 7439 8204 V IJKMEDIA: stream 1, sample 105, dts 2438095
04-10 10:15:05.384 7439 8204 V IJKMEDIA: stream 0, sample 82, dts 2700000
04-10 10:15:05.384 7439 8204 V IJKMEDIA: stream 1, sample 105, dts 2438095
04-10 10:15:05.384 7439 8204 V IJKMEDIA: stream 0, sample 83, dts 2733333
04-10 10:15:05.384 7439 8204 V IJKMEDIA: stream 1, sample 105, dts 2438095
04-10 10:15:05.384 7439 8204 V IJKMEDIA: stream 0, sample 84, dts 2766667
04-10 10:15:05.384 7439 8204 V IJKMEDIA: stream 1, sample 105, dts 2438095
04-10 10:15:05.384 7439 8204 V IJKMEDIA: stream 0, sample 85, dts 2800000
04-10 10:15:05.384 7439 8204 V IJKMEDIA: stream 1, sample 105, dts 2438095
04-10 10:15:05.384 7439 8204 V IJKMEDIA: stream 0, sample 86, dts 2833333
04-10 10:15:05.384 7439 8204 V IJKMEDIA: stream 1, sample 105, dts 2438095
04-10 10:15:05.395 7439 7439 D IJKMEDIA: IjkMediaPlayer_start
04-10 10:15:05.395 7439 7439 D IJKMEDIA: ijkmp_start()
04-10 10:15:05.395 7439 7439 D IJKMEDIA: ijkmp_start()=0
04-10 10:15:05.395 7439 8202 D IJKMEDIA: ijkmp_get_msg: FFP_REQ_START
04-10 10:15:05.395 7439 8202 D IJKMEDIA: ijkmp_get_msg: FFP_REQ_START: start on
fly
04-10 10:15:05.407 7439 7439 D TextureView: getHardwareLayer,
createNewSurface:true
04-10 10:15:05.407 7439 8204 V IJKMEDIA: stream 0, sample 87, dts 2866667
04-10 10:15:05.407 7439 8204 V IJKMEDIA: stream 1, sample 105, dts 2438095
04-10 10:15:05.407 7439 8204 V IJKMEDIA: stream 0, sample 88, dts 2900000
04-10 10:15:05.407 7439 8204 V IJKMEDIA: stream 1, sample 105, dts 2438095
04-10 10:15:05.408 7439 7439 I BufferQueueConsumer: [](id:1d0f00000000,api:0,p:-
1,c:7439) connect(): controlledByApp=true
04-10 10:15:05.408 7439 7439 W tv.danmaku.ijk.media.player.IjkMediaPlayer:
setScreenOnWhilePlaying(true) is ineffective for Surface
04-10 10:15:05.408 7439 7439 D IJKMEDIA: IjkMediaPlayer_setVideoSurface
04-10 10:15:05.408 7439 7439 D IJKMEDIA:
ijkmp_set_android_surface(surface=0xffefeeb8)
04-10 10:15:05.408 7439 7439 D IJKMEDIA: ffpipeline_set_surface()
04-10 10:15:05.408 7439 7439 D IJKMEDIA:
ijkmp_set_android_surface(surface=0xffefeeb8)=void
04-10 10:15:05.411 7439 8204 V IJKMEDIA: stream 0, sample 89, dts 2933333
04-10 10:15:05.411 7439 8204 V IJKMEDIA: stream 1, sample 105, dts 2438095
04-10 10:15:05.411 7439 8204 V IJKMEDIA: stream 0, sample 89, dts 2933333
04-10 10:15:05.411 7439 8204 V IJKMEDIA: stream 1, sample 106, dts 2461315
04-10 10:15:05.411 7439 8204 V IJKMEDIA: stream 0, sample 89, dts 2933333
04-10 10:15:05.412 7439 8204 V IJKMEDIA: stream 1, sample 107, dts 2484535
04-10 10:15:05.412 7439 8204 V IJKMEDIA: stream 0, sample 89, dts 2933333
04-10 10:15:05.412 7439 8204 V IJKMEDIA: stream 1, sample 108, dts 2507755
04-10 10:15:05.412 7439 8204 V IJKMEDIA: stream 0, sample 89, dts 2933333
04-10 10:15:05.412 7439 8204 V IJKMEDIA: stream 1, sample 109, dts 2530975
04-10 10:15:05.412 7439 8204 V IJKMEDIA: stream 0, sample 89, dts 2933333
04-10 10:15:05.412 7439 8204 V IJKMEDIA: stream 1, sample 110, dts 2554195
04-10 10:15:05.412 7439 8204 V IJKMEDIA: stream 0, sample 89, dts 2933333
04-10 10:15:05.412 7439 8204 V IJKMEDIA: stream 1, sample 111, dts 2577415
04-10 10:15:05.412 7439 8204 V IJKMEDIA: stream 0, sample 89, dts 2933333
04-10 10:15:05.412 7439 8204 V IJKMEDIA: stream 1, sample 112, dts 2600635
04-10 10:15:05.412 7439 8204 V IJKMEDIA: stream 0, sample 89, dts 2933333
04-10 10:15:05.412 7439 8204 V IJKMEDIA: stream 1, sample 113, dts 2623855
04-10 10:15:05.412 7439 7439 I tv.danmaku.ijk.media.player.IjkMediaPlayer: Info:
MEDIA_INFO_VIDEO_RENDERING_START
04-10 10:15:05.412 7439 8204 V IJKMEDIA: stream 0, sample 89, dts 2933333
04-10 10:15:05.412 7439 8204 V IJKMEDIA: stream 1, sample 114, dts 2647075
04-10 10:15:05.412 7439 8204 V IJKMEDIA: stream 0, sample 89, dts 2933333
04-10 10:15:05.412 7439 8204 V IJKMEDIA: stream 1, sample 115, dts 2670295
04-10 10:15:05.412 7439 8204 V IJKMEDIA: stream 0, sample 89, dts 2933333
04-10 10:15:05.412 7439 8204 V IJKMEDIA: stream 1, sample 116, dts 2693515
04-10 10:15:05.412 7439 8204 V IJKMEDIA: stream 0, sample 89, dts 2933333
04-10 10:15:05.412 7439 8204 V IJKMEDIA: stream 1, sample 117, dts 2716735
04-10 10:15:05.412 7439 8204 V IJKMEDIA: stream 0, sample 89, dts 2933333
04-10 10:15:05.412 7439 8204 V IJKMEDIA: stream 1, sample 118, dts 2739955
04-10 10:15:05.412 7439 8204 V IJKMEDIA: stream 0, sample 89, dts 2933333
04-10 10:15:05.412 7439 8204 V IJKMEDIA: stream 1, sample 119, dts 2763175
04-10 10:15:05.412 7439 8204 V IJKMEDIA: stream 0, sample 89, dts 2933333
04-10 10:15:05.412 7439 8204 V IJKMEDIA: stream 1, sample 120, dts 2786395
04-10 10:15:05.412 7439 8204 V IJKMEDIA: stream 0, sample 89, dts 2933333
04-10 10:15:05.412 7439 8204 V IJKMEDIA: stream 1, sample 121, dts 2809615
04-10 10:15:05.412 7439 8204 V IJKMEDIA: stream 0, sample 89, dts 2933333
04-10 10:15:05.412 7439 8204 V IJKMEDIA: stream 1, sample 122, dts 2832834
04-10 10:15:05.412 7439 8204 V IJKMEDIA: stream 0, sample 89, dts 2933333
04-10 10:15:05.412 7439 8204 V IJKMEDIA: stream 1, sample 123, dts 2856054
04-10 10:15:05.412 7439 8204 V IJKMEDIA: stream 0, sample 89, dts 2933333
04-10 10:15:05.412 7439 8204 V IJKMEDIA: stream 1, sample 124, dts 2879274
04-10 10:15:05.412 7439 8204 V IJKMEDIA: stream 0, sample 89, dts 2933333
04-10 10:15:05.412 7439 8204 V IJKMEDIA: stream 1, sample 125, dts 2902494
04-10 10:15:05.412 7439 8204 V IJKMEDIA: stream 0, sample 89, dts 2933333
04-10 10:15:05.412 7439 8204 V IJKMEDIA: stream 1, sample 126, dts 2925714
04-10 10:15:05.412 7439 8204 V IJKMEDIA: stream 0, sample 90, dts 2966667
04-10 10:15:05.412 7439 8204 V IJKMEDIA: stream 1, sample 126, dts 2925714
04-10 10:15:05.412 7439 8204 V IJKMEDIA: stream 0, sample 91, dts 3000000
04-10 10:15:05.412 7439 8204 V IJKMEDIA: stream 1, sample 126, dts 2925714
04-10 10:15:05.412 7439 8204 V IJKMEDIA: stream 0, sample 92, dts 3033333
04-10 10:15:05.412 7439 8204 V IJKMEDIA: stream 1, sample 126, dts 2925714
04-10 10:15:05.412 7439 8204 V IJKMEDIA: stream 0, sample 93, dts 3066667
04-10 10:15:05.412 7439 8204 V IJKMEDIA: stream 1, sample 126, dts 2925714
04-10 10:15:05.412 7439 8204 V IJKMEDIA: stream 0, sample 94, dts 3100000
04-10 10:15:05.412 7439 8204 V IJKMEDIA: stream 1, sample 126, dts 2925714
04-10 10:15:05.412 7439 8204 V IJKMEDIA: stream 0, sample 95, dts 3133333
04-10 10:15:05.412 7439 8204 V IJKMEDIA: stream 1, sample 126, dts 2925714
04-10 10:15:05.412 7439 8204 V IJKMEDIA: stream 0, sample 96, dts 3166667
04-10 10:15:05.412 7439 8204 V IJKMEDIA: stream 1, sample 126, dts 2925714
04-10 10:15:05.413 7439 8204 V IJKMEDIA: stream 0, sample 97, dts 3200000
04-10 10:15:05.413 7439 8204 V IJKMEDIA: stream 1, sample 126, dts 2925714
04-10 10:15:05.413 7439 8204 V IJKMEDIA: stream 0, sample 98, dts 3233333
04-10 10:15:05.413 7439 8204 V IJKMEDIA: stream 1, sample 126, dts 2925714
04-10 10:15:05.413 7439 8204 V IJKMEDIA: stream 0, sample 99, dts 3266667
04-10 10:15:05.413 7439 8204 V IJKMEDIA: stream 1, sample 126, dts 2925714
04-10 10:15:05.413 7439 8204 V IJKMEDIA: stream 0, sample 100, dts 3300000
04-10 10:15:05.413 7439 8204 V IJKMEDIA: stream 1, sample 126, dts 2925714
04-10 10:15:05.424 7439 8204 V IJKMEDIA: stream 0, sample 101, dts 3333333
04-10 10:15:05.424 7439 8204 V IJKMEDIA: stream 1, sample 126, dts 2925714
04-10 10:15:05.424 7439 8204 V IJKMEDIA: stream 0, sample 102, dts 3366667
04-10 10:15:05.424 7439 8204 V IJKMEDIA: stream 1, sample 126, dts 2925714
04-10 10:15:05.427 7439 8204 V IJKMEDIA: stream 0, sample 103, dts 3400000
04-10 10:15:05.427 7439 8204 V IJKMEDIA: stream 1, sample 126, dts 2925714
04-10 10:15:05.427 7439 8204 V IJKMEDIA: stream 0, sample 103, dts 3400000
04-10 10:15:05.427 7439 8204 V IJKMEDIA: stream 1, sample 127, dts 2948934
04-10 10:15:05.427 7439 8204 V IJKMEDIA: stream 0, sample 103, dts 3400000
04-10 10:15:05.427 7439 8204 V IJKMEDIA: stream 1, sample 128, dts 2972154
04-10 10:15:05.427 7439 8204 V IJKMEDIA: stream 0, sample 103, dts 3400000
04-10 10:15:05.427 7439 8204 V IJKMEDIA: stream 1, sample 129, dts 2995374
04-10 10:15:05.427 7439 8204 V IJKMEDIA: stream 0, sample 103, dts 3400000
04-10 10:15:05.427 7439 8204 V IJKMEDIA: stream 1, sample 130, dts 3018594
04-10 10:15:05.427 7439 8204 V IJKMEDIA: stream 0, sample 103, dts 3400000
04-10 10:15:05.427 7439 8204 V IJKMEDIA: stream 1, sample 131, dts 3041814
04-10 10:15:05.427 7439 8204 V IJKMEDIA: stream 0, sample 103, dts 3400000
04-10 10:15:05.427 7439 8204 V IJKMEDIA: stream 1, sample 132, dts 3065034
04-10 10:15:05.427 7439 8204 V IJKMEDIA: stream 0, sample 103, dts 3400000
04-10 10:15:05.427 7439 8204 V IJKMEDIA: stream 1, sample 133, dts 3088254
04-10 10:15:05.427 7439 8204 V IJKMEDIA: stream 0, sample 103, dts 3400000
04-10 10:15:05.427 7439 8204 V IJKMEDIA: stream 1, sample 134, dts 3111474
04-10 10:15:05.427 7439 8204 V IJKMEDIA: stream 0, sample 103, dts 3400000
04-10 10:15:05.427 7439 8204 V IJKMEDIA: stream 1, sample 135, dts 3134694
04-10 10:15:05.427 7439 8204 V IJKMEDIA: stream 0, sample 103, dts 3400000
04-10 10:15:05.427 7439 8204 V IJKMEDIA: stream 1, sample 136, dts 3157914
04-10 10:15:05.427 7439 8204 V IJKMEDIA: stream 0, sample 103, dts 3400000
04-10 10:15:05.427 7439 8204 V IJKMEDIA: stream 1, sample 137, dts 3181134
04-10 10:15:05.427 7439 8204 V IJKMEDIA: stream 0, sample 103, dts 3400000
04-10 10:15:05.427 7439 8204 V IJKMEDIA: stream 1, sample 138, dts 3204354
04-10 10:15:05.427 7439 8204 V IJKMEDIA: stream 0, sample 103, dts 3400000
04-10 10:15:05.427 7439 8204 V IJKMEDIA: stream 1, sample 139, dts 3227574
04-10 10:15:05.427 7439 8204 V IJKMEDIA: stream 0, sample 103, dts 3400000
04-10 10:15:05.427 7439 8204 V IJKMEDIA: stream 1, sample 140, dts 3250794
04-10 10:15:05.427 7439 8204 V IJKMEDIA: stream 0, sample 103, dts 3400000
04-10 10:15:05.427 7439 8204 V IJKMEDIA: stream 1, sample 141, dts 3274014
04-10 10:15:05.427 7439 8204 V IJKMEDIA: stream 0, sample 103, dts 3400000
04-10 10:15:05.427 7439 8204 V IJKMEDIA: stream 1, sample 142, dts 3297234
04-10 10:15:05.427 7439 8204 V IJKMEDIA: stream 0, sample 103, dts 3400000
04-10 10:15:05.427 7439 8204 V IJKMEDIA: stream 1, sample 143, dts 3320454
04-10 10:15:05.427 7439 8204 V IJKMEDIA: stream 0, sample 103, dts 3400000
04-10 10:15:05.427 7439 8204 V IJKMEDIA: stream 1, sample 144, dts 3343673
04-10 10:15:05.427 7439 8204 V IJKMEDIA: stream 0, sample 103, dts 3400000
04-10 10:15:05.427 7439 8204 V IJKMEDIA: stream 1, sample 145, dts 3366893
04-10 10:15:05.427 7439 8204 V IJKMEDIA: stream 0, sample 103, dts 3400000
04-10 10:15:05.427 7439 8204 V IJKMEDIA: stream 1, sample 146, dts 3390113
04-10 10:15:05.427 7439 8204 V IJKMEDIA: stream 0, sample 103, dts 3400000
04-10 10:15:05.427 7439 8204 V IJKMEDIA: stream 1, sample 147, dts 3413333
04-10 10:15:05.427 7439 8204 V IJKMEDIA: stream 0, sample 104, dts 3433333
04-10 10:15:05.427 7439 8204 V IJKMEDIA: stream 1, sample 147, dts 3413333
04-10 10:15:05.427 7439 8204 V IJKMEDIA: stream 0, sample 105, dts 3466667
04-10 10:15:05.427 7439 8204 V IJKMEDIA: stream 1, sample 147, dts 3413333
04-10 10:15:05.427 7439 8204 V IJKMEDIA: stream 0, sample 106, dts 3500000
04-10 10:15:05.427 7439 8204 V IJKMEDIA: stream 1, sample 147, dts 3413333
04-10 10:15:05.427 7439 8204 V IJKMEDIA: stream 0, sample 107, dts 3533333
04-10 10:15:05.427 7439 8204 V IJKMEDIA: stream 1, sample 147, dts 3413333
04-10 10:15:05.427 7439 8204 V IJKMEDIA: stream 0, sample 108, dts 3566667
04-10 10:15:05.427 7439 8204 V IJKMEDIA: stream 1, sample 147, dts 3413333
04-10 10:15:05.428 7439 8203 D IJKMEDIA: ANativeWindow_setBuffersGeometry:
w=1082, h=609, f=#(0x1) => w=1280, h=720, f=RV32(0x32335652)
04-10 10:15:05.428 7439 8203 I BufferQueueProducer: [SurfaceTexture-0-7439-0]
(id:1d0f00000000,api:2,p:7439,c:7439) connect(): api=2 producerControlledByApp=true
04-10 10:15:05.428 7439 8204 V IJKMEDIA: stream 0, sample 109, dts 3600000
04-10 10:15:05.428 7439 8204 V IJKMEDIA: stream 1, sample 147, dts 3413333
04-10 10:15:05.428 7439 8204 V IJKMEDIA: stream 0, sample 110, dts 3633333
04-10 10:15:05.428 7439 8204 V IJKMEDIA: stream 1, sample 147, dts 3413333
04-10 10:15:05.428 7439 8204 V IJKMEDIA: stream 0, sample 111, dts 3666667
04-10 10:15:05.428 7439 8204 V IJKMEDIA: stream 1, sample 147, dts 3413333
04-10 10:15:05.428 7439 8204 V IJKMEDIA: stream 0, sample 112, dts 3700000
04-10 10:15:05.428 7439 8204 V IJKMEDIA: stream 1, sample 147, dts 3413333
04-10 10:15:05.428 7439 8204 V IJKMEDIA: stream 0, sample 113, dts 3733333
04-10 10:15:05.428 7439 8204 V IJKMEDIA: stream 1, sample 147, dts 3413333
04-10 10:15:05.428 7439 8204 V IJKMEDIA: stream 0, sample 114, dts 3766667
04-10 10:15:05.428 7439 8204 V IJKMEDIA: stream 1, sample 147, dts 3413333
04-10 10:15:05.428 7439 8204 V IJKMEDIA: stream 0, sample 115, dts 3800000
04-10 10:15:05.428 7439 8204 V IJKMEDIA: stream 1, sample 147, dts 3413333
04-10 10:15:05.428 7439 8204 V IJKMEDIA: stream 0, sample 116, dts 3833333
04-10 10:15:05.428 7439 8204 V IJKMEDIA: stream 1, sample 147, dts 3413333
04-10 10:15:05.431 7439 8216 D IJKMEDIA: nal_unit_type: 1, nal_ref_idc: 1
04-10 10:15:05.433 7439 8204 V IJKMEDIA: stream 0, sample 117, dts 3866667
04-10 10:15:05.433 7439 8204 V IJKMEDIA: stream 1, sample 147, dts 3413333
04-10 10:15:05.433 7439 8204 V IJKMEDIA: stream 0, sample 117, dts 3866667
04-10 10:15:05.433 7439 8204 V IJKMEDIA: stream 1, sample 148, dts 3436553
04-10 10:15:05.433 7439 8204 V IJKMEDIA: stream 0, sample 117, dts 3866667
04-10 10:15:05.433 7439 8204 V IJKMEDIA: stream 1, sample 149, dts 3459773
04-10 10:15:05.433 7439 8204 V IJKMEDIA: stream 0, sample 117, dts 3866667
04-10 10:15:05.433 7439 8204 V IJKMEDIA: stream 1, sample 150, dts 3482993
04-10 10:15:05.433 7439 8204 V IJKMEDIA: stream 0, sample 117, dts 3866667
04-10 10:15:05.433 7439 8204 V IJKMEDIA: stream 1, sample 151, dts 3506213
04-10 10:15:05.433 7439 8204 V IJKMEDIA: stream 0, sample 117, dts 3866667
04-10 10:15:05.433 7439 8204 V IJKMEDIA: stream 1, sample 152, dts 3529433
04-10 10:15:05.433 7439 8204 V IJKMEDIA: stream 0, sample 117, dts 3866667
04-10 10:15:05.433 7439 8204 V IJKMEDIA: stream 1, sample 153, dts 3552653
04-10 10:15:05.433 7439 8204 V IJKMEDIA: stream 0, sample 117, dts 3866667
04-10 10:15:05.433 7439 8204 V IJKMEDIA: stream 1, sample 154, dts 3575873
04-10 10:15:05.433 7439 8204 V IJKMEDIA: stream 0, sample 117, dts 3866667
04-10 10:15:05.433 7439 8204 V IJKMEDIA: stream 1, sample 155, dts 3599093
04-10 10:15:05.433 7439 8204 V IJKMEDIA: stream 0, sample 117, dts 3866667
04-10 10:15:05.433 7439 8204 V IJKMEDIA: stream 1, sample 156, dts 3622313
04-10 10:15:05.433 7439 8204 V IJKMEDIA: stream 0, sample 117, dts 3866667
04-10 10:15:05.433 7439 8204 V IJKMEDIA: stream 1, sample 157, dts 3645533
04-10 10:15:05.434 7439 8204 V IJKMEDIA: stream 0, sample 117, dts 3866667
04-10 10:15:05.434 7439 8204 V IJKMEDIA: stream 1, sample 158, dts 3668753
04-10 10:15:05.434 7439 8204 V IJKMEDIA: stream 0, sample 117, dts 3866667
04-10 10:15:05.434 7439 8204 V IJKMEDIA: stream 1, sample 159, dts 3691973
04-10 10:15:05.434 7439 8204 V IJKMEDIA: stream 0, sample 117, dts 3866667
04-10 10:15:05.434 7439 8204 V IJKMEDIA: stream 1, sample 160, dts 3715193
04-10 10:15:05.434 7439 8204 V IJKMEDIA: stream 0, sample 117, dts 3866667
04-10 10:15:05.434 7439 8204 V IJKMEDIA: stream 1, sample 161, dts 3738413
04-10 10:15:05.434 7439 8204 V IJKMEDIA: stream 0, sample 117, dts 3866667
04-10 10:15:05.434 7439 8204 V IJKMEDIA: stream 1, sample 162, dts 3761633
04-10 10:15:05.434 7439 8204 V IJKMEDIA: stream 0, sample 117, dts 3866667
04-10 10:15:05.434 7439 8204 V IJKMEDIA: stream 1, sample 163, dts 3784853
04-10 10:15:05.434 7439 8204 V IJKMEDIA: stream 0, sample 117, dts 3866667
04-10 10:15:05.434 7439 8204 V IJKMEDIA: stream 1, sample 164, dts 3808073
04-10 10:15:05.434 7439 8204 V IJKMEDIA: stream 0, sample 117, dts 3866667
04-10 10:15:05.434 7439 8204 V IJKMEDIA: stream 1, sample 165, dts 3831293
04-10 10:15:05.434 7439 8204 V IJKMEDIA: stream 0, sample 117, dts 3866667
04-10 10:15:05.434 7439 8204 V IJKMEDIA: stream 1, sample 166, dts 3854512
04-10 10:15:05.434 7439 8204 V IJKMEDIA: stream 0, sample 117, dts 3866667
04-10 10:15:05.434 7439 8204 V IJKMEDIA: stream 1, sample 167, dts 3877732
04-10 10:15:05.434 7439 8204 V IJKMEDIA: stream 0, sample 117, dts 3866667
04-10 10:15:05.434 7439 8204 V IJKMEDIA: stream 1, sample 168, dts 3900952
04-10 10:15:05.434 7439 8204 V IJKMEDIA: stream 0, sample 118, dts 3900000
04-10 10:15:05.434 7439 8204 V IJKMEDIA: stream 1, sample 168, dts 3900952
04-10 10:15:05.455 7439 8204 V IJKMEDIA: stream 0, sample 119, dts 3933333
04-10 10:15:05.455 7439 8204 V IJKMEDIA: stream 1, sample 168, dts 3900952
04-10 10:15:05.455 7439 8204 V IJKMEDIA: stream 0, sample 120, dts 3966667
04-10 10:15:05.455 7439 8204 V IJKMEDIA: stream 1, sample 168, dts 3900952
04-10 10:15:05.455 7439 8204 V IJKMEDIA: stream 0, sample 121, dts 4000000
04-10 10:15:05.455 7439 8204 V IJKMEDIA: stream 1, sample 168, dts 3900952
04-10 10:15:05.455 7439 8204 V IJKMEDIA: stream 0, sample 122, dts 4033333
04-10 10:15:05.455 7439 8204 V IJKMEDIA: stream 1, sample 168, dts 3900952
04-10 10:15:05.455 7439 8204 V IJKMEDIA: stream 0, sample 123, dts 4066667
04-10 10:15:05.455 7439 8204 V IJKMEDIA: stream 1, sample 168, dts 3900952
04-10 10:15:05.455 7439 8204 V IJKMEDIA: stream 0, sample 124, dts 4100000
04-10 10:15:05.455 7439 8204 V IJKMEDIA: stream 1, sample 168, dts 3900952
04-10 10:15:05.455 7439 8204 V IJKMEDIA: stream 0, sample 125, dts 4133333
