04-10 10:15:06.915 7439 8204 V IJKMEDIA: stream 1, sample 1127, dts 26168889
04-10 10:15:06.915 7439 8204 V IJKMEDIA: stream 0, sample 789, dts 26266667
04-10 10:15:06.915 7439 8204 V IJKMEDIA: stream 1, sample 1128, dts 26192109
04-10 10:15:06.915 7439 8204 V IJKMEDIA: stream 0, sample 789, dts 26266667
04-10 10:15:06.915 7439 8204 V IJKMEDIA: stream 1, sample 1129, dts 26215329
04-10 10:15:06.915 7439 8204 V IJKMEDIA: stream 0, sample 789, dts 26266667
04-10 10:15:06.915 7439 8204 V IJKMEDIA: stream 1, sample 1130, dts 26238549
04-10 10:15:06.915 7439 8204 V IJKMEDIA: stream 0, sample 789, dts 26266667
04-10 10:15:06.915 7439 8204 V IJKMEDIA: stream 1, sample 1131, dts 26261769
04-10 10:15:06.915 7439 8204 V IJKMEDIA: stream 0, sample 790, dts 26300000
04-10 10:15:06.915 7439 8204 V IJKMEDIA: stream 1, sample 1131, dts 26261769
04-10 10:15:06.915 7439 8204 V IJKMEDIA: stream 0, sample 791, dts 26333333
04-10 10:15:06.915 7439 8204 V IJKMEDIA: stream 1, sample 1131, dts 26261769
04-10 10:15:06.915 7439 8204 V IJKMEDIA: stream 0, sample 792, dts 26366667
04-10 10:15:06.915 7439 8204 V IJKMEDIA: stream 1, sample 1131, dts 26261769
04-10 10:15:06.915 7439 8204 V IJKMEDIA: stream 0, sample 793, dts 26400000
04-10 10:15:06.915 7439 8204 V IJKMEDIA: stream 1, sample 1131, dts 26261769
04-10 10:15:06.915 7439 8204 V IJKMEDIA: stream 0, sample 794, dts 26433333
04-10 10:15:06.915 7439 8204 V IJKMEDIA: stream 1, sample 1131, dts 26261769
04-10 10:15:06.915 7439 8204 V IJKMEDIA: stream 0, sample 795, dts 26466667
04-10 10:15:06.915 7439 8204 V IJKMEDIA: stream 1, sample 1131, dts 26261769
04-10 10:15:06.915 7439 8204 V IJKMEDIA: stream 0, sample 796, dts 26500000
04-10 10:15:06.915 7439 8204 V IJKMEDIA: stream 1, sample 1131, dts 26261769
04-10 10:15:06.915 7439 8204 V IJKMEDIA: stream 0, sample 797, dts 26533333
04-10 10:15:06.915 7439 8204 V IJKMEDIA: stream 1, sample 1131, dts 26261769
04-10 10:15:06.922 7439 8204 V IJKMEDIA: stream 0, sample 798, dts 26566667
04-10 10:15:06.922 7439 8204 V IJKMEDIA: stream 1, sample 1131, dts 26261769
04-10 10:15:06.922 7439 8204 V IJKMEDIA: stream 0, sample 799, dts 26600000
04-10 10:15:06.922 7439 8204 V IJKMEDIA: stream 1, sample 1131, dts 26261769
04-10 10:15:06.922 7439 8204 V IJKMEDIA: stream 0, sample 800, dts 26633333
04-10 10:15:06.922 7439 8204 V IJKMEDIA: stream 1, sample 1131, dts 26261769
04-10 10:15:06.931 7439 8215 D IJKMEDIA: nal_unit_type: 1, nal_ref_idc: 1
04-10 10:15:06.961 7439 8204 V IJKMEDIA: stream 0, sample 801, dts 26666667
04-10 10:15:06.961 7439 8204 V IJKMEDIA: stream 1, sample 1131, dts 26261769
04-10 10:15:06.961 7439 8204 V IJKMEDIA: stream 0, sample 802, dts 26700000
04-10 10:15:06.961 7439 8204 V IJKMEDIA: stream 1, sample 1131, dts 26261769
04-10 10:15:06.961 7439 8204 V IJKMEDIA: stream 0, sample 803, dts 26733333
04-10 10:15:06.961 7439 8204 V IJKMEDIA: stream 1, sample 1131, dts 26261769
04-10 10:15:06.961 7439 8204 V IJKMEDIA: stream 0, sample 803, dts 26733333
04-10 10:15:06.961 7439 8204 V IJKMEDIA: stream 1, sample 1132, dts 26284989
04-10 10:15:06.961 7439 8204 V IJKMEDIA: stream 0, sample 803, dts 26733333
04-10 10:15:06.961 7439 8204 V IJKMEDIA: stream 1, sample 1133, dts 26308209
04-10 10:15:06.961 7439 8204 V IJKMEDIA: stream 0, sample 803, dts 26733333
04-10 10:15:06.961 7439 8204 V IJKMEDIA: stream 1, sample 1134, dts 26331429
04-10 10:15:06.961 7439 8204 V IJKMEDIA: stream 0, sample 803, dts 26733333
04-10 10:15:06.961 7439 8204 V IJKMEDIA: stream 1, sample 1135, dts 26354649
04-10 10:15:06.961 7439 8204 V IJKMEDIA: stream 0, sample 803, dts 26733333
04-10 10:15:06.961 7439 8204 V IJKMEDIA: stream 1, sample 1136, dts 26377868
04-10 10:15:06.961 7439 8204 V IJKMEDIA: stream 0, sample 803, dts 26733333
04-10 10:15:06.961 7439 8204 V IJKMEDIA: stream 1, sample 1137, dts 26401088
04-10 10:15:06.961 7439 8204 V IJKMEDIA: stream 0, sample 803, dts 26733333
04-10 10:15:06.961 7439 8204 V IJKMEDIA: stream 1, sample 1138, dts 26424308
04-10 10:15:06.961 7439 8204 V IJKMEDIA: stream 0, sample 803, dts 26733333
04-10 10:15:06.961 7439 8204 V IJKMEDIA: stream 1, sample 1139, dts 26447528
04-10 10:15:06.961 7439 8204 V IJKMEDIA: stream 0, sample 803, dts 26733333
04-10 10:15:06.961 7439 8204 V IJKMEDIA: stream 1, sample 1140, dts 26470748
04-10 10:15:06.961 7439 8204 V IJKMEDIA: stream 0, sample 803, dts 26733333
04-10 10:15:06.961 7439 8204 V IJKMEDIA: stream 1, sample 1141, dts 26493968
04-10 10:15:06.962 7439 8204 V IJKMEDIA: stream 0, sample 803, dts 26733333
04-10 10:15:06.962 7439 8204 V IJKMEDIA: stream 1, sample 1142, dts 26517188
04-10 10:15:06.962 7439 8204 V IJKMEDIA: stream 0, sample 803, dts 26733333
04-10 10:15:06.962 7439 8204 V IJKMEDIA: stream 1, sample 1143, dts 26540408
04-10 10:15:06.962 7439 8204 V IJKMEDIA: stream 0, sample 803, dts 26733333
04-10 10:15:06.962 7439 8204 V IJKMEDIA: stream 1, sample 1144, dts 26563628
04-10 10:15:06.962 7439 8204 V IJKMEDIA: stream 0, sample 803, dts 26733333
04-10 10:15:06.962 7439 8204 V IJKMEDIA: stream 1, sample 1145, dts 26586848
04-10 10:15:06.962 7439 8204 V IJKMEDIA: stream 0, sample 803, dts 26733333
04-10 10:15:06.962 7439 8204 V IJKMEDIA: stream 1, sample 1146, dts 26610068
04-10 10:15:06.962 7439 8204 V IJKMEDIA: stream 0, sample 803, dts 26733333
04-10 10:15:06.962 7439 8204 V IJKMEDIA: stream 1, sample 1147, dts 26633288
04-10 10:15:06.962 7439 8204 V IJKMEDIA: stream 0, sample 803, dts 26733333
04-10 10:15:06.962 7439 8204 V IJKMEDIA: stream 1, sample 1148, dts 26656508
04-10 10:15:06.962 7439 8204 V IJKMEDIA: stream 0, sample 803, dts 26733333
04-10 10:15:06.962 7439 8204 V IJKMEDIA: stream 1, sample 1149, dts 26679728
04-10 10:15:06.962 7439 8204 V IJKMEDIA: stream 0, sample 803, dts 26733333
04-10 10:15:06.962 7439 8204 V IJKMEDIA: stream 1, sample 1150, dts 26702948
04-10 10:15:06.962 7439 8204 V IJKMEDIA: stream 0, sample 803, dts 26733333
04-10 10:15:06.962 7439 8204 V IJKMEDIA: stream 1, sample 1151, dts 26726168
04-10 10:15:06.962 7439 8204 V IJKMEDIA: stream 0, sample 804, dts 26766667
04-10 10:15:06.962 7439 8204 V IJKMEDIA: stream 1, sample 1151, dts 26726168
04-10 10:15:06.962 7439 8204 V IJKMEDIA: stream 0, sample 805, dts 26800000
04-10 10:15:06.962 7439 8204 V IJKMEDIA: stream 1, sample 1151, dts 26726168
04-10 10:15:06.962 7439 8204 V IJKMEDIA: stream 0, sample 806, dts 26833333
04-10 10:15:06.962 7439 8204 V IJKMEDIA: stream 1, sample 1151, dts 26726168
04-10 10:15:06.964 7439 8204 V IJKMEDIA: stream 0, sample 807, dts 26866667
04-10 10:15:06.964 7439 8204 V IJKMEDIA: stream 1, sample 1151, dts 26726168
04-10 10:15:06.964 7439 8216 D IJKMEDIA: nal_unit_type: 1, nal_ref_idc: 1
04-10 10:15:06.987 7439 8204 V IJKMEDIA: stream 0, sample 808, dts 26900000
04-10 10:15:06.987 7439 8204 V IJKMEDIA: stream 1, sample 1151, dts 26726168
04-10 10:15:06.987 7439 8204 V IJKMEDIA: stream 0, sample 809, dts 26933333
04-10 10:15:06.987 7439 8204 V IJKMEDIA: stream 1, sample 1151, dts 26726168
04-10 10:15:06.987 7439 8204 V IJKMEDIA: stream 0, sample 810, dts 26966667
04-10 10:15:06.987 7439 8204 V IJKMEDIA: stream 1, sample 1151, dts 26726168
04-10 10:15:06.987 7439 8204 V IJKMEDIA: stream 0, sample 811, dts 27000000
04-10 10:15:06.987 7439 8204 V IJKMEDIA: stream 1, sample 1151, dts 26726168
04-10 10:15:06.988 7439 8204 V IJKMEDIA: stream 0, sample 812, dts 27033333
04-10 10:15:06.988 7439 8204 V IJKMEDIA: stream 1, sample 1151, dts 26726168
04-10 10:15:06.988 7439 8204 V IJKMEDIA: stream 0, sample 813, dts 27066667
04-10 10:15:06.988 7439 8204 V IJKMEDIA: stream 1, sample 1151, dts 26726168
04-10 10:15:06.988 7439 8204 V IJKMEDIA: stream 0, sample 814, dts 27100000
04-10 10:15:06.988 7439 8204 V IJKMEDIA: stream 1, sample 1151, dts 26726168
04-10 10:15:06.988 7439 8204 V IJKMEDIA: stream 0, sample 815, dts 27133333
04-10 10:15:06.988 7439 8204 V IJKMEDIA: stream 1, sample 1151, dts 26726168
04-10 10:15:06.988 7439 8204 V IJKMEDIA: stream 0, sample 816, dts 27166667
04-10 10:15:06.988 7439 8204 V IJKMEDIA: stream 1, sample 1151, dts 26726168
04-10 10:15:06.988 7439 8204 V IJKMEDIA: stream 0, sample 817, dts 27200000
04-10 10:15:06.988 7439 8204 V IJKMEDIA: stream 1, sample 1151, dts 26726168
04-10 10:15:06.988 7439 8204 V IJKMEDIA: stream 0, sample 817, dts 27200000
04-10 10:15:06.988 7439 8204 V IJKMEDIA: stream 1, sample 1152, dts 26749388
04-10 10:15:06.988 7439 8204 V IJKMEDIA: stream 0, sample 817, dts 27200000
04-10 10:15:06.988 7439 8204 V IJKMEDIA: stream 1, sample 1153, dts 26772608
04-10 10:15:06.988 7439 8204 V IJKMEDIA: stream 0, sample 817, dts 27200000
04-10 10:15:06.988 7439 8204 V IJKMEDIA: stream 1, sample 1154, dts 26795828
04-10 10:15:06.988 7439 8204 V IJKMEDIA: stream 0, sample 817, dts 27200000
04-10 10:15:06.988 7439 8204 V IJKMEDIA: stream 1, sample 1155, dts 26819048
04-10 10:15:06.988 7439 8204 V IJKMEDIA: stream 0, sample 817, dts 27200000
04-10 10:15:06.988 7439 8204 V IJKMEDIA: stream 1, sample 1156, dts 26842268
04-10 10:15:06.988 7439 8204 V IJKMEDIA: stream 0, sample 817, dts 27200000
04-10 10:15:06.988 7439 8204 V IJKMEDIA: stream 1, sample 1157, dts 26865488
04-10 10:15:06.988 7439 8204 V IJKMEDIA: stream 0, sample 817, dts 27200000
04-10 10:15:06.988 7439 8204 V IJKMEDIA: stream 1, sample 1158, dts 26888707
04-10 10:15:06.988 7439 8204 V IJKMEDIA: stream 0, sample 817, dts 27200000
04-10 10:15:06.988 7439 8204 V IJKMEDIA: stream 1, sample 1159, dts 26911927
04-10 10:15:06.988 7439 8204 V IJKMEDIA: stream 0, sample 817, dts 27200000
04-10 10:15:06.988 7439 8204 V IJKMEDIA: stream 1, sample 1160, dts 26935147
04-10 10:15:06.988 7439 8204 V IJKMEDIA: stream 0, sample 817, dts 27200000
04-10 10:15:06.988 7439 8204 V IJKMEDIA: stream 1, sample 1161, dts 26958367
04-10 10:15:06.988 7439 8204 V IJKMEDIA: stream 0, sample 817, dts 27200000
04-10 10:15:06.988 7439 8204 V IJKMEDIA: stream 1, sample 1162, dts 26981587
04-10 10:15:06.988 7439 8204 V IJKMEDIA: stream 0, sample 817, dts 27200000
04-10 10:15:06.988 7439 8204 V IJKMEDIA: stream 1, sample 1163, dts 27004807
04-10 10:15:06.989 7439 8204 V IJKMEDIA: stream 0, sample 817, dts 27200000
04-10 10:15:06.989 7439 8204 V IJKMEDIA: stream 1, sample 1164, dts 27028027
04-10 10:15:06.989 7439 8204 V IJKMEDIA: stream 0, sample 817, dts 27200000
04-10 10:15:06.989 7439 8204 V IJKMEDIA: stream 1, sample 1165, dts 27051247
04-10 10:15:06.989 7439 8204 V IJKMEDIA: stream 0, sample 817, dts 27200000
04-10 10:15:06.989 7439 8204 V IJKMEDIA: stream 1, sample 1166, dts 27074467
04-10 10:15:06.989 7439 8204 V IJKMEDIA: stream 0, sample 817, dts 27200000
04-10 10:15:06.989 7439 8204 V IJKMEDIA: stream 1, sample 1167, dts 27097687
04-10 10:15:06.989 7439 8204 V IJKMEDIA: stream 0, sample 817, dts 27200000
04-10 10:15:06.989 7439 8204 V IJKMEDIA: stream 1, sample 1168, dts 27120907
04-10 10:15:06.989 7439 8204 V IJKMEDIA: stream 0, sample 817, dts 27200000
04-10 10:15:06.989 7439 8204 V IJKMEDIA: stream 1, sample 1169, dts 27144127
04-10 10:15:06.989 7439 8204 V IJKMEDIA: stream 0, sample 817, dts 27200000
04-10 10:15:06.989 7439 8204 V IJKMEDIA: stream 1, sample 1170, dts 27167347
04-10 10:15:06.989 7439 8204 V IJKMEDIA: stream 0, sample 817, dts 27200000
04-10 10:15:06.989 7439 8204 V IJKMEDIA: stream 1, sample 1171, dts 27190567
04-10 10:15:06.989 7439 8204 V IJKMEDIA: stream 0, sample 818, dts 27233333
04-10 10:15:06.989 7439 8204 V IJKMEDIA: stream 1, sample 1171, dts 27190567
04-10 10:15:06.989 7439 8204 V IJKMEDIA: stream 0, sample 819, dts 27266667
04-10 10:15:06.989 7439 8204 V IJKMEDIA: stream 1, sample 1171, dts 27190567
04-10 10:15:06.989 7439 8204 V IJKMEDIA: stream 0, sample 820, dts 27300000
04-10 10:15:06.989 7439 8204 V IJKMEDIA: stream 1, sample 1171, dts 27190567
04-10 10:15:06.989 7439 8204 V IJKMEDIA: stream 0, sample 821, dts 27333333
04-10 10:15:06.989 7439 8204 V IJKMEDIA: stream 1, sample 1171, dts 27190567
04-10 10:15:06.992 7439 8204 V IJKMEDIA: stream 0, sample 822, dts 27366667
04-10 10:15:06.992 7439 8204 V IJKMEDIA: stream 1, sample 1171, dts 27190567
04-10 10:15:06.992 7439 8204 V IJKMEDIA: stream 0, sample 823, dts 27400000
04-10 10:15:06.992 7439 8204 V IJKMEDIA: stream 1, sample 1171, dts 27190567
04-10 10:15:06.993 7439 8204 V IJKMEDIA: stream 0, sample 824, dts 27433333
04-10 10:15:06.993 7439 8204 V IJKMEDIA: stream 1, sample 1171, dts 27190567
04-10 10:15:06.997 7439 8217 D IJKMEDIA: nal_unit_type: 1, nal_ref_idc: 1
04-10 10:15:07.007 7439 8204 V IJKMEDIA: stream 0, sample 825, dts 27466667
04-10 10:15:07.007 7439 8204 V IJKMEDIA: stream 1, sample 1171, dts 27190567
04-10 10:15:07.007 7439 8204 V IJKMEDIA: stream 0, sample 826, dts 27500000
04-10 10:15:07.007 7439 8204 V IJKMEDIA: stream 1, sample 1171, dts 27190567
04-10 10:15:07.008 7439 8204 V IJKMEDIA: stream 0, sample 827, dts 27533333
04-10 10:15:07.008 7439 8204 V IJKMEDIA: stream 1, sample 1171, dts 27190567
04-10 10:15:07.008 7439 8204 V IJKMEDIA: stream 0, sample 828, dts 27566667
04-10 10:15:07.008 7439 8204 V IJKMEDIA: stream 1, sample 1171, dts 27190567
04-10 10:15:07.008 7439 8204 V IJKMEDIA: stream 0, sample 829, dts 27600000
04-10 10:15:07.008 7439 8204 V IJKMEDIA: stream 1, sample 1171, dts 27190567
04-10 10:15:07.008 7439 8204 V IJKMEDIA: stream 0, sample 830, dts 27633333
04-10 10:15:07.008 7439 8204 V IJKMEDIA: stream 1, sample 1171, dts 27190567
04-10 10:15:07.008 7439 8204 V IJKMEDIA: stream 0, sample 831, dts 27666667
04-10 10:15:07.008 7439 8204 V IJKMEDIA: stream 1, sample 1171, dts 27190567
04-10 10:15:07.008 7439 8204 V IJKMEDIA: stream 0, sample 831, dts 27666667
04-10 10:15:07.008 7439 8204 V IJKMEDIA: stream 1, sample 1172, dts 27213787
04-10 10:15:07.008 7439 8204 V IJKMEDIA: stream 0, sample 831, dts 27666667
04-10 10:15:07.008 7439 8204 V IJKMEDIA: stream 1, sample 1173, dts 27237007
04-10 10:15:07.008 7439 8204 V IJKMEDIA: stream 0, sample 831, dts 27666667
04-10 10:15:07.008 7439 8204 V IJKMEDIA: stream 1, sample 1174, dts 27260227
04-10 10:15:07.008 7439 8204 V IJKMEDIA: stream 0, sample 831, dts 27666667
04-10 10:15:07.008 7439 8204 V IJKMEDIA: stream 1, sample 1175, dts 27283447
04-10 10:15:07.008 7439 8204 V IJKMEDIA: stream 0, sample 831, dts 27666667
04-10 10:15:07.008 7439 8204 V IJKMEDIA: stream 1, sample 1176, dts 27306667
04-10 10:15:07.008 7439 8204 V IJKMEDIA: stream 0, sample 831, dts 27666667
04-10 10:15:07.008 7439 8204 V IJKMEDIA: stream 1, sample 1177, dts 27329887
04-10 10:15:07.008 7439 8204 V IJKMEDIA: stream 0, sample 831, dts 27666667
04-10 10:15:07.008 7439 8204 V IJKMEDIA: stream 1, sample 1178, dts 27353107
04-10 10:15:07.008 7439 8204 V IJKMEDIA: stream 0, sample 831, dts 27666667
04-10 10:15:07.008 7439 8204 V IJKMEDIA: stream 1, sample 1179, dts 27376327
04-10 10:15:07.008 7439 8204 V IJKMEDIA: stream 0, sample 831, dts 27666667
04-10 10:15:07.008 7439 8204 V IJKMEDIA: stream 1, sample 1180, dts 27399546
04-10 10:15:07.008 7439 8204 V IJKMEDIA: stream 0, sample 831, dts 27666667
04-10 10:15:07.008 7439 8204 V IJKMEDIA: stream 1, sample 1181, dts 27422766
04-10 10:15:07.008 7439 8204 V IJKMEDIA: stream 0, sample 831, dts 27666667
04-10 10:15:07.008 7439 8204 V IJKMEDIA: stream 1, sample 1182, dts 27445986
04-10 10:15:07.008 7439 8204 V IJKMEDIA: stream 0, sample 831, dts 27666667
04-10 10:15:07.008 7439 8204 V IJKMEDIA: stream 1, sample 1183, dts 27469206
04-10 10:15:07.008 7439 8204 V IJKMEDIA: stream 0, sample 831, dts 27666667
04-10 10:15:07.008 7439 8204 V IJKMEDIA: stream 1, sample 1184, dts 27492426
04-10 10:15:07.008 7439 8204 V IJKMEDIA: stream 0, sample 831, dts 27666667
04-10 10:15:07.008 7439 8204 V IJKMEDIA: stream 1, sample 1185, dts 27515646
04-10 10:15:07.008 7439 8204 V IJKMEDIA: stream 0, sample 831, dts 27666667
04-10 10:15:07.008 7439 8204 V IJKMEDIA: stream 1, sample 1186, dts 27538866
04-10 10:15:07.008 7439 8204 V IJKMEDIA: stream 0, sample 831, dts 27666667
04-10 10:15:07.008 7439 8204 V IJKMEDIA: stream 1, sample 1187, dts 27562086
04-10 10:15:07.008 7439 8204 V IJKMEDIA: stream 0, sample 831, dts 27666667
04-10 10:15:07.008 7439 8204 V IJKMEDIA: stream 1, sample 1188, dts 27585306
04-10 10:15:07.008 7439 8204 V IJKMEDIA: stream 0, sample 831, dts 27666667
04-10 10:15:07.008 7439 8204 V IJKMEDIA: stream 1, sample 1189, dts 27608526
04-10 10:15:07.008 7439 8204 V IJKMEDIA: stream 0, sample 831, dts 27666667
04-10 10:15:07.008 7439 8204 V IJKMEDIA: stream 1, sample 1190, dts 27631746
04-10 10:15:07.008 7439 8204 V IJKMEDIA: stream 0, sample 831, dts 27666667
04-10 10:15:07.008 7439 8204 V IJKMEDIA: stream 1, sample 1191, dts 27654966
04-10 10:15:07.008 7439 8204 V IJKMEDIA: stream 0, sample 832, dts 27700000
04-10 10:15:07.008 7439 8204 V IJKMEDIA: stream 1, sample 1191, dts 27654966
04-10 10:15:07.015 7439 8204 V IJKMEDIA: stream 0, sample 833, dts 27733333
04-10 10:15:07.015 7439 8204 V IJKMEDIA: stream 1, sample 1191, dts 27654966
04-10 10:15:07.015 7439 8204 V IJKMEDIA: stream 0, sample 834, dts 27766667
04-10 10:15:07.015 7439 8204 V IJKMEDIA: stream 1, sample 1191, dts 27654966
04-10 10:15:07.015 7439 8204 V IJKMEDIA: stream 0, sample 835, dts 27800000
04-10 10:15:07.015 7439 8204 V IJKMEDIA: stream 1, sample 1191, dts 27654966
04-10 10:15:07.031 7439 8218 D IJKMEDIA: nal_unit_type: 1, nal_ref_idc: 1
04-10 10:15:07.041 7439 8204 V IJKMEDIA: stream 0, sample 836, dts 27833333
04-10 10:15:07.041 7439 8204 V IJKMEDIA: stream 1, sample 1191, dts 27654966
04-10 10:15:07.041 7439 8204 V IJKMEDIA: stream 0, sample 837, dts 27866667
04-10 10:15:07.041 7439 8204 V IJKMEDIA: stream 1, sample 1191, dts 27654966
04-10 10:15:07.041 7439 8204 V IJKMEDIA: stream 0, sample 838, dts 27900000
04-10 10:15:07.041 7439 8204 V IJKMEDIA: stream 1, sample 1191, dts 27654966
04-10 10:15:07.042 7439 8204 V IJKMEDIA: stream 0, sample 839, dts 27933333
04-10 10:15:07.042 7439 8204 V IJKMEDIA: stream 1, sample 1191, dts 27654966
04-10 10:15:07.042 7439 8204 V IJKMEDIA: stream 0, sample 840, dts 27966667
04-10 10:15:07.042 7439 8204 V IJKMEDIA: stream 1, sample 1191, dts 27654966
04-10 10:15:07.042 7439 8204 V IJKMEDIA: stream 0, sample 841, dts 28000000
04-10 10:15:07.042 7439 8204 V IJKMEDIA: stream 1, sample 1191, dts 27654966
04-10 10:15:07.042 7439 8204 V IJKMEDIA: stream 0, sample 842, dts 28033333
04-10 10:15:07.042 7439 8204 V IJKMEDIA: stream 1, sample 1191, dts 27654966
04-10 10:15:07.042 7439 8204 V IJKMEDIA: stream 0, sample 843, dts 28066667
04-10 10:15:07.042 7439 8204 V IJKMEDIA: stream 1, sample 1191, dts 27654966
04-10 10:15:07.042 7439 8204 V IJKMEDIA: stream 0, sample 844, dts 28100000
04-10 10:15:07.042 7439 8204 V IJKMEDIA: stream 1, sample 1191, dts 27654966
04-10 10:15:07.042 7439 8204 V IJKMEDIA: stream 0, sample 845, dts 28133333
04-10 10:15:07.042 7439 8204 V IJKMEDIA: stream 1, sample 1191, dts 27654966
04-10 10:15:07.042 7439 8204 V IJKMEDIA: stream 0, sample 845, dts 28133333
04-10 10:15:07.042 7439 8204 V IJKMEDIA: stream 1, sample 1192, dts 27678186
04-10 10:15:07.042 7439 8204 V IJKMEDIA: stream 0, sample 845, dts 28133333
04-10 10:15:07.042 7439 8204 V IJKMEDIA: stream 1, sample 1193, dts 27701406
04-10 10:15:07.042 7439 8204 V IJKMEDIA: stream 0, sample 845, dts 28133333
04-10 10:15:07.042 7439 8204 V IJKMEDIA: stream 1, sample 1194, dts 27724626
04-10 10:15:07.042 7439 8204 V IJKMEDIA: stream 0, sample 845, dts 28133333
04-10 10:15:07.042 7439 8204 V IJKMEDIA: stream 1, sample 1195, dts 27747846
04-10 10:15:07.042 7439 8204 V IJKMEDIA: stream 0, sample 845, dts 28133333
04-10 10:15:07.042 7439 8204 V IJKMEDIA: stream 1, sample 1196, dts 27771066
04-10 10:15:07.042 7439 8204 V IJKMEDIA: stream 0, sample 845, dts 28133333
04-10 10:15:07.042 7439 8204 V IJKMEDIA: stream 1, sample 1197, dts 27794286
04-10 10:15:07.042 7439 8204 V IJKMEDIA: stream 0, sample 845, dts 28133333
04-10 10:15:07.042 7439 8204 V IJKMEDIA: stream 1, sample 1198, dts 27817506
04-10 10:15:07.042 7439 8204 V IJKMEDIA: stream 0, sample 845, dts 28133333
04-10 10:15:07.042 7439 8204 V IJKMEDIA: stream 1, sample 1199, dts 27840726
04-10 10:15:07.043 7439 8204 V IJKMEDIA: stream 0, sample 845, dts 28133333
04-10 10:15:07.043 7439 8204 V IJKMEDIA: stream 1, sample 1200, dts 27863946
04-10 10:15:07.043 7439 8204 V IJKMEDIA: stream 0, sample 845, dts 28133333
04-10 10:15:07.043 7439 8204 V IJKMEDIA: stream 1, sample 1201, dts 27887166
04-10 10:15:07.043 7439 8204 V IJKMEDIA: stream 0, sample 845, dts 28133333
04-10 10:15:07.043 7439 8204 V IJKMEDIA: stream 1, sample 1202, dts 27910385
04-10 10:15:07.043 7439 8204 V IJKMEDIA: stream 0, sample 845, dts 28133333
04-10 10:15:07.043 7439 8204 V IJKMEDIA: stream 1, sample 1203, dts 27933605
04-10 10:15:07.043 7439 8204 V IJKMEDIA: stream 0, sample 845, dts 28133333
04-10 10:15:07.043 7439 8204 V IJKMEDIA: stream 1, sample 1204, dts 27956825
04-10 10:15:07.043 7439 8204 V IJKMEDIA: stream 0, sample 845, dts 28133333
04-10 10:15:07.043 7439 8204 V IJKMEDIA: stream 1, sample 1205, dts 27980045
04-10 10:15:07.043 7439 8204 V IJKMEDIA: stream 0, sample 845, dts 28133333
04-10 10:15:07.043 7439 8204 V IJKMEDIA: stream 1, sample 1206, dts 28003265
04-10 10:15:07.043 7439 8204 V IJKMEDIA: stream 0, sample 845, dts 28133333
04-10 10:15:07.043 7439 8204 V IJKMEDIA: stream 1, sample 1207, dts 28026485
04-10 10:15:07.043 7439 8204 V IJKMEDIA: stream 0, sample 845, dts 28133333
04-10 10:15:07.043 7439 8204 V IJKMEDIA: stream 1, sample 1208, dts 28049705
04-10 10:15:07.043 7439 8204 V IJKMEDIA: stream 0, sample 845, dts 28133333
04-10 10:15:07.043 7439 8204 V IJKMEDIA: stream 1, sample 1209, dts 28072925
04-10 10:15:07.043 7439 8204 V IJKMEDIA: stream 0, sample 845, dts 28133333
04-10 10:15:07.043 7439 8204 V IJKMEDIA: stream 1, sample 1210, dts 28096145
04-10 10:15:07.043 7439 8204 V IJKMEDIA: stream 0, sample 845, dts 28133333
04-10 10:15:07.043 7439 8204 V IJKMEDIA: stream 1, sample 1211, dts 28119365
04-10 10:15:07.043 7439 8204 V IJKMEDIA: stream 0, sample 846, dts 28166667
04-10 10:15:07.043 7439 8204 V IJKMEDIA: stream 1, sample 1211, dts 28119365
04-10 10:15:07.043 7439 8204 V IJKMEDIA: stream 0, sample 847, dts 28200000
04-10 10:15:07.043 7439 8204 V IJKMEDIA: stream 1, sample 1211, dts 28119365
04-10 10:15:07.043 7439 8204 V IJKMEDIA: stream 0, sample 848, dts 28233333
04-10 10:15:07.043 7439 8204 V IJKMEDIA: stream 1, sample 1211, dts 28119365
04-10 10:15:07.043 7439 8204 V IJKMEDIA: stream 0, sample 849, dts 28266667
04-10 10:15:07.043 7439 8204 V IJKMEDIA: stream 1, sample 1211, dts 28119365
04-10 10:15:07.044 7439 8204 V IJKMEDIA: stream 0, sample 850, dts 28300000
04-10 10:15:07.044 7439 8204 V IJKMEDIA: stream 1, sample 1211, dts 28119365
04-10 10:15:07.044 7439 8204 V IJKMEDIA: stream 0, sample 851, dts 28333333
04-10 10:15:07.044 7439 8204 V IJKMEDIA: stream 1, sample 1211, dts 28119365
04-10 10:15:07.044 7439 8204 V IJKMEDIA: stream 0, sample 852, dts 28366667
04-10 10:15:07.044 7439 8204 V IJKMEDIA: stream 1, sample 1211, dts 28119365
04-10 10:15:07.044 7439 8204 V IJKMEDIA: stream 0, sample 853, dts 28400000
04-10 10:15:07.044 7439 8204 V IJKMEDIA: stream 1, sample 1211, dts 28119365
04-10 10:15:07.044 7439 8204 V IJKMEDIA: stream 0, sample 854, dts 28433333
04-10 10:15:07.044 7439 8204 V IJKMEDIA: stream 1, sample 1211, dts 28119365
04-10 10:15:07.049 7439 8204 V IJKMEDIA: stream 0, sample 855, dts 28466667
04-10 10:15:07.049 7439 8204 V IJKMEDIA: stream 1, sample 1211, dts 28119365
04-10 10:15:07.049 7439 8204 V IJKMEDIA: stream 0, sample 856, dts 28500000
04-10 10:15:07.049 7439 8204 V IJKMEDIA: stream 1, sample 1211, dts 28119365
04-10 10:15:07.049 7439 8204 V IJKMEDIA: stream 0, sample 857, dts 28533333
04-10 10:15:07.049 7439 8204 V IJKMEDIA: stream 1, sample 1211, dts 28119365
04-10 10:15:07.049 7439 8204 V IJKMEDIA: stream 0, sample 858, dts 28566667
04-10 10:15:07.049 7439 8204 V IJKMEDIA: stream 1, sample 1211, dts 28119365
04-10 10:15:07.064 7439 8219 D IJKMEDIA: nal_unit_type: 1, nal_ref_idc: 1
04-10 10:15:07.064 7439 8204 V IJKMEDIA: stream 0, sample 859, dts 28600000
04-10 10:15:07.064 7439 8204 V IJKMEDIA: stream 1, sample 1211, dts 28119365
04-10 10:15:07.064 7439 8204 V IJKMEDIA: stream 0, sample 859, dts 28600000
04-10 10:15:07.064 7439 8204 V IJKMEDIA: stream 1, sample 1212, dts 28142585
04-10 10:15:07.065 7439 8204 V IJKMEDIA: stream 0, sample 859, dts 28600000
04-10 10:15:07.065 7439 8204 V IJKMEDIA: stream 1, sample 1213, dts 28165805
04-10 10:15:07.065 7439 8204 V IJKMEDIA: stream 0, sample 859, dts 28600000
04-10 10:15:07.065 7439 8204 V IJKMEDIA: stream 1, sample 1214, dts 28189025
04-10 10:15:07.065 7439 8204 V IJKMEDIA: stream 0, sample 859, dts 28600000
04-10 10:15:07.065 7439 8204 V IJKMEDIA: stream 1, sample 1215, dts 28212245
04-10 10:15:07.065 7439 8204 V IJKMEDIA: stream 0, sample 859, dts 28600000
04-10 10:15:07.065 7439 8204 V IJKMEDIA: stream 1, sample 1216, dts 28235465
04-10 10:15:07.065 7439 8204 V IJKMEDIA: stream 0, sample 859, dts 28600000
04-10 10:15:07.065 7439 8204 V IJKMEDIA: stream 1, sample 1217, dts 28258685
04-10 10:15:07.065 7439 8204 V IJKMEDIA: stream 0, sample 859, dts 28600000
04-10 10:15:07.065 7439 8204 V IJKMEDIA: stream 1, sample 1218, dts 28281905
04-10 10:15:07.065 7439 8204 V IJKMEDIA: stream 0, sample 859, dts 28600000
04-10 10:15:07.065 7439 8204 V IJKMEDIA: stream 1, sample 1219, dts 28305125
04-10 10:15:07.065 7439 8204 V IJKMEDIA: stream 0, sample 859, dts 28600000
04-10 10:15:07.065 7439 8204 V IJKMEDIA: stream 1, sample 1220, dts 28328345
04-10 10:15:07.065 7439 8204 V IJKMEDIA: stream 0, sample 859, dts 28600000
04-10 10:15:07.065 7439 8204 V IJKMEDIA: stream 1, sample 1221, dts 28351565
04-10 10:15:07.065 7439 8204 V IJKMEDIA: stream 0, sample 859, dts 28600000
04-10 10:15:07.065 7439 8204 V IJKMEDIA: stream 1, sample 1222, dts 28374785
04-10 10:15:07.065 7439 8204 V IJKMEDIA: stream 0, sample 859, dts 28600000
04-10 10:15:07.065 7439 8204 V IJKMEDIA: stream 1, sample 1223, dts 28398005
04-10 10:15:07.065 7439 8204 V IJKMEDIA: stream 0, sample 859, dts 28600000
04-10 10:15:07.065 7439 8204 V IJKMEDIA: stream 1, sample 1224, dts 28421224
04-10 10:15:07.065 7439 8204 V IJKMEDIA: stream 0, sample 859, dts 28600000
04-10 10:15:07.065 7439 8204 V IJKMEDIA: stream 1, sample 1225, dts 28444444
04-10 10:15:07.065 7439 8204 V IJKMEDIA: stream 0, sample 859, dts 28600000
04-10 10:15:07.065 7439 8204 V IJKMEDIA: stream 1, sample 1226, dts 28467664
04-10 10:15:07.065 7439 8204 V IJKMEDIA: stream 0, sample 859, dts 28600000
04-10 10:15:07.065 7439 8204 V IJKMEDIA: stream 1, sample 1227, dts 28490884
04-10 10:15:07.065 7439 8204 V IJKMEDIA: stream 0, sample 859, dts 28600000
04-10 10:15:07.065 7439 8204 V IJKMEDIA: stream 1, sample 1228, dts 28514104
04-10 10:15:07.065 7439 8204 V IJKMEDIA: stream 0, sample 859, dts 28600000
04-10 10:15:07.065 7439 8204 V IJKMEDIA: stream 1, sample 1229, dts 28537324
04-10 10:15:07.065 7439 8204 V IJKMEDIA: stream 0, sample 859, dts 28600000
04-10 10:15:07.065 7439 8204 V IJKMEDIA: stream 1, sample 1230, dts 28560544
04-10 10:15:07.065 7439 8204 V IJKMEDIA: stream 0, sample 859, dts 28600000
04-10 10:15:07.065 7439 8204 V IJKMEDIA: stream 1, sample 1231, dts 28583764
04-10 10:15:07.065 7439 8204 V IJKMEDIA: stream 0, sample 860, dts 28633333
04-10 10:15:07.065 7439 8204 V IJKMEDIA: stream 1, sample 1231, dts 28583764
04-10 10:15:07.065 7439 8204 V IJKMEDIA: stream 0, sample 861, dts 28666667
04-10 10:15:07.065 7439 8204 V IJKMEDIA: stream 1, sample 1231, dts 28583764
04-10 10:15:07.065 7439 8204 V IJKMEDIA: stream 0, sample 862, dts 28700000
04-10 10:15:07.065 7439 8204 V IJKMEDIA: stream 1, sample 1231, dts 28583764
04-10 10:15:07.065 7439 8204 V IJKMEDIA: stream 0, sample 863, dts 28733333
04-10 10:15:07.065 7439 8204 V IJKMEDIA: stream 1, sample 1231, dts 28583764
04-10 10:15:07.065 7439 8204 V IJKMEDIA: stream 0, sample 864, dts 28766667
04-10 10:15:07.065 7439 8204 V IJKMEDIA: stream 1, sample 1231, dts 28583764
04-10 10:15:07.065 7439 8204 V IJKMEDIA: stream 0, sample 865, dts 28800000
04-10 10:15:07.065 7439 8204 V IJKMEDIA: stream 1, sample 1231, dts 28583764
04-10 10:15:07.065 7439 8204 V IJKMEDIA: stream 0, sample 866, dts 28833333
04-10 10:15:07.065 7439 8204 V IJKMEDIA: stream 1, sample 1231, dts 28583764
04-10 10:15:07.065 7439 8204 V IJKMEDIA: stream 0, sample 867, dts 28866667
04-10 10:15:07.065 7439 8204 V IJKMEDIA: stream 1, sample 1231, dts 28583764
04-10 10:15:07.065 7439 8204 V IJKMEDIA: stream 0, sample 868, dts 28900000
04-10 10:15:07.065 7439 8204 V IJKMEDIA: stream 1, sample 1231, dts 28583764
04-10 10:15:07.080 7439 8204 V IJKMEDIA: stream 0, sample 869, dts 28933333
04-10 10:15:07.080 7439 8204 V IJKMEDIA: stream 1, sample 1231, dts 28583764
04-10 10:15:07.080 7439 8204 V IJKMEDIA: stream 0, sample 870, dts 28966667
04-10 10:15:07.080 7439 8204 V IJKMEDIA: stream 1, sample 1231, dts 28583764
04-10 10:15:07.080 7439 8204 V IJKMEDIA: stream 0, sample 871, dts 29000000
04-10 10:15:07.080 7439 8204 V IJKMEDIA: stream 1, sample 1231, dts 28583764
04-10 10:15:07.080 7439 8204 V IJKMEDIA: stream 0, sample 872, dts 29033333
04-10 10:15:07.080 7439 8204 V IJKMEDIA: stream 1, sample 1231, dts 28583764
04-10 10:15:07.080 7439 8204 V IJKMEDIA: stream 0, sample 873, dts 29066667
04-10 10:15:07.080 7439 8204 V IJKMEDIA: stream 1, sample 1231, dts 28583764
04-10 10:15:07.080 7439 8204 V IJKMEDIA: stream 0, sample 873, dts 29066667
04-10 10:15:07.080 7439 8204 V IJKMEDIA: stream 1, sample 1232, dts 28606984
04-10 10:15:07.080 7439 8204 V IJKMEDIA: stream 0, sample 873, dts 29066667
04-10 10:15:07.080 7439 8204 V IJKMEDIA: stream 1, sample 1233, dts 28630204
04-10 10:15:07.080 7439 8204 V IJKMEDIA: stream 0, sample 873, dts 29066667
04-10 10:15:07.080 7439 8204 V IJKMEDIA: stream 1, sample 1234, dts 28653424
04-10 10:15:07.080 7439 8204 V IJKMEDIA: stream 0, sample 873, dts 29066667
04-10 10:15:07.080 7439 8204 V IJKMEDIA: stream 1, sample 1235, dts 28676644
04-10 10:15:07.083 7439 8204 V IJKMEDIA: stream 0, sample 873, dts 29066667
04-10 10:15:07.083 7439 8204 V IJKMEDIA: stream 1, sample 1236, dts 28699864
04-10 10:15:07.083 7439 8204 V IJKMEDIA: stream 0, sample 873, dts 29066667
04-10 10:15:07.083 7439 8204 V IJKMEDIA: stream 1, sample 1237, dts 28723084
04-10 10:15:07.083 7439 8204 V IJKMEDIA: stream 0, sample 873, dts 29066667
04-10 10:15:07.083 7439 8204 V IJKMEDIA: stream 1, sample 1238, dts 28746304
04-10 10:15:07.083 7439 8204 V IJKMEDIA: stream 0, sample 873, dts 29066667
04-10 10:15:07.083 7439 8204 V IJKMEDIA: stream 1, sample 1239, dts 28769524
04-10 10:15:07.083 7439 8204 V IJKMEDIA: stream 0, sample 873, dts 29066667
04-10 10:15:07.083 7439 8204 V IJKMEDIA: stream 1, sample 1240, dts 28792744
04-10 10:15:07.083 7439 8204 V IJKMEDIA: stream 0, sample 873, dts 29066667
04-10 10:15:07.083 7439 8204 V IJKMEDIA: stream 1, sample 1241, dts 28815964
04-10 10:15:07.083 7439 8204 V IJKMEDIA: stream 0, sample 873, dts 29066667
04-10 10:15:07.083 7439 8204 V IJKMEDIA: stream 1, sample 1242, dts 28839184
04-10 10:15:07.083 7439 8204 V IJKMEDIA: stream 0, sample 873, dts 29066667
04-10 10:15:07.083 7439 8204 V IJKMEDIA: stream 1, sample 1243, dts 28862404
04-10 10:15:07.083 7439 8204 V IJKMEDIA: stream 0, sample 873, dts 29066667
04-10 10:15:07.083 7439 8204 V IJKMEDIA: stream 1, sample 1244, dts 28885624
04-10 10:15:07.083 7439 8204 V IJKMEDIA: stream 0, sample 873, dts 29066667
04-10 10:15:07.083 7439 8204 V IJKMEDIA: stream 1, sample 1245, dts 28908844
04-10 10:15:07.083 7439 8204 V IJKMEDIA: stream 0, sample 873, dts 29066667
04-10 10:15:07.083 7439 8204 V IJKMEDIA: stream 1, sample 1246, dts 28932063
04-10 10:15:07.083 7439 8204 V IJKMEDIA: stream 0, sample 873, dts 29066667
04-10 10:15:07.083 7439 8204 V IJKMEDIA: stream 1, sample 1247, dts 28955283
04-10 10:15:07.083 7439 8204 V IJKMEDIA: stream 0, sample 873, dts 29066667
04-10 10:15:07.083 7439 8204 V IJKMEDIA: stream 1, sample 1248, dts 28978503
04-10 10:15:07.083 7439 8204 V IJKMEDIA: stream 0, sample 873, dts 29066667
04-10 10:15:07.083 7439 8204 V IJKMEDIA: stream 1, sample 1249, dts 29001723
04-10 10:15:07.083 7439 8204 V IJKMEDIA: stream 0, sample 873, dts 29066667
04-10 10:15:07.083 7439 8204 V IJKMEDIA: stream 1, sample 1250, dts 29024943
04-10 10:15:07.083 7439 8204 V IJKMEDIA: stream 0, sample 873, dts 29066667
04-10 10:15:07.083 7439 8204 V IJKMEDIA: stream 1, sample 1251, dts 29048163
04-10 10:15:07.083 7439 8204 V IJKMEDIA: stream 0, sample 874, dts 29100000
04-10 10:15:07.083 7439 8204 V IJKMEDIA: stream 1, sample 1251, dts 29048163
04-10 10:15:07.083 7439 8204 V IJKMEDIA: stream 0, sample 875, dts 29133333
04-10 10:15:07.083 7439 8204 V IJKMEDIA: stream 1, sample 1251, dts 29048163
04-10 10:15:07.083 7439 8204 V IJKMEDIA: stream 0, sample 876, dts 29166667
04-10 10:15:07.083 7439 8204 V IJKMEDIA: stream 1, sample 1251, dts 29048163
04-10 10:15:07.083 7439 8204 V IJKMEDIA: stream 0, sample 877, dts 29200000
04-10 10:15:07.083 7439 8204 V IJKMEDIA: stream 1, sample 1251, dts 29048163
04-10 10:15:07.083 7439 8204 V IJKMEDIA: stream 0, sample 878, dts 29233333
04-10 10:15:07.083 7439 8204 V IJKMEDIA: stream 1, sample 1251, dts 29048163
04-10 10:15:07.083 7439 8204 V IJKMEDIA: stream 0, sample 879, dts 29266667
04-10 10:15:07.083 7439 8204 V IJKMEDIA: stream 1, sample 1251, dts 29048163
04-10 10:15:07.083 7439 8204 V IJKMEDIA: stream 0, sample 880, dts 29300000
04-10 10:15:07.083 7439 8204 V IJKMEDIA: stream 1, sample 1251, dts 29048163
04-10 10:15:07.083 7439 8204 V IJKMEDIA: stream 0, sample 881, dts 29333333
04-10 10:15:07.083 7439 8204 V IJKMEDIA: stream 1, sample 1251, dts 29048163
04-10 10:15:07.083 7439 8204 V IJKMEDIA: stream 0, sample 882, dts 29366667
04-10 10:15:07.083 7439 8204 V IJKMEDIA: stream 1, sample 1251, dts 29048163
04-10 10:15:07.084 7439 8204 V IJKMEDIA: stream 0, sample 883, dts 29400000
04-10 10:15:07.084 7439 8204 V IJKMEDIA: stream 1, sample 1251, dts 29048163
04-10 10:15:07.084 7439 8204 V IJKMEDIA: stream 0, sample 884, dts 29433333
04-10 10:15:07.084 7439 8204 V IJKMEDIA: stream 1, sample 1251, dts 29048163
04-10 10:15:07.084 7439 8204 V IJKMEDIA: stream 0, sample 885, dts 29466667
04-10 10:15:07.084 7439 8204 V IJKMEDIA: stream 1, sample 1251, dts 29048163
04-10 10:15:07.084 7439 8204 V IJKMEDIA: stream 0, sample 886, dts 29500000
04-10 10:15:07.084 7439 8204 V IJKMEDIA: stream 1, sample 1251, dts 29048163
04-10 10:15:07.084 7439 8204 V IJKMEDIA: stream 0, sample 887, dts 29533333
04-10 10:15:07.084 7439 8204 V IJKMEDIA: stream 1, sample 1251, dts 29048163
04-10 10:15:07.084 7439 8204 V IJKMEDIA: stream 0, sample 887, dts 29533333
04-10 10:15:07.084 7439 8204 V IJKMEDIA: stream 1, sample 1252, dts 29071383
04-10 10:15:07.084 7439 8204 V IJKMEDIA: stream 0, sample 887, dts 29533333
04-10 10:15:07.084 7439 8204 V IJKMEDIA: stream 1, sample 1253, dts 29094603
04-10 10:15:07.084 7439 8204 V IJKMEDIA: stream 0, sample 887, dts 29533333
04-10 10:15:07.084 7439 8204 V IJKMEDIA: stream 1, sample 1254, dts 29117823
04-10 10:15:07.084 7439 8204 V IJKMEDIA: stream 0, sample 887, dts 29533333
04-10 10:15:07.084 7439 8204 V IJKMEDIA: stream 1, sample 1255, dts 29141043
04-10 10:15:07.084 7439 8204 V IJKMEDIA: stream 0, sample 887, dts 29533333
04-10 10:15:07.084 7439 8204 V IJKMEDIA: stream 1, sample 1256, dts 29164263
04-10 10:15:07.084 7439 8204 V IJKMEDIA: stream 0, sample 887, dts 29533333
04-10 10:15:07.084 7439 8204 V IJKMEDIA: stream 1, sample 1257, dts 29187483
04-10 10:15:07.084 7439 8204 V IJKMEDIA: stream 0, sample 887, dts 29533333
04-10 10:15:07.084 7439 8204 V IJKMEDIA: stream 1, sample 1258, dts 29210703
04-10 10:15:07.084 7439 8204 V IJKMEDIA: stream 0, sample 887, dts 29533333
04-10 10:15:07.084 7439 8204 V IJKMEDIA: stream 1, sample 1259, dts 29233923
04-10 10:15:07.084 7439 8204 V IJKMEDIA: stream 0, sample 887, dts 29533333
04-10 10:15:07.084 7439 8204 V IJKMEDIA: stream 1, sample 1260, dts 29257143
04-10 10:15:07.084 7439 8204 V IJKMEDIA: stream 0, sample 887, dts 29533333
04-10 10:15:07.085 7439 8204 V IJKMEDIA: stream 1, sample 1261, dts 29280363
04-10 10:15:07.085 7439 8204 V IJKMEDIA: stream 0, sample 887, dts 29533333
04-10 10:15:07.085 7439 8204 V IJKMEDIA: stream 1, sample 1262, dts 29303583
04-10 10:15:07.085 7439 8204 V IJKMEDIA: stream 0, sample 887, dts 29533333
04-10 10:15:07.085 7439 8204 V IJKMEDIA: stream 1, sample 1263, dts 29326803
04-10 10:15:07.085 7439 8204 V IJKMEDIA: stream 0, sample 887, dts 29533333
04-10 10:15:07.085 7439 8204 V IJKMEDIA: stream 1, sample 1264, dts 29350023
04-10 10:15:07.085 7439 8204 V IJKMEDIA: stream 0, sample 887, dts 29533333
04-10 10:15:07.085 7439 8204 V IJKMEDIA: stream 1, sample 1265, dts 29373243
04-10 10:15:07.085 7439 8204 V IJKMEDIA: stream 0, sample 887, dts 29533333
04-10 10:15:07.085 7439 8204 V IJKMEDIA: stream 1, sample 1266, dts 29396463
04-10 10:15:07.085 7439 8204 V IJKMEDIA: stream 0, sample 887, dts 29533333
04-10 10:15:07.085 7439 8204 V IJKMEDIA: stream 1, sample 1267, dts 29419683
04-10 10:15:07.085 7439 8204 V IJKMEDIA: stream 0, sample 887, dts 29533333
04-10 10:15:07.085 7439 8204 V IJKMEDIA: stream 1, sample 1268, dts 29442902
04-10 10:15:07.085 7439 8204 V IJKMEDIA: stream 0, sample 887, dts 29533333
04-10 10:15:07.085 7439 8204 V IJKMEDIA: stream 1, sample 1269, dts 29466122
04-10 10:15:07.085 7439 8204 V IJKMEDIA: stream 0, sample 887, dts 29533333
04-10 10:15:07.085 7439 8204 V IJKMEDIA: stream 1, sample 1270, dts 29489342
04-10 10:15:07.085 7439 8204 V IJKMEDIA: stream 0, sample 887, dts 29533333
04-10 10:15:07.085 7439 8204 V IJKMEDIA: stream 1, sample 1271, dts 29512562
04-10 10:15:07.085 7439 8204 V IJKMEDIA: stream 0, sample 888, dts 29566667
04-10 10:15:07.085 7439 8204 V IJKMEDIA: stream 1, sample 1271, dts 29512562
04-10 10:15:07.085 7439 8204 V IJKMEDIA: stream 0, sample 889, dts 29600000
04-10 10:15:07.085 7439 8204 V IJKMEDIA: stream 1, sample 1271, dts 29512562
04-10 10:15:07.097 7439 8220 D IJKMEDIA: nal_unit_type: 1, nal_ref_idc: 0
04-10 10:15:07.101 7439 8204 V IJKMEDIA: stream 0, sample 890, dts 29633333
04-10 10:15:07.101 7439 8204 V IJKMEDIA: stream 1, sample 1271, dts 29512562
04-10 10:15:07.102 7439 8204 V IJKMEDIA: stream 0, sample 891, dts 29666667
04-10 10:15:07.102 7439 8204 V IJKMEDIA: stream 1, sample 1271, dts 29512562
04-10 10:15:07.102 7439 8204 V IJKMEDIA: stream 0, sample 892, dts 29700000
04-10 10:15:07.102 7439 8204 V IJKMEDIA: stream 1, sample 1271, dts 29512562
04-10 10:15:07.102 7439 8204 V IJKMEDIA: stream 0, sample 893, dts 29733333
04-10 10:15:07.102 7439 8204 V IJKMEDIA: stream 1, sample 1271, dts 29512562
04-10 10:15:07.102 7439 8204 V IJKMEDIA: stream 0, sample 894, dts 29766667
04-10 10:15:07.102 7439 8204 V IJKMEDIA: stream 1, sample 1271, dts 29512562
04-10 10:15:07.102 7439 8204 V IJKMEDIA: stream 0, sample 895, dts 29800000
04-10 10:15:07.102 7439 8204 V IJKMEDIA: stream 1, sample 1271, dts 29512562
04-10 10:15:07.102 7439 8204 V IJKMEDIA: stream 0, sample 896, dts 29833333
04-10 10:15:07.102 7439 8204 V IJKMEDIA: stream 1, sample 1271, dts 29512562
04-10 10:15:07.102 7439 8204 V IJKMEDIA: stream 0, sample 897, dts 29866667
04-10 10:15:07.102 7439 8204 V IJKMEDIA: stream 1, sample 1271, dts 29512562
04-10 10:15:07.102 7439 8204 V IJKMEDIA: stream 0, sample 898, dts 29900000
04-10 10:15:07.102 7439 8204 V IJKMEDIA: stream 1, sample 1271, dts 29512562
04-10 10:15:07.102 7439 8204 V IJKMEDIA: stream 0, sample 899, dts 29933333
04-10 10:15:07.102 7439 8204 V IJKMEDIA: stream 1, sample 1271, dts 29512562
04-10 10:15:07.106 7439 8204 V IJKMEDIA: stream 0, sample 900, dts 29966667
04-10 10:15:07.106 7439 8204 V IJKMEDIA: stream 1, sample 1271, dts 29512562
04-10 10:15:07.117 7439 8204 V IJKMEDIA: stream 0, sample 901, dts 30000000
04-10 10:15:07.117 7439 8204 V IJKMEDIA: stream 1, sample 1271, dts 29512562
04-10 10:15:07.117 7439 8204 V IJKMEDIA: stream 0, sample 901, dts 30000000
04-10 10:15:07.117 7439 8204 V IJKMEDIA: stream 1, sample 1272, dts 29535782
04-10 10:15:07.117 7439 8204 V IJKMEDIA: stream 0, sample 901, dts 30000000
04-10 10:15:07.117 7439 8204 V IJKMEDIA: stream 1, sample 1273, dts 29559002
04-10 10:15:07.117 7439 8204 V IJKMEDIA: stream 0, sample 901, dts 30000000
04-10 10:15:07.117 7439 8204 V IJKMEDIA: stream 1, sample 1274, dts 29582222
04-10 10:15:07.117 7439 8204 V IJKMEDIA: stream 0, sample 901, dts 30000000
04-10 10:15:07.117 7439 8204 V IJKMEDIA: stream 1, sample 1275, dts 29605442
04-10 10:15:07.117 7439 8204 V IJKMEDIA: stream 0, sample 901, dts 30000000
04-10 10:15:07.117 7439 8204 V IJKMEDIA: stream 1, sample 1276, dts 29628662
04-10 10:15:07.117 7439 8204 V IJKMEDIA: stream 0, sample 901, dts 30000000
04-10 10:15:07.117 7439 8204 V IJKMEDIA: stream 1, sample 1277, dts 29651882
04-10 10:15:07.117 7439 8204 V IJKMEDIA: stream 0, sample 901, dts 30000000
04-10 10:15:07.117 7439 8204 V IJKMEDIA: stream 1, sample 1278, dts 29675102
04-10 10:15:07.117 7439 8204 V IJKMEDIA: stream 0, sample 901, dts 30000000
04-10 10:15:07.117 7439 8204 V IJKMEDIA: stream 1, sample 1279, dts 29698322
04-10 10:15:07.117 7439 8204 V IJKMEDIA: stream 0, sample 901, dts 30000000
04-10 10:15:07.117 7439 8204 V IJKMEDIA: stream 1, sample 1280, dts 29721542
04-10 10:15:07.117 7439 8204 V IJKMEDIA: stream 0, sample 901, dts 30000000
04-10 10:15:07.117 7439 8204 V IJKMEDIA: stream 1, sample 1281, dts 29744762
04-10 10:15:07.118 7439 8204 V IJKMEDIA: stream 0, sample 901, dts 30000000
04-10 10:15:07.118 7439 8204 V IJKMEDIA: stream 1, sample 1282, dts 29767982
04-10 10:15:07.118 7439 8205 I HttpProxyCacheDebuger: Opened connections: 0
04-10 10:15:07.118 7439 8204 V IJKMEDIA: stream 0, sample 901, dts 30000000
04-10 10:15:07.118 7439 8204 V IJKMEDIA: stream 1, sample 1283, dts 29791202
04-10 10:15:07.118 7439 8204 V IJKMEDIA: stream 0, sample 901, dts 30000000
04-10 10:15:07.118 7439 8204 V IJKMEDIA: stream 1, sample 1284, dts 29814422
04-10 10:15:07.118 7439 8204 V IJKMEDIA: stream 0, sample 901, dts 30000000
04-10 10:15:07.118 7439 8204 V IJKMEDIA: stream 1, sample 1285, dts 29837642
04-10 10:15:07.118 7439 8204 V IJKMEDIA: stream 0, sample 901, dts 30000000
04-10 10:15:07.118 7439 8204 V IJKMEDIA: stream 1, sample 1286, dts 29860862
04-10 10:15:07.118 7439 8204 V IJKMEDIA: stream 0, sample 901, dts 30000000
04-10 10:15:07.118 7439 8204 V IJKMEDIA: stream 1, sample 1287, dts 29884082
04-10 10:15:07.118 7439 8204 V IJKMEDIA: stream 0, sample 901, dts 30000000
04-10 10:15:07.118 7439 8204 V IJKMEDIA: stream 1, sample 1288, dts 29907302
04-10 10:15:07.118 7439 8204 V IJKMEDIA: stream 0, sample 901, dts 30000000
04-10 10:15:07.118 7439 8204 V IJKMEDIA: stream 1, sample 1289, dts 29930522
04-10 10:15:07.118 7439 8204 V IJKMEDIA: stream 0, sample 901, dts 30000000
04-10 10:15:07.118 7439 8204 V IJKMEDIA: stream 1, sample 1290, dts 29953741
04-10 10:15:07.118 7439 8204 V IJKMEDIA: stream 0, sample 901, dts 30000000
04-10 10:15:07.118 7439 8204 V IJKMEDIA: stream 1, sample 1291, dts 29976961
04-10 10:15:07.118 7439 8204 V IJKMEDIA: stream 1, sample 1291, dts 29976961
04-10 10:15:07.118 7439 8204 V IJKMEDIA: stream 1, sample 1292, dts 30000181
04-10 10:15:07.118 7439 8204 V IJKMEDIA: stream 1, sample 1293, dts 30023401
04-10 10:15:07.118 7439 8204 V IJKMEDIA: stream 1, sample 1294, dts 30046621
04-10 10:15:07.131 7439 8212 D IJKMEDIA: nal_unit_type: 1, nal_ref_idc: 0
04-10 10:15:07.164 7439 8213 D IJKMEDIA: nal_unit_type: 1, nal_ref_idc: 1
04-10 10:15:07.198 7439 8214 D IJKMEDIA: nal_unit_type: 1, nal_ref_idc: 1
04-10 10:15:07.231 7439 8215 D IJKMEDIA: nal_unit_type: 1, nal_ref_idc: 1
04-10 10:15:07.265 7439 8216 D IJKMEDIA: nal_unit_type: 1, nal_ref_idc: 1
04-10 10:15:07.298 7439 8217 D IJKMEDIA: nal_unit_type: 1, nal_ref_idc: 1
04-10 10:15:07.332 7439 8218 D IJKMEDIA: nal_unit_type: 1, nal_ref_idc: 1
04-10 10:15:07.365 7439 8219 D IJKMEDIA: nal_unit_type: 1, nal_ref_idc: 1
04-10 10:15:07.399 7439 8220 D IJKMEDIA: nal_unit_type: 1, nal_ref_idc: 1
04-10 10:15:07.432 7439 8212 D IJKMEDIA: nal_unit_type: 1, nal_ref_idc: 1
04-10 10:15:07.465 7439 8213 D IJKMEDIA: nal_unit_type: 1, nal_ref_idc: 0
04-10 10:15:07.498 7439 8214 D IJKMEDIA: nal_unit_type: 1, nal_ref_idc: 1
04-10 10:15:07.532 7439 8215 D IJKMEDIA: nal_unit_type: 1, nal_ref_idc: 0
04-10 10:15:07.565 7439 8216 D IJKMEDIA: nal_unit_type: 1, nal_ref_idc: 1
04-10 10:15:07.599 7439 8217 D IJKMEDIA: nal_unit_type: 1, nal_ref_idc: 0
04-10 10:15:07.632 7439 8218 D IJKMEDIA: nal_unit_type: 1, nal_ref_idc: 1
04-10 10:15:07.664 7439 8219 D IJKMEDIA: nal_unit_type: 1, nal_ref_idc: 1
04-10 10:15:07.697 7439 8220 D IJKMEDIA: nal_unit_type: 1, nal_ref_idc: 1
04-10 10:15:07.731 7439 8212 D IJKMEDIA: nal_unit_type: 1, nal_ref_idc: 1
04-10 10:15:07.735 7439 7439 D IJKMEDIA: ijkmp_pause()
04-10 10:15:07.735 7439 8202 D IJKMEDIA: ijkmp_get_msg: FFP_REQ_PAUSE
04-10 10:15:07.735 7439 7439 D IJKMEDIA: ijkmp_pause()=0
04-10 10:15:07.752 7439 8210 D AudioTrack: pause(13564): 0xa7cfa750, prior
state:STATE_ACTIVE
04-10 10:15:07.759 7439 7439 D ActivityThread: ++
activityComponent:com.sosomod.freegame/com.bz.sosomod.downloadmanager.GameDownloadM
anagerActivity counts:null
04-10 10:15:07.760 7439 7439 D AppTurboService:
AppTurboService.initializeAppTurboFactory()
04-10 10:15:07.770 7439 7439 D AppTurboService: getSettingSupport resullt =
false mSettingCloudEnable = true
04-10 10:15:07.774 7439 8237 D libMEOW : applied 1 plugins for
[com.sosomod.freegame]:
04-10 10:15:07.774 7439 8237 D libMEOW : plugin 1: [libMEOW_gift.so]:
04-10 10:15:07.770 7439 7439 D AppTurboService: getSettingSupport resullt =
false mSettingCloudEnable = true
04-10 10:15:07.778 7439 7439 D AppTurboService: getSettingSupport resullt =
false mSettingCloudEnable = true
04-10 10:15:07.814 7439 7439 V PhoneWindow: DecorView setVisiblity: visibility =
4, Parent = null, this = DecorView@7f80267[]
04-10 10:15:07.815 7439 7439 D ViewRootImpl[GameDownloadManagerActivity]:
hardware acceleration = true , fakeHwAccelerated = false, sRendererDisabled =
false, forceHwAccelerated = false, sSystemRendererDisabled = false
04-10 10:15:07.818 7439 7439 I InputTransport: Create ARC handle: 0xa3c6ee70
04-10 10:15:07.818 7439 7439 I InputTransport: InputConsumer create
TRAN_APPTURBO_ENABLE disable
04-10 10:15:07.818 7439 7439 V PhoneWindow: DecorView setVisiblity: visibility =
0, Parent = android.view.ViewRootImpl@76c7eb2, this =
DecorView@7f80267[GameDownloadManagerActivity]
04-10 10:15:07.778 7439 7439 I chatty : uid=10349(com.sosomod.freegame)
identical 2 lines
04-10 10:15:07.778 7439 7439 D AppTurboService: getSettingSupport resullt =
false mSettingCloudEnable = true
04-10 10:15:07.830 7439 8232 I System.out: [socket]:check permission begin!
04-10 10:15:07.837 7439 7439 D AppTurboService: getSettingSupport resullt =
false mSettingCloudEnable = true
04-10 10:15:08.063 7439 7439 I chatty : uid=10349(com.sosomod.freegame)
identical 6 lines
04-10 10:15:08.063 7439 7439 D AppTurboService: getSettingSupport resullt =
false mSettingCloudEnable = true
04-10 10:15:08.087 7439 7439 I System.out: aaaaaaaaaaaaaaaaaaaaaaaaaaaaaaaa2
04-10 10:15:08.119 7439 7439 D DynamitePackage: Instantiating
com.google.android.gms.ads.ChimeraAdLoaderBuilderCreatorImpl
04-10 10:15:08.126 7439 7439 I Ads : Use
RequestConfiguration.Builder().setTestDeviceIds(Arrays.asList("302FA1936FA4582BAB60
A80B2985B87C")) to get test ads on this device.
04-10 10:15:08.145 7439 7439 W ConnectionStatusConfig: Dynamic lookup for intent
failed for action: com.google.android.gms.ads.service.CACHE
04-10 10:15:08.150 7439 8250 W ConnectionStatusConfig: Dynamic lookup for intent
failed for action: com.google.android.gms.ads.service.START
04-10 10:15:08.444 7439 7439 V PhoneWindow: DecorView setVisiblity: visibility =
4, Parent = android.view.ViewRootImpl@f7fa5db, this =
DecorView@496b2de[GameDetailActivity]
04-10 10:15:09.106 7439 7868 I System.out: [okhttp]:check permission begin!
04-10 10:15:09.106 7439 7868 I System.out: [okhttp]:not MMS!
04-10 10:15:09.106 7439 7868 I System.out: [okhttp]:not Email!
04-10 10:15:09.107 7439 7869 I System.out: [okhttp]:check permission begin!
04-10 10:15:09.107 7439 7869 I System.out: [okhttp]:not MMS!
04-10 10:15:09.107 7439 7869 I System.out: [okhttp]:not Email!
04-10 10:15:09.107 7439 7867 I System.out: [okhttp]:check permission begin!
04-10 10:15:09.107 7439 7867 I System.out: [okhttp]:not MMS!
04-10 10:15:09.107 7439 7867 I System.out: [okhttp]:not Email!
04-10 10:15:09.110 7439 7869 I System.out: [socket]:check permission begin!
04-10 10:15:09.110 7439 7867 I System.out: [socket]:check permission begin!
04-10 10:15:09.121 7439 7868 I System.out: [socket]:check permission begin!
04-10 10:15:09.167 7439 8232 E asdasdasd: curLen 0
04-10 10:15:09.167 7439 8232 E asdasdasd: url
https://enapk-web-13.sosomod.app/bigfiles/apk/162/20230406/3194ac5df3c1991f457d79e6
bb4d38971680748194.apk
04-10 10:15:09.911 7439 7867 I System.out: [OkHttp] sendRequest>>
04-10 10:15:09.911 7439 7867 I System.out: [OkHttp] sendRequest<<
04-10 10:15:09.918 7439 7868 I System.out: [OkHttp] sendRequest>>
04-10 10:15:09.918 7439 7868 I System.out: [OkHttp] sendRequest<<
04-10 10:15:11.190 7439 7869 I System.out: [OkHttp] sendRequest>>
04-10 10:15:11.190 7439 7869 I System.out: [OkHttp] sendRequest<<
04-10 10:15:11.487 7439 8245 I PlayCore: UID: [10349] PID: [7439] PrewarmService
: prewarm(com.sosomod.freegame)
04-10 10:15:11.487 7439 7930 I PlayCore: UID: [10349] PID: [7439] PrewarmService
: Initiate binding to the service.
04-10 10:15:11.501 7439 7439 D DynamitePackage: Instantiating
com.google.android.gms.ads.ChimeraNativeAdViewDelegateCreatorImpl
04-10 10:15:11.547 7439 7439 I PlayCore: UID: [10349] PID: [7439] PrewarmService
: ServiceConnectionImpl.onServiceConnected(ComponentInfo{com.android.vending/
com.google.android.finsky.prewarmservice.PrewarmService})
04-10 10:15:11.547 7439 7930 I PlayCore: UID: [10349] PID: [7439] PrewarmService
: linkToDeath
04-10 10:15:18.671 7439 8287 D libMEOW : applied 1 plugins for
[com.sosomod.freegame]:
04-10 10:15:18.671 7439 8287 D libMEOW : plugin 1: [libMEOW_gift.so]:
04-10 10:15:18.672 7439 7439 D ActivityThread: ++
