activityComponent:com.sosomod.freegame/com.bz.sosomod.game.GameDetailActivity
counts:2
04-10 10:15:18.673 7439 7439 D AppTurboService:
AppTurboService.initializeAppTurboFactory()
04-10 10:15:18.682 7439 7439 D AppTurboService: getSettingSupport resullt =
false mSettingCloudEnable = true
04-10 10:15:18.729 7439 7439 D IJKMEDIA: IjkMediaPlayer_setVolume
04-10 10:15:18.729 7439 7439 D IJKMEDIA: ijkmp_android_set_volume(0.000000,
0.000000)
04-10 10:15:18.729 7439 7439 D IJKMEDIA: ffpipeline_set_volume
04-10 10:15:18.729 7439 7439 D IJKMEDIA: ijkmp_android_set_volume(0.000000,
0.000000)=void
04-10 10:15:18.730 7439 7439 D IJKMEDIA: IjkMediaPlayer_seekTo
04-10 10:15:18.730 7439 7439 D IJKMEDIA: ijkmp_seek_to(2288)
04-10 10:15:18.730 7439 7439 D IJKMEDIA: ijkmp_seek_to(2288)=0
04-10 10:15:18.730 7439 8202 D IJKMEDIA: ijkmp_get_msg: FFP_REQ_SEEK
04-10 10:15:18.730 7439 8202 D IJKMEDIA: stream_seek 2288000(2288) + 0,
04-10 10:15:18.730 7439 8202 D IJKMEDIA: ijkmp_get_msg: FFP_REQ_SEEK: seek to
2288
04-10 10:15:18.730 7439 7439 D IJKMEDIA: IjkMediaPlayer_start
04-10 10:15:18.730 7439 7439 D IJKMEDIA: ijkmp_start()
04-10 10:15:18.730 7439 7439 D IJKMEDIA: ijkmp_start()=0
04-10 10:15:18.730 7439 8202 D IJKMEDIA: ijkmp_get_msg: FFP_REQ_START
04-10 10:15:18.730 7439 8202 D IJKMEDIA: ijkmp_get_msg: FFP_REQ_START: start on
fly
04-10 10:15:18.730 7439 8210 D AudioTrack: start(13564): 0xa7cfa750, prior
state:STATE_PAUSED
04-10 10:15:18.731 7439 7439 W AudioManager: Use of stream types is deprecated
for operations other than volume control
04-10 10:15:18.731 7439 7439 W AudioManager: See the documentation of
requestAudioFocus() for what to use instead with android.media.AudioAttributes to
qualify your playback use case
04-10 10:15:18.707 7439 7439 I chatty : uid=10349(com.sosomod.freegame)
identical 4 lines
04-10 10:15:18.707 7439 7439 D AppTurboService: getSettingSupport resullt =
false mSettingCloudEnable = true
04-10 10:15:18.733 7439 8210 D AudioTrack: setVolume(13564): 0xa7cfa750, left =
0.000000, right = 0.000000
04-10 10:15:18.734 7439 7439 V PhoneWindow: DecorView setVisiblity: visibility =
4, Parent = null, this = DecorView@346a414[]
04-10 10:15:18.736 7439 7439 D ViewRootImpl[GameDetailActivity]: hardware
acceleration = true , fakeHwAccelerated = false, sRendererDisabled = false,
forceHwAccelerated = false, sSystemRendererDisabled = false
04-10 10:15:18.739 7439 7439 I InputTransport: Create ARC handle: 0xa0fcb190
04-10 10:15:18.739 7439 7439 I InputTransport: InputConsumer create
TRAN_APPTURBO_ENABLE disable
04-10 10:15:18.739 7439 7439 V PhoneWindow: DecorView setVisiblity: visibility =
0, Parent = android.view.ViewRootImpl@638da03, this =
DecorView@346a414[GameDetailActivity]
04-10 10:15:18.743 7439 8213 D IJKMEDIA: nal_unit_type: 1, nal_ref_idc: 1
04-10 10:15:18.749 7439 7916 E osomod.freegam: No package ID ff found for ID
0xffffffff.
04-10 10:15:18.750 7439 7916 W ResourceLoader: Received invalid resource id: -1
04-10 10:15:18.750 7439 7916 W ResourceLoader:
android.content.res.Resources$NotFoundException: Unable to find resource ID
#0xffffffff
04-10 10:15:18.750 7439 7916 W ResourceLoader: at
android.content.res.ResourcesImpl.getResourcePackageName(ResourcesImpl.java:295)
04-10 10:15:18.750 7439 7916 W ResourceLoader: at
android.content.res.Resources.getResourcePackageName(Resources.java:2199)
04-10 10:15:18.750 7439 7916 W ResourceLoader: at
d.c.a.m.q.s.d(ResourceLoader.java:2)
04-10 10:15:18.750 7439 7916 W ResourceLoader: at
d.c.a.m.q.s.c(ResourceLoader.java:1)
04-10 10:15:18.750 7439 7916 W ResourceLoader: at
d.c.a.m.q.s.b(ResourceLoader.java:1)
04-10 10:15:18.750 7439 7916 W ResourceLoader: at
d.c.a.m.p.g.g(DecodeHelper.java:7)
04-10 10:15:18.750 7439 7916 W ResourceLoader: at
d.c.a.m.p.g.c(DecodeHelper.java:4)
04-10 10:15:18.750 7439 7916 W ResourceLoader: at
d.c.a.m.p.w.b(ResourceCacheGenerator.java:1)
04-10 10:15:18.750 7439 7916 W ResourceLoader: at
d.c.a.m.p.h.y(DecodeJob.java:4)
04-10 10:15:18.750 7439 7916 W ResourceLoader: at
d.c.a.m.p.h.A(DecodeJob.java:7)
04-10 10:15:18.750 7439 7916 W ResourceLoader: at
d.c.a.m.p.h.run(DecodeJob.java:7)
04-10 10:15:18.750 7439 7916 W ResourceLoader: at
java.util.concurrent.ThreadPoolExecutor.runWorker(ThreadPoolExecutor.java:1167)
04-10 10:15:18.750 7439 7916 W ResourceLoader: at
java.util.concurrent.ThreadPoolExecutor$Worker.run(ThreadPoolExecutor.java:641)
04-10 10:15:18.750 7439 7916 W ResourceLoader: at
java.lang.Thread.run(Thread.java:923)
04-10 10:15:18.750 7439 7916 W ResourceLoader: at
d.c.a.m.p.c0.a$b$a.run(GlideExecutor.java:6)
04-10 10:15:18.750 7439 7916 E osomod.freegam: No package ID ff found for ID
0xffffffff.
04-10 10:15:18.750 7439 7916 W ResourceLoader: Received invalid resource id: -1
04-10 10:15:18.750 7439 7916 W ResourceLoader:
android.content.res.Resources$NotFoundException: Unable to find resource ID
#0xffffffff
04-10 10:15:18.750 7439 7916 W ResourceLoader: at
android.content.res.ResourcesImpl.getResourcePackageName(ResourcesImpl.java:295)
04-10 10:15:18.750 7439 7916 W ResourceLoader: at
android.content.res.Resources.getResourcePackageName(Resources.java:2199)
04-10 10:15:18.750 7439 7916 W ResourceLoader: at
d.c.a.m.q.s.d(ResourceLoader.java:2)
04-10 10:15:18.750 7439 7916 W ResourceLoader: at
d.c.a.m.q.s.c(ResourceLoader.java:1)
04-10 10:15:18.750 7439 7916 W ResourceLoader: at
d.c.a.m.q.s.b(ResourceLoader.java:1)
04-10 10:15:18.750 7439 7916 W ResourceLoader: at
d.c.a.m.p.g.g(DecodeHelper.java:7)
04-10 10:15:18.750 7439 7916 W ResourceLoader: at
d.c.a.m.p.g.c(DecodeHelper.java:4)
04-10 10:15:18.750 7439 7916 W ResourceLoader: at
d.c.a.m.p.w.b(ResourceCacheGenerator.java:1)
04-10 10:15:18.750 7439 7916 W ResourceLoader: at
d.c.a.m.p.h.y(DecodeJob.java:4)
04-10 10:15:18.750 7439 7916 W ResourceLoader: at
d.c.a.m.p.h.A(DecodeJob.java:7)
04-10 10:15:18.750 7439 7916 W ResourceLoader: at
d.c.a.m.p.h.run(DecodeJob.java:7)
04-10 10:15:18.750 7439 7916 W ResourceLoader: at
java.util.concurrent.ThreadPoolExecutor.runWorker(ThreadPoolExecutor.java:1167)
04-10 10:15:18.750 7439 7916 W ResourceLoader: at
java.util.concurrent.ThreadPoolExecutor$Worker.run(ThreadPoolExecutor.java:641)
04-10 10:15:18.750 7439 7916 W ResourceLoader: at
java.lang.Thread.run(Thread.java:923)
04-10 10:15:18.750 7439 7916 W ResourceLoader: at
d.c.a.m.p.c0.a$b$a.run(GlideExecutor.java:6)
04-10 10:15:18.750 7439 7439 W Glide : Load failed for null with size [0x0]
04-10 10:15:18.750 7439 7439 W Glide : class d.c.a.m.p.q: Received null model
04-10 10:15:18.750 7439 7916 E osomod.freegam: No package ID ff found for ID
0xffffffff.
04-10 10:15:18.750 7439 7916 W ResourceLoader: Received invalid resource id: -1
04-10 10:15:18.750 7439 7916 W ResourceLoader:
android.content.res.Resources$NotFoundException: Unable to find resource ID
#0xffffffff
04-10 10:15:18.750 7439 7916 W ResourceLoader: at
android.content.res.ResourcesImpl.getResourcePackageName(ResourcesImpl.java:295)
04-10 10:15:18.750 7439 7916 W ResourceLoader: at
android.content.res.Resources.getResourcePackageName(Resources.java:2199)
04-10 10:15:18.750 7439 7916 W ResourceLoader: at
d.c.a.m.q.s.d(ResourceLoader.java:2)
04-10 10:15:18.750 7439 7916 W ResourceLoader: at
d.c.a.m.q.s.c(ResourceLoader.java:1)
04-10 10:15:18.750 7439 7916 W ResourceLoader: at
d.c.a.m.q.s.b(ResourceLoader.java:1)
04-10 10:15:18.750 7439 7916 W ResourceLoader: at
d.c.a.m.p.g.g(DecodeHelper.java:7)
04-10 10:15:18.750 7439 7916 W ResourceLoader: at
d.c.a.m.p.g.c(DecodeHelper.java:4)
04-10 10:15:18.750 7439 7916 W ResourceLoader: at
d.c.a.m.p.w.b(ResourceCacheGenerator.java:1)
04-10 10:15:18.750 7439 7916 W ResourceLoader: at
d.c.a.m.p.h.y(DecodeJob.java:4)
04-10 10:15:18.750 7439 7916 W ResourceLoader: at
d.c.a.m.p.h.A(DecodeJob.java:7)
04-10 10:15:18.750 7439 7916 W ResourceLoader: at
d.c.a.m.p.h.run(DecodeJob.java:7)
04-10 10:15:18.750 7439 7916 W ResourceLoader: at
java.util.concurrent.ThreadPoolExecutor.runWorker(ThreadPoolExecutor.java:1167)
04-10 10:15:18.750 7439 7916 W ResourceLoader: at
java.util.concurrent.ThreadPoolExecutor$Worker.run(ThreadPoolExecutor.java:641)
04-10 10:15:18.750 7439 7916 W ResourceLoader: at
java.lang.Thread.run(Thread.java:923)
04-10 10:15:18.750 7439 7916 W ResourceLoader: at
d.c.a.m.p.c0.a$b$a.run(GlideExecutor.java:6)
04-10 10:15:18.750 7439 7916 E osomod.freegam: No package ID ff found for ID
0xffffffff.
04-10 10:15:18.750 7439 7916 W ResourceLoader: Received invalid resource id: -1
04-10 10:15:18.750 7439 7916 W ResourceLoader:
android.content.res.Resources$NotFoundException: Unable to find resource ID
#0xffffffff
04-10 10:15:18.750 7439 7916 W ResourceLoader: at
android.content.res.ResourcesImpl.getResourcePackageName(ResourcesImpl.java:295)
04-10 10:15:18.750 7439 7916 W ResourceLoader: at
android.content.res.Resources.getResourcePackageName(Resources.java:2199)
04-10 10:15:18.750 7439 7916 W ResourceLoader: at
d.c.a.m.q.s.d(ResourceLoader.java:2)
04-10 10:15:18.750 7439 7916 W ResourceLoader: at
d.c.a.m.q.s.c(ResourceLoader.java:1)
04-10 10:15:18.750 7439 7916 W ResourceLoader: at
d.c.a.m.q.s.b(ResourceLoader.java:1)
04-10 10:15:18.750 7439 7916 W ResourceLoader: at
d.c.a.m.p.g.g(DecodeHelper.java:7)
04-10 10:15:18.750 7439 7916 W ResourceLoader: at
d.c.a.m.p.g.c(DecodeHelper.java:4)
04-10 10:15:18.750 7439 7916 W ResourceLoader: at
d.c.a.m.p.w.b(ResourceCacheGenerator.java:1)
04-10 10:15:18.750 7439 7916 W ResourceLoader: at
d.c.a.m.p.h.y(DecodeJob.java:4)
04-10 10:15:18.750 7439 7916 W ResourceLoader: at
d.c.a.m.p.h.A(DecodeJob.java:7)
04-10 10:15:18.750 7439 7916 W ResourceLoader: at
d.c.a.m.p.h.run(DecodeJob.java:7)
04-10 10:15:18.750 7439 7916 W ResourceLoader: at
java.util.concurrent.ThreadPoolExecutor.runWorker(ThreadPoolExecutor.java:1167)
04-10 10:15:18.750 7439 7916 W ResourceLoader: at
java.util.concurrent.ThreadPoolExecutor$Worker.run(ThreadPoolExecutor.java:641)
04-10 10:15:18.750 7439 7916 W ResourceLoader: at
java.lang.Thread.run(Thread.java:923)
04-10 10:15:18.750 7439 7916 W ResourceLoader: at
d.c.a.m.p.c0.a$b$a.run(GlideExecutor.java:6)
04-10 10:15:18.751 7439 7916 E osomod.freegam: No package ID ff found for ID
0xffffffff.
04-10 10:15:18.751 7439 7916 W ResourceLoader: Received invalid resource id: -1
04-10 10:15:18.751 7439 7916 W ResourceLoader:
android.content.res.Resources$NotFoundException: Unable to find resource ID
#0xffffffff
04-10 10:15:18.751 7439 7916 W ResourceLoader: at
android.content.res.ResourcesImpl.getResourcePackageName(ResourcesImpl.java:295)
04-10 10:15:18.751 7439 7916 W ResourceLoader: at
android.content.res.Resources.getResourcePackageName(Resources.java:2199)
04-10 10:15:18.751 7439 7916 W ResourceLoader: at
d.c.a.m.q.s.d(ResourceLoader.java:2)
04-10 10:15:18.751 7439 7916 W ResourceLoader: at
d.c.a.m.q.s.c(ResourceLoader.java:1)
04-10 10:15:18.751 7439 7916 W ResourceLoader: at
d.c.a.m.q.s.b(ResourceLoader.java:1)
04-10 10:15:18.751 7439 7916 W ResourceLoader: at
d.c.a.m.p.g.g(DecodeHelper.java:7)
04-10 10:15:18.751 7439 7916 W ResourceLoader: at
d.c.a.m.p.g.c(DecodeHelper.java:4)
04-10 10:15:18.751 7439 7916 W ResourceLoader: at
d.c.a.m.p.w.b(ResourceCacheGenerator.java:1)
04-10 10:15:18.751 7439 7916 W ResourceLoader: at
d.c.a.m.p.h.y(DecodeJob.java:4)
04-10 10:15:18.751 7439 7916 W ResourceLoader: at
d.c.a.m.p.h.A(DecodeJob.java:7)
04-10 10:15:18.751 7439 7916 W ResourceLoader: at
d.c.a.m.p.h.run(DecodeJob.java:7)
04-10 10:15:18.751 7439 7916 W ResourceLoader: at
java.util.concurrent.ThreadPoolExecutor.runWorker(ThreadPoolExecutor.java:1167)
04-10 10:15:18.751 7439 7916 W ResourceLoader: at
java.util.concurrent.ThreadPoolExecutor$Worker.run(ThreadPoolExecutor.java:641)
04-10 10:15:18.751 7439 7916 W ResourceLoader: at
java.lang.Thread.run(Thread.java:923)
04-10 10:15:18.751 7439 7916 W ResourceLoader: at
d.c.a.m.p.c0.a$b$a.run(GlideExecutor.java:6)
04-10 10:15:18.751 7439 7916 E osomod.freegam: No package ID ff found for ID
0xffffffff.
04-10 10:15:18.752 7439 7916 W ResourceLoader: Received invalid resource id: -1
04-10 10:15:18.752 7439 7916 W ResourceLoader:
android.content.res.Resources$NotFoundException: Unable to find resource ID
#0xffffffff
04-10 10:15:18.752 7439 7916 W ResourceLoader: at
android.content.res.ResourcesImpl.getResourcePackageName(ResourcesImpl.java:295)
04-10 10:15:18.752 7439 7916 W ResourceLoader: at
android.content.res.Resources.getResourcePackageName(Resources.java:2199)
04-10 10:15:18.752 7439 7916 W ResourceLoader: at
d.c.a.m.q.s.d(ResourceLoader.java:2)
04-10 10:15:18.752 7439 7916 W ResourceLoader: at
d.c.a.m.q.s.c(ResourceLoader.java:1)
04-10 10:15:18.752 7439 7916 W ResourceLoader: at
d.c.a.m.q.s.b(ResourceLoader.java:1)
04-10 10:15:18.752 7439 7916 W ResourceLoader: at
d.c.a.m.p.g.g(DecodeHelper.java:7)
04-10 10:15:18.752 7439 7916 W ResourceLoader: at
d.c.a.m.p.g.c(DecodeHelper.java:4)
04-10 10:15:18.752 7439 7916 W ResourceLoader: at
d.c.a.m.p.w.b(ResourceCacheGenerator.java:1)
04-10 10:15:18.752 7439 7916 W ResourceLoader: at
d.c.a.m.p.h.y(DecodeJob.java:4)
04-10 10:15:18.752 7439 7916 W ResourceLoader: at
d.c.a.m.p.h.A(DecodeJob.java:7)
04-10 10:15:18.752 7439 7916 W ResourceLoader: at
d.c.a.m.p.h.run(DecodeJob.java:7)
04-10 10:15:18.752 7439 7916 W ResourceLoader: at
java.util.concurrent.ThreadPoolExecutor.runWorker(ThreadPoolExecutor.java:1167)
04-10 10:15:18.752 7439 7916 W ResourceLoader: at
java.util.concurrent.ThreadPoolExecutor$Worker.run(ThreadPoolExecutor.java:641)
04-10 10:15:18.752 7439 7916 W ResourceLoader: at
java.lang.Thread.run(Thread.java:923)
04-10 10:15:18.752 7439 7916 W ResourceLoader: at
d.c.a.m.p.c0.a$b$a.run(GlideExecutor.java:6)
04-10 10:15:18.752 7439 7916 E osomod.freegam: No package ID ff found for ID
0xffffffff.
04-10 10:15:18.753 7439 7916 W ResourceLoader: Received invalid resource id: -1
04-10 10:15:18.753 7439 7916 W ResourceLoader:
android.content.res.Resources$NotFoundException: Unable to find resource ID
#0xffffffff
04-10 10:15:18.753 7439 7916 W ResourceLoader: at
android.content.res.ResourcesImpl.getResourcePackageName(ResourcesImpl.java:295)
04-10 10:15:18.753 7439 7916 W ResourceLoader: at
android.content.res.Resources.getResourcePackageName(Resources.java:2199)
04-10 10:15:18.753 7439 7916 W ResourceLoader: at
d.c.a.m.q.s.d(ResourceLoader.java:2)
04-10 10:15:18.753 7439 7916 W ResourceLoader: at
d.c.a.m.q.s.c(ResourceLoader.java:1)
04-10 10:15:18.753 7439 7916 W ResourceLoader: at
d.c.a.m.q.s.b(ResourceLoader.java:1)
04-10 10:15:18.753 7439 7916 W ResourceLoader: at
d.c.a.m.p.g.g(DecodeHelper.java:7)
04-10 10:15:18.753 7439 7916 W ResourceLoader: at
d.c.a.m.p.g.c(DecodeHelper.java:4)
04-10 10:15:18.753 7439 7916 W ResourceLoader: at
d.c.a.m.p.w.b(ResourceCacheGenerator.java:1)
04-10 10:15:18.753 7439 7916 W ResourceLoader: at
d.c.a.m.p.h.y(DecodeJob.java:4)
04-10 10:15:18.753 7439 7916 W ResourceLoader: at
d.c.a.m.p.h.A(DecodeJob.java:7)
04-10 10:15:18.753 7439 7916 W ResourceLoader: at
d.c.a.m.p.h.run(DecodeJob.java:7)
04-10 10:15:18.753 7439 7916 W ResourceLoader: at
java.util.concurrent.ThreadPoolExecutor.runWorker(ThreadPoolExecutor.java:1167)
04-10 10:15:18.753 7439 7916 W ResourceLoader: at
java.util.concurrent.ThreadPoolExecutor$Worker.run(ThreadPoolExecutor.java:641)
04-10 10:15:18.753 7439 7916 W ResourceLoader: at
java.lang.Thread.run(Thread.java:923)
04-10 10:15:18.753 7439 7916 W ResourceLoader: at
d.c.a.m.p.c0.a$b$a.run(GlideExecutor.java:6)
04-10 10:15:18.753 7439 7916 E osomod.freegam: No package ID ff found for ID
0xffffffff.
04-10 10:15:18.753 7439 7916 W ResourceLoader: Received invalid resource id: -1
04-10 10:15:18.753 7439 7916 W ResourceLoader:
android.content.res.Resources$NotFoundException: Unable to find resource ID
#0xffffffff
04-10 10:15:18.753 7439 7916 W ResourceLoader: at
android.content.res.ResourcesImpl.getResourcePackageName(ResourcesImpl.java:295)
04-10 10:15:18.753 7439 7916 W ResourceLoader: at
android.content.res.Resources.getResourcePackageName(Resources.java:2199)
04-10 10:15:18.753 7439 7916 W ResourceLoader: at
d.c.a.m.q.s.d(ResourceLoader.java:2)
04-10 10:15:18.753 7439 7916 W ResourceLoader: at
d.c.a.m.q.s.c(ResourceLoader.java:1)
04-10 10:15:18.753 7439 7916 W ResourceLoader: at
d.c.a.m.q.s.b(ResourceLoader.java:1)
04-10 10:15:18.753 7439 7916 W ResourceLoader: at
d.c.a.m.p.g.g(DecodeHelper.java:7)
04-10 10:15:18.753 7439 7916 W ResourceLoader: at
d.c.a.m.p.g.c(DecodeHelper.java:4)
04-10 10:15:18.753 7439 7916 W ResourceLoader: at
d.c.a.m.p.w.b(ResourceCacheGenerator.java:1)
04-10 10:15:18.753 7439 7916 W ResourceLoader: at
d.c.a.m.p.h.y(DecodeJob.java:4)
04-10 10:15:18.753 7439 7916 W ResourceLoader: at
d.c.a.m.p.h.A(DecodeJob.java:7)
04-10 10:15:18.753 7439 7916 W ResourceLoader: at
d.c.a.m.p.h.run(DecodeJob.java:7)
04-10 10:15:18.753 7439 7916 W ResourceLoader: at
java.util.concurrent.ThreadPoolExecutor.runWorker(ThreadPoolExecutor.java:1167)
04-10 10:15:18.753 7439 7916 W ResourceLoader: at
java.util.concurrent.ThreadPoolExecutor$Worker.run(ThreadPoolExecutor.java:641)
04-10 10:15:18.753 7439 7916 W ResourceLoader: at
java.lang.Thread.run(Thread.java:923)
04-10 10:15:18.753 7439 7916 W ResourceLoader: at
d.c.a.m.p.c0.a$b$a.run(GlideExecutor.java:6)
04-10 10:15:18.764 7439 7439 W RecyclerView: No adapter attached; skipping layout
04-10 10:15:18.775 7439 8214 D IJKMEDIA: nal_unit_type: 1, nal_ref_idc: 1
04-10 10:15:18.778 7439 7439 W Glide : Load failed for null with size [0x0]
04-10 10:15:18.778 7439 7439 W Glide : class d.c.a.m.p.q: Received null model
04-10 10:15:18.779 7439 7439 W Glide : Load failed for -1 with size [225x225]
04-10 10:15:18.779 7439 7439 W Glide : class d.c.a.m.p.q: Failed to load
resource
04-10 10:15:18.781 7439 7439 W Glide : Load failed for -1 with size [90x90]
04-10 10:15:18.781 7439 7439 W Glide : class d.c.a.m.p.q: Failed to load
resource
04-10 10:15:18.798 7439 7439 D IJKMEDIA: ijkmp_pause()
04-10 10:15:18.798 7439 7439 D IJKMEDIA: ijkmp_pause()=0
04-10 10:15:18.798 7439 8202 D IJKMEDIA: ijkmp_get_msg: FFP_REQ_PAUSE
04-10 10:15:18.804 7439 8204 D IJKMEDIA: ffp_toggle_buffering_l: start
04-10 10:15:18.805 7439 8202 D IJKMEDIA: FFP_MSG_BUFFERING_START:
04-10 10:15:18.805 7439 8204 V IJKMEDIA: stream 0, timestamp 34632, sample 4
04-10 10:15:18.805 7439 8204 V IJKMEDIA: stream 0, found sample 4
04-10 10:15:18.805 7439 8204 V IJKMEDIA: stream 1, timestamp 4410, sample 4
04-10 10:15:18.805 7439 8204 V IJKMEDIA: stream 1, found sample 4
04-10 10:15:18.808 7439 8202 D IJKMEDIA: ijkmp_get_msg: FFP_MSG_SEEK_COMPLETE
04-10 10:15:18.808 7439 8202 D IJKMEDIA: FFP_MSG_SEEK_COMPLETE:
04-10 10:15:18.808 7439 8204 V IJKMEDIA: stream 0, sample 4, dts 100000
04-10 10:15:18.808 7439 8204 V IJKMEDIA: stream 1, sample 4, dts 92880
04-10 10:15:18.808 7439 8204 I tv.danmaku.ijk.media.player.IjkMediaPlayer:
onNativeInvoke 3
04-10 10:15:18.808 7439 8204 I tv.danmaku.ijk.media.player.IjkMediaPlayer:
onNativeInvoke 131073
04-10 10:15:18.809 7439 8204 I tv.danmaku.ijk.media.player.IjkMediaPlayer:
onNativeInvoke 131074
04-10 10:15:18.809 7439 8204 I IJKMEDIA: tcp did open uri =
tcp://127.0.0.1:35449, ip = 127.0.0.1
04-10 10:15:18.809 7439 8204 D IJKMEDIA: request: GET /https%3A%2F
%2Fvideo.sosomod.me%2Fattachments%2Fvideo
%2F162%2Fyx2wAnaCxYHm5eME3wzK3PbrPPGnxWGt.mp4 HTTP/1.1
04-10 10:15:18.809 7439 8204 D IJKMEDIA: User-Agent: Lavf/58.12.100
04-10 10:15:18.809 7439 8204 D IJKMEDIA: Accept: */*
04-10 10:15:18.809 7439 8204 D IJKMEDIA: Range: bytes=34305-
04-10 10:15:18.809 7439 8204 D IJKMEDIA: Connection: close
04-10 10:15:18.809 7439 8204 D IJKMEDIA: Host: 127.0.0.1:35449
04-10 10:15:18.809 7439 8204 D IJKMEDIA: Icy-MetaData: 1
04-10 10:15:18.809 7439 8204 D IJKMEDIA:
04-10 10:15:18.809 7439 8204 D IJKMEDIA:
04-10 10:15:18.812 7439 8204 V IJKMEDIA: header='HTTP/1.1 206 PARTIAL CONTENT'
04-10 10:15:18.812 7439 8204 V IJKMEDIA: http_code=206
04-10 10:15:18.812 7439 8204 V IJKMEDIA: header='Accept-Ranges: bytes'
04-10 10:15:18.812 7439 8204 V IJKMEDIA: header='Content-Length: 7360676'
04-10 10:15:18.812 7439 8204 V IJKMEDIA: header='Content-Range: bytes 34305-
7394980/7394981'
04-10 10:15:18.812 7439 8204 V IJKMEDIA: header='Content-Type: binary/octet-
stream'
04-10 10:15:18.812 7439 8204 V IJKMEDIA: header=''
04-10 10:15:18.812 7439 8204 I tv.danmaku.ijk.media.player.IjkMediaPlayer:
onNativeInvoke 4
04-10 10:15:18.813 7439 8204 V IJKMEDIA: stream 0, sample 5, dts 133333
04-10 10:15:18.813 7439 8204 V IJKMEDIA: stream 1, sample 4, dts 92880
04-10 10:15:18.813 7439 8204 V IJKMEDIA: stream 0, sample 6, dts 166667
04-10 10:15:18.813 7439 8204 V IJKMEDIA: stream 1, sample 4, dts 92880
04-10 10:15:18.813 7439 8204 V IJKMEDIA: stream 0, sample 7, dts 200000
04-10 10:15:18.813 7439 8204 V IJKMEDIA: stream 1, sample 4, dts 92880
04-10 10:15:18.813 7439 8204 V IJKMEDIA: stream 0, sample 8, dts 233333
04-10 10:15:18.813 7439 8204 V IJKMEDIA: stream 1, sample 4, dts 92880
04-10 10:15:18.814 7439 8204 V IJKMEDIA: stream 0, sample 9, dts 266667
04-10 10:15:18.814 7439 8204 V IJKMEDIA: stream 1, sample 4, dts 92880
04-10 10:15:18.814 7439 8204 V IJKMEDIA: stream 0, sample 10, dts 300000
04-10 10:15:18.814 7439 8204 V IJKMEDIA: stream 1, sample 4, dts 92880
04-10 10:15:18.814 7439 8204 V IJKMEDIA: stream 0, sample 11, dts 333333
04-10 10:15:18.814 7439 8204 V IJKMEDIA: stream 1, sample 4, dts 92880
04-10 10:15:18.814 7439 8204 V IJKMEDIA: stream 0, sample 12, dts 366667
04-10 10:15:18.814 7439 8204 V IJKMEDIA: stream 1, sample 4, dts 92880
04-10 10:15:18.814 7439 8204 V IJKMEDIA: stream 0, sample 13, dts 400000
04-10 10:15:18.814 7439 8204 V IJKMEDIA: stream 1, sample 4, dts 92880
04-10 10:15:18.814 7439 8204 V IJKMEDIA: stream 0, sample 14, dts 433333
04-10 10:15:18.814 7439 8204 V IJKMEDIA: stream 1, sample 4, dts 92880
04-10 10:15:18.814 7439 8204 V IJKMEDIA: stream 0, sample 15, dts 466667
04-10 10:15:18.814 7439 8204 V IJKMEDIA: stream 1, sample 4, dts 92880
04-10 10:15:18.814 7439 8204 V IJKMEDIA: stream 0, sample 15, dts 466667
04-10 10:15:18.814 7439 8204 V IJKMEDIA: stream 1, sample 5, dts 116100
04-10 10:15:18.814 7439 8204 V IJKMEDIA: stream 0, sample 15, dts 466667
04-10 10:15:18.814 7439 8204 V IJKMEDIA: stream 1, sample 6, dts 139320
04-10 10:15:18.814 7439 8204 V IJKMEDIA: stream 0, sample 15, dts 466667
04-10 10:15:18.814 7439 8204 V IJKMEDIA: stream 1, sample 7, dts 162540
04-10 10:15:18.814 7439 8204 V IJKMEDIA: stream 0, sample 15, dts 466667
04-10 10:15:18.814 7439 8204 V IJKMEDIA: stream 1, sample 8, dts 185760
04-10 10:15:18.814 7439 8204 V IJKMEDIA: stream 0, sample 15, dts 466667
04-10 10:15:18.814 7439 8204 V IJKMEDIA: stream 1, sample 9, dts 208980
04-10 10:15:18.814 7439 8204 V IJKMEDIA: stream 0, sample 15, dts 466667
04-10 10:15:18.814 7439 8204 V IJKMEDIA: stream 1, sample 10, dts 232200
04-10 10:15:18.814 7439 8204 V IJKMEDIA: stream 0, sample 15, dts 466667
04-10 10:15:18.814 7439 8204 V IJKMEDIA: stream 1, sample 11, dts 255420
04-10 10:15:18.814 7439 8204 V IJKMEDIA: stream 0, sample 15, dts 466667
04-10 10:15:18.814 7439 8204 V IJKMEDIA: stream 1, sample 12, dts 278639
04-10 10:15:18.814 7439 8204 V IJKMEDIA: stream 0, sample 15, dts 466667
04-10 10:15:18.814 7439 8204 V IJKMEDIA: stream 1, sample 13, dts 301859
04-10 10:15:18.814 7439 8204 V IJKMEDIA: stream 0, sample 15, dts 466667
04-10 10:15:18.814 7439 8204 V IJKMEDIA: stream 1, sample 14, dts 325079
04-10 10:15:18.814 7439 8204 V IJKMEDIA: stream 0, sample 15, dts 466667
04-10 10:15:18.814 7439 8204 V IJKMEDIA: stream 1, sample 15, dts 348299
04-10 10:15:18.814 7439 8204 V IJKMEDIA: stream 0, sample 15, dts 466667
04-10 10:15:18.815 7439 8204 V IJKMEDIA: stream 1, sample 16, dts 371519
04-10 10:15:18.815 7439 8204 V IJKMEDIA: stream 0, sample 15, dts 466667
04-10 10:15:18.815 7439 8204 V IJKMEDIA: stream 1, sample 17, dts 394739
04-10 10:15:18.815 7439 8204 V IJKMEDIA: stream 0, sample 15, dts 466667
04-10 10:15:18.815 7439 8204 V IJKMEDIA: stream 1, sample 18, dts 417959
04-10 10:15:18.815 7439 8204 V IJKMEDIA: stream 0, sample 15, dts 466667
04-10 10:15:18.815 7439 8204 V IJKMEDIA: stream 1, sample 19, dts 441179
04-10 10:15:18.815 7439 8204 V IJKMEDIA: stream 0, sample 15, dts 466667
04-10 10:15:18.815 7439 8204 V IJKMEDIA: stream 1, sample 20, dts 464399
04-10 10:15:18.815 7439 8204 V IJKMEDIA: stream 0, sample 15, dts 466667
04-10 10:15:18.815 7439 8204 V IJKMEDIA: stream 1, sample 21, dts 487619
04-10 10:15:18.815 7439 8204 V IJKMEDIA: stream 0, sample 16, dts 500000
04-10 10:15:18.815 7439 8204 V IJKMEDIA: stream 1, sample 21, dts 487619
04-10 10:15:18.815 7439 8204 V IJKMEDIA: stream 0, sample 17, dts 533333
04-10 10:15:18.815 7439 8204 V IJKMEDIA: stream 1, sample 21, dts 487619
04-10 10:15:18.815 7439 8204 V IJKMEDIA: stream 0, sample 18, dts 566667
04-10 10:15:18.815 7439 8204 V IJKMEDIA: stream 1, sample 21, dts 487619
04-10 10:15:18.815 7439 8204 V IJKMEDIA: stream 0, sample 19, dts 600000
04-10 10:15:18.815 7439 8204 V IJKMEDIA: stream 1, sample 21, dts 487619
04-10 10:15:18.815 7439 8204 V IJKMEDIA: stream 0, sample 20, dts 633333
04-10 10:15:18.815 7439 8204 V IJKMEDIA: stream 1, sample 21, dts 487619
04-10 10:15:18.815 7439 8204 V IJKMEDIA: stream 0, sample 21, dts 666667
04-10 10:15:18.815 7439 8204 V IJKMEDIA: stream 1, sample 21, dts 487619
04-10 10:15:18.815 7439 8204 V IJKMEDIA: stream 0, sample 22, dts 700000
04-10 10:15:18.815 7439 8204 V IJKMEDIA: stream 1, sample 21, dts 487619
04-10 10:15:18.816 7439 8204 V IJKMEDIA: stream 0, sample 23, dts 733333
04-10 10:15:18.816 7439 8204 V IJKMEDIA: stream 1, sample 21, dts 487619
04-10 10:15:18.816 7439 8204 V IJKMEDIA: stream 0, sample 24, dts 766667
04-10 10:15:18.816 7439 8204 V IJKMEDIA: stream 1, sample 21, dts 487619
04-10 10:15:18.816 7439 8204 V IJKMEDIA: stream 0, sample 25, dts 800000
04-10 10:15:18.816 7439 8204 V IJKMEDIA: stream 1, sample 21, dts 487619
04-10 10:15:18.816 7439 8204 V IJKMEDIA: stream 0, sample 26, dts 833333
04-10 10:15:18.816 7439 8204 V IJKMEDIA: stream 1, sample 21, dts 487619
04-10 10:15:18.816 7439 8204 V IJKMEDIA: stream 0, sample 27, dts 866667
04-10 10:15:18.816 7439 8204 V IJKMEDIA: stream 1, sample 21, dts 487619
04-10 10:15:18.816 7439 8204 V IJKMEDIA: stream 0, sample 28, dts 900000
04-10 10:15:18.816 7439 8204 V IJKMEDIA: stream 1, sample 21, dts 487619
04-10 10:15:18.816 7439 8204 V IJKMEDIA: stream 0, sample 29, dts 933333
04-10 10:15:18.816 7439 8204 V IJKMEDIA: stream 1, sample 21, dts 487619
04-10 10:15:18.816 7439 8204 V IJKMEDIA: stream 0, sample 30, dts 966667
04-10 10:15:18.816 7439 8204 V IJKMEDIA: stream 1, sample 21, dts 487619
04-10 10:15:18.816 7439 8204 V IJKMEDIA: stream 0, sample 30, dts 966667
04-10 10:15:18.816 7439 8204 V IJKMEDIA: stream 1, sample 22, dts 510839
04-10 10:15:18.816 7439 8204 V IJKMEDIA: stream 0, sample 30, dts 966667
04-10 10:15:18.816 7439 8204 V IJKMEDIA: stream 1, sample 23, dts 534059
04-10 10:15:18.816 7439 8204 V IJKMEDIA: stream 0, sample 30, dts 966667
04-10 10:15:18.816 7439 8204 V IJKMEDIA: stream 1, sample 24, dts 557279
04-10 10:15:18.816 7439 8204 V IJKMEDIA: stream 0, sample 30, dts 966667
04-10 10:15:18.816 7439 8204 V IJKMEDIA: stream 1, sample 25, dts 580499
04-10 10:15:18.816 7439 8204 V IJKMEDIA: stream 0, sample 30, dts 966667
04-10 10:15:18.816 7439 8204 V IJKMEDIA: stream 1, sample 26, dts 603719
04-10 10:15:18.816 7439 8204 V IJKMEDIA: stream 0, sample 30, dts 966667
04-10 10:15:18.816 7439 8204 V IJKMEDIA: stream 1, sample 27, dts 626939
04-10 10:15:18.817 7439 8204 V IJKMEDIA: stream 0, sample 30, dts 966667
04-10 10:15:18.817 7439 8204 V IJKMEDIA: stream 1, sample 28, dts 650159
04-10 10:15:18.817 7439 8204 V IJKMEDIA: stream 0, sample 30, dts 966667
04-10 10:15:18.817 7439 8204 V IJKMEDIA: stream 1, sample 29, dts 673379
04-10 10:15:18.817 7439 8204 V IJKMEDIA: stream 0, sample 30, dts 966667
04-10 10:15:18.817 7439 8204 V IJKMEDIA: stream 1, sample 30, dts 696599
04-10 10:15:18.817 7439 8204 V IJKMEDIA: stream 0, sample 30, dts 966667
04-10 10:15:18.817 7439 8204 V IJKMEDIA: stream 1, sample 31, dts 719819
04-10 10:15:18.817 7439 8204 V IJKMEDIA: stream 0, sample 30, dts 966667
04-10 10:15:18.817 7439 8204 V IJKMEDIA: stream 1, sample 32, dts 743039
04-10 10:15:18.817 7439 8204 V IJKMEDIA: stream 0, sample 30, dts 966667
04-10 10:15:18.817 7439 8204 V IJKMEDIA: stream 1, sample 33, dts 766259
04-10 10:15:18.817 7439 8204 V IJKMEDIA: stream 0, sample 30, dts 966667
04-10 10:15:18.817 7439 8204 V IJKMEDIA: stream 1, sample 34, dts 789478
04-10 10:15:18.817 7439 8204 V IJKMEDIA: stream 0, sample 30, dts 966667
04-10 10:15:18.817 7439 8204 V IJKMEDIA: stream 1, sample 35, dts 812698
04-10 10:15:18.817 7439 8204 V IJKMEDIA: stream 0, sample 30, dts 966667
04-10 10:15:18.817 7439 8204 V IJKMEDIA: stream 1, sample 36, dts 835918
04-10 10:15:18.817 7439 8204 V IJKMEDIA: stream 0, sample 30, dts 966667
04-10 10:15:18.817 7439 8204 V IJKMEDIA: stream 1, sample 37, dts 859138
04-10 10:15:18.817 7439 8204 V IJKMEDIA: stream 0, sample 30, dts 966667
04-10 10:15:18.817 7439 8204 V IJKMEDIA: stream 1, sample 38, dts 882358
04-10 10:15:18.817 7439 8204 V IJKMEDIA: stream 0, sample 30, dts 966667
04-10 10:15:18.817 7439 8204 V IJKMEDIA: stream 1, sample 39, dts 905578
04-10 10:15:18.817 7439 8204 V IJKMEDIA: stream 0, sample 30, dts 966667
04-10 10:15:18.817 7439 8204 V IJKMEDIA: stream 1, sample 40, dts 928798
04-10 10:15:18.817 7439 8204 V IJKMEDIA: stream 0, sample 30, dts 966667
04-10 10:15:18.817 7439 8204 V IJKMEDIA: stream 1, sample 41, dts 952018
04-10 10:15:18.817 7439 8204 V IJKMEDIA: stream 0, sample 30, dts 966667
04-10 10:15:18.817 7439 8204 V IJKMEDIA: stream 1, sample 42, dts 975238
04-10 10:15:18.817 7439 8204 V IJKMEDIA: stream 0, sample 31, dts 1000000
04-10 10:15:18.817 7439 8204 V IJKMEDIA: stream 1, sample 42, dts 975238
04-10 10:15:18.817 7439 8204 V IJKMEDIA: stream 0, sample 32, dts 1033333
04-10 10:15:18.817 7439 8204 V IJKMEDIA: stream 1, sample 42, dts 975238
04-10 10:15:18.817 7439 8204 V IJKMEDIA: stream 0, sample 33, dts 1066667
04-10 10:15:18.817 7439 8204 V IJKMEDIA: stream 1, sample 42, dts 975238
04-10 10:15:18.817 7439 8204 V IJKMEDIA: stream 0, sample 34, dts 1100000
04-10 10:15:18.818 7439 8204 V IJKMEDIA: stream 1, sample 42, dts 975238
04-10 10:15:18.818 7439 8204 V IJKMEDIA: stream 0, sample 35, dts 1133333
04-10 10:15:18.818 7439 8204 V IJKMEDIA: stream 1, sample 42, dts 975238
04-10 10:15:18.818 7439 8204 V IJKMEDIA: stream 0, sample 36, dts 1166667
04-10 10:15:18.818 7439 8204 V IJKMEDIA: stream 1, sample 42, dts 975238
04-10 10:15:18.818 7439 8204 V IJKMEDIA: stream 0, sample 37, dts 1200000
04-10 10:15:18.818 7439 8204 V IJKMEDIA: stream 1, sample 42, dts 975238
04-10 10:15:18.818 7439 8204 V IJKMEDIA: stream 0, sample 38, dts 1233333
04-10 10:15:18.818 7439 8204 V IJKMEDIA: stream 1, sample 42, dts 975238
04-10 10:15:18.818 7439 8204 V IJKMEDIA: stream 0, sample 39, dts 1266667
04-10 10:15:18.818 7439 8204 V IJKMEDIA: stream 1, sample 42, dts 975238
04-10 10:15:18.818 7439 8204 V IJKMEDIA: stream 0, sample 40, dts 1300000
04-10 10:15:18.818 7439 8204 V IJKMEDIA: stream 1, sample 42, dts 975238
04-10 10:15:18.818 7439 8204 V IJKMEDIA: stream 0, sample 41, dts 1333333
04-10 10:15:18.818 7439 8204 V IJKMEDIA: stream 1, sample 42, dts 975238
04-10 10:15:18.818 7439 8204 V IJKMEDIA: stream 0, sample 42, dts 1366667
04-10 10:15:18.818 7439 8204 V IJKMEDIA: stream 1, sample 42, dts 975238
04-10 10:15:18.818 7439 8204 V IJKMEDIA: stream 0, sample 43, dts 1400000
04-10 10:15:18.818 7439 8204 V IJKMEDIA: stream 1, sample 42, dts 975238
04-10 10:15:18.818 7439 8204 V IJKMEDIA: stream 0, sample 44, dts 1433333
04-10 10:15:18.818 7439 8204 V IJKMEDIA: stream 1, sample 42, dts 975238
04-10 10:15:18.818 7439 8204 V IJKMEDIA: stream 0, sample 45, dts 1466667
04-10 10:15:18.818 7439 8204 V IJKMEDIA: stream 1, sample 42, dts 975238
04-10 10:15:18.818 7439 8204 V IJKMEDIA: stream 0, sample 45, dts 1466667
04-10 10:15:18.818 7439 8204 V IJKMEDIA: stream 1, sample 43, dts 998458
04-10 10:15:18.818 7439 8204 V IJKMEDIA: stream 0, sample 45, dts 1466667
04-10 10:15:18.818 7439 8204 V IJKMEDIA: stream 1, sample 44, dts 1021678
04-10 10:15:18.818 7439 8204 V IJKMEDIA: stream 0, sample 45, dts 1466667
04-10 10:15:18.818 7439 8204 V IJKMEDIA: stream 1, sample 45, dts 1044898
04-10 10:15:18.818 7439 8204 V IJKMEDIA: stream 0, sample 45, dts 1466667
04-10 10:15:18.818 7439 8204 V IJKMEDIA: stream 1, sample 46, dts 1068118
04-10 10:15:18.818 7439 8204 V IJKMEDIA: stream 0, sample 45, dts 1466667
04-10 10:15:18.818 7439 8204 V IJKMEDIA: stream 1, sample 47, dts 1091338
04-10 10:15:18.818 7439 8204 V IJKMEDIA: stream 0, sample 45, dts 1466667
04-10 10:15:18.818 7439 8204 V IJKMEDIA: stream 1, sample 48, dts 1114558
04-10 10:15:18.818 7439 8204 V IJKMEDIA: stream 0, sample 45, dts 1466667
04-10 10:15:18.818 7439 8204 V IJKMEDIA: stream 1, sample 49, dts 1137778
04-10 10:15:18.818 7439 8204 V IJKMEDIA: stream 0, sample 45, dts 1466667
04-10 10:15:18.818 7439 8204 V IJKMEDIA: stream 1, sample 50, dts 1160998
04-10 10:15:18.818 7439 8204 V IJKMEDIA: stream 0, sample 45, dts 1466667
04-10 10:15:18.818 7439 8204 V IJKMEDIA: stream 1, sample 51, dts 1184218
04-10 10:15:18.818 7439 8212 D IJKMEDIA: nal_unit_type: 5, nal_ref_idc: 1
04-10 10:15:18.818 7439 8212 D IJKMEDIA: Format yuv420p chosen by get_format().
04-10 10:15:18.818 7439 8212 I IJKMEDIA: Reinit context to 1280x720, pix_fmt:
yuv420p
04-10 10:15:18.819 7439 8212 D IJKMEDIA: no picture
04-10 10:15:18.820 7439 8213 D IJKMEDIA: nal_unit_type: 1, nal_ref_idc: 1
04-10 10:15:18.821 7439 8214 D IJKMEDIA: nal_unit_type: 1, nal_ref_idc: 1
04-10 10:15:18.821 7439 8204 V IJKMEDIA: stream 0, sample 45, dts 1466667
04-10 10:15:18.821 7439 8204 V IJKMEDIA: stream 1, sample 52, dts 1207438
04-10 10:15:18.821 7439 8204 V IJKMEDIA: stream 0, sample 45, dts 1466667
04-10 10:15:18.821 7439 8204 V IJKMEDIA: stream 1, sample 53, dts 1230658
04-10 10:15:18.821 7439 8204 V IJKMEDIA: stream 0, sample 45, dts 1466667
04-10 10:15:18.821 7439 8204 V IJKMEDIA: stream 1, sample 54, dts 1253878
04-10 10:15:18.821 7439 8204 V IJKMEDIA: stream 0, sample 45, dts 1466667
04-10 10:15:18.821 7439 8204 V IJKMEDIA: stream 1, sample 55, dts 1277098
04-10 10:15:18.821 7439 8204 V IJKMEDIA: stream 0, sample 45, dts 1466667
04-10 10:15:18.821 7439 8204 V IJKMEDIA: stream 1, sample 56, dts 1300317
04-10 10:15:18.821 7439 8204 V IJKMEDIA: stream 0, sample 45, dts 1466667
04-10 10:15:18.821 7439 8204 V IJKMEDIA: stream 1, sample 57, dts 1323537
04-10 10:15:18.821 7439 8204 V IJKMEDIA: stream 0, sample 45, dts 1466667
04-10 10:15:18.821 7439 8204 V IJKMEDIA: stream 1, sample 58, dts 1346757
04-10 10:15:18.821 7439 8204 V IJKMEDIA: stream 0, sample 45, dts 1466667
04-10 10:15:18.821 7439 8204 V IJKMEDIA: stream 1, sample 59, dts 1369977
04-10 10:15:18.821 7439 8204 V IJKMEDIA: stream 0, sample 45, dts 1466667
04-10 10:15:18.821 7439 8204 V IJKMEDIA: stream 1, sample 60, dts 1393197
04-10 10:15:18.822 7439 8204 V IJKMEDIA: stream 0, sample 45, dts 1466667
04-10 10:15:18.822 7439 8204 V IJKMEDIA: stream 1, sample 61, dts 1416417
04-10 10:15:18.822 7439 8204 V IJKMEDIA: stream 0, sample 45, dts 1466667
04-10 10:15:18.822 7439 8204 V IJKMEDIA: stream 1, sample 62, dts 1439637
04-10 10:15:18.822 7439 8204 V IJKMEDIA: stream 0, sample 45, dts 1466667
04-10 10:15:18.822 7439 8204 V IJKMEDIA: stream 1, sample 63, dts 1462857
04-10 10:15:18.822 7439 8215 D IJKMEDIA: nal_unit_type: 1, nal_ref_idc: 1
04-10 10:15:18.822 7439 8204 V IJKMEDIA: stream 0, sample 46, dts 1500000
04-10 10:15:18.822 7439 8204 V IJKMEDIA: stream 1, sample 63, dts 1462857
04-10 10:15:18.822 7439 8204 V IJKMEDIA: stream 0, sample 47, dts 1533333
04-10 10:15:18.822 7439 8204 V IJKMEDIA: stream 1, sample 63, dts 1462857
04-10 10:15:18.822 7439 8204 V IJKMEDIA: stream 0, sample 48, dts 1566667
04-10 10:15:18.822 7439 8204 V IJKMEDIA: stream 1, sample 63, dts 1462857
04-10 10:15:18.822 7439 8204 V IJKMEDIA: stream 0, sample 49, dts 1600000
04-10 10:15:18.822 7439 8204 V IJKMEDIA: stream 1, sample 63, dts 1462857
04-10 10:15:18.822 7439 8204 V IJKMEDIA: stream 0, sample 50, dts 1633333
04-10 10:15:18.822 7439 8204 V IJKMEDIA: stream 1, sample 63, dts 1462857
04-10 10:15:18.822 7439 8204 V IJKMEDIA: stream 0, sample 51, dts 1666667
04-10 10:15:18.822 7439 8204 V IJKMEDIA: stream 1, sample 63, dts 1462857
04-10 10:15:18.822 7439 8204 V IJKMEDIA: stream 0, sample 52, dts 1700000
04-10 10:15:18.822 7439 8204 V IJKMEDIA: stream 1, sample 63, dts 1462857
04-10 10:15:18.822 7439 8204 V IJKMEDIA: stream 0, sample 53, dts 1733333
04-10 10:15:18.822 7439 8204 V IJKMEDIA: stream 1, sample 63, dts 1462857
04-10 10:15:18.822 7439 8204 V IJKMEDIA: stream 0, sample 54, dts 1766667
04-10 10:15:18.822 7439 8204 V IJKMEDIA: stream 1, sample 63, dts 1462857
04-10 10:15:18.822 7439 8204 V IJKMEDIA: stream 0, sample 55, dts 1800000
04-10 10:15:18.822 7439 8204 V IJKMEDIA: stream 1, sample 63, dts 1462857
04-10 10:15:18.822 7439 8204 V IJKMEDIA: stream 0, sample 56, dts 1833333
04-10 10:15:18.822 7439 8204 V IJKMEDIA: stream 1, sample 63, dts 1462857
04-10 10:15:18.822 7439 8204 V IJKMEDIA: stream 0, sample 57, dts 1866667
04-10 10:15:18.822 7439 8204 V IJKMEDIA: stream 1, sample 63, dts 1462857
04-10 10:15:18.822 7439 8204 V IJKMEDIA: stream 0, sample 58, dts 1900000
04-10 10:15:18.822 7439 8204 V IJKMEDIA: stream 1, sample 63, dts 1462857
04-10 10:15:18.822 7439 8204 V IJKMEDIA: stream 0, sample 59, dts 1933333
04-10 10:15:18.822 7439 8204 V IJKMEDIA: stream 1, sample 63, dts 1462857
04-10 10:15:18.822 7439 8204 V IJKMEDIA: stream 0, sample 60, dts 1966667
04-10 10:15:18.822 7439 8204 V IJKMEDIA: stream 1, sample 63, dts 1462857
04-10 10:15:18.822 7439 8204 V IJKMEDIA: stream 0, sample 60, dts 1966667
04-10 10:15:18.822 7439 8204 V IJKMEDIA: stream 1, sample 64, dts 1486077
04-10 10:15:18.822 7439 8204 V IJKMEDIA: stream 0, sample 60, dts 1966667
04-10 10:15:18.822 7439 8204 V IJKMEDIA: stream 1, sample 65, dts 1509297
04-10 10:15:18.822 7439 8204 V IJKMEDIA: stream 0, sample 60, dts 1966667
04-10 10:15:18.822 7439 8204 V IJKMEDIA: stream 1, sample 66, dts 1532517
04-10 10:15:18.822 7439 8204 V IJKMEDIA: stream 0, sample 60, dts 1966667
04-10 10:15:18.822 7439 8204 V IJKMEDIA: stream 1, sample 67, dts 1555737
04-10 10:15:18.822 7439 8204 V IJKMEDIA: stream 0, sample 60, dts 1966667
04-10 10:15:18.822 7439 8204 V IJKMEDIA: stream 1, sample 68, dts 1578957
04-10 10:15:18.822 7439 8204 V IJKMEDIA: stream 0, sample 60, dts 1966667
04-10 10:15:18.822 7439 8204 V IJKMEDIA: stream 1, sample 69, dts 1602177
04-10 10:15:18.822 7439 8204 V IJKMEDIA: stream 0, sample 60, dts 1966667
04-10 10:15:18.822 7439 8204 V IJKMEDIA: stream 1, sample 70, dts 1625397
04-10 10:15:18.822 7439 8204 V IJKMEDIA: stream 0, sample 60, dts 1966667
04-10 10:15:18.822 7439 8204 V IJKMEDIA: stream 1, sample 71, dts 1648617
04-10 10:15:18.822 7439 8204 V IJKMEDIA: stream 0, sample 60, dts 1966667
04-10 10:15:18.822 7439 8204 V IJKMEDIA: stream 1, sample 72, dts 1671837
04-10 10:15:18.822 7439 8204 V IJKMEDIA: stream 0, sample 60, dts 1966667
04-10 10:15:18.822 7439 8204 V IJKMEDIA: stream 1, sample 73, dts 1695057
04-10 10:15:18.822 7439 8204 V IJKMEDIA: stream 0, sample 60, dts 1966667
04-10 10:15:18.822 7439 8204 V IJKMEDIA: stream 1, sample 74, dts 1718277
04-10 10:15:18.822 7439 8204 V IJKMEDIA: stream 0, sample 60, dts 1966667
04-10 10:15:18.822 7439 8204 V IJKMEDIA: stream 1, sample 75, dts 1741497
04-10 10:15:18.822 7439 8204 V IJKMEDIA: stream 0, sample 60, dts 1966667
04-10 10:15:18.822 7439 8204 V IJKMEDIA: stream 1, sample 76, dts 1764717
04-10 10:15:18.822 7439 8204 V IJKMEDIA: stream 0, sample 60, dts 1966667
04-10 10:15:18.822 7439 8204 V IJKMEDIA: stream 1, sample 77, dts 1787937
04-10 10:15:18.822 7439 8204 V IJKMEDIA: stream 0, sample 60, dts 1966667
04-10 10:15:18.822 7439 8204 V IJKMEDIA: stream 1, sample 78, dts 1811156
04-10 10:15:18.822 7439 8204 V IJKMEDIA: stream 0, sample 60, dts 1966667
04-10 10:15:18.822 7439 8204 V IJKMEDIA: stream 1, sample 79, dts 1834376
04-10 10:15:18.822 7439 8204 V IJKMEDIA: stream 0, sample 60, dts 1966667
04-10 10:15:18.822 7439 8204 V IJKMEDIA: stream 1, sample 80, dts 1857596
04-10 10:15:18.822 7439 8204 V IJKMEDIA: stream 0, sample 60, dts 1966667
04-10 10:15:18.823 7439 8204 V IJKMEDIA: stream 1, sample 81, dts 1880816
04-10 10:15:18.823 7439 8204 V IJKMEDIA: stream 0, sample 60, dts 1966667
04-10 10:15:18.823 7439 8204 V IJKMEDIA: stream 1, sample 82, dts 1904036
04-10 10:15:18.823 7439 8204 V IJKMEDIA: stream 0, sample 60, dts 1966667
04-10 10:15:18.823 7439 8204 V IJKMEDIA: stream 1, sample 83, dts 1927256
04-10 10:15:18.823 7439 8204 V IJKMEDIA: stream 0, sample 60, dts 1966667
04-10 10:15:18.823 7439 8204 V IJKMEDIA: stream 1, sample 84, dts 1950476
04-10 10:15:18.823 7439 8204 V IJKMEDIA: stream 0, sample 61, dts 2000000
04-10 10:15:18.823 7439 8204 V IJKMEDIA: stream 1, sample 84, dts 1950476
04-10 10:15:18.823 7439 8204 V IJKMEDIA: stream 0, sample 62, dts 2033333
04-10 10:15:18.823 7439 8204 V IJKMEDIA: stream 1, sample 84, dts 1950476
04-10 10:15:18.823 7439 8204 V IJKMEDIA: stream 0, sample 63, dts 2066667
04-10 10:15:18.823 7439 8204 V IJKMEDIA: stream 1, sample 84, dts 1950476
04-10 10:15:18.823 7439 8204 V IJKMEDIA: stream 0, sample 64, dts 2100000
04-10 10:15:18.823 7439 8204 V IJKMEDIA: stream 1, sample 84, dts 1950476
04-10 10:15:18.823 7439 8204 V IJKMEDIA: stream 0, sample 65, dts 2133333
04-10 10:15:18.823 7439 8204 V IJKMEDIA: stream 1, sample 84, dts 1950476
04-10 10:15:18.823 7439 8204 V IJKMEDIA: stream 0, sample 66, dts 2166667
04-10 10:15:18.823 7439 8204 V IJKMEDIA: stream 1, sample 84, dts 1950476
04-10 10:15:18.823 7439 8216 D IJKMEDIA: nal_unit_type: 1, nal_ref_idc: 1
04-10 10:15:18.823 7439 8204 V IJKMEDIA: stream 0, sample 67, dts 2200000
04-10 10:15:18.823 7439 8204 V IJKMEDIA: stream 1, sample 84, dts 1950476
04-10 10:15:18.823 7439 8204 V IJKMEDIA: stream 0, sample 68, dts 2233333
04-10 10:15:18.823 7439 8204 V IJKMEDIA: stream 1, sample 84, dts 1950476
04-10 10:15:18.823 7439 8204 V IJKMEDIA: stream 0, sample 69, dts 2266667
04-10 10:15:18.823 7439 8204 V IJKMEDIA: stream 1, sample 84, dts 1950476
04-10 10:15:18.823 7439 8204 V IJKMEDIA: stream 0, sample 70, dts 2300000
04-10 10:15:18.823 7439 8204 V IJKMEDIA: stream 1, sample 84, dts 1950476
04-10 10:15:18.823 7439 8204 V IJKMEDIA: stream 0, sample 71, dts 2333333
04-10 10:15:18.823 7439 8204 V IJKMEDIA: stream 1, sample 84, dts 1950476
04-10 10:15:18.823 7439 8204 V IJKMEDIA: stream 0, sample 72, dts 2366667
04-10 10:15:18.823 7439 8204 V IJKMEDIA: stream 1, sample 84, dts 1950476
04-10 10:15:18.823 7439 8204 V IJKMEDIA: stream 0, sample 73, dts 2400000
04-10 10:15:18.823 7439 8204 V IJKMEDIA: stream 1, sample 84, dts 1950476
04-10 10:15:18.823 7439 8204 V IJKMEDIA: stream 0, sample 74, dts 2433333
04-10 10:15:18.823 7439 8204 V IJKMEDIA: stream 1, sample 84, dts 1950476
04-10 10:15:18.823 7439 8204 V IJKMEDIA: stream 0, sample 75, dts 2466667
04-10 10:15:18.823 7439 8204 V IJKMEDIA: stream 1, sample 84, dts 1950476
04-10 10:15:18.823 7439 8204 V IJKMEDIA: stream 0, sample 75, dts 2466667
04-10 10:15:18.823 7439 8204 V IJKMEDIA: stream 1, sample 85, dts 1973696
04-10 10:15:18.823 7439 8204 V IJKMEDIA: stream 0, sample 75, dts 2466667
04-10 10:15:18.823 7439 8204 V IJKMEDIA: stream 1, sample 86, dts 1996916
04-10 10:15:18.823 7439 8204 V IJKMEDIA: stream 0, sample 75, dts 2466667
04-10 10:15:18.823 7439 8204 V IJKMEDIA: stream 1, sample 87, dts 2020136
04-10 10:15:18.823 7439 8204 V IJKMEDIA: stream 0, sample 75, dts 2466667
04-10 10:15:18.823 7439 8204 V IJKMEDIA: stream 1, sample 88, dts 2043356
04-10 10:15:18.823 7439 8204 V IJKMEDIA: stream 0, sample 75, dts 2466667
04-10 10:15:18.823 7439 8204 V IJKMEDIA: stream 1, sample 89, dts 2066576
04-10 10:15:18.823 7439 8204 V IJKMEDIA: stream 0, sample 75, dts 2466667
04-10 10:15:18.823 7439 8204 V IJKMEDIA: stream 1, sample 90, dts 2089796
04-10 10:15:18.823 7439 8204 V IJKMEDIA: stream 0, sample 75, dts 2466667
04-10 10:15:18.823 7439 8204 V IJKMEDIA: stream 1, sample 91, dts 2113016
04-10 10:15:18.823 7439 8204 V IJKMEDIA: stream 0, sample 75, dts 2466667
04-10 10:15:18.823 7439 8204 V IJKMEDIA: stream 1, sample 92, dts 2136236
04-10 10:15:18.823 7439 8204 V IJKMEDIA: stream 0, sample 75, dts 2466667
04-10 10:15:18.823 7439 8204 V IJKMEDIA: stream 1, sample 93, dts 2159456
04-10 10:15:18.823 7439 8204 V IJKMEDIA: stream 0, sample 75, dts 2466667
04-10 10:15:18.823 7439 8204 V IJKMEDIA: stream 1, sample 94, dts 2182676
04-10 10:15:18.823 7439 8204 V IJKMEDIA: stream 0, sample 75, dts 2466667
04-10 10:15:18.823 7439 8204 V IJKMEDIA: stream 1, sample 95, dts 2205896
04-10 10:15:18.823 7439 8204 V IJKMEDIA: stream 0, sample 75, dts 2466667
04-10 10:15:18.823 7439 8204 V IJKMEDIA: stream 1, sample 96, dts 2229116
04-10 10:15:18.823 7439 8204 V IJKMEDIA: stream 0, sample 75, dts 2466667
04-10 10:15:18.823 7439 8204 V IJKMEDIA: stream 1, sample 97, dts 2252336
04-10 10:15:18.823 7439 8204 V IJKMEDIA: stream 0, sample 75, dts 2466667
04-10 10:15:18.823 7439 8204 V IJKMEDIA: stream 1, sample 98, dts 2275556
04-10 10:15:18.823 7439 8204 V IJKMEDIA: stream 0, sample 75, dts 2466667
04-10 10:15:18.823 7439 8204 V IJKMEDIA: stream 1, sample 99, dts 2298776
04-10 10:15:18.823 7439 8204 V IJKMEDIA: stream 0, sample 75, dts 2466667
04-10 10:15:18.823 7439 8204 V IJKMEDIA: stream 1, sample 100, dts 2321995
04-10 10:15:18.823 7439 8204 V IJKMEDIA: stream 0, sample 75, dts 2466667
04-10 10:15:18.823 7439 8204 V IJKMEDIA: stream 1, sample 101, dts 2345215
04-10 10:15:18.823 7439 8204 V IJKMEDIA: stream 0, sample 75, dts 2466667
04-10 10:15:18.823 7439 8204 V IJKMEDIA: stream 1, sample 102, dts 2368435
04-10 10:15:18.823 7439 8204 V IJKMEDIA: stream 0, sample 75, dts 2466667
04-10 10:15:18.823 7439 8204 V IJKMEDIA: stream 1, sample 103, dts 2391655
04-10 10:15:18.823 7439 8204 V IJKMEDIA: stream 0, sample 75, dts 2466667
04-10 10:15:18.824 7439 8204 V IJKMEDIA: stream 1, sample 104, dts 2414875
04-10 10:15:18.824 7439 8204 V IJKMEDIA: stream 0, sample 75, dts 2466667
04-10 10:15:18.824 7439 8204 V IJKMEDIA: stream 1, sample 105, dts 2438095
04-10 10:15:18.824 7439 8204 V IJKMEDIA: stream 0, sample 76, dts 2500000
04-10 10:15:18.824 7439 8204 V IJKMEDIA: stream 1, sample 105, dts 2438095
04-10 10:15:18.824 7439 8204 V IJKMEDIA: stream 0, sample 77, dts 2533333
04-10 10:15:18.824 7439 8204 V IJKMEDIA: stream 1, sample 105, dts 2438095
04-10 10:15:18.824 7439 8204 V IJKMEDIA: stream 0, sample 78, dts 2566667
04-10 10:15:18.824 7439 8204 V IJKMEDIA: stream 1, sample 105, dts 2438095
04-10 10:15:18.824 7439 8204 V IJKMEDIA: stream 0, sample 79, dts 2600000
04-10 10:15:18.824 7439 8204 V IJKMEDIA: stream 1, sample 105, dts 2438095
04-10 10:15:18.824 7439 8204 V IJKMEDIA: stream 0, sample 80, dts 2633333
04-10 10:15:18.824 7439 8204 V IJKMEDIA: stream 1, sample 105, dts 2438095
04-10 10:15:18.824 7439 8204 V IJKMEDIA: stream 0, sample 81, dts 2666667
04-10 10:15:18.824 7439 8204 V IJKMEDIA: stream 1, sample 105, dts 2438095
04-10 10:15:18.824 7439 8204 V IJKMEDIA: stream 0, sample 82, dts 2700000
04-10 10:15:18.824 7439 8204 V IJKMEDIA: stream 1, sample 105, dts 2438095
04-10 10:15:18.824 7439 8204 V IJKMEDIA: stream 0, sample 83, dts 2733333
04-10 10:15:18.824 7439 8204 V IJKMEDIA: stream 1, sample 105, dts 2438095
04-10 10:15:18.824 7439 8204 V IJKMEDIA: stream 0, sample 84, dts 2766667
04-10 10:15:18.824 7439 8204 V IJKMEDIA: stream 1, sample 105, dts 2438095
04-10 10:15:18.824 7439 8217 D IJKMEDIA: nal_unit_type: 1, nal_ref_idc: 0
04-10 10:15:18.824 7439 8204 V IJKMEDIA: stream 0, sample 85, dts 2800000
04-10 10:15:18.824 7439 8204 V IJKMEDIA: stream 1, sample 105, dts 2438095
04-10 10:15:18.824 7439 8204 V IJKMEDIA: stream 0, sample 86, dts 2833333
04-10 10:15:18.824 7439 8204 V IJKMEDIA: stream 1, sample 105, dts 2438095
04-10 10:15:18.824 7439 8204 V IJKMEDIA: stream 0, sample 87, dts 2866667
04-10 10:15:18.824 7439 8204 V IJKMEDIA: stream 1, sample 105, dts 2438095
04-10 10:15:18.824 7439 8204 V IJKMEDIA: stream 0, sample 88, dts 2900000
04-10 10:15:18.824 7439 8204 V IJKMEDIA: stream 1, sample 105, dts 2438095
04-10 10:15:18.824 7439 8204 V IJKMEDIA: stream 0, sample 89, dts 2933333
04-10 10:15:18.824 7439 8204 V IJKMEDIA: stream 1, sample 105, dts 2438095
04-10 10:15:18.824 7439 8204 V IJKMEDIA: stream 0, sample 89, dts 2933333
04-10 10:15:18.824 7439 8204 V IJKMEDIA: stream 1, sample 106, dts 2461315
04-10 10:15:18.824 7439 8204 V IJKMEDIA: stream 0, sample 89, dts 2933333
04-10 10:15:18.824 7439 8204 V IJKMEDIA: stream 1, sample 107, dts 2484535
04-10 10:15:18.824 7439 8204 V IJKMEDIA: stream 0, sample 89, dts 2933333
04-10 10:15:18.824 7439 8204 V IJKMEDIA: stream 1, sample 108, dts 2507755
04-10 10:15:18.824 7439 8204 V IJKMEDIA: stream 0, sample 89, dts 2933333
04-10 10:15:18.824 7439 8204 V IJKMEDIA: stream 1, sample 109, dts 2530975
04-10 10:15:18.824 7439 8204 V IJKMEDIA: stream 0, sample 89, dts 2933333
04-10 10:15:18.824 7439 8204 V IJKMEDIA: stream 1, sample 110, dts 2554195
04-10 10:15:18.824 7439 8204 V IJKMEDIA: stream 0, sample 89, dts 2933333
04-10 10:15:18.824 7439 8204 V IJKMEDIA: stream 1, sample 111, dts 2577415
04-10 10:15:18.824 7439 8204 V IJKMEDIA: stream 0, sample 89, dts 2933333
04-10 10:15:18.824 7439 8204 V IJKMEDIA: stream 1, sample 112, dts 2600635
04-10 10:15:18.824 7439 8204 V IJKMEDIA: stream 0, sample 89, dts 2933333
04-10 10:15:18.824 7439 8204 V IJKMEDIA: stream 1, sample 113, dts 2623855
04-10 10:15:18.824 7439 8204 V IJKMEDIA: stream 0, sample 89, dts 2933333
04-10 10:15:18.824 7439 8204 V IJKMEDIA: stream 1, sample 114, dts 2647075
04-10 10:15:18.824 7439 8204 V IJKMEDIA: stream 0, sample 89, dts 2933333
04-10 10:15:18.824 7439 8204 V IJKMEDIA: stream 1, sample 115, dts 2670295
04-10 10:15:18.824 7439 8204 V IJKMEDIA: stream 0, sample 89, dts 2933333
04-10 10:15:18.824 7439 8204 V IJKMEDIA: stream 1, sample 116, dts 2693515
