01-10 20:43:18.864 19767 19767 W PackageManager: at android.view.ViewGroup.layout(ViewGroup.java:6555)
01-10 20:43:18.864 19767 19767 W PackageManager: at android.widget.FrameLayout.layoutChildren(FrameLayout.java:332)
01-10 20:43:18.864 19767 19767 W PackageManager: at android.widget.FrameLayout.onLayout(FrameLayout.java:270)
01-10 20:43:18.864 19767 19767 W PackageManager: at android.view.View.layout(View.java:24791)
01-10 20:43:18.864 19767 19767 W PackageManager: at android.view.ViewGroup.layout(ViewGroup.java:6555)
01-10 20:43:18.864 19767 19767 W PackageManager: at android.widget.LinearLayout.setChildFrame(LinearLayout.java:1891)
01-10 20:43:18.864 19767 19767 W PackageManager: at android.widget.LinearLayout.layoutVertical(LinearLayout.java:1729)
01-10 20:43:18.864 19767 19767 W PackageManager: at android.widget.LinearLayout.onLayout(LinearLayout.java:1638)
01-10 20:43:18.864 19767 19767 W PackageManager: at android.view.View.layout(View.java:24791)
01-10 20:43:18.864 19767 19767 W PackageManager: at android.view.ViewGroup.layout(ViewGroup.java:6555)
01-10 20:43:18.864 19767 19767 W PackageManager: at android.widget.FrameLayout.layoutChildren(FrameLayout.java:332)
01-10 20:43:18.864 19767 19767 W PackageManager: at android.widget.FrameLayout.onLayout(FrameLayout.java:270)
01-10 20:43:18.864 19767 19767 W PackageManager: at android.view.View.layout(View.java:24791)
01-10 20:43:18.864 19767 19767 W PackageManager: at android.view.ViewGroup.layout(ViewGroup.java:6555)
01-10 20:43:18.864 19767 19767 W PackageManager: at android.widget.LinearLayout.setChildFrame(LinearLayout.java:1891)
01-10 20:43:18.864 19767 19767 W PackageManager: at android.widget.LinearLayout.layoutVertical(LinearLayout.java:1729)
01-10 20:43:18.864 19767 19767 W PackageManager: at android.widget.LinearLayout.onLayout(LinearLayout.java:1638)
01-10 20:43:18.864 19767 19767 W PackageManager: at android.view.View.layout(View.java:24791)
01-10 20:43:18.864 19767 19767 W PackageManager: at android.view.ViewGroup.layout(ViewGroup.java:6555)
01-10 20:43:18.864 19767 19767 W PackageManager: at android.widget.FrameLayout.layoutChildren(FrameLayout.java:332)
01-10 20:43:18.864 19767 19767 W PackageManager: at android.widget.FrameLayout.onLayout(FrameLayout.java:270)
01-10 20:43:18.864 19767 19767 W PackageManager: at android.view.View.layout(View.java:24791)
01-10 20:43:18.864 19767 19767 W PackageManager: at android.view.ViewGroup.layout(ViewGroup.java:6555)
01-10 20:43:18.864 19767 19767 W PackageManager: at android.widget.LinearLayout.setChildFrame(LinearLayout.java:1891)
01-10 20:43:18.864 19767 19767 W PackageManager: at android.widget.LinearLayout.layoutVertical(LinearLayout.java:1729)
01-10 20:43:18.864 19767 19767 W PackageManager: at android.widget.LinearLayout.onLayout(LinearLayout.java:1638)
01-10 20:43:18.864 19767 19767 W PackageManager: at android.view.View.layout(View.java:24791)
01-10 20:43:18.864 19767 19767 W PackageManager: at android.view.ViewGroup.layout(ViewGroup.java:6555)
01-10 20:43:18.864 19767 19767 W PackageManager: at me.imid.swipebacklayout.lib.SwipeBackLayout.onLayout(SwipeBackLayout.java:6)
01-10 20:43:18.864 19767 19767 W PackageManager: at android.view.View.layout(View.java:24791)
01-10 20:43:18.864 19767 19767 W PackageManager: at android.view.ViewGroup.layout(ViewGroup.java:6555)
01-10 20:43:18.864 19767 19767 W PackageManager: at android.widget.FrameLayout.layoutChildren(FrameLayout.java:332)
01-10 20:43:18.864 19767 19767 W PackageManager: at android.widget.FrameLayout.onLayout(FrameLayout.java:270)
01-10 20:43:18.864 19767 19767 W PackageManager: at com.android.internal.policy.DecorView.onLayout(DecorView.java:868)
01-10 20:43:18.864 19767 19767 W PackageManager: at android.view.View.layout(View.java:24791)
01-10 20:43:18.864 19767 19767 W PackageManager: at android.view.ViewGroup.layout(ViewGroup.java:6555)
01-10 20:43:18.864 19767 19767 W PackageManager: at android.view.ViewRootImpl.performLayout(ViewRootImpl.java:4768)
01-10 20:43:18.864 19767 19767 W PackageManager: at android.view.ViewRootImpl.performTraversals(ViewRootImpl.java:4013)
01-10 20:43:18.864 19767 19767 W PackageManager: at android.view.ViewRootImpl.doTraversal(ViewRootImpl.java:2765)
01-10 20:43:18.864 19767 19767 W PackageManager: at android.view.ViewRootImpl$TraversalRunnable.run(ViewRootImpl.java:10219)
01-10 20:43:18.864 19767 19767 W PackageManager: at android.view.Choreographer$CallbackRecord.run(Choreographer.java:1544)
01-10 20:43:18.864 19767 19767 W PackageManager: at android.view.Choreographer$CallbackRecord.run(Choreographer.java:1553)
01-10 20:43:18.864 19767 19767 W PackageManager: at android.view.Choreographer.doCallbacks(Choreographer.java:1109)
01-10 20:43:18.864 19767 19767 W PackageManager: at android.view.Choreographer.doFrame(Choreographer.java:994)
01-10 20:43:18.864 19767 19767 W PackageManager: at android.view.Choreographer$FrameDisplayEventReceiver.run(Choreographer.java:1527)
01-10 20:43:18.864 19767 19767 W PackageManager: at android.os.Handler.handleCallback(Handler.java:958)
01-10 20:43:18.864 19767 19767 W PackageManager: at android.os.Handler.dispatchMessage(Handler.java:99)
01-10 20:43:18.864 19767 19767 W PackageManager: at android.os.Looper.loopOnce(Looper.java:257)
01-10 20:43:18.864 19767 19767 W PackageManager: at android.os.Looper.loop(Looper.java:368)
01-10 20:43:18.864 19767 19767 W PackageManager: at android.app.ActivityThread.main(ActivityThread.java:8839)
01-10 20:43:18.864 19767 19767 W PackageManager: at java.lang.reflect.Method.invoke(Native Method)
01-10 20:43:18.864 19767 19767 W PackageManager: at com.android.internal.os.RuntimeInit$MethodAndArgsCaller.run(RuntimeInit.java:572)
01-10 20:43:18.864 19767 19767 W PackageManager: at com.android.internal.os.ZygoteInit.main(ZygoteInit.java:1049)
01-10 20:43:18.875 19767 19777 I upgadata.up7723: _Desupression native alloc gc_urgency: 70622 native bytes: 119242486
01-10 20:43:18.886 19767 19767 D VRI[GameSearchActivity]: onFocusEvent true
01-10 20:43:18.887 19767 19767 I Quality : Skipped: false 6 cost 57.1118 refreshRate 8327861 bit true processName com.upgadata.up7723
01-10 20:43:18.894 19767 19767 D OpenGLRenderer: RenderProxy::destroy: this=0x7a30f32c80, mContext=0x7a5baae6c0
01-10 20:43:18.894 19767 19823 D OpenGLRenderer: SkiaOpenGLPipeline::setSurface: this=0x7ac2d7ebc0, surface=NULL
01-10 20:43:18.895 19767 19823 D BufferQueueProducer: [VRI[MiniTranslucentFragmentActivity]#5(BLAST Consumer)5] (id:4d3700000005,api:1,p:19767,c:19767) disconnect: api 1
01-10 20:43:18.895 19767 19767 D ViewRootImplExtImpl: wrapConfigInfoIntoFlags rotation=0, smallestScreenWidthDp=360, relayoutAsync=false, newFlags=23592960, title=com.upgadata.up7723/com.tencent.qqmini.sdk.launcher.ui.MiniTranslucentFragmen tActivity
01-10 20:43:18.900 19767 19767 D VRI[MiniTranslucentFragmentActivity]: relayoutWindow result, sizeChanged:false, surfaceControlChanged:true, transformHintChanged:false, mSurfaceSize:Point(1080, 2412), mLastSurfaceSize:Point(1080, 2412), mWidth:1080, mHeight:2412, requestedWidth:1080, requestedHeight:2412, transformHint:0, lastTransformHint:0, installOrientation:0, displayRotation:0, isSurfaceValid:false, attr.flag:92340480, useBlast:true, tmpFrames:ClientWindowFrames{frame=[0,0][1080,2412] display=[0,0][1080,2412] parentFrame=[0,0][0,0]}
01-10 20:43:18.901 19767 19767 D BLASTBufferQueue: [VRI[MiniTranslucentFragmentActivity]#5](f:0,a:1) destructor()
01-10 20:43:18.901 19767 19767 D BufferQueueConsumer: [VRI[MiniTranslucentFragmentActivity]#5(BLAST Consumer)5](id:4d3700000005,api:0,p:- 1,c:19767) disconnect
01-10 20:43:18.903 19767 19767 D VRI[MiniTranslucentFragmentActivity]: setWindowStopped stopped:true
01-10 20:43:18.903 19767 19777 I upgadata.up7723: _Desupression native alloc gc_urgency: 71625 native bytes: 119672630
01-10 20:43:18.908 19767 19767 D OplusScrollToTopManager: com.upgadata.up7723/com.tencent.qqmini.sdk.launcher.ui.MiniTranslucentFragmentActiv ity,window dying
01-10 20:43:18.908 19767 19767 D OplusScrollToTopManager: com.upgadata.up7723/com.tencent.qqmini.sdk.launcher.ui.MiniTranslucentFragmentActiv ity,unregisterSystemUIBroadcastReceiver
01-10 20:43:18.908 19767 19767 W WindowOnBackDispatcher: sendCancelIfRunning: isInProgress=falsecallback=android.view.ViewRootImpl$ $ExternalSyntheticLambda17@35a9383
01-10 20:43:18.914 19767 19767 D OpenGLRenderer: RenderProxy::destroy: this=0x7a30f32c80, mContext=0x7a5baae6c0
01-10 20:43:18.914 19767 19823 D OpenGLRenderer: SkiaOpenGLPipeline::setSurface: this=0x7ac2d7ebc0, surface=NULL
01-10 20:43:18.953 19767 19767 W ziparchive: Unable to open '/data/user/0/com.upgadata.up7723/bzBox/data/app/com.popcap.pvz/base.apk': No such file or directory
01-10 20:43:18.953 19767 19767 E upgadata.up7723: Failed to open APK '/data/user/0/com.upgadata.up7723/bzBox/data/app/com.popcap.pvz/base.apk': I/O error
01-10 20:43:18.953 19767 19767 W PackageManager: Failure to parse package archive
01-10 20:43:18.953 19767 19767 W PackageManager: android.content.pm.PackageParser$PackageParserException: Failed to parse /data/user/0/com.upgadata.up7723/bzBox/data/app/com.popcap.pvz/base.apk
01-10 20:43:18.953 19767 19767 W PackageManager: at android.content.pm.PackageParser.parseApkLiteInner(PackageParser.java:1516)
01-10 20:43:18.953 19767 19767 W PackageManager: at android.content.pm.PackageParser.parseApkLite(PackageParser.java:1487)
01-10 20:43:18.953 19767 19767 W PackageManager: at android.content.pm.PackageParser.parseMonolithicPackageLite(PackageParser.java:993)
01-10 20:43:18.953 19767 19767 W PackageManager: at android.content.pm.PackageParser.parseMonolithicPackage(PackageParser.java:1202)
01-10 20:43:18.953 19767 19767 W PackageManager: at android.content.pm.PackageParser.parsePackage(PackageParser.java:1116)
01-10 20:43:18.953 19767 19767 W PackageManager: at android.content.pm.PackageManager.getPackageArchiveInfo(PackageManager.java:8346)
01-10 20:43:18.953 19767 19767 W PackageManager: at android.content.pm.PackageManager.getPackageArchiveInfo(PackageManager.java:8323)
01-10 20:43:18.953 19767 19767 W PackageManager: at com.upgadata.up7723.install.ApkInstallUtils.z(ApkInstallUtils.kt:13)
01-10 20:43:18.953 19767 19767 W PackageManager: at com.upgadata.up7723.install.ApkInstallUtils$isBlackBoxGameInstalled$3.invoke(ApkIns tallUtils.kt:3)
01-10 20:43:18.953 19767 19767 W PackageManager: at com.upgadata.up7723.install.ApkInstallUtils$isBlackBoxGameInstalled$3.invoke(ApkIns tallUtils.kt:1)
01-10 20:43:18.953 19767 19767 W PackageManager: at com.upgadata.up7723.install.o.c(CommonUtils.kt:14)
01-10 20:43:18.953 19767 19767 W PackageManager: at com.upgadata.up7723.install.ApkInstallUtils.v(ApkInstallUtils.kt:5)
01-10 20:43:18.953 19767 19767 W PackageManager: at com.upgadata.up7723.widget.view.DownLoadView.setDownloadState(DownLoadView.java:107 )
01-10 20:43:18.953 19767 19767 W PackageManager: at com.upgadata.up7723.widget.view.DownLoadView.U(DownLoadView.java:10)
01-10 20:43:18.953 19767 19767 W PackageManager: at com.upgadata.up7723.widget.view.DownLoadView.s0(DownLoadView.java:18)
01-10 20:43:18.953 19767 19767 W PackageManager: at com.upgadata.up7723.widget.view.DownLoadView.onWindowFocusChanged(DownLoadView.java :6)
01-10 20:43:18.953 19767 19767 W PackageManager: at android.view.View.dispatchWindowFocusChanged(View.java:16102)
01-10 20:43:18.953 19767 19767 W PackageManager: at android.view.ViewGroup.dispatchWindowFocusChanged(ViewGroup.java:1513)
01-10 20:43:18.953 19767 19767 W PackageManager: at android.view.ViewGroup.dispatchWindowFocusChanged(ViewGroup.java:1521)
01-10 20:43:18.953 19767 19767 W PackageManager: at android.view.ViewGroup.dispatchWindowFocusChanged(ViewGroup.java:1521)
01-10 20:43:18.953 19767 19767 W PackageManager: at android.view.ViewGroup.dispatchWindowFocusChanged(ViewGroup.java:1521)
01-10 20:43:18.953 19767 19767 W PackageManager: at android.view.ViewGroup.dispatchWindowFocusChanged(ViewGroup.java:1521)
01-10 20:43:18.953 19767 19767 W PackageManager: at android.view.ViewGroup.dispatchWindowFocusChanged(ViewGroup.java:1521)
01-10 20:43:18.953 19767 19767 W PackageManager: at android.view.ViewGroup.dispatchWindowFocusChanged(ViewGroup.java:1521)
01-10 20:43:18.953 19767 19767 W PackageManager: at android.view.ViewGroup.dispatchWindowFocusChanged(ViewGroup.java:1521)
01-10 20:43:18.953 19767 19767 W PackageManager: at android.view.ViewGroup.dispatchWindowFocusChanged(ViewGroup.java:1521)
01-10 20:43:18.953 19767 19767 W PackageManager: at android.view.ViewGroup.dispatchWindowFocusChanged(ViewGroup.java:1521)
01-10 20:43:18.953 19767 19767 W PackageManager: at android.view.ViewGroup.dispatchWindowFocusChanged(ViewGroup.java:1521)
01-10 20:43:18.953 19767 19767 W PackageManager: at android.view.ViewGroup.dispatchWindowFocusChanged(ViewGroup.java:1521)
01-10 20:43:18.953 19767 19767 W PackageManager: at android.view.ViewGroup.dispatchWindowFocusChanged(ViewGroup.java:1521)
01-10 20:43:18.953 19767 19767 W PackageManager: at android.view.ViewGroup.dispatchWindowFocusChanged(ViewGroup.java:1521)
01-10 20:43:18.953 19767 19767 W PackageManager: at android.view.ViewGroup.dispatchWindowFocusChanged(ViewGroup.java:1521)
01-10 20:43:18.953 19767 19767 W PackageManager: at android.view.ViewGroup.dispatchWindowFocusChanged(ViewGroup.java:1521)
01-10 20:43:18.953 19767 19767 W PackageManager: at android.view.ViewGroup.dispatchWindowFocusChanged(ViewGroup.java:1521)
01-10 20:43:18.953 19767 19767 W PackageManager: at android.view.ViewGroup.dispatchWindowFocusChanged(ViewGroup.java:1521)
01-10 20:43:18.953 19767 19767 W PackageManager: at android.view.ViewRootImpl.dispatchFocusEvent(ViewRootImpl.java:4546)
01-10 20:43:18.953 19767 19767 W PackageManager: at android.view.ViewRootImpl.handleWindowFocusChanged(ViewRootImpl.java:4446)
01-10 20:43:18.953 19767 19767 W PackageManager: at android.view.ViewRootImpl.-$$Nest$mhandleWindowFocusChanged(Unknown Source:0)
01-10 20:43:18.953 19767 19767 W PackageManager: at android.view.ViewRootImpl$ViewRootHandler.handleMessageImpl(ViewRootImpl.java:6646)
01-10 20:43:18.953 19767 19767 W PackageManager: at android.view.ViewRootImpl$ViewRootHandler.handleMessage(ViewRootImpl.java:6540)
01-10 20:43:18.953 19767 19767 W PackageManager: at android.os.Handler.dispatchMessage(Handler.java:106)
01-10 20:43:18.953 19767 19767 W PackageManager: at android.os.Looper.loopOnce(Looper.java:257)
01-10 20:43:18.953 19767 19767 W PackageManager: at android.os.Looper.loop(Looper.java:368)
01-10 20:43:18.953 19767 19767 W PackageManager: at android.app.ActivityThread.main(ActivityThread.java:8839)
01-10 20:43:18.953 19767 19767 W PackageManager: at java.lang.reflect.Method.invoke(Native Method)
01-10 20:43:18.953 19767 19767 W PackageManager: at com.android.internal.os.RuntimeInit$MethodAndArgsCaller.run(RuntimeInit.java:572)
01-10 20:43:18.953 19767 19767 W PackageManager: at com.android.internal.os.ZygoteInit.main(ZygoteInit.java:1049)
01-10 20:43:18.968 19767 19767 I Quality : Skipped: false 9 cost 79.82846 refreshRate 8328193 bit true processName com.upgadata.up7723
01-10 20:43:19.414 19767 19767 D ViewRootImplExtImpl: MotionEvent MotionEvent { action=ACTION_UP, actionButton=0, id[0]=0, x[0]=138.75, y[0]=494.625, toolType[0]=TOOL_TYPE_FINGER, buttonState=0, classification=NONE, metaState=0, flags=0x800, edgeFlags=0x0, pointerCount=1, historySize=0, eventTime=1745971071, downTime=1745970967, deviceId=-1, source=0x1002, displayId=0, eventId=247782729 } handled by client, just return
01-10 20:43:19.505 19767 19767 I Quality : Skipped: true 1 cost 8.942876 refreshRate 8326362 bit true processName com.upgadata.up7723
01-10 20:43:19.571 19767 19767 I Quality : Skipped: true 1 cost 8.360015 refreshRate 8325753 bit true processName com.upgadata.up7723
01-10 20:43:19.777 19767 19823 D OpenGLRenderer: SkiaOpenGLPipeline::setSurface: this=0x7ac2d7ebc0, surface=NULL
01-10 20:43:19.777 19767 19779 W System : A resource failed to call close.
01-10 20:43:19.778 19767 19779 W System : A resource failed to call close.
01-10 20:43:19.778 19767 19779 W System : A resource failed to call close.
01-10 20:43:19.778 19767 19779 W System : A resource failed to call close.
01-10 20:43:19.778 19767 19779 W System : A resource failed to call close.
01-10 20:43:19.778 19767 19779 W System : A resource failed to call close.
01-10 20:43:19.778 19767 19779 W System : A resource failed to call close.
01-10 20:43:19.778 19767 19779 W System : A resource failed to call close.
01-10 20:43:19.778 19767 19779 W System : A resource failed to call close.
01-10 20:43:19.778 19767 19779 W System : A resource failed to call close.
01-10 20:43:19.778 19767 19779 W System : A resource failed to call close.
01-10 20:43:19.778 19767 19779 W System : A resource failed to call close.
01-10 20:43:19.778 19767 19779 W System : A resource failed to call close.
01-10 20:43:19.778 19767 19779 W System : A resource failed to call close.
01-10 20:43:19.778 19767 19779 W System : A resource failed to call close.
01-10 20:43:19.778 19767 19779 W System : A resource failed to call close.
01-10 20:43:19.778 19767 19779 W System : A resource failed to call close.
01-10 20:43:19.778 19767 19779 W System : A resource failed to call close.
01-10 20:43:19.778 19767 19779 W System : A resource failed to call close.
01-10 20:43:19.779 19767 19779 W System : A resource failed to call close.
01-10 20:43:19.779 19767 19779 W System : A resource failed to call close.
01-10 20:43:19.779 19767 19779 W System : A resource failed to call close.
01-10 20:43:19.899 19767 19767 D ViewRootImplExtImpl: MotionEvent MotionEvent { action=ACTION_UP, actionButton=0, id[0]=0, x[0]=159.0, y[0]=628.125, toolType[0]=TOOL_TYPE_FINGER, buttonState=0, classification=NONE, metaState=0, flags=0x800, edgeFlags=0x0, pointerCount=1, historySize=0, eventTime=1745971555, downTime=1745971305, deviceId=-1, source=0x1002, displayId=0, eventId=531107204 } handled by client, just return
01-10 20:43:19.943 19767 19893 D OplusScrollToTopManager: com.upgadata.up7723/com.upgadata.up7723.game.GameSearchActivity,This DecorView@b9b97ed[GameSearchActivity] change focus to true
01-10 20:43:19.943 19767 19893 D OplusScrollToTopManager: com.upgadata.up7723/com.upgadata.up7723.game.GameSearchActivity,registerSystemUIBro adcastReceiver
01-10 20:43:22.960 19767 19767 I oplus.android.OplusFrameworkFactoryImpl: get feature:IOplusDynamicVsyncFeature
01-10 20:43:22.961 19767 19767 I oplus.android.OplusFrameworkFactoryImpl: get feature:IOplusDynamicVsyncFeature
01-10 20:43:22.961 19767 19767 I oplus.android.OplusFrameworkFactoryImpl: get feature:IOplusDynamicVsyncFeature
01-10 20:43:22.961 19767 19767 D OplusViewDebugManager: OplusViewDebugManager Constructor android.view.debug.OplusViewDebugManager@e09c28d [mHasViewDebugProperty true] [mHasMsgDebugProperty false] [DEBUG false] [EXTRAINFOENABLE false] [LIGHT_OS false]
01-10 20:43:22.961 19767 19767 D OplusViewDebugManager: OplusViewDebugManager Constructor android.view.debug.OplusViewDebugManager@97cfc42 [mHasViewDebugProperty true] [mHasMsgDebugProperty false] [DEBUG false] [EXTRAINFOENABLE false] [LIGHT_OS false]
01-10 20:43:23.186 19767 19767 D ViewRootImplExtImpl: MotionEvent MotionEvent { action=ACTION_UP, actionButton=0, id[0]=0, x[0]=112.125, y[0]=437.125, toolType[0]=TOOL_TYPE_FINGER, buttonState=0, classification=NONE, metaState=0, flags=0x800, edgeFlags=0x0, pointerCount=1, historySize=0, eventTime=1745974842, downTime=1745974738, deviceId=-1, source=0x1002, displayId=0, eventId=48073502 } handled by client, just return
01-10 20:43:23.219 19767 19767 I Quality : Skipped: false 1 cost 9.807157 refreshRate 8324814 bit true processName com.upgadata.up7723
01-10 20:43:23.238 19767 19767 I Quality : Skipped: true 1 cost 11.592817 refreshRate 8324770 bit true processName com.upgadata.up7723
01-10 20:43:23.253 19767 19767 I Quality : Skipped: true 1 cost 10.455193 refreshRate 8324599 bit true processName com.upgadata.up7723
01-10 20:43:23.272 19767 19767 I Quality : Skipped: false 1 cost 12.700606 refreshRate 8324408 bit true processName com.upgadata.up7723
01-10 20:43:23.287 19767 19767 I Quality : Skipped: false 1 cost 11.197523 refreshRate 8324287 bit true processName com.upgadata.up7723
01-10 20:43:23.287 19767 20040 D TrafficStats: tagSocket(255) with statsTag=0xffffffff, statsUid=-1
01-10 20:43:23.305 19767 19767 I Quality : Skipped: false 1 cost 12.051736 refreshRate 8324239 bit true processName com.upgadata.up7723
01-10 20:43:23.321 19767 19767 I Quality : Skipped: false 1 cost 12.055008 refreshRate 8324261 bit true processName com.upgadata.up7723
01-10 20:43:23.336 19767 19767 I Quality : Skipped: false 1 cost 10.649046 refreshRate 8324302 bit true processName com.upgadata.up7723
01-10 20:43:23.355 19767 19767 I Quality : Skipped: false 1 cost 12.038084 refreshRate 8324456 bit true processName com.upgadata.up7723
01-10 20:43:23.370 19767 19767 I Quality : Skipped: false 1 cost 10.860309 refreshRate 8324689 bit true processName com.upgadata.up7723
01-10 20:43:23.387 19767 19767 I Quality : Skipped: true 1 cost 11.304724 refreshRate 8325027 bit true processName com.upgadata.up7723
01-10 20:43:23.403 19767 19767 I Quality : Skipped: false 1 cost 10.802212 refreshRate 8325465 bit true processName com.upgadata.up7723
01-10 20:43:23.421 19767 19767 I Quality : Skipped: false 1 cost 12.0657 refreshRate 8325884 bit true processName com.upgadata.up7723
01-10 20:43:23.437 19767 19767 I Quality : Skipped: true 1 cost 11.560393 refreshRate 8326291 bit true processName com.upgadata.up7723
01-10 20:43:23.460 19767 19767 I Quality : Skipped: false 2 cost 18.034916 refreshRate 8326620 bit true processName com.upgadata.up7723
01-10 20:43:23.487 19767 19767 I Quality : Skipped: true 1 cost 11.099842 refreshRate 8327035 bit true processName com.upgadata.up7723
01-10 20:43:23.504 19767 19767 I Quality : Skipped: false 1 cost 11.891735 refreshRate 8327114 bit true processName com.upgadata.up7723
01-10 20:43:23.520 19767 19767 I Quality : Skipped: false 1 cost 10.739647 refreshRate 8327061 bit true processName com.upgadata.up7723
01-10 20:43:23.536 19767 19767 I Quality : Skipped: false 1 cost 10.068459 refreshRate 8326881 bit true processName com.upgadata.up7723
01-10 20:43:23.554 19767 19767 I Quality : Skipped: true 1 cost 11.935591 refreshRate 8326660 bit true processName com.upgadata.up7723
01-10 20:43:25.152 19767 19767 D ViewRootImplExtImpl: MotionEvent MotionEvent { action=ACTION_UP, actionButton=0, id[0]=0, x[0]=139.25, y[0]=540.25, toolType[0]=TOOL_TYPE_FINGER, buttonState=0, classification=NONE, metaState=0, flags=0x800, edgeFlags=0x0, pointerCount=1, historySize=0, eventTime=1745976808, downTime=1745976631, deviceId=-1, source=0x1002, displayId=0, eventId=837628862 } handled by client, just return
01-10 20:43:25.685 19767 19767 D ViewRootImplExtImpl: MotionEvent MotionEvent { action=ACTION_UP, actionButton=0, id[0]=0, x[0]=135.375, y[0]=489.625, toolType[0]=TOOL_TYPE_FINGER, buttonState=0, classification=NONE, metaState=0, flags=0x800, edgeFlags=0x0, pointerCount=1, historySize=0, eventTime=1745977339, downTime=1745977179, deviceId=-1, source=0x1002, displayId=0, eventId=20710313 } handled by client, just return
01-10 20:43:25.716 19767 19767 I Quality : Skipped: false 1 cost 8.727985 refreshRate 8325839 bit true processName com.upgadata.up7723
01-10 20:43:25.736 19767 19767 I Quality : Skipped: false 1 cost 12.209433 refreshRate 8325743 bit true processName com.upgadata.up7723
01-10 20:43:25.752 19767 19767 I Quality : Skipped: false 1 cost 11.268534 refreshRate 8325620 bit true processName com.upgadata.up7723
01-10 20:43:25.769 19767 19767 I Quality : Skipped: false 1 cost 12.300372 refreshRate 8325504 bit true processName com.upgadata.up7723
01-10 20:43:25.784 19767 19767 I Quality : Skipped: false 1 cost 10.184364 refreshRate 8325452 bit true processName com.upgadata.up7723
01-10 20:43:25.801 19767 19767 I Quality : Skipped: false 1 cost 10.881261 refreshRate 8325461 bit true processName com.upgadata.up7723
01-10 20:43:25.818 19767 19767 I Quality : Skipped: false 1 cost 11.035075 refreshRate 8325463 bit true processName com.upgadata.up7723
01-10 20:43:25.834 19767 19767 I Quality : Skipped: false 1 cost 10.569182 refreshRate 8325409 bit true processName com.upgadata.up7723
01-10 20:43:25.851 19767 19767 I Quality : Skipped: false 1 cost 11.030918 refreshRate 8325278 bit true processName com.upgadata.up7723
01-10 20:43:25.867 19767 19767 I Quality : Skipped: false 1 cost 10.446246 refreshRate 8325137 bit true processName com.upgadata.up7723
01-10 20:43:25.884 19767 19767 I Quality : Skipped: false 1 cost 10.572467 refreshRate 8325057 bit true processName com.upgadata.up7723
01-10 20:43:25.903 19767 19767 I Quality : Skipped: false 1 cost 12.95976 refreshRate 8325092 bit true processName com.upgadata.up7723
01-10 20:43:25.917 19767 19767 I Quality : Skipped: false 1 cost 10.537473 refreshRate 8325166 bit true processName com.upgadata.up7723
01-10 20:43:25.934 19767 19767 I Quality : Skipped: false 1 cost 10.585458 refreshRate 8325267 bit true processName com.upgadata.up7723
01-10 20:43:25.953 19767 19767 I Quality : Skipped: false 1 cost 12.560855 refreshRate 8325419 bit true processName com.upgadata.up7723
01-10 20:43:25.969 19767 19767 I Quality : Skipped: false 1 cost 12.264654 refreshRate 8325631 bit true processName com.upgadata.up7723
01-10 20:43:25.984 19767 19767 I Quality : Skipped: false 1 cost 10.434785 refreshRate 8325829 bit true processName com.upgadata.up7723
01-10 20:43:26.003 19767 19767 I Quality : Skipped: false 1 cost 12.808865 refreshRate 8325939 bit true processName com.upgadata.up7723
01-10 20:43:26.016 19767 19767 I Quality : Skipped: false 1 cost 9.545508 refreshRate 8327291 bit true processName com.upgadata.up7723
01-10 20:43:26.634 19767 19767 D ViewRootImplExtImpl: MotionEvent MotionEvent { action=ACTION_UP, actionButton=0, id[0]=0, x[0]=128.5, y[0]=461.25, toolType[0]=TOOL_TYPE_FINGER, buttonState=0, classification=NONE, metaState=0, flags=0x800, edgeFlags=0x0, pointerCount=1, historySize=0, eventTime=1745978289, downTime=1745978169, deviceId=-1, source=0x1002, displayId=0, eventId=952130504 } handled by client, just return
01-10 20:43:27.363 19767 19767 D ViewRootImplExtImpl: MotionEvent MotionEvent { action=ACTION_UP, actionButton=0, id[0]=0, x[0]=125.125, y[0]=438.375, toolType[0]=TOOL_TYPE_FINGER, buttonState=0, classification=NONE, metaState=0, flags=0x800, edgeFlags=0x0, pointerCount=1, historySize=0, eventTime=1745979013, downTime=1745978861, deviceId=-1, source=0x1002, displayId=0, eventId=1063260654 } handled by client, just return
01-10 20:43:27.960 19767 19767 I oplus.android.OplusFrameworkFactoryImpl: get feature:IOplusDynamicVsyncFeature
01-10 20:43:27.960 19767 19767 I oplus.android.OplusFrameworkFactoryImpl: get feature:IOplusDynamicVsyncFeature
01-10 20:43:27.960 19767 19767 I oplus.android.OplusFrameworkFactoryImpl: get feature:IOplusDynamicVsyncFeature
01-10 20:43:27.960 19767 19767 D OplusViewDebugManager: OplusViewDebugManager Constructor android.view.debug.OplusViewDebugManager@feeb91c [mHasViewDebugProperty true] [mHasMsgDebugProperty false] [DEBUG false] [EXTRAINFOENABLE false] [LIGHT_OS false]
01-10 20:43:27.960 19767 19767 D OplusViewDebugManager: OplusViewDebugManager Constructor android.view.debug.OplusViewDebugManager@cb38925 [mHasViewDebugProperty true] [mHasMsgDebugProperty false] [DEBUG false] [EXTRAINFOENABLE false] [LIGHT_OS false]
01-10 20:43:27.979 19767 20030 E upgadata.up7723: Invalid resource ID 0x00000000.
01-10 20:43:27.979 19767 20030 E upgadata.up7723: Invalid resource ID 0x00000000.
01-10 20:43:27.979 19767 20030 E upgadata.up7723: Invalid resource ID 0x00000000.
01-10 20:43:27.979 19767 20030 E upgadata.up7723: Invalid resource ID 0x00000000.
01-10 20:43:27.992 19767 19767 D ViewRootImplExtImpl: MotionEvent MotionEvent { action=ACTION_UP, actionButton=0, id[0]=0, x[0]=117.5, y[0]=441.6875, toolType[0]=TOOL_TYPE_FINGER, buttonState=0, classification=NONE, metaState=0, flags=0x800, edgeFlags=0x0, pointerCount=1, historySize=0, eventTime=1745979649, downTime=1745979521, deviceId=-1, source=0x1002, displayId=0, eventId=120041930 } handled by client, just return
01-10 20:43:28.034 19767 19767 I Quality : Skipped: true 1 cost 12.251949 refreshRate 8327548 bit true processName com.upgadata.up7723
01-10 20:43:28.050 19767 19767 I Quality : Skipped: false 1 cost 11.277387 refreshRate 8327432 bit true processName com.upgadata.up7723
01-10 20:43:28.066 19767 19767 I Quality : Skipped: false 1 cost 11.191241 refreshRate 8327323 bit true processName com.upgadata.up7723
01-10 20:43:28.083 19767 19767 I Quality : Skipped: true 1 cost 11.620713 refreshRate 8327273 bit true processName com.upgadata.up7723
01-10 20:43:28.103 19767 19767 I Quality : Skipped: false 1 cost 14.922154 refreshRate 8327266 bit true processName com.upgadata.up7723
01-10 20:43:28.114 19767 19767 I Quality : Skipped: true 1 cost 9.248245 refreshRate 8327194 bit true processName com.upgadata.up7723
01-10 20:43:28.133 19767 19767 I Quality : Skipped: false 1 cost 11.397044 refreshRate 8327074 bit true processName com.upgadata.up7723
01-10 20:43:28.168 19767 19767 I Quality : Skipped: true 1 cost 12.99931 refreshRate 8326608 bit true processName com.upgadata.up7723
01-10 20:43:28.184 19767 19767 I Quality : Skipped: true 1 cost 12.362145 refreshRate 8326226 bit true processName com.upgadata.up7723
01-10 20:43:28.199 19767 19767 I Quality : Skipped: false 1 cost 10.714607 refreshRate 8325825 bit true processName com.upgadata.up7723
01-10 20:43:28.216 19767 19767 I Quality : Skipped: true 1 cost 11.515364 refreshRate 8325495 bit true processName com.upgadata.up7723
01-10 20:43:28.231 19767 19767 I Quality : Skipped: true 1 cost 9.432606 refreshRate 8325288 bit true processName com.upgadata.up7723
01-10 20:43:28.250 19767 19767 I Quality : Skipped: false 1 cost 12.029633 refreshRate 8325149 bit true processName com.upgadata.up7723
01-10 20:43:28.265 19767 19767 I Quality : Skipped: true 1 cost 10.221415 refreshRate 8325077 bit true processName com.upgadata.up7723
01-10 20:43:28.282 19767 19767 I Quality : Skipped: true 1 cost 10.608232 refreshRate 8325179 bit true processName com.upgadata.up7723
01-10 20:43:28.300 19767 19767 I Quality : Skipped: false 1 cost 11.633596 refreshRate 8325363 bit true processName com.upgadata.up7723
01-10 20:43:28.317 19767 19767 I Quality : Skipped: true 1 cost 12.424926 refreshRate 8325651 bit true processName com.upgadata.up7723
01-10 20:43:28.332 19767 19767 I Quality : Skipped: true 1 cost 10.136583 refreshRate 8325887 bit true processName com.upgadata.up7723
01-10 20:43:28.347 19767 19767 I Quality : Skipped: false 1 cost 9.259113 refreshRate 8326024 bit true processName com.upgadata.up7723
01-10 20:43:28.366 19767 19767 I Quality : Skipped: false 1 cost 11.414391 refreshRate 8326072 bit true processName com.upgadata.up7723
01-10 20:43:28.382 19767 19767 I Quality : Skipped: false 1 cost 10.676324 refreshRate 8326158 bit true processName com.upgadata.up7723
01-10 20:43:28.785 19767 19767 D ViewRootImplExtImpl: MotionEvent MotionEvent { action=ACTION_UP, actionButton=0, id[0]=0, x[0]=122.5, y[0]=429.75, toolType[0]=TOOL_TYPE_FINGER, buttonState=0, classification=NONE, metaState=0, flags=0x800, edgeFlags=0x0, pointerCount=1, historySize=0, eventTime=1745980437, downTime=1745980301, deviceId=-1, source=0x1002, displayId=0, eventId=814618733 } handled by client, just return
01-10 20:43:28.788 19767 19767 I Quality : Skipped: false 1 cost 8.594243 refreshRate 8326340 bit true processName com.upgadata.up7723
01-10 20:43:29.838 19767 19767 D ViewRootImplExtImpl: MotionEvent MotionEvent { action=ACTION_UP, actionButton=0, id[0]=0, x[0]=118.375, y[0]=459.875, toolType[0]=TOOL_TYPE_FINGER, buttonState=0, classification=NONE, metaState=0, flags=0x800, edgeFlags=0x0, pointerCount=1, historySize=0, eventTime=1745981492, downTime=1745981380, deviceId=-1, source=0x1002, displayId=0, eventId=997316889 } handled by client, just return
01-10 20:43:32.969 19767 19767 I oplus.android.OplusFrameworkFactoryImpl: get feature:IOplusDynamicVsyncFeature
01-10 20:43:32.970 19767 19767 I oplus.android.OplusFrameworkFactoryImpl: get feature:IOplusDynamicVsyncFeature
01-10 20:43:32.970 19767 19767 I oplus.android.OplusFrameworkFactoryImpl: get feature:IOplusDynamicVsyncFeature
01-10 20:43:32.970 19767 19767 D OplusViewDebugManager: OplusViewDebugManager Constructor android.view.debug.OplusViewDebugManager@eacf597 [mHasViewDebugProperty true] [mHasMsgDebugProperty false] [DEBUG false] [EXTRAINFOENABLE false] [LIGHT_OS false]
01-10 20:43:32.970 19767 19767 D OplusViewDebugManager: OplusViewDebugManager Constructor android.view.debug.OplusViewDebugManager@c42c384 [mHasViewDebugProperty true] [mHasMsgDebugProperty false] [DEBUG false] [EXTRAINFOENABLE false] [LIGHT_OS false]
01-10 20:43:36.184 19767 19767 D ViewRootImplExtImpl: MotionEvent MotionEvent { action=ACTION_UP, actionButton=0, id[0]=0, x[0]=140.125, y[0]=424.25, toolType[0]=TOOL_TYPE_FINGER, buttonState=0, classification=NONE, metaState=0, flags=0x800, edgeFlags=0x0, pointerCount=1, historySize=0, eventTime=1745987839, downTime=1745987663, deviceId=-1, source=0x1002, displayId=0, eventId=529683507 } handled by client, just return
01-10 20:43:36.703 19767 19767 I Quality : Skipped: false 1 cost 11.827408 refreshRate 8327257 bit true processName com.upgadata.up7723
01-10 20:43:36.751 19767 19767 D ViewRootImplExtImpl: MotionEvent MotionEvent { action=ACTION_UP, actionButton=0, id[0]=0, x[0]=151.125, y[0]=398.375, toolType[0]=TOOL_TYPE_FINGER, buttonState=0, classification=NONE, metaState=0, flags=0x800, edgeFlags=0x0, pointerCount=1, historySize=0, eventTime=1745988403, downTime=1745988299, deviceId=-1, source=0x1002, displayId=0, eventId=621331269 } handled by client, just return
01-10 20:43:36.932 19767 19767 I Quality : Skipped: false 1 cost 8.526571 refreshRate 8326718 bit true processName com.upgadata.up7723
01-10 20:43:37.030 19767 19767 W ziparchive: Unable to open '/data/user/0/com.upgadata.up7723/bzBox/data/app/com.kason.plants.vs.zombies/ base.apk': No such file or directory
01-10 20:43:37.030 19767 19767 E upgadata.up7723: Failed to open APK '/data/user/0/com.upgadata.up7723/bzBox/data/app/com.kason.plants.vs.zombies/ base.apk': I/O error
01-10 20:43:37.031 19767 19767 W PackageManager: Failure to parse package archive
01-10 20:43:37.031 19767 19767 W PackageManager: android.content.pm.PackageParser$PackageParserException: Failed to parse /data/user/0/com.upgadata.up7723/bzBox/data/app/com.kason.plants.vs.zombies/ base.apk
01-10 20:43:37.031 19767 19767 W PackageManager: at android.content.pm.PackageParser.parseApkLiteInner(PackageParser.java:1516)
01-10 20:43:37.031 19767 19767 W PackageManager: at android.content.pm.PackageParser.parseApkLite(PackageParser.java:1487)
01-10 20:43:37.031 19767 19767 W PackageManager: at android.content.pm.PackageParser.parseMonolithicPackageLite(PackageParser.java:993)
01-10 20:43:37.031 19767 19767 W PackageManager: at android.content.pm.PackageParser.parseMonolithicPackage(PackageParser.java:1202)
01-10 20:43:37.031 19767 19767 W PackageManager: at android.content.pm.PackageParser.parsePackage(PackageParser.java:1116)
01-10 20:43:37.031 19767 19767 W PackageManager: at android.content.pm.PackageManager.getPackageArchiveInfo(PackageManager.java:8346)
01-10 20:43:37.031 19767 19767 W PackageManager: at android.content.pm.PackageManager.getPackageArchiveInfo(PackageManager.java:8323)
01-10 20:43:37.031 19767 19767 W PackageManager: at com.upgadata.up7723.install.ApkInstallUtils.z(ApkInstallUtils.kt:13)
01-10 20:43:37.031 19767 19767 W PackageManager: at com.upgadata.up7723.install.ApkInstallUtils$isBlackBoxGameInstalled$3.invoke(ApkIns tallUtils.kt:3)
01-10 20:43:37.031 19767 19767 W PackageManager: at com.upgadata.up7723.install.ApkInstallUtils$isBlackBoxGameInstalled$3.invoke(ApkIns tallUtils.kt:1)
01-10 20:43:37.031 19767 19767 W PackageManager: at com.upgadata.up7723.install.o.c(CommonUtils.kt:14)
01-10 20:43:37.031 19767 19767 W PackageManager: at com.upgadata.up7723.install.ApkInstallUtils.v(ApkInstallUtils.kt:5)
01-10 20:43:37.031 19767 19767 W PackageManager: at com.upgadata.up7723.widget.view.DownLoadView.setDownloadState(DownLoadView.java:107 )
01-10 20:43:37.031 19767 19767 W PackageManager: at com.upgadata.up7723.widget.view.DownLoadView.U(DownLoadView.java:10)
01-10 20:43:37.031 19767 19767 W PackageManager: at com.upgadata.up7723.widget.view.DownLoadView.s0(DownLoadView.java:18)
01-10 20:43:37.031 19767 19767 W PackageManager: at com.upgadata.up7723.widget.view.DownLoadView.setData(DownLoadView.java:129)
01-10 20:43:37.031 19767 19767 W PackageManager: at com.upgadata.up7723.widget.t0.n(GameItemNormalView.java:108)
01-10 20:43:37.031 19767 19767 W PackageManager: at com.upgadata.up7723.widget.t0.update(GameItemNormalView.java:3)
01-10 20:43:37.031 19767 19767 W PackageManager: at com.upgadata.up7723.base.b.getView(BaseHolderAdapter.java:6)
01-10 20:43:37.031 19767 19767 W PackageManager: at android.widget.AbsListView.obtainView(AbsListView.java:2482)
01-10 20:43:37.031 19767 19767 W PackageManager: at android.widget.ListView.makeAndAddView(ListView.java:2065)
01-10 20:43:37.031 19767 19767 W PackageManager: at android.widget.ListView.fillDown(ListView.java:791)
01-10 20:43:37.031 19767 19767 W PackageManager: at android.widget.ListView.fillGap(ListView.java:754)
01-10 20:43:37.031 19767 19767 W PackageManager: at android.widget.AbsListView.trackMotionScroll(AbsListView.java:5617)
01-10 20:43:37.031 19767 19767 W PackageManager: at android.widget.ListView.trackMotionScroll(ListView.java:1982)
01-10 20:43:37.031 19767 19767 W PackageManager: at android.widget.AbsListView.scrollIfNeeded(AbsListView.java:3750)
01-10 20:43:37.031 19767 19767 W PackageManager: at android.widget.AbsListView.onTouchMove(AbsListView.java:4209)
01-10 20:43:37.031 19767 19767 W PackageManager: at android.widget.AbsListView.onTouchEvent(AbsListView.java:4018)
01-10 20:43:37.031 19767 19767 W PackageManager: at android.view.View.dispatchTouchEvent(View.java:15805)
01-10 20:43:37.031 19767 19767 W PackageManager: at android.view.ViewGroup.dispatchTransformedTouchEvent(ViewGroup.java:3167)
01-10 20:43:37.031 19767 19767 W PackageManager: at android.view.ViewGroup.dispatchTouchEvent(ViewGroup.java:2835)
01-10 20:43:37.031 19767 19767 W PackageManager: at android.view.ViewGroup.dispatchTransformedTouchEvent(ViewGroup.java:3173)
01-10 20:43:37.031 19767 19767 W PackageManager: at android.view.ViewGroup.dispatchTouchEvent(ViewGroup.java:2849)
01-10 20:43:37.031 19767 19767 W PackageManager: at android.view.ViewGroup.dispatchTransformedTouchEvent(ViewGroup.java:3173)
01-10 20:43:37.031 19767 19767 W PackageManager: at android.view.ViewGroup.dispatchTouchEvent(ViewGroup.java:2849)
01-10 20:43:37.031 19767 19767 W PackageManager: at android.view.ViewGroup.dispatchTransformedTouchEvent(ViewGroup.java:3173)
01-10 20:43:37.031 19767 19767 W PackageManager: at android.view.ViewGroup.dispatchTouchEvent(ViewGroup.java:2849)
01-10 20:43:37.031 19767 19767 W PackageManager: at android.view.ViewGroup.dispatchTransformedTouchEvent(ViewGroup.java:3173)
01-10 20:43:37.031 19767 19767 W PackageManager: at android.view.ViewGroup.dispatchTouchEvent(ViewGroup.java:2849)
01-10 20:43:37.031 19767 19767 W PackageManager: at android.view.ViewGroup.dispatchTransformedTouchEvent(ViewGroup.java:3173)
01-10 20:43:37.031 19767 19767 W PackageManager: at android.view.ViewGroup.dispatchTouchEvent(ViewGroup.java:2849)
01-10 20:43:37.031 19767 19767 W PackageManager: at android.view.ViewGroup.dispatchTransformedTouchEvent(ViewGroup.java:3173)
01-10 20:43:37.031 19767 19767 W PackageManager: at android.view.ViewGroup.dispatchTouchEvent(ViewGroup.java:2849)
01-10 20:43:37.031 19767 19767 W PackageManager: at android.view.ViewGroup.dispatchTransformedTouchEvent(ViewGroup.java:3173)
01-10 20:43:37.031 19767 19767 W PackageManager: at android.view.ViewGroup.dispatchTouchEvent(ViewGroup.java:2849)
01-10 20:43:37.031 19767 19767 W PackageManager: at android.view.ViewGroup.dispatchTransformedTouchEvent(ViewGroup.java:3173)
01-10 20:43:37.031 19767 19767 W PackageManager: at android.view.ViewGroup.dispatchTouchEvent(ViewGroup.java:2849)
01-10 20:43:37.031 19767 19767 W PackageManager: at android.view.ViewGroup.dispatchTransformedTouchEvent(ViewGroup.java:3173)
01-10 20:43:37.031 19767 19767 W PackageManager: at android.view.ViewGroup.dispatchTouchEvent(ViewGroup.java:2849)
01-10 20:43:37.031 19767 19767 W PackageManager: at android.view.ViewGroup.dispatchTransformedTouchEvent(ViewGroup.java:3173)
01-10 20:43:37.031 19767 19767 W PackageManager: at android.view.ViewGroup.dispatchTouchEvent(ViewGroup.java:2849)
01-10 20:43:37.031 19767 19767 W PackageManager: at android.view.ViewGroup.dispatchTransformedTouchEvent(ViewGroup.java:3173)
01-10 20:43:37.031 19767 19767 W PackageManager: at android.view.ViewGroup.dispatchTouchEvent(ViewGroup.java:2849)
01-10 20:43:37.031 19767 19767 W PackageManager: at android.view.ViewGroup.dispatchTransformedTouchEvent(ViewGroup.java:3173)
01-10 20:43:37.031 19767 19767 W PackageManager: at android.view.ViewGroup.dispatchTouchEvent(ViewGroup.java:2849)
01-10 20:43:37.031 19767 19767 W PackageManager: at com.android.internal.policy.DecorView.superDispatchTouchEvent(DecorView.java:559)
01-10 20:43:37.031 19767 19767 W PackageManager: at com.android.internal.policy.PhoneWindow.superDispatchTouchEvent(PhoneWindow.java:19 23)
01-10 20:43:37.031 19767 19767 W PackageManager: at android.app.Activity.dispatchTouchEvent(Activity.java:4490)
01-10 20:43:37.031 19767 19767 W PackageManager: at androidx.appcompat.view.WindowCallbackWrapper.dispatchTouchEvent(WindowCallbackWrap per.java:1)
01-10 20:43:37.031 19767 19767 W PackageManager: at com.android.internal.policy.DecorView.dispatchTouchEvent(DecorView.java:507)
01-10 20:43:37.031 19767 19767 W PackageManager: at android.view.View.dispatchPointerEvent(View.java:16088)
01-10 20:43:37.031 19767 19767 W PackageManager: at android.view.ViewRootImpl$ViewPostImeInputStage.processPointerEvent(ViewRootImpl.ja va:7766)
01-10 20:43:37.031 19767 19767 W PackageManager: at android.view.ViewRootImpl$ViewPostImeInputStage.onProcess(ViewRootImpl.java:7517)
01-10 20:43:37.031 19767 19767 W PackageManager: at android.view.ViewRootImpl$InputStage.deliver(ViewRootImpl.java:6926)
01-10 20:43:37.031 19767 19767 W PackageManager: at android.view.ViewRootImpl$InputStage.onDeliverToNext(ViewRootImpl.java:6988)
01-10 20:43:37.031 19767 19767 W PackageManager: at android.view.ViewRootImpl$InputStage.forward(ViewRootImpl.java:6949)
01-10 20:43:37.031 19767 19767 W PackageManager: at android.view.ViewRootImpl$AsyncInputStage.forward(ViewRootImpl.java:7119)
01-10 20:43:37.031 19767 19767 W PackageManager: at android.view.ViewRootImpl$InputStage.apply(ViewRootImpl.java:6957)
01-10 20:43:37.031 19767 19767 W PackageManager: at android.view.ViewRootImpl$AsyncInputStage.apply(ViewRootImpl.java:7176)
01-10 20:43:37.031 19767 19767 W PackageManager: at android.view.ViewRootImpl$InputStage.deliver(ViewRootImpl.java:6930)
01-10 20:43:37.031 19767 19767 W PackageManager: at android.view.ViewRootImpl$InputStage.onDeliverToNext(ViewRootImpl.java:6988)
01-10 20:43:37.031 19767 19767 W PackageManager: at android.view.ViewRootImpl$InputStage.forward(ViewRootImpl.java:6949)
01-10 20:43:37.031 19767 19767 W PackageManager: at android.view.ViewRootImpl$InputStage.apply(ViewRootImpl.java:6957)
01-10 20:43:37.031 19767 19767 W PackageManager: at android.view.ViewRootImpl$InputStage.deliver(ViewRootImpl.java:6930)
01-10 20:43:37.031 19767 19767 W PackageManager: at android.view.ViewRootImpl.deliverInputEvent(ViewRootImpl.java:10117)
01-10 20:43:37.031 19767 19767 W PackageManager: at android.view.ViewRootImpl.doProcessInputEvents(ViewRootImpl.java:10068)
01-10 20:43:37.031 19767 19767 W PackageManager: at android.view.ViewRootImpl.enqueueInputEvent(ViewRootImpl.java:10028)
01-10 20:43:37.031 19767 19767 W PackageManager: at android.view.ViewRootImpl$WindowInputEventReceiver.onInputEvent(ViewRootImpl.java:1 0267)
01-10 20:43:37.031 19767 19767 W PackageManager: at android.view.InputEventReceiver.dispatchInputEvent(InputEventReceiver.java:281)
01-10 20:43:37.031 19767 19767 W PackageManager: at android.view.InputEventReceiver.nativeConsumeBatchedInputEvents(Native Method)
01-10 20:43:37.031 19767 19767 W PackageManager: at android.view.InputEventReceiver.consumeBatchedInputEvents(InputEventReceiver.java:2 61)
01-10 20:43:37.031 19767 19767 W PackageManager: at android.view.ViewRootImpl.doConsumeBatchedInput(ViewRootImpl.java:10208)
01-10 20:43:37.031 19767 19767 W PackageManager: at android.view.ViewRootImpl$ConsumeBatchedInputRunnable.run(ViewRootImpl.java:10361)
01-10 20:43:37.031 19767 19767 W PackageManager: at android.view.Choreographer$CallbackRecord.run(Choreographer.java:1544)
01-10 20:43:37.031 19767 19767 W PackageManager: at android.view.Choreographer$CallbackRecord.run(Choreographer.java:1553)
01-10 20:43:37.031 19767 19767 W PackageManager: at android.view.Choreographer.doCallbacks(Choreographer.java:1109)
01-10 20:43:37.031 19767 19767 W PackageManager: at android.view.Choreographer.doFrame(Choreographer.java:975)
01-10 20:43:37.031 19767 19767 W PackageManager: at android.view.Choreographer$FrameDisplayEventReceiver.run(Choreographer.java:1527)
01-10 20:43:37.031 19767 19767 W PackageManager: at android.os.Handler.handleCallback(Handler.java:958)
01-10 20:43:37.031 19767 19767 W PackageManager: at android.os.Handler.dispatchMessage(Handler.java:99)
01-10 20:43:37.031 19767 19767 W PackageManager: at android.os.Looper.loopOnce(Looper.java:257)
01-10 20:43:37.031 19767 19767 W PackageManager: at android.os.Looper.loop(Looper.java:368)
01-10 20:43:37.031 19767 19767 W PackageManager: at android.app.ActivityThread.main(ActivityThread.java:8839)
01-10 20:43:37.031 19767 19767 W PackageManager: at java.lang.reflect.Method.invoke(Native Method)
01-10 20:43:37.031 19767 19767 W PackageManager: at com.android.internal.os.RuntimeInit$MethodAndArgsCaller.run(RuntimeInit.java:572)
01-10 20:43:37.031 19767 19767 W PackageManager: at com.android.internal.os.ZygoteInit.main(ZygoteInit.java:1049)
01-10 20:43:37.043 19767 19767 I Quality : Skipped: false 1 cost 10.797905 refreshRate 8329251 bit true processName com.upgadata.up7723
01-10 20:43:37.167 19767 19767 D ViewRootImplExtImpl: MotionEvent MotionEvent { action=ACTION_UP, actionButton=0, id[0]=0, x[0]=161.875, y[0]=487.875, toolType[0]=TOOL_TYPE_FINGER, buttonState=0, classification=NONE, metaState=0, flags=0x800, edgeFlags=0x0, pointerCount=1, historySize=0, eventTime=1745988823, downTime=1745988533, deviceId=-1, source=0x1002, displayId=0, eventId=792377305 } handled by client, just return
01-10 20:43:37.267 19767 19767 I Quality : Skipped: true 1 cost 9.523755 refreshRate 8327067 bit true processName com.upgadata.up7723
01-10 20:43:37.399 19767 19767 I Quality : Skipped: true 3 cost 25.826693 refreshRate 8326302 bit true processName com.upgadata.up7723
01-10 20:43:37.712 19767 19767 W ziparchive: Unable to open '/data/user/0/com.upgadata.up7723/bzBox/data/app/com.kason.plants.vs.zombies/ base.apk': No such file or directory
01-10 20:43:37.712 19767 19767 E upgadata.up7723: Failed to open APK '/data/user/0/com.upgadata.up7723/bzBox/data/app/com.kason.plants.vs.zombies/ base.apk': I/O error
01-10 20:43:37.713 19767 19767 W PackageManager: Failure to parse package archive
01-10 20:43:37.713 19767 19767 W PackageManager: android.content.pm.PackageParser$PackageParserException: Failed to parse /data/user/0/com.upgadata.up7723/bzBox/data/app/com.kason.plants.vs.zombies/ base.apk
01-10 20:43:37.713 19767 19767 W PackageManager: at android.content.pm.PackageParser.parseApkLiteInner(PackageParser.java:1516)
01-10 20:43:37.713 19767 19767 W PackageManager: at android.content.pm.PackageParser.parseApkLite(PackageParser.java:1487)
01-10 20:43:37.713 19767 19767 W PackageManager: at android.content.pm.PackageParser.parseMonolithicPackageLite(PackageParser.java:993)
01-10 20:43:37.713 19767 19767 W PackageManager: at android.content.pm.PackageParser.parseMonolithicPackage(PackageParser.java:1202)
01-10 20:43:37.713 19767 19767 W PackageManager: at android.content.pm.PackageParser.parsePackage(PackageParser.java:1116)
01-10 20:43:37.713 19767 19767 W PackageManager: at android.content.pm.PackageManager.getPackageArchiveInfo(PackageManager.java:8346)
01-10 20:43:37.713 19767 19767 W PackageManager: at android.content.pm.PackageManager.getPackageArchiveInfo(PackageManager.java:8323)
01-10 20:43:37.713 19767 19767 W PackageManager: at com.upgadata.up7723.install.ApkInstallUtils.z(ApkInstallUtils.kt:13)
01-10 20:43:37.713 19767 19767 W PackageManager: at com.upgadata.up7723.install.ApkInstallUtils$isBlackBoxGameInstalled$3.invoke(ApkIns tallUtils.kt:3)
01-10 20:43:37.713 19767 19767 W PackageManager: at com.upgadata.up7723.install.ApkInstallUtils$isBlackBoxGameInstalled$3.invoke(ApkIns tallUtils.kt:1)
01-10 20:43:37.713 19767 19767 W PackageManager: at com.upgadata.up7723.install.o.c(CommonUtils.kt:14)
01-10 20:43:37.713 19767 19767 W PackageManager: at com.upgadata.up7723.install.ApkInstallUtils.v(ApkInstallUtils.kt:5)
01-10 20:43:37.713 19767 19767 W PackageManager: at com.upgadata.up7723.widget.view.DownLoadView.setDownloadState(DownLoadView.java:107 )
01-10 20:43:37.713 19767 19767 W PackageManager: at com.upgadata.up7723.widget.view.DownLoadView.U(DownLoadView.java:10)
01-10 20:43:37.713 19767 19767 W PackageManager: at com.upgadata.up7723.widget.view.DownLoadView.s0(DownLoadView.java:18)
01-10 20:43:37.713 19767 19767 W PackageManager: at com.upgadata.up7723.widget.view.DownLoadView.setData(DownLoadView.java:129)
01-10 20:43:37.713 19767 19767 W PackageManager: at com.upgadata.up7723.widget.t0.n(GameItemNormalView.java:108)
