01-10 20:44:00.267 19767 19767 I oplus.android.OplusFrameworkFactoryImpl: get feature:IOplusDynamicVsyncFeature
01-10 20:44:00.267 19767 19767 I oplus.android.OplusFrameworkFactoryImpl: get feature:IOplusDynamicVsyncFeature
01-10 20:44:00.284 19767 19767 I oplus.android.OplusFrameworkFactoryImpl: get feature:IOplusDynamicVsyncFeature
01-10 20:44:00.284 19767 19767 I oplus.android.OplusFrameworkFactoryImpl: get feature:IOplusDynamicVsyncFeature
01-10 20:44:00.284 19767 19767 I oplus.android.OplusFrameworkFactoryImpl: get feature:IOplusDynamicVsyncFeature
01-10 20:44:00.293 19767 19767 I oplus.android.OplusFrameworkFactoryImpl: get feature:IOplusDynamicVsyncFeature
01-10 20:44:00.293 19767 19767 I oplus.android.OplusFrameworkFactoryImpl: get feature:IOplusDynamicVsyncFeature
01-10 20:44:00.293 19767 19767 I oplus.android.OplusFrameworkFactoryImpl: get feature:IOplusDynamicVsyncFeature
01-10 20:44:00.300 19767 19767 I oplus.android.OplusFrameworkFactoryImpl: get feature:IOplusDynamicVsyncFeature
01-10 20:44:00.300 19767 19767 I oplus.android.OplusFrameworkFactoryImpl: get feature:IOplusDynamicVsyncFeature
01-10 20:44:00.300 19767 19767 I oplus.android.OplusFrameworkFactoryImpl: get feature:IOplusDynamicVsyncFeature
01-10 20:44:00.303 19767 19767 I oplus.android.OplusFrameworkFactoryImpl: get feature:IOplusDynamicVsyncFeature
01-10 20:44:00.304 19767 19767 I oplus.android.OplusFrameworkFactoryImpl: get feature:IOplusDynamicVsyncFeature
01-10 20:44:00.304 19767 19767 I oplus.android.OplusFrameworkFactoryImpl: get feature:IOplusDynamicVsyncFeature
01-10 20:44:00.306 19767 19767 I upgadata.up7723: _Desupression native alloc gc_urgency: 70641 native bytes: 129315022
01-10 20:44:00.390 19767 19767 I oplus.android.OplusFrameworkFactoryImpl: get feature:IOplusDynamicVsyncFeature
01-10 20:44:00.390 19767 19767 I oplus.android.OplusFrameworkFactoryImpl: get feature:IOplusDynamicVsyncFeature
01-10 20:44:00.390 19767 19767 I oplus.android.OplusFrameworkFactoryImpl: get feature:IOplusDynamicVsyncFeature
01-10 20:44:00.406 19767 19767 D ScrollOptim [SceneManager]: updateCurrentActivity: mCurrentActivityName=com.upgadata.up7723.game.detail.DetailGameActivity, isOptEnable=true, isAnimAheadEnable=true, isFrameInsertEnable=true, InsertNum=1, isEnabledForScrollChanged=false
01-10 20:44:00.406 19767 19767 D ActivityThread: ComponentInfo{com.upgadata.up7723/com.upgadata.up7723.game.detail.DetailGameActivit y} checkFinished=false 2
01-10 20:44:00.406 19767 19767 D ResourcesManagerExtImpl: applyConfigurationToAppResourcesLocked app.getDisplayId() return callback.displayId:-1
01-10 20:44:00.406 19767 19767 D EventBus: No subscribers registered for event class bzdevicesinfo.wz
01-10 20:44:00.407 19767 19767 D EventBus: No subscribers registered for event class org.greenrobot.eventbus.h
01-10 20:44:00.408 19767 19767 D WindowManager: Add to mViews: DecorView@da921d2[DetailGameActivity],pkg= com.upgadata.up7723
01-10 20:44:00.417 19767 19767 D InputEventReceiver: Input log is disabled in InputEventReceiver.
01-10 20:44:00.420 19767 19767 D VRI[GameSearchActivity]: onFocusEvent false
01-10 20:44:00.420 19767 19767 D ResourcesManagerExtImpl: applyConfigurationToAppResourcesLocked app.getDisplayId() return callback.displayId:-1
01-10 20:44:00.420 19767 19767 I Quality : Skipped: false 1 cost 14.253542 refreshRate 8327116 bit true processName com.upgadata.up7723
01-10 20:44:00.421 19767 19767 E OplusBracketLog: [OplusViewMirrorManager] updateHostViewRootIfNeeded, not support android.view.ViewRootImpl@c975fcc
01-10 20:44:00.425 19767 19767 D ViewRootImplExtImpl: wrapConfigInfoIntoFlags rotation=0, smallestScreenWidthDp=360, relayoutAsync=false, newFlags=23592960, title=com.upgadata.up7723/com.upgadata.up7723.game.detail.DetailGameActivity
01-10 20:44:00.436 19767 19767 D VRI[DetailGameActivity]: relayoutWindow result, sizeChanged:true, surfaceControlChanged:true, transformHintChanged:true, mSurfaceSize:Point(1080, 2412), mLastSurfaceSize:Point(0, 0), mWidth:-1, mHeight:- 1, requestedWidth:1080, requestedHeight:2412, transformHint:0, lastTransformHint:- 2147483648, installOrientation:0, displayRotation:0, isSurfaceValid:true, attr.flag:-2122243840, useBlast:true, tmpFrames:ClientWindowFrames{frame=[0,0] [1080,2412] display=[0,0][1080,2412] parentFrame=[0,0][0,0]}
01-10 20:44:00.437 19767 19767 W VRI[DetailGameActivity]: updateBlastSurfaceIfNeeded, surfaceSize:Point(1080, 2412), lastSurfaceSize:Point(0, 0), format:-2, blastBufferQueue:null
01-10 20:44:00.437 19767 19767 D BufferQueueConsumer: [](id:4d3700000007,api:0,p:- 1,c:19767) connect: controlledByApp=false
01-10 20:44:00.439 19767 19823 D BufferQueueProducer: [VRI[DetailGameActivity]#7(BLAST Consumer)7](id:4d3700000007,api:1,p:19767,c:19767) connect: api=1 producerControlledByApp=true
01-10 20:44:00.439 19767 19823 E OpenGLRenderer: Unable to match the desired swap behavior.
01-10 20:44:00.442 19767 19767 I SurfaceControl: setExtendedRangeBrightness sc=Surface(name=com.upgadata.up7723/com.upgadata.up7723.game.detail.DetailGameActiv ity)/@0x6cf6bd8,currentBufferRatio=1.0,desiredRatio=1.0
01-10 20:44:00.456 19767 19823 D BLASTBufferQueue: [VRI[DetailGameActivity]#7] (f:0,a:1) acquireNextBufferLocked size=1080x2412 mFrameNumber=1 applyTransaction=true mTimestamp=1746012114813165(auto) mPendingTransactions.size=0 graphicBufferId=84898618540061 transform=0
01-10 20:44:00.456 19767 19823 D VRI[DetailGameActivity]: Received frameCommittedCallback lastAttemptedDrawFrameNum=1 didProduceBuffer=true syncBuffer=false
01-10 20:44:00.456 19767 19767 D VRI[DetailGameActivity]: draw finished.
01-10 20:44:00.456 19767 19767 D VRI[DetailGameActivity]: reportDrawFinished
01-10 20:44:00.457 19767 19767 D ViewRootImplExtImpl: setMaxDequeuedBufferCount: 2
01-10 20:44:00.461 19767 19767 I Quality : Skipped: false 4 cost 37.568558 refreshRate 8327076 bit true processName com.upgadata.up7723
01-10 20:44:00.462 19767 19767 W VRI[DetailGameActivity]: handleResized, msg:5, frameChanged:false, configChanged:false, displayChanged:false, attachedFrameChanged:false, compatScaleChanged:false, pendingDragResizing=false
01-10 20:44:00.470 19767 19823 D VRI[DetailGameActivity]: Received frameCommittedCallback lastAttemptedDrawFrameNum=2 didProduceBuffer=true syncBuffer=false
01-10 20:44:00.470 19767 19767 D VRI[DetailGameActivity]: draw finished.
01-10 20:44:00.470 19767 19767 D VRI[DetailGameActivity]: reportDrawFinished
01-10 20:44:00.487 19767 19767 D VRI[DetailGameActivity]: onFocusEvent true
01-10 20:44:00.512 19767 19767 I oplus.android.OplusFrameworkFactoryImpl: get feature:IOplusDynamicVsyncFeature
01-10 20:44:00.512 19767 19767 I oplus.android.OplusFrameworkFactoryImpl: get feature:IOplusDynamicVsyncFeature
01-10 20:44:00.512 19767 19767 I oplus.android.OplusFrameworkFactoryImpl: get feature:IOplusDynamicVsyncFeature
01-10 20:44:00.515 19767 20030 E upgadata.up7723: Invalid resource ID 0x00000000.
01-10 20:44:00.517 19767 20030 E upgadata.up7723: Invalid resource ID 0x00000000.
01-10 20:44:00.517 19767 20030 E upgadata.up7723: Invalid resource ID 0x00000000.
01-10 20:44:00.517 19767 20030 E upgadata.up7723: Invalid resource ID 0x00000000.
01-10 20:44:00.519 19767 20030 E upgadata.up7723: Invalid resource ID 0x00000000.
01-10 20:44:00.519 19767 20030 E upgadata.up7723: Invalid resource ID 0x00000000.
01-10 20:44:00.519 19767 20030 E upgadata.up7723: Invalid resource ID 0x00000000.
01-10 20:44:00.519 19767 20030 E upgadata.up7723: Invalid resource ID 0x00000000.
01-10 20:44:00.526 19767 20030 E upgadata.up7723: Invalid resource ID 0x00000000.
01-10 20:44:00.526 19767 20030 E upgadata.up7723: Invalid resource ID 0x00000000.
01-10 20:44:00.527 19767 20030 E upgadata.up7723: Invalid resource ID 0x00000000.
01-10 20:44:00.527 19767 20030 E upgadata.up7723: Invalid resource ID 0x00000000.
01-10 20:44:00.528 19767 19767 I oplus.android.OplusFrameworkFactoryImpl: get feature:IOplusDynamicVsyncFeature
01-10 20:44:00.528 19767 19767 I oplus.android.OplusFrameworkFactoryImpl: get feature:IOplusDynamicVsyncFeature
01-10 20:44:00.528 19767 19767 I oplus.android.OplusFrameworkFactoryImpl: get feature:IOplusDynamicVsyncFeature
01-10 20:44:00.528 19767 19767 I oplus.android.OplusFrameworkFactoryImpl: get feature:IOplusDynamicVsyncFeature
01-10 20:44:00.528 19767 19767 I oplus.android.OplusFrameworkFactoryImpl: get feature:IOplusDynamicVsyncFeature
01-10 20:44:00.528 19767 19767 I oplus.android.OplusFrameworkFactoryImpl: get feature:IOplusDynamicVsyncFeature
01-10 20:44:00.529 19767 19767 I oplus.android.OplusFrameworkFactoryImpl: get feature:IOplusDynamicVsyncFeature
01-10 20:44:00.529 19767 19767 I oplus.android.OplusFrameworkFactoryImpl: get feature:IOplusDynamicVsyncFeature
01-10 20:44:00.529 19767 19767 I oplus.android.OplusFrameworkFactoryImpl: get feature:IOplusDynamicVsyncFeature
01-10 20:44:00.533 19767 19767 I oplus.android.OplusFrameworkFactoryImpl: get feature:IOplusDynamicVsyncFeature
01-10 20:44:00.533 19767 19767 I oplus.android.OplusFrameworkFactoryImpl: get feature:IOplusDynamicVsyncFeature
01-10 20:44:00.533 19767 19767 I oplus.android.OplusFrameworkFactoryImpl: get feature:IOplusDynamicVsyncFeature
01-10 20:44:00.534 19767 19767 I oplus.android.OplusFrameworkFactoryImpl: get feature:IOplusDynamicVsyncFeature
01-10 20:44:00.535 19767 19767 I oplus.android.OplusFrameworkFactoryImpl: get feature:IOplusDynamicVsyncFeature
01-10 20:44:00.535 19767 19767 I oplus.android.OplusFrameworkFactoryImpl: get feature:IOplusDynamicVsyncFeature
01-10 20:44:00.535 19767 19767 I oplus.android.OplusFrameworkFactoryImpl: get feature:IOplusDynamicVsyncFeature
01-10 20:44:00.535 19767 19767 I oplus.android.OplusFrameworkFactoryImpl: get feature:IOplusDynamicVsyncFeature
01-10 20:44:00.535 19767 19767 I oplus.android.OplusFrameworkFactoryImpl: get feature:IOplusDynamicVsyncFeature
01-10 20:44:00.536 19767 19767 I oplus.android.OplusFrameworkFactoryImpl: get feature:IOplusDynamicVsyncFeature
01-10 20:44:00.536 19767 19767 I oplus.android.OplusFrameworkFactoryImpl: get feature:IOplusDynamicVsyncFeature
01-10 20:44:00.536 19767 19767 I oplus.android.OplusFrameworkFactoryImpl: get feature:IOplusDynamicVsyncFeature
01-10 20:44:00.537 19767 19767 I oplus.android.OplusFrameworkFactoryImpl: get feature:IOplusDynamicVsyncFeature
01-10 20:44:00.537 19767 19767 I oplus.android.OplusFrameworkFactoryImpl: get feature:IOplusDynamicVsyncFeature
01-10 20:44:00.537 19767 19767 I oplus.android.OplusFrameworkFactoryImpl: get feature:IOplusDynamicVsyncFeature
01-10 20:44:00.541 19767 19767 I oplus.android.OplusFrameworkFactoryImpl: get feature:IOplusDynamicVsyncFeature
01-10 20:44:00.541 19767 19767 I oplus.android.OplusFrameworkFactoryImpl: get feature:IOplusDynamicVsyncFeature
01-10 20:44:00.541 19767 19767 I oplus.android.OplusFrameworkFactoryImpl: get feature:IOplusDynamicVsyncFeature
01-10 20:44:00.601 19767 19767 W ziparchive: Unable to open '/data/user/0/com.upgadata.up7723/bzBox/data/app/com.popcap.pvz_na/base.apk': No such file or directory
01-10 20:44:00.601 19767 19767 E upgadata.up7723: Failed to open APK '/data/user/0/com.upgadata.up7723/bzBox/data/app/com.popcap.pvz_na/base.apk': I/O error
01-10 20:44:00.601 19767 19767 W PackageManager: Failure to parse package archive
01-10 20:44:00.601 19767 19767 W PackageManager: android.content.pm.PackageParser$PackageParserException: Failed to parse /data/user/0/com.upgadata.up7723/bzBox/data/app/com.popcap.pvz_na/base.apk
01-10 20:44:00.601 19767 19767 W PackageManager: at android.content.pm.PackageParser.parseApkLiteInner(PackageParser.java:1516)
01-10 20:44:00.601 19767 19767 W PackageManager: at android.content.pm.PackageParser.parseApkLite(PackageParser.java:1487)
01-10 20:44:00.601 19767 19767 W PackageManager: at android.content.pm.PackageParser.parseMonolithicPackageLite(PackageParser.java:993)
01-10 20:44:00.601 19767 19767 W PackageManager: at android.content.pm.PackageParser.parseMonolithicPackage(PackageParser.java:1202)
01-10 20:44:00.601 19767 19767 W PackageManager: at android.content.pm.PackageParser.parsePackage(PackageParser.java:1116)
01-10 20:44:00.601 19767 19767 W PackageManager: at android.content.pm.PackageManager.getPackageArchiveInfo(PackageManager.java:8346)
01-10 20:44:00.601 19767 19767 W PackageManager: at android.content.pm.PackageManager.getPackageArchiveInfo(PackageManager.java:8323)
01-10 20:44:00.601 19767 19767 W PackageManager: at com.upgadata.up7723.install.ApkInstallUtils.z(ApkInstallUtils.kt:13)
01-10 20:44:00.601 19767 19767 W PackageManager: at com.upgadata.up7723.install.ApkInstallUtils$isBlackBoxGameInstalled$3.invoke(ApkIns tallUtils.kt:3)
01-10 20:44:00.601 19767 19767 W PackageManager: at com.upgadata.up7723.install.ApkInstallUtils$isBlackBoxGameInstalled$3.invoke(ApkIns tallUtils.kt:1)
01-10 20:44:00.601 19767 19767 W PackageManager: at com.upgadata.up7723.install.o.c(CommonUtils.kt:14)
01-10 20:44:00.601 19767 19767 W PackageManager: at com.upgadata.up7723.install.ApkInstallUtils.v(ApkInstallUtils.kt:5)
01-10 20:44:00.601 19767 19767 W PackageManager: at com.upgadata.up7723.game.detail.activity.base.BaseGameInstallBtnActivity.p4(BaseGam eInstallBtnActivity.kt:47)
01-10 20:44:00.601 19767 19767 W PackageManager: at com.upgadata.up7723.game.detail.activity.base.BaseGameInstallBtnActivity.n4(BaseGam eInstallBtnActivity.kt:14)
01-10 20:44:00.601 19767 19767 W PackageManager: at com.upgadata.up7723.game.detail.activity.base.BaseGameInstallBtnActivity.F2(BaseGam eInstallBtnActivity.kt:4)
01-10 20:44:00.601 19767 19767 W PackageManager: at com.upgadata.up7723.game.detail.activity.base.BaseGameCommonActivity.A3(BaseGameCom monActivity.kt:22)
01-10 20:44:00.601 19767 19767 W PackageManager: at com.upgadata.up7723.game.detail.activity.base.BaseGameCommonActivity.O2(BaseGameCom monActivity.kt:12)
01-10 20:44:00.601 19767 19767 W PackageManager: at com.upgadata.up7723.game.detail.DetailGameActivity.N4(DetailGameActivity.kt:3)
01-10 20:44:00.601 19767 19767 W PackageManager: at com.upgadata.up7723.game.detail.DetailGameActivity$b.a(DetailGameActivity.kt:11)
01-10 20:44:00.601 19767 19767 W PackageManager: at com.upgadata.up7723.game.detail.DetailGameActivity$b.onSuccess(DetailGameActivity.k t:1)
01-10 20:44:00.601 19767 19767 W PackageManager: at com.upgadata.up7723.http.utils.k.onResponse(TCallback.java:4)
01-10 20:44:00.601 19767 19767 W PackageManager: at com.zhy.http.okhttp.OkHttpUtils$3.run(OkHttpUtils.java:1)
01-10 20:44:00.601 19767 19767 W PackageManager: at android.os.Handler.handleCallback(Handler.java:958)
01-10 20:44:00.601 19767 19767 W PackageManager: at android.os.Handler.dispatchMessage(Handler.java:99)
01-10 20:44:00.601 19767 19767 W PackageManager: at android.os.Looper.loopOnce(Looper.java:257)
01-10 20:44:00.601 19767 19767 W PackageManager: at android.os.Looper.loop(Looper.java:368)
01-10 20:44:00.601 19767 19767 W PackageManager: at android.app.ActivityThread.main(ActivityThread.java:8839)
01-10 20:44:00.601 19767 19767 W PackageManager: at java.lang.reflect.Method.invoke(Native Method)
01-10 20:44:00.601 19767 19767 W PackageManager: at com.android.internal.os.RuntimeInit$MethodAndArgsCaller.run(RuntimeInit.java:572)
01-10 20:44:00.601 19767 19767 W PackageManager: at com.android.internal.os.ZygoteInit.main(ZygoteInit.java:1049)
01-10 20:44:00.607 19767 19767 I Quality : Skipped: false 11 cost 92.18164 refreshRate 8327306 bit true processName com.upgadata.up7723
01-10 20:44:00.638 19767 20072 D TrafficStats: tagSocket(339) with statsTag=0xffffffff, statsUid=-1
01-10 20:44:00.642 19767 20050 D TrafficStats: tagSocket(250) with statsTag=0xffffffff, statsUid=-1
01-10 20:44:00.643 19767 20040 D TrafficStats: tagSocket(338) with statsTag=0xffffffff, statsUid=-1
01-10 20:44:00.643 19767 20065 D TrafficStats: tagSocket(337) with statsTag=0xffffffff, statsUid=-1
01-10 20:44:00.644 19767 20056 D TrafficStats: tagSocket(263) with statsTag=0xffffffff, statsUid=-1
01-10 20:44:00.683 19767 19767 I upgadata.up7723: _Desupression native alloc gc_urgency: 71023 native bytes: 148364654
01-10 20:44:00.716 19767 19767 I Quality : Skipped: false 12 cost 100.51921 refreshRate 8327174 bit true processName com.upgadata.up7723
01-10 20:44:00.741 19767 20044 D TrafficStats: tagSocket(317) with statsTag=0xffffffff, statsUid=-1
01-10 20:44:00.742 19767 20072 D TrafficStats: tagSocket(354) with statsTag=0xffffffff, statsUid=-1
01-10 20:44:00.750 19767 20050 D TrafficStats: tagSocket(306) with statsTag=0xffffffff, statsUid=-1
01-10 20:44:00.755 19767 20056 D TrafficStats: tagSocket(361) with statsTag=0xffffffff, statsUid=-1
01-10 20:44:00.862 19767 20030 E upgadata.up7723: Invalid resource ID 0x00000000.
01-10 20:44:00.862 19767 20030 E upgadata.up7723: Invalid resource ID 0x00000000.
01-10 20:44:00.862 19767 20030 E upgadata.up7723: Invalid resource ID 0x00000000.
01-10 20:44:00.863 19767 20030 E upgadata.up7723: Invalid resource ID 0x00000000.
01-10 20:44:01.359 19767 19767 I Quality : Skipped: true 1 cost 10.718424 refreshRate 8326540 bit true processName com.upgadata.up7723
01-10 20:44:01.462 19767 19893 D OplusScrollToTopManager: com.upgadata.up7723/com.upgadata.up7723.game.GameSearchActivity,This DecorView@b9b97ed[GameSearchActivity] change focus to false
01-10 20:44:01.462 19767 19893 D OplusScrollToTopManager: com.upgadata.up7723/com.upgadata.up7723.game.GameSearchActivity,unregisterSystemUIB roadcastReceiver
01-10 20:44:01.487 19767 19893 D OplusScrollToTopManager: com.upgadata.up7723/com.upgadata.up7723.game.detail.DetailGameActivity,This DecorView@da921d2[DetailGameActivity] change focus to true
01-10 20:44:01.488 19767 19893 D OplusScrollToTopManager: com.upgadata.up7723/com.upgadata.up7723.game.detail.DetailGameActivity,registerSyst emUIBroadcastReceiver
01-10 20:44:01.615 19767 19767 I Quality : Skipped: false 1 cost 9.521213 refreshRate 8326297 bit true processName com.upgadata.up7723
01-10 20:44:01.698 19767 19767 I Quality : Skipped: false 1 cost 8.600948 refreshRate 8325887 bit true processName com.upgadata.up7723
01-10 20:44:01.917 19767 19767 D ViewRootImplExtImpl: MotionEvent MotionEvent { action=ACTION_UP, actionButton=0, id[0]=0, x[0]=340.875, y[0]=791.5, toolType[0]=TOOL_TYPE_FINGER, buttonState=0, classification=NONE, metaState=0, flags=0x800, edgeFlags=0x0, pointerCount=1, historySize=0, eventTime=1746013570, downTime=1746013483, deviceId=-1, source=0x1002, displayId=0, eventId=543823760 } handled by client, just return
01-10 20:44:01.917 19767 19767 I Quality : Skipped: false 5 cost 44.748207 refreshRate 8325891 bit true processName com.upgadata.up7723
01-10 20:44:01.930 19767 19767 I oplus.android.OplusFrameworkFactoryImpl: get feature:IOplusDynamicVsyncFeature
01-10 20:44:01.930 19767 19767 I oplus.android.OplusFrameworkFactoryImpl: get feature:IOplusDynamicVsyncFeature
01-10 20:44:01.930 19767 19767 I oplus.android.OplusFrameworkFactoryImpl: get feature:IOplusDynamicVsyncFeature
01-10 20:44:01.930 19767 19767 D OplusViewDebugManager: OplusViewDebugManager Constructor android.view.debug.OplusViewDebugManager@6d80ea3 [mHasViewDebugProperty true] [mHasMsgDebugProperty false] [DEBUG false] [EXTRAINFOENABLE false] [LIGHT_OS false]
01-10 20:44:01.930 19767 19767 D OplusViewDebugManager: OplusViewDebugManager Constructor android.view.debug.OplusViewDebugManager@38615a0 [mHasViewDebugProperty true] [mHasMsgDebugProperty false] [DEBUG false] [EXTRAINFOENABLE false] [LIGHT_OS false]
01-10 20:44:01.943 19767 20030 E upgadata.up7723: Invalid resource ID 0x00000000.
01-10 20:44:01.943 19767 20030 E upgadata.up7723: Invalid resource ID 0x00000000.
01-10 20:44:01.943 19767 20030 E upgadata.up7723: Invalid resource ID 0x00000000.
01-10 20:44:01.943 19767 20030 E upgadata.up7723: Invalid resource ID 0x00000000.
01-10 20:44:01.956 19767 19767 I Quality : Skipped: false 1 cost 8.331215 refreshRate 8325659 bit true processName com.upgadata.up7723
01-10 20:44:01.973 19767 20030 E upgadata.up7723: Invalid resource ID 0x00000000.
01-10 20:44:01.973 19767 20030 E upgadata.up7723: Invalid resource ID 0x00000000.
01-10 20:44:01.973 19767 20030 E upgadata.up7723: Invalid resource ID 0x00000000.
01-10 20:44:01.973 19767 20030 E upgadata.up7723: Invalid resource ID 0x00000000.
01-10 20:44:01.976 19767 20056 D TrafficStats: tagSocket(126) with statsTag=0xffffffff, statsUid=-1
01-10 20:44:01.976 19767 20050 D TrafficStats: tagSocket(256) with statsTag=0xffffffff, statsUid=-1
01-10 20:44:01.977 19767 20065 D TrafficStats: tagSocket(260) with statsTag=0xffffffff, statsUid=-1
01-10 20:44:01.979 19767 20040 D TrafficStats: tagSocket(267) with statsTag=0xffffffff, statsUid=-1
01-10 20:44:02.402 19767 19767 D ViewRootImplExtImpl: MotionEvent MotionEvent { action=ACTION_UP, actionButton=0, id[0]=0, x[0]=551.75, y[0]=770.5, toolType[0]=TOOL_TYPE_FINGER, buttonState=0, classification=NONE, metaState=0, flags=0x800, edgeFlags=0x0, pointerCount=1, historySize=0, eventTime=1746014054, downTime=1746013982, deviceId=-1, source=0x1002, displayId=0, eventId=936974284 } handled by client, just return
01-10 20:44:02.416 19767 19767 I oplus.android.OplusFrameworkFactoryImpl: get feature:IOplusDynamicVsyncFeature
01-10 20:44:02.416 19767 19767 I oplus.android.OplusFrameworkFactoryImpl: get feature:IOplusDynamicVsyncFeature
01-10 20:44:02.416 19767 19767 I oplus.android.OplusFrameworkFactoryImpl: get feature:IOplusDynamicVsyncFeature
01-10 20:44:02.416 19767 19767 D OplusViewDebugManager: OplusViewDebugManager Constructor android.view.debug.OplusViewDebugManager@b9a6260 [mHasViewDebugProperty true] [mHasMsgDebugProperty false] [DEBUG false] [EXTRAINFOENABLE false] [LIGHT_OS false]
01-10 20:44:02.416 19767 19767 D OplusViewDebugManager: OplusViewDebugManager Constructor android.view.debug.OplusViewDebugManager@f55319 [mHasViewDebugProperty true] [mHasMsgDebugProperty false] [DEBUG false] [EXTRAINFOENABLE false] [LIGHT_OS false]
01-10 20:44:02.424 19767 20030 E upgadata.up7723: Invalid resource ID 0x00000000.
01-10 20:44:02.425 19767 20030 E upgadata.up7723: Invalid resource ID 0x00000000.
01-10 20:44:02.425 19767 20030 E upgadata.up7723: Invalid resource ID 0x00000000.
01-10 20:44:02.425 19767 20030 E upgadata.up7723: Invalid resource ID 0x00000000.
01-10 20:44:02.614 19767 19767 I Quality : Skipped: false 1 cost 8.583347 refreshRate 8326036 bit true processName com.upgadata.up7723
01-10 20:44:02.969 19767 19767 D ViewRootImplExtImpl: MotionEvent MotionEvent { action=ACTION_UP, actionButton=0, id[0]=0, x[0]=195.0, y[0]=774.75, toolType[0]=TOOL_TYPE_FINGER, buttonState=0, classification=NONE, metaState=0, flags=0x800, edgeFlags=0x0, pointerCount=1, historySize=0, eventTime=1746014625, downTime=1746014408, deviceId=-1, source=0x1002, displayId=0, eventId=391619916 } handled by client, just return
01-10 20:44:02.992 19767 19767 I oplus.android.OplusFrameworkFactoryImpl: get feature:IOplusDynamicVsyncFeature
01-10 20:44:02.992 19767 19767 I oplus.android.OplusFrameworkFactoryImpl: get feature:IOplusDynamicVsyncFeature
01-10 20:44:02.992 19767 19767 I oplus.android.OplusFrameworkFactoryImpl: get feature:IOplusDynamicVsyncFeature
01-10 20:44:02.993 19767 19767 D OplusViewDebugManager: OplusViewDebugManager Constructor android.view.debug.OplusViewDebugManager@2679613 [mHasViewDebugProperty true] [mHasMsgDebugProperty false] [DEBUG false] [EXTRAINFOENABLE false] [LIGHT_OS false]
01-10 20:44:02.993 19767 19767 D OplusViewDebugManager: OplusViewDebugManager Constructor android.view.debug.OplusViewDebugManager@b86e050 [mHasViewDebugProperty true] [mHasMsgDebugProperty false] [DEBUG false] [EXTRAINFOENABLE false] [LIGHT_OS false]
01-10 20:44:03.445 19767 19767 D ViewRootImplExtImpl: MotionEvent MotionEvent { action=ACTION_UP, actionButton=0, id[0]=0, x[0]=693.875, y[0]=786.75, toolType[0]=TOOL_TYPE_FINGER, buttonState=0, classification=NONE, metaState=0, flags=0x800, edgeFlags=0x0, pointerCount=1, historySize=0, eventTime=1746015101, downTime=1746015036, deviceId=-1, source=0x1002, displayId=0, eventId=487037175 } handled by client, just return
01-10 20:44:03.448 19767 19767 I oplus.android.OplusFrameworkFactoryImpl: get feature:IOplusDynamicVsyncFeature
01-10 20:44:03.448 19767 19767 I oplus.android.OplusFrameworkFactoryImpl: get feature:IOplusDynamicVsyncFeature
01-10 20:44:03.448 19767 19767 I oplus.android.OplusFrameworkFactoryImpl: get feature:IOplusDynamicVsyncFeature
01-10 20:44:03.448 19767 19767 D OplusViewDebugManager: OplusViewDebugManager Constructor android.view.debug.OplusViewDebugManager@a511461 [mHasViewDebugProperty true] [mHasMsgDebugProperty false] [DEBUG false] [EXTRAINFOENABLE false] [LIGHT_OS false]
01-10 20:44:03.449 19767 19767 D OplusViewDebugManager: OplusViewDebugManager Constructor android.view.debug.OplusViewDebugManager@cc16b86 [mHasViewDebugProperty true] [mHasMsgDebugProperty false] [DEBUG false] [EXTRAINFOENABLE false] [LIGHT_OS false]
01-10 20:44:03.464 19767 20030 E upgadata.up7723: Invalid resource ID 0x00000000.
01-10 20:44:03.464 19767 20030 E upgadata.up7723: Invalid resource ID 0x00000000.
01-10 20:44:03.464 19767 20030 E upgadata.up7723: Invalid resource ID 0x00000000.
01-10 20:44:03.464 19767 20030 E upgadata.up7723: Invalid resource ID 0x00000000.
01-10 20:44:04.050 19767 19767 I Quality : Skipped: false 1 cost 12.754299 refreshRate 8328997 bit true processName com.upgadata.up7723
01-10 20:44:04.089 19767 19767 D ViewRootImplExtImpl: MotionEvent MotionEvent { action=ACTION_UP, actionButton=0, id[0]=0, x[0]=877.625, y[0]=821.0, toolType[0]=TOOL_TYPE_FINGER, buttonState=0, classification=NONE, metaState=0, flags=0x800, edgeFlags=0x0, pointerCount=1, historySize=0, eventTime=1746015745, downTime=1746015737, deviceId=-1, source=0x1002, displayId=0, eventId=943908494 } handled by client, just return
01-10 20:44:04.100 19767 19767 I oplus.android.OplusFrameworkFactoryImpl: get feature:IOplusDynamicVsyncFeature
01-10 20:44:04.100 19767 19767 I oplus.android.OplusFrameworkFactoryImpl: get feature:IOplusDynamicVsyncFeature
01-10 20:44:04.100 19767 19767 I oplus.android.OplusFrameworkFactoryImpl: get feature:IOplusDynamicVsyncFeature
01-10 20:44:04.101 19767 19767 D OplusViewDebugManager: OplusViewDebugManager Constructor android.view.debug.OplusViewDebugManager@8215c59 [mHasViewDebugProperty true] [mHasMsgDebugProperty false] [DEBUG false] [EXTRAINFOENABLE false] [LIGHT_OS false]
01-10 20:44:04.101 19767 19767 D OplusViewDebugManager: OplusViewDebugManager Constructor android.view.debug.OplusViewDebugManager@62da01e [mHasViewDebugProperty true] [mHasMsgDebugProperty false] [DEBUG false] [EXTRAINFOENABLE false] [LIGHT_OS false]
01-10 20:44:04.371 19767 19767 I Quality : Skipped: false 1 cost 8.3877325 refreshRate 8328283 bit true processName com.upgadata.up7723
01-10 20:44:04.555 19767 19767 I Quality : Skipped: false 1 cost 9.127124 refreshRate 8328465 bit true processName com.upgadata.up7723
01-10 20:44:04.728 19767 19767 D OplusViewDebugManager: OplusViewDebugManager Constructor android.view.debug.OplusViewDebugManager@e46778e [mHasViewDebugProperty true] [mHasMsgDebugProperty false] [DEBUG false] [EXTRAINFOENABLE false] [LIGHT_OS false]
01-10 20:44:04.729 19767 19767 D OplusViewDebugManager: OplusViewDebugManager Constructor android.view.debug.OplusViewDebugManager@2425baf [mHasViewDebugProperty true] [mHasMsgDebugProperty false] [DEBUG false] [EXTRAINFOENABLE false] [LIGHT_OS false]
01-10 20:44:04.817 19767 19767 I Quality : Skipped: false 1 cost 13.644823 refreshRate 8326936 bit true processName com.upgadata.up7723
01-10 20:44:05.088 19767 19767 D OplusViewDebugManager: OplusViewDebugManager Constructor android.view.debug.OplusViewDebugManager@249e133 [mHasViewDebugProperty true] [mHasMsgDebugProperty false] [DEBUG false] [EXTRAINFOENABLE false] [LIGHT_OS false]
01-10 20:44:05.088 19767 19767 D OplusViewDebugManager: OplusViewDebugManager Constructor android.view.debug.OplusViewDebugManager@c849cf0 [mHasViewDebugProperty true] [mHasMsgDebugProperty false] [DEBUG false] [EXTRAINFOENABLE false] [LIGHT_OS false]
01-10 20:44:05.089 19767 19767 D ViewRootImplExtImpl: MotionEvent MotionEvent { action=ACTION_UP, actionButton=0, id[0]=0, x[0]=182.5, y[0]=696.375, toolType[0]=TOOL_TYPE_FINGER, buttonState=0, classification=NONE, metaState=0, flags=0x800, edgeFlags=0x0, pointerCount=1, historySize=0, eventTime=1746016744, downTime=1746016551, deviceId=-1, source=0x1002, displayId=0, eventId=394599061 } handled by client, just return
01-10 20:44:06.230 19767 19767 I Quality : Skipped: true 1 cost 10.3476095 refreshRate 8325078 bit true processName com.upgadata.up7723
01-10 20:44:06.895 19767 19767 I Quality : Skipped: true 2 cost 17.484552 refreshRate 8327625 bit true processName com.upgadata.up7723
01-10 20:44:07.086 19767 19767 I Quality : Skipped: false 1 cost 9.331386 refreshRate 8327501 bit true processName com.upgadata.up7723
01-10 20:44:07.265 19767 19767 I Quality : Skipped: true 1 cost 13.133079 refreshRate 8327916 bit true processName com.upgadata.up7723
01-10 20:44:07.544 19767 19767 I Quality : Skipped: false 1 cost 8.717147 refreshRate 8327205 bit true processName com.upgadata.up7723
01-10 20:44:08.006 19767 20030 E upgadata.up7723: Invalid resource ID 0x00000000.
01-10 20:44:08.007 19767 20030 E upgadata.up7723: Invalid resource ID 0x00000000.
01-10 20:44:08.007 19767 20030 E upgadata.up7723: Invalid resource ID 0x00000000.
01-10 20:44:08.007 19767 20030 E upgadata.up7723: Invalid resource ID 0x00000000.
01-10 20:44:08.007 19767 19767 I oplus.android.OplusFrameworkFactoryImpl: get feature:IOplusDynamicVsyncFeature
01-10 20:44:08.007 19767 19767 I oplus.android.OplusFrameworkFactoryImpl: get feature:IOplusDynamicVsyncFeature
01-10 20:44:08.007 19767 19767 I oplus.android.OplusFrameworkFactoryImpl: get feature:IOplusDynamicVsyncFeature
01-10 20:44:08.008 19767 19767 D OplusViewDebugManager: OplusViewDebugManager Constructor android.view.debug.OplusViewDebugManager@f1557f3 [mHasViewDebugProperty true] [mHasMsgDebugProperty false] [DEBUG false] [EXTRAINFOENABLE false] [LIGHT_OS false]
01-10 20:44:08.008 19767 19767 D OplusViewDebugManager: OplusViewDebugManager Constructor android.view.debug.OplusViewDebugManager@5d4acb0 [mHasViewDebugProperty true] [mHasMsgDebugProperty false] [DEBUG false] [EXTRAINFOENABLE false] [LIGHT_OS false]
01-10 20:44:08.032 19767 19767 I Quality : Skipped: true 1 cost 13.597239 refreshRate 8328234 bit true processName com.upgadata.up7723
01-10 20:44:08.869 19767 19767 I Quality : Skipped: false 1 cost 9.654125 refreshRate 8325610 bit true processName com.upgadata.up7723
01-10 20:44:08.919 19767 19767 I Quality : Skipped: false 1 cost 9.937299 refreshRate 8328238 bit true processName com.upgadata.up7723
01-10 20:44:09.470 19767 19767 I Quality : Skipped: false 1 cost 11.315038 refreshRate 8333333 bit true processName com.upgadata.up7723
01-10 20:44:10.000 19767 19767 D ViewRootImplExtImpl: MotionEvent MotionEvent { action=ACTION_UP, actionButton=0, id[0]=0, x[0]=186.625, y[0]=529.25, toolType[0]=TOOL_TYPE_FINGER, buttonState=0, classification=NONE, metaState=0, flags=0x800, edgeFlags=0x0, pointerCount=1, historySize=0, eventTime=1746021650, downTime=1746021056, deviceId=-1, source=0x1002, displayId=0, eventId=4041027 } handled by client, just return
01-10 20:44:10.051 19767 19767 I Quality : Skipped: false 1 cost 8.879741 refreshRate 8329498 bit true processName com.upgadata.up7723
01-10 20:44:10.225 19767 19767 I Quality : Skipped: false 1 cost 8.414427 refreshRate 8327360 bit true processName com.upgadata.up7723
01-10 20:44:10.267 19767 19767 I Quality : Skipped: false 1 cost 8.991474 refreshRate 8326944 bit true processName com.upgadata.up7723
01-10 20:44:10.494 19767 19767 D ViewRootImplExtImpl: MotionEvent MotionEvent { action=ACTION_UP, actionButton=0, id[0]=0, x[0]=139.625, y[0]=497.25, toolType[0]=TOOL_TYPE_FINGER, buttonState=0, classification=NONE, metaState=0, flags=0x800, edgeFlags=0x0, pointerCount=1, historySize=0, eventTime=1746022150, downTime=1746022078, deviceId=-1, source=0x1002, displayId=0, eventId=602965753 } handled by client, just return
01-10 20:44:10.642 19767 19767 I Quality : Skipped: false 1 cost 8.832326 refreshRate 8327649 bit true processName com.upgadata.up7723
01-10 20:44:10.876 19767 19767 I Quality : Skipped: true 1 cost 9.463015 refreshRate 8327891 bit true processName com.upgadata.up7723
01-10 20:44:11.183 19767 19767 D ViewRootImplExtImpl: MotionEvent MotionEvent { action=ACTION_UP, actionButton=0, id[0]=0, x[0]=178.25, y[0]=672.125, toolType[0]=TOOL_TYPE_FINGER, buttonState=0, classification=NONE, metaState=0, flags=0x800, edgeFlags=0x0, pointerCount=1, historySize=0, eventTime=1746022835, downTime=1746022328, deviceId=-1, source=0x1002, displayId=0, eventId=914412022 } handled by client, just return
01-10 20:44:12.182 19767 19767 D ViewRootImplExtImpl: MotionEvent MotionEvent { action=ACTION_UP, actionButton=0, id[0]=0, x[0]=156.375, y[0]=495.375, toolType[0]=TOOL_TYPE_FINGER, buttonState=0, classification=NONE, metaState=0, flags=0x800, edgeFlags=0x0, pointerCount=1, historySize=0, eventTime=1746023834, downTime=1746023689, deviceId=-1, source=0x1002, displayId=0, eventId=821310255 } handled by client, just return
01-10 20:44:12.640 19767 19767 I Quality : Skipped: false 1 cost 8.387091 refreshRate 8326221 bit true processName com.upgadata.up7723
01-10 20:44:12.814 19767 19767 D ViewRootImplExtImpl: MotionEvent MotionEvent { action=ACTION_UP, actionButton=0, id[0]=0, x[0]=137.0, y[0]=410.375, toolType[0]=TOOL_TYPE_FINGER, buttonState=0, classification=NONE, metaState=0, flags=0x800, edgeFlags=0x0, pointerCount=1, historySize=0, eventTime=1746024469, downTime=1746024357, deviceId=-1, source=0x1002, displayId=0, eventId=474872802 } handled by client, just return
01-10 20:44:13.007 19767 19767 I oplus.android.OplusFrameworkFactoryImpl: get feature:IOplusDynamicVsyncFeature
01-10 20:44:13.007 19767 19767 I oplus.android.OplusFrameworkFactoryImpl: get feature:IOplusDynamicVsyncFeature
01-10 20:44:13.007 19767 19767 I oplus.android.OplusFrameworkFactoryImpl: get feature:IOplusDynamicVsyncFeature
01-10 20:44:13.008 19767 19767 D OplusViewDebugManager: OplusViewDebugManager Constructor android.view.debug.OplusViewDebugManager@be19a75 [mHasViewDebugProperty true] [mHasMsgDebugProperty false] [DEBUG false] [EXTRAINFOENABLE false] [LIGHT_OS false]
01-10 20:44:13.008 19767 19767 D OplusViewDebugManager: OplusViewDebugManager Constructor android.view.debug.OplusViewDebugManager@79c9a0a [mHasViewDebugProperty true] [mHasMsgDebugProperty false] [DEBUG false] [EXTRAINFOENABLE false] [LIGHT_OS false]
01-10 20:44:13.438 19767 19767 D ViewRootImplExtImpl: MotionEvent MotionEvent { action=ACTION_UP, actionButton=0, id[0]=0, x[0]=130.875, y[0]=386.25, toolType[0]=TOOL_TYPE_FINGER, buttonState=0, classification=NONE, metaState=0, flags=0x800, edgeFlags=0x0, pointerCount=1, historySize=0, eventTime=1746025089, downTime=1746024953, deviceId=-1, source=0x1002, displayId=0, eventId=487595901 } handled by client, just return
01-10 20:44:13.527 19767 19767 I Quality : Skipped: false 1 cost 12.488387 refreshRate 8327819 bit true processName com.upgadata.up7723
01-10 20:44:13.582 19767 19767 I Quality : Skipped: false 1 cost 9.251965 refreshRate 8327661 bit true processName com.upgadata.up7723
01-10 20:44:14.048 19767 19767 I Quality : Skipped: false 1 cost 8.822962 refreshRate 8328599 bit true processName com.upgadata.up7723
01-10 20:44:14.372 19767 19767 I Quality : Skipped: false 1 cost 8.415245 refreshRate 8328334 bit true processName com.upgadata.up7723
01-10 20:44:14.433 19767 19767 D ViewRootImplExtImpl: MotionEvent MotionEvent { action=ACTION_UP, actionButton=0, id[0]=0, x[0]=154.75, y[0]=481.875, toolType[0]=TOOL_TYPE_FINGER, buttonState=0, classification=NONE, metaState=0, flags=0x800, edgeFlags=0x0, pointerCount=1, historySize=0, eventTime=1746026088, downTime=1746025943, deviceId=-1, source=0x1002, displayId=0, eventId=840131235 } handled by client, just return
01-10 20:44:15.448 19767 19767 D ViewRootImplExtImpl: MotionEvent MotionEvent { action=ACTION_UP, actionButton=0, id[0]=0, x[0]=141.875, y[0]=715.25, toolType[0]=TOOL_TYPE_FINGER, buttonState=0, classification=NONE, metaState=0, flags=0x800, edgeFlags=0x0, pointerCount=1, historySize=0, eventTime=1746027103, downTime=1746026627, deviceId=-1, source=0x1002, displayId=0, eventId=878408517 } handled by client, just return
01-10 20:44:15.798 19767 19767 I Quality : Skipped: true 1 cost 10.745793 refreshRate 8325632 bit true processName com.upgadata.up7723
01-10 20:44:15.875 19767 19767 D ViewRootImplExtImpl: MotionEvent MotionEvent { action=ACTION_UP, actionButton=0, id[0]=0, x[0]=156.875, y[0]=546.5, toolType[0]=TOOL_TYPE_FINGER, buttonState=0, classification=NONE, metaState=0, flags=0x800, edgeFlags=0x0, pointerCount=1, historySize=0, eventTime=1746027529, downTime=1746027457, deviceId=-1, source=0x1002, displayId=0, eventId=332492597 } handled by client, just return
01-10 20:44:15.899 19767 19767 I Quality : Skipped: false 2 cost 19.3449 refreshRate 8325652 bit true processName com.upgadata.up7723
01-10 20:44:15.907 19767 19767 I upgadata.up7723: _Desupression native alloc gc_urgency: 71894 native bytes: 208010178
01-10 20:44:15.907 19767 19767 D ScrollOptim [SceneManager]: updateCurrentActivity: mCurrentActivityName=null, isOptEnable=true, isAnimAheadEnable=true, isFrameInsertEnable=true, InsertNum=1, isEnabledForScrollChanged=false
01-10 20:44:15.926 19767 19767 D ResourcesManagerExtImpl: applyConfigurationToAppResourcesLocked app.getDisplayId() return callback.displayId:-1
01-10 20:44:15.934 19767 19767 I oplus.android.OplusFrameworkFactoryImpl: get feature:IOplusDynamicVsyncFeature
01-10 20:44:15.934 19767 19767 I oplus.android.OplusFrameworkFactoryImpl: get feature:IOplusDynamicVsyncFeature
01-10 20:44:15.934 19767 19767 I oplus.android.OplusFrameworkFactoryImpl: get feature:IOplusDynamicVsyncFeature
01-10 20:44:15.936 19767 19767 I upgadata.up7723: _Desupression native alloc gc_urgency: 73089 native bytes: 208371770
01-10 20:44:15.967 19767 19767 D ScrollOptim [SceneManager]: updateCurrentActivity: mCurrentActivityName=com.upgadata.up7723.game.detail.DetailGameCommentActivity, isOptEnable=true, isAnimAheadEnable=true, isFrameInsertEnable=true, InsertNum=1, isEnabledForScrollChanged=false
01-10 20:44:15.967 19767 19767 D ActivityThread: ComponentInfo{com.upgadata.up7723/com.upgadata.up7723.game.detail.DetailGameComment Activity} checkFinished=false 2
01-10 20:44:15.967 19767 19767 D ResourcesManagerExtImpl: applyConfigurationToAppResourcesLocked app.getDisplayId() return callback.displayId:-1
01-10 20:44:15.969 19767 19767 D WindowManager: Add to mViews: DecorView@1cce565[DetailGameCommentActivity],pkg= com.upgadata.up7723
01-10 20:44:15.977 19767 19767 D InputEventReceiver: Input log is disabled in InputEventReceiver.
01-10 20:44:15.981 19767 19767 D VRI[DetailGameActivity]: onFocusEvent false
01-10 20:44:15.981 19767 19767 D ResourcesManagerExtImpl: applyConfigurationToAppResourcesLocked app.getDisplayId() return callback.displayId:-1
01-10 20:44:15.982 19767 19767 I Quality : Skipped: false 1 cost 11.270425 refreshRate 8326280 bit true processName com.upgadata.up7723
01-10 20:44:15.983 19767 19767 E OplusBracketLog: [OplusViewMirrorManager] updateHostViewRootIfNeeded, not support android.view.ViewRootImpl@8069d19
01-10 20:44:15.989 19767 19767 D ViewRootImplExtImpl: wrapConfigInfoIntoFlags rotation=0, smallestScreenWidthDp=360, relayoutAsync=false, newFlags=23592960, title=com.upgadata.up7723/com.upgadata.up7723.game.detail.DetailGameCommentActivity
01-10 20:44:16.003 19767 19767 D VRI[DetailGameCommentActivity]: relayoutWindow result, sizeChanged:true, surfaceControlChanged:true, transformHintChanged:true, mSurfaceSize:Point(1080, 2412), mLastSurfaceSize:Point(0, 0), mWidth:-1, mHeight:- 1, requestedWidth:1080, requestedHeight:2412, transformHint:0, lastTransformHint:- 2147483648, installOrientation:0, displayRotation:0, isSurfaceValid:true, attr.flag:-2122252032, useBlast:true, tmpFrames:ClientWindowFrames{frame=[0,0] [1080,2412] display=[0,0][1080,2412] parentFrame=[0,0][0,0]}
01-10 20:44:16.003 19767 19767 W VRI[DetailGameCommentActivity]: updateBlastSurfaceIfNeeded, surfaceSize:Point(1080, 2412), lastSurfaceSize:Point(0, 0), format:-2, blastBufferQueue:null
01-10 20:44:16.003 19767 19767 D BufferQueueConsumer: [](id:4d3700000008,api:0,p:- 1,c:19767) connect: controlledByApp=false
01-10 20:44:16.005 19767 19823 D BufferQueueProducer: [VRI[DetailGameCommentActivity]#8(BLAST Consumer)8] (id:4d3700000008,api:1,p:19767,c:19767) connect: api=1 producerControlledByApp=true
01-10 20:44:16.005 19767 19823 E OpenGLRenderer: Unable to match the desired swap behavior.
01-10 20:44:16.006 19767 19767 I System.out: aaaaaaaaaaaaa1
01-10 20:44:16.007 19767 19767 I SurfaceControl: setExtendedRangeBrightness sc=Surface(name=com.upgadata.up7723/com.upgadata.up7723.game.detail.DetailGameComme ntActivity)/@0xc07fca7,currentBufferRatio=1.0,desiredRatio=1.0
01-10 20:44:16.014 19767 19823 D BLASTBufferQueue: [VRI[DetailGameCommentActivity]#8](f:0,a:1) acquireNextBufferLocked size=1080x2412 mFrameNumber=1 applyTransaction=true mTimestamp=1746027673034357(auto) mPendingTransactions.size=0 graphicBufferId=84898618540064 transform=0
01-10 20:44:16.015 19767 19823 D VRI[DetailGameCommentActivity]: Received frameCommittedCallback lastAttemptedDrawFrameNum=1 didProduceBuffer=true syncBuffer=false
01-10 20:44:16.015 19767 19767 D VRI[DetailGameCommentActivity]: draw finished.
01-10 20:44:16.015 19767 19767 D VRI[DetailGameCommentActivity]: reportDrawFinished
01-10 20:44:16.015 19767 19767 D ViewRootImplExtImpl: setMaxDequeuedBufferCount: 2
01-10 20:44:16.027 19767 19767 I Quality : Skipped: false 4 cost 39.11815 refreshRate 8326358 bit true processName com.upgadata.up7723
01-10 20:44:16.027 19767 19767 W VRI[DetailGameCommentActivity]: handleResized, msg:5, frameChanged:false, configChanged:false, displayChanged:false, attachedFrameChanged:false, compatScaleChanged:false, pendingDragResizing=false
01-10 20:44:16.030 19767 19767 I upgadata.up7723: _Desupression native alloc gc_urgency: 77058 native bytes: 211919306
01-10 20:44:16.033 19767 19823 D VRI[DetailGameCommentActivity]: Received frameCommittedCallback lastAttemptedDrawFrameNum=2 didProduceBuffer=true syncBuffer=false
01-10 20:44:16.035 19767 19767 D VRI[DetailGameCommentActivity]: draw finished.
01-10 20:44:16.035 19767 19767 D VRI[DetailGameCommentActivity]: reportDrawFinished
01-10 20:44:16.037 19767 19767 D VRI[DetailGameCommentActivity]: onFocusEvent true
01-10 20:44:16.940 19767 19767 I Quality : Skipped: false 1 cost 11.045901 refreshRate 8326734 bit true processName com.upgadata.up7723
01-10 20:44:17.032 19767 19893 D OplusScrollToTopManager: com.upgadata.up7723/com.upgadata.up7723.game.detail.DetailGameActivity,This DecorView@da921d2[DetailGameActivity] change focus to false
01-10 20:44:17.032 19767 19893 D OplusScrollToTopManager: com.upgadata.up7723/com.upgadata.up7723.game.detail.DetailGameActivity,unregisterSy stemUIBroadcastReceiver
01-10 20:44:17.048 19767 19893 D OplusScrollToTopManager: com.upgadata.up7723/com.upgadata.up7723.game.detail.DetailGameCommentActivity,This DecorView@1cce565[DetailGameCommentActivity] change focus to true
01-10 20:44:17.048 19767 19893 D OplusScrollToTopManager: com.upgadata.up7723/com.upgadata.up7723.game.detail.DetailGameCommentActivity,regis terSystemUIBroadcastReceiver
01-10 20:44:17.155 19767 19767 I Quality : Skipped: false 1 cost 10.457043 refreshRate 8325053 bit true processName com.upgadata.up7723
01-10 20:44:17.389 19767 19767 W ziparchive: Unable to open '/data/user/0/com.upgadata.up7723/bzBox/data/app/com.popcap.pvz_na/base.apk': No such file or directory
01-10 20:44:17.389 19767 19767 E upgadata.up7723: Failed to open APK '/data/user/0/com.upgadata.up7723/bzBox/data/app/com.popcap.pvz_na/base.apk': I/O error
01-10 20:44:17.389 19767 19767 W PackageManager: Failure to parse package archive
01-10 20:44:17.389 19767 19767 W PackageManager: android.content.pm.PackageParser$PackageParserException: Failed to parse /data/user/0/com.upgadata.up7723/bzBox/data/app/com.popcap.pvz_na/base.apk
01-10 20:44:17.389 19767 19767 W PackageManager: at android.content.pm.PackageParser.parseApkLiteInner(PackageParser.java:1516)
01-10 20:44:17.389 19767 19767 W PackageManager: at android.content.pm.PackageParser.parseApkLite(PackageParser.java:1487)
01-10 20:44:17.389 19767 19767 W PackageManager: at android.content.pm.PackageParser.parseMonolithicPackageLite(PackageParser.java:993)
01-10 20:44:17.389 19767 19767 W PackageManager: at android.content.pm.PackageParser.parseMonolithicPackage(PackageParser.java:1202)
01-10 20:44:17.389 19767 19767 W PackageManager: at android.content.pm.PackageParser.parsePackage(PackageParser.java:1116)
01-10 20:44:17.389 19767 19767 W PackageManager: at android.content.pm.PackageManager.getPackageArchiveInfo(PackageManager.java:8346)
01-10 20:44:17.389 19767 19767 W PackageManager: at android.content.pm.PackageManager.getPackageArchiveInfo(PackageManager.java:8323)
01-10 20:44:17.389 19767 19767 W PackageManager: at com.upgadata.up7723.install.ApkInstallUtils.z(ApkInstallUtils.kt:13)
01-10 20:44:17.389 19767 19767 W PackageManager: at com.upgadata.up7723.install.ApkInstallUtils$isBlackBoxGameInstalled$3.invoke(ApkIns tallUtils.kt:3)
01-10 20:44:17.389 19767 19767 W PackageManager: at com.upgadata.up7723.install.ApkInstallUtils$isBlackBoxGameInstalled$3.invoke(ApkIns tallUtils.kt:1)
01-10 20:44:17.389 19767 19767 W PackageManager: at com.upgadata.up7723.install.o.c(CommonUtils.kt:14)
01-10 20:44:17.389 19767 19767 W PackageManager: at com.upgadata.up7723.install.ApkInstallUtils.v(ApkInstallUtils.kt:5)
01-10 20:44:17.389 19767 19767 W PackageManager: at com.upgadata.up7723.widget.view.DownLoadView.setDownloadState(DownLoadView.java:107 )
01-10 20:44:17.389 19767 19767 W PackageManager: at com.upgadata.up7723.widget.view.DownLoadView.U(DownLoadView.java:10)
01-10 20:44:17.389 19767 19767 W PackageManager: at com.upgadata.up7723.widget.view.DownLoadView.s0(DownLoadView.java:18)
01-10 20:44:17.389 19767 19767 W PackageManager: at com.upgadata.up7723.widget.view.DownLoadView.setData(DownLoadView.java:129)
01-10 20:44:17.389 19767 19767 W PackageManager: at com.upgadata.up7723.widget.DetailCommentHeaderView.setDownLoadData(DetailCommentHea derView.java:3)
01-10 20:44:17.389 19767 19767 W PackageManager: at com.upgadata.up7723.game.detail.DetailGameCommentActivity$d.a(DetailGameCommentActi vity.java:22)
01-10 20:44:17.389 19767 19767 W PackageManager: at com.upgadata.up7723.game.detail.DetailGameCommentActivity$d.onSuccess(DetailGameCom mentActivity.java:1)
01-10 20:44:17.389 19767 19767 W PackageManager: at com.upgadata.up7723.http.utils.k.onResponse(TCallback.java:4)
01-10 20:44:17.389 19767 19767 W PackageManager: at com.zhy.http.okhttp.OkHttpUtils$3.run(OkHttpUtils.java:1)
01-10 20:44:17.389 19767 19767 W PackageManager: at android.os.Handler.handleCallback(Handler.java:958)
01-10 20:44:17.389 19767 19767 W PackageManager: at android.os.Handler.dispatchMessage(Handler.java:99)
01-10 20:44:17.389 19767 19767 W PackageManager: at android.os.Looper.loopOnce(Looper.java:257)
01-10 20:44:17.389 19767 19767 W PackageManager: at android.os.Looper.loop(Looper.java:368)
01-10 20:44:17.389 19767 19767 W PackageManager: at android.app.ActivityThread.main(ActivityThread.java:8839)
01-10 20:44:17.389 19767 19767 W PackageManager: at java.lang.reflect.Method.invoke(Native Method)
01-10 20:44:17.389 19767 19767 W PackageManager: at com.android.internal.os.RuntimeInit$MethodAndArgsCaller.run(RuntimeInit.java:572)
01-10 20:44:17.389 19767 19767 W PackageManager: at com.android.internal.os.ZygoteInit.main(ZygoteInit.java:1049)
01-10 20:44:17.390 19767 19767 I Quality : Skipped: false 3 cost 28.262875 refreshRate 8325875 bit true processName com.upgadata.up7723
01-10 20:44:17.403 19767 20034 D ListServiceUtils: mListServiceUtils::init CallingPid 19767
01-10 20:44:17.404 19767 20034 D ListServiceUtils: mListServiceUtils::init this 0x7a267f9f00
01-10 20:44:17.404 19767 20034 D ListServiceUtils: checkInListByUid module:custom- icc uid:10609 cost 274us return 0
01-10 20:44:17.405 19767 20034 V JpegEncoderExtImpl: Resolution: 501 x 501,support: 0;
01-10 20:44:17.412 19767 19767 I Quality : Skipped: false 2 cost 17.281715 refreshRate 8325867 bit true processName com.upgadata.up7723
01-10 20:44:17.589 19767 19767 D Activity: dispatchKeyEvent to com.upgadata.up7723.game.detail.DetailGameCommentActivity@b150f88 will call onBackPressed
01-10 20:44:17.589 19767 19767 D Activity: com.upgadata.up7723.game.detail.DetailGameCommentActivity@b150f88onBackPressed!
01-10 20:44:17.611 19767 19767 I upgadata.up7723: _Desupression native alloc gc_urgency: 84596 native bytes: 215551682
01-10 20:44:17.611 19767 19767 D ScrollOptim [SceneManager]: updateCurrentActivity: mCurrentActivityName=null, isOptEnable=true, isAnimAheadEnable=true, isFrameInsertEnable=true, InsertNum=1, isEnabledForScrollChanged=false
01-10 20:44:17.635 19767 19767 D VRI[DetailGameCommentActivity]: onFocusEvent false
01-10 20:44:17.641 19767 19767 I upgadata.up7723: _Desupression native alloc gc_urgency: 84954 native bytes: 215590146
01-10 20:44:17.641 19767 19767 D CompatibilityChangeReporter: Compat change id reported: 78294732; UID 10609; state: DISABLED
01-10 20:44:17.641 19767 19767 D ScrollOptim [SceneManager]: updateCurrentActivity: mCurrentActivityName=com.upgadata.up7723.game.detail.DetailGameActivity, isOptEnable=true, isAnimAheadEnable=true, isFrameInsertEnable=true, InsertNum=1, isEnabledForScrollChanged=false
01-10 20:44:17.641 19767 19767 D ActivityThread: ComponentInfo{com.upgadata.up7723/com.upgadata.up7723.game.detail.DetailGameActivit y} checkFinished=false 4
01-10 20:44:17.642 19767 19767 D ResourcesManagerExtImpl: applyConfigurationToAppResourcesLocked app.getDisplayId() return callback.displayId:-1
