We take content rights seriously. If you suspect this is your content, claim it here.
Available Formats
Download as TXT, PDF, TXT or read online on Scribd
You are on page 1/ 200
--------- beginning of system
01-10 20:42:55.776 19767 19767 D ResourcesManagerExtImpl:
applyConfigurationToAppResourcesLocked app.getDisplayId() return callback.displayId:-1 --------- beginning of main
01-10 20:42:55.846 19767 19767 I MMKV : <native-bridge.cpp:101::JNI_OnLoad> current API level = 34
01-10 20:42:55.846 19767 19767 I MMKV : <MMKV.cpp:156::initialize> version v1.2.2 page size:4096
01-10 20:42:55.846 19767 19767 I MMKV : <MMKV.cpp:167::initialize> armv8 AES instructions is supported
01-10 20:42:55.846 19767 19767 I MMKV : <MMKV.cpp:175::initialize> armv8 CRC32 instructions is supported
01-10 20:42:55.846 19767 19767 I MMKV : <MMKV.cpp:198::initializeMMKV> root dir: /data/user/0/com.upgadata.up7723/files/mmkv
01-10 20:42:55.856 19767 19767 D ResourcesManagerExtImpl: applyConfigurationToAppResourcesLocked app.getDisplayId() return callback.displayId:-1
01-10 20:42:55.857 19767 19820 D CompatibilityChangeReporter: Compat change id reported: 149924527; UID 10609; state: ENABLED
01-10 20:42:55.857 19767 19820 D CompatibilityChangeReporter: Compat change id reported: 132649864; UID 10609; state: DISABLED
01-10 20:42:55.862 19767 19823 D OplusGraphicsEvent: OplusGraphicsEventListener create now!
01-10 20:42:55.863 19767 19767 I oplus.android.OplusFrameworkFactoryImpl: Unknow feature:IOplusTextViewRTLUtilForUG
01-10 20:42:55.866 19767 19823 D OplusGraphicsEvent: addEventListener success!
01-10 20:42:55.870 19767 19767 D OplusWindowManager: get WMS extension: android.os.BinderProxy@33bfb0e
01-10 20:42:55.874 19767 19828 E upgadata.up7723: Loaded layer handle (9480685229830447857) for layer /my_product/lib64/libcolorx-loader.so
01-10 20:42:55.874 19767 19828 E upgadata.up7723: Looking for entrypoint ColorX_Check
01-10 20:42:55.874 19767 19828 E upgadata.up7723: Found ColorX_Check for /my_product/lib64/libcolorx-loader.so
01-10 20:42:55.874 19767 19828 E upgadata.up7723: Check failed
01-10 20:42:55.883 19767 19767 D ScrollOptimizationHelper: can't find the config file for optimizaiton
01-10 20:42:55.883 19767 19767 D ScrollOptimizationHelper: will not debug for debug is false
01-10 20:42:55.883 19767 19767 I oplus.android.OplusFrameworkFactoryImpl: get feature:IOplusDynamicVsyncFeature
01-10 20:42:55.883 19767 19767 I oplus.android.OplusFrameworkFactoryImpl: get feature:IOplusDynamicVsyncFeature
01-10 20:42:55.883 19767 19767 I oplus.android.OplusFrameworkFactoryImpl: get feature:IOplusDynamicVsyncFeature
01-10 20:42:55.890 19767 19767 E OplusCustomizeRestrictionManager: sInstance is null, start a new sInstance
01-10 20:42:55.891 19767 19767 D CompatibilityChangeReporter: Compat change id reported: 210923482; UID 10609; state: DISABLED
01-10 20:42:55.891 19767 19767 D CompatibilityChangeReporter: Compat change id reported: 37756858; UID 10609; state: ENABLED
01-10 20:42:55.914 19767 19767 D ScrollOptim [ConfigManager]: initOptConfig: pkg= com.upgadata.up7723, mOptEnable= true, mAnimAheadEnable= true, mInsertDefaultNum= 1, mFrameInsertEnableList= {}, mSCEnableList= []
01-10 20:42:55.914 19767 19767 D ScrollOptim [SceneManager]: updateCurrentActivity: mCurrentActivityName=com.upgadata.up7723.main.activity.SplashActivity, isOptEnable=true, isAnimAheadEnable=true, isFrameInsertEnable=true, InsertNum=1, isEnabledForScrollChanged=false
01-10 20:42:55.914 19767 19767 D ActivityThread: ComponentInfo{com.upgadata.up7723/com.upgadata.up7723.main.activity.SplashActivity} checkFinished=false 2
01-10 20:42:55.914 19767 19820 D CompatibilityChangeReporter: Compat change id reported: 147798919; UID 10609; state: DISABLED
01-10 20:42:55.914 19767 19767 D ResourcesManagerExtImpl: applyConfigurationToAppResourcesLocked app.getDisplayId() return callback.displayId:-1
01-10 20:42:55.915 19767 19767 D ExtensionsLoader: createInstance(64bit) : createExtendedFactory
01-10 20:42:55.915 19767 19767 D ExtensionsLoader: Opened libSchedAssistExtImpl.so
01-10 20:42:55.915 19767 19767 E SchedAssist: sysOpen failed with error=Permission denied
01-10 20:42:55.916 19767 19767 E SchedAssist: sharedImFd failed with error=Permission denied
01-10 20:42:55.920 19767 19767 D OplusInputMethodUtil: init sDebug to false, init sDebugIme to false, init sAlwaysOn to false
01-10 20:42:55.920 19767 19767 D OplusInputMethodUtil: updateDebugToClass InputMethodManager.DEBUG = false
01-10 20:42:55.920 19767 19767 D OplusInputMethodUtil: updateDebugToClass ImeFocusController.DEBUG = false
01-10 20:42:55.920 19767 19767 D OplusInputMethodUtil: updateDebugToClass BaseInputConnection.DEBUG = false
01-10 20:42:55.923 19767 19767 D ExtensionsLoader: createInstance(64bit) : createExtendedFactory
01-10 20:42:55.923 19767 19767 D ExtensionsLoader: Opened libguiextimpl.so
01-10 20:42:55.924 19767 19767 D CompatibilityChangeReporter: Compat change id reported: 237531167; UID 10609; state: DISABLED
01-10 20:42:55.926 19767 19767 I DynamicFramerate [FRTCConfigManager]: initFrameRateConfig:
01-10 20:42:55.926 19767 19767 I DynamicFramerate [FRTCConfigManager]: levels: [120, 60]
01-10 20:42:55.926 19767 19767 I DynamicFramerate [FRTCConfigManager]: thresholds: [200]
01-10 20:42:55.926 19767 19767 I DynamicFramerate [FRTCConfigManager]: scrollbar fade frame rate: 0
01-10 20:42:55.926 19767 19767 I DynamicFramerate [FRTCConfigManager]: FRTCConfigManager: FRTC_CAPABILITY = 120, package name = com.upgadata.up7723, WINDOW_ANIMATION_SPEED_RATE = 10, SCROLL_ANIMATION_SPEED_RATE = 20, MuitiWindowIdleFramerate = 60, PACKAGE_ENABLE = false
01-10 20:42:55.926 19767 19767 I DynamicFramerate [DynamicFrameRateController]: init info: mPackageName = com.upgadata.up7723, mIsEnabled = false
01-10 20:42:55.927 19767 19767 D WindowManager: Add to mViews: DecorView@85960a6[SplashActivity],pkg= com.upgadata.up7723
01-10 20:42:55.928 19767 19823 D ExtensionsLoader: createInstance(64bit) : createExtendedFactory
01-10 20:42:55.929 19767 19820 W System.err: java.lang.NoSuchFieldException: No field mHiddenApiWarningShown in class Landroid/app/ActivityThread; (declaration of 'android.app.ActivityThread' appears in /system/framework/framework.jar)
01-10 20:42:55.930 19767 19820 W System.err: at java.lang.Class.getDeclaredField(Native Method)
01-10 20:42:55.930 19767 19820 W System.err: at com.upgadata.up7723.MyApplication.closeAndroidPDialog(MyApplication.java:9)
01-10 20:42:55.930 19767 19820 W System.err: at com.upgadata.up7723.MyApplication.init(MyApplication.java:10)
01-10 20:42:55.930 19767 19820 W System.err: at com.upgadata.up7723.MyApplication.access$000(MyApplication.java:1)
01-10 20:42:55.930 19767 19820 W System.err: at com.upgadata.up7723.MyApplication$a.run(MyApplication.java:2)
01-10 20:42:55.932 19767 19823 D ExtensionsLoader: Opened libhwuiextimpl.so
01-10 20:42:55.932 19767 19767 D ExtensionsLoader: createInstance(64bit) : createExtendedFactory
01-10 20:42:55.932 19767 19767 D ExtensionsLoader: Opened libSchedAssistExtImpl.so
01-10 20:42:55.939 19767 19846 D TrafficStats: tagSocket(109) with statsTag=0xffffffff, statsUid=-1
01-10 20:42:55.943 19767 19849 I DpmTcmClient: RegisterTcmMonitor from: $Proxy3
01-10 20:42:55.944 19767 19767 D InputEventReceiver: Input log is disabled in InputEventReceiver.
01-10 20:42:55.946 19767 19767 D ResourcesManagerExtImpl: applyConfigurationToAppResourcesLocked app.getDisplayId() return callback.displayId:-1
01-10 20:42:55.947 19767 19767 I Quality : Skipped: false 1 cost 10.236887 refreshRate 8328869 bit true processName com.upgadata.up7723
01-10 20:42:55.948 19767 19767 E OplusBracketLog: [OplusViewMirrorManager] updateHostViewRootIfNeeded, not support android.view.ViewRootImpl@4962a06
01-10 20:42:55.949 19767 19849 I System.out: [okhttp]:check permission begin!
01-10 20:42:55.949 19767 19849 W System : ClassLoader referenced unknown path: system/framework/mediatek-cta.jar
01-10 20:42:55.950 19767 19849 I System.out: [okhttp] e:java.lang.ClassNotFoundException: com.mediatek.cta.CtaUtils
01-10 20:42:55.950 19767 19849 D TrafficStats: tagSocket(110) with statsTag=0xffffffff, statsUid=-1
01-10 20:42:55.951 19767 19767 D ViewRootImplExtImpl: wrapConfigInfoIntoFlags rotation=0, smallestScreenWidthDp=360, relayoutAsync=false, newFlags=23592960, title=com.upgadata.up7723/com.upgadata.up7723.main.activity.SplashActivity
01-10 20:42:55.956 19767 19849 I System.out: [OkHttp] sendRequest>>
01-10 20:42:55.956 19767 19849 I System.out: [OkHttp] sendRequest<<
01-10 20:42:55.957 19767 19848 D TrafficStats: tagSocket(112) with statsTag=0xffffffff, statsUid=-1
01-10 20:42:55.964 19767 19767 D VRI[SplashActivity]: relayoutWindow result, sizeChanged:true, surfaceControlChanged:true, transformHintChanged:true, mSurfaceSize:Point(1080, 2412), mLastSurfaceSize:Point(0, 0), mWidth:-1, mHeight:- 1, requestedWidth:1080, requestedHeight:2412, transformHint:0, lastTransformHint:- 2147483648, installOrientation:0, displayRotation:0, isSurfaceValid:true, attr.flag:-2122252032, useBlast:true, tmpFrames:ClientWindowFrames{frame=[0,0] [1080,2412] display=[0,0][1080,2412] parentFrame=[0,0][0,0]}
01-10 20:42:55.965 19767 19767 W VRI[SplashActivity]: updateBlastSurfaceIfNeeded, surfaceSize:Point(1080, 2412), lastSurfaceSize:Point(0, 0), format:-2, blastBufferQueue:null
01-10 20:42:55.967 19767 19849 I Pinger : Ping response: `ping ok`, pinged? true
01-10 20:42:55.968 19767 19767 D BufferQueueConsumer: [](id:4d3700000000,api:0,p:- 1,c:19767) connect: controlledByApp=false
01-10 20:42:55.968 19767 19846 I HttpProxyCacheServer: Proxy cache server started. Is it alive? true
01-10 20:42:55.968 19767 19767 D ExtensionsLoader: createInstance(64bit) : createExtendedFactory
01-10 20:42:55.968 19767 19767 D ExtensionsLoader: Opened libSchedAssistExtImpl.so
01-10 20:42:55.970 19767 19823 I AdrenoGLES-0: QUALCOMM build : 9dec52427c, Ibe7eb5ecbe
01-10 20:42:55.970 19767 19823 I AdrenoGLES-0: Build Date : 01/22/24
01-10 20:42:55.970 19767 19823 I AdrenoGLES-0: OpenGL ES Shader Compiler Version: EV031.36.08.28
01-10 20:42:55.970 19767 19823 I AdrenoGLES-0: Local Branch :
01-10 20:42:55.970 19767 19823 I AdrenoGLES-0: Remote Branch : refs/tags/AU_LINUX_ANDROID_LA.VENDOR.1.0.11.00.00.770.073
01-10 20:42:55.970 19767 19823 I AdrenoGLES-0: Remote Branch : NONE
01-10 20:42:55.970 19767 19823 I AdrenoGLES-0: Reconstruct Branch : NOTHING
01-10 20:42:55.970 19767 19823 I AdrenoGLES-0: Build Config : S P 12.1.1 AArch64
01-10 20:42:55.970 19767 19823 I AdrenoGLES-0: Driver Path : /vendor/lib64/egl/libGLESv2_adreno.so
01-10 20:42:55.970 19767 19823 I AdrenoGLES-0: Driver Version : 0615.82
01-10 20:42:55.973 19767 19823 I AdrenoGLES-0: PFP: 0x01730158, ME: 0x00000000
01-10 20:42:55.996 19767 19823 D BufferQueueProducer: [VRI[SplashActivity]#0(BLAST Consumer)0](id:4d3700000000,api:1,p:19767,c:19767) connect: api=1 producerControlledByApp=true
01-10 20:42:55.996 19767 19823 E OpenGLRenderer: Unable to match the desired swap behavior.
01-10 20:42:55.996 19767 19767 I SurfaceControl: setExtendedRangeBrightness sc=Surface(name=com.upgadata.up7723/com.upgadata.up7723.main.activity.SplashActivit y)/@0xa4db2a1,currentBufferRatio=1.0,desiredRatio=1.0
01-10 20:42:56.002 19767 19838 E upgadata.up7723: Invalid resource ID 0x00000000.
01-10 20:42:56.019 19767 19820 D CompatibilityChangeReporter: Compat change id reported: 263076149; UID 10609; state: DISABLED
01-10 20:42:56.024 19767 19820 D CompatibilityChangeReporter: Compat change id reported: 170188668; UID 10609; state: DISABLED
01-10 20:42:56.024 19767 19820 W System.err: java.lang.ClassNotFoundException: com.huawei.system.BuildEx
01-10 20:42:56.024 19767 19820 W System.err: at java.lang.Class.classForName(Native Method)
01-10 20:42:56.024 19767 19820 W System.err: at java.lang.Class.forName(Class.java:536)
01-10 20:42:56.024 19767 19820 W System.err: at java.lang.Class.forName(Class.java:467)
01-10 20:42:56.024 19767 19820 W System.err: at bzdevicesinfo.z.x(SourceFile:1)
01-10 20:42:56.024 19767 19820 W System.err: at bzdevicesinfo.a0.d(SourceFile:28)
01-10 20:42:56.024 19767 19820 W System.err: at com.bz.devieceinfomod.BzDeviceManager.initSdk(SourceFile:1)
01-10 20:42:56.024 19767 19820 W System.err: at com.upgadata.up7723.http.utils.i.f(PhoneParamsUtil.java:20)
01-10 20:42:56.024 19767 19820 W System.err: at com.upgadata.up7723.MyApplication.initPhone(MyApplication.java:2)
01-10 20:42:56.024 19767 19820 W System.err: at com.upgadata.up7723.MyApplication.init(MyApplication.java:15)
01-10 20:42:56.024 19767 19820 W System.err: at com.upgadata.up7723.MyApplication.access$000(MyApplication.java:1)
01-10 20:42:56.024 19767 19820 W System.err: at com.upgadata.up7723.MyApplication$a.run(MyApplication.java:2)
01-10 20:42:56.024 19767 19820 W System.err: Caused by: java.lang.ClassNotFoundException: com.huawei.system.BuildEx
01-10 20:42:56.024 19767 19820 W System.err: ... 11 more
01-10 20:42:56.104 19767 19823 D BLASTBufferQueue: [VRI[SplashActivity]#0](f:0,a:1) acquireNextBufferLocked size=1080x2412 mFrameNumber=1 applyTransaction=true mTimestamp=1745947763040325(auto) mPendingTransactions.size=0 graphicBufferId=84898618540032 transform=0
01-10 20:42:56.105 19767 19823 D VRI[SplashActivity]: Received frameCommittedCallback lastAttemptedDrawFrameNum=1 didProduceBuffer=true syncBuffer=false
01-10 20:42:56.105 19767 19767 D VRI[SplashActivity]: draw finished.
01-10 20:42:56.105 19767 19767 D VRI[SplashActivity]: reportDrawFinished
01-10 20:42:56.105 19767 19767 D ViewRootImplExtImpl: setMaxDequeuedBufferCount: 2
01-10 20:42:56.106 19767 19767 W VRI[SplashActivity]: handleResized, msg:5, frameChanged:false, configChanged:false, displayChanged:false, attachedFrameChanged:false, compatScaleChanged:false, pendingDragResizing=false
01-10 20:42:56.106 19767 19767 I Quality : Skipped: false 16 cost 135.54794 refreshRate 8328659 bit true processName com.upgadata.up7723
01-10 20:42:56.108 19767 19823 D VRI[SplashActivity]: Received frameCommittedCallback lastAttemptedDrawFrameNum=2 didProduceBuffer=false syncBuffer=false
01-10 20:42:56.108 19767 19767 D VRI[SplashActivity]: draw finished.
01-10 20:42:56.108 19767 19767 D VRI[SplashActivity]: reportDrawFinished
01-10 20:42:56.120 19767 19767 D CompatibilityChangeReporter: Compat change id reported: 160794467; UID 10609; state: DISABLED
01-10 20:42:56.121 19767 19767 D VRI[SplashActivity]: onFocusEvent true
01-10 20:42:56.126 19767 19820 I eup : register native abi method success
01-10 20:42:56.159 19767 19877 I System.out: [okhttp]:check permission begin!
01-10 20:42:56.159 19767 19877 I System.out: [okhttp]:not MMS!
01-10 20:42:56.159 19767 19877 I System.out: [okhttp]:not Email!
01-10 20:42:56.170 19767 19876 D TrafficStats: tagSocket(152) with statsTag=0xffffffff, statsUid=-1
01-10 20:42:56.199 19767 19820 W crashsdk: Set: Unknown key 38
01-10 20:42:56.200 19767 19820 W crashsdk: Set: Unknown key 39
01-10 20:42:56.200 19767 19910 D crashsdk: Native log stat thread 19910 setup, waiting
01-10 20:42:56.202 19767 19820 I crashsdk: begin hack android.os.Process
01-10 20:42:56.202 19767 19820 I crashsdk: end hack android.os.Process
01-10 20:42:56.202 19767 19820 I crashsdk: LibcMalloc detail: disabled.
01-10 20:42:56.205 19767 19899 E upgadata.up7723: Invalid resource ID 0x00000000.
01-10 20:42:56.206 19767 19839 D CompatibilityChangeReporter: Compat change id reported: 247079863; UID 10609; state: DISABLED
01-10 20:42:56.207 19767 19908 I System.out: [okhttp]:check permission begin!
01-10 20:42:56.207 19767 19908 I System.out: [okhttp]:not MMS!
01-10 20:42:56.207 19767 19908 I System.out: [okhttp]:not Email!
01-10 20:42:56.207 19767 19912 E upgadata.up7723: Invalid resource ID 0x00000000.
01-10 20:42:56.207 19767 19839 I System.out: [okhttp]:check permission begin!
01-10 20:42:56.207 19767 19839 I System.out: [okhttp]:not MMS!
01-10 20:42:56.207 19767 19839 I System.out: [okhttp]:not Email!
01-10 20:42:56.219 19767 19908 D TrafficStats: tagSocket(196) with statsTag=0xffffffff, statsUid=-1
01-10 20:42:56.256 19932 19932 W libc : Access denied finding property "qemu.hw.mainkeys"
01-10 20:42:56.256 19932 19932 W libc : Access denied finding property "qemu.sf.lcd_density"
01-10 20:42:56.256 19932 19932 W libc : Access denied finding property "ro.serialno"
01-10 20:42:56.274 19767 19820 W upgadata.up7723: Method void qm_m.qm_a.qm_b.qm_b.qm_u.qm_h.qm_e.a(java.lang.String, com.tencent.qqmini.sdk.launcher.model.MiniAppBaseInfo, android.os.Bundle) failed lock verification and will run slower.
01-10 20:42:56.274 19767 19820 W upgadata.up7723: Common causes for lock verification issues are non-optimized dex code
01-10 20:42:56.274 19767 19820 W upgadata.up7723: and incorrect proguard optimizations.
01-10 20:42:56.275 19767 19820 W upgadata.up7723: Method void qm_m.qm_a.qm_b.qm_b.qm_u.qm_h.qm_e.c(java.lang.String, com.tencent.qqmini.sdk.launcher.model.MiniAppBaseInfo, android.os.Bundle) failed lock verification and will run slower.
01-10 20:42:56.281 19767 19820 W upgadata.up7723: Method void qm_m.qm_a.qm_b.qm_b.qm_u.qm_h.qm_e.f(java.lang.String, com.tencent.qqmini.sdk.launcher.model.MiniAppBaseInfo, android.os.Bundle) failed lock verification and will run slower.
01-10 20:42:56.288 19767 19876 D TrafficStats: tagSocket(140) with statsTag=0xffffffff, statsUid=-1
01-10 20:42:56.291 19767 19938 D TrafficStats: tagSocket(208) with statsTag=0xffffffff, statsUid=-1
01-10 20:42:56.295 19767 19939 D TrafficStats: tagSocket(210) with statsTag=0xffffffff, statsUid=-1
01-10 20:42:56.304 19767 19940 D TrafficStats: tagSocket(207) with statsTag=0xffffffff, statsUid=-1
01-10 20:42:56.318 19767 19767 D VRI[SplashActivity]: onFocusEvent false
01-10 20:42:56.322 19767 19767 I crashsdk: Catcher mask: 5000, 20480
01-10 20:42:56.323 19767 19767 I crashsdk: Catcher thread 19774
01-10 20:42:56.323 19767 19767 D crashsdk: Register ANR handler ...
01-10 20:42:56.323 19767 19877 D TrafficStats: tagSocket(211) with statsTag=0xffffffff, statsUid=-1
01-10 20:42:56.325 19767 19839 D TrafficStats: tagSocket(144) with statsTag=0xffffffff, statsUid=-1
01-10 20:42:56.368 19767 19908 I System.out: [OkHttp] sendRequest>>
01-10 20:42:56.368 19767 19908 I System.out: [OkHttp] sendRequest<<
01-10 20:42:56.456 19767 19877 I System.out: [OkHttp] sendRequest<<
01-10 20:42:56.481 19932 19932 I Umeng_ZID: native zid is APEnNvEICEz8C_QaQ- wvMqHbbwMllMKn4tWtEXZjr34v1QmWvu73vsSgfCZqVWAaWBEhTJfeESrZE7zEHWOghPUFLGSCwIxSRI0G9 -UNBDyCxpq_Xe87yGuVZ_nppEWn_m-zrlh5EDAUcgUIOTqWJNPYu0dEZ2QdacGF7_SaKCGH- KRqdoNqoicWFN0Li6u65pZkuWGznfg6rUqqJowAuolQqp36kQzlWgG0iOkqO9Eb1JBNQhCCrozagVTwKKSe 0KJ7tmSM1z5Rv33pU9svJ9vO8vUJ5Z3Ajyoo3c5X2cP0-hglDvTFcwqJ4ppFNSCKyctOzRzrCyHcouCLc7- OhPZjXCPz1Wh5ps_m50UC83r_b9CXcnf0crUAd2y6fwIz6BhwcSL19qhkZFRC1XE5YUyGFFkjdG4Dg2C8jL _FnqRJ- hm0CwBTxLgGjsLUZSkEylUb5oZkZw9XeDlEkANxOrpXa4ovkXiCQ8mLyuP9UxHZM3di3D2fJKzQw6xG3- c5lqqDA_xWutNfUEjbM4ddu6YoHVdJJh7V9A==
01-10 20:42:56.481 19932 19932 I Umeng_ZID:
01-10 20:42:56.488 19767 19925 I System.out: [okhttp]:check permission begin!
01-10 20:42:56.488 19767 19925 I System.out: [okhttp]:not MMS!
01-10 20:42:56.488 19767 19925 I System.out: [okhttp]:not Email!
01-10 20:42:56.498 19767 19767 D ScrollOptim [SceneManager]: updateCurrentActivity: mCurrentActivityName=null, isOptEnable=true, isAnimAheadEnable=true, isFrameInsertEnable=true, InsertNum=1, isEnabledForScrollChanged=false
01-10 20:42:56.511 19767 19839 I System.out: [OkHttp] sendRequest>>
01-10 20:42:56.511 19767 19839 I System.out: [OkHttp] sendRequest<<
01-10 20:42:56.517 19767 19767 D ResourcesManagerExtImpl: applyConfigurationToAppResourcesLocked app.getDisplayId() return callback.displayId:-1
01-10 20:42:56.525 19767 19767 I oplus.android.OplusFrameworkFactoryImpl: get feature:IOplusDynamicVsyncFeature
01-10 20:42:56.525 19767 19767 I oplus.android.OplusFrameworkFactoryImpl: get feature:IOplusDynamicVsyncFeature
01-10 20:42:56.525 19767 19767 I oplus.android.OplusFrameworkFactoryImpl: get feature:IOplusDynamicVsyncFeature
01-10 20:42:56.580 19767 19925 D TrafficStats: tagSocket(199) with statsTag=0xffffffff, statsUid=-1
01-10 20:42:56.585 19767 19767 I MMKV : <MMKV_IO.cpp:81::loadFromFile> loading [mmkv.default] with 307403 actual size, file size 524288, InterProcess 0, meta info version:3
01-10 20:42:56.585 19767 19767 I MMKV : <MMKV_IO.cpp:86::loadFromFile> loading [mmkv.default] with crc 3400315531 sequence 21 version 3
01-10 20:42:56.585 19767 19767 I MMKV : <MMKV_IO.cpp:130::loadFromFile> loaded [mmkv.default] with 38 key-values
01-10 20:42:56.588 19767 19839 I System.out: [okhttp]:check permission begin!
01-10 20:42:56.588 19767 19839 I System.out: [okhttp]:not MMS!
01-10 20:42:56.588 19767 19839 I System.out: [okhttp]:not Email!
01-10 20:42:56.588 19767 19839 D TrafficStats: tagSocket(141) with statsTag=0xffffffff, statsUid=-1
01-10 20:42:56.593 19767 19767 D EventBus: No subscribers registered for event class bzdevicesinfo.sz
01-10 20:42:56.593 19767 19767 D EventBus: No subscribers registered for event class org.greenrobot.eventbus.h
01-10 20:42:56.613 19972 19972 I libc : SetHeapTaggingLevel: tag level set to 0
01-10 20:42:56.624 19972 19972 E ta.up7723:black: Unknown bits set in runtime_flags: 0x40000000
01-10 20:42:56.624 19972 19972 I ta.up7723:black: Using CollectorTypeCC GC.
01-10 20:42:56.628 19972 19972 E ta.up7723:black: Not starting debugger since process cannot load the jdwp agent.
01-10 20:42:56.646 19972 19972 W libc : Access denied finding property "persist.vendor.sys.activitylog"
01-10 20:42:56.647 19972 19972 I OneTrace: Mark active for pid=19972? true
01-10 20:42:56.647 19972 19972 D cutils-dev: otrace_set_tracing_enabled? true tag:0
01-10 20:42:56.649 19767 19767 I MMKV : <MMKV_IO.cpp:81::loadFromFile> loading [InterProcessKV] with 1869 actual size, file size 4096, InterProcess 1, meta info version:3
01-10 20:42:56.649 19767 19767 I MMKV : <MMKV_IO.cpp:86::loadFromFile> loading [InterProcessKV] with crc 551531751 sequence 2 version 3
01-10 20:42:56.649 19767 19767 I MMKV : <MMKV_IO.cpp:130::loadFromFile> loaded [InterProcessKV] with 8 key-values
01-10 20:42:56.650 19972 19972 D cutils-dev: properties changed in otrace_seq_number_changed!
01-10 20:42:56.656 19767 19767 E AppBackgroundObserver: onAppForeground
01-10 20:42:56.658 19767 19767 D ScrollOptim [SceneManager]: updateCurrentActivity: mCurrentActivityName=com.upgadata.up7723.main.activity.HomeActivity, isOptEnable=true, isAnimAheadEnable=true, isFrameInsertEnable=true, InsertNum=1, isEnabledForScrollChanged=false
01-10 20:42:56.658 19767 19767 D ActivityThread: ComponentInfo{com.upgadata.up7723/com.upgadata.up7723.main.activity.HomeActivity} checkFinished=false 2
01-10 20:42:56.658 19767 19767 D ResourcesManagerExtImpl: applyConfigurationToAppResourcesLocked app.getDisplayId() return callback.displayId:-1
01-10 20:42:56.661 19767 19767 D WindowManager: Add to mViews: DecorView@c36c504[HomeActivity],pkg= com.upgadata.up7723
01-10 20:42:56.664 19972 19972 D OplusActivityManager: get AMS extension: android.os.BinderProxy@739658e
01-10 20:42:56.665 19972 19996 D CompatibilityInfo: setOverrideInvertedScale 1.0 to 1.0
01-10 20:42:56.668 19767 19767 D InputEventReceiver: Input log is disabled in InputEventReceiver.
01-10 20:42:56.671 19767 19767 D ResourcesManagerExtImpl: applyConfigurationToAppResourcesLocked app.getDisplayId() return callback.displayId:-1
01-10 20:42:56.672 19972 19972 D CompatibilityChangeReporter: Compat change id reported: 171979766; UID 10609; state: DISABLED
01-10 20:42:56.692 19767 19767 I Quality : Skipped: false 2 cost 21.798948 refreshRate 8326667 bit true processName com.upgadata.up7723
01-10 20:42:56.692 19767 19767 E OplusBracketLog: [OplusViewMirrorManager] updateHostViewRootIfNeeded, not support android.view.ViewRootImpl@c0ed2a0
01-10 20:42:56.693 19972 19972 I OplusFeatureCache: Milliseconds spent on init(): 20
01-10 20:42:56.696 19972 19972 D CompactWindowAppManager: initCompactApplicationInfo CompactMode: , NormalMode:
01-10 20:42:56.697 19767 19767 D CompatibilityChangeReporter: Compat change id reported: 171228096; UID 10609; state: ENABLED
01-10 20:42:56.697 19767 19767 I oplus.android.OplusFrameworkFactoryImpl: get feature:IOplusDynamicVsyncFeature
01-10 20:42:56.697 19767 19767 I oplus.android.OplusFrameworkFactoryImpl: get feature:IOplusDynamicVsyncFeature
01-10 20:42:56.697 19767 19767 I oplus.android.OplusFrameworkFactoryImpl: get feature:IOplusDynamicVsyncFeature
01-10 20:42:56.700 19972 19972 D OplusScrollToTopManager: setIsInWhiteList true
01-10 20:42:56.701 19972 19972 D OplusViewDebugManager: OplusViewDebugManager Constructor android.view.debug.OplusViewDebugManager@fea4c9a [mHasViewDebugProperty true] [mHasMsgDebugProperty false] [DEBUG false] [EXTRAINFOENABLE false] [LIGHT_OS false]
01-10 20:42:56.702 19972 19972 D CompatibilityChangeReporter: Compat change id reported: 242716250; UID 10609; state: DISABLED
01-10 20:42:56.710 19972 19972 W libc : Access denied finding property "ro.odm.prev.product.name"
01-10 20:42:56.710 19767 19767 D EventBus: No subscribers registered for event class com.upgadata.up7723.bean.HomeGameSelectChangeEventBusBean
01-10 20:42:56.710 19767 19767 D EventBus: No subscribers registered for event class org.greenrobot.eventbus.h
01-10 20:42:56.710 19767 19767 D EventBus: No subscribers registered for event class com.upgadata.up7723.bean.HomeGameSelectChangeEventBusBean
01-10 20:42:56.710 19767 19767 D EventBus: No subscribers registered for event class org.greenrobot.eventbus.h
01-10 20:42:56.712 19767 19767 D EventBus: No subscribers registered for event class com.upgadata.up7723.bean.HomeGameSelectChangeEventBusBean
01-10 20:42:56.712 19767 19767 D EventBus: No subscribers registered for event class org.greenrobot.eventbus.h
01-10 20:42:56.718 19972 19972 D ApplicationLoaders: Returning zygote-cached class loader: /system/framework/android.test.base.jar
01-10 20:42:56.722 19972 19972 D nativeloader: Configuring clns-4 for other apk /system/framework/org.apache.http.legacy.jar. target_sdk_version=28, uses_libraries=ALL, library_path=/data/app/~~WhCFEN1u3tgyHaAfULA4iA==/com.upgadata.up7723- SV6MNaVtCVDimK-Afmuflg==/lib/arm64:/data/app/~~WhCFEN1u3tgyHaAfULA4iA==/ com.upgadata.up7723-SV6MNaVtCVDimK-Afmuflg==/base.apk!/lib/arm64-v8a, permitted_path=/data:/mnt/expand:/data/user/0/com.upgadata.up7723
01-10 20:42:56.722 19972 19972 D nativeloader: Extending system_exposed_libraries: libbinauralrenderer_wrapper.qti.so:libhoaeffects.qti.so:libSloganJni.oplus.so:libsu perNight.oplus.so:libAPSClient-cmd-jni- extension.oplus.so:libupdateprof.qti.so:libQOC.qti.so:libthermalclient.qti.so:libqa pe.qti.so:libqesdk_ndk_platform.qti.so:liblistenjni.qti.so
01-10 20:42:56.726 19767 19994 D TrafficStats: tagSocket(215) with statsTag=0xffffffff, statsUid=-1
01-10 20:42:56.727 19767 19989 D TrafficStats: tagSocket(216) with statsTag=0xffffffff, statsUid=-1
01-10 20:42:56.734 19767 19767 I oplus.android.OplusFrameworkFactoryImpl: get feature:IOplusDynamicVsyncFeature
01-10 20:42:56.734 19767 19767 I oplus.android.OplusFrameworkFactoryImpl: get feature:IOplusDynamicVsyncFeature
01-10 20:42:56.734 19767 19767 I oplus.android.OplusFrameworkFactoryImpl: get feature:IOplusDynamicVsyncFeature
01-10 20:42:56.735 19767 19767 I oplus.android.OplusFrameworkFactoryImpl: get feature:IOplusDynamicVsyncFeature
01-10 20:42:56.735 19767 19767 I oplus.android.OplusFrameworkFactoryImpl: get feature:IOplusDynamicVsyncFeature
01-10 20:42:56.735 19767 19767 I oplus.android.OplusFrameworkFactoryImpl: get feature:IOplusDynamicVsyncFeature
01-10 20:42:56.736 19767 19767 I oplus.android.OplusFrameworkFactoryImpl: get feature:IOplusDynamicVsyncFeature
01-10 20:42:56.736 19767 19767 I oplus.android.OplusFrameworkFactoryImpl: get feature:IOplusDynamicVsyncFeature
01-10 20:42:56.736 19767 19767 I oplus.android.OplusFrameworkFactoryImpl: get feature:IOplusDynamicVsyncFeature
01-10 20:42:56.744 19972 19972 D nativeloader: Configuring clns-5 for other apk /data/app/~~WhCFEN1u3tgyHaAfULA4iA==/com.upgadata.up7723-SV6MNaVtCVDimK-Afmuflg==/ base.apk. target_sdk_version=28, uses_libraries=, library_path=/data/app/~~WhCFEN1u3tgyHaAfULA4iA==/com.upgadata.up7723- SV6MNaVtCVDimK-Afmuflg==/lib/arm64:/data/app/~~WhCFEN1u3tgyHaAfULA4iA==/ com.upgadata.up7723-SV6MNaVtCVDimK-Afmuflg==/base.apk!/lib/arm64-v8a, permitted_path=/data:/mnt/expand:/data/user/0/com.upgadata.up7723
01-10 20:42:56.744 19972 19972 D nativeloader: Extending system_exposed_libraries: libbinauralrenderer_wrapper.qti.so:libhoaeffects.qti.so:libSloganJni.oplus.so:libsu perNight.oplus.so:libAPSClient-cmd-jni- extension.oplus.so:libupdateprof.qti.so:libQOC.qti.so:libthermalclient.qti.so:libqa pe.qti.so:libqesdk_ndk_platform.qti.so:liblistenjni.qti.so
01-10 20:42:56.759 19767 19925 I System.out: [OkHttp] sendRequest>>
01-10 20:42:56.759 19767 19925 I System.out: [OkHttp] sendRequest<<
01-10 20:42:56.763 19972 19972 V GraphicsEnvironment: Currently set values for:
01-10 20:42:56.763 19972 19972 V GraphicsEnvironment: angle_gl_driver_selection_pkgs=[]
01-10 20:42:56.763 19972 19972 V GraphicsEnvironment: angle_gl_driver_selection_values=[]
01-10 20:42:56.766 19972 19972 V GraphicsEnvironment: ANGLE GameManagerService for com.upgadata.up7723: false
01-10 20:42:56.766 19972 19972 V GraphicsEnvironment: com.upgadata.up7723 is not listed in per-application setting
01-10 20:42:56.766 19972 19972 V GraphicsEnvironment: App is not on the allowlist for updatable production driver.
01-10 20:42:56.766 19767 19767 I oplus.android.OplusFrameworkFactoryImpl: get feature:IOplusDynamicVsyncFeature
01-10 20:42:56.766 19767 19767 I oplus.android.OplusFrameworkFactoryImpl: get feature:IOplusDynamicVsyncFeature
01-10 20:42:56.766 19767 19767 I oplus.android.OplusFrameworkFactoryImpl: get feature:IOplusDynamicVsyncFeature
01-10 20:42:56.767 19767 19767 I oplus.android.OplusFrameworkFactoryImpl: get feature:IOplusDynamicVsyncFeature
01-10 20:42:56.767 19767 19767 I oplus.android.OplusFrameworkFactoryImpl: get feature:IOplusDynamicVsyncFeature
01-10 20:42:56.767 19767 19767 I oplus.android.OplusFrameworkFactoryImpl: get feature:IOplusDynamicVsyncFeature
01-10 20:42:56.767 19767 19767 I oplus.android.OplusFrameworkFactoryImpl: get feature:IOplusDynamicVsyncFeature
01-10 20:42:56.767 19767 19767 I oplus.android.OplusFrameworkFactoryImpl: get feature:IOplusDynamicVsyncFeature
01-10 20:42:56.767 19767 19767 I oplus.android.OplusFrameworkFactoryImpl: get feature:IOplusDynamicVsyncFeature
01-10 20:42:56.782 19767 19767 D ViewRootImplExtImpl: wrapConfigInfoIntoFlags rotation=0, smallestScreenWidthDp=360, relayoutAsync=false, newFlags=23592960, title=com.upgadata.up7723/com.upgadata.up7723.main.activity.HomeActivity
01-10 20:42:56.788 19767 19767 D VRI[HomeActivity]: relayoutWindow result, sizeChanged:true, surfaceControlChanged:true, transformHintChanged:true, mSurfaceSize:Point(1080, 2412), mLastSurfaceSize:Point(0, 0), mWidth:-1, mHeight:- 1, requestedWidth:1080, requestedHeight:2412, transformHint:0, lastTransformHint:- 2147483648, installOrientation:0, displayRotation:0, isSurfaceValid:true, attr.flag:-2122252032, useBlast:true, tmpFrames:ClientWindowFrames{frame=[0,0] [1080,2412] display=[0,0][1080,2412] parentFrame=[0,0][0,0]}
01-10 20:42:56.789 19767 19767 W VRI[HomeActivity]: updateBlastSurfaceIfNeeded, surfaceSize:Point(1080, 2412), lastSurfaceSize:Point(0, 0), format:-2, blastBufferQueue:null
01-10 20:42:56.789 19767 19767 D BufferQueueConsumer: [](id:4d3700000001,api:0,p:- 1,c:19767) connect: controlledByApp=false
01-10 20:42:56.791 19767 19823 D BufferQueueProducer: [VRI[HomeActivity]#1(BLAST Consumer)1](id:4d3700000001,api:1,p:19767,c:19767) connect: api=1 producerControlledByApp=true
01-10 20:42:56.791 19767 19823 E OpenGLRenderer: Unable to match the desired swap behavior.
01-10 20:42:56.815 19972 19972 D ResourcesManagerExtImpl: applyConfigurationToAppResourcesLocked app.getDisplayId() return callback.displayId:-1
01-10 20:42:56.818 19767 20030 E upgadata.up7723: Invalid resource ID 0x00000000.
01-10 20:42:56.819 19767 20030 E upgadata.up7723: Invalid resource ID 0x00000000.
01-10 20:42:56.819 19767 20030 E upgadata.up7723: Invalid resource ID 0x00000000.
01-10 20:42:56.819 19767 20030 E upgadata.up7723: Invalid resource ID 0x00000000.
01-10 20:42:56.820 19767 20030 E upgadata.up7723: Invalid resource ID 0x00000000.
01-10 20:42:56.820 19767 20030 E upgadata.up7723: Invalid resource ID 0x00000000.
01-10 20:42:56.820 19767 20030 E upgadata.up7723: Invalid resource ID 0x00000000.
01-10 20:42:56.820 19767 20030 E upgadata.up7723: Invalid resource ID 0x00000000.
01-10 20:42:56.821 19972 19972 I scanPackage: installPackageAsUserLocked systemReady scanPackage
01-10 20:42:56.821 19767 19839 I System.out: [OkHttp] sendRequest>>
01-10 20:42:56.822 19767 19839 I System.out: [OkHttp] sendRequest<<
01-10 20:42:56.838 19767 19876 D TrafficStats: tagSocket(199) with statsTag=0xffffffff, statsUid=-1
01-10 20:42:56.854 19972 19972 I MMKV : <native-bridge.cpp:101::JNI_OnLoad> current API level = 34
01-10 20:42:56.854 19972 19972 I MMKV : <MMKV.cpp:156::initialize> version v1.2.2 page size:4096
01-10 20:42:56.854 19972 19972 I MMKV : <MMKV.cpp:167::initialize> armv8 AES instructions is supported
01-10 20:42:56.854 19972 19972 I MMKV : <MMKV.cpp:175::initialize> armv8 CRC32 instructions is supported
01-10 20:42:56.854 19972 19972 I MMKV : <MMKV.cpp:198::initializeMMKV> root dir: /data/user/0/com.upgadata.up7723/files/mmkv
01-10 20:42:56.856 19767 20030 E upgadata.up7723: Invalid resource ID 0x00000000.
01-10 20:42:56.856 19767 20030 E upgadata.up7723: Invalid resource ID 0x00000000.
01-10 20:42:56.856 19767 20030 E upgadata.up7723: Invalid resource ID 0x00000000.
01-10 20:42:56.856 19767 20030 E upgadata.up7723: Invalid resource ID 0x00000000.
01-10 20:42:56.857 19767 20030 E upgadata.up7723: Invalid resource ID 0x00000000.
01-10 20:42:56.857 19767 20030 E upgadata.up7723: Invalid resource ID 0x00000000.
01-10 20:42:56.857 19767 20030 E upgadata.up7723: Invalid resource ID 0x00000000.
01-10 20:42:56.858 19767 20030 E upgadata.up7723: Invalid resource ID 0x00000000.
01-10 20:42:56.859 19767 20030 E upgadata.up7723: Invalid resource ID 0x00000000.
01-10 20:42:56.859 19767 20030 E upgadata.up7723: Invalid resource ID 0x00000000.
01-10 20:42:56.859 19767 20030 E upgadata.up7723: Invalid resource ID 0x00000000.
01-10 20:42:56.859 19767 20030 E upgadata.up7723: Invalid resource ID 0x00000000.
01-10 20:42:56.859 19972 20069 D CompatibilityChangeReporter: Compat change id reported: 149924527; UID 10609; state: ENABLED
01-10 20:42:56.859 19972 20069 D CompatibilityChangeReporter: Compat change id reported: 132649864; UID 10609; state: DISABLED
01-10 20:42:56.860 19972 19972 I scanPackage: installPackageAsUserLocked systemReady scanPackage
01-10 20:42:56.863 19767 20030 E upgadata.up7723: Invalid resource ID 0x00000000.
01-10 20:42:56.863 19767 20030 E upgadata.up7723: Invalid resource ID 0x00000000.
01-10 20:42:56.863 19767 20030 E upgadata.up7723: Invalid resource ID 0x00000000.
01-10 20:42:56.863 19767 20030 E upgadata.up7723: Invalid resource ID 0x00000000.
01-10 20:42:56.865 19767 20030 E upgadata.up7723: Invalid resource ID 0x00000000.
01-10 20:42:56.865 19767 20030 E upgadata.up7723: Invalid resource ID 0x00000000.
01-10 20:42:56.865 19767 20030 E upgadata.up7723: Invalid resource ID 0x00000000.
01-10 20:42:56.865 19767 20030 E upgadata.up7723: Invalid resource ID 0x00000000.
01-10 20:42:56.867 19767 19988 D UxIconPackageManagerExt: UxIcon checkChooseIconsRootPath false
01-10 20:42:56.869 19767 20030 E upgadata.up7723: Invalid resource ID 0x00000000.
01-10 20:42:56.869 19767 20030 E upgadata.up7723: Invalid resource ID 0x00000000.
01-10 20:42:56.869 19767 20030 E upgadata.up7723: Invalid resource ID 0x00000000.
01-10 20:42:56.869 19767 20030 E upgadata.up7723: Invalid resource ID 0x00000000.
01-10 20:42:56.870 19767 20030 E upgadata.up7723: Invalid resource ID 0x00000000.
01-10 20:42:56.870 19767 20030 E upgadata.up7723: Invalid resource ID 0x00000000.
01-10 20:42:56.870 19767 20030 E upgadata.up7723: Invalid resource ID 0x00000000.
01-10 20:42:56.870 19767 20030 E upgadata.up7723: Invalid resource ID 0x00000000.
01-10 20:42:56.873 19767 19767 I SurfaceControl: setExtendedRangeBrightness sc=Surface(name=com.upgadata.up7723/com.upgadata.up7723.main.activity.HomeActivity) /@0x6b2ffe4,currentBufferRatio=1.0,desiredRatio=1.0
01-10 20:42:56.873 19767 20030 E upgadata.up7723: Invalid resource ID 0x00000000.
01-10 20:42:56.873 19767 20030 E upgadata.up7723: Invalid resource ID 0x00000000.
01-10 20:42:56.873 19767 20030 E upgadata.up7723: Invalid resource ID 0x00000000.
01-10 20:42:56.874 19767 20030 E upgadata.up7723: Invalid resource ID 0x00000000.
01-10 20:42:56.881 19972 20069 I oplus.android.OplusFrameworkFactoryImpl: Unknow feature:IOplusTextViewRTLUtilForUG
01-10 20:42:56.887 19972 20069 E OplusCustomizeRestrictionManager: sInstance is null, start a new sInstance
01-10 20:42:56.891 19972 20069 D CompatibilityChangeReporter: Compat change id reported: 210923482; UID 10609; state: DISABLED
01-10 20:42:56.891 19972 20069 D CompatibilityChangeReporter: Compat change id reported: 37756858; UID 10609; state: ENABLED
01-10 20:42:56.893 19972 20069 D CompatibilityChangeReporter: Compat change id reported: 147798919; UID 10609; state: DISABLED
01-10 20:42:56.896 19767 19988 D UxIconPackageManagerExt: UxIcon checkChooseIconsRootPath false
01-10 20:42:56.903 19767 19839 I System.out: [okhttp]:check permission begin!
01-10 20:42:56.903 19767 19839 I System.out: [okhttp]:not MMS!
01-10 20:42:56.903 19767 19839 I System.out: [okhttp]:not Email!
01-10 20:42:56.903 19767 19839 D TrafficStats: tagSocket(141) with statsTag=0xffffffff, statsUid=-1
01-10 20:42:56.910 19972 20069 W System.err: java.lang.NoSuchFieldException: No field mHiddenApiWarningShown in class Landroid/app/ActivityThread; (declaration of 'android.app.ActivityThread' appears in /system/framework/framework.jar)
01-10 20:42:56.910 19972 20069 W System.err: at java.lang.Class.getDeclaredField(Native Method)
01-10 20:42:56.910 19972 20069 W System.err: at com.upgadata.up7723.MyApplication.closeAndroidPDialog(MyApplication.java:9)
01-10 20:42:56.910 19972 20069 W System.err: at com.upgadata.up7723.MyApplication.init(MyApplication.java:10)
01-10 20:42:56.910 19972 20069 W System.err: at com.upgadata.up7723.MyApplication.access$000(MyApplication.java:1)
01-10 20:42:56.910 19972 20069 W System.err: at com.upgadata.up7723.MyApplication$a.run(MyApplication.java:2)
01-10 20:42:56.912 19767 19988 D UxIconPackageManagerExt: UxIcon checkChooseIconsRootPath false
01-10 20:42:56.918 19972 20088 D TrafficStats: tagSocket(86) with statsTag=0xffffffff, statsUid=-1
01-10 20:42:56.920 19972 20093 I DpmTcmClient: RegisterTcmMonitor from: $Proxy3
01-10 20:42:56.924 19972 20093 I System.out: [okhttp]:check permission begin!
01-10 20:42:56.924 19972 20093 W System : ClassLoader referenced unknown path: system/framework/mediatek-cta.jar
01-10 20:42:56.925 19972 20093 I System.out: [okhttp] e:java.lang.ClassNotFoundException: com.mediatek.cta.CtaUtils
01-10 20:42:56.925 19972 20093 D TrafficStats: tagSocket(87) with statsTag=0xffffffff, statsUid=-1
01-10 20:42:56.927 19972 20093 I System.out: [OkHttp] sendRequest>>
01-10 20:42:56.927 19972 20093 I System.out: [OkHttp] sendRequest<<
01-10 20:42:56.929 19972 20090 D TrafficStats: tagSocket(89) with statsTag=0xffffffff, statsUid=-1
01-10 20:42:56.930 19767 19988 D UxIconPackageManagerExt: UxIcon checkChooseIconsRootPath false
01-10 20:42:56.932 19972 20093 I Pinger : Ping response: `ping ok`, pinged? true
01-10 20:42:56.932 19972 20088 I HttpProxyCacheServer: Proxy cache server started. Is it alive? true
01-10 20:42:56.940 19972 20099 D TrafficStats: tagSocket(87) with statsTag=0xffffffff, statsUid=-1
01-10 20:42:56.943 19972 20069 I eup : register native abi method success
01-10 20:42:56.947 19767 19988 D UxIconPackageManagerExt: UxIcon checkChooseIconsRootPath false
01-10 20:42:56.960 19767 19988 D UxIconPackageManagerExt: UxIcon checkChooseIconsRootPath false
01-10 20:42:56.969 19972 20069 W crashsdk: Set: Unknown key 38
01-10 20:42:56.969 19972 20069 W crashsdk: Set: Unknown key 39
01-10 20:42:56.970 19972 19972 I crashsdk: Catcher mask: 5000, 20480
01-10 20:42:56.971 19972 19972 I crashsdk: Catcher thread 19978
01-10 20:42:56.971 19972 19972 D crashsdk: Register ANR handler ...
01-10 20:42:56.971 19972 20125 D crashsdk: Native log stat thread 20125 setup, waiting
01-10 20:42:56.973 19972 20069 I crashsdk: begin hack android.os.Process
01-10 20:42:56.973 19972 20069 I crashsdk: end hack android.os.Process
01-10 20:42:56.973 19972 20069 I crashsdk: LibcMalloc detail: disabled.
01-10 20:42:56.974 19767 19988 D UxIconPackageManagerExt: UxIcon checkChooseIconsRootPath false
01-10 20:42:56.976 19767 19823 D BLASTBufferQueue: [VRI[HomeActivity]#1](f:0,a:1) acquireNextBufferLocked size=1080x2412 mFrameNumber=1 applyTransaction=true mTimestamp=1745948634437721(auto) mPendingTransactions.size=0 graphicBufferId=84898618540039 transform=0
01-10 20:42:56.976 19767 19823 D VRI[HomeActivity]: Received frameCommittedCallback lastAttemptedDrawFrameNum=1 didProduceBuffer=true syncBuffer=false
01-10 20:42:56.976 19767 19767 D VRI[HomeActivity]: draw finished.
01-10 20:42:56.976 19767 19767 D VRI[HomeActivity]: reportDrawFinished
01-10 20:42:56.976 19767 19767 D ViewRootImplExtImpl: setMaxDequeuedBufferCount: 2
01-10 20:42:56.977 19767 19767 I Choreographer: Skipped 31 frames! The application may be doing too much work on its main thread.
01-10 20:42:56.977 19767 19767 I Quality : Skipped: false 31 cost 265.61334 refreshRate 8326549 bit true processName com.upgadata.up7723
01-10 20:42:56.978 19767 19767 D ViewRootImplExtImpl: wrapConfigInfoIntoFlags rotation=0, smallestScreenWidthDp=360, relayoutAsync=true, newFlags=23592960, title=com.upgadata.up7723/com.upgadata.up7723.main.activity.HomeActivity
01-10 20:42:56.979 19767 19767 D VRI[HomeActivity]: relayoutWindow result, sizeChanged:false, surfaceControlChanged:false, transformHintChanged:false, mSurfaceSize:Point(1080, 2412), mLastSurfaceSize:Point(1080, 2412), mWidth:1080, mHeight:2412, requestedWidth:1080, requestedHeight:2412, transformHint:0, lastTransformHint:0, installOrientation:0, displayRotation:0, isSurfaceValid:true, attr.flag:-2122252032, useBlast:true, tmpFrames:ClientWindowFrames{frame=[0,0] [1080,2412] display=[0,0][1080,2412] parentFrame=[0,0][1080,2412]}
01-10 20:42:56.979 19767 19767 W VRI[HomeActivity]: updateBlastSurfaceIfNeeded, surfaceSize:Point(1080, 2412), lastSurfaceSize:Point(1080, 2412), format:-2, blastBufferQueue:android.graphics.BLASTBufferQueue@9a953dc
01-10 20:42:56.979 19767 19767 I SurfaceControl: setExtendedRangeBrightness sc=Surface(name=com.upgadata.up7723/com.upgadata.up7723.main.activity.HomeActivity) /@0x6b2ffe4,currentBufferRatio=1.0,desiredRatio=1.0
01-10 20:42:56.980 19972 20130 E ta.up7723:black: Invalid resource ID 0x00000000.
01-10 20:42:56.982 19972 20130 E ta.up7723:black: Invalid resource ID 0x00000000.
01-10 20:42:56.983 19767 19767 W VRI[HomeActivity]: handleResized, msg:5, frameChanged:false, configChanged:false, displayChanged:false, attachedFrameChanged:false, compatScaleChanged:false, pendingDragResizing=false
01-10 20:42:56.995 19767 19782 D VRI[SplashActivity]: dispatchAppVisibility visible:false
01-10 20:42:57.001 19767 19988 D UxIconPackageManagerExt: UxIcon checkChooseIconsRootPath false
01-10 20:42:57.015 19767 19839 I System.out: [OkHttp] sendRequest>>
01-10 20:42:57.015 19767 19839 I System.out: [OkHttp] sendRequest<<
01-10 20:42:57.021 19767 19767 I Quality : Skipped: false 5 cost 43.033024 refreshRate 8327018 bit true processName com.upgadata.up7723
01-10 20:42:57.024 19767 19820 D WindowManager: Add to mViews: android.widget.TextView{697c1c5 V.ED..... ......ID 0,0-0,0 #102000b android:id/message viewInfo = },pkg= com.upgadata.up7723
01-10 20:42:57.030 19767 19823 D VRI[HomeActivity]: Received frameCommittedCallback lastAttemptedDrawFrameNum=3 didProduceBuffer=true syncBuffer=false
01-10 20:42:57.030 19767 19767 D VRI[HomeActivity]: draw finished.
01-10 20:42:57.030 19767 19767 D VRI[HomeActivity]: reportDrawFinished
01-10 20:42:57.031 19767 19988 D UxIconPackageManagerExt: UxIcon checkChooseIconsRootPath false
01-10 20:42:57.036 19767 19988 D UxIconPackageManagerExt: UxIcon checkChooseIconsRootPath false
01-10 20:42:57.036 19972 20139 I WebViewFactory: Loading com.google.android.webview version 117.0.5938.60 (code 593806033)
01-10 20:42:57.040 19767 19820 D InputEventReceiver: Input log is disabled in InputEventReceiver.
01-10 20:42:57.043 19972 20139 W ziparchive: Unable to open '/my_bigball/app/TrichromeLibrary64CN/TrichromeLibrary64CN.dm': No such file or directory
01-10 20:42:57.044 19972 20139 W ziparchive: Unable to open '/my_bigball/app/TrichromeLibrary64CN/TrichromeLibrary64CN.dm': No such file or directory
01-10 20:42:57.044 19972 20139 W ta.up7723:black: Entry not found
01-10 20:42:57.045 19972 20139 D nativeloader: Configuring clns-6 for other apk /my_bigball/app/TrichromeLibrary64CN/TrichromeLibrary64CN.apk. target_sdk_version=34, uses_libraries=ALL, library_path=/my_bigball/app/WebViewGoogle64CN/lib/arm64:/my_bigball/app/ WebViewGoogle64CN/WebViewGoogle64CN.apk!/lib/arm64-v8a:/my_bigball/app/ TrichromeLibrary64CN/TrichromeLibrary64CN.apk!/lib/arm64-v8a, permitted_path=/data:/mnt/expand
01-10 20:42:57.045 19972 20139 D nativeloader: Extending system_exposed_libraries: libbinauralrenderer_wrapper.qti.so:libhoaeffects.qti.so:libSloganJni.oplus.so:libsu perNight.oplus.so:libAPSClient-cmd-jni- extension.oplus.so:libupdateprof.qti.so:libQOC.qti.so:libthermalclient.qti.so:libqa pe.qti.so:libqesdk_ndk_platform.qti.so:liblistenjni.qti.so
01-10 20:42:57.045 19767 19767 D VRI[SplashActivity]: setWindowStopped stopped:true
01-10 20:42:57.046 19767 19820 E OplusBracketLog: [OplusViewMirrorManager] updateHostViewRootIfNeeded, not support android.view.ViewRootImpl@554551f
01-10 20:42:57.049 19767 19767 D OplusScrollToTopManager: com.upgadata.up7723/com.upgadata.up7723.main.activity.SplashActivity,window dying
01-10 20:42:57.049 19767 19767 D OplusScrollToTopManager: com.upgadata.up7723/com.upgadata.up7723.main.activity.SplashActivity,unregisterSyst emUIBroadcastReceiver
01-10 20:42:57.049 19767 19767 D OplusScrollToTopManager: com.upgadata.up7723/com.upgadata.up7723.main.activity.SplashActivity, unregisterSystemUIBroadcastReceiver failed java.lang.IllegalArgumentException: Receiver not registered: android.view.OplusScrollToTopManager$2@8329758
01-10 20:42:57.049 19767 19767 W WindowOnBackDispatcher: sendCancelIfRunning: isInProgress=falsecallback=android.view.ViewRootImpl$ $ExternalSyntheticLambda17@10a4a63
01-10 20:42:57.051 19767 19767 D OpenGLRenderer: RenderProxy::destroy: this=0x7b137a4880, mContext=0x7b1a1be580
01-10 20:42:57.051 19767 19823 D OpenGLRenderer: SkiaOpenGLPipeline::setSurface: this=0x7b1a0ac680, surface=NULL
01-10 20:42:57.051 19767 19823 D BufferQueueProducer: [VRI[SplashActivity]#0(BLAST Consumer)0](id:4d3700000000,api:1,p:19767,c:19767) disconnect: api 1
01-10 20:42:57.051 19767 19823 D BLASTBufferQueue: [VRI[SplashActivity]#0](f:0,a:1) destructor()
01-10 20:42:57.051 19767 19823 D BufferQueueConsumer: [VRI[SplashActivity]#0(BLAST Consumer)0](id:4d3700000000,api:0,p:-1,c:19767) disconnect
01-10 20:42:57.058 19767 19820 D BufferQueueConsumer: [](id:4d3700000002,api:0,p:- 1,c:19767) connect: controlledByApp=false
01-10 20:42:57.060 19972 20139 D nativeloader: Configuring clns-7 for other apk /my_bigball/app/WebViewGoogle64CN/WebViewGoogle64CN.apk. target_sdk_version=34, uses_libraries=, library_path=/my_bigball/app/WebViewGoogle64CN/lib/arm64:/my_bigball/app/ WebViewGoogle64CN/WebViewGoogle64CN.apk!/lib/arm64-v8a:/my_bigball/app/ TrichromeLibrary64CN/TrichromeLibrary64CN.apk!/lib/arm64-v8a, permitted_path=/data:/mnt/expand
01-10 20:42:57.064 19767 19823 D BufferQueueProducer: [VRI[Toast]#2(BLAST Consumer)2](id:4d3700000002,api:1,p:19767,c:19767) connect: api=1 producerControlledByApp=true
01-10 20:42:57.064 19767 19823 E OpenGLRenderer: Unable to match the desired swap behavior.
01-10 20:42:57.069 19767 19767 D ConnectivityManager: getMobileDataEnabled()+ subId=2
01-10 20:42:57.072 19767 19767 D ConnectivityManager: getMobileDataEnabled()- subId=2 retVal=true
01-10 20:42:57.072 19767 19767 I Quality : Skipped: true 5 cost 44.269386 refreshRate 8327305 bit true processName com.upgadata.up7723
01-10 20:42:57.073 19767 20143 I System.out: [okhttp]:check permission begin!
01-10 20:42:57.073 19767 20143 I System.out: [okhttp]:not MMS!
01-10 20:42:57.073 19767 20143 I System.out: [okhttp]:not Email!
01-10 20:42:57.077 19767 19988 D UxIconPackageManagerExt: UxIcon checkChooseIconsRootPath false
01-10 20:42:57.083 19767 19820 I SurfaceControl: setExtendedRangeBrightness sc=Surface(name=Toast)/@0xd06ca7a,currentBufferRatio=1.0,desiredRatio=1.0
01-10 20:42:57.092 19767 19823 D BLASTBufferQueue: [VRI[Toast]#2](f:0,a:1) acquireNextBufferLocked size=344x87 mFrameNumber=1 applyTransaction=true mTimestamp=1745948750403137(auto) mPendingTransactions.size=0 graphicBufferId=84898618540043 transform=0
01-10 20:42:57.092 19767 19823 D VRI[Toast]: Received frameCommittedCallback lastAttemptedDrawFrameNum=1 didProduceBuffer=true syncBuffer=false
01-10 20:42:57.092 19767 19820 D VRI[Toast]: draw finished.
01-10 20:42:57.092 19767 19820 D VRI[Toast]: reportDrawFinished
01-10 20:42:57.092 19767 19820 D ViewRootImplExtImpl: setMaxDequeuedBufferCount: 2
01-10 20:42:57.095 19767 19988 D UxIconPackageManagerExt: UxIcon checkChooseIconsRootPath false
01-10 20:42:57.096 19767 19823 D VRI[Toast]: Received frameCommittedCallback lastAttemptedDrawFrameNum=2 didProduceBuffer=true syncBuffer=false
01-10 20:42:57.098 19767 19820 D VRI[Toast]: draw finished.
01-10 20:42:57.098 19767 19820 D VRI[Toast]: reportDrawFinished
