01-10 20:43:01.523 19767 19767 I oplus.android.OplusFrameworkFactoryImpl: get feature:IOplusDynamicVsyncFeature
01-10 20:43:01.523 19767 19767 I oplus.android.OplusFrameworkFactoryImpl: get feature:IOplusDynamicVsyncFeature
01-10 20:43:01.523 19767 19767 I oplus.android.OplusFrameworkFactoryImpl: get feature:IOplusDynamicVsyncFeature
01-10 20:43:01.523 19767 19767 I oplus.android.OplusFrameworkFactoryImpl: get feature:IOplusDynamicVsyncFeature
01-10 20:43:01.527 19767 20030 E upgadata.up7723: Invalid resource ID 0x00000000.
01-10 20:43:01.527 19767 20030 E upgadata.up7723: Invalid resource ID 0x00000000.
01-10 20:43:01.527 19767 20030 E upgadata.up7723: Invalid resource ID 0x00000000.
01-10 20:43:01.527 19767 20030 E upgadata.up7723: Invalid resource ID 0x00000000.
01-10 20:43:01.528 19767 20030 E upgadata.up7723: Invalid resource ID 0x00000000.
01-10 20:43:01.528 19767 20030 E upgadata.up7723: Invalid resource ID 0x00000000.
01-10 20:43:01.528 19767 20030 E upgadata.up7723: Invalid resource ID 0x00000000.
01-10 20:43:01.528 19767 20030 E upgadata.up7723: Invalid resource ID 0x00000000.
01-10 20:43:01.530 19767 20030 E upgadata.up7723: Invalid resource ID 0x00000000.
01-10 20:43:01.530 19767 20030 E upgadata.up7723: Invalid resource ID 0x00000000.
01-10 20:43:01.530 19767 20030 E upgadata.up7723: Invalid resource ID 0x00000000.
01-10 20:43:01.530 19767 20030 E upgadata.up7723: Invalid resource ID 0x00000000.
01-10 20:43:01.543 19767 20030 E upgadata.up7723: Invalid resource ID 0x00000000.
01-10 20:43:01.543 19767 20030 E upgadata.up7723: Invalid resource ID 0x00000000.
01-10 20:43:01.543 19767 20030 E upgadata.up7723: Invalid resource ID 0x00000000.
01-10 20:43:01.543 19767 20030 E upgadata.up7723: Invalid resource ID 0x00000000.
01-10 20:43:01.544 19767 20030 E upgadata.up7723: Invalid resource ID 0x00000000.
01-10 20:43:01.544 19767 20030 E upgadata.up7723: Invalid resource ID 0x00000000.
01-10 20:43:01.544 19767 20030 E upgadata.up7723: Invalid resource ID 0x00000000.
01-10 20:43:01.544 19767 20030 E upgadata.up7723: Invalid resource ID 0x00000000.
01-10 20:43:01.548 19767 20030 E upgadata.up7723: Invalid resource ID 0x00000000.
01-10 20:43:01.549 19767 20030 E upgadata.up7723: Invalid resource ID 0x00000000.
01-10 20:43:01.549 19767 20030 E upgadata.up7723: Invalid resource ID 0x00000000.
01-10 20:43:01.549 19767 20030 E upgadata.up7723: Invalid resource ID 0x00000000.
01-10 20:43:01.555 19767 19777 I upgadata.up7723: _Desupression native alloc gc_urgency: 70466 native bytes: 71002962
01-10 20:43:01.575 19767 19823 D VRI[GameSearchActivity]: Received frameCommittedCallback lastAttemptedDrawFrameNum=2 didProduceBuffer=true syncBuffer=false
01-10 20:43:01.575 19767 19767 D VRI[GameSearchActivity]: draw finished.
01-10 20:43:01.575 19767 19767 D VRI[GameSearchActivity]: reportDrawFinished
01-10 20:43:01.585 19767 19767 I Quality : Skipped: false 7 cost 60.130344 refreshRate 8326184 bit true processName com.upgadata.up7723
01-10 20:43:01.598 19767 19767 D UxIconPackageManagerExt: UxIcon checkChooseIconsRootPath false
01-10 20:43:01.600 19767 19767 D UxIconPackageManagerExt: UxIcon checkChooseIconsRootPath false
01-10 20:43:01.603 19767 19767 D UxIconPackageManagerExt: UxIcon checkChooseIconsRootPath false
01-10 20:43:01.612 19767 19767 I Quality : Skipped: false 1 cost 12.521474 refreshRate 8325735 bit true processName com.upgadata.up7723
01-10 20:43:01.650 19767 19823 D OpenGLRenderer: SkiaOpenGLPipeline::setSurface: this=0x7a9272ce80, surface=NULL
01-10 20:43:01.701 19767 19767 D AutofillManager: view not autofillable - not passing ime action check
01-10 20:43:01.702 19767 19767 I ImeTracker: com.upgadata.up7723:be3570d6: onRequestShow at ORIGIN_CLIENT_SHOW_SOFT_INPUT reason SHOW_SOFT_INPUT
01-10 20:43:01.704 19767 20426 D UxIconPackageManagerExt: UxIcon checkChooseIconsRootPath false
01-10 20:43:01.706 19767 19767 D CompatibilityChangeReporter: Compat change id reported: 163400105; UID 10609; state: DISABLED
01-10 20:43:01.706 19767 19767 D InputMethodManager: showSoftInput() view=androidx.appcompat.widget.AppCompatEditText{61921df VFED..CL. .F....ID 78,0- 804,96 #7f0a04ec app:id/gameSearch_titlebar_edit_msg aid=1073741824 viewInfo = } flags=0 reason=SHOW_SOFT_INPUT
01-10 20:43:01.708 19767 20426 D UxIconPackageManagerExt: UxIcon checkChooseIconsRootPath false
01-10 20:43:01.711 19767 20426 D UxIconPackageManagerExt: UxIcon checkChooseIconsRootPath false
01-10 20:43:01.715 19767 19767 D OplusCursorFeedback: getExtraCursorWidth
01-10 20:43:01.715 19767 19767 D OplusCursorFeedback: getExtraLeftOffset
01-10 20:43:01.717 19767 20426 D UxIconPackageManagerExt: UxIcon checkChooseIconsRootPath false
01-10 20:43:01.725 19767 20426 D UxIconPackageManagerExt: UxIcon checkChooseIconsRootPath false
01-10 20:43:01.744 19767 19767 W VRI[HomeActivity]: handleResized abandoned!
01-10 20:43:01.746 19767 19767 W VRI[GameSearchActivity]: handleResized abandoned!
01-10 20:43:01.784 19767 19767 D InsetsController: show(ime(), fromIme=true)
01-10 20:43:01.794 19767 19767 D OplusCursorFeedback: getExtraCursorWidth
01-10 20:43:01.794 19767 19767 D OplusCursorFeedback: getExtraLeftOffset
01-10 20:43:01.803 19767 19767 W VRI[HomeActivity]: handleResized abandoned!
01-10 20:43:01.803 19767 19767 W VRI[GameSearchActivity]: handleResized abandoned!
01-10 20:43:02.004 19767 19767 I ImeTracker: com.upgadata.up7723:be3570d6: onShown
01-10 20:43:02.073 19767 20072 D TrafficStats: tagSocket(95) with statsTag=0xffffffff, statsUid=-1
01-10 20:43:02.076 19767 20070 D TrafficStats: tagSocket(233) with statsTag=0xffffffff, statsUid=-1
01-10 20:43:02.078 19767 20078 D TrafficStats: tagSocket(239) with statsTag=0xffffffff, statsUid=-1
01-10 20:43:02.078 19767 20040 D TrafficStats: tagSocket(240) with statsTag=0xffffffff, statsUid=-1
01-10 20:43:02.080 19767 19914 I System.out: [OkHttp] sendRequest>>
01-10 20:43:02.080 19767 20039 D TrafficStats: tagSocket(214) with statsTag=0xffffffff, statsUid=-1
01-10 20:43:02.080 19767 19914 I System.out: [OkHttp] sendRequest<<
01-10 20:43:02.241 19767 20065 D TrafficStats: tagSocket(221) with statsTag=0xffffffff, statsUid=-1
01-10 20:43:02.242 19767 20078 D TrafficStats: tagSocket(301) with statsTag=0xffffffff, statsUid=-1
01-10 20:43:02.249 19767 20070 D TrafficStats: tagSocket(248) with statsTag=0xffffffff, statsUid=-1
01-10 20:43:02.392 19767 20072 D TrafficStats: tagSocket(297) with statsTag=0xffffffff, statsUid=-1
01-10 20:43:02.501 19767 19893 D OplusScrollToTopManager: com.upgadata.up7723/com.upgadata.up7723.main.activity.HomeActivity,This DecorView@c36c504[HomeActivity] change focus to false
01-10 20:43:02.501 19767 19893 D OplusScrollToTopManager: com.upgadata.up7723/com.upgadata.up7723.main.activity.HomeActivity,unregisterSystem UIBroadcastReceiver
01-10 20:43:02.522 19767 20072 D TrafficStats: tagSocket(126) with statsTag=0xffffffff, statsUid=-1
01-10 20:43:02.580 19767 19893 D OplusScrollToTopManager: com.upgadata.up7723/com.upgadata.up7723.game.GameSearchActivity,This DecorView@b9b97ed[GameSearchActivity] change focus to true
01-10 20:43:02.580 19767 19893 D OplusScrollToTopManager: com.upgadata.up7723/com.upgadata.up7723.game.GameSearchActivity,registerSystemUIBro adcastReceiver
01-10 20:43:02.953 19767 20030 E upgadata.up7723: Invalid resource ID 0x00000000.
01-10 20:43:02.953 19767 20030 E upgadata.up7723: Invalid resource ID 0x00000000.
01-10 20:43:02.953 19767 20030 E upgadata.up7723: Invalid resource ID 0x00000000.
01-10 20:43:02.953 19767 20030 E upgadata.up7723: Invalid resource ID 0x00000000.
01-10 20:43:02.953 19767 20030 E upgadata.up7723: Invalid resource ID 0x00000000.
01-10 20:43:02.953 19767 20030 E upgadata.up7723: Invalid resource ID 0x00000000.
01-10 20:43:02.953 19767 20030 E upgadata.up7723: Invalid resource ID 0x00000000.
01-10 20:43:02.954 19767 20030 E upgadata.up7723: Invalid resource ID 0x00000000.
01-10 20:43:02.956 19767 20030 E upgadata.up7723: Invalid resource ID 0x00000000.
01-10 20:43:02.956 19767 20030 E upgadata.up7723: Invalid resource ID 0x00000000.
01-10 20:43:02.956 19767 20030 E upgadata.up7723: Invalid resource ID 0x00000000.
01-10 20:43:02.956 19767 20030 E upgadata.up7723: Invalid resource ID 0x00000000.
01-10 20:43:02.956 19767 20030 E upgadata.up7723: Invalid resource ID 0x00000000.
01-10 20:43:02.956 19767 20030 E upgadata.up7723: Invalid resource ID 0x00000000.
01-10 20:43:02.957 19767 20030 E upgadata.up7723: Invalid resource ID 0x00000000.
01-10 20:43:02.957 19767 20030 E upgadata.up7723: Invalid resource ID 0x00000000.
01-10 20:43:02.957 19767 19767 I oplus.android.OplusFrameworkFactoryImpl: get feature:IOplusDynamicVsyncFeature
01-10 20:43:02.957 19767 19767 I oplus.android.OplusFrameworkFactoryImpl: get feature:IOplusDynamicVsyncFeature
01-10 20:43:02.957 19767 19767 I oplus.android.OplusFrameworkFactoryImpl: get feature:IOplusDynamicVsyncFeature
01-10 20:43:02.957 19767 19767 D OplusViewDebugManager: OplusViewDebugManager Constructor android.view.debug.OplusViewDebugManager@901b72c [mHasViewDebugProperty true] [mHasMsgDebugProperty false] [DEBUG false] [EXTRAINFOENABLE false] [LIGHT_OS false]
01-10 20:43:02.957 19767 19767 D OplusViewDebugManager: OplusViewDebugManager Constructor android.view.debug.OplusViewDebugManager@39295f5 [mHasViewDebugProperty true] [mHasMsgDebugProperty false] [DEBUG false] [EXTRAINFOENABLE false] [LIGHT_OS false]
01-10 20:43:02.977 19767 20030 E upgadata.up7723: Invalid resource ID 0x00000000.
01-10 20:43:02.977 19767 20030 E upgadata.up7723: Invalid resource ID 0x00000000.
01-10 20:43:02.977 19767 20030 E upgadata.up7723: Invalid resource ID 0x00000000.
01-10 20:43:02.977 19767 20030 E upgadata.up7723: Invalid resource ID 0x00000000.
01-10 20:43:05.035 19767 19767 I Quality : Skipped: false 1 cost 13.43348 refreshRate 8328019 bit true processName com.upgadata.up7723
01-10 20:43:05.037 19767 19767 D OplusCursorFeedback: getExtraCursorWidth
01-10 20:43:05.037 19767 19767 D OplusCursorFeedback: getExtraLeftOffset
01-10 20:43:05.099 19767 19994 D TrafficStats: tagSocket(96) with statsTag=0xffffffff, statsUid=-1
01-10 20:43:05.300 19767 20044 D TrafficStats: tagSocket(126) with statsTag=0xffffffff, statsUid=-1
01-10 20:43:05.349 19767 19767 I ImeTracker: com.upgadata.up7723:6a688190: onRequestHide at ORIGIN_CLIENT_HIDE_SOFT_INPUT reason HIDE_SOFT_INPUT
01-10 20:43:05.370 19767 19767 D OplusCursorFeedback: getExtraCursorWidth
01-10 20:43:05.370 19767 19767 D OplusCursorFeedback: getExtraLeftOffset
01-10 20:43:05.375 19767 19767 I oplus.android.OplusFrameworkFactoryImpl: get feature:IOplusDynamicVsyncFeature
01-10 20:43:05.375 19767 19767 I oplus.android.OplusFrameworkFactoryImpl: get feature:IOplusDynamicVsyncFeature
01-10 20:43:05.375 19767 19767 I oplus.android.OplusFrameworkFactoryImpl: get feature:IOplusDynamicVsyncFeature
01-10 20:43:05.384 19767 19767 W WindowOnBackDispatcher: sendCancelIfRunning: isInProgress=falsecallback=ImeCallback=ImeOnBackInvokedCallback@6540713 Callback=android.window.IOnBackInvokedCallback$Stub$Proxy@a246fd3
01-10 20:43:05.386 19767 19767 I Quality : Skipped: false 1 cost 13.583961 refreshRate 8329785 bit true processName com.upgadata.up7723
01-10 20:43:05.387 19767 19767 I oplus.android.OplusFrameworkFactoryImpl: get feature:IOplusDynamicVsyncFeature
01-10 20:43:05.387 19767 19767 I oplus.android.OplusFrameworkFactoryImpl: get feature:IOplusDynamicVsyncFeature
01-10 20:43:05.387 19767 19767 I oplus.android.OplusFrameworkFactoryImpl: get feature:IOplusDynamicVsyncFeature
01-10 20:43:05.416 19767 19767 W VRI[HomeActivity]: handleResized abandoned!
01-10 20:43:05.417 19767 19767 W VRI[GameSearchActivity]: handleResized abandoned!
01-10 20:43:05.418 19767 19767 I Quality : Skipped: false 2 cost 20.922201 refreshRate 8329806 bit true processName com.upgadata.up7723
01-10 20:43:05.585 19767 19767 I ImeTracker: com.upgadata.up7723:bf0e6978: onRequestHide at ORIGIN_CLIENT_HIDE_SOFT_INPUT reason HIDE_SOFT_INPUT_BY_INSETS_API
01-10 20:43:05.587 19767 19767 I ImeTracker: com.upgadata.up7723:6a688190: onHidden
01-10 20:43:05.698 19767 19777 I upgadata.up7723: Background young concurrent copying GC freed 224779(7141KB) AllocSpace objects, 124(6412KB) LOS objects, 36% free, 21MB/33MB, paused 11.116ms,30us total 212.010ms
01-10 20:43:06.117 19767 19767 W VRI[HomeActivity]: handleResized abandoned!
01-10 20:43:06.117 19767 19767 W VRI[GameSearchActivity]: handleResized abandoned!
01-10 20:43:06.451 19767 19767 I oplus.android.OplusFrameworkFactoryImpl: get feature:IOplusDynamicVsyncFeature
01-10 20:43:06.452 19767 19767 I oplus.android.OplusFrameworkFactoryImpl: get feature:IOplusDynamicVsyncFeature
01-10 20:43:06.452 19767 19767 I oplus.android.OplusFrameworkFactoryImpl: get feature:IOplusDynamicVsyncFeature
01-10 20:43:06.452 19767 19767 I oplus.android.OplusFrameworkFactoryImpl: get feature:IOplusDynamicVsyncFeature
01-10 20:43:06.452 19767 19767 I oplus.android.OplusFrameworkFactoryImpl: get feature:IOplusDynamicVsyncFeature
01-10 20:43:06.452 19767 19767 I oplus.android.OplusFrameworkFactoryImpl: get feature:IOplusDynamicVsyncFeature
01-10 20:43:06.453 19767 19767 I oplus.android.OplusFrameworkFactoryImpl: get feature:IOplusDynamicVsyncFeature
01-10 20:43:06.453 19767 19767 I oplus.android.OplusFrameworkFactoryImpl: get feature:IOplusDynamicVsyncFeature
01-10 20:43:06.453 19767 19767 I oplus.android.OplusFrameworkFactoryImpl: get feature:IOplusDynamicVsyncFeature
01-10 20:43:06.476 19767 20070 D TrafficStats: tagSocket(94) with statsTag=0xffffffff, statsUid=-1
01-10 20:43:06.484 19767 20039 D TrafficStats: tagSocket(246) with statsTag=0xffffffff, statsUid=-1
01-10 20:43:06.488 19767 20040 D TrafficStats: tagSocket(253) with statsTag=0xffffffff, statsUid=-1
01-10 20:43:06.493 19767 20078 D TrafficStats: tagSocket(254) with statsTag=0xffffffff, statsUid=-1
01-10 20:43:06.528 19767 19767 I Quality : Skipped: false 1 cost 15.486428 refreshRate 8327981 bit true processName com.upgadata.up7723
01-10 20:43:06.648 19767 20072 D TrafficStats: tagSocket(219) with statsTag=0xffffffff, statsUid=-1
01-10 20:43:06.648 19767 20056 D TrafficStats: tagSocket(295) with statsTag=0xffffffff, statsUid=-1
01-10 20:43:06.648 19767 20044 D TrafficStats: tagSocket(296) with statsTag=0xffffffff, statsUid=-1
01-10 20:43:06.653 19767 20050 D TrafficStats: tagSocket(303) with statsTag=0xffffffff, statsUid=-1
01-10 20:43:06.653 19767 20065 D TrafficStats: tagSocket(309) with statsTag=0xffffffff, statsUid=-1
01-10 20:43:06.711 19767 20040 D TrafficStats: tagSocket(256) with statsTag=0xffffffff, statsUid=-1
01-10 20:43:07.808 19767 20040 D TrafficStats: tagSocket(94) with statsTag=0xffffffff, statsUid=-1
01-10 20:43:07.882 19767 19767 I Quality : Skipped: false 1 cost 11.792665 refreshRate 8328563 bit true processName com.upgadata.up7723
01-10 20:43:07.910 19767 19767 D OplusViewDebugManager: OplusViewDebugManager Constructor android.view.debug.OplusViewDebugManager@26c1745 [mHasViewDebugProperty true] [mHasMsgDebugProperty false] [DEBUG false] [EXTRAINFOENABLE false] [LIGHT_OS false]
01-10 20:43:07.910 19767 19767 D OplusViewDebugManager: OplusViewDebugManager Constructor android.view.debug.OplusViewDebugManager@b7b1e9a [mHasViewDebugProperty true] [mHasMsgDebugProperty false] [DEBUG false] [EXTRAINFOENABLE false] [LIGHT_OS false]
01-10 20:43:07.910 19767 19767 D ViewRootImplExtImpl: MotionEvent MotionEvent { action=ACTION_UP, actionButton=0, id[0]=0, x[0]=714.25, y[0]=1881.0, toolType[0]=TOOL_TYPE_FINGER, buttonState=0, classification=NONE, metaState=0, flags=0x800, edgeFlags=0x0, pointerCount=1, historySize=0, eventTime=1745959564, downTime=1745959348, deviceId=-1, source=0x1002, displayId=0, eventId=917675504 } handled by client, just return
01-10 20:43:07.955 19767 19767 I oplus.android.OplusFrameworkFactoryImpl: get feature:IOplusDynamicVsyncFeature
01-10 20:43:07.955 19767 19767 I oplus.android.OplusFrameworkFactoryImpl: get feature:IOplusDynamicVsyncFeature
01-10 20:43:07.955 19767 19767 I oplus.android.OplusFrameworkFactoryImpl: get feature:IOplusDynamicVsyncFeature
01-10 20:43:07.955 19767 19767 D OplusViewDebugManager: OplusViewDebugManager Constructor android.view.debug.OplusViewDebugManager@c61fe31 [mHasViewDebugProperty true] [mHasMsgDebugProperty false] [DEBUG false] [EXTRAINFOENABLE false] [LIGHT_OS false]
01-10 20:43:07.955 19767 19767 D OplusViewDebugManager: OplusViewDebugManager Constructor android.view.debug.OplusViewDebugManager@c125916 [mHasViewDebugProperty true] [mHasMsgDebugProperty false] [DEBUG false] [EXTRAINFOENABLE false] [LIGHT_OS false]
01-10 20:43:07.977 19767 20030 E upgadata.up7723: Invalid resource ID 0x00000000.
01-10 20:43:07.978 19767 20030 E upgadata.up7723: Invalid resource ID 0x00000000.
01-10 20:43:07.978 19767 20030 E upgadata.up7723: Invalid resource ID 0x00000000.
01-10 20:43:07.978 19767 20030 E upgadata.up7723: Invalid resource ID 0x00000000.
01-10 20:43:08.947 19767 19767 D ViewRootImplExtImpl: MotionEvent MotionEvent { action=ACTION_UP, actionButton=0, id[0]=0, x[0]=105.0, y[0]=373.75, toolType[0]=TOOL_TYPE_FINGER, buttonState=0, classification=NONE, metaState=0, flags=0x800, edgeFlags=0x0, pointerCount=1, historySize=0, eventTime=1745960603, downTime=1745960458, deviceId=-1, source=0x1002, displayId=0, eventId=671556231 } handled by client, just return
01-10 20:43:09.439 19767 19767 D ViewRootImplExtImpl: MotionEvent MotionEvent { action=ACTION_UP, actionButton=0, id[0]=0, x[0]=93.5, y[0]=329.75, toolType[0]=TOOL_TYPE_FINGER, buttonState=0, classification=NONE, metaState=0, flags=0x800, edgeFlags=0x0, pointerCount=1, historySize=0, eventTime=1745961094, downTime=1745960974, deviceId=-1, source=0x1002, displayId=0, eventId=1001865707 } handled by client, just return
01-10 20:43:09.478 19767 19767 I Quality : Skipped: true 1 cost 8.654575 refreshRate 8326861 bit true processName com.upgadata.up7723
01-10 20:43:09.504 19767 19767 I Quality : Skipped: false 1 cost 10.14357 refreshRate 8326862 bit true processName com.upgadata.up7723
01-10 20:43:10.146 19767 19767 D ViewRootImplExtImpl: MotionEvent MotionEvent { action=ACTION_UP, actionButton=0, id[0]=0, x[0]=92.0, y[0]=345.0, toolType[0]=TOOL_TYPE_FINGER, buttonState=0, classification=NONE, metaState=0, flags=0x800, edgeFlags=0x0, pointerCount=1, historySize=0, eventTime=1745961802, downTime=1745961649, deviceId=-1, source=0x1002, displayId=0, eventId=346929947 } handled by client, just return
01-10 20:43:10.203 19767 20050 D TrafficStats: tagSocket(125) with statsTag=0xffffffff, statsUid=-1
01-10 20:43:10.401 19767 20056 D TrafficStats: tagSocket(126) with statsTag=0xffffffff, statsUid=-1
01-10 20:43:10.994 19767 19767 D ViewRootImplExtImpl: MotionEvent MotionEvent { action=ACTION_UP, actionButton=0, id[0]=0, x[0]=111.875, y[0]=370.375, toolType[0]=TOOL_TYPE_FINGER, buttonState=0, classification=NONE, metaState=0, flags=0x800, edgeFlags=0x0, pointerCount=1, historySize=0, eventTime=1745962647, downTime=1745962446, deviceId=-1, source=0x1002, displayId=0, eventId=546296146 } handled by client, just return
01-10 20:43:11.602 19767 19767 D ViewRootImplExtImpl: MotionEvent MotionEvent { action=ACTION_UP, actionButton=0, id[0]=0, x[0]=143.5, y[0]=430.25, toolType[0]=TOOL_TYPE_FINGER, buttonState=0, classification=NONE, metaState=0, flags=0x800, edgeFlags=0x0, pointerCount=1, historySize=0, eventTime=1745963259, downTime=1745963155, deviceId=-1, source=0x1002, displayId=0, eventId=520317738 } handled by client, just return
01-10 20:43:11.887 19767 20040 D TrafficStats: tagSocket(219) with statsTag=0xffffffff, statsUid=-1
01-10 20:43:12.132 19767 19767 W ziparchive: Unable to open '/data/user/0/com.upgadata.up7723/bzBox/data/app/com.popcap.pvz/base.apk': No such file or directory
01-10 20:43:12.132 19767 19767 E upgadata.up7723: Failed to open APK '/data/user/0/com.upgadata.up7723/bzBox/data/app/com.popcap.pvz/base.apk': I/O error
01-10 20:43:12.137 19767 19767 W PackageManager: Failure to parse package archive
01-10 20:43:12.137 19767 19767 W PackageManager: android.content.pm.PackageParser$PackageParserException: Failed to parse /data/user/0/com.upgadata.up7723/bzBox/data/app/com.popcap.pvz/base.apk
01-10 20:43:12.137 19767 19767 W PackageManager: at android.content.pm.PackageParser.parseApkLiteInner(PackageParser.java:1516)
01-10 20:43:12.137 19767 19767 W PackageManager: at android.content.pm.PackageParser.parseApkLite(PackageParser.java:1487)
01-10 20:43:12.137 19767 19767 W PackageManager: at android.content.pm.PackageParser.parseMonolithicPackageLite(PackageParser.java:993)
01-10 20:43:12.137 19767 19767 W PackageManager: at android.content.pm.PackageParser.parseMonolithicPackage(PackageParser.java:1202)
01-10 20:43:12.137 19767 19767 W PackageManager: at android.content.pm.PackageParser.parsePackage(PackageParser.java:1116)
01-10 20:43:12.137 19767 19767 W PackageManager: at android.content.pm.PackageManager.getPackageArchiveInfo(PackageManager.java:8346)
01-10 20:43:12.137 19767 19767 W PackageManager: at android.content.pm.PackageManager.getPackageArchiveInfo(PackageManager.java:8323)
01-10 20:43:12.137 19767 19767 W PackageManager: at com.upgadata.up7723.install.ApkInstallUtils.z(ApkInstallUtils.kt:13)
01-10 20:43:12.137 19767 19767 W PackageManager: at com.upgadata.up7723.install.ApkInstallUtils$isBlackBoxGameInstalled$3.invoke(ApkIns tallUtils.kt:3)
01-10 20:43:12.137 19767 19767 W PackageManager: at com.upgadata.up7723.install.ApkInstallUtils$isBlackBoxGameInstalled$3.invoke(ApkIns tallUtils.kt:1)
01-10 20:43:12.137 19767 19767 W PackageManager: at com.upgadata.up7723.install.o.c(CommonUtils.kt:14)
01-10 20:43:12.137 19767 19767 W PackageManager: at com.upgadata.up7723.install.ApkInstallUtils.v(ApkInstallUtils.kt:5)
01-10 20:43:12.137 19767 19767 W PackageManager: at com.upgadata.up7723.widget.view.DownLoadView.setDownloadState(DownLoadView.java:107 )
01-10 20:43:12.137 19767 19767 W PackageManager: at com.upgadata.up7723.widget.view.DownLoadView.U(DownLoadView.java:10)
01-10 20:43:12.137 19767 19767 W PackageManager: at com.upgadata.up7723.widget.view.DownLoadView.s0(DownLoadView.java:18)
01-10 20:43:12.137 19767 19767 W PackageManager: at com.upgadata.up7723.widget.view.DownLoadView.setData(DownLoadView.java:129)
01-10 20:43:12.137 19767 19767 W PackageManager: at com.upgadata.up7723.viewbinder.g0$a.update(CompositeGameViewBinder.java:30)
01-10 20:43:12.137 19767 19767 W PackageManager: at com.upgadata.up7723.viewbinder.g0.m(CompositeGameViewBinder.java:1)
01-10 20:43:12.137 19767 19767 W PackageManager: at com.upgadata.up7723.viewbinder.g0.d(CompositeGameViewBinder.java:1)
01-10 20:43:12.137 19767 19767 W PackageManager: at me.drakeet.multitype.d.e(ItemViewBinder.java:1)
01-10 20:43:12.137 19767 19767 W PackageManager: at me.drakeet.multitype.MultiTypeAdapter.onBindViewHolder(MultiTypeAdapter.java:4)
01-10 20:43:12.137 19767 19767 W PackageManager: at androidx.recyclerview.widget.RecyclerView$Adapter.bindViewHolder(RecyclerView.java: 6)
01-10 20:43:12.137 19767 19767 W PackageManager: at androidx.recyclerview.widget.RecyclerView$Recycler.tryBindViewHolderByDeadline(Recy clerView.java:6)
01-10 20:43:12.137 19767 19767 W PackageManager: at androidx.recyclerview.widget.RecyclerView$Recycler.tryGetViewHolderForPositionByDea dline(RecyclerView.java:55)
01-10 20:43:12.137 19767 19767 W PackageManager: at androidx.recyclerview.widget.GapWorker.prefetchPositionWithDeadline(GapWorker.java: 4)
01-10 20:43:12.137 19767 19767 W PackageManager: at androidx.recyclerview.widget.GapWorker.flushTaskWithDeadline(GapWorker.java:2)
01-10 20:43:12.137 19767 19767 W PackageManager: at androidx.recyclerview.widget.GapWorker.flushTasksWithDeadline(GapWorker.java:4)
01-10 20:43:12.137 19767 19767 W PackageManager: at androidx.recyclerview.widget.GapWorker.prefetch(GapWorker.java:2)
01-10 20:43:12.137 19767 19767 W PackageManager: at androidx.recyclerview.widget.GapWorker.run(GapWorker.java:10)
01-10 20:43:12.137 19767 19767 W PackageManager: at android.os.Handler.handleCallback(Handler.java:958)
01-10 20:43:12.137 19767 19767 W PackageManager: at android.os.Handler.dispatchMessage(Handler.java:99)
01-10 20:43:12.137 19767 19767 W PackageManager: at android.os.Looper.loopOnce(Looper.java:257)
01-10 20:43:12.137 19767 19767 W PackageManager: at android.os.Looper.loop(Looper.java:368)
01-10 20:43:12.137 19767 19767 W PackageManager: at android.app.ActivityThread.main(ActivityThread.java:8839)
01-10 20:43:12.137 19767 19767 W PackageManager: at java.lang.reflect.Method.invoke(Native Method)
01-10 20:43:12.137 19767 19767 W PackageManager: at com.android.internal.os.RuntimeInit$MethodAndArgsCaller.run(RuntimeInit.java:572)
01-10 20:43:12.137 19767 19767 W PackageManager: at com.android.internal.os.ZygoteInit.main(ZygoteInit.java:1049)
01-10 20:43:12.198 19972 19985 W System : A resource failed to call close.
01-10 20:43:12.198 19972 19985 W System : A resource failed to call close.
01-10 20:43:12.199 19972 19985 W System : A resource failed to call close.
01-10 20:43:12.199 19972 19985 W System : A resource failed to call close.
01-10 20:43:12.199 19972 19985 W ta.up7723:black: ApkAssets: Deleting an ApkAssets object '<empty> and /my_bigball/app/WebViewGoogle64CN/WebViewGoogle64CN.apk' with 1 weak references
01-10 20:43:12.200 19972 19985 W ta.up7723:black: ApkAssets: Deleting an ApkAssets object '<empty> and /my_bigball/app/TrichromeLibrary64CN/TrichromeLibrary64CN.apk' with 1 weak references
01-10 20:43:12.343 19767 19767 D ViewRootImplExtImpl: MotionEvent MotionEvent { action=ACTION_UP, actionButton=0, id[0]=0, x[0]=146.625, y[0]=787.5, toolType[0]=TOOL_TYPE_FINGER, buttonState=0, classification=NONE, metaState=0, flags=0x800, edgeFlags=0x0, pointerCount=1, historySize=0, eventTime=1745963999, downTime=1745963838, deviceId=-1, source=0x1002, displayId=0, eventId=538032393 } handled by client, just return
01-10 20:43:12.882 19767 19767 D ViewRootImplExtImpl: MotionEvent MotionEvent { action=ACTION_UP, actionButton=0, id[0]=0, x[0]=473.75, y[0]=661.125, toolType[0]=TOOL_TYPE_FINGER, buttonState=0, classification=NONE, metaState=0, flags=0x800, edgeFlags=0x0, pointerCount=1, historySize=0, eventTime=1745964538, downTime=1745964474, deviceId=-1, source=0x1002, displayId=0, eventId=178912466 } handled by client, just return
01-10 20:43:12.959 19767 19767 I oplus.android.OplusFrameworkFactoryImpl: get feature:IOplusDynamicVsyncFeature
01-10 20:43:12.960 19767 19767 I oplus.android.OplusFrameworkFactoryImpl: get feature:IOplusDynamicVsyncFeature
01-10 20:43:12.960 19767 19767 I oplus.android.OplusFrameworkFactoryImpl: get feature:IOplusDynamicVsyncFeature
01-10 20:43:12.960 19767 19767 D OplusViewDebugManager: OplusViewDebugManager Constructor android.view.debug.OplusViewDebugManager@922f9b7 [mHasViewDebugProperty true] [mHasMsgDebugProperty false] [DEBUG false] [EXTRAINFOENABLE false] [LIGHT_OS false]
01-10 20:43:12.960 19767 19767 D OplusViewDebugManager: OplusViewDebugManager Constructor android.view.debug.OplusViewDebugManager@6844524 [mHasViewDebugProperty true] [mHasMsgDebugProperty false] [DEBUG false] [EXTRAINFOENABLE false] [LIGHT_OS false]
01-10 20:43:14.458 19767 19767 I Quality : Skipped: true 1 cost 9.107086 refreshRate 8327783 bit true processName com.upgadata.up7723
01-10 20:43:14.542 19767 19767 I oplus.android.OplusFrameworkFactoryImpl: get feature:IOplusDynamicVsyncFeature
01-10 20:43:14.542 19767 19767 I oplus.android.OplusFrameworkFactoryImpl: get feature:IOplusDynamicVsyncFeature
01-10 20:43:14.542 19767 19767 I oplus.android.OplusFrameworkFactoryImpl: get feature:IOplusDynamicVsyncFeature
01-10 20:43:14.542 19767 19767 D OplusViewDebugManager: OplusViewDebugManager Constructor android.view.debug.OplusViewDebugManager@3996bae [mHasViewDebugProperty true] [mHasMsgDebugProperty false] [DEBUG false] [EXTRAINFOENABLE false] [LIGHT_OS false]
01-10 20:43:14.542 19767 19767 D OplusViewDebugManager: OplusViewDebugManager Constructor android.view.debug.OplusViewDebugManager@db60d4f [mHasViewDebugProperty true] [mHasMsgDebugProperty false] [DEBUG false] [EXTRAINFOENABLE false] [LIGHT_OS false]
01-10 20:43:14.542 19767 19767 D ViewRootImplExtImpl: MotionEvent MotionEvent { action=ACTION_UP, actionButton=0, id[0]=0, x[0]=169.125, y[0]=347.0, toolType[0]=TOOL_TYPE_FINGER, buttonState=0, classification=NONE, metaState=0, flags=0x800, edgeFlags=0x0, pointerCount=1, historySize=0, eventTime=1745966198, downTime=1745966005, deviceId=-1, source=0x1002, displayId=0, eventId=336777406 } handled by client, just return
01-10 20:43:15.002 19767 19767 D ViewRootImplExtImpl: MotionEvent MotionEvent { action=ACTION_UP, actionButton=0, id[0]=0, x[0]=149.5, y[0]=364.0, toolType[0]=TOOL_TYPE_FINGER, buttonState=0, classification=NONE, metaState=0, flags=0x800, edgeFlags=0x0, pointerCount=1, historySize=0, eventTime=1745966657, downTime=1745966512, deviceId=-1, source=0x1002, displayId=0, eventId=895087447 } handled by client, just return
01-10 20:43:15.048 19767 19767 W ziparchive: Unable to open '/data/user/0/com.upgadata.up7723/bzBox/data/app/com.popcap.pvz/base.apk': No such file or directory
01-10 20:43:15.048 19767 19767 E upgadata.up7723: Failed to open APK '/data/user/0/com.upgadata.up7723/bzBox/data/app/com.popcap.pvz/base.apk': I/O error
01-10 20:43:15.049 19767 19767 W PackageManager: Failure to parse package archive
01-10 20:43:15.049 19767 19767 W PackageManager: android.content.pm.PackageParser$PackageParserException: Failed to parse /data/user/0/com.upgadata.up7723/bzBox/data/app/com.popcap.pvz/base.apk
01-10 20:43:15.049 19767 19767 W PackageManager: at android.content.pm.PackageParser.parseApkLiteInner(PackageParser.java:1516)
01-10 20:43:15.049 19767 19767 W PackageManager: at android.content.pm.PackageParser.parseApkLite(PackageParser.java:1487)
01-10 20:43:15.049 19767 19767 W PackageManager: at android.content.pm.PackageParser.parseMonolithicPackageLite(PackageParser.java:993)
01-10 20:43:15.049 19767 19767 W PackageManager: at android.content.pm.PackageParser.parseMonolithicPackage(PackageParser.java:1202)
01-10 20:43:15.049 19767 19767 W PackageManager: at android.content.pm.PackageParser.parsePackage(PackageParser.java:1116)
01-10 20:43:15.049 19767 19767 W PackageManager: at android.content.pm.PackageManager.getPackageArchiveInfo(PackageManager.java:8346)
01-10 20:43:15.049 19767 19767 W PackageManager: at android.content.pm.PackageManager.getPackageArchiveInfo(PackageManager.java:8323)
01-10 20:43:15.049 19767 19767 W PackageManager: at com.upgadata.up7723.install.ApkInstallUtils.z(ApkInstallUtils.kt:13)
01-10 20:43:15.049 19767 19767 W PackageManager: at com.upgadata.up7723.install.ApkInstallUtils$isBlackBoxGameInstalled$3.invoke(ApkIns tallUtils.kt:3)
01-10 20:43:15.049 19767 19767 W PackageManager: at com.upgadata.up7723.install.ApkInstallUtils$isBlackBoxGameInstalled$3.invoke(ApkIns tallUtils.kt:1)
01-10 20:43:15.049 19767 19767 W PackageManager: at com.upgadata.up7723.install.o.c(CommonUtils.kt:14)
01-10 20:43:15.049 19767 19767 W PackageManager: at com.upgadata.up7723.install.ApkInstallUtils.v(ApkInstallUtils.kt:5)
01-10 20:43:15.049 19767 19767 W PackageManager: at com.upgadata.up7723.widget.view.DownLoadView.setDownloadState(DownLoadView.java:107 )
01-10 20:43:15.049 19767 19767 W PackageManager: at com.upgadata.up7723.widget.view.DownLoadView.U(DownLoadView.java:10)
01-10 20:43:15.049 19767 19767 W PackageManager: at com.upgadata.up7723.widget.view.DownLoadView.s0(DownLoadView.java:18)
01-10 20:43:15.049 19767 19767 W PackageManager: at com.upgadata.up7723.widget.view.DownLoadView.setData(DownLoadView.java:129)
01-10 20:43:15.049 19767 19767 W PackageManager: at com.upgadata.up7723.widget.t0.n(GameItemNormalView.java:108)
01-10 20:43:15.049 19767 19767 W PackageManager: at com.upgadata.up7723.widget.t0.update(GameItemNormalView.java:3)
01-10 20:43:15.049 19767 19767 W PackageManager: at com.upgadata.up7723.base.b.getView(BaseHolderAdapter.java:6)
01-10 20:43:15.049 19767 19767 W PackageManager: at android.widget.AbsListView.obtainView(AbsListView.java:2482)
01-10 20:43:15.049 19767 19767 W PackageManager: at android.widget.ListView.makeAndAddView(ListView.java:2065)
01-10 20:43:15.049 19767 19767 W PackageManager: at android.widget.ListView.fillDown(ListView.java:791)
01-10 20:43:15.049 19767 19767 W PackageManager: at android.widget.ListView.fillGap(ListView.java:754)
01-10 20:43:15.049 19767 19767 W PackageManager: at android.widget.AbsListView.trackMotionScroll(AbsListView.java:5617)
01-10 20:43:15.049 19767 19767 W PackageManager: at android.widget.ListView.trackMotionScroll(ListView.java:1982)
01-10 20:43:15.049 19767 19767 W PackageManager: at android.widget.AbsListView$FlingRunnable.run(AbsListView.java:5159)
01-10 20:43:15.049 19767 19767 W PackageManager: at android.view.Choreographer$CallbackRecord.run(Choreographer.java:1544)
01-10 20:43:15.049 19767 19767 W PackageManager: at android.view.Choreographer$CallbackRecord.run(Choreographer.java:1553)
01-10 20:43:15.049 19767 19767 W PackageManager: at android.view.Choreographer.doCallbacks(Choreographer.java:1109)
01-10 20:43:15.049 19767 19767 W PackageManager: at android.view.ChoreographerExtImpl.doAnimAheadCallback(ChoreographerExtImpl.java:595 )
01-10 20:43:15.049 19767 19767 W PackageManager: at android.view.Choreographer$FrameHandler.handleMessage(Choreographer.java:1440)
01-10 20:43:15.049 19767 19767 W PackageManager: at android.os.Handler.dispatchMessage(Handler.java:106)
01-10 20:43:15.049 19767 19767 W PackageManager: at android.os.Looper.loopOnce(Looper.java:257)
01-10 20:43:15.049 19767 19767 W PackageManager: at android.os.Looper.loop(Looper.java:368)
01-10 20:43:15.049 19767 19767 W PackageManager: at android.app.ActivityThread.main(ActivityThread.java:8839)
01-10 20:43:15.049 19767 19767 W PackageManager: at java.lang.reflect.Method.invoke(Native Method)
01-10 20:43:15.049 19767 19767 W PackageManager: at com.android.internal.os.RuntimeInit$MethodAndArgsCaller.run(RuntimeInit.java:572)
01-10 20:43:15.049 19767 19767 W PackageManager: at com.android.internal.os.ZygoteInit.main(ZygoteInit.java:1049)
01-10 20:43:15.776 19767 19767 D ViewRootImplExtImpl: MotionEvent MotionEvent { action=ACTION_UP, actionButton=0, id[0]=0, x[0]=221.0, y[0]=403.0, toolType[0]=TOOL_TYPE_FINGER, buttonState=0, classification=NONE, metaState=0, flags=0x800, edgeFlags=0x0, pointerCount=1, historySize=0, eventTime=1745967431, downTime=1745966826, deviceId=-1, source=0x1002, displayId=0, eventId=811871399 } handled by client, just return
01-10 20:43:16.640 19767 19767 I Quality : Skipped: false 1 cost 9.104866 refreshRate 8326834 bit true processName com.upgadata.up7723
01-10 20:43:17.128 19767 19767 D ViewRootImplExtImpl: MotionEvent MotionEvent { action=ACTION_UP, actionButton=0, id[0]=0, x[0]=200.5, y[0]=801.375, toolType[0]=TOOL_TYPE_FINGER, buttonState=0, classification=NONE, metaState=0, flags=0x800, edgeFlags=0x0, pointerCount=1, historySize=0, eventTime=1745968784, downTime=1745968672, deviceId=-1, source=0x1002, displayId=0, eventId=240173177 } handled by client, just return
01-10 20:43:17.321 19767 19767 D ScrollOptim [SceneManager]: updateCurrentActivity: mCurrentActivityName=null, isOptEnable=true, isAnimAheadEnable=true, isFrameInsertEnable=true, InsertNum=1, isEnabledForScrollChanged=false
01-10 20:43:17.342 19767 19767 D ResourcesManagerExtImpl: applyConfigurationToAppResourcesLocked app.getDisplayId() return callback.displayId:-1
01-10 20:43:17.344 19767 19767 W libc : Access denied finding property "qemu.hw.mainkeys"
01-10 20:43:17.358 19767 19767 E ActivityThread: Failed to find provider info for com.upgadata.up7723.qqminisdk.oauth.data.provider
01-10 20:43:17.366 19767 19767 D ScrollOptim [SceneManager]: updateCurrentActivity: mCurrentActivityName=com.tencent.qqmini.sdk.launcher.ui.MiniTranslucentFragmentActi vity, isOptEnable=true, isAnimAheadEnable=true, isFrameInsertEnable=true, InsertNum=1, isEnabledForScrollChanged=false
01-10 20:43:17.366 19767 19767 D ActivityThread: ComponentInfo{com.upgadata.up7723/com.tencent.qqmini.sdk.launcher.ui.MiniTranslucen tFragmentActivity} checkFinished=false 2
01-10 20:43:17.367 19767 19767 D ResourcesManagerExtImpl: applyConfigurationToAppResourcesLocked app.getDisplayId() return callback.displayId:-1
01-10 20:43:17.368 19767 19767 D WindowManager: Add to mViews: DecorView@5e509a6[MiniTranslucentFragmentActivity],pkg= com.upgadata.up7723
01-10 20:43:17.375 19767 19767 D InputEventReceiver: Input log is disabled in InputEventReceiver.
01-10 20:43:17.378 19767 19767 D VRI[GameSearchActivity]: onFocusEvent false
01-10 20:43:17.378 19767 19767 D ResourcesManagerExtImpl: applyConfigurationToAppResourcesLocked app.getDisplayId() return callback.displayId:-1
01-10 20:43:17.379 19767 19767 I Quality : Skipped: false 1 cost 12.1727085 refreshRate 8326983 bit true processName com.upgadata.up7723
01-10 20:43:17.379 19767 19767 E OplusBracketLog: [OplusViewMirrorManager] updateHostViewRootIfNeeded, not support android.view.ViewRootImpl@b17e23d
01-10 20:43:17.381 19767 19767 D ViewRootImplExtImpl: wrapConfigInfoIntoFlags rotation=0, smallestScreenWidthDp=360, relayoutAsync=false, newFlags=23592960, title=com.upgadata.up7723/com.tencent.qqmini.sdk.launcher.ui.MiniTranslucentFragmen tActivity
01-10 20:43:17.397 19767 19767 D VRI[MiniTranslucentFragmentActivity]: relayoutWindow result, sizeChanged:true, surfaceControlChanged:true, transformHintChanged:true, mSurfaceSize:Point(1080, 2412), mLastSurfaceSize:Point(0, 0), mWidth:-1, mHeight:-1, requestedWidth:1080, requestedHeight:2412, transformHint:0, lastTransformHint:-2147483648, installOrientation:0, displayRotation:0, isSurfaceValid:true, attr.flag:92340480, useBlast:true, tmpFrames:ClientWindowFrames{frame=[0,0][1080,2412] display=[0,0] [1080,2412] parentFrame=[0,0][0,0]}
01-10 20:43:17.397 19767 19767 W VRI[MiniTranslucentFragmentActivity]: updateBlastSurfaceIfNeeded, surfaceSize:Point(1080, 2412), lastSurfaceSize:Point(0, 0), format:-2, blastBufferQueue:null
01-10 20:43:17.398 19767 19767 D BufferQueueConsumer: [](id:4d3700000005,api:0,p:- 1,c:19767) connect: controlledByApp=false
01-10 20:43:17.399 19767 19823 D BufferQueueProducer: [VRI[MiniTranslucentFragmentActivity]#5(BLAST Consumer)5] (id:4d3700000005,api:1,p:19767,c:19767) connect: api=1 producerControlledByApp=true
01-10 20:43:17.399 19767 19823 E OpenGLRenderer: Unable to match the desired swap behavior.
01-10 20:43:17.400 19767 19767 I SurfaceControl: setExtendedRangeBrightness sc=Surface(name=com.upgadata.up7723/com.tencent.qqmini.sdk.launcher.ui.MiniTransluc entFragmentActivity)/@0xdd18271,currentBufferRatio=1.0,desiredRatio=1.0
01-10 20:43:17.412 19767 19823 D BLASTBufferQueue: [VRI[MiniTranslucentFragmentActivity]#5](f:0,a:1) acquireNextBufferLocked size=1080x2412 mFrameNumber=1 applyTransaction=true mTimestamp=1745969070943026(auto) mPendingTransactions.size=0 graphicBufferId=84898618540052 transform=0
01-10 20:43:17.412 19767 19823 D VRI[MiniTranslucentFragmentActivity]: Received frameCommittedCallback lastAttemptedDrawFrameNum=1 didProduceBuffer=true syncBuffer=false
01-10 20:43:17.412 19767 19767 D VRI[MiniTranslucentFragmentActivity]: draw finished.
01-10 20:43:17.413 19767 19767 D VRI[MiniTranslucentFragmentActivity]: reportDrawFinished
01-10 20:43:17.413 19767 19767 D ViewRootImplExtImpl: setMaxDequeuedBufferCount: 2
01-10 20:43:17.414 19767 19767 I Quality : Skipped: false 4 cost 33.65108 refreshRate 8327061 bit true processName com.upgadata.up7723
01-10 20:43:17.420 19767 19767 W VRI[MiniTranslucentFragmentActivity]: handleResized, msg:5, frameChanged:false, configChanged:false, displayChanged:false, attachedFrameChanged:false, compatScaleChanged:false, pendingDragResizing=false
01-10 20:43:17.425 19767 19823 D VRI[MiniTranslucentFragmentActivity]: Received frameCommittedCallback lastAttemptedDrawFrameNum=2 didProduceBuffer=true syncBuffer=false
01-10 20:43:17.425 19767 19767 D VRI[MiniTranslucentFragmentActivity]: draw finished.
01-10 20:43:17.425 19767 19767 D VRI[MiniTranslucentFragmentActivity]: reportDrawFinished
01-10 20:43:17.432 19767 20632 D TrafficStats: tagSocket(320) with statsTag=0xffffffff, statsUid=-1
01-10 20:43:17.459 19767 19767 D VRI[MiniTranslucentFragmentActivity]: onFocusEvent true
01-10 20:43:17.866 19767 20632 D TrafficStats: tagSocket(273) with statsTag=0xffffffff, statsUid=-1
01-10 20:43:17.958 19767 20030 E upgadata.up7723: Invalid resource ID 0x00000000.
01-10 20:43:17.958 19767 20030 E upgadata.up7723: Invalid resource ID 0x00000000.
01-10 20:43:17.958 19767 20030 E upgadata.up7723: Invalid resource ID 0x00000000.
01-10 20:43:17.958 19767 20030 E upgadata.up7723: Invalid resource ID 0x00000000.
01-10 20:43:17.958 19767 19767 I oplus.android.OplusFrameworkFactoryImpl: get feature:IOplusDynamicVsyncFeature
01-10 20:43:17.958 19767 19767 I oplus.android.OplusFrameworkFactoryImpl: get feature:IOplusDynamicVsyncFeature
01-10 20:43:17.958 19767 19767 I oplus.android.OplusFrameworkFactoryImpl: get feature:IOplusDynamicVsyncFeature
01-10 20:43:17.958 19767 19767 D OplusViewDebugManager: OplusViewDebugManager Constructor android.view.debug.OplusViewDebugManager@f9a8d8b [mHasViewDebugProperty true] [mHasMsgDebugProperty false] [DEBUG false] [EXTRAINFOENABLE false] [LIGHT_OS false]
01-10 20:43:17.958 19767 19767 D OplusViewDebugManager: OplusViewDebugManager Constructor android.view.debug.OplusViewDebugManager@70ce68 [mHasViewDebugProperty true] [mHasMsgDebugProperty false] [DEBUG false] [EXTRAINFOENABLE false] [LIGHT_OS false]
01-10 20:43:18.059 19767 20645 D TrafficStats: tagSocket(221) with statsTag=0xffffffff, statsUid=-1
01-10 20:43:18.065 19767 19937 W upgadata.up7723: Method void qm_m.qm_a.qm_b.qm_b.qm_n.e0.k() failed lock verification and will run slower.
01-10 20:43:18.069 19767 20660 D TrafficStats: tagSocket(319) with statsTag=0xffffffff, statsUid=-1
01-10 20:43:18.136 19767 20659 D TrafficStats: tagSocket(350) with statsTag=0xffffffff, statsUid=-1
01-10 20:43:18.418 19767 20659 D TrafficStats: tagSocket(245) with statsTag=0xffffffff, statsUid=-1
01-10 20:43:18.419 19767 19893 D OplusScrollToTopManager: com.upgadata.up7723/com.upgadata.up7723.game.GameSearchActivity,This DecorView@b9b97ed[GameSearchActivity] change focus to false
01-10 20:43:18.419 19767 19893 D OplusScrollToTopManager: com.upgadata.up7723/com.upgadata.up7723.game.GameSearchActivity,unregisterSystemUIB roadcastReceiver
01-10 20:43:18.460 19767 19893 D OplusScrollToTopManager: com.upgadata.up7723/com.tencent.qqmini.sdk.launcher.ui.MiniTranslucentFragmentActiv ity,This DecorView@5e509a6[MiniTranslucentFragmentActivity] change focus to true
01-10 20:43:18.460 19767 19893 D OplusScrollToTopManager: com.upgadata.up7723/com.tencent.qqmini.sdk.launcher.ui.MiniTranslucentFragmentActiv ity,registerSystemUIBroadcastReceiver
01-10 20:43:18.541 19767 19767 I Quality : Skipped: false 1 cost 11.441766 refreshRate 8328492 bit true processName com.upgadata.up7723
01-10 20:43:18.776 19767 19767 D Activity: dispatchKeyEvent to com.tencent.qqmini.sdk.launcher.ui.MiniTranslucentFragmentActivity@38ef00f#com.tenc ent.qqmini.sdk.ui.MiniGameSDKLoadingFragment@6f7f3df will call onBackPressed
01-10 20:43:18.776 19767 19767 D Activity: com.tencent.qqmini.sdk.launcher.ui.MiniTranslucentFragmentActivity@38ef00f#com.tenc ent.qqmini.sdk.ui.MiniGameSDKLoadingFragment@6f7f3dfonBackPressed!
01-10 20:43:18.793 19767 19767 D ScrollOptim [SceneManager]: updateCurrentActivity: mCurrentActivityName=null, isOptEnable=true, isAnimAheadEnable=true, isFrameInsertEnable=true, InsertNum=1, isEnabledForScrollChanged=false
01-10 20:43:18.812 19767 19767 D VRI[MiniTranslucentFragmentActivity]: onFocusEvent false
01-10 20:43:18.815 19767 19767 D ScrollOptim [SceneManager]: updateCurrentActivity: mCurrentActivityName=com.upgadata.up7723.game.GameSearchActivity, isOptEnable=true, isAnimAheadEnable=true, isFrameInsertEnable=true, InsertNum=1, isEnabledForScrollChanged=false
01-10 20:43:18.815 19767 19767 D ActivityThread: ComponentInfo{com.upgadata.up7723/com.upgadata.up7723.game.GameSearchActivity} checkFinished=false 4
01-10 20:43:18.815 19767 19767 D ResourcesManagerExtImpl: applyConfigurationToAppResourcesLocked app.getDisplayId() return callback.displayId:-1
01-10 20:43:18.816 19767 19786 D VRI[MiniTranslucentFragmentActivity]: dispatchAppVisibility visible:false
01-10 20:43:18.863 19767 19767 W ziparchive: Unable to open '/data/user/0/com.upgadata.up7723/bzBox/data/app/com.popcap.pvz/base.apk': No such file or directory
01-10 20:43:18.863 19767 19767 E upgadata.up7723: Failed to open APK '/data/user/0/com.upgadata.up7723/bzBox/data/app/com.popcap.pvz/base.apk': I/O error
01-10 20:43:18.864 19767 19767 W PackageManager: Failure to parse package archive
01-10 20:43:18.864 19767 19767 W PackageManager: android.content.pm.PackageParser$PackageParserException: Failed to parse /data/user/0/com.upgadata.up7723/bzBox/data/app/com.popcap.pvz/base.apk
01-10 20:43:18.864 19767 19767 W PackageManager: at android.content.pm.PackageParser.parseApkLiteInner(PackageParser.java:1516)
01-10 20:43:18.864 19767 19767 W PackageManager: at android.content.pm.PackageParser.parseApkLite(PackageParser.java:1487)
01-10 20:43:18.864 19767 19767 W PackageManager: at android.content.pm.PackageParser.parseMonolithicPackageLite(PackageParser.java:993)
01-10 20:43:18.864 19767 19767 W PackageManager: at android.content.pm.PackageParser.parseMonolithicPackage(PackageParser.java:1202)
01-10 20:43:18.864 19767 19767 W PackageManager: at android.content.pm.PackageParser.parsePackage(PackageParser.java:1116)
01-10 20:43:18.864 19767 19767 W PackageManager: at android.content.pm.PackageManager.getPackageArchiveInfo(PackageManager.java:8346)
01-10 20:43:18.864 19767 19767 W PackageManager: at android.content.pm.PackageManager.getPackageArchiveInfo(PackageManager.java:8323)
01-10 20:43:18.864 19767 19767 W PackageManager: at com.upgadata.up7723.install.ApkInstallUtils.z(ApkInstallUtils.kt:13)
01-10 20:43:18.864 19767 19767 W PackageManager: at com.upgadata.up7723.install.ApkInstallUtils$isBlackBoxGameInstalled$3.invoke(ApkIns tallUtils.kt:3)
01-10 20:43:18.864 19767 19767 W PackageManager: at com.upgadata.up7723.install.ApkInstallUtils$isBlackBoxGameInstalled$3.invoke(ApkIns tallUtils.kt:1)
01-10 20:43:18.864 19767 19767 W PackageManager: at com.upgadata.up7723.install.o.c(CommonUtils.kt:14)
01-10 20:43:18.864 19767 19767 W PackageManager: at com.upgadata.up7723.install.ApkInstallUtils.v(ApkInstallUtils.kt:5)
01-10 20:43:18.864 19767 19767 W PackageManager: at com.upgadata.up7723.widget.view.DownLoadView.setDownloadState(DownLoadView.java:107 )
01-10 20:43:18.864 19767 19767 W PackageManager: at com.upgadata.up7723.widget.view.DownLoadView.U(DownLoadView.java:10)
01-10 20:43:18.864 19767 19767 W PackageManager: at com.upgadata.up7723.widget.view.DownLoadView.s0(DownLoadView.java:18)
01-10 20:43:18.864 19767 19767 W PackageManager: at com.upgadata.up7723.widget.view.DownLoadView.setData(DownLoadView.java:129)
01-10 20:43:18.864 19767 19767 W PackageManager: at com.upgadata.up7723.widget.t0.n(GameItemNormalView.java:108)
01-10 20:43:18.864 19767 19767 W PackageManager: at com.upgadata.up7723.widget.t0.update(GameItemNormalView.java:3)
01-10 20:43:18.864 19767 19767 W PackageManager: at com.upgadata.up7723.base.b.getView(BaseHolderAdapter.java:6)
01-10 20:43:18.864 19767 19767 W PackageManager: at android.widget.AbsListView.obtainView(AbsListView.java:2482)
01-10 20:43:18.864 19767 19767 W PackageManager: at android.widget.ListView.makeAndAddView(ListView.java:2065)
01-10 20:43:18.864 19767 19767 W PackageManager: at android.widget.ListView.fillDown(ListView.java:791)
01-10 20:43:18.864 19767 19767 W PackageManager: at android.widget.ListView.fillSpecific(ListView.java:1502)
01-10 20:43:18.864 19767 19767 W PackageManager: at android.widget.ListView.layoutChildren(ListView.java:1800)
01-10 20:43:18.864 19767 19767 W PackageManager: at android.widget.AbsListView.onLayout(AbsListView.java:2275)
01-10 20:43:18.864 19767 19767 W PackageManager: at android.view.View.layout(View.java:24791)
01-10 20:43:18.864 19767 19767 W PackageManager: at android.view.ViewGroup.layout(ViewGroup.java:6555)
01-10 20:43:18.864 19767 19767 W PackageManager: at android.widget.LinearLayout.setChildFrame(LinearLayout.java:1891)
01-10 20:43:18.864 19767 19767 W PackageManager: at android.widget.LinearLayout.layoutVertical(LinearLayout.java:1729)
01-10 20:43:18.864 19767 19767 W PackageManager: at android.widget.LinearLayout.onLayout(LinearLayout.java:1638)
01-10 20:43:18.864 19767 19767 W PackageManager: at android.view.View.layout(View.java:24791)
01-10 20:43:18.864 19767 19767 W PackageManager: at android.view.ViewGroup.layout(ViewGroup.java:6555)
01-10 20:43:18.864 19767 19767 W PackageManager: at androidx.viewpager.widget.ViewPager.onLayout(ViewPager.java:35)
01-10 20:43:18.864 19767 19767 W PackageManager: at android.view.View.layout(View.java:24791)
01-10 20:43:18.864 19767 19767 W PackageManager: at android.view.ViewGroup.layout(ViewGroup.java:6555)
01-10 20:43:18.864 19767 19767 W PackageManager: at android.widget.LinearLayout.setChildFrame(LinearLayout.java:1891)
01-10 20:43:18.864 19767 19767 W PackageManager: at android.widget.LinearLayout.layoutVertical(LinearLayout.java:1729)
01-10 20:43:18.864 19767 19767 W PackageManager: at android.widget.LinearLayout.onLayout(LinearLayout.java:1638)
01-10 20:43:18.864 19767 19767 W PackageManager: at android.view.View.layout(View.java:24791)
01-10 20:43:18.864 19767 19767 W PackageManager: at android.view.ViewGroup.layout(ViewGroup.java:6555)
01-10 20:43:18.864 19767 19767 W PackageManager: at android.widget.FrameLayout.layoutChildren(FrameLayout.java:332)
01-10 20:43:18.864 19767 19767 W PackageManager: at android.widget.FrameLayout.onLayout(FrameLayout.java:270)
01-10 20:43:18.864 19767 19767 W PackageManager: at android.view.View.layout(View.java:24791)
