01-10 20:43:43.947 19767 19767 I Quality : Skipped: false 1 cost 11.925336 refreshRate 8327199 bit true processName com.upgadata.up7723
01-10 20:43:43.963 19767 19767 I Quality : Skipped: false 1 cost 11.228112 refreshRate 8327075 bit true processName com.upgadata.up7723
01-10 20:43:43.979 19767 19767 I Quality : Skipped: false 1 cost 10.398043 refreshRate 8327071 bit true processName com.upgadata.up7723
01-10 20:43:43.997 19767 19767 I Quality : Skipped: false 1 cost 12.175007 refreshRate 8327108 bit true processName com.upgadata.up7723
01-10 20:43:44.012 19767 19767 I Quality : Skipped: false 1 cost 10.534849 refreshRate 8327212 bit true processName com.upgadata.up7723
01-10 20:43:44.030 19767 19767 I Quality : Skipped: false 1 cost 11.794148 refreshRate 8327369 bit true processName com.upgadata.up7723
01-10 20:43:44.047 19767 19767 I Quality : Skipped: false 1 cost 11.550828 refreshRate 8327545 bit true processName com.upgadata.up7723
01-10 20:43:44.063 19767 19767 I Quality : Skipped: false 1 cost 11.167943 refreshRate 8327737 bit true processName com.upgadata.up7723
01-10 20:43:44.079 19767 19767 I Quality : Skipped: false 1 cost 10.446155 refreshRate 8327952 bit true processName com.upgadata.up7723
01-10 20:43:44.097 19767 19767 I Quality : Skipped: false 1 cost 11.329491 refreshRate 8328121 bit true processName com.upgadata.up7723
01-10 20:43:44.113 19767 19767 I Quality : Skipped: false 1 cost 10.656114 refreshRate 8328176 bit true processName com.upgadata.up7723
01-10 20:43:44.130 19767 19767 I Quality : Skipped: false 1 cost 11.255081 refreshRate 8328154 bit true processName com.upgadata.up7723
01-10 20:43:44.146 19767 19767 I Quality : Skipped: false 1 cost 10.639647 refreshRate 8328085 bit true processName com.upgadata.up7723
01-10 20:43:44.166 19767 19767 I Quality : Skipped: false 1 cost 13.968494 refreshRate 8327977 bit true processName com.upgadata.up7723
01-10 20:43:44.424 19767 19767 D ViewRootImplExtImpl: MotionEvent MotionEvent { action=ACTION_UP, actionButton=0, id[0]=0, x[0]=180.21777, y[0]=476.21777, toolType[0]=TOOL_TYPE_FINGER, buttonState=0, classification=NONE, metaState=0, flags=0x800, edgeFlags=0x0, pointerCount=1, historySize=0, eventTime=1745996080, downTime=1745995984, deviceId=-1, source=0x1002, displayId=0, eventId=1009696127 } handled by client, just return
01-10 20:43:44.574 19767 19767 W ziparchive: Unable to open '/data/user/0/com.upgadata.up7723/bzBox/data/app/com.trans.pvzch/base.apk': No such file or directory
01-10 20:43:44.574 19767 19767 E upgadata.up7723: Failed to open APK '/data/user/0/com.upgadata.up7723/bzBox/data/app/com.trans.pvzch/base.apk': I/O error
01-10 20:43:44.574 19767 19767 W PackageManager: Failure to parse package archive
01-10 20:43:44.574 19767 19767 W PackageManager: android.content.pm.PackageParser$PackageParserException: Failed to parse /data/user/0/com.upgadata.up7723/bzBox/data/app/com.trans.pvzch/base.apk
01-10 20:43:44.574 19767 19767 W PackageManager: at android.content.pm.PackageParser.parseApkLiteInner(PackageParser.java:1516)
01-10 20:43:44.574 19767 19767 W PackageManager: at android.content.pm.PackageParser.parseApkLite(PackageParser.java:1487)
01-10 20:43:44.574 19767 19767 W PackageManager: at android.content.pm.PackageParser.parseMonolithicPackageLite(PackageParser.java:993)
01-10 20:43:44.574 19767 19767 W PackageManager: at android.content.pm.PackageParser.parseMonolithicPackage(PackageParser.java:1202)
01-10 20:43:44.574 19767 19767 W PackageManager: at android.content.pm.PackageParser.parsePackage(PackageParser.java:1116)
01-10 20:43:44.574 19767 19767 W PackageManager: at android.content.pm.PackageManager.getPackageArchiveInfo(PackageManager.java:8346)
01-10 20:43:44.574 19767 19767 W PackageManager: at android.content.pm.PackageManager.getPackageArchiveInfo(PackageManager.java:8323)
01-10 20:43:44.574 19767 19767 W PackageManager: at com.upgadata.up7723.install.ApkInstallUtils.z(ApkInstallUtils.kt:13)
01-10 20:43:44.574 19767 19767 W PackageManager: at com.upgadata.up7723.install.ApkInstallUtils$isBlackBoxGameInstalled$3.invoke(ApkIns tallUtils.kt:3)
01-10 20:43:44.574 19767 19767 W PackageManager: at com.upgadata.up7723.install.ApkInstallUtils$isBlackBoxGameInstalled$3.invoke(ApkIns tallUtils.kt:1)
01-10 20:43:44.574 19767 19767 W PackageManager: at com.upgadata.up7723.install.o.c(CommonUtils.kt:14)
01-10 20:43:44.574 19767 19767 W PackageManager: at com.upgadata.up7723.install.ApkInstallUtils.v(ApkInstallUtils.kt:5)
01-10 20:43:44.574 19767 19767 W PackageManager: at com.upgadata.up7723.widget.view.DownLoadView.setDownloadState(DownLoadView.java:107 )
01-10 20:43:44.574 19767 19767 W PackageManager: at com.upgadata.up7723.widget.view.DownLoadView.U(DownLoadView.java:10)
01-10 20:43:44.574 19767 19767 W PackageManager: at com.upgadata.up7723.widget.view.DownLoadView.s0(DownLoadView.java:18)
01-10 20:43:44.574 19767 19767 W PackageManager: at com.upgadata.up7723.widget.view.DownLoadView.setData(DownLoadView.java:129)
01-10 20:43:44.574 19767 19767 W PackageManager: at com.upgadata.up7723.widget.t0.n(GameItemNormalView.java:108)
01-10 20:43:44.574 19767 19767 W PackageManager: at com.upgadata.up7723.widget.t0.update(GameItemNormalView.java:3)
01-10 20:43:44.574 19767 19767 W PackageManager: at com.upgadata.up7723.base.b.getView(BaseHolderAdapter.java:6)
01-10 20:43:44.574 19767 19767 W PackageManager: at android.widget.AbsListView.obtainView(AbsListView.java:2482)
01-10 20:43:44.574 19767 19767 W PackageManager: at android.widget.ListView.makeAndAddView(ListView.java:2065)
01-10 20:43:44.574 19767 19767 W PackageManager: at android.widget.ListView.fillDown(ListView.java:791)
01-10 20:43:44.574 19767 19767 W PackageManager: at android.widget.ListView.fillGap(ListView.java:754)
01-10 20:43:44.574 19767 19767 W PackageManager: at android.widget.AbsListView.trackMotionScroll(AbsListView.java:5617)
01-10 20:43:44.574 19767 19767 W PackageManager: at android.widget.ListView.trackMotionScroll(ListView.java:1982)
01-10 20:43:44.574 19767 19767 W PackageManager: at android.widget.AbsListView$FlingRunnable.run(AbsListView.java:5159)
01-10 20:43:44.574 19767 19767 W PackageManager: at android.view.Choreographer$CallbackRecord.run(Choreographer.java:1544)
01-10 20:43:44.574 19767 19767 W PackageManager: at android.view.Choreographer$CallbackRecord.run(Choreographer.java:1553)
01-10 20:43:44.574 19767 19767 W PackageManager: at android.view.Choreographer.doCallbacks(Choreographer.java:1109)
01-10 20:43:44.574 19767 19767 W PackageManager: at android.view.ChoreographerExtImpl.doAnimAheadCallback(ChoreographerExtImpl.java:595 )
01-10 20:43:44.574 19767 19767 W PackageManager: at android.view.Choreographer$FrameHandler.handleMessage(Choreographer.java:1440)
01-10 20:43:44.574 19767 19767 W PackageManager: at android.os.Handler.dispatchMessage(Handler.java:106)
01-10 20:43:44.574 19767 19767 W PackageManager: at android.os.Looper.loopOnce(Looper.java:257)
01-10 20:43:44.574 19767 19767 W PackageManager: at android.os.Looper.loop(Looper.java:368)
01-10 20:43:44.574 19767 19767 W PackageManager: at android.app.ActivityThread.main(ActivityThread.java:8839)
01-10 20:43:44.574 19767 19767 W PackageManager: at java.lang.reflect.Method.invoke(Native Method)
01-10 20:43:44.574 19767 19767 W PackageManager: at com.android.internal.os.RuntimeInit$MethodAndArgsCaller.run(RuntimeInit.java:572)
01-10 20:43:44.574 19767 19767 W PackageManager: at com.android.internal.os.ZygoteInit.main(ZygoteInit.java:1049)
01-10 20:43:44.779 19767 19767 D ViewRootImplExtImpl: MotionEvent MotionEvent { action=ACTION_UP, actionButton=0, id[0]=0, x[0]=160.0, y[0]=467.125, toolType[0]=TOOL_TYPE_FINGER, buttonState=0, classification=NONE, metaState=0, flags=0x800, edgeFlags=0x0, pointerCount=1, historySize=0, eventTime=1745996435, downTime=1745996266, deviceId=-1, source=0x1002, displayId=0, eventId=744235145 } handled by client, just return
01-10 20:43:44.798 19767 19767 W ziparchive: Unable to open '/data/user/0/com.upgadata.up7723/bzBox/data/app/com.DefaultCompany.PlantVsZombieGa rdenBattle/base.apk': No such file or directory
01-10 20:43:44.798 19767 19767 E upgadata.up7723: Failed to open APK '/data/user/0/com.upgadata.up7723/bzBox/data/app/com.DefaultCompany.PlantVsZombieGa rdenBattle/base.apk': I/O error
01-10 20:43:44.798 19767 19767 W PackageManager: Failure to parse package archive
01-10 20:43:44.798 19767 19767 W PackageManager: android.content.pm.PackageParser$PackageParserException: Failed to parse /data/user/0/com.upgadata.up7723/bzBox/data/app/com.DefaultCompany.PlantVsZombieGar denBattle/base.apk
01-10 20:43:44.798 19767 19767 W PackageManager: at android.content.pm.PackageParser.parseApkLiteInner(PackageParser.java:1516)
01-10 20:43:44.798 19767 19767 W PackageManager: at android.content.pm.PackageParser.parseApkLite(PackageParser.java:1487)
01-10 20:43:44.798 19767 19767 W PackageManager: at android.content.pm.PackageParser.parseMonolithicPackageLite(PackageParser.java:993)
01-10 20:43:44.798 19767 19767 W PackageManager: at android.content.pm.PackageParser.parseMonolithicPackage(PackageParser.java:1202)
01-10 20:43:44.798 19767 19767 W PackageManager: at android.content.pm.PackageParser.parsePackage(PackageParser.java:1116)
01-10 20:43:44.798 19767 19767 W PackageManager: at android.content.pm.PackageManager.getPackageArchiveInfo(PackageManager.java:8346)
01-10 20:43:44.798 19767 19767 W PackageManager: at android.content.pm.PackageManager.getPackageArchiveInfo(PackageManager.java:8323)
01-10 20:43:44.798 19767 19767 W PackageManager: at com.upgadata.up7723.install.ApkInstallUtils.z(ApkInstallUtils.kt:13)
01-10 20:43:44.798 19767 19767 W PackageManager: at com.upgadata.up7723.install.ApkInstallUtils$isBlackBoxGameInstalled$3.invoke(ApkIns tallUtils.kt:3)
01-10 20:43:44.798 19767 19767 W PackageManager: at com.upgadata.up7723.install.ApkInstallUtils$isBlackBoxGameInstalled$3.invoke(ApkIns tallUtils.kt:1)
01-10 20:43:44.798 19767 19767 W PackageManager: at com.upgadata.up7723.install.o.c(CommonUtils.kt:14)
01-10 20:43:44.798 19767 19767 W PackageManager: at com.upgadata.up7723.install.ApkInstallUtils.v(ApkInstallUtils.kt:5)
01-10 20:43:44.798 19767 19767 W PackageManager: at com.upgadata.up7723.widget.view.DownLoadView.setDownloadState(DownLoadView.java:107 )
01-10 20:43:44.798 19767 19767 W PackageManager: at com.upgadata.up7723.widget.view.DownLoadView.U(DownLoadView.java:10)
01-10 20:43:44.798 19767 19767 W PackageManager: at com.upgadata.up7723.widget.view.DownLoadView.s0(DownLoadView.java:18)
01-10 20:43:44.798 19767 19767 W PackageManager: at com.upgadata.up7723.widget.view.DownLoadView.setData(DownLoadView.java:129)
01-10 20:43:44.798 19767 19767 W PackageManager: at com.upgadata.up7723.widget.t0.n(GameItemNormalView.java:108)
01-10 20:43:44.798 19767 19767 W PackageManager: at com.upgadata.up7723.widget.t0.update(GameItemNormalView.java:3)
01-10 20:43:44.798 19767 19767 W PackageManager: at com.upgadata.up7723.base.b.getView(BaseHolderAdapter.java:6)
01-10 20:43:44.798 19767 19767 W PackageManager: at android.widget.AbsListView.obtainView(AbsListView.java:2482)
01-10 20:43:44.798 19767 19767 W PackageManager: at android.widget.ListView.makeAndAddView(ListView.java:2065)
01-10 20:43:44.798 19767 19767 W PackageManager: at android.widget.ListView.fillDown(ListView.java:791)
01-10 20:43:44.798 19767 19767 W PackageManager: at android.widget.ListView.fillGap(ListView.java:754)
01-10 20:43:44.798 19767 19767 W PackageManager: at android.widget.AbsListView.trackMotionScroll(AbsListView.java:5617)
01-10 20:43:44.798 19767 19767 W PackageManager: at android.widget.ListView.trackMotionScroll(ListView.java:1982)
01-10 20:43:44.798 19767 19767 W PackageManager: at android.widget.AbsListView$FlingRunnable.run(AbsListView.java:5159)
01-10 20:43:44.798 19767 19767 W PackageManager: at android.view.Choreographer$CallbackRecord.run(Choreographer.java:1544)
01-10 20:43:44.798 19767 19767 W PackageManager: at android.view.Choreographer$CallbackRecord.run(Choreographer.java:1553)
01-10 20:43:44.798 19767 19767 W PackageManager: at android.view.Choreographer.doCallbacks(Choreographer.java:1109)
01-10 20:43:44.798 19767 19767 W PackageManager: at android.view.Choreographer.doFrame(Choreographer.java:984)
01-10 20:43:44.798 19767 19767 W PackageManager: at android.view.Choreographer$FrameDisplayEventReceiver.run(Choreographer.java:1527)
01-10 20:43:44.798 19767 19767 W PackageManager: at android.os.Handler.handleCallback(Handler.java:958)
01-10 20:43:44.798 19767 19767 W PackageManager: at android.os.Handler.dispatchMessage(Handler.java:99)
01-10 20:43:44.798 19767 19767 W PackageManager: at android.os.Looper.loopOnce(Looper.java:257)
01-10 20:43:44.798 19767 19767 W PackageManager: at android.os.Looper.loop(Looper.java:368)
01-10 20:43:44.798 19767 19767 W PackageManager: at android.app.ActivityThread.main(ActivityThread.java:8839)
01-10 20:43:44.798 19767 19767 W PackageManager: at java.lang.reflect.Method.invoke(Native Method)
01-10 20:43:44.798 19767 19767 W PackageManager: at com.android.internal.os.RuntimeInit$MethodAndArgsCaller.run(RuntimeInit.java:572)
01-10 20:43:44.798 19767 19767 W PackageManager: at com.android.internal.os.ZygoteInit.main(ZygoteInit.java:1049)
01-10 20:43:45.854 19767 19767 I ImeTracker: com.upgadata.up7723:1945f871: onRequestShow at ORIGIN_CLIENT_SHOW_SOFT_INPUT reason SHOW_SOFT_INPUT
01-10 20:43:45.855 19767 19767 D InputMethodManager: showSoftInput() view=androidx.appcompat.widget.AppCompatEditText{61921df VFED..CL. .F.P.... 78,0- 804,96 #7f0a04ec app:id/gameSearch_titlebar_edit_msg aid=1073741824 viewInfo = } flags=0 reason=SHOW_SOFT_INPUT
01-10 20:43:45.880 19767 19767 D LinearmotorVibrator: vibrate: effect=WaveformEffect { 956bb5b, effectType=0, effectStrength=-1, effectLoop=false, ringtoneVibrateType=-1, isRingtoneCustomized=false, ringtoneFilePath=, strengthSettingEnabled=true, asynchronous=true, usageHint=13 }
01-10 20:43:45.887 19767 19767 D ViewRootImplExtImpl: MotionEvent MotionEvent { action=ACTION_UP, actionButton=0, id[0]=0, x[0]=436.125, y[0]=192.375, toolType[0]=TOOL_TYPE_FINGER, buttonState=0, classification=NONE, metaState=0, flags=0x800, edgeFlags=0x0, pointerCount=1, historySize=0, eventTime=1745997506, downTime=1745997329, deviceId=-1, source=0x1002, displayId=0, eventId=588568839 } handled by client, just return
01-10 20:43:45.887 19767 19767 I Quality : Skipped: true 4 cost 36.485126 refreshRate 8325514 bit true processName com.upgadata.up7723
01-10 20:43:45.888 19767 19767 D AutofillManager: view not autofillable - not passing ime action check
01-10 20:43:45.904 19767 19767 D WindowManager: Add to mViews: android.widget.PopupWindow$PopupDecorView{188b12f V.E...... R.....I. 0,0-0,0 viewInfo = },pkg= com.upgadata.up7723
01-10 20:43:45.911 19767 19767 D InputEventReceiver: Input log is disabled in InputEventReceiver.
01-10 20:43:45.919 19767 19767 I Quality : Skipped: false 1 cost 10.213657 refreshRate 8325107 bit true processName com.upgadata.up7723
01-10 20:43:45.919 19767 19767 E OplusBracketLog: [OplusViewMirrorManager] updateHostViewRootIfNeeded, not support android.view.ViewRootImpl@2baf21a
01-10 20:43:45.928 19767 19767 D BufferQueueConsumer: [](id:4d3700000006,api:0,p:- 1,c:19767) connect: controlledByApp=false
01-10 20:43:45.930 19767 19823 D BufferQueueProducer: [VRI[PopupWindow:f02b30e]#6(BLAST Consumer)6] (id:4d3700000006,api:1,p:19767,c:19767) connect: api=1 producerControlledByApp=true
01-10 20:43:45.930 19767 19823 E OpenGLRenderer: Unable to match the desired swap behavior.
01-10 20:43:45.932 19767 19767 I SurfaceControl: setExtendedRangeBrightness sc=Surface(name=PopupWindow:f02b30e)/@0x5ae6c41,currentBufferRatio=1.0,desiredRatio =1.0
01-10 20:43:45.947 19767 19823 D BLASTBufferQueue: [VRI[PopupWindow:f02b30e]#6] (f:0,a:1) acquireNextBufferLocked size=120x120 mFrameNumber=1 applyTransaction=true mTimestamp=1745997605967494(auto) mPendingTransactions.size=0 graphicBufferId=84898618540057 transform=0
01-10 20:43:45.947 19767 19823 D VRI[PopupWindow:f02b30e]: Received frameCommittedCallback lastAttemptedDrawFrameNum=1 didProduceBuffer=true syncBuffer=false
01-10 20:43:45.948 19767 19767 D VRI[PopupWindow:f02b30e]: draw finished.
01-10 20:43:45.948 19767 19767 D VRI[PopupWindow:f02b30e]: reportDrawFinished
01-10 20:43:45.948 19767 19767 D ViewRootImplExtImpl: setMaxDequeuedBufferCount: 2
01-10 20:43:45.949 19767 19767 I Quality : Skipped: false 1 cost 15.097327 refreshRate 8324902 bit true processName com.upgadata.up7723
01-10 20:43:45.950 19767 19823 D VRI[PopupWindow:f02b30e]: Received frameCommittedCallback lastAttemptedDrawFrameNum=2 didProduceBuffer=false syncBuffer=false
01-10 20:43:45.950 19767 19767 D VRI[PopupWindow:f02b30e]: draw finished.
01-10 20:43:45.950 19767 19767 D VRI[PopupWindow:f02b30e]: reportDrawFinished
01-10 20:43:45.968 19767 19767 W VRI[GameSearchActivity]: handleResized abandoned!
01-10 20:43:45.968 19767 19767 W VRI[HomeActivity]: handleResized abandoned!
01-10 20:43:45.968 19767 19767 W VRI[PopupWindow:f02b30e]: handleResized abandoned!
01-10 20:43:45.999 19767 19767 D InsetsController: show(ime(), fromIme=true)
01-10 20:43:46.020 19767 19767 D OplusCursorFeedback: getExtraCursorWidth
01-10 20:43:46.020 19767 19767 D OplusCursorFeedback: getExtraLeftOffset
01-10 20:43:46.029 19767 19767 W VRI[HomeActivity]: handleResized abandoned!
01-10 20:43:46.029 19767 19767 W VRI[GameSearchActivity]: handleResized abandoned!
01-10 20:43:46.030 19767 19767 W VRI[PopupWindow:f02b30e]: handleResized abandoned!
01-10 20:43:46.047 19767 19767 W ziparchive: Unable to open '/data/user/0/com.upgadata.up7723/bzBox/data/app/com.popcap.pvz_na/base.apk': No such file or directory
01-10 20:43:46.047 19767 19767 E upgadata.up7723: Failed to open APK '/data/user/0/com.upgadata.up7723/bzBox/data/app/com.popcap.pvz_na/base.apk': I/O error
01-10 20:43:46.048 19767 19767 W PackageManager: Failure to parse package archive
01-10 20:43:46.048 19767 19767 W PackageManager: android.content.pm.PackageParser$PackageParserException: Failed to parse /data/user/0/com.upgadata.up7723/bzBox/data/app/com.popcap.pvz_na/base.apk
01-10 20:43:46.048 19767 19767 W PackageManager: at android.content.pm.PackageParser.parseApkLiteInner(PackageParser.java:1516)
01-10 20:43:46.048 19767 19767 W PackageManager: at android.content.pm.PackageParser.parseApkLite(PackageParser.java:1487)
01-10 20:43:46.048 19767 19767 W PackageManager: at android.content.pm.PackageParser.parseMonolithicPackageLite(PackageParser.java:993)
01-10 20:43:46.048 19767 19767 W PackageManager: at android.content.pm.PackageParser.parseMonolithicPackage(PackageParser.java:1202)
01-10 20:43:46.048 19767 19767 W PackageManager: at android.content.pm.PackageParser.parsePackage(PackageParser.java:1116)
01-10 20:43:46.048 19767 19767 W PackageManager: at android.content.pm.PackageManager.getPackageArchiveInfo(PackageManager.java:8346)
01-10 20:43:46.048 19767 19767 W PackageManager: at android.content.pm.PackageManager.getPackageArchiveInfo(PackageManager.java:8323)
01-10 20:43:46.048 19767 19767 W PackageManager: at com.upgadata.up7723.install.ApkInstallUtils.z(ApkInstallUtils.kt:13)
01-10 20:43:46.048 19767 19767 W PackageManager: at com.upgadata.up7723.install.ApkInstallUtils$isBlackBoxGameInstalled$3.invoke(ApkIns tallUtils.kt:3)
01-10 20:43:46.048 19767 19767 W PackageManager: at com.upgadata.up7723.install.ApkInstallUtils$isBlackBoxGameInstalled$3.invoke(ApkIns tallUtils.kt:1)
01-10 20:43:46.048 19767 19767 W PackageManager: at com.upgadata.up7723.install.o.c(CommonUtils.kt:14)
01-10 20:43:46.048 19767 19767 W PackageManager: at com.upgadata.up7723.install.ApkInstallUtils.v(ApkInstallUtils.kt:5)
01-10 20:43:46.048 19767 19767 W PackageManager: at com.upgadata.up7723.widget.view.DownLoadView.setDownloadState(DownLoadView.java:107 )
01-10 20:43:46.048 19767 19767 W PackageManager: at com.upgadata.up7723.widget.view.DownLoadView.U(DownLoadView.java:10)
01-10 20:43:46.048 19767 19767 W PackageManager: at com.upgadata.up7723.widget.view.DownLoadView.s0(DownLoadView.java:18)
01-10 20:43:46.048 19767 19767 W PackageManager: at com.upgadata.up7723.widget.view.DownLoadView.setData(DownLoadView.java:129)
01-10 20:43:46.048 19767 19767 W PackageManager: at com.upgadata.up7723.widget.t0.n(GameItemNormalView.java:108)
01-10 20:43:46.048 19767 19767 W PackageManager: at com.upgadata.up7723.widget.t0.update(GameItemNormalView.java:3)
01-10 20:43:46.048 19767 19767 W PackageManager: at com.upgadata.up7723.base.b.getView(BaseHolderAdapter.java:6)
01-10 20:43:46.048 19767 19767 W PackageManager: at android.widget.AbsListView.obtainView(AbsListView.java:2482)
01-10 20:43:46.048 19767 19767 W PackageManager: at android.widget.ListView.makeAndAddView(ListView.java:2065)
01-10 20:43:46.048 19767 19767 W PackageManager: at android.widget.ListView.fillDown(ListView.java:791)
01-10 20:43:46.048 19767 19767 W PackageManager: at android.widget.ListView.fillSpecific(ListView.java:1502)
01-10 20:43:46.048 19767 19767 W PackageManager: at android.widget.ListView.layoutChildren(ListView.java:1800)
01-10 20:43:46.048 19767 19767 W PackageManager: at android.widget.AbsListView.onLayout(AbsListView.java:2275)
01-10 20:43:46.048 19767 19767 W PackageManager: at android.view.View.layout(View.java:24791)
01-10 20:43:46.048 19767 19767 W PackageManager: at android.view.ViewGroup.layout(ViewGroup.java:6555)
01-10 20:43:46.048 19767 19767 W PackageManager: at android.widget.LinearLayout.setChildFrame(LinearLayout.java:1891)
01-10 20:43:46.048 19767 19767 W PackageManager: at android.widget.LinearLayout.layoutVertical(LinearLayout.java:1729)
01-10 20:43:46.048 19767 19767 W PackageManager: at android.widget.LinearLayout.onLayout(LinearLayout.java:1638)
01-10 20:43:46.048 19767 19767 W PackageManager: at android.view.View.layout(View.java:24791)
01-10 20:43:46.048 19767 19767 W PackageManager: at android.view.ViewGroup.layout(ViewGroup.java:6555)
01-10 20:43:46.048 19767 19767 W PackageManager: at androidx.viewpager.widget.ViewPager.onLayout(ViewPager.java:35)
01-10 20:43:46.048 19767 19767 W PackageManager: at android.view.View.layout(View.java:24791)
01-10 20:43:46.048 19767 19767 W PackageManager: at android.view.ViewGroup.layout(ViewGroup.java:6555)
01-10 20:43:46.048 19767 19767 W PackageManager: at android.widget.LinearLayout.setChildFrame(LinearLayout.java:1891)
01-10 20:43:46.048 19767 19767 W PackageManager: at android.widget.LinearLayout.layoutVertical(LinearLayout.java:1729)
01-10 20:43:46.048 19767 19767 W PackageManager: at android.widget.LinearLayout.onLayout(LinearLayout.java:1638)
01-10 20:43:46.048 19767 19767 W PackageManager: at android.view.View.layout(View.java:24791)
01-10 20:43:46.048 19767 19767 W PackageManager: at android.view.ViewGroup.layout(ViewGroup.java:6555)
01-10 20:43:46.048 19767 19767 W PackageManager: at android.widget.FrameLayout.layoutChildren(FrameLayout.java:332)
01-10 20:43:46.048 19767 19767 W PackageManager: at android.widget.FrameLayout.onLayout(FrameLayout.java:270)
01-10 20:43:46.048 19767 19767 W PackageManager: at android.view.View.layout(View.java:24791)
01-10 20:43:46.048 19767 19767 W PackageManager: at android.view.ViewGroup.layout(ViewGroup.java:6555)
01-10 20:43:46.048 19767 19767 W PackageManager: at android.widget.FrameLayout.layoutChildren(FrameLayout.java:332)
01-10 20:43:46.048 19767 19767 W PackageManager: at android.widget.FrameLayout.onLayout(FrameLayout.java:270)
01-10 20:43:46.048 19767 19767 W PackageManager: at android.view.View.layout(View.java:24791)
01-10 20:43:46.048 19767 19767 W PackageManager: at android.view.ViewGroup.layout(ViewGroup.java:6555)
01-10 20:43:46.048 19767 19767 W PackageManager: at android.widget.LinearLayout.setChildFrame(LinearLayout.java:1891)
01-10 20:43:46.048 19767 19767 W PackageManager: at android.widget.LinearLayout.layoutVertical(LinearLayout.java:1729)
01-10 20:43:46.048 19767 19767 W PackageManager: at android.widget.LinearLayout.onLayout(LinearLayout.java:1638)
01-10 20:43:46.048 19767 19767 W PackageManager: at android.view.View.layout(View.java:24791)
01-10 20:43:46.048 19767 19767 W PackageManager: at android.view.ViewGroup.layout(ViewGroup.java:6555)
01-10 20:43:46.048 19767 19767 W PackageManager: at android.widget.FrameLayout.layoutChildren(FrameLayout.java:332)
01-10 20:43:46.048 19767 19767 W PackageManager: at android.widget.FrameLayout.onLayout(FrameLayout.java:270)
01-10 20:43:46.048 19767 19767 W PackageManager: at android.view.View.layout(View.java:24791)
01-10 20:43:46.048 19767 19767 W PackageManager: at android.view.ViewGroup.layout(ViewGroup.java:6555)
01-10 20:43:46.048 19767 19767 W PackageManager: at android.widget.LinearLayout.setChildFrame(LinearLayout.java:1891)
01-10 20:43:46.048 19767 19767 W PackageManager: at android.widget.LinearLayout.layoutVertical(LinearLayout.java:1729)
01-10 20:43:46.048 19767 19767 W PackageManager: at android.widget.LinearLayout.onLayout(LinearLayout.java:1638)
01-10 20:43:46.048 19767 19767 W PackageManager: at android.view.View.layout(View.java:24791)
01-10 20:43:46.048 19767 19767 W PackageManager: at android.view.ViewGroup.layout(ViewGroup.java:6555)
01-10 20:43:46.048 19767 19767 W PackageManager: at android.widget.FrameLayout.layoutChildren(FrameLayout.java:332)
01-10 20:43:46.048 19767 19767 W PackageManager: at android.widget.FrameLayout.onLayout(FrameLayout.java:270)
01-10 20:43:46.048 19767 19767 W PackageManager: at android.view.View.layout(View.java:24791)
01-10 20:43:46.048 19767 19767 W PackageManager: at android.view.ViewGroup.layout(ViewGroup.java:6555)
01-10 20:43:46.048 19767 19767 W PackageManager: at android.widget.LinearLayout.setChildFrame(LinearLayout.java:1891)
01-10 20:43:46.048 19767 19767 W PackageManager: at android.widget.LinearLayout.layoutVertical(LinearLayout.java:1729)
01-10 20:43:46.048 19767 19767 W PackageManager: at android.widget.LinearLayout.onLayout(LinearLayout.java:1638)
01-10 20:43:46.048 19767 19767 W PackageManager: at android.view.View.layout(View.java:24791)
01-10 20:43:46.048 19767 19767 W PackageManager: at android.view.ViewGroup.layout(ViewGroup.java:6555)
01-10 20:43:46.048 19767 19767 W PackageManager: at me.imid.swipebacklayout.lib.SwipeBackLayout.onLayout(SwipeBackLayout.java:6)
01-10 20:43:46.048 19767 19767 W PackageManager: at android.view.View.layout(View.java:24791)
01-10 20:43:46.048 19767 19767 W PackageManager: at android.view.ViewGroup.layout(ViewGroup.java:6555)
01-10 20:43:46.048 19767 19767 W PackageManager: at android.widget.FrameLayout.layoutChildren(FrameLayout.java:332)
01-10 20:43:46.048 19767 19767 W PackageManager: at android.widget.FrameLayout.onLayout(FrameLayout.java:270)
01-10 20:43:46.048 19767 19767 W PackageManager: at com.android.internal.policy.DecorView.onLayout(DecorView.java:868)
01-10 20:43:46.048 19767 19767 W PackageManager: at android.view.View.layout(View.java:24791)
01-10 20:43:46.048 19767 19767 W PackageManager: at android.view.ViewGroup.layout(ViewGroup.java:6555)
01-10 20:43:46.048 19767 19767 W PackageManager: at android.view.ViewRootImpl.performLayout(ViewRootImpl.java:4768)
01-10 20:43:46.048 19767 19767 W PackageManager: at android.view.ViewRootImpl.performTraversals(ViewRootImpl.java:4013)
01-10 20:43:46.048 19767 19767 W PackageManager: at android.view.ViewRootImpl.doTraversal(ViewRootImpl.java:2765)
01-10 20:43:46.048 19767 19767 W PackageManager: at android.view.ViewRootImpl$TraversalRunnable.run(ViewRootImpl.java:10219)
01-10 20:43:46.048 19767 19767 W PackageManager: at android.view.Choreographer$CallbackRecord.run(Choreographer.java:1544)
01-10 20:43:46.048 19767 19767 W PackageManager: at android.view.Choreographer$CallbackRecord.run(Choreographer.java:1553)
01-10 20:43:46.048 19767 19767 W PackageManager: at android.view.Choreographer.doCallbacks(Choreographer.java:1109)
01-10 20:43:46.048 19767 19767 W PackageManager: at android.view.Choreographer.doFrame(Choreographer.java:994)
01-10 20:43:46.048 19767 19767 W PackageManager: at android.view.Choreographer$FrameDisplayEventReceiver.run(Choreographer.java:1527)
01-10 20:43:46.048 19767 19767 W PackageManager: at android.os.Handler.handleCallback(Handler.java:958)
01-10 20:43:46.048 19767 19767 W PackageManager: at android.os.Handler.dispatchMessage(Handler.java:99)
01-10 20:43:46.048 19767 19767 W PackageManager: at android.os.Looper.loopOnce(Looper.java:257)
01-10 20:43:46.048 19767 19767 W PackageManager: at android.os.Looper.loop(Looper.java:368)
01-10 20:43:46.048 19767 19767 W PackageManager: at android.app.ActivityThread.main(ActivityThread.java:8839)
01-10 20:43:46.048 19767 19767 W PackageManager: at java.lang.reflect.Method.invoke(Native Method)
01-10 20:43:46.048 19767 19767 W PackageManager: at com.android.internal.os.RuntimeInit$MethodAndArgsCaller.run(RuntimeInit.java:572)
01-10 20:43:46.048 19767 19767 W PackageManager: at com.android.internal.os.ZygoteInit.main(ZygoteInit.java:1049)
01-10 20:43:46.052 19767 19767 W ziparchive: Unable to open '/data/user/0/com.upgadata.up7723/bzBox/data/app/com.transwsdx.pvztv/base.apk': No such file or directory
01-10 20:43:46.052 19767 19767 E upgadata.up7723: Failed to open APK '/data/user/0/com.upgadata.up7723/bzBox/data/app/com.transwsdx.pvztv/base.apk': I/O error
01-10 20:43:46.052 19767 19767 W PackageManager: Failure to parse package archive
01-10 20:43:46.052 19767 19767 W PackageManager: android.content.pm.PackageParser$PackageParserException: Failed to parse /data/user/0/com.upgadata.up7723/bzBox/data/app/com.transwsdx.pvztv/base.apk
01-10 20:43:46.052 19767 19767 W PackageManager: at android.content.pm.PackageParser.parseApkLiteInner(PackageParser.java:1516)
01-10 20:43:46.052 19767 19767 W PackageManager: at android.content.pm.PackageParser.parseApkLite(PackageParser.java:1487)
01-10 20:43:46.052 19767 19767 W PackageManager: at android.content.pm.PackageParser.parseMonolithicPackageLite(PackageParser.java:993)
01-10 20:43:46.052 19767 19767 W PackageManager: at android.content.pm.PackageParser.parseMonolithicPackage(PackageParser.java:1202)
01-10 20:43:46.052 19767 19767 W PackageManager: at android.content.pm.PackageParser.parsePackage(PackageParser.java:1116)
01-10 20:43:46.052 19767 19767 W PackageManager: at android.content.pm.PackageManager.getPackageArchiveInfo(PackageManager.java:8346)
01-10 20:43:46.052 19767 19767 W PackageManager: at android.content.pm.PackageManager.getPackageArchiveInfo(PackageManager.java:8323)
01-10 20:43:46.052 19767 19767 W PackageManager: at com.upgadata.up7723.install.ApkInstallUtils.z(ApkInstallUtils.kt:13)
01-10 20:43:46.052 19767 19767 W PackageManager: at com.upgadata.up7723.install.ApkInstallUtils$isBlackBoxGameInstalled$3.invoke(ApkIns tallUtils.kt:3)
01-10 20:43:46.052 19767 19767 W PackageManager: at com.upgadata.up7723.install.ApkInstallUtils$isBlackBoxGameInstalled$3.invoke(ApkIns tallUtils.kt:1)
01-10 20:43:46.052 19767 19767 W PackageManager: at com.upgadata.up7723.install.o.c(CommonUtils.kt:14)
01-10 20:43:46.052 19767 19767 W PackageManager: at com.upgadata.up7723.install.ApkInstallUtils.v(ApkInstallUtils.kt:5)
01-10 20:43:46.052 19767 19767 W PackageManager: at com.upgadata.up7723.widget.view.DownLoadView.setDownloadState(DownLoadView.java:107 )
01-10 20:43:46.052 19767 19767 W PackageManager: at com.upgadata.up7723.widget.view.DownLoadView.U(DownLoadView.java:10)
01-10 20:43:46.052 19767 19767 W PackageManager: at com.upgadata.up7723.widget.view.DownLoadView.s0(DownLoadView.java:18)
01-10 20:43:46.052 19767 19767 W PackageManager: at com.upgadata.up7723.widget.view.DownLoadView.setData(DownLoadView.java:129)
01-10 20:43:46.052 19767 19767 W PackageManager: at com.upgadata.up7723.widget.t0.n(GameItemNormalView.java:108)
01-10 20:43:46.052 19767 19767 W PackageManager: at com.upgadata.up7723.widget.t0.update(GameItemNormalView.java:3)
01-10 20:43:46.052 19767 19767 W PackageManager: at com.upgadata.up7723.base.b.getView(BaseHolderAdapter.java:6)
01-10 20:43:46.052 19767 19767 W PackageManager: at android.widget.AbsListView.obtainView(AbsListView.java:2482)
01-10 20:43:46.052 19767 19767 W PackageManager: at android.widget.ListView.makeAndAddView(ListView.java:2065)
01-10 20:43:46.052 19767 19767 W PackageManager: at android.widget.ListView.fillDown(ListView.java:791)
01-10 20:43:46.052 19767 19767 W PackageManager: at android.widget.ListView.fillSpecific(ListView.java:1502)
01-10 20:43:46.052 19767 19767 W PackageManager: at android.widget.ListView.layoutChildren(ListView.java:1800)
01-10 20:43:46.052 19767 19767 W PackageManager: at android.widget.AbsListView.onLayout(AbsListView.java:2275)
01-10 20:43:46.052 19767 19767 W PackageManager: at android.view.View.layout(View.java:24791)
01-10 20:43:46.052 19767 19767 W PackageManager: at android.view.ViewGroup.layout(ViewGroup.java:6555)
01-10 20:43:46.052 19767 19767 W PackageManager: at android.widget.LinearLayout.setChildFrame(LinearLayout.java:1891)
01-10 20:43:46.052 19767 19767 W PackageManager: at android.widget.LinearLayout.layoutVertical(LinearLayout.java:1729)
01-10 20:43:46.052 19767 19767 W PackageManager: at android.widget.LinearLayout.onLayout(LinearLayout.java:1638)
01-10 20:43:46.052 19767 19767 W PackageManager: at android.view.View.layout(View.java:24791)
01-10 20:43:46.052 19767 19767 W PackageManager: at android.view.ViewGroup.layout(ViewGroup.java:6555)
01-10 20:43:46.052 19767 19767 W PackageManager: at androidx.viewpager.widget.ViewPager.onLayout(ViewPager.java:35)
01-10 20:43:46.052 19767 19767 W PackageManager: at android.view.View.layout(View.java:24791)
01-10 20:43:46.052 19767 19767 W PackageManager: at android.view.ViewGroup.layout(ViewGroup.java:6555)
01-10 20:43:46.052 19767 19767 W PackageManager: at android.widget.LinearLayout.setChildFrame(LinearLayout.java:1891)
01-10 20:43:46.052 19767 19767 W PackageManager: at android.widget.LinearLayout.layoutVertical(LinearLayout.java:1729)
01-10 20:43:46.052 19767 19767 W PackageManager: at android.widget.LinearLayout.onLayout(LinearLayout.java:1638)
01-10 20:43:46.052 19767 19767 W PackageManager: at android.view.View.layout(View.java:24791)
01-10 20:43:46.052 19767 19767 W PackageManager: at android.view.ViewGroup.layout(ViewGroup.java:6555)
01-10 20:43:46.052 19767 19767 W PackageManager: at android.widget.FrameLayout.layoutChildren(FrameLayout.java:332)
01-10 20:43:46.052 19767 19767 W PackageManager: at android.widget.FrameLayout.onLayout(FrameLayout.java:270)
01-10 20:43:46.052 19767 19767 W PackageManager: at android.view.View.layout(View.java:24791)
01-10 20:43:46.052 19767 19767 W PackageManager: at android.view.ViewGroup.layout(ViewGroup.java:6555)
01-10 20:43:46.052 19767 19767 W PackageManager: at android.widget.FrameLayout.layoutChildren(FrameLayout.java:332)
01-10 20:43:46.052 19767 19767 W PackageManager: at android.widget.FrameLayout.onLayout(FrameLayout.java:270)
01-10 20:43:46.052 19767 19767 W PackageManager: at android.view.View.layout(View.java:24791)
01-10 20:43:46.052 19767 19767 W PackageManager: at android.view.ViewGroup.layout(ViewGroup.java:6555)
01-10 20:43:46.052 19767 19767 W PackageManager: at android.widget.LinearLayout.setChildFrame(LinearLayout.java:1891)
01-10 20:43:46.052 19767 19767 W PackageManager: at android.widget.LinearLayout.layoutVertical(LinearLayout.java:1729)
01-10 20:43:46.052 19767 19767 W PackageManager: at android.widget.LinearLayout.onLayout(LinearLayout.java:1638)
01-10 20:43:46.052 19767 19767 W PackageManager: at android.view.View.layout(View.java:24791)
01-10 20:43:46.052 19767 19767 W PackageManager: at android.view.ViewGroup.layout(ViewGroup.java:6555)
01-10 20:43:46.052 19767 19767 W PackageManager: at android.widget.FrameLayout.layoutChildren(FrameLayout.java:332)
01-10 20:43:46.052 19767 19767 W PackageManager: at android.widget.FrameLayout.onLayout(FrameLayout.java:270)
01-10 20:43:46.052 19767 19767 W PackageManager: at android.view.View.layout(View.java:24791)
01-10 20:43:46.052 19767 19767 W PackageManager: at android.view.ViewGroup.layout(ViewGroup.java:6555)
01-10 20:43:46.052 19767 19767 W PackageManager: at android.widget.LinearLayout.setChildFrame(LinearLayout.java:1891)
01-10 20:43:46.052 19767 19767 W PackageManager: at android.widget.LinearLayout.layoutVertical(LinearLayout.java:1729)
01-10 20:43:46.052 19767 19767 W PackageManager: at android.widget.LinearLayout.onLayout(LinearLayout.java:1638)
01-10 20:43:46.052 19767 19767 W PackageManager: at android.view.View.layout(View.java:24791)
01-10 20:43:46.052 19767 19767 W PackageManager: at android.view.ViewGroup.layout(ViewGroup.java:6555)
01-10 20:43:46.052 19767 19767 W PackageManager: at android.widget.FrameLayout.layoutChildren(FrameLayout.java:332)
01-10 20:43:46.052 19767 19767 W PackageManager: at android.widget.FrameLayout.onLayout(FrameLayout.java:270)
01-10 20:43:46.052 19767 19767 W PackageManager: at android.view.View.layout(View.java:24791)
01-10 20:43:46.052 19767 19767 W PackageManager: at android.view.ViewGroup.layout(ViewGroup.java:6555)
01-10 20:43:46.052 19767 19767 W PackageManager: at android.widget.LinearLayout.setChildFrame(LinearLayout.java:1891)
01-10 20:43:46.052 19767 19767 W PackageManager: at android.widget.LinearLayout.layoutVertical(LinearLayout.java:1729)
01-10 20:43:46.052 19767 19767 W PackageManager: at android.widget.LinearLayout.onLayout(LinearLayout.java:1638)
01-10 20:43:46.052 19767 19767 W PackageManager: at android.view.View.layout(View.java:24791)
01-10 20:43:46.052 19767 19767 W PackageManager: at android.view.ViewGroup.layout(ViewGroup.java:6555)
01-10 20:43:46.052 19767 19767 W PackageManager: at me.imid.swipebacklayout.lib.SwipeBackLayout.onLayout(SwipeBackLayout.java:6)
01-10 20:43:46.052 19767 19767 W PackageManager: at android.view.View.layout(View.java:24791)
01-10 20:43:46.052 19767 19767 W PackageManager: at android.view.ViewGroup.layout(ViewGroup.java:6555)
01-10 20:43:46.052 19767 19767 W PackageManager: at android.widget.FrameLayout.layoutChildren(FrameLayout.java:332)
01-10 20:43:46.052 19767 19767 W PackageManager: at android.widget.FrameLayout.onLayout(FrameLayout.java:270)
01-10 20:43:46.052 19767 19767 W PackageManager: at com.android.internal.policy.DecorView.onLayout(DecorView.java:868)
01-10 20:43:46.052 19767 19767 W PackageManager: at android.view.View.layout(View.java:24791)
01-10 20:43:46.052 19767 19767 W PackageManager: at android.view.ViewGroup.layout(ViewGroup.java:6555)
01-10 20:43:46.052 19767 19767 W PackageManager: at android.view.ViewRootImpl.performLayout(ViewRootImpl.java:4768)
01-10 20:43:46.052 19767 19767 W PackageManager: at android.view.ViewRootImpl.performTraversals(ViewRootImpl.java:4013)
01-10 20:43:46.052 19767 19767 W PackageManager: at android.view.ViewRootImpl.doTraversal(ViewRootImpl.java:2765)
01-10 20:43:46.052 19767 19767 W PackageManager: at android.view.ViewRootImpl$TraversalRunnable.run(ViewRootImpl.java:10219)
01-10 20:43:46.052 19767 19767 W PackageManager: at android.view.Choreographer$CallbackRecord.run(Choreographer.java:1544)
01-10 20:43:46.052 19767 19767 W PackageManager: at android.view.Choreographer$CallbackRecord.run(Choreographer.java:1553)
01-10 20:43:46.052 19767 19767 W PackageManager: at android.view.Choreographer.doCallbacks(Choreographer.java:1109)
01-10 20:43:46.052 19767 19767 W PackageManager: at android.view.Choreographer.doFrame(Choreographer.java:994)
01-10 20:43:46.052 19767 19767 W PackageManager: at android.view.Choreographer$FrameDisplayEventReceiver.run(Choreographer.java:1527)
01-10 20:43:46.052 19767 19767 W PackageManager: at android.os.Handler.handleCallback(Handler.java:958)
01-10 20:43:46.052 19767 19767 W PackageManager: at android.os.Handler.dispatchMessage(Handler.java:99)
01-10 20:43:46.052 19767 19767 W PackageManager: at android.os.Looper.loopOnce(Looper.java:257)
01-10 20:43:46.052 19767 19767 W PackageManager: at android.os.Looper.loop(Looper.java:368)
01-10 20:43:46.052 19767 19767 W PackageManager: at android.app.ActivityThread.main(ActivityThread.java:8839)
01-10 20:43:46.052 19767 19767 W PackageManager: at java.lang.reflect.Method.invoke(Native Method)
01-10 20:43:46.052 19767 19767 W PackageManager: at com.android.internal.os.RuntimeInit$MethodAndArgsCaller.run(RuntimeInit.java:572)
01-10 20:43:46.052 19767 19767 W PackageManager: at com.android.internal.os.ZygoteInit.main(ZygoteInit.java:1049)
01-10 20:43:46.231 19767 19767 I ImeTracker: com.upgadata.up7723:1945f871: onShown
01-10 20:43:46.293 19767 19767 I Quality : Skipped: false 1 cost 9.082625 refreshRate 8326236 bit true processName com.upgadata.up7723
01-10 20:43:47.987 19767 20030 E upgadata.up7723: Invalid resource ID 0x00000000.
01-10 20:43:47.988 19767 20030 E upgadata.up7723: Invalid resource ID 0x00000000.
01-10 20:43:47.988 19767 20030 E upgadata.up7723: Invalid resource ID 0x00000000.
01-10 20:43:47.988 19767 20030 E upgadata.up7723: Invalid resource ID 0x00000000.
01-10 20:43:47.989 19767 19767 I oplus.android.OplusFrameworkFactoryImpl: get feature:IOplusDynamicVsyncFeature
01-10 20:43:47.989 19767 19767 I oplus.android.OplusFrameworkFactoryImpl: get feature:IOplusDynamicVsyncFeature
01-10 20:43:47.989 19767 19767 I oplus.android.OplusFrameworkFactoryImpl: get feature:IOplusDynamicVsyncFeature
01-10 20:43:47.989 19767 19767 D OplusViewDebugManager: OplusViewDebugManager Constructor android.view.debug.OplusViewDebugManager@7541c09 [mHasViewDebugProperty true] [mHasMsgDebugProperty false] [DEBUG false] [EXTRAINFOENABLE false] [LIGHT_OS false]
01-10 20:43:47.989 19767 19767 D OplusViewDebugManager: OplusViewDebugManager Constructor android.view.debug.OplusViewDebugManager@750de0e [mHasViewDebugProperty true] [mHasMsgDebugProperty false] [DEBUG false] [EXTRAINFOENABLE false] [LIGHT_OS false]
01-10 20:43:49.592 19767 19767 I Quality : Skipped: true 1 cost 10.191394 refreshRate 8328600 bit true processName com.upgadata.up7723
01-10 20:43:49.826 19767 19767 D OplusScrollToTopManager: PopupWindow:f02b30e,window dying
01-10 20:43:49.826 19767 19767 D OplusScrollToTopManager: PopupWindow:f02b30e,unregisterSystemUIBroadcastReceiver
01-10 20:43:49.826 19767 19767 D OplusScrollToTopManager: PopupWindow:f02b30e, unregisterSystemUIBroadcastReceiver failed java.lang.IllegalArgumentException: Receiver not registered: android.view.OplusScrollToTopManager$2@e794fab
01-10 20:43:49.827 19767 19767 W WindowOnBackDispatcher: sendCancelIfRunning: isInProgress=falsecallback=android.view.ViewRootImpl$ $ExternalSyntheticLambda17@979314b
01-10 20:43:49.830 19767 19767 D OpenGLRenderer: RenderProxy::destroy: this=0x7a47ed1180, mContext=0x7b16320b00
01-10 20:43:49.830 19767 19823 D OpenGLRenderer: SkiaOpenGLPipeline::setSurface: this=0x7aad705cc0, surface=NULL
01-10 20:43:49.830 19767 19823 D BufferQueueProducer: [VRI[PopupWindow:f02b30e]#6(BLAST Consumer)6] (id:4d3700000006,api:1,p:19767,c:19767) disconnect: api 1
01-10 20:43:49.831 19767 19767 D BLASTBufferQueue: [VRI[PopupWindow:f02b30e]#6] (f:0,a:1) destructor()
01-10 20:43:49.831 19767 19767 D BufferQueueConsumer: [VRI[PopupWindow:f02b30e]#6(BLAST Consumer)6](id:4d3700000006,api:0,p:-1,c:19767) disconnect
01-10 20:43:49.849 19767 19767 D OplusCursorFeedback: getExtraCursorWidth
01-10 20:43:49.850 19767 19767 D OplusCursorFeedback: getExtraLeftOffset
01-10 20:43:49.932 19767 19767 I ImeTracker: com.upgadata.up7723:232308ec: onRequestHide at ORIGIN_CLIENT_HIDE_SOFT_INPUT reason HIDE_SOFT_INPUT
01-10 20:43:49.946 19767 19767 W WindowOnBackDispatcher: sendCancelIfRunning: isInProgress=falsecallback=ImeCallback=ImeOnBackInvokedCallback@6540713 Callback=android.window.IOnBackInvokedCallback$Stub$Proxy@92cbe20
01-10 20:43:49.963 19767 19767 D OplusCursorFeedback: getExtraCursorWidth
01-10 20:43:49.963 19767 19767 D OplusCursorFeedback: getExtraLeftOffset
01-10 20:43:49.967 19767 19767 W VRI[HomeActivity]: handleResized abandoned!
01-10 20:43:49.975 19767 19767 W VRI[GameSearchActivity]: handleResized abandoned!
01-10 20:43:50.180 19767 19767 I ImeTracker: com.upgadata.up7723:56a18ff8: onRequestHide at ORIGIN_CLIENT_HIDE_SOFT_INPUT reason HIDE_SOFT_INPUT_BY_INSETS_API
01-10 20:43:50.182 19767 19767 I ImeTracker: com.upgadata.up7723:232308ec: onHidden
01-10 20:43:50.270 19767 19823 D OpenGLRenderer: SkiaOpenGLPipeline::setSurface: this=0x7aad705cc0, surface=NULL
01-10 20:43:50.323 19767 19767 I Quality : Skipped: true 1 cost 8.794869 refreshRate 8327688 bit true processName com.upgadata.up7723
01-10 20:43:50.374 19767 19767 I Quality : Skipped: true 1 cost 9.676163 refreshRate 8327620 bit true processName com.upgadata.up7723
01-10 20:43:50.590 19767 19767 I Quality : Skipped: false 1 cost 8.86265 refreshRate 8327680 bit true processName com.upgadata.up7723
01-10 20:43:50.678 19767 19767 W ziparchive: Unable to open '/data/user/0/com.upgadata.up7723/bzBox/data/app/com.kason.plants.vs.zombies/ base.apk': No such file or directory
01-10 20:43:50.678 19767 19767 E upgadata.up7723: Failed to open APK '/data/user/0/com.upgadata.up7723/bzBox/data/app/com.kason.plants.vs.zombies/ base.apk': I/O error
01-10 20:43:50.679 19767 19767 W PackageManager: Failure to parse package archive
01-10 20:43:50.679 19767 19767 W PackageManager: android.content.pm.PackageParser$PackageParserException: Failed to parse /data/user/0/com.upgadata.up7723/bzBox/data/app/com.kason.plants.vs.zombies/ base.apk
01-10 20:43:50.679 19767 19767 W PackageManager: at android.content.pm.PackageParser.parseApkLiteInner(PackageParser.java:1516)
01-10 20:43:50.679 19767 19767 W PackageManager: at android.content.pm.PackageParser.parseApkLite(PackageParser.java:1487)
01-10 20:43:50.679 19767 19767 W PackageManager: at android.content.pm.PackageParser.parseMonolithicPackageLite(PackageParser.java:993)
01-10 20:43:50.679 19767 19767 W PackageManager: at android.content.pm.PackageParser.parseMonolithicPackage(PackageParser.java:1202)
01-10 20:43:50.679 19767 19767 W PackageManager: at android.content.pm.PackageParser.parsePackage(PackageParser.java:1116)
01-10 20:43:50.679 19767 19767 W PackageManager: at android.content.pm.PackageManager.getPackageArchiveInfo(PackageManager.java:8346)
01-10 20:43:50.679 19767 19767 W PackageManager: at android.content.pm.PackageManager.getPackageArchiveInfo(PackageManager.java:8323)
01-10 20:43:50.679 19767 19767 W PackageManager: at com.upgadata.up7723.install.ApkInstallUtils.z(ApkInstallUtils.kt:13)
01-10 20:43:50.679 19767 19767 W PackageManager: at com.upgadata.up7723.install.ApkInstallUtils$isBlackBoxGameInstalled$3.invoke(ApkIns tallUtils.kt:3)
01-10 20:43:50.679 19767 19767 W PackageManager: at com.upgadata.up7723.install.ApkInstallUtils$isBlackBoxGameInstalled$3.invoke(ApkIns tallUtils.kt:1)
01-10 20:43:50.679 19767 19767 W PackageManager: at com.upgadata.up7723.install.o.c(CommonUtils.kt:14)
01-10 20:43:50.679 19767 19767 W PackageManager: at com.upgadata.up7723.install.ApkInstallUtils.v(ApkInstallUtils.kt:5)
01-10 20:43:50.679 19767 19767 W PackageManager: at com.upgadata.up7723.widget.view.DownLoadView.setDownloadState(DownLoadView.java:107 )
01-10 20:43:50.679 19767 19767 W PackageManager: at com.upgadata.up7723.widget.view.DownLoadView.U(DownLoadView.java:10)
01-10 20:43:50.679 19767 19767 W PackageManager: at com.upgadata.up7723.widget.view.DownLoadView.s0(DownLoadView.java:18)
01-10 20:43:50.679 19767 19767 W PackageManager: at com.upgadata.up7723.widget.view.DownLoadView.setData(DownLoadView.java:129)
01-10 20:43:50.679 19767 19767 W PackageManager: at com.upgadata.up7723.widget.t0.n(GameItemNormalView.java:108)
01-10 20:43:50.679 19767 19767 W PackageManager: at com.upgadata.up7723.widget.t0.update(GameItemNormalView.java:3)
01-10 20:43:50.679 19767 19767 W PackageManager: at com.upgadata.up7723.base.b.getView(BaseHolderAdapter.java:6)
01-10 20:43:50.679 19767 19767 W PackageManager: at android.widget.AbsListView.obtainView(AbsListView.java:2482)
01-10 20:43:50.679 19767 19767 W PackageManager: at android.widget.ListView.makeAndAddView(ListView.java:2065)
01-10 20:43:50.679 19767 19767 W PackageManager: at android.widget.ListView.fillUp(ListView.java:826)
01-10 20:43:50.679 19767 19767 W PackageManager: at android.widget.ListView.correctTooHigh(ListView.java:1568)
01-10 20:43:50.679 19767 19767 W PackageManager: at android.widget.ListView.fillSpecific(ListView.java:1505)
01-10 20:43:50.679 19767 19767 W PackageManager: at android.widget.ListView.layoutChildren(ListView.java:1800)
01-10 20:43:50.679 19767 19767 W PackageManager: at android.widget.AbsListView.onLayout(AbsListView.java:2275)
01-10 20:43:50.679 19767 19767 W PackageManager: at android.view.View.layout(View.java:24791)
01-10 20:43:50.679 19767 19767 W PackageManager: at android.view.ViewGroup.layout(ViewGroup.java:6555)
01-10 20:43:50.679 19767 19767 W PackageManager: at android.widget.LinearLayout.setChildFrame(LinearLayout.java:1891)
01-10 20:43:50.679 19767 19767 W PackageManager: at android.widget.LinearLayout.layoutVertical(LinearLayout.java:1729)
01-10 20:43:50.679 19767 19767 W PackageManager: at android.widget.LinearLayout.onLayout(LinearLayout.java:1638)
01-10 20:43:50.679 19767 19767 W PackageManager: at android.view.View.layout(View.java:24791)
01-10 20:43:50.679 19767 19767 W PackageManager: at android.view.ViewGroup.layout(ViewGroup.java:6555)
01-10 20:43:50.679 19767 19767 W PackageManager: at androidx.viewpager.widget.ViewPager.onLayout(ViewPager.java:35)
01-10 20:43:50.679 19767 19767 W PackageManager: at android.view.View.layout(View.java:24791)
01-10 20:43:50.679 19767 19767 W PackageManager: at android.view.ViewGroup.layout(ViewGroup.java:6555)
01-10 20:43:50.679 19767 19767 W PackageManager: at android.widget.LinearLayout.setChildFrame(LinearLayout.java:1891)
01-10 20:43:50.679 19767 19767 W PackageManager: at android.widget.LinearLayout.layoutVertical(LinearLayout.java:1729)
01-10 20:43:50.679 19767 19767 W PackageManager: at android.widget.LinearLayout.onLayout(LinearLayout.java:1638)
