01-10 20:42:57.106 19972 20139 I cr_WVCFactoryProvider: Loaded version=117.0.5938.60 minSdkVersion=29 isBundle=true multiprocess=true packageId=2
01-10 20:42:57.119 19767 19988 D UxIconPackageManagerExt: UxIcon checkChooseIconsRootPath false
01-10 20:42:57.120 19972 20152 E chromium: [0110/204257.119305:ERROR:variations_seed_loader.cc(69)] Failed to open file for reading. Errno: 2
01-10 20:42:57.131 19972 19972 I cr_LibraryLoader: Successfully loaded native library
01-10 20:42:57.131 19972 19972 I cr_CachingUmaRecorder: Flushed 7 samples from 7 histograms, 0 samples were dropped.
01-10 20:42:57.150 19767 19988 D UxIconPackageManagerExt: UxIcon checkChooseIconsRootPath false
01-10 20:42:57.187 19972 19972 D CompatibilityChangeReporter: Compat change id reported: 183155436; UID 10609; state: DISABLED
01-10 20:42:57.202 19767 19988 D UxIconPackageManagerExt: UxIcon checkChooseIconsRootPath false
01-10 20:42:57.223 19767 19988 D UxIconPackageManagerExt: UxIcon checkChooseIconsRootPath false
01-10 20:42:57.239 19767 19839 I System.out: [okhttp]:check permission begin!
01-10 20:42:57.239 19767 19839 I System.out: [okhttp]:not MMS!
01-10 20:42:57.239 19767 19839 I System.out: [okhttp]:not Email!
01-10 20:42:57.239 19767 19839 D TrafficStats: tagSocket(141) with statsTag=0xffffffff, statsUid=-1
01-10 20:42:57.249 19767 19988 D UxIconPackageManagerExt: UxIcon checkChooseIconsRootPath false
01-10 20:42:57.251 19767 20055 D TrafficStats: tagSocket(219) with statsTag=0xffffffff, statsUid=-1
01-10 20:42:57.252 19767 20050 D TrafficStats: tagSocket(236) with statsTag=0xffffffff, statsUid=-1
01-10 20:42:57.252 19767 20044 D TrafficStats: tagSocket(234) with statsTag=0xffffffff, statsUid=-1
01-10 20:42:57.253 19767 20065 D TrafficStats: tagSocket(238) with statsTag=0xffffffff, statsUid=-1
01-10 20:42:57.253 19767 20056 D TrafficStats: tagSocket(237) with statsTag=0xffffffff, statsUid=-1
01-10 20:42:57.255 19767 19767 D EventBus: No subscribers registered for event class com.upgadata.up7723.game.root.p
01-10 20:42:57.255 19767 19767 D EventBus: No subscribers registered for event class org.greenrobot.eventbus.h
01-10 20:42:57.278 19767 19988 D UxIconPackageManagerExt: UxIcon checkChooseIconsRootPath false
01-10 20:42:57.300 19767 19988 D UxIconPackageManagerExt: UxIcon checkChooseIconsRootPath false
01-10 20:42:57.324 19767 19988 D UxIconPackageManagerExt: UxIcon checkChooseIconsRootPath false
01-10 20:42:57.341 19972 19972 D CompatibilityChangeReporter: Compat change id reported: 214741472; UID 10609; state: DISABLED
01-10 20:42:57.354 19767 19988 D UxIconPackageManagerExt: UxIcon checkChooseIconsRootPath false
01-10 20:42:57.380 19767 19839 I System.out: [OkHttp] sendRequest>>
01-10 20:42:57.380 19767 19839 I System.out: [OkHttp] sendRequest<<
01-10 20:42:57.381 19767 19988 D UxIconPackageManagerExt: UxIcon checkChooseIconsRootPath false
01-10 20:42:57.412 19767 19988 D UxIconPackageManagerExt: UxIcon checkChooseIconsRootPath false
01-10 20:42:57.443 19767 19988 D UxIconPackageManagerExt: UxIcon checkChooseIconsRootPath false
01-10 20:42:57.464 19767 19988 D UxIconPackageManagerExt: UxIcon checkChooseIconsRootPath false
01-10 20:42:57.479 19767 19988 D UxIconPackageManagerExt: UxIcon checkChooseIconsRootPath false
01-10 20:42:57.495 19767 19988 D UxIconPackageManagerExt: UxIcon checkChooseIconsRootPath false
01-10 20:42:57.515 19767 19988 D UxIconPackageManagerExt: UxIcon checkChooseIconsRootPath false
01-10 20:42:57.531 19767 19839 I System.out: [okhttp]:check permission begin!
01-10 20:42:57.531 19767 19839 I System.out: [okhttp]:not MMS!
01-10 20:42:57.531 19767 19839 I System.out: [okhttp]:not Email!
01-10 20:42:57.531 19767 19839 D TrafficStats: tagSocket(141) with statsTag=0xffffffff, statsUid=-1
01-10 20:42:57.550 19767 19988 D UxIconPackageManagerExt: UxIcon checkChooseIconsRootPath false
01-10 20:42:57.573 19767 19988 D UxIconPackageManagerExt: UxIcon checkChooseIconsRootPath false
01-10 20:42:57.597 19767 19988 D UxIconPackageManagerExt: UxIcon checkChooseIconsRootPath false
01-10 20:42:57.636 19767 19988 D UxIconPackageManagerExt: UxIcon checkChooseIconsRootPath false
01-10 20:42:57.660 19767 19988 D UxIconPackageManagerExt: UxIcon checkChooseIconsRootPath false
01-10 20:42:57.673 19767 19988 D UxIconPackageManagerExt: UxIcon checkChooseIconsRootPath false
01-10 20:42:57.702 19767 19767 D VRI[HomeActivity]: onFocusEvent true
01-10 20:42:57.706 19767 19988 D UxIconPackageManagerExt: UxIcon checkChooseIconsRootPath false
01-10 20:42:57.730 19767 19839 I System.out: [OkHttp] sendRequest>>
01-10 20:42:57.730 19767 19839 I System.out: [OkHttp] sendRequest<<
01-10 20:42:57.767 19767 20143 D TrafficStats: tagSocket(111) with statsTag=0xffffffff, statsUid=-1
01-10 20:42:57.768 19767 19988 D UxIconPackageManagerExt: UxIcon checkChooseIconsRootPath false
01-10 20:42:57.799 19767 19988 D UxIconPackageManagerExt: UxIcon checkChooseIconsRootPath false
01-10 20:42:57.834 19767 19988 D UxIconPackageManagerExt: UxIcon checkChooseIconsRootPath false
01-10 20:42:57.862 19767 19988 D UxIconPackageManagerExt: UxIcon checkChooseIconsRootPath false
01-10 20:42:57.895 19767 19988 D UxIconPackageManagerExt: UxIcon checkChooseIconsRootPath false
01-10 20:42:57.912 19767 19988 D UxIconPackageManagerExt: UxIcon checkChooseIconsRootPath false
01-10 20:42:57.930 19767 19839 I System.out: [okhttp]:check permission begin!
01-10 20:42:57.930 19767 19839 I System.out: [okhttp]:not MMS!
01-10 20:42:57.931 19767 19839 I System.out: [okhttp]:not Email!
01-10 20:42:57.931 19767 19839 D TrafficStats: tagSocket(141) with statsTag=0xffffffff, statsUid=-1
01-10 20:42:57.937 19767 19988 D UxIconPackageManagerExt: UxIcon checkChooseIconsRootPath false
01-10 20:42:57.941 19767 19767 I oplus.android.OplusFrameworkFactoryImpl: get feature:IOplusDynamicVsyncFeature
01-10 20:42:57.941 19767 19767 I oplus.android.OplusFrameworkFactoryImpl: get feature:IOplusDynamicVsyncFeature
01-10 20:42:57.941 19767 19767 I oplus.android.OplusFrameworkFactoryImpl: get feature:IOplusDynamicVsyncFeature
01-10 20:42:57.942 19767 19767 I oplus.android.OplusFrameworkFactoryImpl: get feature:IOplusDynamicVsyncFeature
01-10 20:42:57.942 19767 19767 I oplus.android.OplusFrameworkFactoryImpl: get feature:IOplusDynamicVsyncFeature
01-10 20:42:57.942 19767 19767 I oplus.android.OplusFrameworkFactoryImpl: get feature:IOplusDynamicVsyncFeature
01-10 20:42:57.942 19767 19767 I oplus.android.OplusFrameworkFactoryImpl: get feature:IOplusDynamicVsyncFeature
01-10 20:42:57.942 19767 19767 I oplus.android.OplusFrameworkFactoryImpl: get feature:IOplusDynamicVsyncFeature
01-10 20:42:57.942 19767 19767 I oplus.android.OplusFrameworkFactoryImpl: get feature:IOplusDynamicVsyncFeature
01-10 20:42:57.955 19767 19988 D UxIconPackageManagerExt: UxIcon checkChooseIconsRootPath false
01-10 20:42:57.965 19767 19767 I oplus.android.OplusFrameworkFactoryImpl: get feature:IOplusDynamicVsyncFeature
01-10 20:42:57.966 19767 19767 I oplus.android.OplusFrameworkFactoryImpl: get feature:IOplusDynamicVsyncFeature
01-10 20:42:57.966 19767 19767 I oplus.android.OplusFrameworkFactoryImpl: get feature:IOplusDynamicVsyncFeature
01-10 20:42:57.966 19767 19767 I oplus.android.OplusFrameworkFactoryImpl: get feature:IOplusDynamicVsyncFeature
01-10 20:42:57.966 19767 19767 I oplus.android.OplusFrameworkFactoryImpl: get feature:IOplusDynamicVsyncFeature
01-10 20:42:57.966 19767 19767 I oplus.android.OplusFrameworkFactoryImpl: get feature:IOplusDynamicVsyncFeature
01-10 20:42:57.966 19767 19767 I oplus.android.OplusFrameworkFactoryImpl: get feature:IOplusDynamicVsyncFeature
01-10 20:42:57.966 19767 19767 I oplus.android.OplusFrameworkFactoryImpl: get feature:IOplusDynamicVsyncFeature
01-10 20:42:57.966 19767 19767 I oplus.android.OplusFrameworkFactoryImpl: get feature:IOplusDynamicVsyncFeature
01-10 20:42:57.976 19767 19767 D ViewRootImplExtImpl: wrapConfigInfoIntoFlags rotation=0, smallestScreenWidthDp=360, relayoutAsync=true, newFlags=23592960, title=com.upgadata.up7723/com.upgadata.up7723.main.activity.HomeActivity
01-10 20:42:57.976 19767 19767 D VRI[HomeActivity]: relayoutWindow result, sizeChanged:false, surfaceControlChanged:false, transformHintChanged:false, mSurfaceSize:Point(1080, 2412), mLastSurfaceSize:Point(1080, 2412), mWidth:1080, mHeight:2412, requestedWidth:1080, requestedHeight:2412, transformHint:0, lastTransformHint:0, installOrientation:0, displayRotation:0, isSurfaceValid:true, attr.flag:-2122252032, useBlast:true, tmpFrames:ClientWindowFrames{frame=[0,0] [1080,2412] display=[0,0][1080,2412] parentFrame=[0,0][1080,2412]}
01-10 20:42:57.976 19767 19767 W VRI[HomeActivity]: updateBlastSurfaceIfNeeded, surfaceSize:Point(1080, 2412), lastSurfaceSize:Point(1080, 2412), format:-2, blastBufferQueue:android.graphics.BLASTBufferQueue@9a953dc
01-10 20:42:57.989 19767 20143 I System.out: [OkHttp] sendRequest>>
01-10 20:42:57.989 19767 20143 I System.out: [OkHttp] sendRequest<<
01-10 20:42:57.995 19767 20030 E upgadata.up7723: Invalid resource ID 0x00000000.
01-10 20:42:57.996 19767 20030 E upgadata.up7723: Invalid resource ID 0x00000000.
01-10 20:42:57.996 19767 20030 E upgadata.up7723: Invalid resource ID 0x00000000.
01-10 20:42:57.996 19767 20030 E upgadata.up7723: Invalid resource ID 0x00000000.
01-10 20:42:57.996 19767 20030 E upgadata.up7723: Invalid resource ID 0x00000000.
01-10 20:42:57.996 19767 20030 E upgadata.up7723: Invalid resource ID 0x00000000.
01-10 20:42:57.996 19767 20030 E upgadata.up7723: Invalid resource ID 0x00000000.
01-10 20:42:57.996 19767 20030 E upgadata.up7723: Invalid resource ID 0x00000000.
01-10 20:42:58.010 19767 19988 D UxIconPackageManagerExt: UxIcon checkChooseIconsRootPath false
01-10 20:42:58.021 19767 20030 E upgadata.up7723: Invalid resource ID 0x00000000.
01-10 20:42:58.021 19767 20030 E upgadata.up7723: Invalid resource ID 0x00000000.
01-10 20:42:58.021 19767 20030 E upgadata.up7723: Invalid resource ID 0x00000000.
01-10 20:42:58.021 19767 20030 E upgadata.up7723: Invalid resource ID 0x00000000.
01-10 20:42:58.022 19767 20030 E upgadata.up7723: Invalid resource ID 0x00000000.
01-10 20:42:58.026 19767 20030 E upgadata.up7723: Invalid resource ID 0x00000000.
01-10 20:42:58.027 19767 20030 E upgadata.up7723: Invalid resource ID 0x00000000.
01-10 20:42:58.027 19767 20030 E upgadata.up7723: Invalid resource ID 0x00000000.
01-10 20:42:58.031 19767 20030 E upgadata.up7723: Invalid resource ID 0x00000000.
01-10 20:42:58.033 19767 20030 E upgadata.up7723: Invalid resource ID 0x00000000.
01-10 20:42:58.034 19767 20030 E upgadata.up7723: Invalid resource ID 0x00000000.
01-10 20:42:58.034 19767 20030 E upgadata.up7723: Invalid resource ID 0x00000000.
01-10 20:42:58.036 19767 20030 E upgadata.up7723: Invalid resource ID 0x00000000.
01-10 20:42:58.036 19767 20030 E upgadata.up7723: Invalid resource ID 0x00000000.
01-10 20:42:58.036 19767 20030 E upgadata.up7723: Invalid resource ID 0x00000000.
01-10 20:42:58.036 19767 20030 E upgadata.up7723: Invalid resource ID 0x00000000.
01-10 20:42:58.036 19767 20030 E upgadata.up7723: Invalid resource ID 0x00000000.
01-10 20:42:58.036 19767 20030 E upgadata.up7723: Invalid resource ID 0x00000000.
01-10 20:42:58.036 19767 20030 E upgadata.up7723: Invalid resource ID 0x00000000.
01-10 20:42:58.036 19767 19767 I SurfaceControl: setExtendedRangeBrightness sc=Surface(name=com.upgadata.up7723/com.upgadata.up7723.main.activity.HomeActivity) /@0x6b2ffe4,currentBufferRatio=1.0,desiredRatio=1.0
01-10 20:42:58.036 19767 20030 E upgadata.up7723: Invalid resource ID 0x00000000.
01-10 20:42:58.043 19767 19988 D UxIconPackageManagerExt: UxIcon checkChooseIconsRootPath false
01-10 20:42:58.045 19767 19767 I Quality : Skipped: false 9 cost 76.03137 refreshRate 8328378 bit true processName com.upgadata.up7723
01-10 20:42:58.055 19767 19994 D TrafficStats: tagSocket(275) with statsTag=0xffffffff, statsUid=-1
01-10 20:42:58.077 19767 19767 D ConnectivityManager: getMobileDataEnabled()+ subId=2
01-10 20:42:58.078 19767 19988 D UxIconPackageManagerExt: UxIcon checkChooseIconsRootPath false
01-10 20:42:58.079 19767 19767 D ConnectivityManager: getMobileDataEnabled()- subId=2 retVal=true
01-10 20:42:58.082 19767 19839 I System.out: [OkHttp] sendRequest>>
01-10 20:42:58.082 19767 19839 I System.out: [OkHttp] sendRequest<<
01-10 20:42:58.093 19767 20208 D ConnectivityManager: getMobileDataEnabled()+ subId=2
01-10 20:42:58.093 19767 20208 D ConnectivityManager: getMobileDataEnabled()- subId=2 retVal=true
01-10 20:42:58.129 19767 20208 I DpmTcmClient: RegisterTcmMonitor from: $Proxy3
01-10 20:42:58.129 19767 20208 I System.out: [okhttp]:check permission begin!
01-10 20:42:58.129 19767 20208 I System.out: [okhttp]:not MMS!
01-10 20:42:58.129 19767 20208 I System.out: [okhttp]:not Email!
01-10 20:42:58.134 19767 19988 D UxIconPackageManagerExt: UxIcon checkChooseIconsRootPath false
01-10 20:42:58.162 19767 19988 D UxIconPackageManagerExt: UxIcon checkChooseIconsRootPath false
01-10 20:42:58.204 19767 19988 D UxIconPackageManagerExt: UxIcon checkChooseIconsRootPath false
01-10 20:42:58.235 19767 19988 D UxIconPackageManagerExt: UxIcon checkChooseIconsRootPath false
01-10 20:42:58.239 19767 19988 D UxIconPackageManagerExt: UxIcon checkChooseIconsRootPath false
01-10 20:42:58.240 19767 19839 I System.out: [okhttp]:check permission begin!
01-10 20:42:58.240 19767 19839 I System.out: [okhttp]:not MMS!
01-10 20:42:58.240 19767 19839 I System.out: [okhttp]:not Email!
01-10 20:42:58.241 19767 19839 D TrafficStats: tagSocket(141) with statsTag=0xffffffff, statsUid=-1
01-10 20:42:58.246 19767 19767 I oplus.android.OplusFrameworkFactoryImpl: get feature:IOplusDynamicVsyncFeature
01-10 20:42:58.246 19767 19767 I oplus.android.OplusFrameworkFactoryImpl: get feature:IOplusDynamicVsyncFeature
01-10 20:42:58.246 19767 19767 I oplus.android.OplusFrameworkFactoryImpl: get feature:IOplusDynamicVsyncFeature
01-10 20:42:58.246 19767 19767 D OplusViewDebugManager: OplusViewDebugManager Constructor android.view.debug.OplusViewDebugManager@f70c34 [mHasViewDebugProperty true] [mHasMsgDebugProperty false] [DEBUG false] [EXTRAINFOENABLE false] [LIGHT_OS false]
01-10 20:42:58.247 19767 19767 D OplusViewDebugManager: OplusViewDebugManager Constructor android.view.debug.OplusViewDebugManager@3203a5d [mHasViewDebugProperty true] [mHasMsgDebugProperty false] [DEBUG false] [EXTRAINFOENABLE false] [LIGHT_OS false]
01-10 20:42:58.253 19767 19767 I oplus.android.OplusFrameworkFactoryImpl: get feature:IOplusDynamicVsyncFeature
01-10 20:42:58.253 19767 19767 I oplus.android.OplusFrameworkFactoryImpl: get feature:IOplusDynamicVsyncFeature
01-10 20:42:58.253 19767 19767 I oplus.android.OplusFrameworkFactoryImpl: get feature:IOplusDynamicVsyncFeature
01-10 20:42:58.254 19767 19767 D OplusViewDebugManager: OplusViewDebugManager Constructor android.view.debug.OplusViewDebugManager@712b7a0 [mHasViewDebugProperty true] [mHasMsgDebugProperty false] [DEBUG false] [EXTRAINFOENABLE false] [LIGHT_OS false]
01-10 20:42:58.254 19767 19767 D OplusViewDebugManager: OplusViewDebugManager Constructor android.view.debug.OplusViewDebugManager@cab1f59 [mHasViewDebugProperty true] [mHasMsgDebugProperty false] [DEBUG false] [EXTRAINFOENABLE false] [LIGHT_OS false]
01-10 20:42:58.263 19767 19767 D ViewRootImplExtImpl: wrapConfigInfoIntoFlags rotation=0, smallestScreenWidthDp=360, relayoutAsync=true, newFlags=23592960, title=com.upgadata.up7723/com.upgadata.up7723.main.activity.HomeActivity
01-10 20:42:58.263 19767 19767 D VRI[HomeActivity]: relayoutWindow result, sizeChanged:false, surfaceControlChanged:false, transformHintChanged:false, mSurfaceSize:Point(1080, 2412), mLastSurfaceSize:Point(1080, 2412), mWidth:1080, mHeight:2412, requestedWidth:1080, requestedHeight:2412, transformHint:0, lastTransformHint:0, installOrientation:0, displayRotation:0, isSurfaceValid:true, attr.flag:-2122252032, useBlast:true, tmpFrames:ClientWindowFrames{frame=[0,0] [1080,2412] display=[0,0][1080,2412] parentFrame=[0,0][1080,2412]}
01-10 20:42:58.263 19767 19767 W VRI[HomeActivity]: updateBlastSurfaceIfNeeded, surfaceSize:Point(1080, 2412), lastSurfaceSize:Point(1080, 2412), format:-2, blastBufferQueue:android.graphics.BLASTBufferQueue@9a953dc
01-10 20:42:58.264 19767 19767 I SurfaceControl: setExtendedRangeBrightness sc=Surface(name=com.upgadata.up7723/com.upgadata.up7723.main.activity.HomeActivity) /@0x6b2ffe4,currentBufferRatio=1.0,desiredRatio=1.0
01-10 20:42:58.273 19767 19988 D UxIconPackageManagerExt: UxIcon checkChooseIconsRootPath false
01-10 20:42:58.303 19767 19767 I oplus.android.OplusFrameworkFactoryImpl: get feature:IOplusDynamicVsyncFeature
01-10 20:42:58.303 19767 19767 I oplus.android.OplusFrameworkFactoryImpl: get feature:IOplusDynamicVsyncFeature
01-10 20:42:58.303 19767 19767 I oplus.android.OplusFrameworkFactoryImpl: get feature:IOplusDynamicVsyncFeature
01-10 20:42:58.303 19767 19767 D OplusViewDebugManager: OplusViewDebugManager Constructor android.view.debug.OplusViewDebugManager@128cea6 [mHasViewDebugProperty true] [mHasMsgDebugProperty false] [DEBUG false] [EXTRAINFOENABLE false] [LIGHT_OS false]
01-10 20:42:58.303 19767 19767 D OplusViewDebugManager: OplusViewDebugManager Constructor android.view.debug.OplusViewDebugManager@7bac0e7 [mHasViewDebugProperty true] [mHasMsgDebugProperty false] [DEBUG false] [EXTRAINFOENABLE false] [LIGHT_OS false]
01-10 20:42:58.325 19767 20208 D TrafficStats: tagSocket(329) with statsTag=0xffffffff, statsUid=-1
01-10 20:42:58.327 19767 19988 D UxIconPackageManagerExt: UxIcon checkChooseIconsRootPath false
01-10 20:42:58.366 19767 19988 D UxIconPackageManagerExt: UxIcon checkChooseIconsRootPath false
01-10 20:42:58.375 19767 19839 I System.out: [OkHttp] sendRequest>>
01-10 20:42:58.375 19767 19839 I System.out: [OkHttp] sendRequest<<
01-10 20:42:58.448 19767 19988 D UxIconPackageManagerExt: UxIcon checkChooseIconsRootPath false
01-10 20:42:58.511 19767 19988 D UxIconPackageManagerExt: UxIcon checkChooseIconsRootPath false
01-10 20:42:58.554 19767 19988 D UxIconPackageManagerExt: UxIcon checkChooseIconsRootPath false
01-10 20:42:58.593 19767 19988 D UxIconPackageManagerExt: UxIcon checkChooseIconsRootPath false
01-10 20:42:58.598 19767 20208 I System.out: [OkHttp] sendRequest>>
01-10 20:42:58.598 19767 20208 I System.out: [OkHttp] sendRequest<<
01-10 20:42:58.626 19767 19767 I oplus.android.OplusFrameworkFactoryImpl: get feature:IOplusDynamicVsyncFeature
01-10 20:42:58.627 19767 19767 I oplus.android.OplusFrameworkFactoryImpl: get feature:IOplusDynamicVsyncFeature
01-10 20:42:58.627 19767 19767 I oplus.android.OplusFrameworkFactoryImpl: get feature:IOplusDynamicVsyncFeature
01-10 20:42:58.653 19767 19767 W PackageParser: Ignoring duplicate uses- permissions/uses-permissions-sdk-m: com.android.launcher.permission.READ_SETTINGS in package: com.upgadata.up7723 at: Binary XML file line #122
01-10 20:42:58.653 19767 19767 W PackageParser: Ignoring duplicate uses- permissions/uses-permissions-sdk-m: com.htc.launcher.permission.READ_SETTINGS in package: com.upgadata.up7723 at: Binary XML file line #132
01-10 20:42:58.653 19767 19767 W PackageParser: Ignoring duplicate uses- permissions/uses-permissions-sdk-m: com.oppo.launcher.permission.READ_SETTINGS in package: com.upgadata.up7723 at: Binary XML file line #134
01-10 20:42:58.653 19767 19767 W PackageParser: Ignoring duplicate uses- permissions/uses-permissions-sdk-m: com.huawei.android.launcher.permission.READ_SETTINGS in package: com.upgadata.up7723 at: Binary XML file line #138
01-10 20:42:58.653 19767 19767 W PackageParser: Ignoring duplicate uses- permissions/uses-permissions-sdk-m: com.huawei.android.launcher.permission.CHANGE_BADGE in package: com.upgadata.up7723 at: Binary XML file line #139
01-10 20:42:58.653 19767 19767 W PackageParser: Ignoring duplicate uses- permissions/uses-permissions-sdk-m: android.permission.ACCESS_COARSE_LOCATION in package: com.upgadata.up7723 at: Binary XML file line #140
01-10 20:42:58.653 19767 19767 W PackageParser: Ignoring duplicate uses- permissions/uses-permissions-sdk-m: android.permission.ACCESS_FINE_LOCATION in package: com.upgadata.up7723 at: Binary XML file line #141
01-10 20:42:58.653 19767 19767 W PackageParser: Ignoring duplicate uses- permissions/uses-permissions-sdk-m: android.permission.WRITE_SYNC_SETTINGS in package: com.upgadata.up7723 at: Binary XML file line #158
01-10 20:42:58.653 19767 19767 W PackageParser: Ignoring duplicate uses- permissions/uses-permissions-sdk-m: android.permission.GET_INTENT_SENDER_INTENT in package: com.upgadata.up7723 at: Binary XML file line #195
01-10 20:42:58.653 19767 19767 W PackageParser: Unknown element under <manifest>: queries at /storage/emulated/0/Android/data/com.upgadata.up7723/files/Download/ 7723_5.5.2_d9ddbf.apk Binary XML file line #212
01-10 20:42:58.658 19767 19767 W PackageParser: No actions in intent filter at /storage/emulated/0/Android/data/com.upgadata.up7723/files/Download/ 7723_5.5.2_d9ddbf.apk Binary XML file line #4639
01-10 20:42:58.659 19767 19988 D UxIconPackageManagerExt: UxIcon checkChooseIconsRootPath false
01-10 20:42:58.663 19767 19767 D WindowManager: Add to mViews: DecorView@418c823[HomeActivity],pkg= com.upgadata.up7723
01-10 20:42:58.679 19767 19767 D InputEventReceiver: Input log is disabled in InputEventReceiver.
01-10 20:42:58.685 19767 19767 I Quality : Skipped: false 7 cost 58.45736 refreshRate 8324601 bit true processName com.upgadata.up7723
01-10 20:42:58.686 19767 19988 D UxIconPackageManagerExt: UxIcon checkChooseIconsRootPath false
01-10 20:42:58.687 19767 19767 E OplusBracketLog: [OplusViewMirrorManager] updateHostViewRootIfNeeded, not support android.view.ViewRootImpl@151ab95
01-10 20:42:58.700 19767 19767 D BufferQueueConsumer: [](id:4d3700000003,api:0,p:- 1,c:19767) connect: controlledByApp=false
01-10 20:42:58.702 19767 19823 D BufferQueueProducer: [VRI[HomeActivity]#3(BLAST Consumer)3](id:4d3700000003,api:1,p:19767,c:19767) connect: api=1 producerControlledByApp=true
01-10 20:42:58.702 19767 19823 E OpenGLRenderer: Unable to match the desired swap behavior.
01-10 20:42:58.702 19767 20298 I System.out: [okhttp]:check permission begin!
01-10 20:42:58.702 19767 20298 I System.out: [okhttp]:not MMS!
01-10 20:42:58.702 19767 20298 I System.out: [okhttp]:not Email!
01-10 20:42:58.703 19767 19767 I SurfaceControl: setExtendedRangeBrightness sc=Surface(name=com.upgadata.up7723/com.upgadata.up7723.main.activity.HomeActivity) /@0x3b2c00a,currentBufferRatio=1.0,desiredRatio=1.0
01-10 20:42:58.708 19767 19823 D BLASTBufferQueue: [VRI[HomeActivity]#3](f:0,a:1) acquireNextBufferLocked size=1080x2316 mFrameNumber=1 applyTransaction=true mTimestamp=1745950367250949(auto) mPendingTransactions.size=0 graphicBufferId=84898618540044 transform=0
01-10 20:42:58.709 19767 19823 D VRI[HomeActivity]: Received frameCommittedCallback lastAttemptedDrawFrameNum=1 didProduceBuffer=true syncBuffer=false
01-10 20:42:58.709 19767 19767 D VRI[HomeActivity]: draw finished.
01-10 20:42:58.709 19767 19767 D VRI[HomeActivity]: reportDrawFinished
01-10 20:42:58.709 19767 19767 D ViewRootImplExtImpl: setMaxDequeuedBufferCount: 2
01-10 20:42:58.710 19767 20300 I System.out: [okhttp]:check permission begin!
01-10 20:42:58.712 19767 19893 D OplusScrollToTopManager: com.upgadata.up7723/com.upgadata.up7723.main.activity.HomeActivity,This DecorView@c36c504[HomeActivity] change focus to true
01-10 20:42:58.712 19767 20300 I System.out: [okhttp]:not MMS!
01-10 20:42:58.712 19767 19893 D OplusScrollToTopManager: com.upgadata.up7723/com.upgadata.up7723.main.activity.HomeActivity,registerSystemUI BroadcastReceiver
01-10 20:42:58.712 19767 20300 I System.out: [okhttp]:not Email!
01-10 20:42:58.716 19767 19767 I Quality : Skipped: false 2 cost 22.5026 refreshRate 8324845 bit true processName com.upgadata.up7723
01-10 20:42:58.722 19767 20208 D ConnectivityManager: getMobileDataEnabled()+ subId=2
01-10 20:42:58.724 19767 20208 D ConnectivityManager: getMobileDataEnabled()- subId=2 retVal=true
01-10 20:42:58.734 19767 20324 I System.out: [okhttp]:check permission begin!
01-10 20:42:58.734 19767 20324 I System.out: [okhttp]:not MMS!
01-10 20:42:58.734 19767 20324 I System.out: [okhttp]:not Email!
01-10 20:42:58.737 19767 19988 D UxIconPackageManagerExt: UxIcon checkChooseIconsRootPath false
01-10 20:42:58.746 19767 19823 D VRI[HomeActivity]: Received frameCommittedCallback lastAttemptedDrawFrameNum=2 didProduceBuffer=true syncBuffer=false
01-10 20:42:58.746 19767 19767 D VRI[HomeActivity]: draw finished.
01-10 20:42:58.746 19767 19767 D VRI[HomeActivity]: reportDrawFinished
01-10 20:42:58.748 19767 19767 D VRI[HomeActivity]: onFocusEvent false
01-10 20:42:58.748 19767 19767 D VRI[HomeActivity]: onFocusEvent true
01-10 20:42:58.748 19767 19767 I Quality : Skipped: true 2 cost 21.600931 refreshRate 8325133 bit true processName com.upgadata.up7723
01-10 20:42:58.772 19767 19767 I Quality : Skipped: true 1 cost 12.28999 refreshRate 8325334 bit true processName com.upgadata.up7723
01-10 20:42:58.782 19767 19988 D UxIconPackageManagerExt: UxIcon checkChooseIconsRootPath false
01-10 20:42:58.795 19767 19777 W upgadata.up7723: Cleared Reference was only reachable from finalizer (only reported once)
01-10 20:42:58.820 19767 19988 D UxIconPackageManagerExt: UxIcon checkChooseIconsRootPath false
01-10 20:42:58.823 19767 20298 D TrafficStats: tagSocket(157) with statsTag=0xffffffff, statsUid=-1
01-10 20:42:58.842 19767 19777 I upgadata.up7723: Background concurrent copying GC freed 5167363(150MB) AllocSpace objects, 936(74MB) LOS objects, 49% free, 17MB/35MB, paused 565us,164us total 252.789ms
01-10 20:42:58.859 19767 19823 D OpenGLRenderer: SkiaOpenGLPipeline::setSurface: this=0x7b1a0ac680, surface=NULL
01-10 20:42:58.870 19767 20300 D TrafficStats: tagSocket(141) with statsTag=0xffffffff, statsUid=-1
01-10 20:42:58.876 19767 20324 D TrafficStats: tagSocket(247) with statsTag=0xffffffff, statsUid=-1
01-10 20:42:58.891 19767 19779 W System : A resource failed to call close.
01-10 20:42:58.896 19767 19779 W System : A resource failed to call close.
01-10 20:42:58.896 19767 19779 W System : A resource failed to call close.
01-10 20:42:58.896 19767 19779 W System : A resource failed to call close.
01-10 20:42:58.897 19767 19779 W System : A resource failed to call close.
01-10 20:42:58.897 19767 19779 W System : A resource failed to call close.
01-10 20:42:58.909 19767 19988 D UxIconPackageManagerExt: UxIcon checkChooseIconsRootPath false
01-10 20:42:58.922 19767 19988 D UxIconPackageManagerExt: UxIcon checkChooseIconsRootPath false
01-10 20:42:58.926 19767 19988 D UxIconPackageManagerExt: UxIcon checkChooseIconsRootPath false
01-10 20:42:58.970 19767 19988 D UxIconPackageManagerExt: UxIcon checkChooseIconsRootPath false
01-10 20:42:58.984 19767 19988 D UxIconPackageManagerExt: UxIcon checkChooseIconsRootPath false
01-10 20:42:58.998 19767 19988 D UxIconPackageManagerExt: UxIcon checkChooseIconsRootPath false
01-10 20:42:59.000 19767 19988 D UxIconPackageManagerExt: UxIcon checkChooseIconsRootPath false
01-10 20:42:59.017 19767 19820 D OplusScrollToTopManager: Toast,window dying
01-10 20:42:59.017 19767 19820 D OplusScrollToTopManager: Toast,unregisterSystemUIBroadcastReceiver
01-10 20:42:59.017 19767 19820 D OplusScrollToTopManager: Toast, unregisterSystemUIBroadcastReceiver failed java.lang.IllegalArgumentException: Receiver not registered: android.view.OplusScrollToTopManager$2@ec95bd
01-10 20:42:59.017 19767 19820 W WindowOnBackDispatcher: sendCancelIfRunning: isInProgress=falsecallback=android.view.ViewRootImpl$ $ExternalSyntheticLambda17@bd1e06c
01-10 20:42:59.019 19767 19988 D UxIconPackageManagerExt: UxIcon checkChooseIconsRootPath false
01-10 20:42:59.019 19767 19820 D OpenGLRenderer: RenderProxy::destroy: this=0x7b1a0eb580, mContext=0x7a46a4e580
01-10 20:42:59.019 19767 19823 D OpenGLRenderer: SkiaOpenGLPipeline::setSurface: this=0x7a9272ce80, surface=NULL
01-10 20:42:59.020 19767 19823 D BufferQueueProducer: [VRI[Toast]#2(BLAST Consumer)2](id:4d3700000002,api:1,p:19767,c:19767) disconnect: api 1
01-10 20:42:59.020 19767 19820 D BLASTBufferQueue: [VRI[Toast]#2](f:0,a:1) destructor()
01-10 20:42:59.020 19767 19820 D BufferQueueConsumer: [VRI[Toast]#2(BLAST Consumer)2](id:4d3700000002,api:0,p:-1,c:19767) disconnect
01-10 20:42:59.033 19767 19988 D UxIconPackageManagerExt: UxIcon checkChooseIconsRootPath false
01-10 20:42:59.045 19767 19988 D UxIconPackageManagerExt: UxIcon checkChooseIconsRootPath false
01-10 20:42:59.058 19767 19988 D UxIconPackageManagerExt: UxIcon checkChooseIconsRootPath false
01-10 20:42:59.062 19767 20298 I System.out: [OkHttp] sendRequest>>
01-10 20:42:59.062 19767 20298 I System.out: [OkHttp] sendRequest<<
01-10 20:42:59.080 19767 20300 I System.out: [OkHttp] sendRequest>>
01-10 20:42:59.080 19767 20300 I System.out: [OkHttp] sendRequest<<
01-10 20:42:59.081 19767 19988 D UxIconPackageManagerExt: UxIcon checkChooseIconsRootPath false
01-10 20:42:59.087 19767 19988 D UxIconPackageManagerExt: UxIcon checkChooseIconsRootPath false
01-10 20:42:59.097 19767 20324 I System.out: [OkHttp] sendRequest>>
01-10 20:42:59.097 19767 20324 I System.out: [OkHttp] sendRequest<<
01-10 20:42:59.164 19767 19988 D UxIconPackageManagerExt: UxIcon checkChooseIconsRootPath false
01-10 20:42:59.188 19767 19988 D UxIconPackageManagerExt: UxIcon checkChooseIconsRootPath false
01-10 20:42:59.221 19767 19988 D UxIconPackageManagerExt: UxIcon checkChooseIconsRootPath false
01-10 20:42:59.233 19767 19988 D UxIconPackageManagerExt: UxIcon checkChooseIconsRootPath false
01-10 20:42:59.248 19767 19988 D UxIconPackageManagerExt: UxIcon checkChooseIconsRootPath false
01-10 20:42:59.261 19767 19988 D UxIconPackageManagerExt: UxIcon checkChooseIconsRootPath false
01-10 20:42:59.286 19767 19988 D UxIconPackageManagerExt: UxIcon checkChooseIconsRootPath false
01-10 20:42:59.289 19767 19988 D UxIconPackageManagerExt: UxIcon checkChooseIconsRootPath false
01-10 20:42:59.301 19767 19988 D UxIconPackageManagerExt: UxIcon checkChooseIconsRootPath false
01-10 20:42:59.313 19767 19988 D UxIconPackageManagerExt: UxIcon checkChooseIconsRootPath false
01-10 20:42:59.327 19767 19988 D UxIconPackageManagerExt: UxIcon checkChooseIconsRootPath false
01-10 20:42:59.350 19767 19988 D UxIconPackageManagerExt: UxIcon checkChooseIconsRootPath false
01-10 20:42:59.356 19767 19767 D OplusInputMethodManagerInternal: get inputMethodManager extension: com.android.internal.view.IInputMethodManager$Stub$Proxy@fd499ff
01-10 20:42:59.377 19767 19988 D UxIconPackageManagerExt: UxIcon checkChooseIconsRootPath false
01-10 20:42:59.384 19767 19988 D UxIconPackageManagerExt: UxIcon checkChooseIconsRootPath false
01-10 20:42:59.404 19767 19988 D UxIconPackageManagerExt: UxIcon checkChooseIconsRootPath false
01-10 20:42:59.425 19767 19988 D UxIconPackageManagerExt: UxIcon checkChooseIconsRootPath false
01-10 20:42:59.451 19767 19988 D UxIconPackageManagerExt: UxIcon checkChooseIconsRootPath false
01-10 20:42:59.494 19767 19988 D UxIconPackageManagerExt: UxIcon checkChooseIconsRootPath false
01-10 20:42:59.519 19767 19988 D UxIconPackageManagerExt: UxIcon checkChooseIconsRootPath false
01-10 20:42:59.533 19767 19988 D UxIconPackageManagerExt: UxIcon checkChooseIconsRootPath false
01-10 20:42:59.555 19767 19988 D UxIconPackageManagerExt: UxIcon checkChooseIconsRootPath false
01-10 20:42:59.567 19767 19988 D UxIconPackageManagerExt: UxIcon checkChooseIconsRootPath false
01-10 20:42:59.589 19767 19988 D UxIconPackageManagerExt: UxIcon checkChooseIconsRootPath false
01-10 20:42:59.600 19767 19988 D UxIconPackageManagerExt: UxIcon checkChooseIconsRootPath false
01-10 20:42:59.611 19767 19988 D UxIconPackageManagerExt: UxIcon checkChooseIconsRootPath false
01-10 20:42:59.619 19767 19988 D UxIconPackageManagerExt: UxIcon checkChooseIconsRootPath false
01-10 20:42:59.643 19767 19988 D UxIconPackageManagerExt: UxIcon checkChooseIconsRootPath false
01-10 20:42:59.660 19767 19988 D UxIconPackageManagerExt: UxIcon checkChooseIconsRootPath false
01-10 20:42:59.673 19767 19988 D UxIconPackageManagerExt: UxIcon checkChooseIconsRootPath false
01-10 20:42:59.690 19767 19988 D UxIconPackageManagerExt: UxIcon checkChooseIconsRootPath false
01-10 20:42:59.720 19767 19988 D UxIconPackageManagerExt: UxIcon checkChooseIconsRootPath false
01-10 20:42:59.726 19767 19988 D UxIconPackageManagerExt: UxIcon checkChooseIconsRootPath false
01-10 20:42:59.737 19767 19988 D UxIconPackageManagerExt: UxIcon checkChooseIconsRootPath false
01-10 20:42:59.751 19767 19938 D TrafficStats: tagSocket(255) with statsTag=0xffffffff, statsUid=-1
01-10 20:42:59.756 19767 19893 D OplusScrollToTopManager: com.upgadata.up7723/com.upgadata.up7723.main.activity.HomeActivity,This DecorView@c36c504[HomeActivity] change focus to false
01-10 20:42:59.756 19767 19893 D OplusScrollToTopManager: com.upgadata.up7723/com.upgadata.up7723.main.activity.HomeActivity,unregisterSystem UIBroadcastReceiver
01-10 20:42:59.757 19767 19893 D OplusScrollToTopManager: com.upgadata.up7723/com.upgadata.up7723.main.activity.HomeActivity,This DecorView@418c823[HomeActivity] change focus to true
01-10 20:42:59.757 19767 19893 D OplusScrollToTopManager: com.upgadata.up7723/com.upgadata.up7723.main.activity.HomeActivity,registerSystemUI BroadcastReceiver
01-10 20:42:59.765 19767 19988 D UxIconPackageManagerExt: UxIcon checkChooseIconsRootPath false
01-10 20:42:59.794 19767 19988 D UxIconPackageManagerExt: UxIcon checkChooseIconsRootPath false
01-10 20:42:59.815 19767 19988 D UxIconPackageManagerExt: UxIcon checkChooseIconsRootPath false
01-10 20:42:59.830 19767 19988 D UxIconPackageManagerExt: UxIcon checkChooseIconsRootPath false
01-10 20:42:59.842 19767 19988 D UxIconPackageManagerExt: UxIcon checkChooseIconsRootPath false
01-10 20:42:59.861 19767 19988 D UxIconPackageManagerExt: UxIcon checkChooseIconsRootPath false
01-10 20:42:59.866 19767 19988 D UxIconPackageManagerExt: UxIcon checkChooseIconsRootPath false
01-10 20:42:59.891 19767 19988 D UxIconPackageManagerExt: UxIcon checkChooseIconsRootPath false
01-10 20:42:59.894 19767 19988 D UxIconPackageManagerExt: UxIcon checkChooseIconsRootPath false
01-10 20:42:59.907 19767 19988 D UxIconPackageManagerExt: UxIcon checkChooseIconsRootPath false
01-10 20:42:59.915 19767 19988 D UxIconPackageManagerExt: UxIcon checkChooseIconsRootPath false
01-10 20:42:59.931 19767 19988 D UxIconPackageManagerExt: UxIcon checkChooseIconsRootPath false
01-10 20:42:59.947 19767 19988 D UxIconPackageManagerExt: UxIcon checkChooseIconsRootPath false
01-10 20:42:59.964 19767 19988 D UxIconPackageManagerExt: UxIcon checkChooseIconsRootPath false
01-10 20:42:59.972 19767 19988 D UxIconPackageManagerExt: UxIcon checkChooseIconsRootPath false
01-10 20:42:59.998 19767 19988 D UxIconPackageManagerExt: UxIcon checkChooseIconsRootPath false
01-10 20:43:00.014 19767 20375 D TrafficStats: tagSocket(300) with statsTag=0xffffffff, statsUid=-1
01-10 20:43:00.015 19767 19988 D UxIconPackageManagerExt: UxIcon checkChooseIconsRootPath false
01-10 20:43:00.033 19767 19988 D UxIconPackageManagerExt: UxIcon checkChooseIconsRootPath false
01-10 20:43:00.044 19767 19988 D UxIconPackageManagerExt: UxIcon checkChooseIconsRootPath false
01-10 20:43:00.073 19767 19988 D UxIconPackageManagerExt: UxIcon checkChooseIconsRootPath false
01-10 20:43:00.102 19767 19988 D UxIconPackageManagerExt: UxIcon checkChooseIconsRootPath false
01-10 20:43:00.122 19767 19988 D UxIconPackageManagerExt: UxIcon checkChooseIconsRootPath false
01-10 20:43:00.140 19767 19988 D UxIconPackageManagerExt: UxIcon checkChooseIconsRootPath false
01-10 20:43:00.158 19767 19988 D UxIconPackageManagerExt: UxIcon checkChooseIconsRootPath false
01-10 20:43:00.171 19767 19988 D UxIconPackageManagerExt: UxIcon checkChooseIconsRootPath false
01-10 20:43:00.186 19767 19988 D UxIconPackageManagerExt: UxIcon checkChooseIconsRootPath false
01-10 20:43:00.213 19767 19988 D UxIconPackageManagerExt: UxIcon checkChooseIconsRootPath false
01-10 20:43:00.219 19767 19988 D UxIconPackageManagerExt: UxIcon checkChooseIconsRootPath false
01-10 20:43:00.234 19767 19988 D UxIconPackageManagerExt: UxIcon checkChooseIconsRootPath false
01-10 20:43:00.250 19767 19988 D UxIconPackageManagerExt: UxIcon checkChooseIconsRootPath false
01-10 20:43:00.252 19767 19988 D UxIconPackageManagerExt: UxIcon checkChooseIconsRootPath false
01-10 20:43:00.298 19767 19988 D UxIconPackageManagerExt: UxIcon checkChooseIconsRootPath false
01-10 20:43:00.320 19767 19998 D TrafficStats: tagSocket(316) with statsTag=0xffffffff, statsUid=-1
01-10 20:43:00.337 19767 19988 D UxIconPackageManagerExt: UxIcon checkChooseIconsRootPath false
01-10 20:43:00.342 19767 19988 D UxIconPackageManagerExt: UxIcon checkChooseIconsRootPath false
01-10 20:43:00.370 19767 19988 D UxIconPackageManagerExt: UxIcon checkChooseIconsRootPath false
01-10 20:43:00.373 19767 19988 D UxIconPackageManagerExt: UxIcon checkChooseIconsRootPath false
01-10 20:43:00.379 19767 19767 D ViewRootImplExtImpl: MotionEvent MotionEvent { action=ACTION_UP, actionButton=0, id[0]=0, x[0]=258.625, y[0]=2239.625, toolType[0]=TOOL_TYPE_FINGER, buttonState=0, classification=NONE, metaState=0, flags=0x800, edgeFlags=0x0, pointerCount=1, historySize=0, eventTime=1745952035, downTime=1745951964, deviceId=-1, source=0x1002, displayId=0, eventId=624008160 } handled by client, just return
01-10 20:43:00.394 19767 19767 W PackageParser: Ignoring duplicate uses- permissions/uses-permissions-sdk-m: com.android.launcher.permission.READ_SETTINGS in package: com.upgadata.up7723 at: Binary XML file line #122
01-10 20:43:00.394 19767 19767 W PackageParser: Ignoring duplicate uses- permissions/uses-permissions-sdk-m: com.htc.launcher.permission.READ_SETTINGS in package: com.upgadata.up7723 at: Binary XML file line #132
01-10 20:43:00.394 19767 19767 W PackageParser: Ignoring duplicate uses- permissions/uses-permissions-sdk-m: com.oppo.launcher.permission.READ_SETTINGS in package: com.upgadata.up7723 at: Binary XML file line #134
01-10 20:43:00.394 19767 19767 W PackageParser: Ignoring duplicate uses- permissions/uses-permissions-sdk-m: com.huawei.android.launcher.permission.READ_SETTINGS in package: com.upgadata.up7723 at: Binary XML file line #138
01-10 20:43:00.394 19767 19767 W PackageParser: Ignoring duplicate uses- permissions/uses-permissions-sdk-m: com.huawei.android.launcher.permission.CHANGE_BADGE in package: com.upgadata.up7723 at: Binary XML file line #139
01-10 20:43:00.394 19767 19767 W PackageParser: Ignoring duplicate uses- permissions/uses-permissions-sdk-m: android.permission.ACCESS_COARSE_LOCATION in package: com.upgadata.up7723 at: Binary XML file line #140
01-10 20:43:00.394 19767 19767 W PackageParser: Ignoring duplicate uses- permissions/uses-permissions-sdk-m: android.permission.ACCESS_FINE_LOCATION in package: com.upgadata.up7723 at: Binary XML file line #141
01-10 20:43:00.394 19767 19767 W PackageParser: Ignoring duplicate uses- permissions/uses-permissions-sdk-m: android.permission.WRITE_SYNC_SETTINGS in package: com.upgadata.up7723 at: Binary XML file line #158
01-10 20:43:00.394 19767 19767 W PackageParser: Ignoring duplicate uses- permissions/uses-permissions-sdk-m: android.permission.GET_INTENT_SENDER_INTENT in package: com.upgadata.up7723 at: Binary XML file line #195
01-10 20:43:00.394 19767 19767 W PackageParser: Unknown element under <manifest>: queries at /storage/emulated/0/Android/data/com.upgadata.up7723/files/Download/ 7723_5.5.2_d9ddbf.apk Binary XML file line #212
01-10 20:43:00.400 19767 19767 W PackageParser: No actions in intent filter at /storage/emulated/0/Android/data/com.upgadata.up7723/files/Download/ 7723_5.5.2_d9ddbf.apk Binary XML file line #4639
01-10 20:43:00.402 19767 19767 D OplusScrollToTopManager: com.upgadata.up7723/com.upgadata.up7723.main.activity.HomeActivity,window dying
01-10 20:43:00.402 19767 19767 D OplusScrollToTopManager: com.upgadata.up7723/com.upgadata.up7723.main.activity.HomeActivity,unregisterSystem UIBroadcastReceiver
01-10 20:43:00.404 19767 19767 W WindowOnBackDispatcher: sendCancelIfRunning: isInProgress=falsecallback=android.view.ViewRootImpl$ $ExternalSyntheticLambda17@c4ba4aa
01-10 20:43:00.406 19767 19767 D OpenGLRenderer: RenderProxy::destroy: this=0x7a47887a00, mContext=0x7a3ffa6640
01-10 20:43:00.406 19767 19823 D OpenGLRenderer: SkiaOpenGLPipeline::setSurface: this=0x7a3ff34040, surface=NULL
01-10 20:43:00.406 19767 19823 D BufferQueueProducer: [VRI[HomeActivity]#3(BLAST Consumer)3](id:4d3700000003,api:1,p:19767,c:19767) disconnect: api 1
01-10 20:43:00.407 19767 19767 D BLASTBufferQueue: [VRI[HomeActivity]#3](f:0,a:1) destructor()
01-10 20:43:00.407 19767 19767 D BufferQueueConsumer: [VRI[HomeActivity]#3(BLAST Consumer)3](id:4d3700000003,api:0,p:-1,c:19767) disconnect
01-10 20:43:00.424 19767 19767 I Quality : Skipped: false 3 cost 32.028156 refreshRate 8326246 bit true processName com.upgadata.up7723
01-10 20:43:00.433 19767 19988 D UxIconPackageManagerExt: UxIcon checkChooseIconsRootPath false
01-10 20:43:00.441 19767 19767 D VRI[HomeActivity]: onFocusEvent true
01-10 20:43:00.460 19767 19767 I Quality : Skipped: false 1 cost 9.314567 refreshRate 8325938 bit true processName com.upgadata.up7723
01-10 20:43:00.468 19767 19988 D UxIconPackageManagerExt: UxIcon checkChooseIconsRootPath false
01-10 20:43:00.479 19767 19988 D UxIconPackageManagerExt: UxIcon checkChooseIconsRootPath false
01-10 20:43:00.492 19767 19988 D UxIconPackageManagerExt: UxIcon checkChooseIconsRootPath false
01-10 20:43:00.519 19767 19988 D UxIconPackageManagerExt: UxIcon checkChooseIconsRootPath false
01-10 20:43:00.550 19767 19988 D UxIconPackageManagerExt: UxIcon checkChooseIconsRootPath false
01-10 20:43:00.559 19767 19988 D UxIconPackageManagerExt: UxIcon checkChooseIconsRootPath false
01-10 20:43:00.574 19767 19988 D UxIconPackageManagerExt: UxIcon checkChooseIconsRootPath false
01-10 20:43:00.586 19767 19988 D UxIconPackageManagerExt: UxIcon checkChooseIconsRootPath false
01-10 20:43:00.613 19767 19988 D UxIconPackageManagerExt: UxIcon checkChooseIconsRootPath false
01-10 20:43:00.652 19767 19988 D UxIconPackageManagerExt: UxIcon checkChooseIconsRootPath false
01-10 20:43:00.694 19767 19988 D UxIconPackageManagerExt: UxIcon checkChooseIconsRootPath false
01-10 20:43:00.709 19767 19988 D UxIconPackageManagerExt: UxIcon checkChooseIconsRootPath false
01-10 20:43:01.287 19767 19914 I System.out: [okhttp]:check permission begin!
01-10 20:43:01.287 19767 19914 I System.out: [okhttp]:not MMS!
01-10 20:43:01.287 19767 19914 I System.out: [okhttp]:not Email!
01-10 20:43:01.312 19767 19767 D ViewRootImplExtImpl: MotionEvent MotionEvent { action=ACTION_UP, actionButton=0, id[0]=0, x[0]=262.875, y[0]=203.625, toolType[0]=TOOL_TYPE_FINGER, buttonState=0, classification=NONE, metaState=0, flags=0x800, edgeFlags=0x0, pointerCount=1, historySize=0, eventTime=1745952969, downTime=1745952906, deviceId=-1, source=0x1002, displayId=0, eventId=271199392 } handled by client, just return
01-10 20:43:01.331 19767 19767 I Quality : Skipped: true 1 cost 14.356304 refreshRate 8325932 bit true processName com.upgadata.up7723
01-10 20:43:01.335 19767 19767 I upgadata.up7723: _Desupression native alloc gc_urgency: 124694 native bytes: 120637082
01-10 20:43:01.335 19767 19767 D ScrollOptim [SceneManager]: updateCurrentActivity: mCurrentActivityName=null, isOptEnable=true, isAnimAheadEnable=true, isFrameInsertEnable=true, InsertNum=1, isEnabledForScrollChanged=false
01-10 20:43:01.351 19767 19767 D ResourcesManagerExtImpl: applyConfigurationToAppResourcesLocked app.getDisplayId() return callback.displayId:-1
01-10 20:43:01.358 19767 19767 I oplus.android.OplusFrameworkFactoryImpl: get feature:IOplusDynamicVsyncFeature
01-10 20:43:01.358 19767 19767 I oplus.android.OplusFrameworkFactoryImpl: get feature:IOplusDynamicVsyncFeature
01-10 20:43:01.358 19767 19767 I oplus.android.OplusFrameworkFactoryImpl: get feature:IOplusDynamicVsyncFeature
01-10 20:43:01.369 19767 19823 D OpenGLRenderer: SkiaOpenGLPipeline::setSurface: this=0x7a3ff34040, surface=NULL
01-10 20:43:01.371 19767 19767 I oplus.android.OplusFrameworkFactoryImpl: get feature:IOplusDynamicVsyncFeature
01-10 20:43:01.371 19767 19767 I oplus.android.OplusFrameworkFactoryImpl: get feature:IOplusDynamicVsyncFeature
01-10 20:43:01.371 19767 19767 I oplus.android.OplusFrameworkFactoryImpl: get feature:IOplusDynamicVsyncFeature
01-10 20:43:01.374 19767 19767 I oplus.android.OplusFrameworkFactoryImpl: get feature:IOplusDynamicVsyncFeature
01-10 20:43:01.374 19767 19767 I oplus.android.OplusFrameworkFactoryImpl: get feature:IOplusDynamicVsyncFeature
01-10 20:43:01.374 19767 19767 I oplus.android.OplusFrameworkFactoryImpl: get feature:IOplusDynamicVsyncFeature
01-10 20:43:01.375 19767 19767 I oplus.android.OplusFrameworkFactoryImpl: get feature:IOplusDynamicVsyncFeature
01-10 20:43:01.375 19767 19767 I oplus.android.OplusFrameworkFactoryImpl: get feature:IOplusDynamicVsyncFeature
01-10 20:43:01.375 19767 19767 I oplus.android.OplusFrameworkFactoryImpl: get feature:IOplusDynamicVsyncFeature
01-10 20:43:01.378 19767 19939 D TrafficStats: tagSocket(156) with statsTag=0xffffffff, statsUid=-1
01-10 20:43:01.381 19767 19767 D ScrollOptim [SceneManager]: updateCurrentActivity: mCurrentActivityName=com.upgadata.up7723.game.GameSearchActivity, isOptEnable=true, isAnimAheadEnable=true, isFrameInsertEnable=true, InsertNum=1, isEnabledForScrollChanged=false
01-10 20:43:01.381 19767 19767 D ActivityThread: ComponentInfo{com.upgadata.up7723/com.upgadata.up7723.game.GameSearchActivity} checkFinished=false 2
01-10 20:43:01.381 19767 19767 D ResourcesManagerExtImpl: applyConfigurationToAppResourcesLocked app.getDisplayId() return callback.displayId:-1
01-10 20:43:01.383 19767 19767 D WindowManager: Add to mViews: DecorView@b9b97ed[GameSearchActivity],pkg= com.upgadata.up7723
01-10 20:43:01.392 19767 19767 D InputEventReceiver: Input log is disabled in InputEventReceiver.
01-10 20:43:01.395 19767 19767 D VRI[HomeActivity]: onFocusEvent false
01-10 20:43:01.395 19767 19767 D ResourcesManagerExtImpl: applyConfigurationToAppResourcesLocked app.getDisplayId() return callback.displayId:-1
01-10 20:43:01.395 19767 19779 W System : A resource failed to call close.
01-10 20:43:01.396 19767 19767 E OplusBracketLog: [OplusViewMirrorManager] updateHostViewRootIfNeeded, not support android.view.ViewRootImpl@f85726e
01-10 20:43:01.397 19767 19914 D TrafficStats: tagSocket(94) with statsTag=0xffffffff, statsUid=-1
01-10 20:43:01.400 19767 19767 D AutofillManager: view not autofillable - not passing ime action check
01-10 20:43:01.400 19767 19767 D AutofillManager: view not autofillable - not passing ime action check
01-10 20:43:01.444 19767 19893 D OplusScrollToTopManager: com.upgadata.up7723/com.upgadata.up7723.main.activity.HomeActivity,This DecorView@c36c504[HomeActivity] change focus to true
01-10 20:43:01.444 19767 19893 D OplusScrollToTopManager: com.upgadata.up7723/com.upgadata.up7723.main.activity.HomeActivity,registerSystemUI BroadcastReceiver
01-10 20:43:01.466 19767 19767 D ViewRootImplExtImpl: wrapConfigInfoIntoFlags rotation=0, smallestScreenWidthDp=360, relayoutAsync=false, newFlags=23592960, title=com.upgadata.up7723/com.upgadata.up7723.game.GameSearchActivity
01-10 20:43:01.478 19767 19767 D VRI[GameSearchActivity]: relayoutWindow result, sizeChanged:true, surfaceControlChanged:true, transformHintChanged:true, mSurfaceSize:Point(1080, 2412), mLastSurfaceSize:Point(0, 0), mWidth:-1, mHeight:- 1, requestedWidth:1080, requestedHeight:2412, transformHint:0, lastTransformHint:- 2147483648, installOrientation:0, displayRotation:0, isSurfaceValid:true, attr.flag:-2122252032, useBlast:true, tmpFrames:ClientWindowFrames{frame=[0,0] [1080,2412] display=[0,0][1080,2412] parentFrame=[0,0][0,0]}
01-10 20:43:01.478 19767 19767 W VRI[GameSearchActivity]: updateBlastSurfaceIfNeeded, surfaceSize:Point(1080, 2412), lastSurfaceSize:Point(0, 0), format:-2, blastBufferQueue:null
01-10 20:43:01.478 19767 19767 D BufferQueueConsumer: [](id:4d3700000004,api:0,p:- 1,c:19767) connect: controlledByApp=false
01-10 20:43:01.480 19767 19823 D BufferQueueProducer: [VRI[GameSearchActivity]#4(BLAST Consumer)4](id:4d3700000004,api:1,p:19767,c:19767) connect: api=1 producerControlledByApp=true
01-10 20:43:01.480 19767 19823 E OpenGLRenderer: Unable to match the desired swap behavior.
01-10 20:43:01.482 19767 19767 I SurfaceControl: setExtendedRangeBrightness sc=Surface(name=com.upgadata.up7723/com.upgadata.up7723.game.GameSearchActivity)/ @0x1fe3dd5,currentBufferRatio=1.0,desiredRatio=1.0
01-10 20:43:01.494 19767 19823 D BLASTBufferQueue: [VRI[GameSearchActivity]#4] (f:0,a:1) acquireNextBufferLocked size=1080x2412 mFrameNumber=1 applyTransaction=true mTimestamp=1745953152803396(auto) mPendingTransactions.size=0 graphicBufferId=84898618540048 transform=0
01-10 20:43:01.494 19767 19823 D VRI[GameSearchActivity]: Received frameCommittedCallback lastAttemptedDrawFrameNum=1 didProduceBuffer=true syncBuffer=false
01-10 20:43:01.494 19767 19767 D VRI[GameSearchActivity]: draw finished.
01-10 20:43:01.494 19767 19767 D VRI[GameSearchActivity]: reportDrawFinished
01-10 20:43:01.494 19767 19767 D ViewRootImplExtImpl: setMaxDequeuedBufferCount: 2
01-10 20:43:01.497 19767 19767 I Quality : Skipped: false 10 cost 88.73199 refreshRate 8326404 bit true processName com.upgadata.up7723
01-10 20:43:01.514 19767 19767 W VRI[GameSearchActivity]: handleResized, msg:5, frameChanged:false, configChanged:false, displayChanged:false, attachedFrameChanged:false, compatScaleChanged:false, pendingDragResizing=false
01-10 20:43:01.518 19767 19767 D VRI[GameSearchActivity]: onFocusEvent true
01-10 20:43:01.522 19767 19767 I oplus.android.OplusFrameworkFactoryImpl: get feature:IOplusDynamicVsyncFeature
01-10 20:43:01.523 19767 19767 I oplus.android.OplusFrameworkFactoryImpl: get feature:IOplusDynamicVsyncFeature
