01-30 09:58:44.358 24759 24786 E invoke========: o0000Ooo read
01-30 09:58:44.358 24759 24786 E invoke========: o0000Ooo read
01-30 09:58:44.359 24759 24786 E invoke========: o0000Ooo read
01-30 09:58:44.359 24759 24786 E invoke========: o0000Ooo read
01-30 09:58:44.359 24759 24786 E invoke========: o0000Ooo read
01-30 09:58:44.359 24759 24786 E invoke========: o0000Ooo read
01-30 09:58:44.359 24759 24786 E invoke========: o0000Ooo read
01-30 09:58:44.359 24759 24786 E invoke========: o0000Ooo read
01-30 09:58:44.359 24759 24786 E invoke========: o0000Ooo read
01-30 09:58:44.359 24759 24786 E invoke========: o0000Ooo read
01-30 09:58:44.359 24759 24786 E invoke========: o0000Ooo read
01-30 09:58:44.359 24759 24786 E invoke========: o0000Ooo read
01-30 09:58:44.359 24759 24786 E invoke========: o0000Ooo read
01-30 09:58:44.359 24759 24786 E invoke========: o0000Ooo read
01-30 09:58:44.359 24759 24786 E invoke========: o0000Ooo read
01-30 09:58:44.359 24759 24786 E invoke========: o0000Ooo read
01-30 09:58:44.359 24759 24786 E invoke========: o0000Ooo read
01-30 09:58:44.359 24759 24786 E invoke========: o0000Ooo read
01-30 09:58:44.359 24759 24786 E invoke========: o0000Ooo read
01-30 09:58:44.359 24759 24786 E invoke========: o0000Ooo read
01-30 09:58:44.359 24759 24786 E invoke========: o0000Ooo read
01-30 09:58:44.359 24759 24786 E invoke========: o0000Ooo read
01-30 09:58:44.359 24759 24786 E invoke========: o0000Ooo read
01-30 09:58:44.360 24759 24786 E invoke========: o0000Ooo read
01-30 09:58:44.360 24759 24786 E invoke========: o0000Ooo read
01-30 09:58:44.360 24759 24786 E invoke========: o0000Ooo read
01-30 09:58:44.360 24759 24786 E invoke========: o0000Ooo read
01-30 09:58:44.360 24759 24786 E invoke========: o0000Ooo read
01-30 09:58:44.360 24759 24786 E invoke========: o0000Ooo read
01-30 09:58:44.360 24759 24786 E invoke========: o0000Ooo read
01-30 09:58:44.360 24759 24786 E invoke========: o0000Ooo read
01-30 09:58:44.360 24759 24786 E invoke========: o0000Ooo read
01-30 09:58:44.360 24759 24786 E invoke========: o0000Ooo read
01-30 09:58:44.360 24759 24786 E invoke========: o0000Ooo read
01-30 09:58:44.360 24759 24786 E invoke========: o0000Ooo read
01-30 09:58:44.360 24759 24786 E invoke========: o0000Ooo read
01-30 09:58:44.360 24759 24786 E invoke========: o0000Ooo read
01-30 09:58:44.360 24759 24786 E invoke========: o0000Ooo read
01-30 09:58:44.360 24759 24786 E invoke========: o0000Ooo read
01-30 09:58:44.360 24759 24786 E invoke========: o0000Ooo read
01-30 09:58:44.360 24759 24786 E invoke========: o0000Ooo read
01-30 09:58:44.360 24759 24786 E invoke========: o0000Ooo read
01-30 09:58:44.360 24759 24786 E invoke========: o0000Ooo read
01-30 09:58:44.360 24759 24786 E invoke========: o0000Ooo read
01-30 09:58:44.361 24759 24786 E invoke========: o0000Ooo read
01-30 09:58:44.361 24759 24786 E invoke========: o0000Ooo read
01-30 09:58:44.361 24759 24786 E invoke========: o0000Ooo read
01-30 09:58:44.361 24759 24786 E invoke========: o0000Ooo read
01-30 09:58:44.361 24759 24786 E invoke========: o0000Ooo read
01-30 09:58:44.361 24759 24786 E invoke========: o0000Ooo read
01-30 09:58:44.361 24759 24786 E invoke========: o0000Ooo read
01-30 09:58:44.361 24759 24786 E invoke========: o0000Ooo read
01-30 09:58:44.361 24759 24786 E invoke========: o0000Ooo read
01-30 09:58:44.361 24759 24786 E invoke========: o0000Ooo read
01-30 09:58:44.361 24759 24786 E invoke========: o0000Ooo read
01-30 09:58:44.361 24759 24786 E invoke========: o0000Ooo read
01-30 09:58:44.361 24759 24786 E invoke========: o0000Ooo read
01-30 09:58:44.361 24759 24786 E invoke========: o0000Ooo read
01-30 09:58:44.361 24759 24786 E invoke========: o0000Ooo read
01-30 09:58:44.361 24759 24786 E invoke========: o0000Ooo read
01-30 09:58:44.361 24759 24786 E invoke========: o0000Ooo read
01-30 09:58:44.361 24759 24786 E invoke========: o0000Ooo read
01-30 09:58:44.361 24759 24786 E invoke========: o0000Ooo read
01-30 09:58:44.361 24759 24786 E invoke========: o0000Ooo read
01-30 09:58:44.361 24759 24786 E invoke========: o0000Ooo read
01-30 09:58:44.361 24759 24786 E invoke========: o0000Ooo read
01-30 09:58:44.362 24759 24786 E invoke========: o0000Ooo read
01-30 09:58:44.362 24759 24786 E invoke========: o0000Ooo read
01-30 09:58:44.362 24759 24786 E invoke========: o0000Ooo read
01-30 09:58:44.362 24759 24786 E invoke========: o0000Ooo read
01-30 09:58:44.362 24759 24786 E invoke========: o0000Ooo read
01-30 09:58:44.362 24759 24786 E invoke========: o0000Ooo read
01-30 09:58:44.362 24759 24786 E invoke========: o0000Ooo read
01-30 09:58:44.362 24759 24786 E invoke========: o0000Ooo read
01-30 09:58:44.362 24759 24786 E invoke========: o0000Ooo read
01-30 09:58:44.362 24759 24786 E invoke========: o0000Ooo read
01-30 09:58:44.362 24759 24786 E invoke========: o0000Ooo read
01-30 09:58:44.362 24759 24786 E invoke========: o0000Ooo read
01-30 09:58:44.362 24759 24786 E invoke========: o0000Ooo read
01-30 09:58:44.362 24759 24786 E invoke========: o0000Ooo read
01-30 09:58:44.362 24759 24786 E invoke========: o0000Ooo read
01-30 09:58:44.362 24759 24786 E invoke========: o0000Ooo read
01-30 09:58:44.362 24759 24786 E invoke========: o0000Ooo read
01-30 09:58:44.362 24759 24786 E invoke========: o0000Ooo read
01-30 09:58:44.362 24759 24786 E invoke========: o0000Ooo read
01-30 09:58:44.362 24759 24786 E invoke========: o0000Ooo read
01-30 09:58:44.363 24759 24786 E invoke========: o0000Ooo read
01-30 09:58:44.363 24759 24786 E invoke========: o0000Ooo read
01-30 09:58:44.363 24759 24786 E invoke========: o0000Ooo read
01-30 09:58:44.363 24759 24786 E invoke========: o0000Ooo read
01-30 09:58:44.363 24759 24786 E invoke========: o0000Ooo read
01-30 09:58:44.363 24759 24786 E invoke========: o0000Ooo read
01-30 09:58:44.363 24759 24786 E invoke========: o0000Ooo read
01-30 09:58:44.363 24759 24786 E invoke========: o0000Ooo read
01-30 09:58:44.363 24759 24786 E invoke========: o0000Ooo read
01-30 09:58:44.363 24759 24786 E invoke========: o0000Ooo read
01-30 09:58:44.363 24759 24786 E invoke========: o0000Ooo read
01-30 09:58:44.363 24759 24786 E invoke========: o0000Ooo read
01-30 09:58:44.363 24759 24786 E invoke========: o0000Ooo read
01-30 09:58:44.363 24759 24786 E invoke========: o0000Ooo read
01-30 09:58:44.363 24759 24786 E invoke========: o0000Ooo read
01-30 09:58:44.363 24759 24786 E invoke========: o0000Ooo read
01-30 09:58:44.363 24759 24786 E invoke========: o0000Ooo read
01-30 09:58:44.363 24759 24786 E invoke========: o0000Ooo read
01-30 09:58:44.364 24759 24786 E invoke========: o0000Ooo read
01-30 09:58:44.364 24759 24786 E invoke========: o0000Ooo read
01-30 09:58:44.364 24759 24786 E invoke========: o0000Ooo read
01-30 09:58:44.364 24759 24786 E invoke========: o0000Ooo read
01-30 09:58:44.364 24759 24786 E invoke========: o0000Ooo read
01-30 09:58:44.364 24759 24786 E invoke========: o0000Ooo read
01-30 09:58:44.364 24759 24786 E invoke========: o0000Ooo read
01-30 09:58:44.364 24759 24786 E invoke========: o0000Ooo read
01-30 09:58:44.364 24759 24786 E invoke========: o0000Ooo read
01-30 09:58:44.364 24759 24786 E invoke========: o0000Ooo read
01-30 09:58:44.364 24759 24786 E invoke========: o0000Ooo read
01-30 09:58:44.364 24759 24786 E invoke========: o0000Ooo read
01-30 09:58:44.364 24759 24786 E invoke========: o0000Ooo read
01-30 09:58:44.364 24759 24786 E invoke========: o0000Ooo read
01-30 09:58:44.364 24759 24786 E invoke========: o0000Ooo read
01-30 09:58:44.364 24759 24786 E invoke========: o0000Ooo read
01-30 09:58:44.364 24759 24786 E invoke========: o0000Ooo read
01-30 09:58:44.364 24759 24786 E invoke========: o0000Ooo read
01-30 09:58:44.364 24759 24786 E invoke========: o0000Ooo read
01-30 09:58:44.364 24759 24786 E invoke========: o0000Ooo read
01-30 09:58:44.364 24759 24786 E invoke========: o0000Ooo read
01-30 09:58:44.364 24759 24786 E invoke========: o0000Ooo read
01-30 09:58:44.364 24759 24786 E invoke========: o0000Ooo read
01-30 09:58:44.365 24759 24786 E invoke========: o0000Ooo read
01-30 09:58:44.365 24759 24786 E invoke========: o0000Ooo read
01-30 09:58:44.365 24759 24786 E invoke========: o0000Ooo read
01-30 09:58:44.365 24759 24786 E invoke========: o0000Ooo read
01-30 09:58:44.365 24759 24786 E invoke========: o0000Ooo read
01-30 09:58:44.365 24759 24786 E invoke========: o0000Ooo read
01-30 09:58:44.365 24759 24786 E invoke========: o0000Ooo read
01-30 09:58:44.365 24759 24786 E invoke========: o0000Ooo read
01-30 09:58:44.365 24759 24786 E invoke========: o0000Ooo read
01-30 09:58:44.365 24759 24786 E invoke========: o0000Ooo read
01-30 09:58:44.365 24759 24786 E invoke========: o0000Ooo read
01-30 09:58:44.365 24759 24786 E invoke========: o0000Ooo read
01-30 09:58:44.365 24759 24786 E invoke========: o0000Ooo read
01-30 09:58:44.365 24759 24786 E invoke========: o0000Ooo read
01-30 09:58:44.365 24759 24786 E invoke========: o0000Ooo read
01-30 09:58:44.365 24759 24786 E invoke========: o0000Ooo read
01-30 09:58:44.365 24759 24786 E invoke========: o0000Ooo read
01-30 09:58:44.365 24759 24786 E invoke========: o0000Ooo read
01-30 09:58:44.365 24759 24786 E invoke========: o0000Ooo read
01-30 09:58:44.365 24759 24786 E invoke========: o0000Ooo read
01-30 09:58:44.365 24759 24786 E invoke========: o0000Ooo read
01-30 09:58:44.365 24759 24786 E invoke========: o0000Ooo read
01-30 09:58:44.365 24759 24786 E invoke========: o0000Ooo read
01-30 09:58:44.365 24759 24786 E invoke========: o0000Ooo read
01-30 09:58:44.366 24759 24786 E invoke========: o0000Ooo read
01-30 09:58:44.366 24759 24786 E invoke========: o0000Ooo read
01-30 09:58:44.366 24759 24786 E invoke========: o0000Ooo read
01-30 09:58:44.366 24759 24786 E invoke========: o0000Ooo read
01-30 09:58:44.366 24759 24786 E invoke========: o0000Ooo read
01-30 09:58:44.366 24759 24786 E invoke========: o0000Ooo read
01-30 09:58:44.366 24759 24786 E invoke========: o0000Ooo read
01-30 09:58:44.366 24759 24786 E invoke========: o0000Ooo read
01-30 09:58:44.366 24759 24786 E invoke========: o0000Ooo read
01-30 09:58:44.366 24759 24786 E invoke========: o0000Ooo read
01-30 09:58:44.366 24759 24786 E invoke========: o0000Ooo read
01-30 09:58:44.366 24759 24786 E invoke========: o0000Ooo read
01-30 09:58:44.366 24759 24786 E invoke========: o0000Ooo read
01-30 09:58:44.366 24759 24786 E invoke========: o0000Ooo read
01-30 09:58:44.366 24759 24786 E invoke========: o0000Ooo read
01-30 09:58:44.366 24759 24786 E invoke========: o0000Ooo read
01-30 09:58:44.366 24759 24786 E invoke========: o0000Ooo read
01-30 09:58:44.366 24759 24786 E invoke========: o0000Ooo read
01-30 09:58:44.366 24759 24786 E invoke========: o0000Ooo read
01-30 09:58:44.366 24759 24786 E invoke========: o0000Ooo read
01-30 09:58:44.366 24759 24786 E invoke========: o0000Ooo read
01-30 09:58:44.366 24759 24786 E invoke========: o0000Ooo read
01-30 09:58:44.367 24759 24786 E invoke========: o0000Ooo read
01-30 09:58:44.367 24759 24786 E invoke========: o0000Ooo read
01-30 09:58:44.367 24759 24786 E invoke========: o0000Ooo read
01-30 09:58:44.367 24759 24786 E invoke========: o0000Ooo read
01-30 09:58:44.367 24759 24786 E invoke========: o0000Ooo read
01-30 09:58:44.367 24759 24786 E invoke========: o0000Ooo read
01-30 09:58:44.367 24759 24786 E invoke========: o0000Ooo read
01-30 09:58:44.367 24759 24786 E invoke========: o0000Ooo read
01-30 09:58:44.367 24759 24786 E invoke========: o0000Ooo read
01-30 09:58:44.367 24759 24786 E invoke========: o0000Ooo read
01-30 09:58:44.367 24759 24786 E invoke========: o0000Ooo read
01-30 09:58:44.367 24759 24786 E invoke========: o0000Ooo read
01-30 09:58:44.367 24759 24786 E invoke========: o0000Ooo read
01-30 09:58:44.367 24759 24786 E invoke========: o0000Ooo read
01-30 09:58:44.367 24759 24786 E invoke========: o0000Ooo read
01-30 09:58:44.367 24759 24786 E invoke========: o0000Ooo read
01-30 09:58:44.367 24759 24786 E invoke========: o0000Ooo read
01-30 09:58:44.367 24759 24786 E invoke========: o0000Ooo read
01-30 09:58:44.367 24759 24786 E invoke========: o0000Ooo read
01-30 09:58:44.367 24759 24786 E invoke========: o0000Ooo read
01-30 09:58:44.367 24759 24786 E invoke========: o0000Ooo read
01-30 09:58:44.368 24759 24786 E invoke========: o0000Ooo read
01-30 09:58:44.368 24759 24786 E invoke========: o0000Ooo read
01-30 09:58:44.368 24759 24786 E invoke========: o0000Ooo read
01-30 09:58:44.368 24759 24786 E invoke========: o0000Ooo read
01-30 09:58:44.368 24759 24786 E invoke========: o0000Ooo read
01-30 09:58:44.368 24759 24786 E invoke========: o0000Ooo read
01-30 09:58:44.368 24759 24786 E invoke========: o0000Ooo read
01-30 09:58:44.368 24759 24786 E invoke========: o0000Ooo read
01-30 09:58:44.368 24759 24786 E invoke========: o0000Ooo read
01-30 09:58:44.368 24759 24786 E invoke========: o0000Ooo read
01-30 09:58:44.368 24759 24786 E invoke========: o0000Ooo read
01-30 09:58:44.368 24759 24786 E invoke========: o0000Ooo read
01-30 09:58:44.368 24759 24786 E invoke========: o0000Ooo read
01-30 09:58:44.368 24759 24786 E invoke========: o0000Ooo read
01-30 09:58:44.368 24759 24786 E invoke========: o0000Ooo read
01-30 09:58:44.368 24759 24786 E invoke========: o0000Ooo read
01-30 09:58:44.368 24759 24786 E invoke========: o0000Ooo read
01-30 09:58:44.368 24759 24786 E invoke========: o0000Ooo read
01-30 09:58:44.368 24759 24786 E invoke========: o0000Ooo read
01-30 09:58:44.368 24759 24786 E invoke========: o0000Ooo read
01-30 09:58:44.368 24759 24786 E invoke========: o0000Ooo read
01-30 09:58:44.368 24759 24786 E invoke========: o0000Ooo read
01-30 09:58:44.368 24759 24786 E invoke========: o0000Ooo read
01-30 09:58:44.368 24759 24786 E invoke========: o0000Ooo read
01-30 09:58:44.369 24759 24786 E invoke========: o0000Ooo read
01-30 09:58:44.369 24759 24786 E invoke========: o0000Ooo read
01-30 09:58:44.369 24759 24786 E invoke========: o0000Ooo read
01-30 09:58:44.369 24759 24786 E invoke========: o0000Ooo read
01-30 09:58:44.369 24759 24786 E invoke========: o0000Ooo read
01-30 09:58:44.369 24759 24786 E invoke========: o0000Ooo read
01-30 09:58:44.369 24759 24786 E invoke========: o0000Ooo read
01-30 09:58:44.369 24759 24786 E invoke========: o0000Ooo read
01-30 09:58:44.369 24759 24786 E invoke========: o0000Ooo read
01-30 09:58:44.369 24759 24786 E invoke========: o0000Ooo read
01-30 09:58:44.369 24759 24786 E invoke========: o0000Ooo read
01-30 09:58:44.369 24759 24786 E invoke========: o0000Ooo read
01-30 09:58:44.369 24759 24786 E invoke========: o0000Ooo read
01-30 09:58:44.369 24759 24786 E invoke========: o0000Ooo read
01-30 09:58:44.369 24759 24786 E invoke========: o0000Ooo read
01-30 09:58:44.369 24759 24786 E invoke========: o0000Ooo read
01-30 09:58:44.369 24759 24786 E invoke========: o0000Ooo read
01-30 09:58:44.369 24759 24786 E invoke========: o0000Ooo read
01-30 09:58:44.369 24759 24786 E invoke========: o0000Ooo read
01-30 09:58:44.369 24759 24786 E invoke========: o0000Ooo read
01-30 09:58:44.369 24759 24786 E invoke========: o0000Ooo read
01-30 09:58:44.369 24759 24786 E invoke========: o0000Ooo read
01-30 09:58:44.369 24759 24786 E invoke========: o0000Ooo read
01-30 09:58:44.369 24759 24786 E invoke========: o0000Ooo read
01-30 09:58:44.369 24759 24786 E invoke========: o0000Ooo read
01-30 09:58:44.370 24759 24786 E invoke========: o0000Ooo read
01-30 09:58:44.370 24759 24786 E invoke========: o0000Ooo read
01-30 09:58:44.370 24759 24786 E invoke========: o0000Ooo read
01-30 09:58:44.370 24759 24786 E invoke========: o0000Ooo read
01-30 09:58:44.370 24759 24786 E invoke========: o0000Ooo read
01-30 09:58:44.370 24759 24786 E invoke========: o0000Ooo read
01-30 09:58:44.370 24759 24786 E invoke========: o0000Ooo read
01-30 09:58:44.370 24759 24786 E invoke========: o0000Ooo read
01-30 09:58:44.370 24759 24786 E invoke========: o0000Ooo read
01-30 09:58:44.370 24759 24786 E invoke========: o0000Ooo read
01-30 09:58:44.370 24759 24786 E invoke========: o0000Ooo read
01-30 09:58:44.370 24759 24786 E invoke========: o0000Ooo read
01-30 09:58:44.370 24759 24786 E invoke========: o0000Ooo read
01-30 09:58:44.370 24759 24786 E invoke========: o0000Ooo read
01-30 09:58:44.370 24759 24786 E invoke========: o0000Ooo read
01-30 09:58:44.370 24759 24786 E invoke========: o0000Ooo read
01-30 09:58:44.370 24759 24786 E invoke========: o0000Ooo read
01-30 09:58:44.370 24759 24786 E invoke========: o0000Ooo read
01-30 09:58:44.370 24759 24786 E invoke========: o0000Ooo read
01-30 09:58:44.370 24759 24786 E invoke========: o0000Ooo read
01-30 09:58:44.370 24759 24786 E invoke========: o0000Ooo read
01-30 09:58:44.370 24759 24786 E invoke========: o0000Ooo read
01-30 09:58:44.371 24759 24786 E invoke========: o0000Ooo read
01-30 09:58:44.371 24759 24786 E invoke========: o0000Ooo read
01-30 09:58:44.371 24759 24786 E invoke========: o0000Ooo read
01-30 09:58:44.371 24759 24786 E invoke========: o0000Ooo read
01-30 09:58:44.371 24759 24786 E invoke========: o0000Ooo read
01-30 09:58:44.371 24759 24786 E invoke========: o0000Ooo read
01-30 09:58:44.371 24759 24786 E invoke========: o0000Ooo read
01-30 09:58:44.371 24759 24786 E invoke========: o0000Ooo read
01-30 09:58:44.371 24759 24786 E invoke========: o0000Ooo read
01-30 09:58:44.371 24759 24786 E invoke========: o0000Ooo read
01-30 09:58:44.371 24759 24786 E invoke========: o0000Ooo read
01-30 09:58:44.371 24759 24786 E invoke========: o0000Ooo read
01-30 09:58:44.371 24759 24786 E invoke========: o0000Ooo read
01-30 09:58:44.371 24759 24786 E invoke========: o0000Ooo read
01-30 09:58:44.371 24759 24786 E invoke========: o0000Ooo read
01-30 09:58:44.371 24759 24786 E invoke========: o0000Ooo read
01-30 09:58:44.371 24759 24786 E invoke========: o0000Ooo read
01-30 09:58:44.371 24759 24786 E invoke========: o0000Ooo read
01-30 09:58:44.371 24759 24786 E invoke========: o0000Ooo read
01-30 09:58:44.372 24759 24786 E invoke========: o0000Ooo read
01-30 09:58:44.372 24759 24786 E invoke========: o0000Ooo read
01-30 09:58:44.372 24759 24786 E invoke========: o0000Ooo read
01-30 09:58:44.372 24759 24786 E invoke========: o0000Ooo read
01-30 09:58:44.372 24759 24786 E invoke========: o0000Ooo read
01-30 09:58:44.372 24759 24786 E invoke========: o0000Ooo read
01-30 09:58:44.372 24759 24786 E invoke========: o0000Ooo read
01-30 09:58:44.372 24759 24786 E invoke========: o0000Ooo read
01-30 09:58:44.372 24759 24786 E invoke========: o0000Ooo read
01-30 09:58:44.372 24759 24786 E invoke========: o0000Ooo read
01-30 09:58:44.372 24759 24786 E invoke========: o0000Ooo read
01-30 09:58:44.372 24759 24786 E invoke========: o0000Ooo read
01-30 09:58:44.372 24759 24786 E invoke========: o0000Ooo read
01-30 09:58:44.372 24759 24786 E invoke========: o0000Ooo read
01-30 09:58:44.372 24759 24786 E invoke========: o0000Ooo read
01-30 09:58:44.372 24759 24786 E invoke========: o0000Ooo read
01-30 09:58:44.372 24759 24786 E invoke========: o0000Ooo read
01-30 09:58:44.372 24759 24786 E invoke========: o0000Ooo read
01-30 09:58:44.372 24759 24786 E invoke========: o0000Ooo read
01-30 09:58:44.372 24759 24786 E invoke========: o0000Ooo read
01-30 09:58:44.372 24759 24786 E invoke========: o0000Ooo read
01-30 09:58:44.372 24759 24786 E invoke========: o0000Ooo read
01-30 09:58:44.372 24759 24786 E invoke========: o0000Ooo read
01-30 09:58:44.373 24759 24786 E invoke========: o0000Ooo read
01-30 09:58:44.373 24759 24786 E invoke========: o0000Ooo read
01-30 09:58:44.373 24759 24786 E invoke========: o0000Ooo read
01-30 09:58:44.373 24759 24786 E invoke========: o0000Ooo read
01-30 09:58:44.373 24759 24786 E invoke========: o0000Ooo read
01-30 09:58:44.373 24759 24786 E invoke========: o0000Ooo read
01-30 09:58:44.373 24759 24786 E invoke========: o0000Ooo read
01-30 09:58:44.373 24759 24786 E invoke========: o0000Ooo read
01-30 09:58:44.373 24759 24786 E invoke========: o0000Ooo read
01-30 09:58:44.373 24759 24786 E invoke========: o0000Ooo read
01-30 09:58:44.373 24759 24786 E invoke========: o0000Ooo read
01-30 09:58:44.373 24759 24786 E invoke========: o0000Ooo read
01-30 09:58:44.373 24759 24786 E invoke========: o0000Ooo read
01-30 09:58:44.373 24759 24786 E invoke========: o0000Ooo read
01-30 09:58:44.373 24759 24786 E invoke========: o0000Ooo read
01-30 09:58:44.373 24759 24786 E invoke========: o0000Ooo read
01-30 09:58:44.374 24759 24786 E invoke========: o0000Ooo close
01-30 09:58:44.398 24759 24786 E invoke========: o0000Ooo access
01-30 09:58:44.399 24759 24786 E invoke========: o0000Ooo open
01-30 09:58:44.399 24759 24786 E invoke========: o0000Ooo fstat
01-30 09:58:44.399 24759 24786 E invoke========: o0000Ooo
android_fdsan_exchange_owner_tag
01-30 09:58:44.400 24759 24786 E invoke========: o0000Ooo write
01-30 09:58:44.405 24759 24786 E invoke========: o0000Ooo close
01-30 09:58:44.405 24759 24786 E invoke========: o0000Ooo rename
01-30 09:58:44.405 24759 24786 D Settings: loaded Package: com.superchinese
01-30 09:58:44.406 24759 24786 D BroadcastManager: register: com.superchinese,
size: 9
01-30 09:58:44.423 24759 24786 D BPackageManagerService: onPackageInstalled:
com.superchinese, userId: 0
01-30 09:58:44.423 24759 24786 D BPackageManagerService: install finish: 356ms
01-30 09:58:44.429 21104 21104 V OplusZoomWindowDecorViewHelper: removeZoomView
01-30 09:58:44.434 21104 24794 E BLASTBufferQueue:
BLASTBufferItemConsumer::onDisconnect()
01-30 09:58:44.449 21104 21104 D CompatibilityChangeReporter: Compat change id
reported: 147798919; UID 10296; state: ENABLED
01-30 09:58:44.449 21104 21104 E Toast : setGravity() shouldn't be called on text
toasts, the values won't be used
01-30 09:58:44.474 21104 21104 I Quality : Skipped: true 2
01-30 09:58:44.487 21104 21104 D WindowManager: Add to mViews:
android.widget.TextView{dd9b059 V.ED..... ......ID 0,0-0,0},pkg=
com.a3733.gameboxdytf
01-30 09:58:44.512 21104 24799 W SQLiteLog: (28) double-quoted string literal: "
01-30 09:58:44.512 21104 24799 W SQLiteLog: (28) double-quoted string literal:
"1C8B88A5B496F7BF16D28F9ADB2BA6C4"
01-30 09:58:44.536 21104 21104 I crashsdk: Unexp log not enabled, skip update unexp
info!
01-30 09:58:44.538 21104 21104 I Ghunt : context.getPackageName():
com.a3733.gameboxdytf
01-30 09:58:44.539 21104 25432 D SurfaceComposerClient: VRR [FRTC] client handle
[bufferId:18446744073709551615 framenumber:0] [ffffffff, ffffffff]
01-30 09:58:44.542 21104 21104 I Quality : Skipped: false 1
01-30 09:58:44.546 21104 24799 W SQLiteLog: (28) double-quoted string literal:
"1C8B88A5B496F7BF16D28F9ADB2BA6C4"
01-30 09:58:44.546 21104 24799 W SQLiteLog: (28) double-quoted string literal: ""
01-30 09:58:44.546 21104 24799 W SQLiteLog: (28) double-quoted string literal:
"1C8B88A5B496F7BF16D28F9ADB2BA6C4"
01-30 09:58:44.546 21104 24799 W SQLiteLog: (28) double-quoted string literal: "-1"
01-30 09:58:44.555 21104 25344 E va :
va:app_foza_apks:/data/user/0/com.a3733.gameboxdytf/app_foza_apks
01-30 09:58:44.559 24759 24786 E invoke========: o0000Ooo access
01-30 09:58:44.559 24759 24786 E invoke========: o0000Ooo access
01-30 09:58:44.559 24759 24786 E invoke========: o0000Ooo stat
01-30 09:58:44.562 24759 24786 E invoke========: o0000Ooo access
01-30 09:58:44.562 24759 24786 E invoke========: o0000Ooo access
01-30 09:58:44.562 24759 24786 E invoke========: o0000Ooo stat
01-30 09:58:44.585 21104 26353 D SurfaceComposerClient: VRR [FRTC] client handle
[bufferId:18446744073709551615 framenumber:0] [ffffffff, ffffffff]
01-30 09:58:45.028 21104 21104 V OplusZoomWindowDecorViewHelper: removeZoomView
01-30 09:58:45.030 21104 24794 E BLASTBufferQueue:
BLASTBufferItemConsumer::onDisconnect()
01-30 09:58:45.042 21104 21104 D OplusClipboardManager: getUserPathInfo size = 0
01-30 09:58:45.042 21104 21104 D ClipboardManagerExt: getUserPathInfo success
01-30 09:58:46.472 21104 21104 V OplusZoomWindowDecorViewHelper: removeZoomView
01-30 09:58:46.473 21104 24794 E BLASTBufferQueue:
BLASTBufferItemConsumer::onDisconnect()
01-30 09:58:50.228 21104 21104 V AutofillManager: requestHideFillUi(null): anchor =
null
01-30 09:58:50.656 21104 21104 D WindowManager: Add to mViews:
android.widget.PopupWindow$PopupDecorView{12cd14b V.E...... R.....I. 0,0-0,0},pkg=
com.a3733.gameboxdytf
01-30 09:58:50.725 21104 25328 D SurfaceComposerClient: VRR [FRTC] client handle
[bufferId:18446744073709551615 framenumber:0] [ffffffff, ffffffff]
01-30 09:58:53.722 21104 21104 V AutofillManager: requestHideFillUi(null): anchor =
null
01-30 09:58:53.804 21104 21104 V OplusZoomWindowDecorViewHelper: removeZoomView
01-30 09:58:53.807 21104 24794 E BLASTBufferQueue:
BLASTBufferItemConsumer::onDisconnect()
01-30 09:58:53.825 24759 24786 E invoke========: o0000Ooo remove
01-30 09:58:53.826 24759 24786 E invoke========: o0000Ooo remove
01-30 09:58:53.826 24759 24786 E invoke========: o0000Ooo remove
01-30 09:58:53.826 24759 24786 D BPackageInstallerService: uninstallPackageAsUser:
o0000oo exec: 0
01-30 09:58:53.827 24759 24786 E invoke========: o0000Ooo remove
01-30 09:58:53.828 24759 24786 E invoke========: o0000Ooo remove
01-30 09:58:53.828 24759 24786 E invoke========: o0000Ooo remove
01-30 09:58:53.828 24759 24786 E invoke========: o0000Ooo remove
01-30 09:58:53.829 24759 24786 E invoke========: o0000Ooo remove
01-30 09:58:53.830 24759 24786 E invoke========: o0000Ooo remove
01-30 09:58:53.831 24759 24786 E invoke========: o0000Ooo remove
01-30 09:58:53.831 24759 24786 E invoke========: o0000Ooo remove
01-30 09:58:53.831 24759 24786 D BPackageInstallerService: uninstallPackageAsUser:
o0000O0 exec: 0
01-30 09:58:53.832 24759 24786 D BroadcastManager: unregisterReceiver Package:
com.superchinese, size: 10
01-30 09:58:53.838 24759 24786 D BPackageManagerService: onPackageUninstalled:
com.superchinese, userId: 0
01-30 09:58:53.842 21104 21104 I Quality : Skipped: false 1
01-30 09:58:55.085 21104 21104 V AutofillManager: requestHideFillUi(null): anchor =
null
01-30 09:58:55.169 21104 21104 E oo00o : eventId=M1
01-30 09:58:55.237 21104 21104 I Quality : Skipped: false 1
01-30 09:58:55.884 21104 21104 V AutofillManager: requestHideFillUi(null): anchor =
null
01-30 09:58:56.875 21104 21104 V AutofillManager: requestHideFillUi(null): anchor =
null
01-30 09:58:58.142 21104 21104 V AutofillManager: requestHideFillUi(null): anchor =
null
01-30 09:58:59.230 21104 21104 V AutofillManager: requestHideFillUi(null): anchor =
null
01-30 09:59:00.323 21104 21104 V AutofillManager: requestHideFillUi(null): anchor =
null
01-30 09:59:04.126 21104 21104 V AutofillManager: requestHideFillUi(null): anchor =
null
01-30 09:59:07.284 21104 21104 I Quality : Skipped: false 1
01-30 09:59:08.607 21104 21104 V AutofillManager: requestHideFillUi(null): anchor =
null
01-30 09:59:09.063 21104 21104 V AutofillManager: requestHideFillUi(null): anchor =
null
01-30 09:59:09.074 21104 21104 I Quality : Skipped: false 1
01-30 09:59:09.859 21104 21104 V AutofillManager: requestHideFillUi(null): anchor =
null
01-30 09:59:11.072 21104 21104 I Quality : Skipped: false 1
01-30 09:59:11.144 21104 21104 V AutofillManager: requestHideFillUi(null): anchor =
null
01-30 09:59:11.760 21104 21104 V AutofillManager: requestHideFillUi(null): anchor =
null
01-30 09:59:11.762 21104 21104 I Quality : Skipped: false 1
01-30 09:59:12.257 21104 21104 V AutofillManager: requestHideFillUi(null): anchor =
null
01-30 09:59:12.441 21104 21104 I Quality : Skipped: false 1
01-30 09:59:12.452 21104 25302 E va :
va:app_foza_apks:/data/user/0/com.a3733.gameboxdytf/app_foza_apks
01-30 09:59:12.453 21104 21104 W ResourcesCompat: Failed to inflate ColorStateList,
leaving it to the framework
01-30 09:59:12.453 21104 21104 W ResourcesCompat:
java.lang.UnsupportedOperationException: Failed to resolve attribute at index 0:
TypedValue{t=0x2/d=0x7f040174 a=-1}
01-30 09:59:12.453 21104 21104 W ResourcesCompat: at
android.content.res.TypedArray.getColor(TypedArray.java:529)
01-30 09:59:12.453 21104 21104 W ResourcesCompat: at
androidx.core.content.res.ColorStateListInflaterCompat.inflate(ColorStateListInflat
erCompat.java:13)
01-30 09:59:12.453 21104 21104 W ResourcesCompat: at
androidx.core.content.res.ColorStateListInflaterCompat.createFromXmlInner(ColorStat
eListInflaterCompat.java:14)
01-30 09:59:12.453 21104 21104 W ResourcesCompat: at
androidx.core.content.res.ColorStateListInflaterCompat.createFromXml(ColorStateList
InflaterCompat.java:18)
01-30 09:59:12.453 21104 21104 W ResourcesCompat: at
androidx.core.content.res.ResourcesCompat.inflateColorStateList(ResourcesCompat.jav
a:13)
01-30 09:59:12.453 21104 21104 W ResourcesCompat: at
androidx.core.content.res.ResourcesCompat.getColorStateList(ResourcesCompat.java:13
)
01-30 09:59:12.453 21104 21104 W ResourcesCompat: at
androidx.core.content.ContextCompat.getColorStateList(ContextCompat.java:9)
01-30 09:59:12.453 21104 21104 W ResourcesCompat: at
androidx.appcompat.content.res.AppCompatResources.getColorStateList(AppCompatResour
ces.java:1)
01-30 09:59:12.453 21104 21104 W ResourcesCompat: at
com.google.android.material.resources.MaterialResources.getColorStateList(MaterialR
esources.java:3)
01-30 09:59:12.453 21104 21104 W ResourcesCompat: at
com.google.android.material.imageview.ShapeableImageView.<init>(ShapeableImageView.
java:19)
01-30 09:59:12.453 21104 21104 W ResourcesCompat: at
com.google.android.material.imageview.ShapeableImageView.<init>(ShapeableImageView.
java:2)
01-30 09:59:12.453 21104 21104 W ResourcesCompat: at
java.lang.reflect.Constructor.newInstance0(Native Method)
01-30 09:59:12.453 21104 21104 W ResourcesCompat: at
java.lang.reflect.Constructor.newInstance(Constructor.java:343)
01-30 09:59:12.453 21104 21104 W ResourcesCompat: at
android.view.LayoutInflater.createView(LayoutInflater.java:858)
01-30 09:59:12.453 21104 21104 W ResourcesCompat: at
android.view.LayoutInflater.createViewFromTag(LayoutInflater.java:1010)
01-30 09:59:12.453 21104 21104 W ResourcesCompat: at
android.view.LayoutInflater.createViewFromTag(LayoutInflater.java:965)
01-30 09:59:12.453 21104 21104 W ResourcesCompat: at
android.view.LayoutInflater.rInflate(LayoutInflater.java:1127)
01-30 09:59:12.453 21104 21104 W ResourcesCompat: at
android.view.LayoutInflater.rInflateChildren(LayoutInflater.java:1088)
01-30 09:59:12.453 21104 21104 W ResourcesCompat: at
android.view.LayoutInflater.inflate(LayoutInflater.java:686)
01-30 09:59:12.453 21104 21104 W ResourcesCompat: at
android.view.LayoutInflater.inflate(LayoutInflater.java:538)
01-30 09:59:12.453 21104 21104 W ResourcesCompat: at
androidx.databinding.DataBindingUtil.inflate(DataBindingUtil.java:3)
01-30 09:59:12.453 21104 21104 W ResourcesCompat: at
androidx.databinding.DataBindingUtil.inflate(DataBindingUtil.java:1)
01-30 09:59:12.453 21104 21104 W ResourcesCompat: at
cn.luhaoming.libraries.base.HMBaseAdapter.getBinding(HMBaseAdapter.java:2)
01-30 09:59:12.453 21104 21104 W ResourcesCompat: at
com.a3733.cwbgamebox.adapter.UpIndexSandboxAdapter.onCreate(UpIndexSandboxAdapter.k
t:6)
01-30 09:59:12.453 21104 21104 W ResourcesCompat: at
cn.luhaoming.libraries.base.HMBaseAdapter.onCreateViewHolder(HMBaseAdapter.java:2)
01-30 09:59:12.453 21104 21104 W ResourcesCompat: at
cn.luhaoming.libraries.base.HMBaseAdapter.onCreateViewHolder(HMBaseAdapter.java:1)
01-30 09:59:12.453 21104 21104 W ResourcesCompat: at
androidx.recyclerview.widget.RecyclerView$Adapter.createViewHolder(RecyclerView.jav
a:6)
01-30 09:59:12.453 21104 21104 W ResourcesCompat: at
androidx.recyclerview.widget.RecyclerView$Recycler.tryGetViewHolderForPositionByDea
dline(RecyclerView.java:295)
01-30 09:59:12.453 21104 21104 W ResourcesCompat: at
androidx.recyclerview.widget.GapWorker.prefetchPositionWithDeadline(GapWorker.java:
15)
01-30 09:59:12.453 21104 21104 W ResourcesCompat: at
androidx.recyclerview.widget.GapWorker.prefetchInnerRecyclerViewWithDeadline(GapWor
ker.java:52)
01-30 09:59:12.453 21104 21104 W ResourcesCompat: at
androidx.recyclerview.widget.GapWorker.flushTaskWithDeadline(GapWorker.java:46)
01-30 09:59:12.453 21104 21104 W ResourcesCompat: at
androidx.recyclerview.widget.GapWorker.flushTasksWithDeadline(GapWorker.java:23)
01-30 09:59:12.453 21104 21104 W ResourcesCompat: at
androidx.recyclerview.widget.GapWorker.prefetch(GapWorker.java:4)
01-30 09:59:12.453 21104 21104 W ResourcesCompat: at
androidx.recyclerview.widget.GapWorker.run(GapWorker.java:71)
01-30 09:59:12.453 21104 21104 W ResourcesCompat: at
android.os.Handler.handleCallback(Handler.java:938)
01-30 09:59:12.453 21104 21104 W ResourcesCompat: at
android.os.Handler.dispatchMessage(Handler.java:99)
01-30 09:59:12.453 21104 21104 W ResourcesCompat: at
android.os.Looper.loopOnce(Looper.java:233)
01-30 09:59:12.453 21104 21104 W ResourcesCompat: at
android.os.Looper.loop(Looper.java:344)
01-30 09:59:12.453 21104 21104 W ResourcesCompat: at
android.app.ActivityThread.main(ActivityThread.java:8191)
01-30 09:59:12.453 21104 21104 W ResourcesCompat: at
java.lang.reflect.Method.invoke(Native Method)
01-30 09:59:12.453 21104 21104 W ResourcesCompat: at
com.android.internal.os.RuntimeInit$MethodAndArgsCaller.run(RuntimeInit.java:584)
01-30 09:59:12.453 21104 21104 W ResourcesCompat: at
com.android.internal.os.ZygoteInit.main(ZygoteInit.java:1034)
01-30 09:59:12.454 21104 25345 E va :
va:app_foza_apks:/data/user/0/com.a3733.gameboxdytf/app_foza_apks
01-30 09:59:12.458 24759 29647 E invoke========: o0000Ooo access
01-30 09:59:12.459 24759 29647 E invoke========: o0000Ooo access
01-30 09:59:12.459 24759 29647 E invoke========: o0000Ooo stat
01-30 09:59:12.460 21104 21104 W ResourcesCompat: Failed to inflate ColorStateList,
leaving it to the framework
01-30 09:59:12.460 21104 21104 W ResourcesCompat:
java.lang.UnsupportedOperationException: Failed to resolve attribute at index 0:
TypedValue{t=0x2/d=0x7f040174 a=-1}
01-30 09:59:12.460 21104 21104 W ResourcesCompat: at
android.content.res.TypedArray.getColor(TypedArray.java:529)
01-30 09:59:12.460 21104 21104 W ResourcesCompat: at
androidx.core.content.res.ColorStateListInflaterCompat.inflate(ColorStateListInflat
erCompat.java:13)
01-30 09:59:12.460 21104 21104 W ResourcesCompat: at
androidx.core.content.res.ColorStateListInflaterCompat.createFromXmlInner(ColorStat
eListInflaterCompat.java:14)
01-30 09:59:12.460 21104 21104 W ResourcesCompat: at
androidx.core.content.res.ColorStateListInflaterCompat.createFromXml(ColorStateList
InflaterCompat.java:18)
01-30 09:59:12.460 21104 21104 W ResourcesCompat: at
androidx.core.content.res.ResourcesCompat.inflateColorStateList(ResourcesCompat.jav
a:13)
01-30 09:59:12.460 21104 21104 W ResourcesCompat: at
androidx.core.content.res.ResourcesCompat.getColorStateList(ResourcesCompat.java:13
)
01-30 09:59:12.460 21104 21104 W ResourcesCompat: at
androidx.core.content.ContextCompat.getColorStateList(ContextCompat.java:9)
01-30 09:59:12.460 21104 21104 W ResourcesCompat: at
androidx.appcompat.content.res.AppCompatResources.getColorStateList(AppCompatResour
ces.java:1)
01-30 09:59:12.460 21104 21104 W ResourcesCompat: at
com.google.android.material.resources.MaterialResources.getColorStateList(MaterialR
esources.java:3)
01-30 09:59:12.460 21104 21104 W ResourcesCompat: at
com.google.android.material.imageview.ShapeableImageView.<init>(ShapeableImageView.
java:19)
01-30 09:59:12.460 21104 21104 W ResourcesCompat: at
com.google.android.material.imageview.ShapeableImageView.<init>(ShapeableImageView.
java:2)
01-30 09:59:12.460 21104 21104 W ResourcesCompat: at
java.lang.reflect.Constructor.newInstance0(Native Method)
01-30 09:59:12.460 21104 21104 W ResourcesCompat: at
java.lang.reflect.Constructor.newInstance(Constructor.java:343)
01-30 09:59:12.460 21104 21104 W ResourcesCompat: at
android.view.LayoutInflater.createView(LayoutInflater.java:858)
01-30 09:59:12.460 21104 21104 W ResourcesCompat: at
android.view.LayoutInflater.createViewFromTag(LayoutInflater.java:1010)
01-30 09:59:12.460 21104 21104 W ResourcesCompat: at
android.view.LayoutInflater.createViewFromTag(LayoutInflater.java:965)
01-30 09:59:12.460 21104 21104 W ResourcesCompat: at
android.view.LayoutInflater.rInflate(LayoutInflater.java:1127)
01-30 09:59:12.460 21104 21104 W ResourcesCompat: at
android.view.LayoutInflater.rInflateChildren(LayoutInflater.java:1088)
01-30 09:59:12.460 21104 21104 W ResourcesCompat: at
android.view.LayoutInflater.inflate(LayoutInflater.java:686)
01-30 09:59:12.460 21104 21104 W ResourcesCompat: at
android.view.LayoutInflater.inflate(LayoutInflater.java:538)
01-30 09:59:12.460 21104 21104 W ResourcesCompat: at
androidx.databinding.DataBindingUtil.inflate(DataBindingUtil.java:3)
01-30 09:59:12.460 21104 21104 W ResourcesCompat: at
androidx.databinding.DataBindingUtil.inflate(DataBindingUtil.java:1)
01-30 09:59:12.460 21104 21104 W ResourcesCompat: at
cn.luhaoming.libraries.base.HMBaseAdapter.getBinding(HMBaseAdapter.java:2)
01-30 09:59:12.460 21104 21104 W ResourcesCompat: at
com.a3733.cwbgamebox.adapter.UpIndexSandboxAdapter.onCreate(UpIndexSandboxAdapter.k
t:6)
01-30 09:59:12.460 21104 21104 W ResourcesCompat: at
cn.luhaoming.libraries.base.HMBaseAdapter.onCreateViewHolder(HMBaseAdapter.java:2)
01-30 09:59:12.460 21104 21104 W ResourcesCompat: at
cn.luhaoming.libraries.base.HMBaseAdapter.onCreateViewHolder(HMBaseAdapter.java:1)
01-30 09:59:12.460 21104 21104 W ResourcesCompat: at
androidx.recyclerview.widget.RecyclerView$Adapter.createViewHolder(RecyclerView.jav
a:6)
01-30 09:59:12.460 21104 21104 W ResourcesCompat: at
androidx.recyclerview.widget.RecyclerView$Recycler.tryGetViewHolderForPositionByDea
dline(RecyclerView.java:295)
01-30 09:59:12.460 21104 21104 W ResourcesCompat: at
androidx.recyclerview.widget.GapWorker.prefetchPositionWithDeadline(GapWorker.java:
15)
01-30 09:59:12.460 21104 21104 W ResourcesCompat: at
androidx.recyclerview.widget.GapWorker.prefetchInnerRecyclerViewWithDeadline(GapWor
ker.java:52)
01-30 09:59:12.460 21104 21104 W ResourcesCompat: at
androidx.recyclerview.widget.GapWorker.flushTaskWithDeadline(GapWorker.java:46)
01-30 09:59:12.460 21104 21104 W ResourcesCompat: at
androidx.recyclerview.widget.GapWorker.flushTasksWithDeadline(GapWorker.java:23)
01-30 09:59:12.460 21104 21104 W ResourcesCompat: at
androidx.recyclerview.widget.GapWorker.prefetch(GapWorker.java:4)
01-30 09:59:12.460 21104 21104 W ResourcesCompat: at
androidx.recyclerview.widget.GapWorker.run(GapWorker.java:71)
01-30 09:59:12.460 21104 21104 W ResourcesCompat: at
android.os.Handler.handleCallback(Handler.java:938)
01-30 09:59:12.460 21104 21104 W ResourcesCompat: at
android.os.Handler.dispatchMessage(Handler.java:99)
01-30 09:59:12.460 21104 21104 W ResourcesCompat: at
android.os.Looper.loopOnce(Looper.java:233)
01-30 09:59:12.460 21104 21104 W ResourcesCompat: at
android.os.Looper.loop(Looper.java:344)
01-30 09:59:12.460 21104 21104 W ResourcesCompat: at
android.app.ActivityThread.main(ActivityThread.java:8191)
01-30 09:59:12.460 21104 21104 W ResourcesCompat: at
java.lang.reflect.Method.invoke(Native Method)
01-30 09:59:12.460 21104 21104 W ResourcesCompat: at
com.android.internal.os.RuntimeInit$MethodAndArgsCaller.run(RuntimeInit.java:584)
01-30 09:59:12.460 21104 21104 W ResourcesCompat: at
com.android.internal.os.ZygoteInit.main(ZygoteInit.java:1034)
01-30 09:59:12.462 24759 24779 E invoke========: o0000Ooo access
01-30 09:59:12.463 24759 24779 E invoke========: o0000Ooo access
01-30 09:59:12.463 24759 24779 E invoke========: o0000Ooo stat
01-30 09:59:12.673 21104 21104 V AutofillManager: requestHideFillUi(null): anchor =
null
01-30 09:59:13.063 21104 21104 I oplus.android.OplusFrameworkFactoryImpl: get
feature:IOplusDynamicVsyncFeature
01-30 09:59:13.063 21104 21104 I oplus.android.OplusFrameworkFactoryImpl: get
feature:IOplusDynamicVsyncFeature
01-30 09:59:13.063 21104 21104 I oplus.android.OplusFrameworkFactoryImpl: get
feature:IOplusDynamicVsyncFeature
01-30 09:59:13.214 21104 21104 V AutofillManager: requestHideFillUi(null): anchor =
null
01-30 09:59:16.305 21104 21104 I Quality : Skipped: false 1
01-30 09:59:17.198 21104 21104 V AutofillManager: requestHideFillUi(null): anchor =
null
01-30 09:59:17.301 21104 21104 E oo00o : eventId=M1_N1_JG#O:7_AC:13
01-30 09:59:17.316 21104 24799 W SQLiteLog: (28) double-quoted string literal: "
01-30 09:59:17.316 21104 24799 W SQLiteLog: (28) double-quoted string literal:
"1C8B88A5B496F7BF16D28F9ADB2BA6C4"
01-30 09:59:17.330 21104 21104 I oplus.android.OplusFrameworkFactoryImpl: get
feature:IOplusDynamicVsyncFeature
01-30 09:59:17.330 21104 21104 I oplus.android.OplusFrameworkFactoryImpl: get
feature:IOplusDynamicVsyncFeature
01-30 09:59:17.330 21104 21104 I oplus.android.OplusFrameworkFactoryImpl: get
feature:IOplusDynamicVsyncFeature
01-30 09:59:17.340 21104 21104 W ziparchive: Unable to open
'/data/app/~~3vnhtpiIC8pCuSgmCqvesw==/com.google.android.trichromelibrary_677826033
-egfsI2dTFXZJquIlaIP57w==/base.dm': No such file or directory
01-30 09:59:17.340 21104 21104 W ziparchive: Unable to open
'/data/app/~~3vnhtpiIC8pCuSgmCqvesw==/com.google.android.trichromelibrary_677826033
-egfsI2dTFXZJquIlaIP57w==/base.dm': No such file or directory
01-30 09:59:17.340 21104 21104 W 733.gameboxdyt: Entry not found
01-30 09:59:17.340 21104 21104 D nativeloader: Configuring classloader-namespace
for other apk
/data/app/~~3vnhtpiIC8pCuSgmCqvesw==/com.google.android.trichromelibrary_677826033-
egfsI2dTFXZJquIlaIP57w==/base.apk. target_sdk_version=34, uses_libraries=ALL,
library_path=/data/app/~~3IK2HVkw-z9Z_tLpntAk7w==/com.google.android.webview-
C2LdeuLoh4wLjOVgWoSMnQ==/lib/arm64:/data/app/~~3IK2HVkw-z9Z_tLpntAk7w==/
com.google.android.webview-C2LdeuLoh4wLjOVgWoSMnQ==/base.apk!/lib/arm64-v8a:/data/
app/~~3vnhtpiIC8pCuSgmCqvesw==/com.google.android.trichromelibrary_677826033-
egfsI2dTFXZJquIlaIP57w==/base.apk!/lib/arm64-v8a, permitted_path=/data:/mnt/expand
01-30 09:59:17.340 21104 21104 D nativeloader: Extending system_exposed_libraries:
libvraudio_client.qti.so:libbinauralrenderer_wrapper.qti.so:libhoaeffects.qti.so:li
bQOC.qti.so:libupdateprof.qti.so:libQOC.qti.so:libdiag_system.qti.so:libqape.qti.so
:libqesdk_ndk_platform.qti.so:liblistenjni.qti.so
01-30 09:59:17.344 21104 21104 D nativeloader: Configuring classloader-namespace
for other apk /data/app/~~3IK2HVkw-z9Z_tLpntAk7w==/com.google.android.webview-
C2LdeuLoh4wLjOVgWoSMnQ==/base.apk. target_sdk_version=34, uses_libraries=,
library_path=/data/app/~~3IK2HVkw-z9Z_tLpntAk7w==/com.google.android.webview-
C2LdeuLoh4wLjOVgWoSMnQ==/lib/arm64:/data/app/~~3IK2HVkw-z9Z_tLpntAk7w==/
com.google.android.webview-C2LdeuLoh4wLjOVgWoSMnQ==/base.apk!/lib/arm64-v8a:/data/
app/~~3vnhtpiIC8pCuSgmCqvesw==/com.google.android.trichromelibrary_677826033-
egfsI2dTFXZJquIlaIP57w==/base.apk!/lib/arm64-v8a, permitted_path=/data:/mnt/expand
01-30 09:59:17.346 21104 21104 I WebViewFactory: Loading com.google.android.webview
version 131.0.6778.260 (code 677826033)
01-30 09:59:17.357 21104 21104 I cr_WVCFactoryProvider: version=131.0.6778.260
(677826033) minSdkVersion=29 isBundle=true multiprocess=true packageId=2
01-30 09:59:17.363 21104 29684 I chromium:
[0130/095917.363368:INFO:variations_seed_loader.cc(68)] Failed to open file for
reading.: No such file or directory (2)
01-30 09:59:17.363 21104 29684 I chromium:
[0130/095917.363669:INFO:variations_seed_loader.cc(68)] Failed to open file for
reading.: No such file or directory (2)
01-30 09:59:17.374 21104 29686 I cr_TrackExitReasons: Failed to read file.
01-30 09:59:17.374 21104 21104 I cr_LibraryLoader: Successfully loaded native
library
01-30 09:59:17.376 21104 21104 I cr_CachingUmaRecorder: Flushed 6 samples from 6
histograms, 0 samples were dropped.
01-30 09:59:17.382 21104 21104 I cr_CombinedPProvider: #registerProvider()
provider:WV.y8@977a69d isPolicyCacheEnabled:false policyProvidersSize:0
01-30 09:59:17.383 21104 21104 I cr_PolicyProvider: #setManagerAndSource() 0
01-30 09:59:17.388 21104 21104 I cr_CombinedPProvider: #linkNativeInternal() 1
01-30 09:59:17.388 21104 21104 I cr_AppResProvider:
#getApplicationRestrictionsFromUserManager() Bundle[EMPTY_PARCEL]
01-30 09:59:17.388 21104 21104 I cr_PolicyProvider: #notifySettingsAvailable() 0
01-30 09:59:17.388 21104 21104 I cr_CombinedPProvider: #onSettingsAvailable() 0
01-30 09:59:17.388 21104 21104 I cr_CombinedPProvider: #flushPolicies()
01-30 09:59:17.404 21104 29688 W GmsClient: unable to connect to service:
com.google.android.gms.safetynet.service.START on com.google.android.gms
01-30 09:59:17.501 21104 21104 V AutofillManager: receiver results: flags=7
enabled=true, enabledForAugmentedOnly: false
01-30 09:59:17.528 21104 21104 I crashsdk: Unexp log not enabled, skip update unexp
info!
01-30 09:59:17.546 21104 29699 W cr_media: BLUETOOTH_CONNECT permission is missing.
01-30 09:59:17.546 21104 29699 W cr_media: getBluetoothAdapter() requires BLUETOOTH
permission
01-30 09:59:17.546 21104 29699 W cr_media: registerBluetoothIntentsIfNeeded:
Requires BLUETOOTH permission
01-30 09:59:17.566 21104 21104 D WindowManager: Add to mViews:
DecorView@9b7faa7[WebViewActivity],pkg= com.a3733.gameboxdytf
01-30 09:59:17.567 21104 24799 W SQLiteLog: (28) double-quoted string literal:
"1C8B88A5B496F7BF16D28F9ADB2BA6C4"
01-30 09:59:17.567 21104 24799 W SQLiteLog: (28) double-quoted string literal: ""
01-30 09:59:17.567 21104 24799 W SQLiteLog: (28) double-quoted string literal:
"1C8B88A5B496F7BF16D28F9ADB2BA6C4"
01-30 09:59:17.567 21104 24799 W SQLiteLog: (28) double-quoted string literal: "-1"
01-30 09:59:17.579 21104 21104 I Quality : Skipped: false 14
01-30 09:59:17.583 21104 29733 W chromium: [WARNING:viz_main_impl.cc(85)]
VizNullHypothesis is disabled (not a warning)
01-30 09:59:17.589 21104 21104 V OplusZoomWindowDecorViewHelper:
setLastReportedMergedConfiguration mZoomDisplayHeight: 2400 getDecorView.163052199
01-30 09:59:17.590 21104 21104 I min77 : computeUsableHeight = 2173
01-30 09:59:17.590 21104 21104 I min77 : computeUsableHeight 刷新 rootViewHeight =
2400 ,frameLayoutParams.height = 2288 , usableHeightPrevious = 0
01-30 09:59:17.627 21104 26353 D SurfaceComposerClient: VRR [FRTC] client handle
[bufferId:18446744073709551615 framenumber:0] [ffffffff, ffffffff]
01-30 09:59:17.639 21104 21104 E cr_PlatformSer-Internal: Unable to determine Safe
Browsing user opt-in preference
01-30 09:59:17.644 21104 21104 I Quality : Skipped: false 2
01-30 09:59:17.645 21104 21104 I min77 : computeUsableHeight = 2173
01-30 09:59:17.662 21104 21104 I Quality : Skipped: false 1
01-30 09:59:17.666 21104 21104 I min77 : computeUsableHeight = 2173
01-30 09:59:17.723 21104 29718 W AudioCapabilities: Unsupported mime audio/ffmpeg
01-30 09:59:17.725 21104 29718 W VideoCapabilities: Unsupported mime
image/vnd.android.heic
01-30 09:59:17.725 21104 29718 W VideoCapabilities: Unsupported mime video/ffmpeg
01-30 09:59:17.725 21104 29718 W VideoCapabilities: Unrecognized profile/level 0/3
for video/mpeg2
01-30 09:59:17.726 21104 29718 W VideoCapabilities: Unrecognized profile/level 0/3
for video/mpeg2
01-30 09:59:18.082 21104 24794 E BLASTBufferQueue:
BLASTBufferItemConsumer::onDisconnect()
01-30 09:59:18.089 21104 21104 D OplusClipboardManager: getUserPathInfo size = 0
01-30 09:59:18.089 21104 21104 D ClipboardManagerExt: getUserPathInfo success
01-30 09:59:18.215 21104 21104 I min77 : computeUsableHeight = 2173
01-30 09:59:18.945 21104 21104 I min77 : computeUsableHeight = 2173
01-30 09:59:19.012 21104 24799 W SQLiteLog: (28) double-quoted string literal: "
01-30 09:59:19.012 21104 24799 W SQLiteLog: (28) double-quoted string literal:
"1C8B88A5B496F7BF16D28F9ADB2BA6C4"
01-30 09:59:19.029 21104 21104 I oplus.android.OplusFrameworkFactoryImpl: get
feature:IOplusDynamicVsyncFeature
01-30 09:59:19.029 21104 21104 I oplus.android.OplusFrameworkFactoryImpl: get
feature:IOplusDynamicVsyncFeature
01-30 09:59:19.029 21104 21104 I oplus.android.OplusFrameworkFactoryImpl: get
feature:IOplusDynamicVsyncFeature
01-30 09:59:19.049 21104 21104 V TextView: notifyAutoFillManagerAfterTextChanged
01-30 09:59:19.049 21104 21104 V AutofillManager: notifyValueChanged(1073741824):
ignoring on state UNKNOWN
01-30 09:59:19.050 21104 21104 V TextView: notifyAutoFillManagerAfterTextChanged
01-30 09:59:19.050 21104 21104 V AutofillManager: notifyValueChanged(1073741824):
ignoring on state UNKNOWN
01-30 09:59:19.050 21104 21104 V TextView: notifyAutoFillManagerAfterTextChanged
01-30 09:59:19.050 21104 21104 V AutofillManager: notifyValueChanged(1073741824):
ignoring on state UNKNOWN
01-30 09:59:19.051 21104 21104 I TextInputLayout: EditText added is not a
TextInputEditText. Please switch to using that class instead.
01-30 09:59:19.060 21104 21104 V TextView: notifyAutoFillManagerAfterTextChanged
01-30 09:59:19.060 21104 21104 V AutofillManager: notifyValueChanged(1073741825):
ignoring on state UNKNOWN
01-30 09:59:19.060 21104 21104 V TextView: notifyAutoFillManagerAfterTextChanged
01-30 09:59:19.060 21104 21104 V AutofillManager: notifyValueChanged(1073741825):
ignoring on state UNKNOWN
01-30 09:59:19.060 21104 21104 V TextView: notifyAutoFillManagerAfterTextChanged
01-30 09:59:19.060 21104 21104 V AutofillManager: notifyValueChanged(1073741825):
ignoring on state UNKNOWN
01-30 09:59:19.060 21104 21104 I TextInputLayout: EditText added is not a
TextInputEditText. Please switch to using that class instead.
01-30 09:59:19.064 21104 21104 V TextView: notifyAutoFillManagerAfterTextChanged
01-30 09:59:19.064 21104 21104 V AutofillManager: notifyValueChanged(1073741826):
ignoring on state UNKNOWN
01-30 09:59:19.064 21104 21104 V AutofillManager: notifyValueChanged(1073741826):
ignoring on state UNKNOWN
01-30 09:59:19.064 21104 21104 V TextView: notifyAutoFillManagerAfterTextChanged
01-30 09:59:19.064 21104 21104 V AutofillManager: notifyValueChanged(1073741826):
ignoring on state UNKNOWN
01-30 09:59:19.069 21104 21104 V TextView: notifyAutoFillManagerAfterTextChanged
01-30 09:59:19.069 21104 21104 V AutofillManager: notifyValueChanged(1073741824):
ignoring on state UNKNOWN
01-30 09:59:19.069 21104 21104 V TextView: notifyAutoFillManagerAfterTextChanged
