The document contains log entries related to camera management and audio/video capabilities on an Android device. It reports various unsupported audio and video MIME types, camera connection statuses, and compatibility changes. Additionally, it includes details about loading native libraries and sensor registrations.
We take content rights seriously. If you suspect this is your content, claim it here.
Available Formats
Download as TXT, PDF, TXT or read online on Scribd
0 ratings0% found this document useful (0 votes)
5 views52 pages
Logcat 1739956150566
The document contains log entries related to camera management and audio/video capabilities on an Android device. It reports various unsupported audio and video MIME types, camera connection statuses, and compatibility changes. Additionally, it includes details about loading native libraries and sensor registrations.
We take content rights seriously. If you suspect this is your content, claim it here.
Available Formats
Download as TXT, PDF, TXT or read online on Scribd
You are on page 1/ 52
--------- beginning of main
02-19 17:09:10.618 11391 11391 D CompatibilityChangeReporter: Compat change id
reported: 183155436; UID 10376; state: DISABLED
02-19 17:09:10.622 11391 11409 W AudioCapabilities: Unsupported mime audio/adpcm
02-19 17:09:10.622 11391 11409 W AudioCapabilities: Unsupported mime audio/x-lg- alac
02-19 17:09:10.623 11391 11409 W AudioCapabilities: Unsupported mime audio/g726
02-19 17:09:10.623 11391 11409 W AudioCapabilities: Unsupported mime audio/x-lg- flac
02-19 17:09:10.623 11391 11409 W VideoCapabilities: Unsupported mime image/vnd.android.heic
02-19 17:09:10.623 11391 11409 W VideoCapabilities: Unsupported mime video/mjpg
02-19 17:09:10.624 11391 11409 W VideoCapabilities: Unsupported mime video/theora
02-19 17:09:10.630 11391 11424 I CameraManagerGlobal: Connecting to camera service
02-19 17:09:10.635 11391 11424 I CameraManagerGlobal: boundary_number_of_camera = 4
02-19 17:09:10.635 11391 11424 I CameraManagerGlobal: boundary_number_of_camera = 4
02-19 17:09:10.635 11391 11424 I CameraManagerGlobal: boundary_number_of_camera = 4
02-19 17:09:10.635 11391 11424 I CameraManagerGlobal: boundary_number_of_camera = 4
02-19 17:09:10.635 11391 11424 I CameraManagerGlobal: boundary_number_of_camera = 4
02-19 17:09:10.635 11391 11424 W CameraManagerGlobal: [soar.cts] ignore the status update of camera: 4
02-19 17:09:10.635 11391 11424 I CameraManagerGlobal: boundary_number_of_camera = 4
02-19 17:09:10.635 11391 11424 W CameraManagerGlobal: [soar.cts] ignore the status update of camera: 5
02-19 17:09:10.635 11391 11424 I CameraManagerGlobal: boundary_number_of_camera = 4
02-19 17:09:10.635 11391 11424 W CameraManagerGlobal: [soar.cts] ignore the status update of camera: 6
02-19 17:09:10.635 11391 11424 I CameraManagerGlobal: boundary_number_of_camera = 4
02-19 17:09:10.635 11391 11424 W CameraManagerGlobal: [soar.cts] ignore the status update of camera: 7
02-19 17:09:10.635 11391 11424 I CameraManagerGlobal: boundary_number_of_camera = 4
02-19 17:09:10.635 11391 11424 W CameraManagerGlobal: [soar.cts] ignore the status update of camera: 8
02-19 17:09:10.635 11391 11424 I CameraManagerGlobal: boundary_number_of_camera = 4
02-19 17:09:10.635 11391 11424 W CameraManagerGlobal: [soar.cts] ignore the status update of camera: 9
02-19 17:09:10.635 11391 11424 I CameraManagerGlobal: boundary_number_of_camera = 4
02-19 17:09:10.636 11391 11401 I CameraManagerGlobal: boundary_number_of_camera = 4
02-19 17:09:10.636 11391 11401 I CameraManagerGlobal: boundary_number_of_camera = 4
02-19 17:09:10.636 11391 11401 I CameraManagerGlobal: boundary_number_of_camera = 4
02-19 17:09:10.636 11391 11401 W CameraManagerGlobal: ignore the torch status update of camera: 5
02-19 17:09:10.636 11391 11401 I CameraManagerGlobal: boundary_number_of_camera = 4
02-19 17:09:10.636 11391 11401 W CameraManagerGlobal: ignore the torch status update of camera: 6
02-19 17:09:10.636 11391 11401 I CameraManagerGlobal: boundary_number_of_camera = 4
02-19 17:09:10.636 11391 11401 W CameraManagerGlobal: ignore the torch status update of camera: 7
02-19 17:09:10.636 11391 11401 I CameraManagerGlobal: boundary_number_of_camera = 4
02-19 17:09:10.636 11391 11401 W CameraManagerGlobal: ignore the torch status update of camera: 8
02-19 17:09:10.636 11391 11401 I CameraManagerGlobal: boundary_number_of_camera = 4
02-19 17:09:10.636 11391 11401 W CameraManagerGlobal: ignore the torch status update of camera: 9
02-19 17:09:10.636 11391 11391 D CompatibilityChangeReporter: Compat change id reported: 210923482; UID 10376; state: DISABLED
02-19 17:09:10.636 11391 11391 D CompatibilityChangeReporter: Compat change id reported: 37756858; UID 10376; state: ENABLED
02-19 17:09:10.646 11391 11426 D CameraManager2: GotArray:0
02-19 17:09:10.647 11391 11426 D CameraManager2: GotArray:1
02-19 17:09:10.650 11391 11431 D CameraManager2: GotArray:0
02-19 17:09:10.652 11391 11431 D CameraManager2: GotArray:1
02-19 17:09:10.663 11391 11431 D CameraManager2: GotArray:0
02-19 17:09:10.663 11391 11431 D CameraManager2: GotArray:1
02-19 17:09:10.667 11391 11409 D CameraManager2: GotArray:0
02-19 17:09:10.667 11391 11409 D CameraManager2: GotArray:1
02-19 17:09:10.670 11391 11431 I CameraManager: camera Id = 1, packageName = com.google.android.GoogleCameraEngR15
02-19 17:09:10.675 11391 11431 I CameraManager: camera Id = 0, packageName = com.google.android.GoogleCameraEngR15
02-19 17:09:10.678 11391 11431 D CameraManager2: GotArray:0
02-19 17:09:10.678 11391 11431 D CameraManager2: GotArray:1
02-19 17:09:10.684 11391 11431 D CameraManager2: GotArray:0
02-19 17:09:10.684 11391 11431 D CameraManager2: GotArray:1
02-19 17:09:10.692 11391 11435 I CameraManager: camera Id = 0, packageName = com.google.android.GoogleCameraEngR15
02-19 17:09:10.699 11391 11409 W CAM_A : Build number (2317014274ac7) is not a number. Ignoring version check for b/149569689.
02-19 17:09:10.713 11391 11391 I DeezNuts: MSG: SLIDER 1 FOCUS: 1.0E-4
02-19 17:09:10.713 11391 11391 I ProReC : setprogres0
02-19 17:09:10.714 11391 11391 I DeezNuts: MSG: SLIDER 0 IDX: 0
02-19 17:09:10.714 11391 11391 I ProReC : setprogres_iso0
02-19 17:09:10.714 11391 11391 I za.defcomk.prorec.cust2.RotSeek: setprogres_iso0
02-19 17:09:10.716 11391 11391 D CompatibilityChangeReporter: Compat change id reported: 171228096; UID 10376; state: ENABLED
02-19 17:09:10.745 11391 11428 I CameraManagerGlobal: boundary_number_of_camera = 4
02-19 17:09:10.745 11391 11428 E CameraManagerGlobal: Camera 6 is not available. Ignore physical camera status change
02-19 17:09:10.746 11391 11428 E CameraManagerGlobal: Camera 7 is not available. Ignore physical camera status change
02-19 17:09:10.746 11391 11400 E CameraManagerGlobal: Camera 8 is not available. Ignore physical camera status change
02-19 17:09:10.746 11391 11400 E CameraManagerGlobal: Camera 9 is not available. Ignore physical camera status change
02-19 17:09:10.746 11391 11400 I CameraManagerGlobal: boundary_number_of_camera = 4
02-19 17:09:10.760 11391 11391 D DecorView: [DecorView][notifyViewAdded] token = android.view.ViewRootImpl$WEx@ed77f79
02-19 17:09:10.762 11391 11391 I TouchFilterInputStageHelper: [needTouchEventFilter] Displayid : 0
02-19 17:09:10.763 11391 11391 D HandGripFilter: getdisplaysize, x : 1080 y : 2460
02-19 17:09:10.778 11391 11414 I AdrenoGLES-0: QUALCOMM build : ec028f8cac, Ic8928a1631
02-19 17:09:10.778 11391 11414 I AdrenoGLES-0: Build Date : 08/23/22
02-19 17:09:10.778 11391 11414 I AdrenoGLES-0: OpenGL ES Shader Compiler Version: EV031.32.02.17
02-19 17:09:10.778 11391 11414 I AdrenoGLES-0: Local Branch :
02-19 17:09:10.778 11391 11414 I AdrenoGLES-0: Remote Branch :
02-19 17:09:10.778 11391 11414 I AdrenoGLES-0: Remote Branch :
02-19 17:09:10.778 11391 11414 I AdrenoGLES-0: Reconstruct Branch :
02-19 17:09:10.778 11391 11414 I AdrenoGLES-0: Build Config : S P 10.0.7 AArch64
02-19 17:09:10.778 11391 11414 I AdrenoGLES-0: Driver Path : /vendor/lib64/egl/libGLESv2_adreno.so
02-19 17:09:10.781 11391 11399 I CameraManagerGlobal: boundary_number_of_camera = 4
02-19 17:09:10.782 11391 11414 I AdrenoGLES-0: PFP: 0x016dd093, ME: 0x00000000
02-19 17:09:10.783 11391 11399 I CameraManagerGlobal: boundary_number_of_camera = 4
02-19 17:09:10.783 11391 11399 W CameraManagerGlobal: ignore the torch status update of camera: 5
02-19 17:09:10.788 11391 11399 I CameraManagerGlobal: boundary_number_of_camera = 4
02-19 17:09:10.788 11391 11399 W CameraManagerGlobal: ignore the torch status update of camera: 6
02-19 17:09:10.792 11391 11399 I CameraManagerGlobal: boundary_number_of_camera = 4
02-19 17:09:10.792 11391 11399 W CameraManagerGlobal: ignore the torch status update of camera: 7
02-19 17:09:10.795 11391 11399 I CameraManagerGlobal: boundary_number_of_camera = 4
02-19 17:09:10.795 11391 11399 W CameraManagerGlobal: ignore the torch status update of camera: 8
02-19 17:09:10.797 11391 11399 I CameraManagerGlobal: boundary_number_of_camera = 4
02-19 17:09:10.797 11391 11399 W CameraManagerGlobal: ignore the torch status update of camera: 9
02-19 17:09:10.868 11391 11414 W Parcel : Expecting binder but got null!
02-19 17:09:10.871 11391 11391 W CAM_A : Was already registered as ThermalStatusListener on AppStart --------- beginning of system
02-19 17:09:10.871 11391 11407 I SensorManager: registerListenerImpl() [Sensor: LGE Rotation Vector Sensor Non-wakeup, Rate: 200000, SensorEventListener: hpi@391d2c] by hpf.run():26
02-19 17:09:10.910 11391 11391 D CameraManager2: GotArray:0
02-19 17:09:10.910 11391 11391 D CameraManager2: GotArray:1
02-19 17:09:11.060 11391 11411 W ProtoDataStoreFlagStore: Unable to retrieve flag snapshot for com.google.android.libraries.consentverifier#com.google.android.GoogleCameraEngR15, using defaults.
02-19 17:09:11.130 11391 11394 W gleCameraEngR15: Missing inline cache for qzd mdq.c()
02-19 17:09:11.130 11391 11394 W gleCameraEngR15: Missing inline cache for qzd mdq.c()
02-19 17:09:11.130 11391 11394 W gleCameraEngR15: Missing inline cache for qzd mdq.c()
02-19 17:09:11.143 11391 11394 W gleCameraEngR15: Missing inline cache for java.util.Map mdq.e(java.util.List, oom)
02-19 17:09:11.523 11391 11424 D nativeloader: Load /data/user/0/com.google.android.GoogleCameraEngR15/files/libpatched_jni.so using ns clns-4 from class loader (caller=/data/app/~~hx2MhdMpmR18C9BoCqKAYw==/com.google.android.GoogleCameraEngR15- NIARKj3P1uWXkeycHygnSg==/base.apk): ok
02-19 17:09:11.530 11391 11424 D nativeloader: Load /data/app/~~hx2MhdMpmR18C9BoCqKAYw==/com.google.android.GoogleCameraEngR15- NIARKj3P1uWXkeycHygnSg==/lib/arm64/libpairipcoreX.so using ns clns-4 from class loader (caller=/data/app/~~hx2MhdMpmR18C9BoCqKAYw==/com.google.android.GoogleCameraEngR15- NIARKj3P1uWXkeycHygnSg==/base.apk!classes2.dex): ok
02-19 17:09:11.539 11391 11391 D CameraManager2: GotArray:0
02-19 17:09:11.539 11391 11391 D CameraManager2: GotArray:1
02-19 17:09:11.563 11391 11391 D nativeloader: Load /data/app/~~hx2MhdMpmR18C9BoCqKAYw==/com.google.android.GoogleCameraEngR15- NIARKj3P1uWXkeycHygnSg==/lib/arm64/libagc.so using ns clns-4 from class loader (caller=/data/app/~~hx2MhdMpmR18C9BoCqKAYw==/com.google.android.GoogleCameraEngR15- NIARKj3P1uWXkeycHygnSg==/base.apk!classes2.dex): ok
02-19 17:09:11.597 11391 11391 D CameraManager2: GotArray:0
02-19 17:09:11.597 11391 11391 D CameraManager2: GotArray:1
02-19 17:09:11.617 11391 11431 W CAM_SimpleReqProcessor: Failed to add Stream-1 to CaptureRequest for Request-0. The surface (null) was not valid.
02-19 17:09:11.617 11391 11431 W CAM_SimpleReqProcessor: Failed to submit a CaptureRequest for Request-0: There were no surfaces on the request.
02-19 17:09:11.618 11391 11431 W CAM_SimpleReqProcessor: Failed to add Stream-1 to CaptureRequest for Request-1. The surface (null) was not valid.
02-19 17:09:11.621 11391 11391 W FontsContract: Platform version of downloadable fonts is deprecated. Please use androidx version instead.
02-19 17:09:11.628 11391 11431 W CAM_SimpleReqProcessor: Failed to add Stream-1 to CaptureRequest for Request-2. The surface (null) was not valid.
02-19 17:09:11.632 11391 11431 W CAM_SimpleReqProcessor: Failed to add Stream-1 to CaptureRequest for Request-3. The surface (null) was not valid.
02-19 17:09:11.635 11391 11431 W CAM_SimpleReqProcessor: Failed to add Stream-1 to CaptureRequest for Request-4. The surface (null) was not valid.
02-19 17:09:11.639 11391 11431 W CAM_SimpleReqProcessor: Failed to add Stream-1 to CaptureRequest for Request-5. The surface (null) was not valid.
02-19 17:09:11.640 11391 11391 D CameraManager2: GotArray:0
02-19 17:09:11.640 11391 11391 D CameraManager2: GotArray:1
02-19 17:09:11.642 11391 11391 D CameraManager2: GotArray:0
02-19 17:09:11.642 11391 11391 D CameraManager2: GotArray:1
02-19 17:09:11.643 11391 11431 W CAM_SimpleReqProcessor: Failed to add Stream-1 to CaptureRequest for Request-6. The surface (null) was not valid.
02-19 17:09:11.644 11391 11391 D CameraManager2: GotArray:0
02-19 17:09:11.644 11391 11391 D CameraManager2: GotArray:1
02-19 17:09:11.646 11391 11391 D CameraManager2: GotArray:0
02-19 17:09:11.646 11391 11391 D CameraManager2: GotArray:1
02-19 17:09:11.647 11391 11431 W CAM_SimpleReqProcessor: Failed to add Stream-1 to CaptureRequest for Request-7. The surface (null) was not valid.
02-19 17:09:11.650 11391 11431 W CAM_A : UI view not yet initialized
02-19 17:09:11.650 11391 11489 W CAM_SimpleReqProcessor: Failed to add Stream-1 to CaptureRequest for Request-8. The surface (null) was not valid.
02-19 17:09:11.653 11391 11489 W CAM_SimpleReqProcessor: Failed to add Stream-1 to CaptureRequest for Request-9. The surface (null) was not valid.
02-19 17:09:11.673 11391 11391 D CameraManager2: GotArray:0
02-19 17:09:11.673 11391 11391 D CameraManager2: GotArray:1
02-19 17:09:11.683 11391 11489 W CAM_SimpleReqProcessor: Failed to add Stream-1 to CaptureRequest for Request-10. The surface (null) was not valid.
02-19 17:09:11.686 11391 11489 W CAM_SimpleReqProcessor: Failed to add Stream-1 to CaptureRequest for Request-11. The surface (null) was not valid.
02-19 17:09:11.687 11391 11391 D CameraManager2: GotArray:0
02-19 17:09:11.687 11391 11391 D CameraManager2: GotArray:1
02-19 17:09:11.688 11391 11391 D CameraManager2: GotArray:0
02-19 17:09:11.688 11391 11391 D CameraManager2: GotArray:1
02-19 17:09:11.690 11391 11391 D CameraManager2: GotArray:0
02-19 17:09:11.690 11391 11391 D CameraManager2: GotArray:1
02-19 17:09:11.690 11391 11391 D CameraManager2: GotArray:0
02-19 17:09:11.690 11391 11391 D CameraManager2: GotArray:1
02-19 17:09:11.694 11391 11391 W FontsContract: Platform version of downloadable fonts is deprecated. Please use androidx version instead.
02-19 17:09:11.703 11391 11391 W CAM_A : ModeSwitcher WAS ALREADY ENABLED!
02-19 17:09:11.704 11391 11391 D CameraManager2: GotArray:0
02-19 17:09:11.704 11391 11391 D CameraManager2: GotArray:1
02-19 17:09:11.705 11391 11391 D CameraManager2: GotArray:0
02-19 17:09:11.705 11391 11391 D CameraManager2: GotArray:1
02-19 17:09:11.706 11391 11391 D CameraManager2: GotArray:0
02-19 17:09:11.706 11391 11391 D CameraManager2: GotArray:1
02-19 17:09:11.708 11391 11391 V SoundPool: SoundPool(maxStreams=3, attr={ content_type=4, usage=13, flags=0x801, tags= })
02-19 17:09:11.708 11391 11391 V SoundPool: setCallback(0x6f4b1e1af8, 0x0)
02-19 17:09:11.710 11391 11391 V SoundPool: autoResume()
02-19 17:09:11.710 11391 11391 V SoundPool: autoResume()
02-19 17:09:11.720 11391 11391 I Choreographer: Skipped 57 frames! The application may be doing too much work on its main thread.
02-19 17:09:11.720 11391 11489 W CAM_SimpleReqProcessor: Failed to add Stream-1 to CaptureRequest for Request-12. The surface (null) was not valid.
02-19 17:09:11.723 11391 11489 W CAM_SimpleReqProcessor: Failed to add Stream-1 to CaptureRequest for Request-13. The surface (null) was not valid.
02-19 17:09:11.754 11391 11391 I DeezNuts: MSG: SLIDER 1 FOCUS: 1.0E-4
02-19 17:09:11.754 11391 11391 I ProReC : setprogres0
02-19 17:09:11.754 11391 11391 I DeezNuts: MSG: SLIDER 0 IDX: 0
02-19 17:09:11.754 11391 11391 I ProReC : setprogres_iso0
02-19 17:09:11.754 11391 11391 I za.defcomk.prorec.cust2.RotSeek: setprogres_iso0
02-19 17:09:11.755 11391 11391 W View : requestLayout() improperly called by com.google.android.material.button.MaterialButton{85d3ac4 VFED..C.. ......I. 0,0- 0,0 #7f0b000b app:id/AuxButtonMain} during layout: running second layout pass
02-19 17:09:11.794 11391 11443 W CAM_SurfaceMap: Surface(name=null)/@0x2ce31d5 is valid but deferred streams are not yet available for CaptureSession-0
02-19 17:09:11.794 11391 11443 W CAM_SimpleReqProcessor: Failed to add Stream-1 to CaptureRequest for Request-14. The surface is not yet available.
02-19 17:09:11.795 11391 11391 D CameraManager2: GotArray:0
02-19 17:09:11.795 11391 11391 D CameraManager2: GotArray:1
02-19 17:09:11.796 11391 11409 W CAM_A : Extractor (frame) of type feature.acmi.imu.frame-straightness depends on foreign type feature.acmi.imu.camera-orientation! Feature values may be calculated out of order!
02-19 17:09:11.796 11391 11409 W CAM_A : Extractor (frame) of type feature.acmi.imu.frame-straightness depends on foreign type feature.acmi.imu.camera-orientation! Feature values may be calculated out of order!
02-19 17:09:11.797 11391 11391 W CAM_A : ModeSwitcher WAS ALREADY ENABLED!
02-19 17:09:11.798 11391 11409 I SensorManager: registerListenerImpl() [Sensor: LGE Accelerometer Non-wakeup, Rate: 200000, SensorEventListener: ftr@cfe8aec] by ftr.f():41
02-19 17:09:11.798 11391 11443 W CAM_SurfaceMap: Surface(name=null)/@0x2ce31d5 is valid but deferred streams are not yet available for CaptureSession-0
02-19 17:09:11.798 11391 11443 W CAM_SimpleReqProcessor: Failed to add Stream-1 to CaptureRequest for Request-15. The surface is not yet available.
02-19 17:09:11.800 11391 11450 W ProtoDataStoreFlagStore: Unable to update local snapshot for com.google.android.libraries.consentverifier#com.google.android.GoogleCameraEngR15, may result in stale flags.
02-19 17:09:11.800 11391 11450 W ProtoDataStoreFlagStore: java.util.concurrent.ExecutionException: java.lang.SecurityException: GoogleCertificatesRslt: not allowed: pkg=com.google.android.GoogleCameraEngR15, sha256=[a40da80a59d170caa950cf15c18c454d47a39b26989d8b640ecd745ba71bf5dc], atk=false, ver=250632029.true (go/gsrlt)
02-19 17:09:11.800 11391 11450 W ProtoDataStoreFlagStore: at pfx.s(Unknown Source:20)
02-19 17:09:11.800 11391 11450 W ProtoDataStoreFlagStore: at pfx.get(Unknown Source:21)
02-19 17:09:11.800 11391 11450 W ProtoDataStoreFlagStore: at plk.I(Unknown Source:1)
02-19 17:09:11.800 11391 11450 W ProtoDataStoreFlagStore: at plk.ad(Unknown Source:9)
02-19 17:09:11.800 11391 11450 W ProtoDataStoreFlagStore: at nfm.d(Unknown Source:0)
02-19 17:09:11.800 11391 11450 W ProtoDataStoreFlagStore: at ngq.run(Unknown Source:9)
02-19 17:09:11.800 11391 11450 W ProtoDataStoreFlagStore: at java.util.concurrent.Executors$RunnableAdapter.call(Executors.java:487)
02-19 17:09:11.800 11391 11450 W ProtoDataStoreFlagStore: at java.util.concurrent.FutureTask.run(FutureTask.java:264)
02-19 17:09:11.800 11391 11450 W ProtoDataStoreFlagStore: at java.util.concurrent.ScheduledThreadPoolExecutor$ScheduledFutureTask.run(ScheduledT hreadPoolExecutor.java:307)
02-19 17:09:11.800 11391 11450 W ProtoDataStoreFlagStore: at java.util.concurrent.ThreadPoolExecutor.runWorker(ThreadPoolExecutor.java:1145)
02-19 17:09:11.800 11391 11450 W ProtoDataStoreFlagStore: at java.util.concurrent.ThreadPoolExecutor$Worker.run(ThreadPoolExecutor.java:644)
02-19 17:09:11.800 11391 11450 W ProtoDataStoreFlagStore: at java.lang.Thread.run(Thread.java:1012)
02-19 17:09:11.800 11391 11450 W ProtoDataStoreFlagStore: Caused by: java.lang.SecurityException: GoogleCertificatesRslt: not allowed: pkg=com.google.android.GoogleCameraEngR15, sha256=[a40da80a59d170caa950cf15c18c454d47a39b26989d8b640ecd745ba71bf5dc], atk=false, ver=250632029.true (go/gsrlt)
02-19 17:09:11.800 11391 11450 W ProtoDataStoreFlagStore: at android.os.Parcel.createExceptionOrNull(Parcel.java:3011)
02-19 17:09:11.800 11391 11450 W ProtoDataStoreFlagStore: at android.os.Parcel.createException(Parcel.java:2995)
02-19 17:09:11.800 11391 11450 W ProtoDataStoreFlagStore: at android.os.Parcel.readException(Parcel.java:2978)
02-19 17:09:11.800 11391 11450 W ProtoDataStoreFlagStore: at android.os.Parcel.readException(Parcel.java:2920)
02-19 17:09:11.800 11391 11450 W ProtoDataStoreFlagStore: at bmn.z(Unknown Source:10)
02-19 17:09:11.800 11391 11450 W ProtoDataStoreFlagStore: at ktz.a(Unknown Source:38)
02-19 17:09:11.800 11391 11450 W ProtoDataStoreFlagStore: at kjd.f(Unknown Source:10)
02-19 17:09:11.800 11391 11450 W ProtoDataStoreFlagStore: at kkc.t(Unknown Source:9)
02-19 17:09:11.800 11391 11450 W ProtoDataStoreFlagStore: at kkc.u(Unknown Source:22)
02-19 17:09:11.800 11391 11450 W ProtoDataStoreFlagStore: at kkc.g(Unknown Source:29)
02-19 17:09:11.800 11391 11450 W ProtoDataStoreFlagStore: at kkc.h(Unknown Source:76)
02-19 17:09:11.800 11391 11450 W ProtoDataStoreFlagStore: at kkc.b(Unknown Source:14)
02-19 17:09:11.800 11391 11450 W ProtoDataStoreFlagStore: at klz.c(Unknown Source:114)
02-19 17:09:11.800 11391 11450 W ProtoDataStoreFlagStore: at klt.d(Unknown Source:6)
02-19 17:09:11.800 11391 11450 W ProtoDataStoreFlagStore: at klu.handleMessage(Unknown Source:307)
02-19 17:09:11.800 11391 11450 W ProtoDataStoreFlagStore: at android.os.Handler.dispatchMessage(Handler.java:106)
02-19 17:09:11.800 11391 11450 W ProtoDataStoreFlagStore: at ksg.b(Unknown Source:0)
02-19 17:09:11.800 11391 11450 W ProtoDataStoreFlagStore: at ksg.dispatchMessage(Unknown Source:0)
02-19 17:09:11.800 11391 11450 W ProtoDataStoreFlagStore: at android.os.Looper.loopOnce(Looper.java:201)
02-19 17:09:11.800 11391 11450 W ProtoDataStoreFlagStore: at android.os.Looper.loop(Looper.java:288)
02-19 17:09:11.800 11391 11450 W ProtoDataStoreFlagStore: at android.os.HandlerThread.run(HandlerThread.java:67)
02-19 17:09:11.806 11391 11409 I SensorManager: registerListenerImpl() [Sensor: LGE Gyroscope Non-wakeup, Rate: 200000, SensorEventListener: ftr@cfe8aec] by ftr.f():48
02-19 17:09:11.806 11391 11426 I SensorManager: registerListenerImpl() [Sensor: LGE Accelerometer Non-wakeup, Rate: 200000, SensorEventListener: android.view.OrientationEventListener$SensorEventListenerImpl@612d6f1] by android.view.OrientationEventListener.enable():93
02-19 17:09:11.817 11391 11391 E SurfaceSyncer: Failed to find sync for id=0
02-19 17:09:11.819 11391 11443 W CAM_SurfaceMap: Surface(name=null)/@0x2ce31d5 is valid but deferred streams are not yet available for CaptureSession-0
02-19 17:09:11.819 11391 11443 W CAM_SimpleReqProcessor: Failed to add Stream-1 to CaptureRequest for Request-16. The surface is not yet available.
02-19 17:09:11.823 11391 11409 I SensorManager: registerListenerImpl() [Sensor: LGE Gyroscope Non-wakeup, Rate: 0, SensorEventListener: lxf@f41b6ae] by lxg.d():8
02-19 17:09:11.827 11391 11507 I OpenGLRenderer: Davey! duration=1046ms; Flags=0, FrameTimelineVsyncId=12554943, IntendedVsync=34826494046123, Vsync=34827443209211, InputEventId=0, HandleInputStart=34827447885411, AnimationStart=34827447886609, PerformTraversalsStart=34827448113900, DrawStart=34827496082755, FrameDeadline=34826527364773, FrameInterval=34827447843223, FrameStartTime=16651984, SyncQueued=34827513764421, SyncStart=34827513813744, IssueDrawCommandsStart=34827518531661, SwapBuffers=34827538887286, FrameCompleted=34827540690307, DequeueBufferDuration=12135, QueueBufferDuration=517500, GpuCompleted=34827540690307, SwapBuffersCompleted=34827539846713, DisplayPresentTime=-5476376667864651728, CommandSubmissionCompleted=34827538887286,
02-19 17:09:11.827 11391 11442 W CameraMetadataJV: Expect face scores and rectangles to be non-null
02-19 17:09:11.830 11391 11391 W CBVerifier: Registering phenotype for com.google.android.libraries.consentverifier#com.google.android.GoogleCameraEngR15 failed
02-19 17:09:11.839 11391 11424 D nativeloader: Load /data/app/~~hx2MhdMpmR18C9BoCqKAYw==/com.google.android.GoogleCameraEngR15- NIARKj3P1uWXkeycHygnSg==/lib/arm64/libsmartcapture_native.so using ns clns-4 from class loader (caller=/data/app/~~hx2MhdMpmR18C9BoCqKAYw==/com.google.android.GoogleCameraEngR15- NIARKj3P1uWXkeycHygnSg==/base.apk): ok
02-19 17:09:11.845 11391 11424 I tflite : Initialized TensorFlow Lite runtime.
02-19 17:09:11.845 11391 11477 E GoLog : INFO: Initialized TensorFlow Lite runtime.
02-19 17:09:11.848 11391 11442 W CameraMetadataJV: Expect face scores and rectangles to be non-null
02-19 17:09:11.867 11391 11424 I tflite : Created TensorFlow Lite XNNPACK delegate for CPU.
02-19 17:09:11.868 11391 11424 I tflite : Replacing 5 node(s) with delegate (TfLiteXNNPackDelegate) node, yielding 1 partitions.
02-19 17:09:11.868 11391 11477 E GoLog : INFO: Created TensorFlow Lite XNNPACK delegate for CPU.
02-19 17:09:11.868 11391 11477 E GoLog : INFO: Replacing 5 node(s) with delegate (TfLiteXNNPackDelegate) node, yielding 1 partitions.
02-19 17:09:11.872 11391 11426 V SoundPool: load(fd=203, offset=137468308, length=6055, priority=1)
02-19 17:09:11.872 11391 11426 V SoundPool::Sound: Sound(soundID=1, fd=203, offset=137468308, length=6055)
02-19 17:09:11.872 11391 11426 V SoundPool: load(fd=210, offset=137756476, length=5527, priority=1)
02-19 17:09:11.872 11391 11426 V SoundPool::Sound: Sound(soundID=2, fd=210, offset=137756476, length=5527)
02-19 17:09:11.877 11391 11442 W CameraMetadataJV: Expect face scores and rectangles to be non-null
02-19 17:09:11.881 11391 11516 V SoundPool::Sound: doLoad()
02-19 17:09:11.882 11391 11515 V SoundPool::Sound: doLoad()
02-19 17:09:11.882 11391 11515 V SoundPool::Sound: doLoad: start decode
02-19 17:09:11.882 11391 11515 V SoundPool::Sound: decode(fd=203, offset=137756476, length=5527, ...)
02-19 17:09:11.883 11391 11516 V SoundPool::Sound: doLoad: start decode
02-19 17:09:11.883 11391 11516 V SoundPool::Sound: decode(fd=204, offset=137468308, length=6055, ...)
02-19 17:09:11.889 11391 11409 W CAM_CameraDeviceVerifie: Tag CameraDeviceVerifier is 1 chars longer than limit.
02-19 17:09:11.893 11391 11424 D CameraManager2: GotArray:0
02-19 17:09:11.893 11391 11424 D CameraManager2: GotArray:1
02-19 17:09:11.894 11391 11431 D CameraManager2: GotArray:0
02-19 17:09:11.894 11391 11431 D CameraManager2: GotArray:1
02-19 17:09:11.904 11391 11515 D LGCodecAdapter: load libLGCodecOSAL library
02-19 17:09:11.907 11391 11515 D MediaCodec: CreateByType mime=audio/vorbis
02-19 17:09:11.908 11391 11515 D MediaCodecList: codecHandlesFormat: no format, so no extra checks
02-19 17:09:11.908 11391 11515 D MediaCodecList: codecHandlesFormat: no format, so no extra checks
02-19 17:09:11.908 11391 11515 D MediaCodec: Mediacodec create pid=11391
02-19 17:09:11.908 11391 11515 D MediaCodec: init()++ name=c2.android.vorbis.decoder,nameIsType=1
02-19 17:09:11.916 11391 11516 D MediaCodec: CreateByType mime=audio/vorbis
02-19 17:09:11.917 11391 11516 D MediaCodecList: codecHandlesFormat: no format, so no extra checks
02-19 17:09:11.917 11391 11516 D MediaCodecList: codecHandlesFormat: no format, so no extra checks
02-19 17:09:11.917 11391 11516 D MediaCodec: Mediacodec create pid=11391
02-19 17:09:11.917 11391 11516 D MediaCodec: init()++ name=c2.android.vorbis.decoder,nameIsType=1
02-19 17:09:11.917 11391 11522 D MediaCodec: kWhatInit received
02-19 17:09:11.917 11391 11522 D CCodec : allocate(c2.android.vorbis.decoder)
02-19 17:09:11.918 11391 11524 D MediaCodec: kWhatInit received
02-19 17:09:11.918 11391 11442 W CameraMetadataJV: Expect face scores and rectangles to be non-null
02-19 17:09:11.918 11391 11524 D CCodec : allocate(c2.android.vorbis.decoder)
02-19 17:09:11.923 11391 11522 I Codec2Client: Available Codec2 services: "software"
02-19 17:09:11.929 11391 11522 I CCodec : Created component [c2.android.vorbis.decoder]
02-19 17:09:11.929 11391 11522 D CCodecConfig: read media type: audio/vorbis
02-19 17:09:11.931 11391 11522 D ReflectedParamUpdater: extent() != 1 for single value type: algo.buffers.max-count.values
02-19 17:09:11.932 11391 11522 D ReflectedParamUpdater: extent() != 1 for single value type: output.subscribed-indices.values
02-19 17:09:11.932 11391 11522 D ReflectedParamUpdater: extent() != 1 for single value type: input.buffers.allocator-ids.values
02-19 17:09:11.932 11391 11522 D ReflectedParamUpdater: extent() != 1 for single value type: output.buffers.allocator-ids.values
02-19 17:09:11.932 11391 11522 D ReflectedParamUpdater: extent() != 1 for single value type: algo.buffers.allocator-ids.values
02-19 17:09:11.932 11391 11522 D ReflectedParamUpdater: extent() != 1 for single value type: output.buffers.pool-ids.values
02-19 17:09:11.932 11391 11522 D ReflectedParamUpdater: extent() != 1 for single value type: algo.buffers.pool-ids.values
02-19 17:09:11.933 11391 11522 I CCodecConfig: query failed after returning 7 values (BAD_INDEX)
02-19 17:09:11.933 11391 11522 D CCodecConfig: c2 config diff is Dict {
02-19 17:09:11.933 11391 11522 D CCodecConfig: c2::u32 coded.bitrate.value = 64000
02-19 17:09:11.933 11391 11522 D CCodecConfig: c2::u32 input.buffers.max- size.value = 32768
02-19 17:09:11.933 11391 11522 D CCodecConfig: c2::u32 input.delay.value = 0
02-19 17:09:11.933 11391 11522 D CCodecConfig: string input.media-type.value = "audio/vorbis"
02-19 17:09:11.933 11391 11522 D CCodecConfig: string output.media-type.value = "audio/raw"
02-19 17:09:11.933 11391 11522 D CCodecConfig: c2::u32 raw.channel-count.value = 1
02-19 17:09:11.933 11391 11522 D CCodecConfig: c2::u32 raw.sample-rate.value = 48000
02-19 17:09:11.933 11391 11522 D CCodecConfig: }
02-19 17:09:11.934 11391 11522 D MediaCodec: onComponentAllocated() componentName=c2.android.vorbis.decoder
02-19 17:09:11.934 11391 11522 D MediaCodec: kWhatComponentAllocated received
02-19 17:09:11.934 11391 11515 D MediaCodec: init()--
02-19 17:09:11.934 11391 11522 D MediaCodec: kWhatConfigure received
02-19 17:09:11.934 11391 11522 D MediaCodec: flushMediametrics
02-19 17:09:11.939 11391 11522 D MediaCodec: ~MediaCodec()
02-19 17:09:11.939 11391 11522 I CCodec : [c2.android.vorbis.decoder] configure
02-19 17:09:11.939 11391 11522 D CCodec : [c2.android.vorbis.decoder] buffers are bound to CCodec for this session
02-19 17:09:11.939 11391 11522 D CCodecConfig: no c2 equivalents for durationUs
02-19 17:09:11.939 11391 11522 D CCodecConfig: no c2 equivalents for track-id
02-19 17:09:11.939 11391 11522 D CCodecConfig: no c2 equivalents for csd-1
02-19 17:09:11.939 11391 11522 D CCodecConfig: no c2 equivalents for real-sample- rate
02-19 17:09:11.939 11391 11522 D CCodecConfig: no c2 equivalents for real-sample- bits
02-19 17:09:11.939 11391 11522 D CCodecConfig: no c2 equivalents for flags
02-19 17:09:11.940 11391 11522 D CCodecConfig: c2 config diff is c2::u32 coded.bitrate.value = 120000
02-19 17:09:11.940 11391 11522 W Codec2Client: query -- param skipped: index = 1107298332.
02-19 17:09:11.940 11391 11522 D CCodec : encoding statistics level = 0
02-19 17:09:11.940 11391 11522 D CCodec : setup formats input: AMessage(what = 0x00000000) = {
02-19 17:09:11.940 11391 11522 D CCodec : int32_t bitrate = 120000
02-19 17:09:11.940 11391 11522 D CCodec : int32_t channel-count = 1
02-19 17:09:11.940 11391 11522 D CCodec : int32_t max-input-size = 32768
02-19 17:09:11.940 11391 11522 D CCodec : string mime = "audio/vorbis"
02-19 17:09:11.940 11391 11522 D CCodec : int32_t sample-rate = 48000
02-19 17:09:11.940 11391 11522 D CCodec : }
02-19 17:09:11.940 11391 11522 D CCodec : setup formats output: AMessage(what = 0x00000000) = {
02-19 17:09:11.940 11391 11522 D CCodec : int32_t channel-count = 1
02-19 17:09:11.940 11391 11522 D CCodec : string mime = "audio/raw"
02-19 17:09:11.940 11391 11522 D CCodec : int32_t sample-rate = 48000
02-19 17:09:11.940 11391 11522 D CCodec : int32_t channel-mask = 1
02-19 17:09:11.940 11391 11522 D CCodec : int32_t android._config-pcm-encoding = 2
02-19 17:09:11.940 11391 11522 D CCodec : }
02-19 17:09:11.940 11391 11522 I CCodecConfig: query failed after returning 7 values (BAD_INDEX)
02-19 17:09:11.940 11391 11522 D MediaCodec: onComponentConfigured()
02-19 17:09:11.940 11391 11522 D MediaCodec: kWhatComponentConfigured received
02-19 17:09:11.940 11391 11515 D MediaCodec: start()
02-19 17:09:11.940 11391 11522 D MediaCodec: kWhatStart received
02-19 17:09:11.941 11391 11522 W Codec2Client: query -- param skipped: index = 1342179345.
02-19 17:09:11.941 11391 11522 W Codec2Client: query -- param skipped: index = 2415921170.
02-19 17:09:11.941 11391 11522 D C2Store : Using ION
02-19 17:09:11.942 11391 11522 D CCodecBufferChannel: [c2.android.vorbis.decoder#598] Created input block pool with allocatorID 16 => poolID 17 - OK (0)
02-19 17:09:11.942 11391 11524 I CCodec : Created component [c2.android.vorbis.decoder]
02-19 17:09:11.942 11391 11524 D CCodecConfig: read media type: audio/vorbis
02-19 17:09:11.942 11391 11522 I CCodecBufferChannel: [c2.android.vorbis.decoder#598] Created output block pool with allocatorID 16 => poolID 2320 - OK
02-19 17:09:11.943 11391 11522 D CCodecBufferChannel: [c2.android.vorbis.decoder#598] Configured output block pool ids 2320 => OK
02-19 17:09:11.943 11391 11522 D CCodecBufferChannel: [c2.android.vorbis.decoder#598] start: updating output delay 0
02-19 17:09:11.943 11391 11442 W CameraMetadataJV: Expect face scores and rectangles to be non-null
02-19 17:09:11.945 11391 11524 D ReflectedParamUpdater: extent() != 1 for single value type: algo.buffers.max-count.values
02-19 17:09:11.946 11391 11524 D ReflectedParamUpdater: extent() != 1 for single value type: output.subscribed-indices.values
02-19 17:09:11.946 11391 11524 D ReflectedParamUpdater: extent() != 1 for single value type: input.buffers.allocator-ids.values
02-19 17:09:11.946 11391 11524 D ReflectedParamUpdater: extent() != 1 for single value type: output.buffers.allocator-ids.values
02-19 17:09:11.946 11391 11524 D ReflectedParamUpdater: extent() != 1 for single value type: algo.buffers.allocator-ids.values
02-19 17:09:11.946 11391 11524 D ReflectedParamUpdater: extent() != 1 for single value type: output.buffers.pool-ids.values
02-19 17:09:11.946 11391 11524 D ReflectedParamUpdater: extent() != 1 for single value type: algo.buffers.pool-ids.values
02-19 17:09:11.947 11391 11524 I CCodecConfig: query failed after returning 7 values (BAD_INDEX)
02-19 17:09:11.947 11391 11524 D CCodecConfig: c2 config diff is Dict {
02-19 17:09:11.947 11391 11524 D CCodecConfig: c2::u32 coded.bitrate.value = 64000
02-19 17:09:11.947 11391 11524 D CCodecConfig: c2::u32 input.buffers.max- size.value = 32768
02-19 17:09:11.947 11391 11524 D CCodecConfig: c2::u32 input.delay.value = 0
02-19 17:09:11.947 11391 11524 D CCodecConfig: string input.media-type.value = "audio/vorbis"
02-19 17:09:11.947 11391 11524 D CCodecConfig: string output.media-type.value = "audio/raw"
02-19 17:09:11.947 11391 11524 D CCodecConfig: c2::u32 raw.channel-count.value = 1
02-19 17:09:11.947 11391 11524 D CCodecConfig: c2::u32 raw.sample-rate.value = 48000
02-19 17:09:11.947 11391 11524 D CCodecConfig: }
02-19 17:09:11.947 11391 11524 D MediaCodec: onComponentAllocated() componentName=c2.android.vorbis.decoder
02-19 17:09:11.947 11391 11524 D MediaCodec: kWhatComponentAllocated received
02-19 17:09:11.947 11391 11516 D MediaCodec: init()--
02-19 17:09:11.948 11391 11524 D MediaCodec: kWhatConfigure received
02-19 17:09:11.948 11391 11524 D MediaCodec: flushMediametrics
02-19 17:09:11.948 11391 11524 D MediaCodec: ~MediaCodec()
02-19 17:09:11.948 11391 11524 I CCodec : [c2.android.vorbis.decoder] configure
02-19 17:09:11.948 11391 11524 D CCodec : [c2.android.vorbis.decoder] buffers are bound to CCodec for this session
02-19 17:09:11.948 11391 11524 D CCodecConfig: no c2 equivalents for durationUs
02-19 17:09:11.948 11391 11524 D CCodecConfig: no c2 equivalents for track-id
02-19 17:09:11.948 11391 11524 D CCodecConfig: no c2 equivalents for csd-1
02-19 17:09:11.948 11391 11524 D CCodecConfig: no c2 equivalents for real-sample- rate
02-19 17:09:11.948 11391 11524 D CCodecConfig: no c2 equivalents for real-sample- bits
02-19 17:09:11.948 11391 11524 D CCodecConfig: no c2 equivalents for flags
02-19 17:09:11.949 11391 11524 D CCodecConfig: c2 config diff is c2::u32 coded.bitrate.value = 80000
02-19 17:09:11.949 11391 11524 D CCodecConfig: c2::u32 raw.sample-rate.value = 44100
02-19 17:09:11.949 11391 11524 W Codec2Client: query -- param skipped: index = 1107298332.
02-19 17:09:11.949 11391 11524 D CCodec : encoding statistics level = 0
02-19 17:09:11.949 11391 11524 D CCodec : setup formats input: AMessage(what = 0x00000000) = {
02-19 17:09:11.949 11391 11524 D CCodec : int32_t bitrate = 80000
02-19 17:09:11.949 11391 11524 D CCodec : int32_t channel-count = 1
02-19 17:09:11.949 11391 11524 D CCodec : int32_t max-input-size = 32768
02-19 17:09:11.949 11391 11524 D CCodec : string mime = "audio/vorbis"
02-19 17:09:11.949 11391 11524 D CCodec : int32_t sample-rate = 44100
02-19 17:09:11.949 11391 11524 D CCodec : }
02-19 17:09:11.949 11391 11524 D CCodec : setup formats output: AMessage(what = 0x00000000) = {
02-19 17:09:11.949 11391 11524 D CCodec : int32_t channel-count = 1
02-19 17:09:11.949 11391 11524 D CCodec : string mime = "audio/raw"
02-19 17:09:11.949 11391 11524 D CCodec : int32_t sample-rate = 44100
02-19 17:09:11.949 11391 11524 D CCodec : int32_t channel-mask = 1
02-19 17:09:11.949 11391 11524 D CCodec : int32_t android._config-pcm-encoding = 2
02-19 17:09:11.949 11391 11524 D CCodec : }
02-19 17:09:11.949 11391 11524 I CCodecConfig: query failed after returning 7 values (BAD_INDEX)
02-19 17:09:11.949 11391 11524 D MediaCodec: onComponentConfigured()
02-19 17:09:11.949 11391 11524 D MediaCodec: kWhatComponentConfigured received
02-19 17:09:11.949 11391 11516 D MediaCodec: start()
02-19 17:09:11.950 11391 11524 D MediaCodec: kWhatStart received
02-19 17:09:11.951 11391 11524 W Codec2Client: query -- param skipped: index = 1342179345.
02-19 17:09:11.951 11391 11524 W Codec2Client: query -- param skipped: index = 2415921170.
02-19 17:09:11.951 11391 11524 D CCodecBufferChannel: [c2.android.vorbis.decoder#713] Created input block pool with allocatorID 16 => poolID 18 - OK (0)
02-19 17:09:11.952 11391 11524 I CCodecBufferChannel: [c2.android.vorbis.decoder#713] Created output block pool with allocatorID 16 => poolID 2321 - OK
02-19 17:09:11.952 11391 11524 D CCodecBufferChannel: [c2.android.vorbis.decoder#713] Configured output block pool ids 2321 => OK
02-19 17:09:11.952 11391 11524 D CCodecBufferChannel: [c2.android.vorbis.decoder#713] start: updating output delay 0
02-19 17:09:11.969 11391 11442 W CameraMetadataJV: Expect face scores and rectangles to be non-null
02-19 17:09:11.984 11391 11426 W CAM_A : Can not update pitch roll indicator because camera orientation feature is empty.
02-19 17:09:11.997 11391 11407 W CAM_A : Framerate metadata does not exist for the video at content://media/external/video/media/1000030209
02-19 17:09:12.001 11391 11424 W pkr : CaptureResult is present COLOR_CORRECTION_GAINS NEUTRAL.
02-19 17:09:12.005 11391 11424 W CurrentTemp: 4364.397
02-19 17:09:12.006 11391 11442 W CameraMetadataJV: Expect face scores and rectangles to be non-null
02-19 17:09:12.006 11391 11424 W CCT_dump: [1.0037582, 0.0, 0.0, 0.0, 0.9997386, 0.0, 0.0, 0.0, 0.9965033]
02-19 17:09:12.013 11391 11424 W CurrentTemp: 4364.397
02-19 17:09:12.016 11391 11424 W CCT_dump: [1.0037582, 0.0, 0.0, 0.0, 0.9997386, 0.0, 0.0, 0.0, 0.9965033]
02-19 17:09:12.017 11391 11426 W CAM_A : Can not update pitch roll indicator because camera orientation feature is empty.
02-19 17:09:12.026 11391 11424 W CurrentTemp: 4364.397
02-19 17:09:12.027 11391 11424 W CCT_dump: [1.0037582, 0.0, 0.0, 0.0, 0.9997386, 0.0, 0.0, 0.0, 0.9965033]
02-19 17:09:12.032 11391 11424 W CurrentTemp: 4364.397
02-19 17:09:12.033 11391 11424 W CCT_dump: [1.0037582, 0.0, 0.0, 0.0, 0.9997386, 0.0, 0.0, 0.0, 0.9965033]
02-19 17:09:12.034 11391 11407 W CAM_A : Framerate metadata does not exist for the video at content://media/external/video/media/1000030207
02-19 17:09:12.036 11391 11442 W CameraMetadataJV: Expect face scores and rectangles to be non-null
02-19 17:09:12.045 11391 11515 D MediaCodec: stop()
02-19 17:09:12.045 11391 11522 D MediaCodec: kWhatStop or kWhatRelease received targetState=2 and mState=6
02-19 17:09:12.045 11391 11522 D CCodecBufferChannel: [c2.android.vorbis.decoder#598] MediaCodec discarded an unknown buffer
02-19 17:09:12.045 11391 11522 D CCodecBufferChannel: [c2.android.vorbis.decoder#598] MediaCodec discarded an unknown buffer
02-19 17:09:12.045 11391 11522 D CCodecBufferChannel: [c2.android.vorbis.decoder#598] MediaCodec discarded an unknown buffer
02-19 17:09:12.046 11391 11522 D MediaCodec: kWhatStopCompleted received
02-19 17:09:12.046 11391 11515 D MediaCodec: release()
02-19 17:09:12.046 11391 11522 D MediaCodec: kWhatStop or kWhatRelease received targetState=0 and mState=2
02-19 17:09:12.047 11391 11534 D MediaCodec: onReleaseCompleted()
02-19 17:09:12.047 11391 11522 D MediaCodec: kWhatReleaseCompleted received
02-19 17:09:12.048 11391 11515 D MediaCodec: flushMediametrics
02-19 17:09:12.048 11391 11515 D MediaCodec: ~MediaCodec()
02-19 17:09:12.048 11391 11534 I hw-BpHwBinder: onLastStrongRef automatically unlinking death recipients
02-19 17:09:12.049 11391 11515 V SoundPool::Sound: doLoad: close(203)
02-19 17:09:12.049 11391 11515 V SoundPool::Sound: doLoad: pointer = 0x6e6f721000, sizeInBytes = 9320, sampleRate = 48000, channelCount = 1
02-19 17:09:12.062 11391 11407 W CAM_A : Framerate metadata does not exist for the video at content://media/external/video/media/1000030197
02-19 17:09:12.068 11391 11516 D MediaCodec: stop()
02-19 17:09:12.068 11391 11524 D MediaCodec: kWhatStop or kWhatRelease received targetState=2 and mState=6
02-19 17:09:12.068 11391 11524 D CCodecBufferChannel: [c2.android.vorbis.decoder#713] MediaCodec discarded an unknown buffer
02-19 17:09:12.068 11391 11524 D CCodecBufferChannel: [c2.android.vorbis.decoder#713] MediaCodec discarded an unknown buffer
02-19 17:09:12.068 11391 11524 D CCodecBufferChannel: [c2.android.vorbis.decoder#713] MediaCodec discarded an unknown buffer
02-19 17:09:12.068 11391 11524 D MediaCodec: kWhatStopCompleted received
02-19 17:09:12.068 11391 11516 D MediaCodec: release()
02-19 17:09:12.068 11391 11524 D MediaCodec: kWhatStop or kWhatRelease received targetState=0 and mState=2
02-19 17:09:12.069 11391 11536 D MediaCodec: onReleaseCompleted()
02-19 17:09:12.069 11391 11524 D MediaCodec: kWhatReleaseCompleted received
02-19 17:09:12.069 11391 11536 I hw-BpHwBinder: onLastStrongRef automatically unlinking death recipients
02-19 17:09:12.070 11391 11442 W CameraMetadataJV: Expect face scores and rectangles to be non-null
02-19 17:09:12.071 11391 11516 D MediaCodec: flushMediametrics
02-19 17:09:12.071 11391 11516 D MediaCodec: ~MediaCodec()
02-19 17:09:12.072 11391 11516 V SoundPool::Sound: doLoad: close(204)
02-19 17:09:12.072 11391 11516 V SoundPool::Sound: doLoad: pointer = 0x6e6f821000, sizeInBytes = 24880, sampleRate = 44100, channelCount = 1
02-19 17:09:12.076 11391 11407 W CAM_A : Framerate metadata does not exist for the video at content://media/external/video/media/1000030195
02-19 17:09:12.091 11391 11407 W CAM_A : Framerate metadata does not exist for the video at content://media/external/video/media/1000030063
02-19 17:09:12.093 11391 11407 I SensorManager: registerListenerImpl() [Sensor: LGE Accelerometer Non-wakeup, Rate: 200000, SensorEventListener: hpe@75167e9] by hpd.run():19
02-19 17:09:12.096 11391 11407 I SensorManager: registerListenerImpl() [Sensor: LGE Magnetometer Non-wakeup, Rate: 200000, SensorEventListener: hpe@75167e9] by hpd.run():58
02-19 17:09:12.102 11391 11442 W CameraMetadataJV: Expect face scores and rectangles to be non-null
02-19 17:09:12.113 11391 11407 I SensorManager: unregisterListenerImpl() [Sensor: LGE Rotation Vector Sensor Non-wakeup, SensorEventListener: hpi@391d2c] by hpf.run():13
02-19 17:09:12.116 11391 11424 W Glide : Failed to find GeneratedAppGlideModule. You should include an annotationProcessor compile dependency on com.github.bumptech.glide:compiler in your application and a @GlideModule annotated AppGlideModule implementation or LibraryGlideModules will be silently ignored
02-19 17:09:12.130 11391 11547 D CompatibilityChangeReporter: Compat change id reported: 149924527; UID 10376; state: ENABLED
02-19 17:09:12.130 11391 11547 D CompatibilityChangeReporter: Compat change id reported: 132649864; UID 10376; state: DISABLED
02-19 17:09:12.133 11391 11442 W CameraMetadataJV: Expect face scores and rectangles to be non-null
02-19 17:09:12.165 11391 11442 W CameraMetadataJV: Expect face scores and rectangles to be non-null
02-19 17:09:12.172 11391 11409 W pkr : CaptureResult is present COLOR_CORRECTION_GAINS NEUTRAL.
02-19 17:09:12.181 11391 11409 W CurrentTemp: 4362.2803
02-19 17:09:12.182 11391 11409 W CCT_dump: [1.0037582, 0.0, 0.0, 0.0, 0.9997386, 0.0, 0.0, 0.0, 0.9965033]
02-19 17:09:12.185 11391 11409 W CurrentTemp: 4362.2803
02-19 17:09:12.186 11391 11409 W CCT_dump: [1.0037582, 0.0, 0.0, 0.0, 0.9997386, 0.0, 0.0, 0.0, 0.9965033]
02-19 17:09:12.189 11391 11409 W CurrentTemp: 4362.2803
02-19 17:09:12.189 11391 11409 W CCT_dump: [1.0037582, 0.0, 0.0, 0.0, 0.9997386, 0.0, 0.0, 0.0, 0.9965033]
02-19 17:09:12.192 11391 11409 W CurrentTemp: 4362.2803
02-19 17:09:12.193 11391 11409 W CCT_dump: [1.0037582, 0.0, 0.0, 0.0, 0.9997386, 0.0, 0.0, 0.0, 0.9965033]
02-19 17:09:12.200 11391 11442 W CameraMetadataJV: Expect face scores and rectangles to be non-null
02-19 17:09:12.232 11391 11442 W CameraMetadataJV: Expect face scores and rectangles to be non-null
02-19 17:09:12.270 11391 11442 W CameraMetadataJV: Expect face scores and rectangles to be non-null
02-19 17:09:12.304 11391 11442 W CameraMetadataJV: Expect face scores and rectangles to be non-null
02-19 17:09:12.337 11391 11442 W CameraMetadataJV: Expect face scores and rectangles to be non-null
02-19 17:09:12.366 11391 11442 W CameraMetadataJV: Expect face scores and rectangles to be non-null
02-19 17:09:12.378 11391 11424 W pkr : CaptureResult is present COLOR_CORRECTION_GAINS NEUTRAL.
02-19 17:09:12.382 11391 11424 W CurrentTemp: 4355.7896
02-19 17:09:12.383 11391 11424 W CCT_dump: [1.0037582, 0.0, 0.0, 0.0, 0.9997386, 0.0, 0.0, 0.0, 0.9965033]
02-19 17:09:12.386 11391 11424 W CurrentTemp: 4355.7896
02-19 17:09:12.387 11391 11424 W CCT_dump: [1.0037582, 0.0, 0.0, 0.0, 0.9997386, 0.0, 0.0, 0.0, 0.9965033]
02-19 17:09:12.390 11391 11424 W CurrentTemp: 4355.7896
02-19 17:09:12.391 11391 11424 W CCT_dump: [1.0037582, 0.0, 0.0, 0.0, 0.9997386, 0.0, 0.0, 0.0, 0.9965033]
02-19 17:09:12.394 11391 11424 W CurrentTemp: 4355.7896
02-19 17:09:12.395 11391 11424 W CCT_dump: [1.0037582, 0.0, 0.0, 0.0, 0.9997386, 0.0, 0.0, 0.0, 0.9965033]
02-19 17:09:12.404 11391 11442 W CameraMetadataJV: Expect face scores and rectangles to be non-null
02-19 17:09:12.432 11391 11442 W CameraMetadataJV: Expect face scores and rectangles to be non-null
02-19 17:09:12.465 11391 11442 W CameraMetadataJV: Expect face scores and rectangles to be non-null
02-19 17:09:12.498 11391 11442 W CameraMetadataJV: Expect face scores and rectangles to be non-null
02-19 17:09:12.531 11391 11442 W CameraMetadataJV: Expect face scores and rectangles to be non-null
02-19 17:09:12.565 11391 11442 W CameraMetadataJV: Expect face scores and rectangles to be non-null
02-19 17:09:12.570 11391 11409 W pkr : CaptureResult is present COLOR_CORRECTION_GAINS NEUTRAL.
02-19 17:09:12.573 11391 11409 W CurrentTemp: 4344.944
02-19 17:09:12.573 11391 11409 W CCT_dump: [1.0037582, 0.0, 0.0, 0.0, 0.9997386, 0.0, 0.0, 0.0, 0.9965033]
02-19 17:09:12.576 11391 11409 W CurrentTemp: 4344.944
02-19 17:09:12.577 11391 11409 W CCT_dump: [1.0037582, 0.0, 0.0, 0.0, 0.9997386, 0.0, 0.0, 0.0, 0.9965033]
02-19 17:09:12.580 11391 11409 W CurrentTemp: 4344.944
02-19 17:09:12.580 11391 11409 W CCT_dump: [1.0037582, 0.0, 0.0, 0.0, 0.9997386, 0.0, 0.0, 0.0, 0.9965033]
02-19 17:09:12.583 11391 11409 W CurrentTemp: 4344.944
02-19 17:09:12.584 11391 11409 W CCT_dump: [1.0037582, 0.0, 0.0, 0.0, 0.9997386, 0.0, 0.0, 0.0, 0.9965033]
02-19 17:09:12.598 11391 11442 W CameraMetadataJV: Expect face scores and rectangles to be non-null
02-19 17:09:12.633 11391 11442 W CameraMetadataJV: Expect face scores and rectangles to be non-null
02-19 17:09:12.667 11391 11442 W CameraMetadataJV: Expect face scores and rectangles to be non-null
02-19 17:09:12.701 11391 11442 W CameraMetadataJV: Expect face scores and rectangles to be non-null
02-19 17:09:12.739 11391 11442 W CameraMetadataJV: Expect face scores and rectangles to be non-null
02-19 17:09:12.767 11391 11442 W CameraMetadataJV: Expect face scores and rectangles to be non-null
02-19 17:09:12.772 11391 11424 W pkr : CaptureResult is present COLOR_CORRECTION_GAINS NEUTRAL.
02-19 17:09:12.774 11391 11424 W CurrentTemp: 4334.1304
02-19 17:09:12.775 11391 11424 W CCT_dump: [1.0038236, 0.0, 0.0, 0.0, 0.9997059, 0.0, 0.0, 0.0, 0.99647063]
02-19 17:09:12.777 11391 11424 W CurrentTemp: 4334.1304
02-19 17:09:12.778 11391 11424 W CCT_dump: [1.0038236, 0.0, 0.0, 0.0, 0.9997059, 0.0, 0.0, 0.0, 0.99647063]
02-19 17:09:12.780 11391 11424 W CurrentTemp: 4334.1304
02-19 17:09:12.780 11391 11424 W CCT_dump: [1.0038236, 0.0, 0.0, 0.0, 0.9997059, 0.0, 0.0, 0.0, 0.99647063]
02-19 17:09:12.782 11391 11424 W CurrentTemp: 4334.1304
02-19 17:09:12.783 11391 11424 W CCT_dump: [1.0038236, 0.0, 0.0, 0.0, 0.9997059, 0.0, 0.0, 0.0, 0.99647063]
02-19 17:09:12.799 11391 11442 W CameraMetadataJV: Expect face scores and rectangles to be non-null
02-19 17:09:12.832 11391 11442 W CameraMetadataJV: Expect face scores and rectangles to be non-null
02-19 17:09:12.867 11391 11442 W CameraMetadataJV: Expect face scores and rectangles to be non-null
