02-19 17:09:12.899 11391 11442 W CameraMetadataJV: Expect face scores and rectangles to be non-null
02-19 17:09:12.932 11391 11442 W CameraMetadataJV: Expect face scores and rectangles to be non-null
02-19 17:09:12.966 11391 11442 W CameraMetadataJV: Expect face scores and rectangles to be non-null
02-19 17:09:12.974 11391 11424 W pkr : CaptureResult is present COLOR_CORRECTION_GAINS NEUTRAL.
02-19 17:09:12.979 11391 11424 W CurrentTemp: 4334.1304
02-19 17:09:12.980 11391 11424 W CCT_dump: [1.0038236, 0.0, 0.0, 0.0, 0.9997059, 0.0, 0.0, 0.0, 0.99647063]
02-19 17:09:12.984 11391 11424 W CurrentTemp: 4334.1304
02-19 17:09:12.985 11391 11424 W CCT_dump: [1.0038236, 0.0, 0.0, 0.0, 0.9997059, 0.0, 0.0, 0.0, 0.99647063]
02-19 17:09:12.989 11391 11424 W CurrentTemp: 4334.1304
02-19 17:09:12.990 11391 11424 W CCT_dump: [1.0038236, 0.0, 0.0, 0.0, 0.9997059, 0.0, 0.0, 0.0, 0.99647063]
02-19 17:09:12.993 11391 11424 W CurrentTemp: 4334.1304
02-19 17:09:12.994 11391 11424 W CCT_dump: [1.0038236, 0.0, 0.0, 0.0, 0.9997059, 0.0, 0.0, 0.0, 0.99647063]
02-19 17:09:13.002 11391 11442 W CameraMetadataJV: Expect face scores and rectangles to be non-null
02-19 17:09:13.034 11391 11442 W CameraMetadataJV: Expect face scores and rectangles to be non-null
02-19 17:09:13.068 11391 11442 W CameraMetadataJV: Expect face scores and rectangles to be non-null
02-19 17:09:13.106 11391 11442 W CameraMetadataJV: Expect face scores and rectangles to be non-null
02-19 17:09:13.135 11391 11442 W CameraMetadataJV: Expect face scores and rectangles to be non-null
02-19 17:09:13.166 11391 11442 W CameraMetadataJV: Expect face scores and rectangles to be non-null
02-19 17:09:13.174 11391 11409 W pkr : CaptureResult is present COLOR_CORRECTION_GAINS NEUTRAL.
02-19 17:09:13.179 11391 11409 W CurrentTemp: 4344.944
02-19 17:09:13.181 11391 11409 W CCT_dump: [1.0037582, 0.0, 0.0, 0.0, 0.9997386, 0.0, 0.0, 0.0, 0.9965033]
02-19 17:09:13.186 11391 11409 W CurrentTemp: 4344.944
02-19 17:09:13.187 11391 11409 W CCT_dump: [1.0037582, 0.0, 0.0, 0.0, 0.9997386, 0.0, 0.0, 0.0, 0.9965033]
02-19 17:09:13.191 11391 11409 W CurrentTemp: 4344.944
02-19 17:09:13.192 11391 11409 W CCT_dump: [1.0037582, 0.0, 0.0, 0.0, 0.9997386, 0.0, 0.0, 0.0, 0.9965033]
02-19 17:09:13.195 11391 11409 W CurrentTemp: 4344.944
02-19 17:09:13.196 11391 11409 W CCT_dump: [1.0037582, 0.0, 0.0, 0.0, 0.9997386, 0.0, 0.0, 0.0, 0.9965033]
02-19 17:09:13.201 11391 11442 W CameraMetadataJV: Expect face scores and rectangles to be non-null
02-19 17:09:13.233 11391 11442 W CameraMetadataJV: Expect face scores and rectangles to be non-null
02-19 17:09:13.273 11391 11442 W CameraMetadataJV: Expect face scores and rectangles to be non-null
02-19 17:09:13.300 11391 11442 W CameraMetadataJV: Expect face scores and rectangles to be non-null
02-19 17:09:13.333 11391 11442 W CameraMetadataJV: Expect face scores and rectangles to be non-null
02-19 17:09:13.371 11391 11442 W CameraMetadataJV: Expect face scores and rectangles to be non-null
02-19 17:09:13.384 11391 11409 W pkr : CaptureResult is present COLOR_CORRECTION_GAINS NEUTRAL.
02-19 17:09:13.392 11391 11409 W CurrentTemp: 4371.05
02-19 17:09:13.394 11391 11409 W CCT_dump: [1.0037255, 0.0, 0.0, 0.0, 0.9997059, 0.0, 0.0, 0.0, 0.9965687]
02-19 17:09:13.399 11391 11409 W CurrentTemp: 4371.05
02-19 17:09:13.399 11391 11442 W CameraMetadataJV: Expect face scores and rectangles to be non-null
02-19 17:09:13.400 11391 11409 W CCT_dump: [1.0037255, 0.0, 0.0, 0.0, 0.9997059, 0.0, 0.0, 0.0, 0.9965687]
02-19 17:09:13.405 11391 11409 W CurrentTemp: 4371.05
02-19 17:09:13.406 11391 11409 W CCT_dump: [1.0037255, 0.0, 0.0, 0.0, 0.9997059, 0.0, 0.0, 0.0, 0.9965687]
02-19 17:09:13.411 11391 11409 W CurrentTemp: 4371.05
02-19 17:09:13.413 11391 11409 W CCT_dump: [1.0037255, 0.0, 0.0, 0.0, 0.9997059, 0.0, 0.0, 0.0, 0.9965687]
02-19 17:09:13.432 11391 11442 W CameraMetadataJV: Expect face scores and rectangles to be non-null
02-19 17:09:13.466 11391 11442 W CameraMetadataJV: Expect face scores and rectangles to be non-null
02-19 17:09:13.502 11391 11442 W CameraMetadataJV: Expect face scores and rectangles to be non-null
02-19 17:09:13.534 11391 11442 W CameraMetadataJV: Expect face scores and rectangles to be non-null
02-19 17:09:13.567 11391 11442 W CameraMetadataJV: Expect face scores and rectangles to be non-null
02-19 17:09:13.577 11391 11424 W pkr : CaptureResult is present COLOR_CORRECTION_GAINS NEUTRAL.
02-19 17:09:13.582 11391 11424 W CurrentTemp: 4408.293
02-19 17:09:13.584 11391 11424 W CCT_dump: [1.0036601, 0.0, 0.0, 0.0, 0.9997386, 0.0, 0.0, 0.0, 0.99660134]
02-19 17:09:13.589 11391 11424 W CurrentTemp: 4408.293
02-19 17:09:13.590 11391 11424 W CCT_dump: [1.0036601, 0.0, 0.0, 0.0, 0.9997386, 0.0, 0.0, 0.0, 0.99660134]
02-19 17:09:13.592 11391 11424 W CurrentTemp: 4408.293
02-19 17:09:13.593 11391 11424 W CCT_dump: [1.0036601, 0.0, 0.0, 0.0, 0.9997386, 0.0, 0.0, 0.0, 0.99660134]
02-19 17:09:13.596 11391 11424 W CurrentTemp: 4408.293
02-19 17:09:13.596 11391 11424 W CCT_dump: [1.0036601, 0.0, 0.0, 0.0, 0.9997386, 0.0, 0.0, 0.0, 0.99660134]
02-19 17:09:13.602 11391 11442 W CameraMetadataJV: Expect face scores and rectangles to be non-null
02-19 17:09:13.634 11391 11442 W CameraMetadataJV: Expect face scores and rectangles to be non-null
02-19 17:09:13.667 11391 11442 W CameraMetadataJV: Expect face scores and rectangles to be non-null
02-19 17:09:13.706 11391 11442 W CameraMetadataJV: Expect face scores and rectangles to be non-null
02-19 17:09:13.738 11391 11442 W CameraMetadataJV: Expect face scores and rectangles to be non-null
02-19 17:09:13.755 11391 11407 W ProtoDataStoreFlagStore: Unable to retrieve flag snapshot for com.google.android.libraries.performance.primes#com.google.android.GoogleCameraEngR 15, using defaults.
02-19 17:09:13.758 11391 11450 W ProtoDataStoreFlagStore: Unable to update local snapshot for com.google.android.libraries.performance.primes#com.google.android.GoogleCameraEngR 15, may result in stale flags.
02-19 17:09:13.758 11391 11450 W ProtoDataStoreFlagStore: java.util.concurrent.ExecutionException: java.lang.SecurityException: GoogleCertificatesRslt: not allowed: pkg=com.google.android.GoogleCameraEngR15, sha256=[a40da80a59d170caa950cf15c18c454d47a39b26989d8b640ecd745ba71bf5dc], atk=false, ver=250632029.true (go/gsrlt)
02-19 17:09:13.758 11391 11450 W ProtoDataStoreFlagStore: at pfx.s(Unknown Source:20)
02-19 17:09:13.758 11391 11450 W ProtoDataStoreFlagStore: at pfx.get(Unknown Source:21)
02-19 17:09:13.758 11391 11450 W ProtoDataStoreFlagStore: at plk.I(Unknown Source:1)
02-19 17:09:13.758 11391 11450 W ProtoDataStoreFlagStore: at plk.ad(Unknown Source:9)
02-19 17:09:13.758 11391 11450 W ProtoDataStoreFlagStore: at nfm.d(Unknown Source:0)
02-19 17:09:13.758 11391 11450 W ProtoDataStoreFlagStore: at ngq.run(Unknown Source:9)
02-19 17:09:13.758 11391 11450 W ProtoDataStoreFlagStore: at java.util.concurrent.Executors$RunnableAdapter.call(Executors.java:487)
02-19 17:09:13.758 11391 11450 W ProtoDataStoreFlagStore: at java.util.concurrent.FutureTask.run(FutureTask.java:264)
02-19 17:09:13.758 11391 11450 W ProtoDataStoreFlagStore: at java.util.concurrent.ScheduledThreadPoolExecutor$ScheduledFutureTask.run(ScheduledT hreadPoolExecutor.java:307)
02-19 17:09:13.758 11391 11450 W ProtoDataStoreFlagStore: at java.util.concurrent.ThreadPoolExecutor.runWorker(ThreadPoolExecutor.java:1145)
02-19 17:09:13.758 11391 11450 W ProtoDataStoreFlagStore: at java.util.concurrent.ThreadPoolExecutor$Worker.run(ThreadPoolExecutor.java:644)
02-19 17:09:13.758 11391 11450 W ProtoDataStoreFlagStore: at java.lang.Thread.run(Thread.java:1012)
02-19 17:09:13.758 11391 11450 W ProtoDataStoreFlagStore: Caused by: java.lang.SecurityException: GoogleCertificatesRslt: not allowed: pkg=com.google.android.GoogleCameraEngR15, sha256=[a40da80a59d170caa950cf15c18c454d47a39b26989d8b640ecd745ba71bf5dc], atk=false, ver=250632029.true (go/gsrlt)
02-19 17:09:13.758 11391 11450 W ProtoDataStoreFlagStore: at android.os.Parcel.createExceptionOrNull(Parcel.java:3011)
02-19 17:09:13.758 11391 11450 W ProtoDataStoreFlagStore: at android.os.Parcel.createException(Parcel.java:2995)
02-19 17:09:13.758 11391 11450 W ProtoDataStoreFlagStore: at android.os.Parcel.readException(Parcel.java:2978)
02-19 17:09:13.758 11391 11450 W ProtoDataStoreFlagStore: at android.os.Parcel.readException(Parcel.java:2920)
02-19 17:09:13.758 11391 11450 W ProtoDataStoreFlagStore: at bmn.z(Unknown Source:10)
02-19 17:09:13.758 11391 11450 W ProtoDataStoreFlagStore: at ktz.a(Unknown Source:38)
02-19 17:09:13.758 11391 11450 W ProtoDataStoreFlagStore: at kjd.f(Unknown Source:10)
02-19 17:09:13.758 11391 11450 W ProtoDataStoreFlagStore: at kkc.t(Unknown Source:9)
02-19 17:09:13.758 11391 11450 W ProtoDataStoreFlagStore: at kkc.u(Unknown Source:22)
02-19 17:09:13.758 11391 11450 W ProtoDataStoreFlagStore: at kkc.e(Unknown Source:15)
02-19 17:09:13.758 11391 11450 W ProtoDataStoreFlagStore: at kkg.handleMessage(Unknown Source:920)
02-19 17:09:13.758 11391 11450 W ProtoDataStoreFlagStore: at android.os.Handler.dispatchMessage(Handler.java:102)
02-19 17:09:13.758 11391 11450 W ProtoDataStoreFlagStore: at ksg.b(Unknown Source:0)
02-19 17:09:13.758 11391 11450 W ProtoDataStoreFlagStore: at ksg.dispatchMessage(Unknown Source:0)
02-19 17:09:13.758 11391 11450 W ProtoDataStoreFlagStore: at android.os.Looper.loopOnce(Looper.java:201)
02-19 17:09:13.758 11391 11450 W ProtoDataStoreFlagStore: at android.os.Looper.loop(Looper.java:288)
02-19 17:09:13.758 11391 11450 W ProtoDataStoreFlagStore: at android.os.HandlerThread.run(HandlerThread.java:67)
02-19 17:09:13.769 11391 11442 W CameraMetadataJV: Expect face scores and rectangles to be non-null
02-19 17:09:13.775 11391 11409 W pkr : CaptureResult is present COLOR_CORRECTION_GAINS NEUTRAL.
02-19 17:09:13.778 11391 11409 W CurrentTemp: 4434.78
02-19 17:09:13.779 11391 11409 W CCT_dump: [1.0035948, 0.0, 0.0, 0.0, 0.9997713, 0.0, 0.0, 0.0, 0.996634]
02-19 17:09:13.782 11391 11409 W CurrentTemp: 4434.78
02-19 17:09:13.783 11391 11409 W CCT_dump: [1.0035948, 0.0, 0.0, 0.0, 0.9997713, 0.0, 0.0, 0.0, 0.996634]
02-19 17:09:13.787 11391 11409 W CurrentTemp: 4434.78
02-19 17:09:13.788 11391 11409 W CCT_dump: [1.0035948, 0.0, 0.0, 0.0, 0.9997713, 0.0, 0.0, 0.0, 0.996634]
02-19 17:09:13.792 11391 11409 W CurrentTemp: 4434.78
02-19 17:09:13.793 11391 11409 W CCT_dump: [1.0035948, 0.0, 0.0, 0.0, 0.9997713, 0.0, 0.0, 0.0, 0.996634]
02-19 17:09:13.799 11391 11442 W CameraMetadataJV: Expect face scores and rectangles to be non-null
02-19 17:09:13.832 11391 11442 W CameraMetadataJV: Expect face scores and rectangles to be non-null
02-19 17:09:13.833 11391 11442 W CAM_A : PHOTO > rel Δ(result sensor timestamp) = 0.25 > 0.25
02-19 17:09:13.833 11391 11442 W CAM_A : PHOTO > result sensor delay = 1.25 > 1.10
02-19 17:09:13.866 11391 11442 W CameraMetadataJV: Expect face scores and rectangles to be non-null
02-19 17:09:13.901 11391 11442 W CameraMetadataJV: Expect face scores and rectangles to be non-null
02-19 17:09:13.935 11391 11442 W CameraMetadataJV: Expect face scores and rectangles to be non-null
02-19 17:09:13.968 11391 11442 W CameraMetadataJV: Expect face scores and rectangles to be non-null
02-19 17:09:13.976 11391 11424 W pkr : CaptureResult is present COLOR_CORRECTION_GAINS NEUTRAL.
02-19 17:09:13.981 11391 11424 W CurrentTemp: 4450.306
02-19 17:09:13.982 11391 11424 W CCT_dump: [1.0035621, 0.0, 0.0, 0.0, 0.99973863, 0.0, 0.0, 0.0, 0.9966994]
02-19 17:09:13.988 11391 11424 W CurrentTemp: 4450.306
02-19 17:09:13.989 11391 11424 W CCT_dump: [1.0035621, 0.0, 0.0, 0.0, 0.99973863, 0.0, 0.0, 0.0, 0.9966994]
02-19 17:09:13.992 11391 11424 W CurrentTemp: 4450.306
02-19 17:09:13.993 11391 11424 W CCT_dump: [1.0035621, 0.0, 0.0, 0.0, 0.99973863, 0.0, 0.0, 0.0, 0.9966994]
02-19 17:09:13.997 11391 11424 W CurrentTemp: 4450.306
02-19 17:09:13.997 11391 11424 W CCT_dump: [1.0035621, 0.0, 0.0, 0.0, 0.99973863, 0.0, 0.0, 0.0, 0.9966994]
02-19 17:09:14.003 11391 11442 W CameraMetadataJV: Expect face scores and rectangles to be non-null
02-19 17:09:14.034 11391 11442 W CameraMetadataJV: Expect face scores and rectangles to be non-null
02-19 17:09:14.068 11391 11442 W CameraMetadataJV: Expect face scores and rectangles to be non-null
02-19 17:09:14.103 11391 11442 W CameraMetadataJV: Expect face scores and rectangles to be non-null
02-19 17:09:14.135 11391 11442 W CameraMetadataJV: Expect face scores and rectangles to be non-null
02-19 17:09:14.170 11391 11442 W CameraMetadataJV: Expect face scores and rectangles to be non-null
02-19 17:09:14.179 11391 11424 W pkr : CaptureResult is present COLOR_CORRECTION_GAINS NEUTRAL.
02-19 17:09:14.184 11391 11424 W CurrentTemp: 4452.5215
02-19 17:09:14.185 11391 11424 W CCT_dump: [1.0035621, 0.0, 0.0, 0.0, 0.99973863, 0.0, 0.0, 0.0, 0.9966994]
02-19 17:09:14.191 11391 11424 W CurrentTemp: 4452.5215
02-19 17:09:14.193 11391 11424 W CCT_dump: [1.0035621, 0.0, 0.0, 0.0, 0.99973863, 0.0, 0.0, 0.0, 0.9966994]
02-19 17:09:14.198 11391 11424 W CurrentTemp: 4452.5215
02-19 17:09:14.198 11391 11424 W CCT_dump: [1.0035621, 0.0, 0.0, 0.0, 0.99973863, 0.0, 0.0, 0.0, 0.9966994]
02-19 17:09:14.201 11391 11442 W CameraMetadataJV: Expect face scores and rectangles to be non-null
02-19 17:09:14.202 11391 11424 W CurrentTemp: 4452.5215
02-19 17:09:14.203 11391 11424 W CCT_dump: [1.0035621, 0.0, 0.0, 0.0, 0.99973863, 0.0, 0.0, 0.0, 0.9966994]
02-19 17:09:14.235 11391 11442 W CameraMetadataJV: Expect face scores and rectangles to be non-null
02-19 17:09:14.269 11391 11442 W CameraMetadataJV: Expect face scores and rectangles to be non-null
02-19 17:09:14.305 11391 11442 W CameraMetadataJV: Expect face scores and rectangles to be non-null
02-19 17:09:14.334 11391 11442 W CameraMetadataJV: Expect face scores and rectangles to be non-null
02-19 17:09:14.370 11391 11442 W CameraMetadataJV: Expect face scores and rectangles to be non-null
02-19 17:09:14.379 11391 11409 W pkr : CaptureResult is present COLOR_CORRECTION_GAINS NEUTRAL.
02-19 17:09:14.383 11391 11409 W CurrentTemp: 4459.1953
02-19 17:09:14.385 11391 11409 W CCT_dump: [1.0035621, 0.0, 0.0, 0.0, 0.99973863, 0.0, 0.0, 0.0, 0.9966994]
02-19 17:09:14.390 11391 11409 W CurrentTemp: 4459.1953
02-19 17:09:14.391 11391 11409 W CCT_dump: [1.0035621, 0.0, 0.0, 0.0, 0.99973863, 0.0, 0.0, 0.0, 0.9966994]
02-19 17:09:14.394 11391 11409 W CurrentTemp: 4459.1953
02-19 17:09:14.395 11391 11409 W CCT_dump: [1.0035621, 0.0, 0.0, 0.0, 0.99973863, 0.0, 0.0, 0.0, 0.9966994]
02-19 17:09:14.398 11391 11409 W CurrentTemp: 4459.1953
02-19 17:09:14.399 11391 11409 W CCT_dump: [1.0035621, 0.0, 0.0, 0.0, 0.99973863, 0.0, 0.0, 0.0, 0.9966994]
02-19 17:09:14.404 11391 11442 W CameraMetadataJV: Expect face scores and rectangles to be non-null
02-19 17:09:14.434 11391 11442 W CameraMetadataJV: Expect face scores and rectangles to be non-null
02-19 17:09:14.466 11391 11442 W CameraMetadataJV: Expect face scores and rectangles to be non-null
02-19 17:09:14.502 11391 11442 W CameraMetadataJV: Expect face scores and rectangles to be non-null
02-19 17:09:14.503 11391 11442 W CAM_A : PHOTO > rel Δ(result sensor timestamp) = 0.25 > 0.25
02-19 17:09:14.534 11391 11442 W CameraMetadataJV: Expect face scores and rectangles to be non-null
02-19 17:09:14.535 11391 11442 W CAM_A : PHOTO > rel Δ(result sensor timestamp) = 0.33 > 0.25
02-19 17:09:14.567 11391 11442 W CameraMetadataJV: Expect face scores and rectangles to be non-null
02-19 17:09:14.575 11391 11424 W pkr : CaptureResult is present COLOR_CORRECTION_GAINS NEUTRAL.
02-19 17:09:14.579 11391 11424 W CurrentTemp: 4448.072
02-19 17:09:14.581 11391 11424 W CCT_dump: [1.0035621, 0.0, 0.0, 0.0, 0.99973863, 0.0, 0.0, 0.0, 0.9966994]
02-19 17:09:14.586 11391 11424 W CurrentTemp: 4448.072
02-19 17:09:14.587 11391 11424 W CCT_dump: [1.0035621, 0.0, 0.0, 0.0, 0.99973863, 0.0, 0.0, 0.0, 0.9966994]
02-19 17:09:14.592 11391 11424 W CurrentTemp: 4448.072
02-19 17:09:14.593 11391 11424 W CCT_dump: [1.0035621, 0.0, 0.0, 0.0, 0.99973863, 0.0, 0.0, 0.0, 0.9966994]
02-19 17:09:14.598 11391 11424 W CurrentTemp: 4448.072
02-19 17:09:14.598 11391 11424 W CCT_dump: [1.0035621, 0.0, 0.0, 0.0, 0.99973863, 0.0, 0.0, 0.0, 0.9966994]
02-19 17:09:14.602 11391 11442 W CameraMetadataJV: Expect face scores and rectangles to be non-null
02-19 17:09:14.634 11391 11442 W CameraMetadataJV: Expect face scores and rectangles to be non-null
02-19 17:09:14.668 11391 11442 W CameraMetadataJV: Expect face scores and rectangles to be non-null
02-19 17:09:14.702 11391 11442 W CameraMetadataJV: Expect face scores and rectangles to be non-null
02-19 17:09:14.736 11391 11442 W CameraMetadataJV: Expect face scores and rectangles to be non-null
02-19 17:09:14.770 11391 11442 W CameraMetadataJV: Expect face scores and rectangles to be non-null
02-19 17:09:14.779 11391 11409 W pkr : CaptureResult is present COLOR_CORRECTION_GAINS NEUTRAL.
02-19 17:09:14.786 11391 11409 W CurrentTemp: 4439.2163
02-19 17:09:14.790 11391 11409 W CCT_dump: [1.0035621, 0.0, 0.0, 0.0, 0.99973863, 0.0, 0.0, 0.0, 0.9966994]
02-19 17:09:14.794 11391 11409 W CurrentTemp: 4439.2163
02-19 17:09:14.795 11391 11409 W CCT_dump: [1.0035621, 0.0, 0.0, 0.0, 0.99973863, 0.0, 0.0, 0.0, 0.9966994]
02-19 17:09:14.799 11391 11442 W CameraMetadataJV: Expect face scores and rectangles to be non-null
02-19 17:09:14.800 11391 11409 W CurrentTemp: 4439.2163
02-19 17:09:14.801 11391 11409 W CCT_dump: [1.0035621, 0.0, 0.0, 0.0, 0.99973863, 0.0, 0.0, 0.0, 0.9966994]
02-19 17:09:14.805 11391 11409 W CurrentTemp: 4439.2163
02-19 17:09:14.806 11391 11409 W CCT_dump: [1.0035621, 0.0, 0.0, 0.0, 0.99973863, 0.0, 0.0, 0.0, 0.9966994]
02-19 17:09:14.834 11391 11442 W CameraMetadataJV: Expect face scores and rectangles to be non-null
02-19 17:09:14.867 11391 11442 W CameraMetadataJV: Expect face scores and rectangles to be non-null
02-19 17:09:14.903 11391 11442 W CameraMetadataJV: Expect face scores and rectangles to be non-null
02-19 17:09:14.934 11391 11442 W CameraMetadataJV: Expect face scores and rectangles to be non-null
02-19 17:09:14.967 11391 11442 W CameraMetadataJV: Expect face scores and rectangles to be non-null
02-19 17:09:14.978 11391 11424 W pkr : CaptureResult is present COLOR_CORRECTION_GAINS NEUTRAL.
02-19 17:09:14.982 11391 11424 W CurrentTemp: 4443.6543
02-19 17:09:14.986 11391 11424 W CCT_dump: [1.0035621, 0.0, 0.0, 0.0, 0.99973863, 0.0, 0.0, 0.0, 0.9966994]
02-19 17:09:14.993 11391 11424 W CurrentTemp: 4443.6543
02-19 17:09:14.993 11391 11424 W CCT_dump: [1.0035621, 0.0, 0.0, 0.0, 0.99973863, 0.0, 0.0, 0.0, 0.9966994]
02-19 17:09:14.998 11391 11424 W CurrentTemp: 4443.6543
02-19 17:09:14.999 11391 11424 W CCT_dump: [1.0035621, 0.0, 0.0, 0.0, 0.99973863, 0.0, 0.0, 0.0, 0.9966994]
02-19 17:09:15.002 11391 11424 W CurrentTemp: 4443.6543
02-19 17:09:15.003 11391 11424 W CCT_dump: [1.0035621, 0.0, 0.0, 0.0, 0.99973863, 0.0, 0.0, 0.0, 0.9966994]
02-19 17:09:15.004 11391 11442 W CameraMetadataJV: Expect face scores and rectangles to be non-null
02-19 17:09:15.034 11391 11442 W CameraMetadataJV: Expect face scores and rectangles to be non-null
02-19 17:09:15.067 11391 11442 W CameraMetadataJV: Expect face scores and rectangles to be non-null
02-19 17:09:15.099 11391 11442 W CameraMetadataJV: Expect face scores and rectangles to be non-null
02-19 17:09:15.132 11391 11442 W CameraMetadataJV: Expect face scores and rectangles to be non-null
02-19 17:09:15.165 11391 11442 W CameraMetadataJV: Expect face scores and rectangles to be non-null
02-19 17:09:15.174 11391 11424 W pkr : CaptureResult is present COLOR_CORRECTION_GAINS NEUTRAL.
02-19 17:09:15.179 11391 11424 W CurrentTemp: 4428.157
02-19 17:09:15.181 11391 11424 W CCT_dump: [1.0036274, 0.0, 0.0, 0.0, 0.9997059, 0.0, 0.0, 0.0, 0.99666667]
02-19 17:09:15.189 11391 11424 W CurrentTemp: 4428.157
02-19 17:09:15.190 11391 11424 W CCT_dump: [1.0036274, 0.0, 0.0, 0.0, 0.9997059, 0.0, 0.0, 0.0, 0.99666667]
02-19 17:09:15.194 11391 11424 W CurrentTemp: 4428.157
02-19 17:09:15.195 11391 11424 W CCT_dump: [1.0036274, 0.0, 0.0, 0.0, 0.9997059, 0.0, 0.0, 0.0, 0.99666667]
02-19 17:09:15.199 11391 11424 W CurrentTemp: 4428.157
02-19 17:09:15.199 11391 11442 W CameraMetadataJV: Expect face scores and rectangles to be non-null
02-19 17:09:15.200 11391 11424 W CCT_dump: [1.0036274, 0.0, 0.0, 0.0, 0.9997059, 0.0, 0.0, 0.0, 0.99666667]
02-19 17:09:15.232 11391 11442 W CameraMetadataJV: Expect face scores and rectangles to be non-null
02-19 17:09:15.265 11391 11442 W CameraMetadataJV: Expect face scores and rectangles to be non-null
02-19 17:09:15.300 11391 11442 W CameraMetadataJV: Expect face scores and rectangles to be non-null
02-19 17:09:15.335 11391 11442 W CameraMetadataJV: Expect face scores and rectangles to be non-null
02-19 17:09:15.370 11391 11442 W CameraMetadataJV: Expect face scores and rectangles to be non-null
02-19 17:09:15.377 11391 11409 W pkr : CaptureResult is present COLOR_CORRECTION_GAINS NEUTRAL.
02-19 17:09:15.382 11391 11409 W CurrentTemp: 4371.05
02-19 17:09:15.383 11391 11409 W CCT_dump: [1.0037255, 0.0, 0.0, 0.0, 0.9997059, 0.0, 0.0, 0.0, 0.9965687]
02-19 17:09:15.388 11391 11409 W CurrentTemp: 4371.05
02-19 17:09:15.389 11391 11409 W CCT_dump: [1.0037255, 0.0, 0.0, 0.0, 0.9997059, 0.0, 0.0, 0.0, 0.9965687]
02-19 17:09:15.394 11391 11409 W CurrentTemp: 4371.05
02-19 17:09:15.395 11391 11409 W CCT_dump: [1.0037255, 0.0, 0.0, 0.0, 0.9997059, 0.0, 0.0, 0.0, 0.9965687]
02-19 17:09:15.398 11391 11409 W CurrentTemp: 4371.05
02-19 17:09:15.399 11391 11409 W CCT_dump: [1.0037255, 0.0, 0.0, 0.0, 0.9997059, 0.0, 0.0, 0.0, 0.9965687]
02-19 17:09:15.405 11391 11442 W CameraMetadataJV: Expect face scores and rectangles to be non-null
02-19 17:09:15.435 11391 11442 W CameraMetadataJV: Expect face scores and rectangles to be non-null
02-19 17:09:15.468 11391 11442 W CameraMetadataJV: Expect face scores and rectangles to be non-null
02-19 17:09:15.502 11391 11442 W CameraMetadataJV: Expect face scores and rectangles to be non-null
02-19 17:09:15.535 11391 11442 W CameraMetadataJV: Expect face scores and rectangles to be non-null
02-19 17:09:15.571 11391 11442 W CameraMetadataJV: Expect face scores and rectangles to be non-null
02-19 17:09:15.579 11391 11424 W pkr : CaptureResult is present COLOR_CORRECTION_GAINS NEUTRAL.
02-19 17:09:15.584 11391 11424 W CurrentTemp: 4340.5786
02-19 17:09:15.585 11391 11424 W CCT_dump: [1.0038236, 0.0, 0.0, 0.0, 0.9997059, 0.0, 0.0, 0.0, 0.99647063]
02-19 17:09:15.590 11391 11424 W CurrentTemp: 4340.5786
02-19 17:09:15.591 11391 11424 W CCT_dump: [1.0038236, 0.0, 0.0, 0.0, 0.9997059, 0.0, 0.0, 0.0, 0.99647063]
02-19 17:09:15.594 11391 11424 W CurrentTemp: 4340.5786
02-19 17:09:15.595 11391 11424 W CCT_dump: [1.0038236, 0.0, 0.0, 0.0, 0.9997059, 0.0, 0.0, 0.0, 0.99647063]
02-19 17:09:15.598 11391 11424 W CurrentTemp: 4340.5786
02-19 17:09:15.599 11391 11424 W CCT_dump: [1.0038236, 0.0, 0.0, 0.0, 0.9997059, 0.0, 0.0, 0.0, 0.99647063]
02-19 17:09:15.601 11391 11442 W CameraMetadataJV: Expect face scores and rectangles to be non-null
02-19 17:09:15.634 11391 11442 W CameraMetadataJV: Expect face scores and rectangles to be non-null
02-19 17:09:15.667 11391 11442 W CameraMetadataJV: Expect face scores and rectangles to be non-null
02-19 17:09:15.705 11391 11442 W CameraMetadataJV: Expect face scores and rectangles to be non-null
02-19 17:09:15.737 11391 11442 W CameraMetadataJV: Expect face scores and rectangles to be non-null
02-19 17:09:15.769 11391 11442 W CameraMetadataJV: Expect face scores and rectangles to be non-null
02-19 17:09:15.778 11391 11409 W pkr : CaptureResult is present COLOR_CORRECTION_GAINS NEUTRAL.
02-19 17:09:15.783 11391 11409 W CurrentTemp: 4329.7725
02-19 17:09:15.785 11391 11409 W CCT_dump: [1.0038236, 0.0, 0.0, 0.0, 0.9997059, 0.0, 0.0, 0.0, 0.99647063]
02-19 17:09:15.789 11391 11409 W CurrentTemp: 4329.7725
02-19 17:09:15.791 11391 11409 W CCT_dump: [1.0038236, 0.0, 0.0, 0.0, 0.9997059, 0.0, 0.0, 0.0, 0.99647063]
02-19 17:09:15.796 11391 11409 W CurrentTemp: 4329.7725
02-19 17:09:15.797 11391 11409 W CCT_dump: [1.0038236, 0.0, 0.0, 0.0, 0.9997059, 0.0, 0.0, 0.0, 0.99647063]
02-19 17:09:15.800 11391 11409 W CurrentTemp: 4329.7725
02-19 17:09:15.801 11391 11409 W CCT_dump: [1.0038236, 0.0, 0.0, 0.0, 0.9997059, 0.0, 0.0, 0.0, 0.99647063]
02-19 17:09:15.802 11391 11442 W CameraMetadataJV: Expect face scores and rectangles to be non-null
02-19 17:09:15.834 11391 11442 W CameraMetadataJV: Expect face scores and rectangles to be non-null
02-19 17:09:15.869 11391 11442 W CameraMetadataJV: Expect face scores and rectangles to be non-null
02-19 17:09:15.901 11391 11442 W CameraMetadataJV: Expect face scores and rectangles to be non-null
02-19 17:09:15.935 11391 11442 W CameraMetadataJV: Expect face scores and rectangles to be non-null
02-19 17:09:15.968 11391 11442 W CameraMetadataJV: Expect face scores and rectangles to be non-null
02-19 17:09:15.976 11391 11409 W pkr : CaptureResult is present COLOR_CORRECTION_GAINS NEUTRAL.
02-19 17:09:15.981 11391 11409 W CurrentTemp: 4334.1304
02-19 17:09:15.983 11391 11409 W CCT_dump: [1.0038236, 0.0, 0.0, 0.0, 0.9997059, 0.0, 0.0, 0.0, 0.99647063]
02-19 17:09:15.988 11391 11409 W CurrentTemp: 4334.1304
02-19 17:09:15.989 11391 11409 W CCT_dump: [1.0038236, 0.0, 0.0, 0.0, 0.9997059, 0.0, 0.0, 0.0, 0.99647063]
02-19 17:09:15.992 11391 11409 W CurrentTemp: 4334.1304
02-19 17:09:15.993 11391 11409 W CCT_dump: [1.0038236, 0.0, 0.0, 0.0, 0.9997059, 0.0, 0.0, 0.0, 0.99647063]
02-19 17:09:15.997 11391 11409 W CurrentTemp: 4334.1304
02-19 17:09:15.997 11391 11409 W CCT_dump: [1.0038236, 0.0, 0.0, 0.0, 0.9997059, 0.0, 0.0, 0.0, 0.99647063]
02-19 17:09:16.005 11391 11442 W CameraMetadataJV: Expect face scores and rectangles to be non-null
02-19 17:09:16.034 11391 11442 W CameraMetadataJV: Expect face scores and rectangles to be non-null
02-19 17:09:16.072 11391 11442 W CameraMetadataJV: Expect face scores and rectangles to be non-null
02-19 17:09:16.101 11391 11442 W CameraMetadataJV: Expect face scores and rectangles to be non-null
02-19 17:09:16.136 11391 11442 W CameraMetadataJV: Expect face scores and rectangles to be non-null
02-19 17:09:16.169 11391 11442 W CameraMetadataJV: Expect face scores and rectangles to be non-null
02-19 17:09:16.177 11391 11424 W pkr : CaptureResult is present COLOR_CORRECTION_GAINS NEUTRAL.
02-19 17:09:16.181 11391 11424 W CurrentTemp: 4327.696
02-19 17:09:16.183 11391 11424 W CCT_dump: [1.0038236, 0.0, 0.0, 0.0, 0.9997059, 0.0, 0.0, 0.0, 0.99647063]
02-19 17:09:16.188 11391 11424 W CurrentTemp: 4327.696
02-19 17:09:16.190 11391 11424 W CCT_dump: [1.0038236, 0.0, 0.0, 0.0, 0.9997059, 0.0, 0.0, 0.0, 0.99647063]
02-19 17:09:16.195 11391 11424 W CurrentTemp: 4327.696
02-19 17:09:16.196 11391 11424 W CCT_dump: [1.0038236, 0.0, 0.0, 0.0, 0.9997059, 0.0, 0.0, 0.0, 0.99647063]
02-19 17:09:16.200 11391 11424 W CurrentTemp: 4327.696
02-19 17:09:16.201 11391 11424 W CCT_dump: [1.0038236, 0.0, 0.0, 0.0, 0.9997059, 0.0, 0.0, 0.0, 0.99647063]
02-19 17:09:16.207 11391 11442 W CameraMetadataJV: Expect face scores and rectangles to be non-null
02-19 17:09:16.235 11391 11442 W CameraMetadataJV: Expect face scores and rectangles to be non-null
02-19 17:09:16.268 11391 11442 W CameraMetadataJV: Expect face scores and rectangles to be non-null
02-19 17:09:16.300 11391 11442 W CameraMetadataJV: Expect face scores and rectangles to be non-null
02-19 17:09:16.334 11391 11442 W CameraMetadataJV: Expect face scores and rectangles to be non-null
02-19 17:09:16.369 11391 11442 W CameraMetadataJV: Expect face scores and rectangles to be non-null
02-19 17:09:16.378 11391 11409 W pkr : CaptureResult is present COLOR_CORRECTION_GAINS NEUTRAL.
02-19 17:09:16.383 11391 11409 W CurrentTemp: 4327.696
02-19 17:09:16.384 11391 11409 W CCT_dump: [1.0038236, 0.0, 0.0, 0.0, 0.9997059, 0.0, 0.0, 0.0, 0.99647063]
02-19 17:09:16.389 11391 11409 W CurrentTemp: 4327.696
02-19 17:09:16.390 11391 11409 W CCT_dump: [1.0038236, 0.0, 0.0, 0.0, 0.9997059, 0.0, 0.0, 0.0, 0.99647063]
02-19 17:09:16.393 11391 11409 W CurrentTemp: 4327.696
02-19 17:09:16.394 11391 11409 W CCT_dump: [1.0038236, 0.0, 0.0, 0.0, 0.9997059, 0.0, 0.0, 0.0, 0.99647063]
02-19 17:09:16.398 11391 11409 W CurrentTemp: 4327.696
02-19 17:09:16.398 11391 11409 W CCT_dump: [1.0038236, 0.0, 0.0, 0.0, 0.9997059, 0.0, 0.0, 0.0, 0.99647063]
02-19 17:09:16.402 11391 11442 W CameraMetadataJV: Expect face scores and rectangles to be non-null
02-19 17:09:16.435 11391 11442 W CameraMetadataJV: Expect face scores and rectangles to be non-null
02-19 17:09:16.470 11391 11442 W CameraMetadataJV: Expect face scores and rectangles to be non-null
02-19 17:09:16.501 11391 11442 W CameraMetadataJV: Expect face scores and rectangles to be non-null
02-19 17:09:16.536 11391 11442 W CameraMetadataJV: Expect face scores and rectangles to be non-null
02-19 17:09:16.570 11391 11442 W CameraMetadataJV: Expect face scores and rectangles to be non-null
02-19 17:09:16.578 11391 11424 W pkr : CaptureResult is present COLOR_CORRECTION_GAINS NEUTRAL.
02-19 17:09:16.582 11391 11424 W CurrentTemp: 4344.944
02-19 17:09:16.584 11391 11424 W CCT_dump: [1.0037582, 0.0, 0.0, 0.0, 0.9997386, 0.0, 0.0, 0.0, 0.9965033]
02-19 17:09:16.589 11391 11424 W CurrentTemp: 4344.944
02-19 17:09:16.591 11391 11424 W CCT_dump: [1.0037582, 0.0, 0.0, 0.0, 0.9997386, 0.0, 0.0, 0.0, 0.9965033]
02-19 17:09:16.596 11391 11424 W CurrentTemp: 4344.944
02-19 17:09:16.597 11391 11424 W CCT_dump: [1.0037582, 0.0, 0.0, 0.0, 0.9997386, 0.0, 0.0, 0.0, 0.9965033]
02-19 17:09:16.600 11391 11442 W CameraMetadataJV: Expect face scores and rectangles to be non-null
02-19 17:09:16.601 11391 11424 W CurrentTemp: 4344.944
02-19 17:09:16.601 11391 11424 W CCT_dump: [1.0037582, 0.0, 0.0, 0.0, 0.9997386, 0.0, 0.0, 0.0, 0.9965033]
02-19 17:09:16.635 11391 11442 W CameraMetadataJV: Expect face scores and rectangles to be non-null
02-19 17:09:16.667 11391 11442 W CameraMetadataJV: Expect face scores and rectangles to be non-null
02-19 17:09:16.702 11391 11442 W CameraMetadataJV: Expect face scores and rectangles to be non-null
02-19 17:09:16.736 11391 11442 W CameraMetadataJV: Expect face scores and rectangles to be non-null
02-19 17:09:16.769 11391 11442 W CameraMetadataJV: Expect face scores and rectangles to be non-null
02-19 17:09:16.778 11391 11409 W pkr : CaptureResult is present COLOR_CORRECTION_GAINS NEUTRAL.
02-19 17:09:16.783 11391 11409 W CurrentTemp: 4355.7896
02-19 17:09:16.785 11391 11409 W CCT_dump: [1.0037582, 0.0, 0.0, 0.0, 0.9997386, 0.0, 0.0, 0.0, 0.9965033]
02-19 17:09:16.790 11391 11409 W CurrentTemp: 4355.7896
02-19 17:09:16.791 11391 11409 W CCT_dump: [1.0037582, 0.0, 0.0, 0.0, 0.9997386, 0.0, 0.0, 0.0, 0.9965033]
02-19 17:09:16.794 11391 11409 W CurrentTemp: 4355.7896
02-19 17:09:16.795 11391 11409 W CCT_dump: [1.0037582, 0.0, 0.0, 0.0, 0.9997386, 0.0, 0.0, 0.0, 0.9965033]
02-19 17:09:16.799 11391 11409 W CurrentTemp: 4355.7896
02-19 17:09:16.800 11391 11409 W CCT_dump: [1.0037582, 0.0, 0.0, 0.0, 0.9997386, 0.0, 0.0, 0.0, 0.9965033]
02-19 17:09:16.800 11391 11442 W CameraMetadataJV: Expect face scores and rectangles to be non-null
02-19 17:09:16.836 11391 11442 W CameraMetadataJV: Expect face scores and rectangles to be non-null
02-19 17:09:16.875 11391 11442 W CameraMetadataJV: Expect face scores and rectangles to be non-null
02-19 17:09:16.906 11391 11442 W CameraMetadataJV: Expect face scores and rectangles to be non-null
02-19 17:09:16.935 11391 11442 W CameraMetadataJV: Expect face scores and rectangles to be non-null
02-19 17:09:16.942 11391 11527 D BufferPoolAccessor2.0: bufferpool2 0x7057b532b8 : 0(0 size) total buffers - 0(0 size) used buffers - 2/7 (recycle/alloc) - 5/40 (fetch/transfer)
02-19 17:09:16.942 11391 11527 D BufferPoolAccessor2.0: evictor expired: 1, evicted: 1
02-19 17:09:16.967 11391 11442 W CameraMetadataJV: Expect face scores and rectangles to be non-null
02-19 17:09:16.976 11391 11409 W pkr : CaptureResult is present COLOR_CORRECTION_GAINS NEUTRAL.
02-19 17:09:16.981 11391 11409 W CurrentTemp: 4355.7896
02-19 17:09:16.983 11391 11409 W CCT_dump: [1.0037582, 0.0, 0.0, 0.0, 0.9997386, 0.0, 0.0, 0.0, 0.9965033]
02-19 17:09:16.988 11391 11409 W CurrentTemp: 4355.7896
02-19 17:09:16.990 11391 11409 W CCT_dump: [1.0037582, 0.0, 0.0, 0.0, 0.9997386, 0.0, 0.0, 0.0, 0.9965033]
02-19 17:09:16.996 11391 11409 W CurrentTemp: 4355.7896
02-19 17:09:16.997 11391 11409 W CCT_dump: [1.0037582, 0.0, 0.0, 0.0, 0.9997386, 0.0, 0.0, 0.0, 0.9965033]
02-19 17:09:17.001 11391 11409 W CurrentTemp: 4355.7896
02-19 17:09:17.001 11391 11442 W CameraMetadataJV: Expect face scores and rectangles to be non-null
02-19 17:09:17.002 11391 11409 W CCT_dump: [1.0037582, 0.0, 0.0, 0.0, 0.9997386, 0.0, 0.0, 0.0, 0.9965033]
02-19 17:09:17.035 11391 11442 W CameraMetadataJV: Expect face scores and rectangles to be non-null
02-19 17:09:17.068 11391 11442 W CameraMetadataJV: Expect face scores and rectangles to be non-null
02-19 17:09:17.103 11391 11442 W CameraMetadataJV: Expect face scores and rectangles to be non-null
02-19 17:09:17.136 11391 11442 W CameraMetadataJV: Expect face scores and rectangles to be non-null
02-19 17:09:17.169 11391 11442 W CameraMetadataJV: Expect face scores and rectangles to be non-null
02-19 17:09:17.177 11391 11424 W pkr : CaptureResult is present COLOR_CORRECTION_GAINS NEUTRAL.
02-19 17:09:17.182 11391 11424 W CurrentTemp: 4366.664
02-19 17:09:17.184 11391 11424 W CCT_dump: [1.0037255, 0.0, 0.0, 0.0, 0.9997059, 0.0, 0.0, 0.0, 0.9965687]
02-19 17:09:17.189 11391 11424 W CurrentTemp: 4366.664
02-19 17:09:17.190 11391 11424 W CCT_dump: [1.0037255, 0.0, 0.0, 0.0, 0.9997059, 0.0, 0.0, 0.0, 0.9965687]
02-19 17:09:17.193 11391 11424 W CurrentTemp: 4366.664
02-19 17:09:17.194 11391 11424 W CCT_dump: [1.0037255, 0.0, 0.0, 0.0, 0.9997059, 0.0, 0.0, 0.0, 0.9965687]
02-19 17:09:17.197 11391 11424 W CurrentTemp: 4366.664
02-19 17:09:17.198 11391 11424 W CCT_dump: [1.0037255, 0.0, 0.0, 0.0, 0.9997059, 0.0, 0.0, 0.0, 0.9965687]
02-19 17:09:17.206 11391 11442 W CameraMetadataJV: Expect face scores and rectangles to be non-null
02-19 17:09:17.235 11391 11442 W CameraMetadataJV: Expect face scores and rectangles to be non-null
02-19 17:09:17.269 11391 11442 W CameraMetadataJV: Expect face scores and rectangles to be non-null
02-19 17:09:17.301 11391 11442 W CameraMetadataJV: Expect face scores and rectangles to be non-null
02-19 17:09:17.334 11391 11442 W CameraMetadataJV: Expect face scores and rectangles to be non-null
02-19 17:09:17.369 11391 11442 W CameraMetadataJV: Expect face scores and rectangles to be non-null
02-19 17:09:17.379 11391 11424 W pkr : CaptureResult is present COLOR_CORRECTION_GAINS NEUTRAL.
02-19 17:09:17.384 11391 11424 W CurrentTemp: 4355.7896
02-19 17:09:17.385 11391 11424 W CCT_dump: [1.0037582, 0.0, 0.0, 0.0, 0.9997386, 0.0, 0.0, 0.0, 0.9965033]
02-19 17:09:17.391 11391 11424 W CurrentTemp: 4355.7896
02-19 17:09:17.392 11391 11424 W CCT_dump: [1.0037582, 0.0, 0.0, 0.0, 0.9997386, 0.0, 0.0, 0.0, 0.9965033]
02-19 17:09:17.398 11391 11424 W CurrentTemp: 4355.7896
02-19 17:09:17.399 11391 11424 W CCT_dump: [1.0037582, 0.0, 0.0, 0.0, 0.9997386, 0.0, 0.0, 0.0, 0.9965033]
02-19 17:09:17.402 11391 11442 W CameraMetadataJV: Expect face scores and rectangles to be non-null
02-19 17:09:17.403 11391 11424 W CurrentTemp: 4355.7896
02-19 17:09:17.404 11391 11424 W CCT_dump: [1.0037582, 0.0, 0.0, 0.0, 0.9997386, 0.0, 0.0, 0.0, 0.9965033]
02-19 17:09:17.432 11391 11442 W CameraMetadataJV: Expect face scores and rectangles to be non-null
02-19 17:09:17.465 11391 11442 W CameraMetadataJV: Expect face scores and rectangles to be non-null
02-19 17:09:17.504 11391 11442 W CameraMetadataJV: Expect face scores and rectangles to be non-null
02-19 17:09:17.535 11391 11442 W CameraMetadataJV: Expect face scores and rectangles to be non-null
02-19 17:09:17.568 11391 11442 W CameraMetadataJV: Expect face scores and rectangles to be non-null
02-19 17:09:17.577 11391 11409 W pkr : CaptureResult is present COLOR_CORRECTION_GAINS NEUTRAL.
02-19 17:09:17.582 11391 11409 W CurrentTemp: 4344.944
02-19 17:09:17.584 11391 11409 W CCT_dump: [1.0037582, 0.0, 0.0, 0.0, 0.9997386, 0.0, 0.0, 0.0, 0.9965033]
02-19 17:09:17.589 11391 11409 W CurrentTemp: 4344.944
02-19 17:09:17.590 11391 11409 W CCT_dump: [1.0037582, 0.0, 0.0, 0.0, 0.9997386, 0.0, 0.0, 0.0, 0.9965033]
02-19 17:09:17.593 11391 11409 W CurrentTemp: 4344.944
02-19 17:09:17.594 11391 11409 W CCT_dump: [1.0037582, 0.0, 0.0, 0.0, 0.9997386, 0.0, 0.0, 0.0, 0.9965033]
02-19 17:09:17.597 11391 11409 W CurrentTemp: 4344.944
02-19 17:09:17.598 11391 11409 W CCT_dump: [1.0037582, 0.0, 0.0, 0.0, 0.9997386, 0.0, 0.0, 0.0, 0.9965033]
02-19 17:09:17.601 11391 11442 W CameraMetadataJV: Expect face scores and rectangles to be non-null
02-19 17:09:17.634 11391 11442 W CameraMetadataJV: Expect face scores and rectangles to be non-null
02-19 17:09:17.676 11391 11442 W CameraMetadataJV: Expect face scores and rectangles to be non-null
02-19 17:09:17.706 11391 11442 W CameraMetadataJV: Expect face scores and rectangles to be non-null
02-19 17:09:17.736 11391 11442 W CameraMetadataJV: Expect face scores and rectangles to be non-null
02-19 17:09:17.770 11391 11442 W CameraMetadataJV: Expect face scores and rectangles to be non-null
02-19 17:09:17.778 11391 11424 W pkr : CaptureResult is present COLOR_CORRECTION_GAINS NEUTRAL.
02-19 17:09:17.782 11391 11424 W CurrentTemp: 4351.4146
02-19 17:09:17.783 11391 11424 W CCT_dump: [1.0037582, 0.0, 0.0, 0.0, 0.9997386, 0.0, 0.0, 0.0, 0.9965033]
02-19 17:09:17.786 11391 11424 W CurrentTemp: 4351.4146
02-19 17:09:17.787 11391 11424 W CCT_dump: [1.0037582, 0.0, 0.0, 0.0, 0.9997386, 0.0, 0.0, 0.0, 0.9965033]
02-19 17:09:17.790 11391 11424 W CurrentTemp: 4351.4146
02-19 17:09:17.790 11391 11424 W CCT_dump: [1.0037582, 0.0, 0.0, 0.0, 0.9997386, 0.0, 0.0, 0.0, 0.9965033]
02-19 17:09:17.793 11391 11424 W CurrentTemp: 4351.4146
02-19 17:09:17.794 11391 11424 W CCT_dump: [1.0037582, 0.0, 0.0, 0.0, 0.9997386, 0.0, 0.0, 0.0, 0.9965033]
02-19 17:09:17.798 11391 11442 W CameraMetadataJV: Expect face scores and rectangles to be non-null
02-19 17:09:17.833 11391 11442 W CameraMetadataJV: Expect face scores and rectangles to be non-null
02-19 17:09:17.867 11391 11442 W CameraMetadataJV: Expect face scores and rectangles to be non-null
02-19 17:09:17.905 11391 11442 W CameraMetadataJV: Expect face scores and rectangles to be non-null
02-19 17:09:17.936 11391 11442 W CameraMetadataJV: Expect face scores and rectangles to be non-null
02-19 17:09:17.942 11391 11527 D BufferPoolAccessor2.0: bufferpool2 0x7057b4fd88 : 0(0 size) total buffers - 0(0 size) used buffers - 2/7 (recycle/alloc) - 5/82 (fetch/transfer)
02-19 17:09:17.942 11391 11527 D BufferPoolAccessor2.0: evictor expired: 1, evicted: 1
02-19 17:09:17.969 11391 11442 W CameraMetadataJV: Expect face scores and rectangles to be non-null
02-19 17:09:17.978 11391 11424 W pkr : CaptureResult is present COLOR_CORRECTION_GAINS NEUTRAL.
02-19 17:09:17.983 11391 11424 W CurrentTemp: 4351.4146
02-19 17:09:17.988 11391 11424 W CCT_dump: [1.0037582, 0.0, 0.0, 0.0, 0.9997386, 0.0, 0.0, 0.0, 0.9965033]
02-19 17:09:17.991 11391 11424 W CurrentTemp: 4351.4146
02-19 17:09:17.992 11391 11424 W CCT_dump: [1.0037582, 0.0, 0.0, 0.0, 0.9997386, 0.0, 0.0, 0.0, 0.9965033]
02-19 17:09:17.996 11391 11424 W CurrentTemp: 4351.4146
02-19 17:09:17.996 11391 11424 W CCT_dump: [1.0037582, 0.0, 0.0, 0.0, 0.9997386, 0.0, 0.0, 0.0, 0.9965033]
02-19 17:09:18.000 11391 11424 W CurrentTemp: 4351.4146
02-19 17:09:18.001 11391 11424 W CCT_dump: [1.0037582, 0.0, 0.0, 0.0, 0.9997386, 0.0, 0.0, 0.0, 0.9965033]
02-19 17:09:18.003 11391 11442 W CameraMetadataJV: Expect face scores and rectangles to be non-null
02-19 17:09:18.033 11391 11442 W CameraMetadataJV: Expect face scores and rectangles to be non-null
02-19 17:09:18.068 11391 11442 W CameraMetadataJV: Expect face scores and rectangles to be non-null
02-19 17:09:18.099 11391 11442 W CameraMetadataJV: Expect face scores and rectangles to be non-null
02-19 17:09:18.133 11391 11442 W CameraMetadataJV: Expect face scores and rectangles to be non-null
02-19 17:09:18.166 11391 11442 W CameraMetadataJV: Expect face scores and rectangles to be non-null
02-19 17:09:18.175 11391 11409 W pkr : CaptureResult is present COLOR_CORRECTION_GAINS NEUTRAL.
02-19 17:09:18.180 11391 11409 W CurrentTemp: 4373.176
02-19 17:09:18.181 11391 11409 W CCT_dump: [1.0037255, 0.0, 0.0, 0.0, 0.9997059, 0.0, 0.0, 0.0, 0.9965687]
02-19 17:09:18.184 11391 11409 W CurrentTemp: 4373.176
02-19 17:09:18.185 11391 11409 W CCT_dump: [1.0037255, 0.0, 0.0, 0.0, 0.9997059, 0.0, 0.0, 0.0, 0.9965687]
02-19 17:09:18.190 11391 11409 W CurrentTemp: 4373.176
02-19 17:09:18.192 11391 11409 W CCT_dump: [1.0037255, 0.0, 0.0, 0.0, 0.9997059, 0.0, 0.0, 0.0, 0.9965687]
02-19 17:09:18.196 11391 11409 W CurrentTemp: 4373.176
02-19 17:09:18.197 11391 11409 W CCT_dump: [1.0037255, 0.0, 0.0, 0.0, 0.9997059, 0.0, 0.0, 0.0, 0.9965687]
02-19 17:09:18.202 11391 11442 W CameraMetadataJV: Expect face scores and rectangles to be non-null
02-19 17:09:18.234 11391 11442 W CameraMetadataJV: Expect face scores and rectangles to be non-null
02-19 17:09:18.267 11391 11442 W CameraMetadataJV: Expect face scores and rectangles to be non-null
02-19 17:09:18.301 11391 11442 W CameraMetadataJV: Expect face scores and rectangles to be non-null
02-19 17:09:18.337 11391 11442 W CameraMetadataJV: Expect face scores and rectangles to be non-null
02-19 17:09:18.370 11391 11442 W CameraMetadataJV: Expect face scores and rectangles to be non-null
02-19 17:09:18.378 11391 11424 W pkr : CaptureResult is present COLOR_CORRECTION_GAINS NEUTRAL.
02-19 17:09:18.383 11391 11424 W CurrentTemp: 4368.7847
02-19 17:09:18.384 11391 11424 W CCT_dump: [1.0037255, 0.0, 0.0, 0.0, 0.9997059, 0.0, 0.0, 0.0, 0.9965687]
02-19 17:09:18.389 11391 11424 W CurrentTemp: 4368.7847
02-19 17:09:18.390 11391 11424 W CCT_dump: [1.0037255, 0.0, 0.0, 0.0, 0.9997059, 0.0, 0.0, 0.0, 0.9965687]
02-19 17:09:18.393 11391 11424 W CurrentTemp: 4368.7847
02-19 17:09:18.394 11391 11424 W CCT_dump: [1.0037255, 0.0, 0.0, 0.0, 0.9997059, 0.0, 0.0, 0.0, 0.9965687]
02-19 17:09:18.398 11391 11424 W CurrentTemp: 4368.7847
02-19 17:09:18.398 11391 11424 W CCT_dump: [1.0037255, 0.0, 0.0, 0.0, 0.9997059, 0.0, 0.0, 0.0, 0.9965687]
02-19 17:09:18.401 11391 11442 W CameraMetadataJV: Expect face scores and rectangles to be non-null
02-19 17:09:18.434 11391 11442 W CameraMetadataJV: Expect face scores and rectangles to be non-null
02-19 17:09:18.468 11391 11442 W CameraMetadataJV: Expect face scores and rectangles to be non-null
02-19 17:09:18.501 11391 11442 W CameraMetadataJV: Expect face scores and rectangles to be non-null
02-19 17:09:18.535 11391 11442 W CameraMetadataJV: Expect face scores and rectangles to be non-null
02-19 17:09:18.568 11391 11442 W CameraMetadataJV: Expect face scores and rectangles to be non-null
02-19 17:09:18.576 11391 11409 W pkr : CaptureResult is present COLOR_CORRECTION_GAINS NEUTRAL.
02-19 17:09:18.581 11391 11409 W CurrentTemp: 4336.215
02-19 17:09:18.582 11391 11409 W CCT_dump: [1.0038236, 0.0, 0.0, 0.0, 0.9997059, 0.0, 0.0, 0.0, 0.99647063]
02-19 17:09:18.588 11391 11409 W CurrentTemp: 4336.215
02-19 17:09:18.589 11391 11409 W CCT_dump: [1.0038236, 0.0, 0.0, 0.0, 0.9997059, 0.0, 0.0, 0.0, 0.99647063]
02-19 17:09:18.595 11391 11409 W CurrentTemp: 4336.215
02-19 17:09:18.596 11391 11409 W CCT_dump: [1.0038236, 0.0, 0.0, 0.0, 0.9997059, 0.0, 0.0, 0.0, 0.99647063]
02-19 17:09:18.599 11391 11409 W CurrentTemp: 4336.215
02-19 17:09:18.600 11391 11409 W CCT_dump: [1.0038236, 0.0, 0.0, 0.0, 0.9997059, 0.0, 0.0, 0.0, 0.99647063]
02-19 17:09:18.603 11391 11442 W CameraMetadataJV: Expect face scores and rectangles to be non-null
02-19 17:09:18.632 11391 11442 W CameraMetadataJV: Expect face scores and rectangles to be non-null
02-19 17:09:18.669 11391 11442 W CameraMetadataJV: Expect face scores and rectangles to be non-null
02-19 17:09:18.703 11391 11442 W CameraMetadataJV: Expect face scores and rectangles to be non-null
02-19 17:09:18.737 11391 11442 W CameraMetadataJV: Expect face scores and rectangles to be non-null
02-19 17:09:18.769 11391 11442 W CameraMetadataJV: Expect face scores and rectangles to be non-null
02-19 17:09:18.778 11391 11409 W pkr : CaptureResult is present COLOR_CORRECTION_GAINS NEUTRAL.
02-19 17:09:18.783 11391 11409 W CurrentTemp: 4316.7144
02-19 17:09:18.785 11391 11409 W CCT_dump: [1.0038563, 0.0, 0.0, 0.0, 0.9997386, 0.0, 0.0, 0.0, 0.99640524]
02-19 17:09:18.789 11391 11409 W CurrentTemp: 4316.7144
02-19 17:09:18.790 11391 11409 W CCT_dump: [1.0038563, 0.0, 0.0, 0.0, 0.9997386, 0.0, 0.0, 0.0, 0.99640524]
02-19 17:09:18.793 11391 11409 W CurrentTemp: 4316.7144
02-19 17:09:18.794 11391 11409 W CCT_dump: [1.0038563, 0.0, 0.0, 0.0, 0.9997386, 0.0, 0.0, 0.0, 0.99640524]
02-19 17:09:18.797 11391 11409 W CurrentTemp: 4316.7144
02-19 17:09:18.798 11391 11409 W CCT_dump: [1.0038563, 0.0, 0.0, 0.0, 0.9997386, 0.0, 0.0, 0.0, 0.99640524]
02-19 17:09:18.804 11391 11442 W CameraMetadataJV: Expect face scores and rectangles to be non-null
02-19 17:09:18.837 11391 11442 W CameraMetadataJV: Expect face scores and rectangles to be non-null
02-19 17:09:18.874 11391 11442 W CameraMetadataJV: Expect face scores and rectangles to be non-null
02-19 17:09:18.904 11391 11442 W CameraMetadataJV: Expect face scores and rectangles to be non-null
02-19 17:09:18.935 11391 11442 W CameraMetadataJV: Expect face scores and rectangles to be non-null
02-19 17:09:18.969 11391 11442 W CameraMetadataJV: Expect face scores and rectangles to be non-null
02-19 17:09:18.977 11391 11409 W pkr : CaptureResult is present COLOR_CORRECTION_GAINS NEUTRAL.
02-19 17:09:18.982 11391 11409 W CurrentTemp: 4321.065
02-19 17:09:18.983 11391 11409 W CCT_dump: [1.0038236, 0.0, 0.0, 0.0, 0.9997059, 0.0, 0.0, 0.0, 0.99647063]
02-19 17:09:18.989 11391 11409 W CurrentTemp: 4321.065
02-19 17:09:18.990 11391 11409 W CCT_dump: [1.0038236, 0.0, 0.0, 0.0, 0.9997059, 0.0, 0.0, 0.0, 0.99647063]
02-19 17:09:18.995 11391 11409 W CurrentTemp: 4321.065
02-19 17:09:18.997 11391 11409 W CCT_dump: [1.0038236, 0.0, 0.0, 0.0, 0.9997059, 0.0, 0.0, 0.0, 0.99647063]
02-19 17:09:19.000 11391 11409 W CurrentTemp: 4321.065
02-19 17:09:19.001 11391 11409 W CCT_dump: [1.0038236, 0.0, 0.0, 0.0, 0.9997059, 0.0, 0.0, 0.0, 0.99647063]
02-19 17:09:19.004 11391 11442 W CameraMetadataJV: Expect face scores and rectangles to be non-null
02-19 17:09:19.036 11391 11442 W CameraMetadataJV: Expect face scores and rectangles to be non-null
02-19 17:09:19.069 11391 11442 W CameraMetadataJV: Expect face scores and rectangles to be non-null
02-19 17:09:19.102 11391 11442 W CameraMetadataJV: Expect face scores and rectangles to be non-null
02-19 17:09:19.136 11391 11442 W CameraMetadataJV: Expect face scores and rectangles to be non-null
02-19 17:09:19.169 11391 11442 W CameraMetadataJV: Expect face scores and rectangles to be non-null
02-19 17:09:19.177 11391 11424 W pkr : CaptureResult is present COLOR_CORRECTION_GAINS NEUTRAL.
02-19 17:09:19.182 11391 11424 W CurrentTemp: 4321.065
02-19 17:09:19.183 11391 11424 W CCT_dump: [1.0038236, 0.0, 0.0, 0.0, 0.9997059, 0.0, 0.0, 0.0, 0.99647063]
02-19 17:09:19.189 11391 11424 W CurrentTemp: 4321.065
02-19 17:09:19.190 11391 11424 W CCT_dump: [1.0038236, 0.0, 0.0, 0.0, 0.9997059, 0.0, 0.0, 0.0, 0.99647063]
02-19 17:09:19.193 11391 11424 W CurrentTemp: 4321.065
02-19 17:09:19.194 11391 11424 W CCT_dump: [1.0038236, 0.0, 0.0, 0.0, 0.9997059, 0.0, 0.0, 0.0, 0.99647063]
02-19 17:09:19.197 11391 11424 W CurrentTemp: 4321.065
02-19 17:09:19.198 11391 11424 W CCT_dump: [1.0038236, 0.0, 0.0, 0.0, 0.9997059, 0.0, 0.0, 0.0, 0.99647063]
02-19 17:09:19.200 11391 11442 W CameraMetadataJV: Expect face scores and rectangles to be non-null
02-19 17:09:19.238 11391 11442 W CameraMetadataJV: Expect face scores and rectangles to be non-null
02-19 17:09:19.267 11391 11442 W CameraMetadataJV: Expect face scores and rectangles to be non-null
02-19 17:09:19.299 11391 11442 W CameraMetadataJV: Expect face scores and rectangles to be non-null
02-19 17:09:19.333 11391 11442 W CameraMetadataJV: Expect face scores and rectangles to be non-null
02-19 17:09:19.374 11391 11442 W CameraMetadataJV: Expect face scores and rectangles to be non-null
02-19 17:09:19.381 11391 11424 W pkr : CaptureResult is present COLOR_CORRECTION_GAINS NEUTRAL.
02-19 17:09:19.386 11391 11424 W CurrentTemp: 4305.963
02-19 17:09:19.387 11391 11424 W CCT_dump: [1.0038563, 0.0, 0.0, 0.0, 0.9997386, 0.0, 0.0, 0.0, 0.99640524]
02-19 17:09:19.393 11391 11424 W CurrentTemp: 4305.963
02-19 17:09:19.394 11391 11424 W CCT_dump: [1.0038563, 0.0, 0.0, 0.0, 0.9997386, 0.0, 0.0, 0.0, 0.99640524]
02-19 17:09:19.398 11391 11424 W CurrentTemp: 4305.963
02-19 17:09:19.399 11391 11424 W CCT_dump: [1.0038563, 0.0, 0.0, 0.0, 0.9997386, 0.0, 0.0, 0.0, 0.99640524]
02-19 17:09:19.402 11391 11442 W CameraMetadataJV: Expect face scores and rectangles to be non-null
02-19 17:09:19.403 11391 11424 W CurrentTemp: 4305.963
02-19 17:09:19.404 11391 11424 W CCT_dump: [1.0038563, 0.0, 0.0, 0.0, 0.9997386, 0.0, 0.0, 0.0, 0.99640524]
02-19 17:09:19.435 11391 11442 W CameraMetadataJV: Expect face scores and rectangles to be non-null
02-19 17:09:19.469 11391 11442 W CameraMetadataJV: Expect face scores and rectangles to be non-null
02-19 17:09:19.502 11391 11442 W CameraMetadataJV: Expect face scores and rectangles to be non-null
02-19 17:09:19.534 11391 11442 W CameraMetadataJV: Expect face scores and rectangles to be non-null
02-19 17:09:19.569 11391 11442 W CameraMetadataJV: Expect face scores and rectangles to be non-null
02-19 17:09:19.578 11391 11424 W pkr : CaptureResult is present COLOR_CORRECTION_GAINS NEUTRAL.
02-19 17:09:19.583 11391 11424 W CurrentTemp: 4295.2407
02-19 17:09:19.585 11391 11424 W CCT_dump: [1.003889, 0.0, 0.0, 0.0, 0.99967325, 0.0, 0.0, 0.0, 0.9964379]
