02-19 17:09:25.123 11391 11424 W CurrentTemp: 4419.237
02-19 17:09:25.124 11391 11424 W CCT_dump: [1.0036274, 0.0, 0.0, 0.0, 0.9997059, 0.0, 0.0, 0.0, 0.99666667]
02-19 17:09:25.127 11391 11424 W CurrentTemp: 4419.237
02-19 17:09:25.128 11391 11424 W CCT_dump: [1.0036274, 0.0, 0.0, 0.0, 0.9997059, 0.0, 0.0, 0.0, 0.99666667]
02-19 17:09:25.135 11391 11442 W CameraMetadataJV: Expect face scores and rectangles to be non-null
02-19 17:09:25.170 11391 11442 W CameraMetadataJV: Expect face scores and rectangles to be non-null
02-19 17:09:25.200 11391 11442 W CameraMetadataJV: Expect face scores and rectangles to be non-null
02-19 17:09:25.237 11391 11442 W CameraMetadataJV: Expect face scores and rectangles to be non-null
02-19 17:09:25.265 11391 11442 W CameraMetadataJV: Expect face scores and rectangles to be non-null
02-19 17:09:25.297 11391 11442 W CameraMetadataJV: Expect face scores and rectangles to be non-null
02-19 17:09:25.304 11391 11409 W pkr : CaptureResult is present COLOR_CORRECTION_GAINS NEUTRAL.
02-19 17:09:25.308 11391 11409 W CurrentTemp: 4419.237
02-19 17:09:25.309 11391 11409 W CCT_dump: [1.0036274, 0.0, 0.0, 0.0, 0.9997059, 0.0, 0.0, 0.0, 0.99666667]
02-19 17:09:25.311 11391 11409 W CurrentTemp: 4419.237
02-19 17:09:25.312 11391 11409 W CCT_dump: [1.0036274, 0.0, 0.0, 0.0, 0.9997059, 0.0, 0.0, 0.0, 0.99666667]
02-19 17:09:25.314 11391 11409 W CurrentTemp: 4419.237
02-19 17:09:25.314 11391 11409 W CCT_dump: [1.0036274, 0.0, 0.0, 0.0, 0.9997059, 0.0, 0.0, 0.0, 0.99666667]
02-19 17:09:25.317 11391 11409 W CurrentTemp: 4419.237
02-19 17:09:25.317 11391 11409 W CCT_dump: [1.0036274, 0.0, 0.0, 0.0, 0.9997059, 0.0, 0.0, 0.0, 0.99666667]
02-19 17:09:25.331 11391 11442 W CameraMetadataJV: Expect face scores and rectangles to be non-null
02-19 17:09:25.358 11391 11391 I ViewRootImpl: ViewRoot's KeyEvent { action=ACTION_DOWN, keyCode=KEYCODE_BACK, scanCode=0, metaState=0, flags=0x48, repeatCount=0, eventTime=34841082000000, downTime=34841082000000, deviceId=-1, source=0x101, displayId=0 } to DecorView@d4b95c3[CameraLauncher]
02-19 17:09:25.374 11391 11442 W CameraMetadataJV: Expect face scores and rectangles to be non-null
02-19 17:09:25.405 11391 11442 W CameraMetadataJV: Expect face scores and rectangles to be non-null
02-19 17:09:25.433 11391 11442 W CameraMetadataJV: Expect face scores and rectangles to be non-null
02-19 17:09:25.468 11391 11442 W CameraMetadataJV: Expect face scores and rectangles to be non-null
02-19 17:09:25.483 11391 11391 I ViewRootImpl: ViewRoot's KeyEvent { action=ACTION_UP, keyCode=KEYCODE_BACK, scanCode=0, metaState=0, flags=0x48, repeatCount=0, eventTime=34841206000000, downTime=34841082000000, deviceId=-1, source=0x101, displayId=0 } to DecorView@d4b95c3[CameraLauncher]
02-19 17:09:25.500 11391 11442 W CameraMetadataJV: Expect face scores and rectangles to be non-null
02-19 17:09:25.506 11391 11424 W pkr : CaptureResult is present COLOR_CORRECTION_GAINS NEUTRAL.
02-19 17:09:25.508 11391 11424 W CurrentTemp: 4430.2954
02-19 17:09:25.509 11391 11424 W CCT_dump: [1.0036274, 0.0, 0.0, 0.0, 0.9997059, 0.0, 0.0, 0.0, 0.99666667]
02-19 17:09:25.512 11391 11424 W CurrentTemp: 4430.2954
02-19 17:09:25.513 11391 11424 W CCT_dump: [1.0036274, 0.0, 0.0, 0.0, 0.9997059, 0.0, 0.0, 0.0, 0.99666667]
02-19 17:09:25.516 11391 11424 W CurrentTemp: 4430.2954
02-19 17:09:25.516 11391 11424 W CCT_dump: [1.0036274, 0.0, 0.0, 0.0, 0.9997059, 0.0, 0.0, 0.0, 0.99666667]
02-19 17:09:25.519 11391 11424 W CurrentTemp: 4430.2954
02-19 17:09:25.520 11391 11424 W CCT_dump: [1.0036274, 0.0, 0.0, 0.0, 0.9997059, 0.0, 0.0, 0.0, 0.99666667]
02-19 17:09:25.531 11391 11442 W CameraMetadataJV: Expect face scores and rectangles to be non-null
02-19 17:09:25.566 11391 11442 W CameraMetadataJV: Expect face scores and rectangles to be non-null
02-19 17:09:25.602 11391 11442 W CameraMetadataJV: Expect face scores and rectangles to be non-null
02-19 17:09:25.637 11391 11442 W CameraMetadataJV: Expect face scores and rectangles to be non-null
02-19 17:09:25.668 11391 11442 W CameraMetadataJV: Expect face scores and rectangles to be non-null
02-19 17:09:25.698 11391 11442 W CameraMetadataJV: Expect face scores and rectangles to be non-null
02-19 17:09:25.704 11391 11409 W pkr : CaptureResult is present COLOR_CORRECTION_GAINS NEUTRAL.
02-19 17:09:25.707 11391 11409 W CurrentTemp: 4430.2954
02-19 17:09:25.708 11391 11409 W CCT_dump: [1.0036274, 0.0, 0.0, 0.0, 0.9997059, 0.0, 0.0, 0.0, 0.99666667]
02-19 17:09:25.712 11391 11409 W CurrentTemp: 4430.2954
02-19 17:09:25.713 11391 11409 W CCT_dump: [1.0036274, 0.0, 0.0, 0.0, 0.9997059, 0.0, 0.0, 0.0, 0.99666667]
02-19 17:09:25.716 11391 11409 W CurrentTemp: 4430.2954
02-19 17:09:25.717 11391 11409 W CCT_dump: [1.0036274, 0.0, 0.0, 0.0, 0.9997059, 0.0, 0.0, 0.0, 0.99666667]
02-19 17:09:25.720 11391 11409 W CurrentTemp: 4430.2954
02-19 17:09:25.720 11391 11409 W CCT_dump: [1.0036274, 0.0, 0.0, 0.0, 0.9997059, 0.0, 0.0, 0.0, 0.99666667]
02-19 17:09:25.739 11391 11424 E PhenotypeFlagCommitter: Retrieving snapshot for com.google.android.apps.camera#com.google.android.GoogleCameraEngR15 failed
02-19 17:09:25.739 11391 11424 E PhenotypeFlagCommitter: java.util.concurrent.ExecutionException: java.lang.SecurityException: GoogleCertificatesRslt: not allowed: pkg=com.google.android.GoogleCameraEngR15, sha256=[a40da80a59d170caa950cf15c18c454d47a39b26989d8b640ecd745ba71bf5dc], atk=false, ver=250632029.true (go/gsrlt)
02-19 17:09:25.739 11391 11424 E PhenotypeFlagCommitter: at mip.fb(Unknown Source:27)
02-19 17:09:25.739 11391 11424 E PhenotypeFlagCommitter: at mip.cd(Unknown Source:63)
02-19 17:09:25.739 11391 11424 E PhenotypeFlagCommitter: at kuc.c(Unknown Source:12)
02-19 17:09:25.739 11391 11424 E PhenotypeFlagCommitter: at kuc.e(Unknown Source:35)
02-19 17:09:25.739 11391 11424 E PhenotypeFlagCommitter: at kuc.b(Unknown Source:1)
02-19 17:09:25.739 11391 11424 E PhenotypeFlagCommitter: at gvh.a(Unknown Source:35)
02-19 17:09:25.739 11391 11424 E PhenotypeFlagCommitter: at gvj.run(Unknown Source:9)
02-19 17:09:25.739 11391 11424 E PhenotypeFlagCommitter: at law.run(Unknown Source:2)
02-19 17:09:25.739 11391 11424 E PhenotypeFlagCommitter: at java.util.concurrent.Executors$RunnableAdapter.call(Executors.java:487)
02-19 17:09:25.739 11391 11424 E PhenotypeFlagCommitter: at pio.a(Unknown Source:2)
02-19 17:09:25.739 11391 11424 E PhenotypeFlagCommitter: at phs.run(Unknown Source:20)
02-19 17:09:25.739 11391 11424 E PhenotypeFlagCommitter: at pip.run(Unknown Source:4)
02-19 17:09:25.739 11391 11424 E PhenotypeFlagCommitter: at java.util.concurrent.Executors$RunnableAdapter.call(Executors.java:487)
02-19 17:09:25.739 11391 11424 E PhenotypeFlagCommitter: at java.util.concurrent.FutureTask.run(FutureTask.java:264)
02-19 17:09:25.739 11391 11424 E PhenotypeFlagCommitter: at java.util.concurrent.ScheduledThreadPoolExecutor$ScheduledFutureTask.run(ScheduledT hreadPoolExecutor.java:307)
02-19 17:09:25.739 11391 11424 E PhenotypeFlagCommitter: at lbh.run(Unknown Source:2)
02-19 17:09:25.739 11391 11424 E PhenotypeFlagCommitter: at lbg.run(Unknown Source:0)
02-19 17:09:25.739 11391 11424 E PhenotypeFlagCommitter: at java.util.concurrent.ThreadPoolExecutor.runWorker(ThreadPoolExecutor.java:1145)
02-19 17:09:25.739 11391 11424 E PhenotypeFlagCommitter: at java.util.concurrent.ThreadPoolExecutor$Worker.run(ThreadPoolExecutor.java:644)
02-19 17:09:25.739 11391 11424 E PhenotypeFlagCommitter: at java.lang.Thread.run(Thread.java:1012)
02-19 17:09:25.739 11391 11424 E PhenotypeFlagCommitter: at lab.run(Unknown Source:5)
02-19 17:09:25.739 11391 11424 E PhenotypeFlagCommitter: Caused by: java.lang.SecurityException: GoogleCertificatesRslt: not allowed: pkg=com.google.android.GoogleCameraEngR15, sha256=[a40da80a59d170caa950cf15c18c454d47a39b26989d8b640ecd745ba71bf5dc], atk=false, ver=250632029.true (go/gsrlt)
02-19 17:09:25.739 11391 11424 E PhenotypeFlagCommitter: at android.os.Parcel.createExceptionOrNull(Parcel.java:3011)
02-19 17:09:25.739 11391 11424 E PhenotypeFlagCommitter: at android.os.Parcel.createException(Parcel.java:2995)
02-19 17:09:25.739 11391 11424 E PhenotypeFlagCommitter: at android.os.Parcel.readException(Parcel.java:2978)
02-19 17:09:25.739 11391 11424 E PhenotypeFlagCommitter: at android.os.Parcel.readException(Parcel.java:2920)
02-19 17:09:25.739 11391 11424 E PhenotypeFlagCommitter: at bmn.z(Unknown Source:10)
02-19 17:09:25.739 11391 11424 E PhenotypeFlagCommitter: at ktz.a(Unknown Source:38)
02-19 17:09:25.739 11391 11424 E PhenotypeFlagCommitter: at kjd.f(Unknown Source:10)
02-19 17:09:25.739 11391 11424 E PhenotypeFlagCommitter: at kkc.t(Unknown Source:9)
02-19 17:09:25.739 11391 11424 E PhenotypeFlagCommitter: at kkc.u(Unknown Source:22)
02-19 17:09:25.739 11391 11424 E PhenotypeFlagCommitter: at kkc.e(Unknown Source:15)
02-19 17:09:25.739 11391 11424 E PhenotypeFlagCommitter: at kkg.handleMessage(Unknown Source:920)
02-19 17:09:25.739 11391 11424 E PhenotypeFlagCommitter: at android.os.Handler.dispatchMessage(Handler.java:102)
02-19 17:09:25.739 11391 11424 E PhenotypeFlagCommitter: at ksg.b(Unknown Source:0)
02-19 17:09:25.739 11391 11424 E PhenotypeFlagCommitter: at ksg.dispatchMessage(Unknown Source:0)
02-19 17:09:25.739 11391 11424 E PhenotypeFlagCommitter: at android.os.Looper.loopOnce(Looper.java:201)
02-19 17:09:25.739 11391 11424 E PhenotypeFlagCommitter: at android.os.Looper.loop(Looper.java:288)
02-19 17:09:25.739 11391 11424 E PhenotypeFlagCommitter: at android.os.HandlerThread.run(HandlerThread.java:67)
02-19 17:09:25.758 11391 11442 W CameraMetadataJV: Expect face scores and rectangles to be non-null
02-19 17:09:25.774 11391 11442 W CameraMetadataJV: Expect face scores and rectangles to be non-null
02-19 17:09:25.810 11391 11442 W CameraMetadataJV: Expect face scores and rectangles to be non-null
02-19 17:09:25.835 11391 11442 W CameraMetadataJV: Expect face scores and rectangles to be non-null
02-19 17:09:25.868 11391 11442 W CameraMetadataJV: Expect face scores and rectangles to be non-null
02-19 17:09:25.901 11391 11442 W CameraMetadataJV: Expect face scores and rectangles to be non-null
02-19 17:09:25.909 11391 11409 W pkr : CaptureResult is present COLOR_CORRECTION_GAINS NEUTRAL.
02-19 17:09:25.911 11391 11409 W CurrentTemp: 4452.503
02-19 17:09:25.912 11391 11409 W CCT_dump: [1.0035621, 0.0, 0.0, 0.0, 0.99973863, 0.0, 0.0, 0.0, 0.9966994]
02-19 17:09:25.915 11391 11409 W CurrentTemp: 4452.503
02-19 17:09:25.916 11391 11409 W CCT_dump: [1.0035621, 0.0, 0.0, 0.0, 0.99973863, 0.0, 0.0, 0.0, 0.9966994]
02-19 17:09:25.919 11391 11409 W CurrentTemp: 4452.503
02-19 17:09:25.919 11391 11409 W CCT_dump: [1.0035621, 0.0, 0.0, 0.0, 0.99973863, 0.0, 0.0, 0.0, 0.9966994]
02-19 17:09:25.922 11391 11409 W CurrentTemp: 4452.503
02-19 17:09:25.923 11391 11409 W CCT_dump: [1.0035621, 0.0, 0.0, 0.0, 0.99973863, 0.0, 0.0, 0.0, 0.9966994]
02-19 17:09:25.932 11391 11442 W CameraMetadataJV: Expect face scores and rectangles to be non-null
02-19 17:09:25.968 11391 11442 W CameraMetadataJV: Expect face scores and rectangles to be non-null
02-19 17:09:26.003 11391 11442 W CameraMetadataJV: Expect face scores and rectangles to be non-null
02-19 17:09:26.034 11391 11442 W CameraMetadataJV: Expect face scores and rectangles to be non-null
02-19 17:09:26.064 11391 11442 W CameraMetadataJV: Expect face scores and rectangles to be non-null
02-19 17:09:26.097 11391 11442 W CameraMetadataJV: Expect face scores and rectangles to be non-null
02-19 17:09:26.106 11391 11424 W pkr : CaptureResult is present COLOR_CORRECTION_GAINS NEUTRAL.
02-19 17:09:26.110 11391 11424 W CurrentTemp: 4463.654
02-19 17:09:26.110 11391 11424 W CCT_dump: [1.0035621, 0.0, 0.0, 0.0, 0.99973863, 0.0, 0.0, 0.0, 0.9966994]
02-19 17:09:26.114 11391 11424 W CurrentTemp: 4463.654
02-19 17:09:26.115 11391 11424 W CCT_dump: [1.0035621, 0.0, 0.0, 0.0, 0.99973863, 0.0, 0.0, 0.0, 0.9966994]
02-19 17:09:26.123 11391 11424 W CurrentTemp: 4463.654
02-19 17:09:26.124 11391 11424 W CCT_dump: [1.0035621, 0.0, 0.0, 0.0, 0.99973863, 0.0, 0.0, 0.0, 0.9966994]
02-19 17:09:26.126 11391 11424 W CurrentTemp: 4463.654
02-19 17:09:26.127 11391 11424 W CCT_dump: [1.0035621, 0.0, 0.0, 0.0, 0.99973863, 0.0, 0.0, 0.0, 0.9966994]
02-19 17:09:26.130 11391 11442 W CameraMetadataJV: Expect face scores and rectangles to be non-null
02-19 17:09:26.164 11391 11442 W CameraMetadataJV: Expect face scores and rectangles to be non-null
02-19 17:09:26.201 11391 11442 W CameraMetadataJV: Expect face scores and rectangles to be non-null
02-19 17:09:26.231 11391 11442 W CameraMetadataJV: Expect face scores and rectangles to be non-null
02-19 17:09:26.266 11391 11442 W CameraMetadataJV: Expect face scores and rectangles to be non-null
02-19 17:09:26.300 11391 11442 W CameraMetadataJV: Expect face scores and rectangles to be non-null
02-19 17:09:26.309 11391 11409 W pkr : CaptureResult is present COLOR_CORRECTION_GAINS NEUTRAL.
02-19 17:09:26.311 11391 11409 W CurrentTemp: 4474.834
02-19 17:09:26.311 11391 11409 W CCT_dump: [1.0035294, 0.0, 0.0, 0.0, 0.99970585, 0.0, 0.0, 0.0, 0.99676466]
02-19 17:09:26.314 11391 11409 W CurrentTemp: 4474.834
02-19 17:09:26.317 11391 11407 I SensorManager: unregisterListenerImpl() [Sensor: LGE Accelerometer Non-wakeup, SensorEventListener: hpe@75167e9] by hpd.run():31
02-19 17:09:26.317 11391 11409 W CCT_dump: [1.0035294, 0.0, 0.0, 0.0, 0.99970585, 0.0, 0.0, 0.0, 0.99676466]
02-19 17:09:26.319 11391 11409 W CurrentTemp: 4474.834
02-19 17:09:26.320 11391 11407 I SensorManager: unregisterListenerImpl() [Sensor: LGE Magnetometer Non-wakeup, SensorEventListener: hpe@75167e9] by hpd.run():40
02-19 17:09:26.320 11391 11391 V SoundPool: autoPause()
02-19 17:09:26.320 11391 11409 W CCT_dump: [1.0035294, 0.0, 0.0, 0.0, 0.99970585, 0.0, 0.0, 0.0, 0.99676466]
02-19 17:09:26.325 11391 11431 I SensorManager: removeAllSensors() [Sensor: LGE Gyroscope Non-wakeup] by lxg.c():5
02-19 17:09:26.326 11391 11409 W CurrentTemp: 4474.834
02-19 17:09:26.327 11391 11409 W CCT_dump: [1.0035294, 0.0, 0.0, 0.0, 0.99970585, 0.0, 0.0, 0.0, 0.99676466]
02-19 17:09:26.332 11391 11431 I SensorManager: removeAllSensors() [Sensor: LGE Accelerometer Non-wakeup]