02-19 17:09:19.590 11391 11424 W CurrentTemp: 4295.2407
02-19 17:09:19.590 11391 11424 W CCT_dump: [1.003889, 0.0, 0.0, 0.0, 0.99967325, 0.0, 0.0, 0.0, 0.9964379]
02-19 17:09:19.594 11391 11424 W CurrentTemp: 4295.2407
02-19 17:09:19.595 11391 11424 W CCT_dump: [1.003889, 0.0, 0.0, 0.0, 0.99967325, 0.0, 0.0, 0.0, 0.9964379]
02-19 17:09:19.599 11391 11424 W CurrentTemp: 4295.2407
02-19 17:09:19.600 11391 11442 W CameraMetadataJV: Expect face scores and rectangles to be non-null
02-19 17:09:19.600 11391 11424 W CCT_dump: [1.003889, 0.0, 0.0, 0.0, 0.99967325, 0.0, 0.0, 0.0, 0.9964379]
02-19 17:09:19.638 11391 11442 W CameraMetadataJV: Expect face scores and rectangles to be non-null
02-19 17:09:19.673 11391 11442 W CameraMetadataJV: Expect face scores and rectangles to be non-null
02-19 17:09:19.703 11391 11442 W CameraMetadataJV: Expect face scores and rectangles to be non-null
02-19 17:09:19.735 11391 11442 W CameraMetadataJV: Expect face scores and rectangles to be non-null
02-19 17:09:19.769 11391 11442 W CameraMetadataJV: Expect face scores and rectangles to be non-null
02-19 17:09:19.778 11391 11409 W pkr : CaptureResult is present COLOR_CORRECTION_GAINS NEUTRAL.
02-19 17:09:19.783 11391 11409 W CurrentTemp: 4288.8726
02-19 17:09:19.784 11391 11409 W CCT_dump: [1.0039216, 0.0, 0.0, 0.0, 0.9997059, 0.0, 0.0, 0.0, 0.9963725]
02-19 17:09:19.790 11391 11409 W CurrentTemp: 4288.8726
02-19 17:09:19.792 11391 11409 W CCT_dump: [1.0039216, 0.0, 0.0, 0.0, 0.9997059, 0.0, 0.0, 0.0, 0.9963725]
02-19 17:09:19.797 11391 11409 W CurrentTemp: 4288.8726
02-19 17:09:19.798 11391 11409 W CCT_dump: [1.0039216, 0.0, 0.0, 0.0, 0.9997059, 0.0, 0.0, 0.0, 0.9963725]
02-19 17:09:19.801 11391 11409 W CurrentTemp: 4288.8726
02-19 17:09:19.802 11391 11409 W CCT_dump: [1.0039216, 0.0, 0.0, 0.0, 0.9997059, 0.0, 0.0, 0.0, 0.9963725]
02-19 17:09:19.802 11391 11442 W CameraMetadataJV: Expect face scores and rectangles to be non-null
02-19 17:09:19.834 11391 11442 W CameraMetadataJV: Expect face scores and rectangles to be non-null
02-19 17:09:19.868 11391 11442 W CameraMetadataJV: Expect face scores and rectangles to be non-null
02-19 17:09:19.903 11391 11442 W CameraMetadataJV: Expect face scores and rectangles to be non-null
02-19 17:09:19.937 11391 11442 W CameraMetadataJV: Expect face scores and rectangles to be non-null
02-19 17:09:19.968 11391 11442 W CameraMetadataJV: Expect face scores and rectangles to be non-null
02-19 17:09:19.976 11391 11424 W pkr : CaptureResult is present COLOR_CORRECTION_GAINS NEUTRAL.
02-19 17:09:19.981 11391 11424 W CurrentTemp: 4271.869
02-19 17:09:19.982 11391 11424 W CCT_dump: [1.0039216, 0.0, 0.0, 0.0, 0.9997059, 0.0, 0.0, 0.0, 0.9963725]
02-19 17:09:19.988 11391 11424 W CurrentTemp: 4271.869
02-19 17:09:19.989 11391 11424 W CCT_dump: [1.0039216, 0.0, 0.0, 0.0, 0.9997059, 0.0, 0.0, 0.0, 0.9963725]
02-19 17:09:19.992 11391 11424 W CurrentTemp: 4271.869
02-19 17:09:19.993 11391 11424 W CCT_dump: [1.0039216, 0.0, 0.0, 0.0, 0.9997059, 0.0, 0.0, 0.0, 0.9963725]
02-19 17:09:19.996 11391 11424 W CurrentTemp: 4271.869
02-19 17:09:19.997 11391 11424 W CCT_dump: [1.0039216, 0.0, 0.0, 0.0, 0.9997059, 0.0, 0.0, 0.0, 0.9963725]
02-19 17:09:20.003 11391 11442 W CameraMetadataJV: Expect face scores and rectangles to be non-null
02-19 17:09:20.034 11391 11442 W CameraMetadataJV: Expect face scores and rectangles to be non-null
02-19 17:09:20.069 11391 11442 W CameraMetadataJV: Expect face scores and rectangles to be non-null
02-19 17:09:20.103 11391 11442 W CameraMetadataJV: Expect face scores and rectangles to be non-null
02-19 17:09:20.135 11391 11442 W CameraMetadataJV: Expect face scores and rectangles to be non-null
02-19 17:09:20.167 11391 11442 W CameraMetadataJV: Expect face scores and rectangles to be non-null
02-19 17:09:20.176 11391 11424 W pkr : CaptureResult is present COLOR_CORRECTION_GAINS NEUTRAL.
02-19 17:09:20.181 11391 11424 W CurrentTemp: 4282.5205
02-19 17:09:20.183 11391 11424 W CCT_dump: [1.0039216, 0.0, 0.0, 0.0, 0.9997059, 0.0, 0.0, 0.0, 0.9963725]
02-19 17:09:20.188 11391 11424 W CurrentTemp: 4282.5205
02-19 17:09:20.190 11391 11424 W CCT_dump: [1.0039216, 0.0, 0.0, 0.0, 0.9997059, 0.0, 0.0, 0.0, 0.9963725]
02-19 17:09:20.196 11391 11424 W CurrentTemp: 4282.5205
02-19 17:09:20.197 11391 11424 W CCT_dump: [1.0039216, 0.0, 0.0, 0.0, 0.9997059, 0.0, 0.0, 0.0, 0.9963725]
02-19 17:09:20.200 11391 11424 W CurrentTemp: 4282.5205
02-19 17:09:20.201 11391 11424 W CCT_dump: [1.0039216, 0.0, 0.0, 0.0, 0.9997059, 0.0, 0.0, 0.0, 0.9963725]
02-19 17:09:20.203 11391 11442 W CameraMetadataJV: Expect face scores and rectangles to be non-null
02-19 17:09:20.238 11391 11442 W CameraMetadataJV: Expect face scores and rectangles to be non-null
02-19 17:09:20.270 11391 11442 W CameraMetadataJV: Expect face scores and rectangles to be non-null
02-19 17:09:20.306 11391 11442 W CameraMetadataJV: Expect face scores and rectangles to be non-null
02-19 17:09:20.334 11391 11442 W CameraMetadataJV: Expect face scores and rectangles to be non-null
02-19 17:09:20.371 11391 11442 W CameraMetadataJV: Expect face scores and rectangles to be non-null
02-19 17:09:20.379 11391 11424 W pkr : CaptureResult is present COLOR_CORRECTION_GAINS NEUTRAL.
02-19 17:09:20.386 11391 11424 W CurrentTemp: 4308.248
02-19 17:09:20.388 11391 11424 W CCT_dump: [1.0038563, 0.0, 0.0, 0.0, 0.9997386, 0.0, 0.0, 0.0, 0.99640524]
02-19 17:09:20.391 11391 11424 W CurrentTemp: 4308.248
02-19 17:09:20.392 11391 11424 W CCT_dump: [1.0038563, 0.0, 0.0, 0.0, 0.9997386, 0.0, 0.0, 0.0, 0.99640524]
02-19 17:09:20.396 11391 11424 W CurrentTemp: 4308.248
02-19 17:09:20.397 11391 11424 W CCT_dump: [1.0038563, 0.0, 0.0, 0.0, 0.9997386, 0.0, 0.0, 0.0, 0.99640524]
02-19 17:09:20.401 11391 11442 W CameraMetadataJV: Expect face scores and rectangles to be non-null
02-19 17:09:20.402 11391 11424 W CurrentTemp: 4308.248
02-19 17:09:20.402 11391 11424 W CCT_dump: [1.0038563, 0.0, 0.0, 0.0, 0.9997386, 0.0, 0.0, 0.0, 0.99640524]
02-19 17:09:20.434 11391 11442 W CameraMetadataJV: Expect face scores and rectangles to be non-null
02-19 17:09:20.467 11391 11442 W CameraMetadataJV: Expect face scores and rectangles to be non-null
02-19 17:09:20.501 11391 11442 W CameraMetadataJV: Expect face scores and rectangles to be non-null
02-19 17:09:20.539 11391 11442 W CameraMetadataJV: Expect face scores and rectangles to be non-null
02-19 17:09:20.568 11391 11442 W CameraMetadataJV: Expect face scores and rectangles to be non-null
02-19 17:09:20.576 11391 11409 W pkr : CaptureResult is present COLOR_CORRECTION_GAINS NEUTRAL.
02-19 17:09:20.581 11391 11409 W CurrentTemp: 4316.9307
02-19 17:09:20.582 11391 11409 W CCT_dump: [1.0038563, 0.0, 0.0, 0.0, 0.9997386, 0.0, 0.0, 0.0, 0.99640524]
02-19 17:09:20.588 11391 11409 W CurrentTemp: 4316.9307
02-19 17:09:20.589 11391 11409 W CCT_dump: [1.0038563, 0.0, 0.0, 0.0, 0.9997386, 0.0, 0.0, 0.0, 0.99640524]
02-19 17:09:20.595 11391 11409 W CurrentTemp: 4316.9307
02-19 17:09:20.596 11391 11409 W CCT_dump: [1.0038563, 0.0, 0.0, 0.0, 0.9997386, 0.0, 0.0, 0.0, 0.99640524]
02-19 17:09:20.600 11391 11409 W CurrentTemp: 4316.9307
02-19 17:09:20.601 11391 11409 W CCT_dump: [1.0038563, 0.0, 0.0, 0.0, 0.9997386, 0.0, 0.0, 0.0, 0.99640524]
02-19 17:09:20.602 11391 11442 W CameraMetadataJV: Expect face scores and rectangles to be non-null
02-19 17:09:20.635 11391 11442 W CameraMetadataJV: Expect face scores and rectangles to be non-null
02-19 17:09:20.668 11391 11442 W CameraMetadataJV: Expect face scores and rectangles to be non-null
02-19 17:09:20.702 11391 11442 W CameraMetadataJV: Expect face scores and rectangles to be non-null
02-19 17:09:20.739 11391 11442 W CameraMetadataJV: Expect face scores and rectangles to be non-null
02-19 17:09:20.751 11391 11391 I ViewRootImpl: ViewRoot's Touch Event : ACTION_DOWN
02-19 17:09:20.768 11391 11442 W CameraMetadataJV: Expect face scores and rectangles to be non-null
02-19 17:09:20.774 11391 11424 W pkr : CaptureResult is present COLOR_CORRECTION_GAINS NEUTRAL.
02-19 17:09:20.777 11391 11424 W CurrentTemp: 4349.3125
02-19 17:09:20.778 11391 11424 W CCT_dump: [1.0037582, 0.0, 0.0, 0.0, 0.9997386, 0.0, 0.0, 0.0, 0.9965033]
02-19 17:09:20.781 11391 11424 W CurrentTemp: 4349.3125
02-19 17:09:20.782 11391 11424 W CCT_dump: [1.0037582, 0.0, 0.0, 0.0, 0.9997386, 0.0, 0.0, 0.0, 0.9965033]
02-19 17:09:20.786 11391 11424 W CurrentTemp: 4349.3125
02-19 17:09:20.786 11391 11424 W CCT_dump: [1.0037582, 0.0, 0.0, 0.0, 0.9997386, 0.0, 0.0, 0.0, 0.9965033]
02-19 17:09:20.790 11391 11424 W CurrentTemp: 4349.3125
02-19 17:09:20.790 11391 11424 W CCT_dump: [1.0037582, 0.0, 0.0, 0.0, 0.9997386, 0.0, 0.0, 0.0, 0.9965033]
02-19 17:09:20.801 11391 11442 W CameraMetadataJV: Expect face scores and rectangles to be non-null
02-19 17:09:20.836 11391 11442 W CameraMetadataJV: Expect face scores and rectangles to be non-null
02-19 17:09:20.870 11391 11442 W CameraMetadataJV: Expect face scores and rectangles to be non-null
02-19 17:09:20.904 11391 11442 W CameraMetadataJV: Expect face scores and rectangles to be non-null
02-19 17:09:20.923 11391 11391 I ViewRootImpl: ViewRoot's Touch Event : ACTION_UP
02-19 17:09:20.936 11391 11442 W CameraMetadataJV: Expect face scores and rectangles to be non-null
02-19 17:09:20.945 11391 11391 W MediaFsQModule: Returning Q MediaFs implementation
02-19 17:09:20.972 11391 11442 W CameraMetadataJV: Expect face scores and rectangles to be non-null
02-19 17:09:20.977 11391 11424 W pkr : CaptureResult is present COLOR_CORRECTION_GAINS NEUTRAL.
02-19 17:09:20.979 11391 11424 W CurrentTemp: 4364.546
02-19 17:09:20.980 11391 11424 W CCT_dump: [1.0037582, 0.0, 0.0, 0.0, 0.9997386, 0.0, 0.0, 0.0, 0.9965033]
02-19 17:09:20.985 11391 11424 W CurrentTemp: 4364.546
02-19 17:09:20.985 11391 11424 W CCT_dump: [1.0037582, 0.0, 0.0, 0.0, 0.9997386, 0.0, 0.0, 0.0, 0.9965033]
02-19 17:09:20.988 11391 11424 W CurrentTemp: 4364.546
02-19 17:09:20.988 11391 11424 W CCT_dump: [1.0037582, 0.0, 0.0, 0.0, 0.9997386, 0.0, 0.0, 0.0, 0.9965033]
02-19 17:09:20.990 11391 11424 W CurrentTemp: 4364.546
02-19 17:09:20.991 11391 11424 W CCT_dump: [1.0037582, 0.0, 0.0, 0.0, 0.9997386, 0.0, 0.0, 0.0, 0.9965033]
02-19 17:09:20.991 11391 11401 D CompatibilityChangeReporter: Compat change id reported: 150939131; UID 10376; state: DISABLED
02-19 17:09:21.001 11391 11442 W CameraMetadataJV: Expect face scores and rectangles to be non-null
02-19 17:09:21.034 11391 11442 W CameraMetadataJV: Expect face scores and rectangles to be non-null
02-19 17:09:21.065 11391 11442 W CameraMetadataJV: Expect face scores and rectangles to be non-null
02-19 17:09:21.102 11391 11442 W CameraMetadataJV: Expect face scores and rectangles to be non-null
02-19 17:09:21.137 11391 11442 W CameraMetadataJV: Expect face scores and rectangles to be non-null
02-19 17:09:21.171 11391 11442 W CameraMetadataJV: Expect face scores and rectangles to be non-null
02-19 17:09:21.178 11391 11409 W pkr : CaptureResult is present COLOR_CORRECTION_GAINS NEUTRAL.
02-19 17:09:21.181 11391 11409 W CurrentTemp: 4375.438
02-19 17:09:21.182 11391 11409 W CCT_dump: [1.0037255, 0.0, 0.0, 0.0, 0.9997059, 0.0, 0.0, 0.0, 0.9965687]
02-19 17:09:21.186 11391 11409 W CurrentTemp: 4375.438
02-19 17:09:21.187 11391 11409 W CCT_dump: [1.0037255, 0.0, 0.0, 0.0, 0.9997059, 0.0, 0.0, 0.0, 0.9965687]
02-19 17:09:21.191 11391 11409 W CurrentTemp: 4375.438
02-19 17:09:21.191 11391 11409 W CCT_dump: [1.0037255, 0.0, 0.0, 0.0, 0.9997059, 0.0, 0.0, 0.0, 0.9965687]
02-19 17:09:21.194 11391 11409 W CurrentTemp: 4375.438
02-19 17:09:21.195 11391 11409 W CCT_dump: [1.0037255, 0.0, 0.0, 0.0, 0.9997059, 0.0, 0.0, 0.0, 0.9965687]
02-19 17:09:21.201 11391 11442 W CameraMetadataJV: Expect face scores and rectangles to be non-null
02-19 17:09:21.231 11391 11442 W CameraMetadataJV: Expect face scores and rectangles to be non-null
02-19 17:09:21.265 11391 11442 W CameraMetadataJV: Expect face scores and rectangles to be non-null
02-19 17:09:21.304 11391 11442 W CameraMetadataJV: Expect face scores and rectangles to be non-null
02-19 17:09:21.338 11391 11442 W CameraMetadataJV: Expect face scores and rectangles to be non-null
02-19 17:09:21.357 11391 11561 W pkr : CaptureResult is present COLOR_CORRECTION_GAINS NEUTRAL.
02-19 17:09:21.359 11391 11561 W CurrentTemp: 4360.167
02-19 17:09:21.360 11391 11561 W CCT_dump: [1.0037582, 0.0, 0.0, 0.0, 0.9997386, 0.0, 0.0, 0.0, 0.9965033]
02-19 17:09:21.363 11391 11561 W CurrentTemp: 4360.167
02-19 17:09:21.363 11391 11561 W CCT_dump: [1.0037582, 0.0, 0.0, 0.0, 0.9997386, 0.0, 0.0, 0.0, 0.9965033]
02-19 17:09:21.366 11391 11561 W CurrentTemp: 4360.167
02-19 17:09:21.367 11391 11561 W CCT_dump: [1.0037582, 0.0, 0.0, 0.0, 0.9997386, 0.0, 0.0, 0.0, 0.9965033]
02-19 17:09:21.368 11391 11442 W CameraMetadataJV: Expect face scores and rectangles to be non-null
02-19 17:09:21.369 11391 11561 W CurrentTemp: 4360.167
02-19 17:09:21.369 11391 11561 W CCT_dump: [1.0037582, 0.0, 0.0, 0.0, 0.9997386, 0.0, 0.0, 0.0, 0.9965033]
02-19 17:09:21.376 11391 11561 W pkr : CaptureResult is present COLOR_CORRECTION_GAINS NEUTRAL.
02-19 17:09:21.378 11391 11561 W CurrentTemp: 4360.167
02-19 17:09:21.378 11391 11561 W CCT_dump: [1.0037582, 0.0, 0.0, 0.0, 0.9997386, 0.0, 0.0, 0.0, 0.9965033]
02-19 17:09:21.381 11391 11561 W CurrentTemp: 4360.167
02-19 17:09:21.381 11391 11561 W CCT_dump: [1.0037582, 0.0, 0.0, 0.0, 0.9997386, 0.0, 0.0, 0.0, 0.9965033]
02-19 17:09:21.383 11391 11561 W CurrentTemp: 4360.167
02-19 17:09:21.384 11391 11561 W CCT_dump: [1.0037582, 0.0, 0.0, 0.0, 0.9997386, 0.0, 0.0, 0.0, 0.9965033]
02-19 17:09:21.386 11391 11561 W CurrentTemp: 4360.167
02-19 17:09:21.387 11391 11561 W CCT_dump: [1.0037582, 0.0, 0.0, 0.0, 0.9997386, 0.0, 0.0, 0.0, 0.9965033]
02-19 17:09:21.401 11391 11442 W CameraMetadataJV: Expect face scores and rectangles to be non-null
02-19 17:09:21.432 11391 11442 W CameraMetadataJV: Expect face scores and rectangles to be non-null
02-19 17:09:21.466 11391 11442 W CameraMetadataJV: Expect face scores and rectangles to be non-null
02-19 17:09:21.473 11391 11409 W pkr : CaptureResult is present COLOR_CORRECTION_GAINS NEUTRAL.
02-19 17:09:21.476 11391 11409 W CurrentTemp: 4349.3125
02-19 17:09:21.477 11391 11409 W CCT_dump: [1.0037582, 0.0, 0.0, 0.0, 0.9997386, 0.0, 0.0, 0.0, 0.9965033]
02-19 17:09:21.480 11391 11409 W CurrentTemp: 4349.3125
02-19 17:09:21.481 11391 11409 W CCT_dump: [1.0037582, 0.0, 0.0, 0.0, 0.9997386, 0.0, 0.0, 0.0, 0.9965033]
02-19 17:09:21.483 11391 11409 W CurrentTemp: 4349.3125
02-19 17:09:21.484 11391 11409 W CCT_dump: [1.0037582, 0.0, 0.0, 0.0, 0.9997386, 0.0, 0.0, 0.0, 0.9965033]
02-19 17:09:21.487 11391 11409 W CurrentTemp: 4349.3125
02-19 17:09:21.488 11391 11409 W CCT_dump: [1.0037582, 0.0, 0.0, 0.0, 0.9997386, 0.0, 0.0, 0.0, 0.9965033]
02-19 17:09:21.500 11391 11442 W CameraMetadataJV: Expect face scores and rectangles to be non-null
02-19 17:09:21.538 11391 11442 W CameraMetadataJV: Expect face scores and rectangles to be non-null
02-19 17:09:21.569 11391 11442 W CameraMetadataJV: Expect face scores and rectangles to be non-null
02-19 17:09:21.600 11391 11442 W CameraMetadataJV: Expect face scores and rectangles to be non-null
02-19 17:09:21.622 11391 11442 W CameraMetadataJV: Expect face scores and rectangles to be non-null
02-19 17:09:21.623 11391 11442 W CAM_A : PHOTO > rel Δ(result sensor timestamp) = 0.25 > 0.25
02-19 17:09:21.624 11391 11442 W CAM_A : PHOTO > result sensor delay = 1.25 > 1.10
02-19 17:09:21.634 11391 11561 W pkr : CaptureResult is present COLOR_CORRECTION_GAINS NEUTRAL.
02-19 17:09:21.638 11391 11561 W CurrentTemp: 4349.3125
02-19 17:09:21.639 11391 11561 W CCT_dump: [1.0037582, 0.0, 0.0, 0.0, 0.9997386, 0.0, 0.0, 0.0, 0.9965033]
02-19 17:09:21.642 11391 11561 W CurrentTemp: 4349.3125
02-19 17:09:21.643 11391 11561 W CCT_dump: [1.0037582, 0.0, 0.0, 0.0, 0.9997386, 0.0, 0.0, 0.0, 0.9965033]
02-19 17:09:21.646 11391 11561 W CurrentTemp: 4349.3125
02-19 17:09:21.646 11391 11561 W CCT_dump: [1.0037582, 0.0, 0.0, 0.0, 0.9997386, 0.0, 0.0, 0.0, 0.9965033]
02-19 17:09:21.649 11391 11561 W CurrentTemp: 4349.3125
02-19 17:09:21.650 11391 11561 W CCT_dump: [1.0037582, 0.0, 0.0, 0.0, 0.9997386, 0.0, 0.0, 0.0, 0.9965033]
02-19 17:09:21.655 11391 11442 W CameraMetadataJV: Expect face scores and rectangles to be non-null
02-19 17:09:21.664 11391 11480 E libgcam : [camera_motion_blur_estimator.cc:57]: EstimateCameraMotionBlur: Can't estimate camera motion blur, because gyro data is missing.
02-19 17:09:21.668 11391 11561 W pkr : CaptureResult is present COLOR_CORRECTION_GAINS NEUTRAL.
02-19 17:09:21.670 11391 11561 W CurrentTemp: 4344.944
02-19 17:09:21.671 11391 11561 W CCT_dump: [1.0037582, 0.0, 0.0, 0.0, 0.9997386, 0.0, 0.0, 0.0, 0.9965033]
02-19 17:09:21.674 11391 11561 W CurrentTemp: 4344.944
02-19 17:09:21.674 11391 11561 W CCT_dump: [1.0037582, 0.0, 0.0, 0.0, 0.9997386, 0.0, 0.0, 0.0, 0.9965033]
02-19 17:09:21.677 11391 11561 W CurrentTemp: 4344.944
02-19 17:09:21.678 11391 11561 W CCT_dump: [1.0037582, 0.0, 0.0, 0.0, 0.9997386, 0.0, 0.0, 0.0, 0.9965033]
02-19 17:09:21.681 11391 11561 W CurrentTemp: 4344.944
02-19 17:09:21.681 11391 11561 W CCT_dump: [1.0037582, 0.0, 0.0, 0.0, 0.9997386, 0.0, 0.0, 0.0, 0.9965033]
02-19 17:09:21.688 11391 11442 W CameraMetadataJV: Expect face scores and rectangles to be non-null
02-19 17:09:21.690 11391 11480 E libgcam : [camera_motion_blur_estimator.cc:57]: EstimateCameraMotionBlur: Can't estimate camera motion blur, because gyro data is missing.
02-19 17:09:21.699 11391 11561 W pkr : CaptureResult is present COLOR_CORRECTION_GAINS NEUTRAL.
02-19 17:09:21.701 11391 11561 W CurrentTemp: 4338.489
02-19 17:09:21.702 11391 11561 W CCT_dump: [1.0038236, 0.0, 0.0, 0.0, 0.9997059, 0.0, 0.0, 0.0, 0.99647063]
02-19 17:09:21.705 11391 11561 W CurrentTemp: 4338.489
02-19 17:09:21.706 11391 11561 W CCT_dump: [1.0038236, 0.0, 0.0, 0.0, 0.9997059, 0.0, 0.0, 0.0, 0.99647063]
02-19 17:09:21.709 11391 11561 W CurrentTemp: 4338.489
02-19 17:09:21.709 11391 11561 W CCT_dump: [1.0038236, 0.0, 0.0, 0.0, 0.9997059, 0.0, 0.0, 0.0, 0.99647063]
02-19 17:09:21.712 11391 11561 W CurrentTemp: 4338.489
02-19 17:09:21.713 11391 11561 W CCT_dump: [1.0038236, 0.0, 0.0, 0.0, 0.9997059, 0.0, 0.0, 0.0, 0.99647063]
02-19 17:09:21.721 11391 11480 E libgcam : [camera_motion_blur_estimator.cc:57]: EstimateCameraMotionBlur: Can't estimate camera motion blur, because gyro data is missing.
02-19 17:09:21.721 11391 11442 W CameraMetadataJV: Expect face scores and rectangles to be non-null
02-19 17:09:21.732 11391 11561 W pkr : CaptureResult is present COLOR_CORRECTION_GAINS NEUTRAL.
02-19 17:09:21.734 11391 11561 W CurrentTemp: 4334.1304
02-19 17:09:21.735 11391 11561 W CCT_dump: [1.0038236, 0.0, 0.0, 0.0, 0.9997059, 0.0, 0.0, 0.0, 0.99647063]
02-19 17:09:21.738 11391 11561 W CurrentTemp: 4334.1304
02-19 17:09:21.739 11391 11561 W CCT_dump: [1.0038236, 0.0, 0.0, 0.0, 0.9997059, 0.0, 0.0, 0.0, 0.99647063]
02-19 17:09:21.741 11391 11561 W CurrentTemp: 4334.1304
02-19 17:09:21.742 11391 11561 W CCT_dump: [1.0038236, 0.0, 0.0, 0.0, 0.9997059, 0.0, 0.0, 0.0, 0.99647063]
02-19 17:09:21.745 11391 11561 W CurrentTemp: 4334.1304
02-19 17:09:21.745 11391 11561 W CCT_dump: [1.0038236, 0.0, 0.0, 0.0, 0.9997059, 0.0, 0.0, 0.0, 0.99647063]
02-19 17:09:21.754 11391 11480 E libgcam : [camera_motion_blur_estimator.cc:57]: EstimateCameraMotionBlur: Can't estimate camera motion blur, because gyro data is missing.
02-19 17:09:21.755 11391 11442 W CameraMetadataJV: Expect face scores and rectangles to be non-null
02-19 17:09:21.765 11391 11561 W pkr : CaptureResult is present COLOR_CORRECTION_GAINS NEUTRAL.
02-19 17:09:21.767 11391 11561 W CurrentTemp: 4340.5786
02-19 17:09:21.768 11391 11561 W CCT_dump: [1.0038236, 0.0, 0.0, 0.0, 0.9997059, 0.0, 0.0, 0.0, 0.99647063]
02-19 17:09:21.771 11391 11561 W CurrentTemp: 4340.5786
02-19 17:09:21.772 11391 11561 W CCT_dump: [1.0038236, 0.0, 0.0, 0.0, 0.9997059, 0.0, 0.0, 0.0, 0.99647063]
02-19 17:09:21.775 11391 11561 W CurrentTemp: 4340.5786
02-19 17:09:21.775 11391 11561 W CCT_dump: [1.0038236, 0.0, 0.0, 0.0, 0.9997059, 0.0, 0.0, 0.0, 0.99647063]
02-19 17:09:21.778 11391 11561 W CurrentTemp: 4340.5786
02-19 17:09:21.779 11391 11561 W CCT_dump: [1.0038236, 0.0, 0.0, 0.0, 0.9997059, 0.0, 0.0, 0.0, 0.99647063]
02-19 17:09:21.787 11391 11431 V SoundPool: play(soundID=1, leftVolume=0.600000, rightVolume=0.600000, priority=0, loop=0, rate=1.000000)
02-19 17:09:21.789 11391 11431 V AudioTrack: set(): streamType 7, sampleRate 44100, format 0x1, channelMask 0x1, frameCount 0, flags #4, notificationFrames 0, sessionId 0, transferType 0, uid -1, pid -1
02-19 17:09:21.789 11391 11431 V AudioTrack: set(): Building AudioTrack with attributes: usage=13 content=4 flags=0x801 tags=[]
02-19 17:09:21.789 11391 11431 V AudioTrack: set(): sharedBuffer: 0x6e6f821000, size: 24880
02-19 17:09:21.789 11391 11480 E libgcam : [camera_motion_blur_estimator.cc:57]: EstimateCameraMotionBlur: Can't estimate camera motion blur, because gyro data is missing.
02-19 17:09:21.791 11391 11442 W CameraMetadataJV: Expect face scores and rectangles to be non-null
02-19 17:09:21.791 11391 11428 V AudioSystem: ioConfigChanged() event 0
02-19 17:09:21.792 11391 11428 V AudioSystem: ioConfigChanged() event 0
02-19 17:09:21.792 11391 11428 V AudioSystem: ioConfigChanged() event 0
02-19 17:09:21.798 11391 11561 W pkr : CaptureResult is present COLOR_CORRECTION_GAINS NEUTRAL.
02-19 17:09:21.799 11391 11431 V AudioTrack: createTrack_l(114): AUDIO_OUTPUT_FLAG_FAST denied by server; frameCount 0 -> 12440
02-19 17:09:21.800 11391 11431 V AudioTrack: start(1548): prior state:STATE_STOPPED
02-19 17:09:21.801 11391 11431 V SoundPool: play returned 1
02-19 17:09:21.801 11391 11561 W CurrentTemp: 4347.0425
02-19 17:09:21.802 11391 11428 V AudioSystem: ioConfigChanged() event 8
02-19 17:09:21.802 11391 11428 V AudioSystem: ioConfigChanged() AUDIO_CLIENT_STARTED io 13 port 1548 num callbacks 0
02-19 17:09:21.802 11391 11561 W CCT_dump: [1.0037582, 0.0, 0.0, 0.0, 0.9997386, 0.0, 0.0, 0.0, 0.9965033]
02-19 17:09:21.805 11391 11561 W CurrentTemp: 4347.0425
02-19 17:09:21.806 11391 11561 W CCT_dump: [1.0037582, 0.0, 0.0, 0.0, 0.9997386, 0.0, 0.0, 0.0, 0.9965033]
02-19 17:09:21.810 11391 11561 W CurrentTemp: 4347.0425
02-19 17:09:21.811 11391 11561 W CCT_dump: [1.0037582, 0.0, 0.0, 0.0, 0.9997386, 0.0, 0.0, 0.0, 0.9965033]
02-19 17:09:21.814 11391 11561 W CurrentTemp: 4347.0425
02-19 17:09:21.815 11391 11561 W CCT_dump: [1.0037582, 0.0, 0.0, 0.0, 0.9997386, 0.0, 0.0, 0.0, 0.9965033]
02-19 17:09:21.824 11391 11480 E libgcam : [camera_motion_blur_estimator.cc:57]: EstimateCameraMotionBlur: Can't estimate camera motion blur, because gyro data is missing.
02-19 17:09:21.824 11391 11480 W libgcam : [shot_helper.cc:352]: LogViewfinderAeWarnings: viewfinder_short_tet (0.000ms) is further than expected from the capture TET (21.868ms). Relative error: 100%.
02-19 17:09:21.835 11391 11442 W CameraMetadataJV: Expect face scores and rectangles to be non-null
02-19 17:09:21.835 11391 11442 W CAM_A : PHOTO > rel Δ(result sensor timestamp) = 0.25 > 0.25
02-19 17:09:21.843 11391 11409 W pkr : CaptureResult is present COLOR_CORRECTION_GAINS NEUTRAL.
02-19 17:09:21.846 11391 11409 W CurrentTemp: 4347.0425
02-19 17:09:21.847 11391 11409 W CCT_dump: [1.0037582, 0.0, 0.0, 0.0, 0.9997386, 0.0, 0.0, 0.0, 0.9965033]
02-19 17:09:21.850 11391 11409 W CurrentTemp: 4347.0425
02-19 17:09:21.851 11391 11409 W CCT_dump: [1.0037582, 0.0, 0.0, 0.0, 0.9997386, 0.0, 0.0, 0.0, 0.9965033]
02-19 17:09:21.856 11391 11409 W CurrentTemp: 4347.0425
02-19 17:09:21.857 11391 11409 W CCT_dump: [1.0037582, 0.0, 0.0, 0.0, 0.9997386, 0.0, 0.0, 0.0, 0.9965033]
02-19 17:09:21.860 11391 11409 W CurrentTemp: 4347.0425
02-19 17:09:21.861 11391 11409 W CCT_dump: [1.0037582, 0.0, 0.0, 0.0, 0.9997386, 0.0, 0.0, 0.0, 0.9965033]
02-19 17:09:21.868 11391 11442 W CameraMetadataJV: Expect face scores and rectangles to be non-null
02-19 17:09:21.869 11391 11442 W CAM_A : PHOTO > rel Δ(result sensor timestamp) = 0.34 > 0.25
02-19 17:09:21.899 11391 11442 W CameraMetadataJV: Expect face scores and rectangles to be non-null
02-19 17:09:21.936 11391 11442 W CameraMetadataJV: Expect face scores and rectangles to be non-null
02-19 17:09:21.972 11391 11442 W CameraMetadataJV: Expect face scores and rectangles to be non-null
02-19 17:09:22.007 11391 11442 W CameraMetadataJV: Expect face scores and rectangles to be non-null
02-19 17:09:22.038 11391 11442 W CameraMetadataJV: Expect face scores and rectangles to be non-null
02-19 17:09:22.043 11391 11409 W pkr : CaptureResult is present COLOR_CORRECTION_GAINS NEUTRAL.
02-19 17:09:22.047 11391 11409 W CurrentTemp: 4325.4165
02-19 17:09:22.048 11391 11409 W CCT_dump: [1.0038236, 0.0, 0.0, 0.0, 0.9997059, 0.0, 0.0, 0.0, 0.99647063]
02-19 17:09:22.051 11391 11409 W CurrentTemp: 4325.4165
02-19 17:09:22.052 11391 11409 W CCT_dump: [1.0038236, 0.0, 0.0, 0.0, 0.9997059, 0.0, 0.0, 0.0, 0.99647063]
02-19 17:09:22.055 11391 11409 W CurrentTemp: 4325.4165
02-19 17:09:22.056 11391 11409 W CCT_dump: [1.0038236, 0.0, 0.0, 0.0, 0.9997059, 0.0, 0.0, 0.0, 0.99647063]
02-19 17:09:22.059 11391 11409 W CurrentTemp: 4325.4165
02-19 17:09:22.060 11391 11409 W CCT_dump: [1.0038236, 0.0, 0.0, 0.0, 0.9997059, 0.0, 0.0, 0.0, 0.99647063]
02-19 17:09:22.072 11391 11442 W CameraMetadataJV: Expect face scores and rectangles to be non-null
02-19 17:09:22.100 11391 11442 W CameraMetadataJV: Expect face scores and rectangles to be non-null
02-19 17:09:22.130 11391 11391 W CAM_A : isListed: unknown activity. mimeType=image/* className=com.facebook.timeline.stagingground.Fb4aProfilePictureShareActivityAlias
02-19 17:09:22.130 11391 11391 W CAM_A : isListed: unknown activity. mimeType=image/* className=com.facebook.composer.shareintent.ImplicitShareIntentHandlerDefaultAlias
02-19 17:09:22.130 11391 11391 W CAM_A : isListed: unknown activity. mimeType=image/* className=com.facebook.composer.shareintent.ShareToGroupsAlias
02-19 17:09:22.130 11391 11391 W CAM_A : isListed: unknown activity. mimeType=image/* className=com.facebook.messenger.intents.MediaEditShareIntentHandler
02-19 17:09:22.132 11391 11391 W CAM_A : isListed: unknown activity. mimeType=video/* className=com.facebook.composer.shareintent.ImplicitShareIntentHandlerDefaultAlias
02-19 17:09:22.132 11391 11391 W CAM_A : isListed: unknown activity. mimeType=video/* className=com.facebook.composer.shareintent.ShareToGroupsAlias
02-19 17:09:22.132 11391 11391 W CAM_A : isListed: unknown activity. mimeType=video/* className=com.facebook.inspiration.fbshorts.shareintent.InpirationFbShortsShareAlia s
02-19 17:09:22.132 11391 11391 W CAM_A : isListed: unknown activity. mimeType=video/* className=com.facebook.messenger.intents.MediaEditShareIntentHandler
02-19 17:09:22.140 11391 11584 V AudioTrack: stop(1548): prior state:STATE_ACTIVE
02-19 17:09:22.145 11391 11442 W CameraMetadataJV: Expect face scores and rectangles to be non-null
02-19 17:09:22.179 11391 11442 W CameraMetadataJV: Expect face scores and rectangles to be non-null
02-19 17:09:22.212 11391 11442 W CameraMetadataJV: Expect face scores and rectangles to be non-null
02-19 17:09:22.242 11391 11442 W CameraMetadataJV: Expect face scores and rectangles to be non-null
02-19 17:09:22.247 11391 11424 W pkr : CaptureResult is present COLOR_CORRECTION_GAINS NEUTRAL.
02-19 17:09:22.260 11391 11424 W CurrentTemp: 4334.1304
02-19 17:09:22.261 11391 11424 W CCT_dump: [1.0038236, 0.0, 0.0, 0.0, 0.9997059, 0.0, 0.0, 0.0, 0.99647063]
02-19 17:09:22.263 11391 11424 W CurrentTemp: 4334.1304
02-19 17:09:22.264 11391 11424 W CCT_dump: [1.0038236, 0.0, 0.0, 0.0, 0.9997059, 0.0, 0.0, 0.0, 0.99647063]
02-19 17:09:22.273 11391 11424 W CurrentTemp: 4334.1304
02-19 17:09:22.273 11391 11424 W CCT_dump: [1.0038236, 0.0, 0.0, 0.0, 0.9997059, 0.0, 0.0, 0.0, 0.99647063]
02-19 17:09:22.275 11391 11424 W CurrentTemp: 4334.1304
02-19 17:09:22.276 11391 11424 W CCT_dump: [1.0038236, 0.0, 0.0, 0.0, 0.9997059, 0.0, 0.0, 0.0, 0.99647063]
02-19 17:09:22.303 11391 11442 W CameraMetadataJV: Expect face scores and rectangles to be non-null
02-19 17:09:22.304 11391 11442 W CAM_A : PHOTO > rel Δ(result sensor timestamp) = 1.00 > 0.25
02-19 17:09:22.304 11391 11442 W CAM_A : PHOTO > result sensor delay = 2.00 > 1.10
02-19 17:09:22.333 11391 11442 W CameraMetadataJV: Expect face scores and rectangles to be non-null
02-19 17:09:22.333 11391 11442 W CAM_A : PHOTO > rel Δ(result sensor timestamp) = 0.50 > 0.25
02-19 17:09:22.367 11391 11442 W CameraMetadataJV: Expect face scores and rectangles to be non-null
02-19 17:09:22.404 11391 11442 W CameraMetadataJV: Expect face scores and rectangles to be non-null
02-19 17:09:22.435 11391 11442 W CameraMetadataJV: Expect face scores and rectangles to be non-null
02-19 17:09:22.467 11391 11442 W CameraMetadataJV: Expect face scores and rectangles to be non-null
02-19 17:09:22.478 11391 11409 W pkr : CaptureResult is present COLOR_CORRECTION_GAINS NEUTRAL.
02-19 17:09:22.484 11391 11409 W CurrentTemp: 4336.404
02-19 17:09:22.485 11391 11409 W CCT_dump: [1.0038236, 0.0, 0.0, 0.0, 0.9997059, 0.0, 0.0, 0.0, 0.99647063]
02-19 17:09:22.488 11391 11409 W CurrentTemp: 4336.404
02-19 17:09:22.488 11391 11409 W CCT_dump: [1.0038236, 0.0, 0.0, 0.0, 0.9997059, 0.0, 0.0, 0.0, 0.99647063]
02-19 17:09:22.491 11391 11409 W CurrentTemp: 4336.404
02-19 17:09:22.492 11391 11409 W CCT_dump: [1.0038236, 0.0, 0.0, 0.0, 0.9997059, 0.0, 0.0, 0.0, 0.99647063]
02-19 17:09:22.499 11391 11409 W CurrentTemp: 4336.404
02-19 17:09:22.499 11391 11442 W CameraMetadataJV: Expect face scores and rectangles to be non-null
02-19 17:09:22.500 11391 11409 W CCT_dump: [1.0038236, 0.0, 0.0, 0.0, 0.9997059, 0.0, 0.0, 0.0, 0.99647063]
02-19 17:09:22.544 11391 11442 W CameraMetadataJV: Expect face scores and rectangles to be non-null
02-19 17:09:22.566 11391 11442 W CameraMetadataJV: Expect face scores and rectangles to be non-null
02-19 17:09:22.602 11391 11442 W CameraMetadataJV: Expect face scores and rectangles to be non-null
02-19 17:09:22.653 11391 11442 W CameraMetadataJV: Expect face scores and rectangles to be non-null
02-19 17:09:22.678 11391 11442 W CameraMetadataJV: Expect face scores and rectangles to be non-null
02-19 17:09:22.683 11391 11424 W pkr : CaptureResult is present COLOR_CORRECTION_GAINS NEUTRAL.
02-19 17:09:22.685 11391 11424 W CurrentTemp: 4351.582
02-19 17:09:22.686 11391 11424 W CCT_dump: [1.0037582, 0.0, 0.0, 0.0, 0.9997386, 0.0, 0.0, 0.0, 0.9965033]
02-19 17:09:22.689 11391 11424 W CurrentTemp: 4351.582
02-19 17:09:22.690 11391 11424 W CCT_dump: [1.0037582, 0.0, 0.0, 0.0, 0.9997386, 0.0, 0.0, 0.0, 0.9965033]
02-19 17:09:22.692 11391 11424 W CurrentTemp: 4351.582
02-19 17:09:22.693 11391 11424 W CCT_dump: [1.0037582, 0.0, 0.0, 0.0, 0.9997386, 0.0, 0.0, 0.0, 0.9965033]
02-19 17:09:22.695 11391 11424 W CurrentTemp: 4351.582
02-19 17:09:22.696 11391 11424 W CCT_dump: [1.0037582, 0.0, 0.0, 0.0, 0.9997386, 0.0, 0.0, 0.0, 0.9965033]
02-19 17:09:22.733 11391 11442 W CameraMetadataJV: Expect face scores and rectangles to be non-null
02-19 17:09:22.733 11391 11442 W CAM_A : PHOTO > rel Δ(result sensor timestamp) = 1.00 > 0.25
02-19 17:09:22.733 11391 11442 W CAM_A : PHOTO > result sensor delay = 2.00 > 1.10
02-19 17:09:22.766 11391 11442 W CameraMetadataJV: Expect face scores and rectangles to be non-null
02-19 17:09:22.766 11391 11442 W CAM_A : PHOTO > rel Δ(result sensor timestamp) = 0.50 > 0.25
02-19 17:09:22.803 11391 11442 W CameraMetadataJV: Expect face scores and rectangles to be non-null
02-19 17:09:22.836 11391 11442 W CameraMetadataJV: Expect face scores and rectangles to be non-null
02-19 17:09:22.858 11391 11391 I ViewRootImpl: ViewRoot's Touch Event : ACTION_DOWN
02-19 17:09:22.874 11391 11442 W CameraMetadataJV: Expect face scores and rectangles to be non-null
02-19 17:09:22.902 11391 11442 W CameraMetadataJV: Expect face scores and rectangles to be non-null
02-19 17:09:22.908 11391 11409 W pkr : CaptureResult is present COLOR_CORRECTION_GAINS NEUTRAL.
02-19 17:09:22.914 11391 11409 W CurrentTemp: 4377.568
02-19 17:09:22.915 11391 11409 W CCT_dump: [1.0037255, 0.0, 0.0, 0.0, 0.9997059, 0.0, 0.0, 0.0, 0.9965687]
02-19 17:09:22.919 11391 11409 W CurrentTemp: 4377.568
02-19 17:09:22.920 11391 11409 W CCT_dump: [1.0037255, 0.0, 0.0, 0.0, 0.9997059, 0.0, 0.0, 0.0, 0.9965687]
02-19 17:09:22.923 11391 11409 W CurrentTemp: 4377.568
02-19 17:09:22.924 11391 11409 W CCT_dump: [1.0037255, 0.0, 0.0, 0.0, 0.9997059, 0.0, 0.0, 0.0, 0.9965687]
02-19 17:09:22.926 11391 11409 W CurrentTemp: 4377.568
02-19 17:09:22.927 11391 11409 W CCT_dump: [1.0037255, 0.0, 0.0, 0.0, 0.9997059, 0.0, 0.0, 0.0, 0.9965687]
02-19 17:09:22.939 11391 11391 I ViewRootImpl: ViewRoot's Touch Event : ACTION_UP
02-19 17:09:22.941 11391 11442 W CameraMetadataJV: Expect face scores and rectangles to be non-null
02-19 17:09:22.942 11391 11391 W CAM_A : isListed: unknown activity. mimeType=image/* className=com.facebook.timeline.stagingground.Fb4aProfilePictureShareActivityAlias
02-19 17:09:22.943 11391 11391 W CAM_A : isListed: unknown activity. mimeType=image/* className=com.facebook.composer.shareintent.ImplicitShareIntentHandlerDefaultAlias
02-19 17:09:22.943 11391 11391 W CAM_A : isListed: unknown activity. mimeType=image/* className=com.facebook.composer.shareintent.ShareToGroupsAlias
02-19 17:09:22.943 11391 11391 W CAM_A : isListed: unknown activity. mimeType=image/* className=com.facebook.messenger.intents.MediaEditShareIntentHandler
02-19 17:09:22.946 11391 11391 W CAM_A : isListed: unknown activity. mimeType=video/* className=com.facebook.composer.shareintent.ImplicitShareIntentHandlerDefaultAlias
02-19 17:09:22.946 11391 11391 W CAM_A : isListed: unknown activity. mimeType=video/* className=com.facebook.composer.shareintent.ShareToGroupsAlias
02-19 17:09:22.946 11391 11391 W CAM_A : isListed: unknown activity. mimeType=video/* className=com.facebook.inspiration.fbshorts.shareintent.InpirationFbShortsShareAlia s
02-19 17:09:22.946 11391 11391 W CAM_A : isListed: unknown activity. mimeType=video/* className=com.facebook.messenger.intents.MediaEditShareIntentHandler
02-19 17:09:22.985 11391 11442 W CameraMetadataJV: Expect face scores and rectangles to be non-null
02-19 17:09:23.001 11391 11442 W CameraMetadataJV: Expect face scores and rectangles to be non-null
02-19 17:09:23.035 11391 11442 W CameraMetadataJV: Expect face scores and rectangles to be non-null
02-19 17:09:23.070 11391 11442 W CameraMetadataJV: Expect face scores and rectangles to be non-null
02-19 17:09:23.104 11391 11442 W CameraMetadataJV: Expect face scores and rectangles to be non-null
02-19 17:09:23.110 11391 11409 W pkr : CaptureResult is present COLOR_CORRECTION_GAINS NEUTRAL.
02-19 17:09:23.113 11391 11409 W CurrentTemp: 4390.6494
02-19 17:09:23.114 11391 11409 W CCT_dump: [1.0036601, 0.0, 0.0, 0.0, 0.9997386, 0.0, 0.0, 0.0, 0.99660134]
02-19 17:09:23.117 11391 11409 W CurrentTemp: 4390.6494
02-19 17:09:23.118 11391 11409 W CCT_dump: [1.0036601, 0.0, 0.0, 0.0, 0.9997386, 0.0, 0.0, 0.0, 0.99660134]
02-19 17:09:23.121 11391 11409 W CurrentTemp: 4390.6494
02-19 17:09:23.122 11391 11409 W CCT_dump: [1.0036601, 0.0, 0.0, 0.0, 0.9997386, 0.0, 0.0, 0.0, 0.99660134]
02-19 17:09:23.125 11391 11409 W CurrentTemp: 4390.6494
02-19 17:09:23.126 11391 11409 W CCT_dump: [1.0036601, 0.0, 0.0, 0.0, 0.9997386, 0.0, 0.0, 0.0, 0.99660134]
02-19 17:09:23.136 11391 11442 W CameraMetadataJV: Expect face scores and rectangles to be non-null
02-19 17:09:23.166 11391 11442 W CameraMetadataJV: Expect face scores and rectangles to be non-null
02-19 17:09:23.212 11391 11442 W CameraMetadataJV: Expect face scores and rectangles to be non-null
02-19 17:09:23.246 11391 11442 W CameraMetadataJV: Expect face scores and rectangles to be non-null
02-19 17:09:23.272 11391 11442 W CameraMetadataJV: Expect face scores and rectangles to be non-null
02-19 17:09:23.300 11391 11442 W CameraMetadataJV: Expect face scores and rectangles to be non-null
02-19 17:09:23.303 11391 11424 W pkr : CaptureResult is present COLOR_CORRECTION_GAINS NEUTRAL.
02-19 17:09:23.306 11391 11424 W CurrentTemp: 4401.626
02-19 17:09:23.306 11391 11424 W CCT_dump: [1.0036601, 0.0, 0.0, 0.0, 0.9997386, 0.0, 0.0, 0.0, 0.99660134]
02-19 17:09:23.309 11391 11424 W CurrentTemp: 4401.626
02-19 17:09:23.309 11391 11424 W CCT_dump: [1.0036601, 0.0, 0.0, 0.0, 0.9997386, 0.0, 0.0, 0.0, 0.99660134]
02-19 17:09:23.312 11391 11424 W CurrentTemp: 4401.626
02-19 17:09:23.312 11391 11424 W CCT_dump: [1.0036601, 0.0, 0.0, 0.0, 0.9997386, 0.0, 0.0, 0.0, 0.99660134]
02-19 17:09:23.315 11391 11424 W CurrentTemp: 4401.626
02-19 17:09:23.315 11391 11424 W CCT_dump: [1.0036601, 0.0, 0.0, 0.0, 0.9997386, 0.0, 0.0, 0.0, 0.99660134]
02-19 17:09:23.338 11391 11442 W CameraMetadataJV: Expect face scores and rectangles to be non-null
02-19 17:09:23.366 11391 11442 W CameraMetadataJV: Expect face scores and rectangles to be non-null
02-19 17:09:23.401 11391 11442 W CameraMetadataJV: Expect face scores and rectangles to be non-null
02-19 17:09:23.438 11391 11442 W CameraMetadataJV: Expect face scores and rectangles to be non-null
02-19 17:09:23.468 11391 11442 W CameraMetadataJV: Expect face scores and rectangles to be non-null
02-19 17:09:23.500 11391 11442 W CameraMetadataJV: Expect face scores and rectangles to be non-null
02-19 17:09:23.506 11391 11424 W pkr : CaptureResult is present COLOR_CORRECTION_GAINS NEUTRAL.
02-19 17:09:23.509 11391 11424 W CurrentTemp: 4397.2114
02-19 17:09:23.510 11391 11424 W CCT_dump: [1.0036601, 0.0, 0.0, 0.0, 0.9997386, 0.0, 0.0, 0.0, 0.99660134]
02-19 17:09:23.513 11391 11424 W CurrentTemp: 4397.2114
02-19 17:09:23.513 11391 11424 W CCT_dump: [1.0036601, 0.0, 0.0, 0.0, 0.9997386, 0.0, 0.0, 0.0, 0.99660134]
02-19 17:09:23.518 11391 11424 W CurrentTemp: 4397.2114
02-19 17:09:23.518 11391 11424 W CCT_dump: [1.0036601, 0.0, 0.0, 0.0, 0.9997386, 0.0, 0.0, 0.0, 0.99660134]
02-19 17:09:23.527 11391 11424 W CurrentTemp: 4397.2114
02-19 17:09:23.527 11391 11424 W CCT_dump: [1.0036601, 0.0, 0.0, 0.0, 0.9997386, 0.0, 0.0, 0.0, 0.99660134]
02-19 17:09:23.539 11391 11442 W CameraMetadataJV: Expect face scores and rectangles to be non-null
02-19 17:09:23.564 11391 11442 W CameraMetadataJV: Expect face scores and rectangles to be non-null
02-19 17:09:23.598 11391 11442 W CameraMetadataJV: Expect face scores and rectangles to be non-null
02-19 17:09:23.634 11391 11442 W CameraMetadataJV: Expect face scores and rectangles to be non-null
02-19 17:09:23.669 11391 11442 W CameraMetadataJV: Expect face scores and rectangles to be non-null
02-19 17:09:23.697 11391 11391 W CAM_A : Placeholder drawable removed: key=ShotId-0 evicted=false
02-19 17:09:23.707 11391 11442 W CameraMetadataJV: Expect face scores and rectangles to be non-null
02-19 17:09:23.711 11391 11409 W pkr : CaptureResult is present COLOR_CORRECTION_GAINS NEUTRAL.
02-19 17:09:23.716 11391 11409 W CurrentTemp: 4386.2437
02-19 17:09:23.721 11391 11391 W CAM_A : isListed: unknown activity. mimeType=image/* className=com.facebook.timeline.stagingground.Fb4aProfilePictureShareActivityAlias
02-19 17:09:23.721 11391 11391 W CAM_A : isListed: unknown activity. mimeType=image/* className=com.facebook.composer.shareintent.ImplicitShareIntentHandlerDefaultAlias
02-19 17:09:23.721 11391 11409 W CCT_dump: [1.0037255, 0.0, 0.0, 0.0, 0.9997059, 0.0, 0.0, 0.0, 0.9965687]
02-19 17:09:23.721 11391 11391 W CAM_A : isListed: unknown activity. mimeType=image/* className=com.facebook.composer.shareintent.ShareToGroupsAlias
02-19 17:09:23.722 11391 11391 W CAM_A : isListed: unknown activity. mimeType=image/* className=com.facebook.messenger.intents.MediaEditShareIntentHandler
02-19 17:09:23.724 11391 11409 W CurrentTemp: 4386.2437
02-19 17:09:23.724 11391 11391 W CAM_A : isListed: unknown activity. mimeType=video/* className=com.facebook.composer.shareintent.ImplicitShareIntentHandlerDefaultAlias
02-19 17:09:23.724 11391 11391 W CAM_A : isListed: unknown activity. mimeType=video/* className=com.facebook.composer.shareintent.ShareToGroupsAlias
02-19 17:09:23.724 11391 11391 W CAM_A : isListed: unknown activity. mimeType=video/* className=com.facebook.inspiration.fbshorts.shareintent.InpirationFbShortsShareAlia s
02-19 17:09:23.724 11391 11391 W CAM_A : isListed: unknown activity. mimeType=video/* className=com.facebook.messenger.intents.MediaEditShareIntentHandler
02-19 17:09:23.724 11391 11409 W CCT_dump: [1.0037255, 0.0, 0.0, 0.0, 0.9997059, 0.0, 0.0, 0.0, 0.9965687]
02-19 17:09:23.727 11391 11409 W CurrentTemp: 4386.2437
02-19 17:09:23.728 11391 11409 W CCT_dump: [1.0037255, 0.0, 0.0, 0.0, 0.9997059, 0.0, 0.0, 0.0, 0.9965687]
02-19 17:09:23.739 11391 11442 W CameraMetadataJV: Expect face scores and rectangles to be non-null
02-19 17:09:23.739 11391 11409 W CurrentTemp: 4386.2437
02-19 17:09:23.740 11391 11409 W CCT_dump: [1.0037255, 0.0, 0.0, 0.0, 0.9997059, 0.0, 0.0, 0.0, 0.9965687]
02-19 17:09:23.770 11391 11442 W CameraMetadataJV: Expect face scores and rectangles to be non-null
02-19 17:09:23.799 11391 11442 W CameraMetadataJV: Expect face scores and rectangles to be non-null
02-19 17:09:23.833 11391 11442 W CameraMetadataJV: Expect face scores and rectangles to be non-null
02-19 17:09:23.873 11391 11442 W CameraMetadataJV: Expect face scores and rectangles to be non-null
02-19 17:09:23.899 11391 11442 W CameraMetadataJV: Expect face scores and rectangles to be non-null
02-19 17:09:23.903 11391 11409 W pkr : CaptureResult is present COLOR_CORRECTION_GAINS NEUTRAL.
02-19 17:09:23.906 11391 11409 W CurrentTemp: 4386.2437
02-19 17:09:23.907 11391 11409 W CCT_dump: [1.0037255, 0.0, 0.0, 0.0, 0.9997059, 0.0, 0.0, 0.0, 0.9965687]
02-19 17:09:23.909 11391 11409 W CurrentTemp: 4386.2437
02-19 17:09:23.910 11391 11409 W CCT_dump: [1.0037255, 0.0, 0.0, 0.0, 0.9997059, 0.0, 0.0, 0.0, 0.9965687]
02-19 17:09:23.913 11391 11409 W CurrentTemp: 4386.2437
02-19 17:09:23.914 11391 11409 W CCT_dump: [1.0037255, 0.0, 0.0, 0.0, 0.9997059, 0.0, 0.0, 0.0, 0.9965687]
02-19 17:09:23.916 11391 11409 W CurrentTemp: 4386.2437
02-19 17:09:23.917 11391 11409 W CCT_dump: [1.0037255, 0.0, 0.0, 0.0, 0.9997059, 0.0, 0.0, 0.0, 0.9965687]
02-19 17:09:23.933 11391 11442 W CameraMetadataJV: Expect face scores and rectangles to be non-null
02-19 17:09:23.967 11391 11442 W CameraMetadataJV: Expect face scores and rectangles to be non-null
02-19 17:09:23.999 11391 11442 W CameraMetadataJV: Expect face scores and rectangles to be non-null
02-19 17:09:24.032 11391 11442 W CameraMetadataJV: Expect face scores and rectangles to be non-null
02-19 17:09:24.067 11391 11442 W CameraMetadataJV: Expect face scores and rectangles to be non-null
02-19 17:09:24.101 11391 11442 W CameraMetadataJV: Expect face scores and rectangles to be non-null
02-19 17:09:24.108 11391 11409 W pkr : CaptureResult is present COLOR_CORRECTION_GAINS NEUTRAL.
02-19 17:09:24.111 11391 11409 W CurrentTemp: 4390.6494
02-19 17:09:24.112 11391 11409 W CCT_dump: [1.0036601, 0.0, 0.0, 0.0, 0.9997386, 0.0, 0.0, 0.0, 0.99660134]
02-19 17:09:24.115 11391 11409 W CurrentTemp: 4390.6494
02-19 17:09:24.115 11391 11409 W CCT_dump: [1.0036601, 0.0, 0.0, 0.0, 0.9997386, 0.0, 0.0, 0.0, 0.99660134]
02-19 17:09:24.117 11391 11409 W CurrentTemp: 4390.6494
02-19 17:09:24.118 11391 11409 W CCT_dump: [1.0036601, 0.0, 0.0, 0.0, 0.9997386, 0.0, 0.0, 0.0, 0.99660134]
02-19 17:09:24.120 11391 11409 W CurrentTemp: 4390.6494
02-19 17:09:24.121 11391 11409 W CCT_dump: [1.0036601, 0.0, 0.0, 0.0, 0.9997386, 0.0, 0.0, 0.0, 0.99660134]
02-19 17:09:24.135 11391 11442 W CameraMetadataJV: Expect face scores and rectangles to be non-null
02-19 17:09:24.169 11391 11442 W CameraMetadataJV: Expect face scores and rectangles to be non-null
02-19 17:09:24.206 11391 11442 W CameraMetadataJV: Expect face scores and rectangles to be non-null
02-19 17:09:24.239 11391 11442 W CameraMetadataJV: Expect face scores and rectangles to be non-null
02-19 17:09:24.267 11391 11442 W CameraMetadataJV: Expect face scores and rectangles to be non-null
02-19 17:09:24.301 11391 11442 W CameraMetadataJV: Expect face scores and rectangles to be non-null
02-19 17:09:24.306 11391 11424 W pkr : CaptureResult is present COLOR_CORRECTION_GAINS NEUTRAL.
02-19 17:09:24.310 11391 11424 W CurrentTemp: 4401.626
02-19 17:09:24.311 11391 11424 W CCT_dump: [1.0036601, 0.0, 0.0, 0.0, 0.9997386, 0.0, 0.0, 0.0, 0.99660134]
02-19 17:09:24.314 11391 11424 W CurrentTemp: 4401.626
02-19 17:09:24.314 11391 11424 W CCT_dump: [1.0036601, 0.0, 0.0, 0.0, 0.9997386, 0.0, 0.0, 0.0, 0.99660134]
02-19 17:09:24.317 11391 11424 W CurrentTemp: 4401.626
02-19 17:09:24.318 11391 11424 W CCT_dump: [1.0036601, 0.0, 0.0, 0.0, 0.9997386, 0.0, 0.0, 0.0, 0.99660134]
02-19 17:09:24.321 11391 11424 W CurrentTemp: 4401.626
02-19 17:09:24.321 11391 11424 W CCT_dump: [1.0036601, 0.0, 0.0, 0.0, 0.9997386, 0.0, 0.0, 0.0, 0.99660134]
02-19 17:09:24.334 11391 11442 W CameraMetadataJV: Expect face scores and rectangles to be non-null
02-19 17:09:24.367 11391 11442 W CameraMetadataJV: Expect face scores and rectangles to be non-null
02-19 17:09:24.402 11391 11442 W CameraMetadataJV: Expect face scores and rectangles to be non-null
02-19 17:09:24.434 11391 11442 W CameraMetadataJV: Expect face scores and rectangles to be non-null
02-19 17:09:24.471 11391 11442 W CameraMetadataJV: Expect face scores and rectangles to be non-null
02-19 17:09:24.504 11391 11442 W CameraMetadataJV: Expect face scores and rectangles to be non-null
02-19 17:09:24.511 11391 11424 W pkr : CaptureResult is present COLOR_CORRECTION_GAINS NEUTRAL.
02-19 17:09:24.514 11391 11424 W CurrentTemp: 4390.6494
02-19 17:09:24.516 11391 11424 W CCT_dump: [1.0036601, 0.0, 0.0, 0.0, 0.9997386, 0.0, 0.0, 0.0, 0.99660134]
02-19 17:09:24.519 11391 11424 W CurrentTemp: 4390.6494
02-19 17:09:24.519 11391 11424 W CCT_dump: [1.0036601, 0.0, 0.0, 0.0, 0.9997386, 0.0, 0.0, 0.0, 0.99660134]
02-19 17:09:24.522 11391 11424 W CurrentTemp: 4390.6494
02-19 17:09:24.523 11391 11424 W CCT_dump: [1.0036601, 0.0, 0.0, 0.0, 0.9997386, 0.0, 0.0, 0.0, 0.99660134]
02-19 17:09:24.526 11391 11424 W CurrentTemp: 4390.6494
02-19 17:09:24.526 11391 11424 W CCT_dump: [1.0036601, 0.0, 0.0, 0.0, 0.9997386, 0.0, 0.0, 0.0, 0.99660134]
02-19 17:09:24.536 11391 11442 W CameraMetadataJV: Expect face scores and rectangles to be non-null
02-19 17:09:24.568 11391 11442 W CameraMetadataJV: Expect face scores and rectangles to be non-null
02-19 17:09:24.604 11391 11442 W CameraMetadataJV: Expect face scores and rectangles to be non-null
02-19 17:09:24.636 11391 11442 W CameraMetadataJV: Expect face scores and rectangles to be non-null
02-19 17:09:24.671 11391 11442 W CameraMetadataJV: Expect face scores and rectangles to be non-null
02-19 17:09:24.702 11391 11442 W CameraMetadataJV: Expect face scores and rectangles to be non-null
02-19 17:09:24.709 11391 11409 W pkr : CaptureResult is present COLOR_CORRECTION_GAINS NEUTRAL.
02-19 17:09:24.713 11391 11409 W CurrentTemp: 4379.702
02-19 17:09:24.714 11391 11409 W CCT_dump: [1.0037255, 0.0, 0.0, 0.0, 0.9997059, 0.0, 0.0, 0.0, 0.9965687]
02-19 17:09:24.716 11391 11409 W CurrentTemp: 4379.702
02-19 17:09:24.716 11391 11409 W CCT_dump: [1.0037255, 0.0, 0.0, 0.0, 0.9997059, 0.0, 0.0, 0.0, 0.9965687]
02-19 17:09:24.719 11391 11409 W CurrentTemp: 4379.702
02-19 17:09:24.719 11391 11409 W CCT_dump: [1.0037255, 0.0, 0.0, 0.0, 0.9997059, 0.0, 0.0, 0.0, 0.9965687]
02-19 17:09:24.721 11391 11409 W CurrentTemp: 4379.702
02-19 17:09:24.722 11391 11409 W CCT_dump: [1.0037255, 0.0, 0.0, 0.0, 0.9997059, 0.0, 0.0, 0.0, 0.9965687]
02-19 17:09:24.733 11391 11442 W CameraMetadataJV: Expect face scores and rectangles to be non-null
02-19 17:09:24.774 11391 11442 W CameraMetadataJV: Expect face scores and rectangles to be non-null
02-19 17:09:24.803 11391 11442 W CameraMetadataJV: Expect face scores and rectangles to be non-null
02-19 17:09:24.837 11391 11442 W CameraMetadataJV: Expect face scores and rectangles to be non-null
02-19 17:09:24.871 11391 11442 W CameraMetadataJV: Expect face scores and rectangles to be non-null
02-19 17:09:24.905 11391 11442 W CameraMetadataJV: Expect face scores and rectangles to be non-null
02-19 17:09:24.912 11391 11409 W pkr : CaptureResult is present COLOR_CORRECTION_GAINS NEUTRAL.
02-19 17:09:24.918 11391 11409 W CurrentTemp: 4401.626
02-19 17:09:24.918 11391 11409 W CCT_dump: [1.0036601, 0.0, 0.0, 0.0, 0.9997386, 0.0, 0.0, 0.0, 0.99660134]
02-19 17:09:24.921 11391 11409 W CurrentTemp: 4401.626
02-19 17:09:24.921 11391 11409 W CCT_dump: [1.0036601, 0.0, 0.0, 0.0, 0.9997386, 0.0, 0.0, 0.0, 0.99660134]
02-19 17:09:24.923 11391 11409 W CurrentTemp: 4401.626
02-19 17:09:24.924 11391 11409 W CCT_dump: [1.0036601, 0.0, 0.0, 0.0, 0.9997386, 0.0, 0.0, 0.0, 0.99660134]
02-19 17:09:24.926 11391 11409 W CurrentTemp: 4401.626
02-19 17:09:24.927 11391 11409 W CCT_dump: [1.0036601, 0.0, 0.0, 0.0, 0.9997386, 0.0, 0.0, 0.0, 0.99660134]
02-19 17:09:24.933 11391 11442 W CameraMetadataJV: Expect face scores and rectangles to be non-null
02-19 17:09:24.968 11391 11442 W CameraMetadataJV: Expect face scores and rectangles to be non-null
02-19 17:09:25.003 11391 11442 W CameraMetadataJV: Expect face scores and rectangles to be non-null
02-19 17:09:25.038 11391 11442 W CameraMetadataJV: Expect face scores and rectangles to be non-null
02-19 17:09:25.072 11391 11442 W CameraMetadataJV: Expect face scores and rectangles to be non-null
02-19 17:09:25.102 11391 11442 W CameraMetadataJV: Expect face scores and rectangles to be non-null
02-19 17:09:25.109 11391 11424 W pkr : CaptureResult is present COLOR_CORRECTION_GAINS NEUTRAL.
02-19 17:09:25.113 11391 11424 W CurrentTemp: 4419.237
02-19 17:09:25.114 11391 11424 W CCT_dump: [1.0036274, 0.0, 0.0, 0.0, 0.9997059, 0.0, 0.0, 0.0, 0.99666667]
02-19 17:09:25.119 11391 11424 W CurrentTemp: 4419.237
02-19 17:09:25.120 11391 11424 W CCT_dump: [1.0036274, 0.0, 0.0, 0.0, 0.9997059, 0.0, 0.0, 0.0, 0.99666667]
