10-21 22:26:26.666 9259 9452 V threaded_app: New input event: type=2
10-21 22:26:26.694 9259 9452 V threaded_app: New input event: type=2
10-21 22:26:26.744 9259 9452 V threaded_app: New input event: type=2
10-21 22:26:26.762 9259 9452 V threaded_app: New input event: type=2
10-21 22:26:26.777 9259 9452 V threaded_app: New input event: type=2
10-21 22:26:26.794 9259 9452 V threaded_app: New input event: type=2
10-21 22:26:26.812 9259 9452 V threaded_app: New input event: type=2
10-21 22:26:26.828 9259 9452 V threaded_app: New input event: type=2
10-21 22:26:26.845 9259 9452 V threaded_app: New input event: type=2
10-21 22:26:26.862 9259 9452 V threaded_app: New input event: type=2
10-21 22:26:26.877 9259 9452 V threaded_app: New input event: type=2
10-21 22:26:26.895 9259 9452 V threaded_app: New input event: type=2
10-21 22:26:26.910 9259 9452 V threaded_app: New input event: type=2
10-21 22:26:26.928 9259 9452 V threaded_app: New input event: type=2
10-21 22:26:26.944 9259 9452 V threaded_app: New input event: type=2
10-21 22:26:26.960 9259 9452 V threaded_app: New input event: type=2
10-21 22:26:26.976 9259 9452 V threaded_app: New input event: type=2
10-21 22:26:26.993 9259 9452 V threaded_app: New input event: type=2
10-21 22:26:27.011 9259 9452 V threaded_app: New input event: type=2
10-21 22:26:27.026 9259 9452 V threaded_app: New input event: type=2
10-21 22:26:27.044 9259 9452 V threaded_app: New input event: type=2
10-21 22:26:27.061 9259 9452 V threaded_app: New input event: type=2
10-21 22:26:27.077 9259 9452 V threaded_app: New input event: type=2
10-21 22:26:27.093 9259 9452 V threaded_app: New input event: type=2
10-21 22:26:27.110 9259 9452 V threaded_app: New input event: type=2
10-21 22:26:27.126 9259 9452 V threaded_app: New input event: type=2
10-21 22:26:27.144 9259 9452 V threaded_app: New input event: type=2
10-21 22:26:27.160 9259 9452 V threaded_app: New input event: type=2
10-21 22:26:27.177 9259 9452 V threaded_app: New input event: type=2
10-21 22:26:27.193 9259 9452 V threaded_app: New input event: type=2
10-21 22:26:27.210 9259 9452 V threaded_app: New input event: type=2
10-21 22:26:27.227 9259 9452 V threaded_app: New input event: type=2
10-21 22:26:27.233 9259 9452 V threaded_app: New input event: type=2
10-21 22:26:27.234 9259 9452 V threaded_app: New input event: type=2
10-21 22:26:27.243 9259 9452 V threaded_app: New input event: type=2
10-21 22:26:27.260 9259 9452 V threaded_app: New input event: type=2
10-21 22:26:27.276 9259 9452 V threaded_app: New input event: type=2
10-21 22:26:27.293 9259 9452 V threaded_app: New input event: type=2
10-21 22:26:27.310 9259 9452 V threaded_app: New input event: type=2
10-21 22:26:27.326 9259 9452 V threaded_app: New input event: type=2
10-21 22:26:27.344 9259 9452 V threaded_app: New input event: type=2
10-21 22:26:27.361 9259 9452 V threaded_app: New input event: type=2
10-21 22:26:27.377 9259 9452 V threaded_app: New input event: type=2
10-21 22:26:27.393 9259 9452 V threaded_app: New input event: type=2
10-21 22:26:27.409 9259 9452 V threaded_app: New input event: type=2
10-21 22:26:27.426 9259 9452 V threaded_app: New input event: type=2
10-21 22:26:27.443 9259 9452 V threaded_app: New input event: type=2
10-21 22:26:27.460 9259 9452 V threaded_app: New input event: type=2
10-21 22:26:27.476 9259 9452 V threaded_app: New input event: type=2
10-21 22:26:27.493 9259 9452 V threaded_app: New input event: type=2
10-21 22:26:27.509 9259 9452 V threaded_app: New input event: type=2
10-21 22:26:27.526 9259 9452 V threaded_app: New input event: type=2
10-21 22:26:27.531 9259 9452 V threaded_app: New input event: type=2
10-21 22:26:27.532 9259 9452 V threaded_app: New input event: type=2
10-21 22:26:27.543 9259 9452 V threaded_app: New input event: type=2
10-21 22:26:27.561 9259 9452 V threaded_app: New input event: type=2
10-21 22:26:27.577 9259 9452 V threaded_app: New input event: type=2
10-21 22:26:27.593 9259 9452 V threaded_app: New input event: type=2
10-21 22:26:27.610 9259 9452 V threaded_app: New input event: type=2
10-21 22:26:27.626 9259 9452 V threaded_app: New input event: type=2
10-21 22:26:27.643 9259 9452 V threaded_app: New input event: type=2
10-21 22:26:27.660 9259 9452 V threaded_app: New input event: type=2
10-21 22:26:27.725 9259 9452 V threaded_app: New input event: type=2
10-21 22:26:27.738 9259 9452 V threaded_app: New input event: type=2
10-21 22:26:27.738 9259 9452 V threaded_app: New input event: type=2
10-21 22:26:27.761 9259 9452 V threaded_app: New input event: type=2
10-21 22:26:27.776 9259 9452 V threaded_app: New input event: type=2
10-21 22:26:27.794 9259 9452 V threaded_app: New input event: type=2
10-21 22:26:27.809 9259 9452 V threaded_app: New input event: type=2
10-21 22:26:27.825 9259 9452 V threaded_app: New input event: type=2
10-21 22:26:27.842 9259 9452 V threaded_app: New input event: type=2
10-21 22:26:27.859 9259 9452 V threaded_app: New input event: type=2
10-21 22:26:27.875 9259 9452 V threaded_app: New input event: type=2
10-21 22:26:27.892 9259 9452 V threaded_app: New input event: type=2
10-21 22:26:27.909 9259 9452 V threaded_app: New input event: type=2
10-21 22:26:27.925 9259 9452 V threaded_app: New input event: type=2
10-21 22:26:27.942 9259 9452 V threaded_app: New input event: type=2
10-21 22:26:27.959 9259 9452 V threaded_app: New input event: type=2
10-21 22:26:27.976 9259 9452 V threaded_app: New input event: type=2
10-21 22:26:28.043 9259 9452 V threaded_app: New input event: type=2
10-21 22:26:28.059 9259 9452 V threaded_app: New input event: type=2
10-21 22:26:28.075 9259 9452 V threaded_app: New input event: type=2
10-21 22:26:28.092 9259 9452 V threaded_app: New input event: type=2
10-21 22:26:28.109 9259 9452 V threaded_app: New input event: type=2
10-21 22:26:28.126 9259 9452 V threaded_app: New input event: type=2
10-21 22:26:28.142 9259 9452 V threaded_app: New input event: type=2
10-21 22:26:28.160 9259 9452 V threaded_app: New input event: type=2
10-21 22:26:28.175 9259 9452 V threaded_app: New input event: type=2
10-21 22:26:28.192 9259 9452 V threaded_app: New input event: type=2
10-21 22:26:28.208 9259 9452 V threaded_app: New input event: type=2
10-21 22:26:28.229 9259 9452 V threaded_app: New input event: type=2
10-21 22:26:28.242 9259 9452 V threaded_app: New input event: type=2
10-21 22:26:28.258 9259 9452 V threaded_app: New input event: type=2
10-21 22:26:28.276 9259 9452 V threaded_app: New input event: type=2
10-21 22:26:28.292 9259 9452 V threaded_app: New input event: type=2
10-21 22:26:28.308 9259 9452 V threaded_app: New input event: type=2
10-21 22:26:28.326 9259 9452 V threaded_app: New input event: type=2
10-21 22:26:28.342 9259 9452 V threaded_app: New input event: type=2
10-21 22:26:28.358 9259 9452 V threaded_app: New input event: type=2
10-21 22:26:28.375 9259 9452 V threaded_app: New input event: type=2
10-21 22:26:28.392 9259 9452 V threaded_app: New input event: type=2
10-21 22:26:28.408 9259 9452 V threaded_app: New input event: type=2
10-21 22:26:28.458 9259 9452 V threaded_app: New input event: type=2
10-21 22:26:28.476 9259 9452 V threaded_app: New input event: type=2
10-21 22:26:28.493 9259 9452 V threaded_app: New input event: type=2
10-21 22:26:28.509 9259 9452 V threaded_app: New input event: type=2
10-21 22:26:28.525 9259 9452 V threaded_app: New input event: type=2
10-21 22:26:28.543 9259 9452 V threaded_app: New input event: type=2
10-21 22:26:28.558 9259 9452 V threaded_app: New input event: type=2
10-21 22:26:28.576 9259 9452 V threaded_app: New input event: type=2
10-21 22:26:28.592 9259 9452 V threaded_app: New input event: type=2
10-21 22:26:28.800 9259 9452 V threaded_app: New input event: type=2
10-21 22:26:28.801 9259 9452 V threaded_app: New input event: type=2
10-21 22:26:29.042 9259 9452 V threaded_app: New input event: type=2
10-21 22:26:29.091 9259 9452 V threaded_app: New input event: type=2
10-21 22:26:29.101 9259 9452 V threaded_app: New input event: type=2
10-21 22:26:29.558 9259 9452 V threaded_app: New input event: type=2
10-21 22:26:29.572 9259 9452 V threaded_app: New input event: type=2
10-21 22:26:29.572 9259 9452 V threaded_app: New input event: type=2
10-21 22:26:30.221 9259 9452 V threaded_app: New input event: type=2
10-21 22:26:30.306 9259 9452 V threaded_app: New input event: type=2
10-21 22:26:30.323 9259 9452 V threaded_app: New input event: type=2
10-21 22:26:30.339 9259 9452 V threaded_app: New input event: type=2
10-21 22:26:30.356 9259 9452 V threaded_app: New input event: type=2
10-21 22:26:30.373 9259 9452 V threaded_app: New input event: type=2
10-21 22:26:30.390 9259 9452 V threaded_app: New input event: type=2
10-21 22:26:30.406 9259 9452 V threaded_app: New input event: type=2
10-21 22:26:30.422 9259 9452 V threaded_app: New input event: type=2
10-21 22:26:30.440 9259 9452 V threaded_app: New input event: type=2
10-21 22:26:30.453 9259 9452 V threaded_app: New input event: type=2
10-21 22:26:30.453 9259 9452 V threaded_app: New input event: type=2
10-21 22:26:30.621 9259 9452 V threaded_app: New input event: type=2
10-21 22:26:30.689 9259 9452 V threaded_app: New input event: type=2
10-21 22:26:30.705 9259 9452 V threaded_app: New input event: type=2
10-21 22:26:30.723 9259 9452 V threaded_app: New input event: type=2
10-21 22:26:30.739 9259 9452 V threaded_app: New input event: type=2
10-21 22:26:30.756 9259 9452 V threaded_app: New input event: type=2
10-21 22:26:30.772 9259 9452 V threaded_app: New input event: type=2
10-21 22:26:30.789 9259 9452 V threaded_app: New input event: type=2
10-21 22:26:30.805 9259 9452 V threaded_app: New input event: type=2
10-21 22:26:30.822 9259 9452 V threaded_app: New input event: type=2
10-21 22:26:30.839 9259 9452 V threaded_app: New input event: type=2
10-21 22:26:30.855 9259 9452 V threaded_app: New input event: type=2
10-21 22:26:30.872 9259 9452 V threaded_app: New input event: type=2
10-21 22:26:30.889 9259 9452 V threaded_app: New input event: type=2
10-21 22:26:30.979 9259 9452 V threaded_app: New input event: type=2
10-21 22:26:30.979 9259 9452 V threaded_app: New input event: type=2
10-21 22:26:31.347 9259 9452 V threaded_app: New input event: type=2
10-21 22:26:31.372 9259 9452 V threaded_app: New input event: type=2
10-21 22:26:31.405 9259 9452 V threaded_app: New input event: type=2
10-21 22:26:31.422 9259 9452 V threaded_app: New input event: type=2
10-21 22:26:31.439 9259 9452 V threaded_app: New input event: type=2
10-21 22:26:31.455 9259 9452 V threaded_app: New input event: type=2
10-21 22:26:31.471 9259 9452 V threaded_app: New input event: type=2
10-21 22:26:31.488 9259 9452 V threaded_app: New input event: type=2
10-21 22:26:31.506 9259 9452 V threaded_app: New input event: type=2
10-21 22:26:31.521 9259 9452 V threaded_app: New input event: type=2
10-21 22:26:31.538 9259 9452 V threaded_app: New input event: type=2
10-21 22:26:31.556 9259 9452 V threaded_app: New input event: type=2
10-21 22:26:31.572 9259 9452 V threaded_app: New input event: type=2
10-21 22:26:31.588 9259 9452 V threaded_app: New input event: type=2
10-21 22:26:31.606 9259 9452 V threaded_app: New input event: type=2
10-21 22:26:31.622 9259 9452 V threaded_app: New input event: type=2
10-21 22:26:31.673 9259 9452 V threaded_app: New input event: type=2
10-21 22:26:31.673 9259 9452 V threaded_app: New input event: type=2
10-21 22:26:31.673 9259 9452 V threaded_app: New input event: type=2
10-21 22:26:32.162 9259 9452 V threaded_app: New input event: type=2
10-21 22:26:32.188 9259 9452 V threaded_app: New input event: type=2
10-21 22:26:32.238 9259 9452 V threaded_app: New input event: type=2
10-21 22:26:32.335 9259 9452 V threaded_app: New input event: type=2
10-21 22:26:32.354 9259 9452 V threaded_app: New input event: type=2
10-21 22:26:32.386 9259 9452 V threaded_app: New input event: type=2
10-21 22:26:32.894 9259 9452 V threaded_app: New input event: type=2
10-21 22:26:32.970 9259 9452 V threaded_app: New input event: type=2
10-21 22:26:32.986 9259 9452 V threaded_app: New input event: type=2
10-21 22:26:33.003 9259 9452 V threaded_app: New input event: type=2
10-21 22:26:33.019 9259 9452 V threaded_app: New input event: type=2
10-21 22:26:33.029 9259 9452 V threaded_app: New input event: type=2
10-21 22:26:33.029 9259 9452 V threaded_app: New input event: type=2
10-21 22:26:35.447 9259 9721 E LoadedApk: performReceive() called targeting raw
IIntentReceiver for Intent { act=android.intent.action.BATTERY_CHANGED
flg=0x70000010 (has extras) }
10-21 22:26:35.706 9259 9452 V threaded_app: New input event: type=2
10-21 22:26:35.751 9259 9452 V threaded_app: New input event: type=2
10-21 22:26:35.803 9259 9452 V threaded_app: New input event: type=2
10-21 22:26:36.418 9259 9452 V threaded_app: New input event: type=2
10-21 22:26:36.462 9259 9452 V threaded_app: New input event: type=2
10-21 22:26:36.561 9259 9452 V threaded_app: New input event: type=2
10-21 22:26:36.604 9259 9452 V threaded_app: New input event: type=2
10-21 22:26:36.666 9259 9452 V threaded_app: New input event: type=2
10-21 22:26:36.740 9259 9452 V threaded_app: New input event: type=2
10-21 22:26:37.028 9259 9452 V threaded_app: New input event: type=2
10-21 22:26:37.128 9259 9452 V threaded_app: New input event: type=2
10-21 22:26:37.177 9259 9452 V threaded_app: New input event: type=2
10-21 22:26:37.261 9259 9452 V threaded_app: New input event: type=2
10-21 22:26:37.303 9259 9452 V threaded_app: New input event: type=2
10-21 22:26:37.368 9259 9452 V threaded_app: New input event: type=2
10-21 22:26:37.554 9259 9452 V threaded_app: New input event: type=2
10-21 22:26:37.580 9259 9452 V threaded_app: New input event: type=2
10-21 22:26:37.614 9259 9452 V threaded_app: New input event: type=2
10-21 22:26:37.641 9259 9452 V threaded_app: New input event: type=2
10-21 22:26:37.756 9259 9452 V threaded_app: New input event: type=2
10-21 22:26:37.781 9259 9452 V threaded_app: New input event: type=2
10-21 22:26:37.808 9259 9452 V threaded_app: New input event: type=2
10-21 22:26:37.894 9259 9452 V threaded_app: New input event: type=2
10-21 22:26:37.930 9259 9452 V threaded_app: New input event: type=2
10-21 22:26:37.954 9259 9452 V threaded_app: New input event: type=2
10-21 22:26:38.044 9259 9452 V threaded_app: New input event: type=2
10-21 22:26:38.119 9259 9452 V threaded_app: New input event: type=2
10-21 22:26:38.202 9259 9452 V threaded_app: New input event: type=2
10-21 22:26:38.246 9259 9452 V threaded_app: New input event: type=2
10-21 22:26:38.281 9259 9452 V threaded_app: New input event: type=2
10-21 22:26:38.281 9259 9452 V threaded_app: New input event: type=2
10-21 22:26:38.358 9259 9452 V threaded_app: New input event: type=2
10-21 22:26:38.379 9259 9452 V threaded_app: New input event: type=2
10-21 22:26:38.396 9259 9452 V threaded_app: New input event: type=2
10-21 22:26:38.440 9259 9452 V threaded_app: New input event: type=2
10-21 22:26:38.441 9259 9452 V threaded_app: New input event: type=2
10-21 22:26:38.527 9259 9452 V threaded_app: New input event: type=2
10-21 22:26:38.562 9259 9452 V threaded_app: New input event: type=2
10-21 22:26:38.593 9259 9452 V threaded_app: New input event: type=2
10-21 22:26:38.966 9259 9337 D TrafficStats: tagSocket(259) with
statsTag=0xffffffff, statsUid=-1
10-21 22:26:39.376 9259 9452 V threaded_app: New input event: type=2
10-21 22:26:39.457 9259 9452 V threaded_app: New input event: type=2
10-21 22:26:39.457 9259 9452 V threaded_app: New input event: type=2
10-21 22:26:39.527 9259 9452 V threaded_app: New input event: type=2
10-21 22:26:39.597 9259 9452 V threaded_app: New input event: type=2
10-21 22:26:39.652 9259 9452 V threaded_app: New input event: type=2
10-21 22:26:39.731 9259 9452 V threaded_app: New input event: type=2
10-21 22:26:39.783 9259 9452 V threaded_app: New input event: type=2
10-21 22:26:39.876 9259 9452 V threaded_app: New input event: type=2
10-21 22:26:39.917 9259 9452 V threaded_app: New input event: type=2
10-21 22:26:39.961 9259 9452 V threaded_app: New input event: type=2
10-21 22:26:40.019 9259 9452 V threaded_app: New input event: type=2
10-21 22:26:40.045 9259 9452 V threaded_app: New input event: type=2
10-21 22:26:40.077 9259 9452 V threaded_app: New input event: type=2
10-21 22:26:40.139 9259 9452 V threaded_app: New input event: type=2
10-21 22:26:40.190 9259 9452 V threaded_app: New input event: type=2
10-21 22:26:40.212 9259 9452 V threaded_app: New input event: type=2
10-21 22:26:40.267 9259 9452 V threaded_app: New input event: type=2
10-21 22:26:40.316 9259 9452 V threaded_app: New input event: type=2
10-21 22:26:40.377 9259 9452 V threaded_app: New input event: type=2
10-21 22:26:40.399 9259 9452 V threaded_app: New input event: type=2
10-21 22:26:40.458 9259 9452 V threaded_app: New input event: type=2
10-21 22:26:40.540 9259 9452 V threaded_app: New input event: type=2
10-21 22:26:41.908 9259 9452 V threaded_app: New input event: type=2
10-21 22:26:41.987 9259 9452 V threaded_app: New input event: type=2
10-21 22:26:43.089 9259 9452 V threaded_app: New input event: type=2
10-21 22:26:43.107 9259 9452 V threaded_app: New input event: type=2
10-21 22:26:43.174 9259 9452 V threaded_app: New input event: type=2
10-21 22:26:43.190 9259 9452 V threaded_app: New input event: type=2
10-21 22:26:43.207 9259 9452 V threaded_app: New input event: type=2
10-21 22:26:43.223 9259 9452 V threaded_app: New input event: type=2
10-21 22:26:43.230 9259 9452 V threaded_app: New input event: type=2
10-21 22:26:43.230 9259 9452 V threaded_app: New input event: type=2
10-21 22:26:44.010 9259 9451 D GameActivity: GameMaster.SystemVPNOpened()
10-21 22:26:44.011 9259 9451 D GameActivity: AndroidThunkJava_SystemVPNOpened
return: false
10-21 22:26:44.046 9259 9259 V threaded_app: WindowFocusChanged: 0x7587732070 --
0
10-21 22:26:44.046 9259 9452 D UE4 : Case APP_CMD_LOST_FOCUS
10-21 22:26:45.113 9259 11084 E LoadedApk: performReceive() called targeting raw
IIntentReceiver for Intent { act=android.intent.action.BATTERY_CHANGED
flg=0x70000010 (has extras) }
10-21 22:26:45.812 9259 9259 V threaded_app: WindowFocusChanged: 0x7587732070 --
1
10-21 22:26:45.812 9259 9452 D UE4 : Case APP_CMD_GAINED_FOCUS
10-21 22:26:45.956 9259 10847 E HDmpve : [2024-10-21 22:26:45 956] | Error |
[HDmpve] |0x721fc07cb0| DownloadProcess.cpp:330|ThreadProcess| DLProcess
PollingTime Changed: 300000 -> 10000
10-21 22:26:45.960 9259 10838 E HDmpve : [2024-10-21 22:26:45 959] | Error |
[HDmpve] |0x7220fd1cb0| DownloadProcess.cpp:330|ThreadProcess| DLProcess
PollingTime Changed: 300000 -> 10000
10-21 22:26:46.057 9259 9451 E libOpenSLES: pAudioSrc: requested 8 channels but
mask (0xc003f) has 6 channel bits set
10-21 22:26:46.057 9259 9451 W libOpenSLES: Leaving Engine::CreateAudioPlayer
(SL_RESULT_PARAMETER_INVALID)
10-21 22:26:46.057 9259 9451 D DA4MG : Height channels supported (0).
10-21 22:26:46.233 9259 9451 D GameActitivy: AndroidThunkJava_GetFIRAppInstanceId
START
10-21 22:26:46.241 9259 11577 E FA : Name starts with reserved prefix. Type,
name: event param, firebase_app_instance_id
10-21 22:26:46.247 9259 11578 D TrafficStats: tagSocket(197) with
statsTag=0xffffffff, statsUid=-1
10-21 22:26:46.522 9259 9452 V threaded_app: New input event: type=2
10-21 22:26:46.536 9259 9452 V threaded_app: New input event: type=2
10-21 22:26:46.569 9259 9452 V threaded_app: New input event: type=2
10-21 22:26:46.636 9259 9452 V threaded_app: New input event: type=2
10-21 22:26:46.652 9259 9452 V threaded_app: New input event: type=2
10-21 22:26:46.669 9259 9452 V threaded_app: New input event: type=2
10-21 22:26:46.686 9259 9452 V threaded_app: New input event: type=2
10-21 22:26:46.702 9259 9452 V threaded_app: New input event: type=2
10-21 22:26:46.719 9259 9452 V threaded_app: New input event: type=2
10-21 22:26:46.736 9259 9452 V threaded_app: New input event: type=2
10-21 22:26:46.753 9259 9452 V threaded_app: New input event: type=2
10-21 22:26:46.769 9259 9452 V threaded_app: New input event: type=2
10-21 22:26:46.786 9259 9452 V threaded_app: New input event: type=2
10-21 22:26:46.802 9259 9452 V threaded_app: New input event: type=2
10-21 22:26:46.820 9259 9452 V threaded_app: New input event: type=2
10-21 22:26:46.836 9259 9452 V threaded_app: New input event: type=2
10-21 22:26:46.840 9259 9452 V threaded_app: New input event: type=2
10-21 22:26:46.840 9259 9452 V threaded_app: New input event: type=2
10-21 22:26:47.126 9259 9452 V threaded_app: New input event: type=2
10-21 22:26:47.218 9259 9452 V threaded_app: New input event: type=2
10-21 22:26:47.268 9259 9452 V threaded_app: New input event: type=2
10-21 22:26:47.285 9259 9452 V threaded_app: New input event: type=2
10-21 22:26:47.301 9259 9452 V threaded_app: New input event: type=2
10-21 22:26:47.318 9259 9452 V threaded_app: New input event: type=2
10-21 22:26:47.336 9259 9452 V threaded_app: New input event: type=2
10-21 22:26:47.352 9259 9452 V threaded_app: New input event: type=2
10-21 22:26:47.369 9259 9452 V threaded_app: New input event: type=2
10-21 22:26:47.386 9259 9452 V threaded_app: New input event: type=2
10-21 22:26:47.402 9259 9452 V threaded_app: New input event: type=2
10-21 22:26:47.419 9259 9452 V threaded_app: New input event: type=2
10-21 22:26:47.435 9259 9452 V threaded_app: New input event: type=2
10-21 22:26:47.451 9259 9452 V threaded_app: New input event: type=2
10-21 22:26:47.468 9259 9452 V threaded_app: New input event: type=2
10-21 22:26:47.485 9259 9452 V threaded_app: New input event: type=2
10-21 22:26:47.493 9259 9452 V threaded_app: New input event: type=2
10-21 22:26:47.493 9259 9452 V threaded_app: New input event: type=2
10-21 22:26:47.683 9259 10842 E HDmpve : [2024-10-21 22:26:47 683] | Error |
[HDmpve] |0x7220387cb0| cu_eifs_wrapper.cpp:291|IsFileDownloadReady|
[CEifsWrapper::IsFileReady()]not download completed]
10-21 22:26:47.728 9259 10842 E HDmpve : [2024-10-21 22:26:47 728] | Error |
[HDmpve] |0x7220387cb0| cu_eifs_wrapper.cpp:291|IsFileDownloadReady|
[CEifsWrapper::IsFileReady()]not download completed]
10-21 22:26:47.750 9259 10847 E HDmpve : [2024-10-21 22:26:47 750] | Error |
[HDmpve] |0x721fc07cb0| HttpNetwork.cpp:1209|GetAddrInfoSysFunc| get host ip,in-
f.globh.com-> 23.76.157.128
10-21 22:26:47.750 9259 10847 E HDmpve : [2024-10-21 22:26:47 750] | Error |
[HDmpve] |0x721fc07cb0| HttpNetwork.cpp:1209|GetAddrInfoSysFunc| get host ip,in-
f.globh.com-> 23.76.157.97
10-21 22:26:47.914 9259 10842 E HDmpve : [2024-10-21 22:26:47 914] | Error |
[HDmpve] |0x7220387cb0| cu_eifs_wrapper.cpp:291|IsFileDownloadReady|
[CEifsWrapper::IsFileReady()]not download completed]
10-21 22:26:47.919 9259 10842 E HDmpve : [2024-10-21 22:26:47 919] | Error |
[HDmpve] |0x7220387cb0| cu_eifs_wrapper.cpp:291|IsFileDownloadReady|
[CEifsWrapper::IsFileReady()]not download completed]
10-21 22:26:48.094 9259 10842 E HDmpve : [2024-10-21 22:26:48 094] | Error |
[HDmpve] |0x7220387cb0| cu_eifs_wrapper.cpp:291|IsFileDownloadReady|
[CEifsWrapper::IsFileReady()]not download completed]
10-21 22:26:49.271 9259 9452 V threaded_app: New input event: type=2
10-21 22:26:49.290 9259 10842 E HDmpve : [2024-10-21 22:26:49 290] | Error |
[HDmpve] |0x7220387cb0| cu_eifs_wrapper.cpp:291|IsFileDownloadReady|
[CEifsWrapper::IsFileReady()]not download completed]
10-21 22:26:49.323 9259 9452 V threaded_app: New input event: type=2
10-21 22:26:50.526 9259 9452 V threaded_app: New input event: type=2
10-21 22:26:50.548 9259 9452 V threaded_app: New input event: type=2
10-21 22:26:50.572 9259 9452 V threaded_app: New input event: type=2
10-21 22:26:51.298 9259 10842 E HDmpve : [2024-10-21 22:26:51 298] | Error |
[HDmpve] |0x7220387cb0| cu_eifs_wrapper.cpp:291|IsFileDownloadReady|
[CEifsWrapper::IsFileReady()]not download completed]
10-21 22:26:51.450 9259 9452 V threaded_app: New input event: type=2
10-21 22:26:51.464 9259 9452 V threaded_app: New input event: type=2
10-21 22:26:51.505 9259 9452 V threaded_app: New input event: type=2
10-21 22:26:52.132 9259 9452 V threaded_app: New input event: type=2
10-21 22:26:52.188 9259 9452 V threaded_app: New input event: type=2
10-21 22:26:52.733 9259 9452 V threaded_app: New input event: type=2
10-21 22:26:52.746 9259 9452 V threaded_app: New input event: type=2
10-21 22:26:52.794 9259 9452 V threaded_app: New input event: type=2
10-21 22:26:52.979 9259 10842 E HDmpve : [2024-10-21 22:26:52 979] | Error |
[HDmpve] |0x7220387cb0| cu_eifs_wrapper.cpp:321|IsFileExistInResDir|
[cueifsfilesystem::IsFileExistInResDir] file no exist
/storage/emulated/0/SdCard/Android/data/com.pubg.imobile/files/UE4Game/
ShadowTrackerExtra/ShadowTrackerExtra/Saved/Paks/ODPaks\
d55835787bcb0984670839c3bc71ae7a596bf0e6.pak
10-21 22:26:52.980 9259 10842 E HDmpve : [2024-10-21 22:26:52 980] | Error |
[HDmpve] |0x7220387cb0| cueifsfilesystem.cpp:785|openFile|
[cueifs_temp_filehandle::openFile] read only open file failed,not
exist:/storage/emulated/0/SdCard/Android/data/com.pubg.imobile/files/UE4Game/
ShadowTrackerExtra/ShadowTrackerExtra/Saved/PufferEifs0/puffer_temp/
93b38f6c5cabfe5c15096c16ab03a911_2233
10-21 22:26:52.980 9259 10842 E HDmpve : [2024-10-21 22:26:52 980] | Error |
[HDmpve] |0x7220387cb0| cu_eifs_wrapper.cpp:214|ExtractFileToDisk|
[CEifsWrapper::ExtractFileToDisk()][open file failed][2233]
10-21 22:26:53.312 9259 10842 E HDmpve : [2024-10-21 22:26:53 312] | Error |
[HDmpve] |0x7220387cb0| cu_eifs_wrapper.cpp:291|IsFileDownloadReady|
[CEifsWrapper::IsFileReady()]not download completed]
10-21 22:26:54.158 9259 9452 V threaded_app: New input event: type=2
10-21 22:26:54.210 9259 9452 V threaded_app: New input event: type=2
10-21 22:26:54.271 9259 9452 V threaded_app: New input event: type=2
10-21 22:26:55.026 9259 9452 V threaded_app: New input event: type=2
10-21 22:26:55.100 9259 9452 V threaded_app: New input event: type=2
10-21 22:26:55.287 9259 10842 E HDmpve : [2024-10-21 22:26:55 287] | Error |
[HDmpve] |0x7220387cb0| cu_eifs_wrapper.cpp:291|IsFileDownloadReady|
[CEifsWrapper::IsFileReady()]not download completed]
10-21 22:26:55.294 9259 10842 E HDmpve : [2024-10-21 22:26:55 294] | Error |
[HDmpve] |0x7220387cb0| cu_eifs_wrapper.cpp:291|IsFileDownloadReady|
[CEifsWrapper::IsFileReady()]not download completed]
10-21 22:26:56.323 9259 9452 V threaded_app: New input event: type=2
10-21 22:26:56.403 9259 9452 V threaded_app: New input event: type=2
10-21 22:26:57.151 9259 10842 E HDmpve : [2024-10-21 22:26:57 151] | Error |
[HDmpve] |0x7220387cb0| cu_eifs_wrapper.cpp:291|IsFileDownloadReady|
[CEifsWrapper::IsFileReady()]not download completed]
10-21 22:26:57.159 9259 10842 E HDmpve : [2024-10-21 22:26:57 159] | Error |
[HDmpve] |0x7220387cb0| cu_eifs_wrapper.cpp:291|IsFileDownloadReady|
[CEifsWrapper::IsFileReady()]not download completed]
10-21 22:26:57.165 9259 10842 E HDmpve : [2024-10-21 22:26:57 165] | Error |
[HDmpve] |0x7220387cb0| cu_eifs_wrapper.cpp:291|IsFileDownloadReady|
[CEifsWrapper::IsFileReady()]not download completed]
10-21 22:26:57.172 9259 10842 E HDmpve : [2024-10-21 22:26:57 172] | Error |
[HDmpve] |0x7220387cb0| cu_eifs_wrapper.cpp:291|IsFileDownloadReady|
[CEifsWrapper::IsFileReady()]not download completed]
10-21 22:26:57.405 9259 10842 E HDmpve : [2024-10-21 22:26:57 405] | Error |
[HDmpve] |0x7220387cb0| cu_eifs_wrapper.cpp:291|IsFileDownloadReady|
[CEifsWrapper::IsFileReady()]not download completed]
10-21 22:26:57.573 9259 10842 E HDmpve : [2024-10-21 22:26:57 573] | Error |
[HDmpve] |0x7220387cb0| cu_eifs_wrapper.cpp:291|IsFileDownloadReady|
[CEifsWrapper::IsFileReady()]not download completed]
10-21 22:26:57.752 9259 9452 V threaded_app: New input event: type=2
10-21 22:26:57.773 9259 9452 V threaded_app: New input event: type=2
10-21 22:26:57.806 9259 9452 V threaded_app: New input event: type=2
10-21 22:26:57.822 9259 9452 V threaded_app: New input event: type=2
10-21 22:26:57.823 9259 9452 V threaded_app: New input event: type=2
10-21 22:26:58.222 9259 10842 E HDmpve : [2024-10-21 22:26:58 222] | Error |
[HDmpve] |0x7220387cb0| cu_eifs_wrapper.cpp:291|IsFileDownloadReady|
[CEifsWrapper::IsFileReady()]not download completed]
10-21 22:26:58.235 9259 10842 E HDmpve : [2024-10-21 22:26:58 235] | Error |
[HDmpve] |0x7220387cb0| cu_eifs_wrapper.cpp:291|IsFileDownloadReady|
[CEifsWrapper::IsFileReady()]not download completed]
10-21 22:26:58.768 9259 9452 V threaded_app: New input event: type=2
10-21 22:26:58.790 9259 9452 V threaded_app: New input event: type=2
10-21 22:26:58.821 9259 9452 V threaded_app: New input event: type=2
10-21 22:26:58.838 9259 9452 V threaded_app: New input event: type=2
10-21 22:26:58.854 9259 9452 V threaded_app: New input event: type=2
10-21 22:26:58.871 9259 9452 V threaded_app: New input event: type=2
10-21 22:26:58.882 9259 9452 V threaded_app: New input event: type=2
10-21 22:26:58.883 9259 9452 V threaded_app: New input event: type=2
10-21 22:26:59.276 9259 10842 E HDmpve : [2024-10-21 22:26:59 276] | Error |
[HDmpve] |0x7220387cb0| cu_eifs_wrapper.cpp:291|IsFileDownloadReady|
[CEifsWrapper::IsFileReady()]not download completed]
10-21 22:26:59.695 9259 9259 V threaded_app: WindowFocusChanged: 0x7587732070 --
0
10-21 22:26:59.696 9259 9452 D UE4 : Case APP_CMD_LOST_FOCUS
10-21 22:27:00.612 9259 9259 V threaded_app: WindowFocusChanged: 0x7587732070 --
1
10-21 22:27:00.613 9259 9452 D UE4 : Case APP_CMD_GAINED_FOCUS
10-21 22:27:01.062 9259 9452 V threaded_app: New input event: type=2
10-21 22:27:01.111 9259 9452 V threaded_app: New input event: type=2
10-21 22:27:01.310 9259 10842 E HDmpve : [2024-10-21 22:27:01 310] | Error |
[HDmpve] |0x7220387cb0| cu_eifs_wrapper.cpp:291|IsFileDownloadReady|
[CEifsWrapper::IsFileReady()]not download completed]
10-21 22:27:02.300 9259 9452 V threaded_app: New input event: type=2
10-21 22:27:02.316 9259 9452 V threaded_app: New input event: type=2
10-21 22:27:02.353 9259 9452 V threaded_app: New input event: type=2
10-21 22:27:03.068 9259 9452 V threaded_app: New input event: type=2
10-21 22:27:03.158 9259 9452 V threaded_app: New input event: type=2
10-21 22:27:03.315 9259 10842 E HDmpve : [2024-10-21 22:27:03 315] | Error |
[HDmpve] |0x7220387cb0| cu_eifs_wrapper.cpp:291|IsFileDownloadReady|
[CEifsWrapper::IsFileReady()]not download completed]
10-21 22:27:03.317 9259 10842 E HDmpve : [2024-10-21 22:27:03 317] | Error |
[HDmpve] |0x7220387cb0| cu_eifs_wrapper.cpp:291|IsFileDownloadReady|
[CEifsWrapper::IsFileReady()]not download completed]
10-21 22:27:03.335 9259 10847 E HDmpve : [2024-10-21 22:27:03 335] | Error |
[HDmpve] |0x721fc07cb0| HttpNetwork.cpp:1209|GetAddrInfoSysFunc| get host ip,in-
f.globh.com-> 23.76.157.97
10-21 22:27:03.336 9259 10847 E HDmpve : [2024-10-21 22:27:03 336] | Error |
[HDmpve] |0x721fc07cb0| HttpNetwork.cpp:1209|GetAddrInfoSysFunc| get host ip,in-
f.globh.com-> 23.76.157.128
10-21 22:27:04.242 9259 9452 V threaded_app: New input event: type=2
10-21 22:27:04.340 9259 9452 V threaded_app: New input event: type=2
10-21 22:27:05.136 9259 11084 E LoadedApk: performReceive() called targeting raw
IIntentReceiver for Intent { act=android.intent.action.BATTERY_CHANGED
flg=0x70000010 (has extras) }
10-21 22:27:06.700 9259 9452 V threaded_app: New input event: type=2
10-21 22:27:06.711 9259 9452 V threaded_app: New input event: type=2
10-21 22:27:06.776 9259 9452 V threaded_app: New input event: type=2
10-21 22:27:06.776 9259 9452 V threaded_app: New input event: type=2
10-21 22:27:08.040 9259 9452 V threaded_app: New input event: type=2
10-21 22:27:08.133 9259 9452 V threaded_app: New input event: type=2
10-21 22:27:08.295 9259 9721 E LoadedApk: performReceive() called targeting raw
IIntentReceiver for Intent { act=android.intent.action.BATTERY_CHANGED
flg=0x70000010 (has extras) }
10-21 22:27:08.940 9259 9452 V threaded_app: New input event: type=2
10-21 22:27:08.959 9259 9452 V threaded_app: New input event: type=2
10-21 22:27:08.977 9259 9452 V threaded_app: New input event: type=2
10-21 22:27:09.021 9259 9452 V threaded_app: New input event: type=2
10-21 22:27:09.022 9259 9452 V threaded_app: New input event: type=2
10-21 22:27:09.087 9259 10842 E HDmpve : [2024-10-21 22:27:09 087] | Error |
[HDmpve] |0x7220387cb0| cu_eifs_wrapper.cpp:291|IsFileDownloadReady|
[CEifsWrapper::IsFileReady()]not download completed]
10-21 22:27:09.093 9259 10842 E HDmpve : [2024-10-21 22:27:09 093] | Error |
[HDmpve] |0x7220387cb0| cu_eifs_wrapper.cpp:291|IsFileDownloadReady|
[CEifsWrapper::IsFileReady()]not download completed]
10-21 22:27:09.096 9259 10842 E HDmpve : [2024-10-21 22:27:09 096] | Error |
[HDmpve] |0x7220387cb0| cu_eifs_wrapper.cpp:291|IsFileDownloadReady|
[CEifsWrapper::IsFileReady()]not download completed]
10-21 22:27:09.099 9259 10842 E HDmpve : [2024-10-21 22:27:09 099] | Error |
[HDmpve] |0x7220387cb0| cu_eifs_wrapper.cpp:291|IsFileDownloadReady|
[CEifsWrapper::IsFileReady()]not download completed]
10-21 22:27:09.623 9259 10842 E HDmpve : [2024-10-21 22:27:09 623] | Error |
[HDmpve] |0x7220387cb0| cu_eifs_wrapper.cpp:291|IsFileDownloadReady|
[CEifsWrapper::IsFileReady()]not download completed]
10-21 22:27:09.657 9259 10842 E HDmpve : [2024-10-21 22:27:09 657] | Error |
[HDmpve] |0x7220387cb0| cu_eifs_wrapper.cpp:291|IsFileDownloadReady|
[CEifsWrapper::IsFileReady()]not download completed]
10-21 22:27:09.763 9259 10842 E HDmpve : [2024-10-21 22:27:09 763] | Error |
[HDmpve] |0x7220387cb0| cu_eifs_wrapper.cpp:291|IsFileDownloadReady|
[CEifsWrapper::IsFileReady()]not download completed]
10-21 22:27:09.837 9259 10842 E HDmpve : [2024-10-21 22:27:09 837] | Error |
[HDmpve] |0x7220387cb0| cu_eifs_wrapper.cpp:291|IsFileDownloadReady|
[CEifsWrapper::IsFileReady()]not download completed]
10-21 22:27:10.175 9259 10842 E HDmpve : [2024-10-21 22:27:10 175] | Error |
[HDmpve] |0x7220387cb0| cu_eifs_wrapper.cpp:291|IsFileDownloadReady|
[CEifsWrapper::IsFileReady()]not download completed]
10-21 22:27:10.229 9259 10842 E HDmpve : [2024-10-21 22:27:10 229] | Error |
[HDmpve] |0x7220387cb0| cu_eifs_wrapper.cpp:291|IsFileDownloadReady|
[CEifsWrapper::IsFileReady()]not download completed]
10-21 22:27:10.462 9259 10842 E HDmpve : [2024-10-21 22:27:10 462] | Error |
[HDmpve] |0x7220387cb0| cu_eifs_wrapper.cpp:291|IsFileDownloadReady|
[CEifsWrapper::IsFileReady()]not download completed]
10-21 22:27:10.667 9259 10842 E HDmpve : [2024-10-21 22:27:10 667] | Error |
[HDmpve] |0x7220387cb0| cu_eifs_wrapper.cpp:291|IsFileDownloadReady|
[CEifsWrapper::IsFileReady()]not download completed]
10-21 22:27:10.717 9259 10842 E HDmpve : [2024-10-21 22:27:10 717] | Error |
[HDmpve] |0x7220387cb0| cu_eifs_wrapper.cpp:291|IsFileDownloadReady|
[CEifsWrapper::IsFileReady()]not download completed]
10-21 22:27:11.282 9259 9452 V threaded_app: New input event: type=2
10-21 22:27:11.352 9259 9452 V threaded_app: New input event: type=2
10-21 22:27:12.108 9259 9452 V threaded_app: New input event: type=2
10-21 22:27:12.170 9259 9452 V threaded_app: New input event: type=2
10-21 22:27:12.251 9259 10842 E HDmpve : [2024-10-21 22:27:12 251] | Error |
[HDmpve] |0x7220387cb0| cu_eifs_wrapper.cpp:291|IsFileDownloadReady|
[CEifsWrapper::IsFileReady()]not download completed]
10-21 22:27:12.759 9259 9452 V threaded_app: New input event: type=2
10-21 22:27:12.760 9259 9452 V threaded_app: New input event: type=2
10-21 22:27:13.296 9259 10842 E HDmpve : [2024-10-21 22:27:13 296] | Error |
[HDmpve] |0x7220387cb0| cu_eifs_wrapper.cpp:291|IsFileDownloadReady|
[CEifsWrapper::IsFileReady()]not download completed]
10-21 22:27:13.335 9259 9452 V threaded_app: New input event: type=2
10-21 22:27:13.353 9259 9452 V threaded_app: New input event: type=2
10-21 22:27:13.376 9259 9452 V threaded_app: New input event: type=2
10-21 22:27:13.376 9259 9452 V threaded_app: New input event: type=2
10-21 22:27:14.555 9259 10847 E HDmpve : [2024-10-21 22:27:14 555] | Error |
[HDmpve] |0x721fc07cb0| apollo_download_ipwrapper.cpp:253|GetNextIpByUrl| all ips
are errorover,url:in-f.globh.com
10-21 22:27:14.645 9259 10842 E HDmpve : [2024-10-21 22:27:14 645] | Error |
[HDmpve] |0x7220387cb0| cu_eifs_wrapper.cpp:291|IsFileDownloadReady|
[CEifsWrapper::IsFileReady()]not download completed]
10-21 22:27:15.543 9259 10842 E HDmpve : [2024-10-21 22:27:15 543] | Error |
[HDmpve] |0x7220387cb0| cu_eifs_wrapper.cpp:291|IsFileDownloadReady|
[CEifsWrapper::IsFileReady()]not download completed]
10-21 22:27:15.636 9259 9452 V threaded_app: New input event: type=2
10-21 22:27:15.667 9259 9452 V threaded_app: New input event: type=2
10-21 22:27:15.684 9259 9452 V threaded_app: New input event: type=2
10-21 22:27:15.702 9259 9452 V threaded_app: New input event: type=2
10-21 22:27:15.717 9259 9452 V threaded_app: New input event: type=2
10-21 22:27:15.721 9259 9452 V threaded_app: New input event: type=2
10-21 22:27:15.721 9259 9452 V threaded_app: New input event: type=2
10-21 22:27:15.891 9259 10842 E HDmpve : [2024-10-21 22:27:15 891] | Error |
[HDmpve] |0x7220387cb0| cu_eifs_wrapper.cpp:291|IsFileDownloadReady|
[CEifsWrapper::IsFileReady()]not download completed]
10-21 22:27:15.942 9259 10842 E HDmpve : [2024-10-21 22:27:15 942] | Error |
[HDmpve] |0x7220387cb0| cu_eifs_wrapper.cpp:291|IsFileDownloadReady|
[CEifsWrapper::IsFileReady()]not download completed]
10-21 22:27:15.986 9259 10842 E HDmpve : [2024-10-21 22:27:15 986] | Error |
[HDmpve] |0x7220387cb0| cu_eifs_wrapper.cpp:291|IsFileDownloadReady|
[CEifsWrapper::IsFileReady()]not download completed]
10-21 22:27:16.067 9259 9452 V threaded_app: New input event: type=2
10-21 22:27:16.117 9259 9452 V threaded_app: New input event: type=2
10-21 22:27:16.133 9259 9452 V threaded_app: New input event: type=2
10-21 22:27:16.149 9259 9452 V threaded_app: New input event: type=2
10-21 22:27:16.163 9259 9452 V threaded_app: New input event: type=2
10-21 22:27:16.164 9259 9452 V threaded_app: New input event: type=2
10-21 22:27:16.164 9259 10842 E HDmpve : [2024-10-21 22:27:16 164] | Error |
[HDmpve] |0x7220387cb0| cu_eifs_wrapper.cpp:291|IsFileDownloadReady|
[CEifsWrapper::IsFileReady()]not download completed]
10-21 22:27:17.254 9259 10842 E HDmpve : [2024-10-21 22:27:17 254] | Error |
[HDmpve] |0x7220387cb0| cu_eifs_wrapper.cpp:291|IsFileDownloadReady|
[CEifsWrapper::IsFileReady()]not download completed]
10-21 22:27:17.530 9259 10842 E HDmpve : [2024-10-21 22:27:17 530] | Error |
[HDmpve] |0x7220387cb0| cu_eifs_wrapper.cpp:291|IsFileDownloadReady|
[CEifsWrapper::IsFileReady()]not download completed]
10-21 22:27:17.782 9259 10842 E HDmpve : [2024-10-21 22:27:17 782] | Error |
[HDmpve] |0x7220387cb0| cu_eifs_wrapper.cpp:291|IsFileDownloadReady|
[CEifsWrapper::IsFileReady()]not download completed]
10-21 22:27:19.288 9259 10842 E HDmpve : [2024-10-21 22:27:19 288] | Error |
[HDmpve] |0x7220387cb0| cu_eifs_wrapper.cpp:291|IsFileDownloadReady|
[CEifsWrapper::IsFileReady()]not download completed]
10-21 22:27:19.312 9259 10847 E HDmpve : [2024-10-21 22:27:19 312] | Error |
[HDmpve] |0x721fc07cb0| HttpNetwork.cpp:1209|GetAddrInfoSysFunc| get host ip,in-
f.globh.com-> 23.206.189.203
10-21 22:27:19.312 9259 10847 E HDmpve : [2024-10-21 22:27:19 312] | Error |
[HDmpve] |0x721fc07cb0| HttpNetwork.cpp:1209|GetAddrInfoSysFunc| get host ip,in-
f.globh.com-> 23.206.189.208
10-21 22:27:19.335 9259 10842 E HDmpve : [2024-10-21 22:27:19 335] | Error |
[HDmpve] |0x7220387cb0| cu_eifs_wrapper.cpp:291|IsFileDownloadReady|
[CEifsWrapper::IsFileReady()]not download completed]
10-21 22:27:19.388 9259 10842 E HDmpve : [2024-10-21 22:27:19 388] | Error |
[HDmpve] |0x7220387cb0| cu_eifs_wrapper.cpp:291|IsFileDownloadReady|
[CEifsWrapper::IsFileReady()]not download completed]
10-21 22:27:19.492 9259 9452 V threaded_app: New input event: type=2
10-21 22:27:19.529 9259 9452 V threaded_app: New input event: type=2
10-21 22:27:19.546 9259 9452 V threaded_app: New input event: type=2
10-21 22:27:19.562 9259 9452 V threaded_app: New input event: type=2
10-21 22:27:19.578 9259 9452 V threaded_app: New input event: type=2
10-21 22:27:19.595 9259 9452 V threaded_app: New input event: type=2
10-21 22:27:19.613 9259 9452 V threaded_app: New input event: type=2
10-21 22:27:19.629 9259 9452 V threaded_app: New input event: type=2
10-21 22:27:19.645 9259 9452 V threaded_app: New input event: type=2
10-21 22:27:19.662 9259 9452 V threaded_app: New input event: type=2
10-21 22:27:19.678 9259 9452 V threaded_app: New input event: type=2
10-21 22:27:19.695 9259 9452 V threaded_app: New input event: type=2
10-21 22:27:19.712 9259 9452 V threaded_app: New input event: type=2
10-21 22:27:19.713 9259 9452 V threaded_app: New input event: type=2
10-21 22:27:19.713 9259 9452 V threaded_app: New input event: type=2
10-21 22:27:20.149 9259 9452 V threaded_app: New input event: type=2
10-21 22:27:20.244 9259 9452 V threaded_app: New input event: type=2
10-21 22:27:20.265 9259 9452 V threaded_app: New input event: type=2
10-21 22:27:20.278 9259 9452 V threaded_app: New input event: type=2
10-21 22:27:20.296 9259 9452 V threaded_app: New input event: type=2
10-21 22:27:20.313 9259 9452 V threaded_app: New input event: type=2
10-21 22:27:20.329 9259 9452 V threaded_app: New input event: type=2
10-21 22:27:20.332 9259 9452 V threaded_app: New input event: type=2
10-21 22:27:20.332 9259 9452 V threaded_app: New input event: type=2
10-21 22:27:20.895 9259 9452 V threaded_app: New input event: type=2
10-21 22:27:20.975 9259 9452 V threaded_app: New input event: type=2
10-21 22:27:21.025 9259 10842 E HDmpve : [2024-10-21 22:27:21 025] | Error |
[HDmpve] |0x7220387cb0| cu_eifs_wrapper.cpp:291|IsFileDownloadReady|
[CEifsWrapper::IsFileReady()]not download completed]
10-21 22:27:21.140 9259 10842 E HDmpve : [2024-10-21 22:27:21 140] | Error |
[HDmpve] |0x7220387cb0| cu_eifs_wrapper.cpp:291|IsFileDownloadReady|
[CEifsWrapper::IsFileReady()]not download completed]
10-21 22:27:21.183 9259 10842 E HDmpve : [2024-10-21 22:27:21 183] | Error |
[HDmpve] |0x7220387cb0| cu_eifs_wrapper.cpp:291|IsFileDownloadReady|
[CEifsWrapper::IsFileReady()]not download completed]
10-21 22:27:21.518 9259 10842 E HDmpve : [2024-10-21 22:27:21 518] | Error |
[HDmpve] |0x7220387cb0| cu_eifs_wrapper.cpp:291|IsFileDownloadReady|
[CEifsWrapper::IsFileReady()]not download completed]
10-21 22:27:22.179 9259 9452 V threaded_app: New input event: type=2
10-21 22:27:22.259 9259 9452 V threaded_app: New input event: type=2
10-21 22:27:22.309 9259 9452 V threaded_app: New input event: type=2
10-21 22:27:22.325 9259 9452 V threaded_app: New input event: type=2
10-21 22:27:22.342 9259 9452 V threaded_app: New input event: type=2
10-21 22:27:22.360 9259 9452 V threaded_app: New input event: type=2
10-21 22:27:22.375 9259 9452 V threaded_app: New input event: type=2
10-21 22:27:22.392 9259 9452 V threaded_app: New input event: type=2
10-21 22:27:22.408 9259 9452 V threaded_app: New input event: type=2
10-21 22:27:22.427 9259 9452 V threaded_app: New input event: type=2
10-21 22:27:22.442 9259 9452 V threaded_app: New input event: type=2
10-21 22:27:22.458 9259 9452 V threaded_app: New input event: type=2
10-21 22:27:22.475 9259 9452 V threaded_app: New input event: type=2
10-21 22:27:22.492 9259 9452 V threaded_app: New input event: type=2
10-21 22:27:22.509 9259 9452 V threaded_app: New input event: type=2
10-21 22:27:22.526 9259 9452 V threaded_app: New input event: type=2
10-21 22:27:22.542 9259 9452 V threaded_app: New input event: type=2
10-21 22:27:22.559 9259 9452 V threaded_app: New input event: type=2
10-21 22:27:22.572 9259 9452 V threaded_app: New input event: type=2
10-21 22:27:22.573 9259 9452 V threaded_app: New input event: type=2
10-21 22:27:22.736 9259 9452 V threaded_app: New input event: type=2
10-21 22:27:22.759 9259 9452 V threaded_app: New input event: type=2
10-21 22:27:22.774 9259 9452 V threaded_app: New input event: type=2
10-21 22:27:22.810 9259 9452 V threaded_app: New input event: type=2
10-21 22:27:22.827 9259 9452 V threaded_app: New input event: type=2
10-21 22:27:22.841 9259 9452 V threaded_app: New input event: type=2
10-21 22:27:22.858 9259 9452 V threaded_app: New input event: type=2
10-21 22:27:22.874 9259 9452 V threaded_app: New input event: type=2
10-21 22:27:22.891 9259 9452 V threaded_app: New input event: type=2
10-21 22:27:22.907 9259 9452 V threaded_app: New input event: type=2
10-21 22:27:22.924 9259 9452 V threaded_app: New input event: type=2
10-21 22:27:22.935 9259 10842 E HDmpve : [2024-10-21 22:27:22 935] | Error |
[HDmpve] |0x7220387cb0| cu_eifs_wrapper.cpp:291|IsFileDownloadReady|
[CEifsWrapper::IsFileReady()]not download completed]
10-21 22:27:22.942 9259 9452 V threaded_app: New input event: type=2
10-21 22:27:22.957 9259 9452 V threaded_app: New input event: type=2
10-21 22:27:22.976 9259 9452 V threaded_app: New input event: type=2
10-21 22:27:22.990 9259 9452 V threaded_app: New input event: type=2
10-21 22:27:23.007 9259 9452 V threaded_app: New input event: type=2
10-21 22:27:23.008 9259 10842 E HDmpve : [2024-10-21 22:27:23 008] | Error |
[HDmpve] |0x7220387cb0| cu_eifs_wrapper.cpp:291|IsFileDownloadReady|
[CEifsWrapper::IsFileReady()]not download completed]
10-21 22:27:23.024 9259 9452 V threaded_app: New input event: type=2
10-21 22:27:23.042 9259 9452 V threaded_app: New input event: type=2
10-21 22:27:23.047 9259 9452 V threaded_app: New input event: type=2
10-21 22:27:23.047 9259 9452 V threaded_app: New input event: type=2
10-21 22:27:23.107 9259 10842 E HDmpve : [2024-10-21 22:27:23 106] | Error |
[HDmpve] |0x7220387cb0| cu_eifs_wrapper.cpp:291|IsFileDownloadReady|
[CEifsWrapper::IsFileReady()]not download completed]
10-21 22:27:23.408 9259 9452 V threaded_app: New input event: type=2
10-21 22:27:23.408 9259 10842 E HDmpve : [2024-10-21 22:27:23 408] | Error |
[HDmpve] |0x7220387cb0| cu_eifs_wrapper.cpp:291|IsFileDownloadReady|
[CEifsWrapper::IsFileReady()]not download completed]
10-21 22:27:23.441 9259 9452 V threaded_app: New input event: type=2
10-21 22:27:23.492 9259 9452 V threaded_app: New input event: type=2
10-21 22:27:23.611 9259 10842 E HDmpve : [2024-10-21 22:27:23 611] | Error |
[HDmpve] |0x7220387cb0| cu_eifs_wrapper.cpp:291|IsFileDownloadReady|
[CEifsWrapper::IsFileReady()]not download completed]
10-21 22:27:23.634 9259 9451 E libOpenSLES: pAudioSrc: requested 8 channels but
mask (0xc003f) has 6 channel bits set
10-21 22:27:23.634 9259 9451 W libOpenSLES: Leaving Engine::CreateAudioPlayer
(SL_RESULT_PARAMETER_INVALID)
10-21 22:27:23.634 9259 9451 D DA4MG : Height channels supported (0).
10-21 22:27:23.640 9259 10842 E HDmpve : [2024-10-21 22:27:23 639] | Error |
[HDmpve] |0x7220387cb0| cu_eifs_wrapper.cpp:291|IsFileDownloadReady|
[CEifsWrapper::IsFileReady()]not download completed]
10-21 22:27:23.662 9259 10842 E HDmpve : [2024-10-21 22:27:23 662] | Error |
[HDmpve] |0x7220387cb0| cu_eifs_wrapper.cpp:291|IsFileDownloadReady|
[CEifsWrapper::IsFileReady()]not download completed]
10-21 22:27:23.696 9259 10842 E HDmpve : [2024-10-21 22:27:23 696] | Error |
[HDmpve] |0x7220387cb0| cu_eifs_wrapper.cpp:291|IsFileDownloadReady|
[CEifsWrapper::IsFileReady()]not download completed]
10-21 22:27:23.731 9259 10842 E HDmpve : [2024-10-21 22:27:23 731] | Error |
[HDmpve] |0x7220387cb0| cu_eifs_wrapper.cpp:291|IsFileDownloadReady|
[CEifsWrapper::IsFileReady()]not download completed]
10-21 22:27:23.762 9259 10842 E HDmpve : [2024-10-21 22:27:23 762] | Error |
[HDmpve] |0x7220387cb0| cu_eifs_wrapper.cpp:291|IsFileDownloadReady|
[CEifsWrapper::IsFileReady()]not download completed]
10-21 22:27:23.852 9259 10842 E HDmpve : [2024-10-21 22:27:23 852] | Error |
[HDmpve] |0x7220387cb0| cu_eifs_wrapper.cpp:291|IsFileDownloadReady|
[CEifsWrapper::IsFileReady()]not download completed]
10-21 22:27:23.863 9259 10842 E HDmpve : [2024-10-21 22:27:23 863] | Error |
[HDmpve] |0x7220387cb0| cu_eifs_wrapper.cpp:291|IsFileDownloadReady|
[CEifsWrapper::IsFileReady()]not download completed]
10-21 22:27:25.759 9259 9452 V threaded_app: New input event: type=2
10-21 22:27:25.771 9259 9452 V threaded_app: New input event: type=2
10-21 22:27:25.788 9259 9452 V threaded_app: New input event: type=2
10-21 22:27:25.806 9259 9452 V threaded_app: New input event: type=2
10-21 22:27:25.833 9259 9452 V threaded_app: New input event: type=2
10-21 22:27:25.836 9259 9452 V threaded_app: New input event: type=2
10-21 22:27:26.515 9259 9452 V threaded_app: New input event: type=2
10-21 22:27:26.537 9259 9452 V threaded_app: New input event: type=2
10-21 22:27:26.593 9259 9452 V threaded_app: New input event: type=2
10-21 22:27:26.594 9259 9452 V threaded_app: New input event: type=2
10-21 22:27:27.008 9259 9452 V threaded_app: New input event: type=2
10-21 22:27:27.037 9259 9452 V threaded_app: New input event: type=2
10-21 22:27:27.070 9259 9452 V threaded_app: New input event: type=2
10-21 22:27:27.071 9259 9452 V threaded_app: New input event: type=2
10-21 22:27:28.342 9259 9452 V threaded_app: New input event: type=2
10-21 22:27:28.351 9259 9452 V threaded_app: New input event: type=2
10-21 22:27:28.368 9259 9452 V threaded_app: New input event: type=2
10-21 22:27:28.447 9259 9452 V threaded_app: New input event: type=2
10-21 22:27:28.448 9259 9452 V threaded_app: New input event: type=2
10-21 22:27:29.107 9259 9452 V threaded_app: New input event: type=2
10-21 22:27:29.117 9259 9452 V threaded_app: New input event: type=2
10-21 22:27:29.188 9259 9452 V threaded_app: New input event: type=2
10-21 22:27:29.777 9259 9452 V threaded_app: New input event: type=2
10-21 22:27:29.799 9259 9452 V threaded_app: New input event: type=2
10-21 22:27:29.852 9259 9452 V threaded_app: New input event: type=2
10-21 22:27:30.173 9259 9452 V threaded_app: New input event: type=2
10-21 22:27:30.184 9259 9452 V threaded_app: New input event: type=2
10-21 22:27:30.248 9259 9452 V threaded_app: New input event: type=2
10-21 22:27:30.282 9259 9452 V threaded_app: New input event: type=2
10-21 22:27:30.299 9259 9452 V threaded_app: New input event: type=2
10-21 22:27:30.315 9259 9452 V threaded_app: New input event: type=2
