10-21 22:35:37.148 9259 9452 V threaded_app: New input event: type=2
10-21 22:35:37.164 9259 9452 V threaded_app: New input event: type=2
10-21 22:35:37.182 9259 9452 V threaded_app: New input event: type=2
10-21 22:35:37.197 9259 9452 V threaded_app: New input event: type=2
10-21 22:35:37.214 9259 9452 V threaded_app: New input event: type=2
10-21 22:35:37.233 9259 9452 V threaded_app: New input event: type=2
10-21 22:35:37.247 9259 9452 V threaded_app: New input event: type=2
10-21 22:35:37.265 9259 9452 V threaded_app: New input event: type=2
10-21 22:35:37.281 9259 9452 V threaded_app: New input event: type=2
10-21 22:35:37.295 9259 9452 V threaded_app: New input event: type=2
10-21 22:35:37.296 9259 9452 V threaded_app: New input event: type=2
10-21 22:35:37.649 9259 9452 V threaded_app: New input event: type=2
10-21 22:35:37.714 9259 9452 V threaded_app: New input event: type=2
10-21 22:35:37.731 9259 9452 V threaded_app: New input event: type=2
10-21 22:35:37.830 9259 9452 V threaded_app: New input event: type=2
10-21 22:35:37.847 9259 9452 V threaded_app: New input event: type=2
10-21 22:35:37.864 9259 9452 V threaded_app: New input event: type=2
10-21 22:35:37.880 9259 9452 V threaded_app: New input event: type=2
10-21 22:35:37.897 9259 9452 V threaded_app: New input event: type=2
10-21 22:35:37.913 9259 9452 V threaded_app: New input event: type=2
10-21 22:35:37.931 9259 9452 V threaded_app: New input event: type=2
10-21 22:35:37.947 9259 9452 V threaded_app: New input event: type=2
10-21 22:35:37.964 9259 9452 V threaded_app: New input event: type=2
10-21 22:35:37.981 9259 9452 V threaded_app: New input event: type=2
10-21 22:35:38.000 9259 9452 V threaded_app: New input event: type=2
10-21 22:35:38.014 9259 9452 V threaded_app: New input event: type=2
10-21 22:35:38.031 9259 9452 V threaded_app: New input event: type=2
10-21 22:35:38.048 9259 9452 V threaded_app: New input event: type=2
10-21 22:35:38.063 9259 9452 V threaded_app: New input event: type=2
10-21 22:35:38.066 9259 9451 E libOpenSLES: pAudioSrc: requested 8 channels but
mask (0xc003f) has 6 channel bits set
10-21 22:35:38.066 9259 9451 W libOpenSLES: Leaving Engine::CreateAudioPlayer
(SL_RESULT_PARAMETER_INVALID)
10-21 22:35:38.066 9259 9451 D DA4MG : Height channels supported (0).
10-21 22:35:38.080 9259 9452 V threaded_app: New input event: type=2
10-21 22:35:38.096 9259 9452 V threaded_app: New input event: type=2
10-21 22:35:38.114 9259 9452 V threaded_app: New input event: type=2
10-21 22:35:38.122 9259 9452 V threaded_app: New input event: type=2
10-21 22:35:38.122 9259 9452 V threaded_app: New input event: type=2
10-21 22:35:38.619 9259 9452 V threaded_app: New input event: type=2
10-21 22:35:38.649 9259 9452 V threaded_app: New input event: type=2
10-21 22:35:38.746 9259 9452 V threaded_app: New input event: type=2
10-21 22:35:38.762 9259 9452 V threaded_app: New input event: type=2
10-21 22:35:38.781 9259 9452 V threaded_app: New input event: type=2
10-21 22:35:38.796 9259 9452 V threaded_app: New input event: type=2
10-21 22:35:38.812 9259 9452 V threaded_app: New input event: type=2
10-21 22:35:38.830 9259 9452 V threaded_app: New input event: type=2
10-21 22:35:38.846 9259 9452 V threaded_app: New input event: type=2
10-21 22:35:38.863 9259 9452 V threaded_app: New input event: type=2
10-21 22:35:38.879 9259 9452 V threaded_app: New input event: type=2
10-21 22:35:38.896 9259 9452 V threaded_app: New input event: type=2
10-21 22:35:38.912 9259 9452 V threaded_app: New input event: type=2
10-21 22:35:38.929 9259 9452 V threaded_app: New input event: type=2
10-21 22:35:38.945 9259 9452 V threaded_app: New input event: type=2
10-21 22:35:38.962 9259 9452 V threaded_app: New input event: type=2
10-21 22:35:38.979 9259 9452 V threaded_app: New input event: type=2
10-21 22:35:38.996 9259 9452 V threaded_app: New input event: type=2
10-21 22:35:39.012 9259 9452 V threaded_app: New input event: type=2
10-21 22:35:39.017 9259 9452 V threaded_app: New input event: type=2
10-21 22:35:39.017 9259 9452 V threaded_app: New input event: type=2
10-21 22:35:39.683 9259 10906 D .best.cheats:p0: PlayerBase::stop() from IPlayer
10-21 22:35:39.683 9259 10906 D AudioTrack: stop(15914): 0x74c7755ab0, prior
state:STATE_ACTIVE
10-21 22:35:39.683 9259 10906 D AudioTrackShared: this(0x7467ed45f0),
mCblk(0x73de8fc000), front(5018737), mIsOut 1, interrupt() FUTEX_WAKE
10-21 22:35:39.684 9259 10906 D AudioTrack: stop(15914): 0x74c7755ab0 stop done
10-21 22:35:39.684 9259 10906 D AudioTrack: flush(15914): 0x74c7755ab0, prior
state:STATE_STOPPED
10-21 22:35:39.729 9259 10842 E HDmpve : [2024-10-21 22:35:39 729] | Error |
[HDmpve] |0x7220387cb0| cu_eifs_wrapper.cpp:291|IsFileDownloadReady|
[CEifsWrapper::IsFileReady()]not download completed]
10-21 22:35:39.879 9259 10842 E HDmpve : [2024-10-21 22:35:39 879] | Error |
[HDmpve] |0x7220387cb0| cu_eifs_wrapper.cpp:291|IsFileDownloadReady|
[CEifsWrapper::IsFileReady()]not download completed]
10-21 22:35:39.884 9259 10847 E HDmpve : [2024-10-21 22:35:39 884] | Error |
[HDmpve] |0x721fc07cb0| HttpNetwork.cpp:1209|GetAddrInfoSysFunc| get host ip,in-
f.globh.com-> 23.206.189.208
10-21 22:35:39.884 9259 10847 E HDmpve : [2024-10-21 22:35:39 884] | Error |
[HDmpve] |0x721fc07cb0| HttpNetwork.cpp:1209|GetAddrInfoSysFunc| get host ip,in-
f.globh.com-> 23.206.189.200
10-21 22:35:39.953 9259 10842 E HDmpve : [2024-10-21 22:35:39 953] | Error |
[HDmpve] |0x7220387cb0| cu_eifs_wrapper.cpp:291|IsFileDownloadReady|
[CEifsWrapper::IsFileReady()]not download completed]
10-21 22:35:39.961 9259 10842 E HDmpve : [2024-10-21 22:35:39 961] | Error |
[HDmpve] |0x7220387cb0| cu_eifs_wrapper.cpp:291|IsFileDownloadReady|
[CEifsWrapper::IsFileReady()]not download completed]
10-21 22:35:40.508 9259 9452 V threaded_app: New input event: type=2
10-21 22:35:40.588 9259 10842 E HDmpve : [2024-10-21 22:35:40 588] | Error |
[HDmpve] |0x7220387cb0| cu_eifs_wrapper.cpp:291|IsFileDownloadReady|
[CEifsWrapper::IsFileReady()]not download completed]
10-21 22:35:40.607 9259 9452 V threaded_app: New input event: type=2
10-21 22:35:41.213 9259 10842 E HDmpve : [2024-10-21 22:35:41 213] | Error |
[HDmpve] |0x7220387cb0| cu_eifs_wrapper.cpp:291|IsFileDownloadReady|
[CEifsWrapper::IsFileReady()]not download completed]
10-21 22:35:41.217 9259 10842 E HDmpve : [2024-10-21 22:35:41 217] | Error |
[HDmpve] |0x7220387cb0| cu_eifs_wrapper.cpp:291|IsFileDownloadReady|
[CEifsWrapper::IsFileReady()]not download completed]
10-21 22:35:41.900 9259 9721 E LoadedApk: performReceive() called targeting raw
IIntentReceiver for Intent { act=android.intent.action.BATTERY_CHANGED
flg=0x70000010 (has extras) }
10-21 22:35:41.928 9259 9721 E LoadedApk: performReceive() called targeting raw
IIntentReceiver for Intent { act=android.intent.action.BATTERY_CHANGED
flg=0x70000010 (has extras) }
10-21 22:35:41.965 9259 10842 E HDmpve : [2024-10-21 22:35:41 965] | Error |
[HDmpve] |0x7220387cb0| cu_eifs_wrapper.cpp:291|IsFileDownloadReady|
[CEifsWrapper::IsFileReady()]not download completed]
10-21 22:35:43.108 9259 9452 V threaded_app: New input event: type=2
10-21 22:35:43.125 9259 9452 V threaded_app: New input event: type=2
10-21 22:35:43.140 9259 9452 V threaded_app: New input event: type=2
10-21 22:35:43.172 9259 9452 V threaded_app: New input event: type=2
10-21 22:35:43.173 9259 9452 V threaded_app: New input event: type=2
10-21 22:35:43.203 9259 10842 E HDmpve : [2024-10-21 22:35:43 203] | Error |
[HDmpve] |0x7220387cb0| cu_eifs_wrapper.cpp:291|IsFileDownloadReady|
[CEifsWrapper::IsFileReady()]not download completed]
10-21 22:35:43.209 9259 10842 E HDmpve : [2024-10-21 22:35:43 209] | Error |
[HDmpve] |0x7220387cb0| cu_eifs_wrapper.cpp:291|IsFileDownloadReady|
[CEifsWrapper::IsFileReady()]not download completed]
10-21 22:35:44.024 9259 10842 E HDmpve : [2024-10-21 22:35:44 024] | Error |
[HDmpve] |0x7220387cb0| cu_eifs_wrapper.cpp:291|IsFileDownloadReady|
[CEifsWrapper::IsFileReady()]not download completed]
10-21 22:35:44.293 9259 10842 E HDmpve : [2024-10-21 22:35:44 293] | Error |
[HDmpve] |0x7220387cb0| cu_eifs_wrapper.cpp:291|IsFileDownloadReady|
[CEifsWrapper::IsFileReady()]not download completed]
10-21 22:35:48.272 9259 9452 V threaded_app: New input event: type=2
10-21 22:35:48.273 9259 9452 V threaded_app: New input event: type=2
10-21 22:35:48.301 9259 9452 V threaded_app: New input event: type=2
10-21 22:35:48.318 9259 9452 V threaded_app: New input event: type=2
10-21 22:35:48.335 9259 9452 V threaded_app: New input event: type=2
10-21 22:35:48.351 9259 9452 V threaded_app: New input event: type=2
10-21 22:35:48.368 9259 9452 V threaded_app: New input event: type=2
10-21 22:35:48.384 9259 9452 V threaded_app: New input event: type=2
10-21 22:35:48.403 9259 9452 V threaded_app: New input event: type=2
10-21 22:35:48.418 9259 9452 V threaded_app: New input event: type=2
10-21 22:35:48.434 9259 9452 V threaded_app: New input event: type=2
10-21 22:35:48.451 9259 9452 V threaded_app: New input event: type=2
10-21 22:35:48.467 9259 9452 V threaded_app: New input event: type=2
10-21 22:35:48.486 9259 9452 V threaded_app: New input event: type=2
10-21 22:35:48.516 9259 9452 V threaded_app: New input event: type=2
10-21 22:35:48.534 9259 9452 V threaded_app: New input event: type=2
10-21 22:35:48.552 9259 9452 V threaded_app: New input event: type=2
10-21 22:35:48.568 9259 9452 V threaded_app: New input event: type=2
10-21 22:35:48.584 9259 9452 V threaded_app: New input event: type=2
10-21 22:35:48.600 9259 9452 V threaded_app: New input event: type=2
10-21 22:35:48.617 9259 9452 V threaded_app: New input event: type=2
10-21 22:35:48.634 9259 9452 V threaded_app: New input event: type=2
10-21 22:35:48.651 9259 9452 V threaded_app: New input event: type=2
10-21 22:35:48.667 9259 9452 V threaded_app: New input event: type=2
10-21 22:35:48.684 9259 9452 V threaded_app: New input event: type=2
10-21 22:35:48.700 9259 9452 V threaded_app: New input event: type=2
10-21 22:35:48.717 9259 9452 V threaded_app: New input event: type=2
10-21 22:35:48.734 9259 9452 V threaded_app: New input event: type=2
10-21 22:35:48.751 9259 9452 V threaded_app: New input event: type=2
10-21 22:35:48.768 9259 9452 V threaded_app: New input event: type=2
10-21 22:35:48.785 9259 9452 V threaded_app: New input event: type=2
10-21 22:35:48.800 9259 9452 V threaded_app: New input event: type=2
10-21 22:35:48.805 9259 9452 V threaded_app: New input event: type=2
10-21 22:35:48.806 9259 9452 V threaded_app: New input event: type=2
10-21 22:35:48.816 9259 9452 V threaded_app: New input event: type=2
10-21 22:35:48.833 9259 9452 V threaded_app: New input event: type=2
10-21 22:35:48.850 9259 9452 V threaded_app: New input event: type=2
10-21 22:35:48.854 9259 10842 E HDmpve : [2024-10-21 22:35:48 854] | Error |
[HDmpve] |0x7220387cb0| cu_eifs_wrapper.cpp:291|IsFileDownloadReady|
[CEifsWrapper::IsFileReady()]not download completed]
10-21 22:35:48.865 9259 9452 V threaded_app: New input event: type=2
10-21 22:35:48.866 9259 9452 V threaded_app: New input event: type=2
10-21 22:35:49.164 9259 10842 E HDmpve : [2024-10-21 22:35:49 164] | Error |
[HDmpve] |0x7220387cb0| cu_eifs_wrapper.cpp:291|IsFileDownloadReady|
[CEifsWrapper::IsFileReady()]not download completed]
10-21 22:35:50.014 9259 10842 E HDmpve : [2024-10-21 22:35:50 014] | Error |
[HDmpve] |0x7220387cb0| cu_eifs_wrapper.cpp:291|IsFileDownloadReady|
[CEifsWrapper::IsFileReady()]not download completed]
10-21 22:35:52.795 9259 9451 E libOpenSLES: pAudioSrc: requested 8 channels but
mask (0xc003f) has 6 channel bits set
10-21 22:35:52.795 9259 9451 W libOpenSLES: Leaving Engine::CreateAudioPlayer
(SL_RESULT_PARAMETER_INVALID)
10-21 22:35:52.795 9259 9451 D DA4MG : Height channels supported (0).
10-21 22:35:58.033 9259 9451 D GameActitivy: AndroidThunkJava_IsPermissionGranted
android.permission.BLUETOOTH_ADMIN
10-21 22:35:58.033 9259 9451 D PermissionUtil: isPermissionGranted
10-21 22:35:58.033 9259 9451 D PermissionUtil: targetSdkVersion: 34
10-21 22:35:58.033 9259 9451 D PermissionUtil:
isPermissionGranted(android.permission.BLUETOOTH_ADMIN) return true
10-21 22:36:03.017 9259 9452 V threaded_app: New input event: type=2
10-21 22:36:03.076 9259 9452 V threaded_app: New input event: type=2
10-21 22:36:03.078 9259 9452 V threaded_app: New input event: type=2
10-21 22:36:03.459 9259 9452 V threaded_app: New input event: type=2
10-21 22:36:03.515 9259 9452 V threaded_app: New input event: type=2
10-21 22:36:03.532 9259 9452 V threaded_app: New input event: type=2
10-21 22:36:03.549 9259 9452 V threaded_app: New input event: type=2
10-21 22:36:03.550 9259 9452 V threaded_app: New input event: type=2
10-21 22:36:03.567 9259 9452 V threaded_app: New input event: type=2
10-21 22:36:03.582 9259 9452 V threaded_app: New input event: type=2
10-21 22:36:03.598 9259 9452 V threaded_app: New input event: type=2
10-21 22:36:03.616 9259 9452 V threaded_app: New input event: type=2
10-21 22:36:03.632 9259 9452 V threaded_app: New input event: type=2
10-21 22:36:03.648 9259 9452 V threaded_app: New input event: type=2
10-21 22:36:03.664 9259 9452 V threaded_app: New input event: type=2
10-21 22:36:03.682 9259 9452 V threaded_app: New input event: type=2
10-21 22:36:03.699 9259 9452 V threaded_app: New input event: type=2
10-21 22:36:03.715 9259 9452 V threaded_app: New input event: type=2
10-21 22:36:03.732 9259 9452 V threaded_app: New input event: type=2
10-21 22:36:03.749 9259 9452 V threaded_app: New input event: type=2
10-21 22:36:03.766 9259 9452 V threaded_app: New input event: type=2
10-21 22:36:03.782 9259 9452 V threaded_app: New input event: type=2
10-21 22:36:03.798 9259 9452 V threaded_app: New input event: type=2
10-21 22:36:03.814 9259 9452 V threaded_app: New input event: type=2
10-21 22:36:03.832 9259 9452 V threaded_app: New input event: type=2
10-21 22:36:03.848 9259 9452 V threaded_app: New input event: type=2
10-21 22:36:03.864 9259 9452 V threaded_app: New input event: type=2
10-21 22:36:03.882 9259 9452 V threaded_app: New input event: type=2
10-21 22:36:03.898 9259 9452 V threaded_app: New input event: type=2
10-21 22:36:03.931 9259 9452 V threaded_app: New input event: type=2
10-21 22:36:03.949 9259 9452 V threaded_app: New input event: type=2
10-21 22:36:03.966 9259 9452 V threaded_app: New input event: type=2
10-21 22:36:03.982 9259 9452 V threaded_app: New input event: type=2
10-21 22:36:03.998 9259 9452 V threaded_app: New input event: type=2
10-21 22:36:04.015 9259 9452 V threaded_app: New input event: type=2
10-21 22:36:04.031 9259 9452 V threaded_app: New input event: type=2
10-21 22:36:04.048 9259 9452 V threaded_app: New input event: type=2
10-21 22:36:04.064 9259 9452 V threaded_app: New input event: type=2
10-21 22:36:04.081 9259 9452 V threaded_app: New input event: type=2
10-21 22:36:04.098 9259 9452 V threaded_app: New input event: type=2
10-21 22:36:04.115 9259 9452 V threaded_app: New input event: type=2
10-21 22:36:04.131 9259 9452 V threaded_app: New input event: type=2
10-21 22:36:04.149 9259 9452 V threaded_app: New input event: type=2
10-21 22:36:04.165 9259 9452 V threaded_app: New input event: type=2
10-21 22:36:04.181 9259 9452 V threaded_app: New input event: type=2
10-21 22:36:04.198 9259 9452 V threaded_app: New input event: type=2
10-21 22:36:04.215 9259 9452 V threaded_app: New input event: type=2
10-21 22:36:04.231 9259 9452 V threaded_app: New input event: type=2
10-21 22:36:04.248 9259 9452 V threaded_app: New input event: type=2
10-21 22:36:04.264 9259 9452 V threaded_app: New input event: type=2
10-21 22:36:04.280 9259 9452 V threaded_app: New input event: type=2
10-21 22:36:04.297 9259 9452 V threaded_app: New input event: type=2
10-21 22:36:04.315 9259 9452 V threaded_app: New input event: type=2
10-21 22:36:04.331 9259 9452 V threaded_app: New input event: type=2
10-21 22:36:04.349 9259 9452 V threaded_app: New input event: type=2
10-21 22:36:04.364 9259 9452 V threaded_app: New input event: type=2
10-21 22:36:04.381 9259 9452 V threaded_app: New input event: type=2
10-21 22:36:04.397 9259 9452 V threaded_app: New input event: type=2
10-21 22:36:04.414 9259 9452 V threaded_app: New input event: type=2
10-21 22:36:04.430 9259 9452 V threaded_app: New input event: type=2
10-21 22:36:04.448 9259 9452 V threaded_app: New input event: type=2
10-21 22:36:04.464 9259 9452 V threaded_app: New input event: type=2
10-21 22:36:04.480 9259 9452 V threaded_app: New input event: type=2
10-21 22:36:04.497 9259 9452 V threaded_app: New input event: type=2
10-21 22:36:04.515 9259 9452 V threaded_app: New input event: type=2
10-21 22:36:04.532 9259 9452 V threaded_app: New input event: type=2
10-21 22:36:04.548 9259 9452 V threaded_app: New input event: type=2
10-21 22:36:04.564 9259 9452 V threaded_app: New input event: type=2
10-21 22:36:04.581 9259 9452 V threaded_app: New input event: type=2
10-21 22:36:04.597 9259 9452 V threaded_app: New input event: type=2
10-21 22:36:04.614 9259 9452 V threaded_app: New input event: type=2
10-21 22:36:04.631 9259 9452 V threaded_app: New input event: type=2
10-21 22:36:04.648 9259 9452 V threaded_app: New input event: type=2
10-21 22:36:04.664 9259 9452 V threaded_app: New input event: type=2
10-21 22:36:04.681 9259 9452 V threaded_app: New input event: type=2
10-21 22:36:04.697 9259 9452 V threaded_app: New input event: type=2
10-21 22:36:04.714 9259 9452 V threaded_app: New input event: type=2
10-21 22:36:04.730 9259 9452 V threaded_app: New input event: type=2
10-21 22:36:04.749 9259 9452 V threaded_app: New input event: type=2
10-21 22:36:04.764 9259 9452 V threaded_app: New input event: type=2
10-21 22:36:04.781 9259 9452 V threaded_app: New input event: type=2
10-21 22:36:04.796 9259 9452 V threaded_app: New input event: type=2
10-21 22:36:04.814 9259 9452 V threaded_app: New input event: type=2
10-21 22:36:04.831 9259 9452 V threaded_app: New input event: type=2
10-21 22:36:04.848 9259 9452 V threaded_app: New input event: type=2
10-21 22:36:04.863 9259 9452 V threaded_app: New input event: type=2
10-21 22:36:04.880 9259 9452 V threaded_app: New input event: type=2
10-21 22:36:04.897 9259 9452 V threaded_app: New input event: type=2
10-21 22:36:04.913 9259 9452 V threaded_app: New input event: type=2
10-21 22:36:04.932 9259 9452 V threaded_app: New input event: type=2
10-21 22:36:04.947 9259 9452 V threaded_app: New input event: type=2
10-21 22:36:04.965 9259 9452 V threaded_app: New input event: type=2
10-21 22:36:04.980 9259 9452 V threaded_app: New input event: type=2
10-21 22:36:04.997 9259 9452 V threaded_app: New input event: type=2
10-21 22:36:05.031 9259 9452 V threaded_app: New input event: type=2
10-21 22:36:05.047 9259 9452 V threaded_app: New input event: type=2
10-21 22:36:05.065 9259 9452 V threaded_app: New input event: type=2
10-21 22:36:05.080 9259 9452 V threaded_app: New input event: type=2
10-21 22:36:05.097 9259 9452 V threaded_app: New input event: type=2
10-21 22:36:05.116 9259 9452 V threaded_app: New input event: type=2
10-21 22:36:05.129 9259 9452 V threaded_app: New input event: type=2
10-21 22:36:05.146 9259 9452 V threaded_app: New input event: type=2
10-21 22:36:05.163 9259 9452 V threaded_app: New input event: type=2
10-21 22:36:05.180 9259 9452 V threaded_app: New input event: type=2
10-21 22:36:05.196 9259 9452 V threaded_app: New input event: type=2
10-21 22:36:05.213 9259 9452 V threaded_app: New input event: type=2
10-21 22:36:05.230 9259 9452 V threaded_app: New input event: type=2
10-21 22:36:05.246 9259 9452 V threaded_app: New input event: type=2
10-21 22:36:05.280 9259 9452 V threaded_app: New input event: type=2
10-21 22:36:05.316 9259 9452 V threaded_app: New input event: type=2
10-21 22:36:05.317 9259 9452 V threaded_app: New input event: type=2
10-21 22:36:05.713 9259 9452 V threaded_app: New input event: type=2
10-21 22:36:05.729 9259 9452 V threaded_app: New input event: type=2
10-21 22:36:05.747 9259 9452 V threaded_app: New input event: type=2
10-21 22:36:05.762 9259 9452 V threaded_app: New input event: type=2
10-21 22:36:05.779 9259 9452 V threaded_app: New input event: type=2
10-21 22:36:05.797 9259 9452 V threaded_app: New input event: type=2
10-21 22:36:05.813 9259 9452 V threaded_app: New input event: type=2
10-21 22:36:05.829 9259 9452 V threaded_app: New input event: type=2
10-21 22:36:05.846 9259 9452 V threaded_app: New input event: type=2
10-21 22:36:05.862 9259 9452 V threaded_app: New input event: type=2
10-21 22:36:05.896 9259 9452 V threaded_app: New input event: type=2
10-21 22:36:05.915 9259 9452 V threaded_app: New input event: type=2
10-21 22:36:05.929 9259 9452 V threaded_app: New input event: type=2
10-21 22:36:05.945 9259 9452 V threaded_app: New input event: type=2
10-21 22:36:05.963 9259 9452 V threaded_app: New input event: type=2
10-21 22:36:05.980 9259 9452 V threaded_app: New input event: type=2
10-21 22:36:05.995 9259 9452 V threaded_app: New input event: type=2
10-21 22:36:06.012 9259 9452 V threaded_app: New input event: type=2
10-21 22:36:06.030 9259 9452 V threaded_app: New input event: type=2
10-21 22:36:06.046 9259 9452 V threaded_app: New input event: type=2
10-21 22:36:06.062 9259 9452 V threaded_app: New input event: type=2
10-21 22:36:06.079 9259 9452 V threaded_app: New input event: type=2
10-21 22:36:06.095 9259 9452 V threaded_app: New input event: type=2
10-21 22:36:06.112 9259 9452 V threaded_app: New input event: type=2
10-21 22:36:06.128 9259 9452 V threaded_app: New input event: type=2
10-21 22:36:06.145 9259 9452 V threaded_app: New input event: type=2
10-21 22:36:06.162 9259 9452 V threaded_app: New input event: type=2
10-21 22:36:06.178 9259 9452 V threaded_app: New input event: type=2
10-21 22:36:06.196 9259 9452 V threaded_app: New input event: type=2
10-21 22:36:06.215 9259 9452 V threaded_app: New input event: type=2
10-21 22:36:06.228 9259 9452 V threaded_app: New input event: type=2
10-21 22:36:06.246 9259 9452 V threaded_app: New input event: type=2
10-21 22:36:06.262 9259 9452 V threaded_app: New input event: type=2
10-21 22:36:06.279 9259 9452 V threaded_app: New input event: type=2
10-21 22:36:06.375 9259 9452 V threaded_app: New input event: type=2
10-21 22:36:06.376 9259 9452 V threaded_app: New input event: type=2
10-21 22:36:06.641 9259 9452 V threaded_app: New input event: type=2
10-21 22:36:06.728 9259 9452 V threaded_app: New input event: type=2
10-21 22:36:06.745 9259 9452 V threaded_app: New input event: type=2
10-21 22:36:06.761 9259 9452 V threaded_app: New input event: type=2
10-21 22:36:06.778 9259 9452 V threaded_app: New input event: type=2
10-21 22:36:06.795 9259 9452 V threaded_app: New input event: type=2
10-21 22:36:06.811 9259 9452 V threaded_app: New input event: type=2
10-21 22:36:06.829 9259 9452 V threaded_app: New input event: type=2
10-21 22:36:06.845 9259 9452 V threaded_app: New input event: type=2
10-21 22:36:06.862 9259 9452 V threaded_app: New input event: type=2
10-21 22:36:06.878 9259 9452 V threaded_app: New input event: type=2
10-21 22:36:06.895 9259 9452 V threaded_app: New input event: type=2
10-21 22:36:06.911 9259 9452 V threaded_app: New input event: type=2
10-21 22:36:06.928 9259 9452 V threaded_app: New input event: type=2
10-21 22:36:06.944 9259 9452 V threaded_app: New input event: type=2
10-21 22:36:06.961 9259 9452 V threaded_app: New input event: type=2
10-21 22:36:06.979 9259 9452 V threaded_app: New input event: type=2
10-21 22:36:06.995 9259 9452 V threaded_app: New input event: type=2
10-21 22:36:07.011 9259 9452 V threaded_app: New input event: type=2
10-21 22:36:07.027 9259 9452 V threaded_app: New input event: type=2
10-21 22:36:07.044 9259 9452 V threaded_app: New input event: type=2
10-21 22:36:07.061 9259 9452 V threaded_app: New input event: type=2
10-21 22:36:07.078 9259 9452 V threaded_app: New input event: type=2
10-21 22:36:07.094 9259 9452 V threaded_app: New input event: type=2
10-21 22:36:07.111 9259 9452 V threaded_app: New input event: type=2
10-21 22:36:07.128 9259 9452 V threaded_app: New input event: type=2
10-21 22:36:07.144 9259 9452 V threaded_app: New input event: type=2
10-21 22:36:07.161 9259 9452 V threaded_app: New input event: type=2
10-21 22:36:08.501 9259 9452 V threaded_app: New input event: type=2
10-21 22:36:08.526 9259 9452 V threaded_app: New input event: type=2
10-21 22:36:08.560 9259 9452 V threaded_app: New input event: type=2
10-21 22:36:08.576 9259 9452 V threaded_app: New input event: type=2
10-21 22:36:08.593 9259 9452 V threaded_app: New input event: type=2
10-21 22:36:08.608 9259 9452 V threaded_app: New input event: type=2
10-21 22:36:08.625 9259 9452 V threaded_app: New input event: type=2
10-21 22:36:08.642 9259 9452 V threaded_app: New input event: type=2
10-21 22:36:08.659 9259 9452 V threaded_app: New input event: type=2
10-21 22:36:08.676 9259 9452 V threaded_app: New input event: type=2
10-21 22:36:08.692 9259 9452 V threaded_app: New input event: type=2
10-21 22:36:08.709 9259 9452 V threaded_app: New input event: type=2
10-21 22:36:08.726 9259 9452 V threaded_app: New input event: type=2
10-21 22:36:08.743 9259 9452 V threaded_app: New input event: type=2
10-21 22:36:08.759 9259 9452 V threaded_app: New input event: type=2
10-21 22:36:08.776 9259 9452 V threaded_app: New input event: type=2
10-21 22:36:08.792 9259 9452 V threaded_app: New input event: type=2
10-21 22:36:08.809 9259 9452 V threaded_app: New input event: type=2
10-21 22:36:08.826 9259 9452 V threaded_app: New input event: type=2
10-21 22:36:08.842 9259 9452 V threaded_app: New input event: type=2
10-21 22:36:08.859 9259 9452 V threaded_app: New input event: type=2
10-21 22:36:08.876 9259 9452 V threaded_app: New input event: type=2
10-21 22:36:08.892 9259 9452 V threaded_app: New input event: type=2
10-21 22:36:08.908 9259 9452 V threaded_app: New input event: type=2
10-21 22:36:08.925 9259 9452 V threaded_app: New input event: type=2
10-21 22:36:08.975 9259 9452 V threaded_app: New input event: type=2
10-21 22:36:09.076 9259 9452 V threaded_app: New input event: type=2
10-21 22:36:09.093 9259 9452 V threaded_app: New input event: type=2
10-21 22:36:09.127 9259 9452 V threaded_app: New input event: type=2
10-21 22:36:09.175 9259 9452 V threaded_app: New input event: type=2
10-21 22:36:09.192 9259 9452 V threaded_app: New input event: type=2
10-21 22:36:09.209 9259 9452 V threaded_app: New input event: type=2
10-21 22:36:09.225 9259 9452 V threaded_app: New input event: type=2
10-21 22:36:09.241 9259 9452 V threaded_app: New input event: type=2
10-21 22:36:09.258 9259 9452 V threaded_app: New input event: type=2
10-21 22:36:09.275 9259 9452 V threaded_app: New input event: type=2
10-21 22:36:09.292 9259 9452 V threaded_app: New input event: type=2
10-21 22:36:09.307 9259 9452 V threaded_app: New input event: type=2
10-21 22:36:09.324 9259 9452 V threaded_app: New input event: type=2
10-21 22:36:09.341 9259 9452 V threaded_app: New input event: type=2
10-21 22:36:09.358 9259 9452 V threaded_app: New input event: type=2
10-21 22:36:09.374 9259 9452 V threaded_app: New input event: type=2
10-21 22:36:09.391 9259 9452 V threaded_app: New input event: type=2
10-21 22:36:09.409 9259 9452 V threaded_app: New input event: type=2
10-21 22:36:09.424 9259 9452 V threaded_app: New input event: type=2
10-21 22:36:09.442 9259 9452 V threaded_app: New input event: type=2
10-21 22:36:09.458 9259 9452 V threaded_app: New input event: type=2
10-21 22:36:09.475 9259 9452 V threaded_app: New input event: type=2
10-21 22:36:09.491 9259 9452 V threaded_app: New input event: type=2
10-21 22:36:09.508 9259 9452 V threaded_app: New input event: type=2
10-21 22:36:09.524 9259 9452 V threaded_app: New input event: type=2
10-21 22:36:09.541 9259 9452 V threaded_app: New input event: type=2
10-21 22:36:09.558 9259 9452 V threaded_app: New input event: type=2
10-21 22:36:09.574 9259 9452 V threaded_app: New input event: type=2
10-21 22:36:09.592 9259 9452 V threaded_app: New input event: type=2
10-21 22:36:09.607 9259 9452 V threaded_app: New input event: type=2
10-21 22:36:09.624 9259 9452 V threaded_app: New input event: type=2
10-21 22:36:09.657 9259 9452 V threaded_app: New input event: type=2
10-21 22:36:09.693 9259 9452 V threaded_app: New input event: type=2
10-21 22:36:09.708 9259 9452 V threaded_app: New input event: type=2
10-21 22:36:09.724 9259 9452 V threaded_app: New input event: type=2
10-21 22:36:09.741 9259 9452 V threaded_app: New input event: type=2
10-21 22:36:09.757 9259 9452 V threaded_app: New input event: type=2
10-21 22:36:09.774 9259 9452 V threaded_app: New input event: type=2
10-21 22:36:09.792 9259 9452 V threaded_app: New input event: type=2
10-21 22:36:09.808 9259 9452 V threaded_app: New input event: type=2
10-21 22:36:09.824 9259 9452 V threaded_app: New input event: type=2
10-21 22:36:09.841 9259 9452 V threaded_app: New input event: type=2
10-21 22:36:09.857 9259 9452 V threaded_app: New input event: type=2
10-21 22:36:09.874 9259 9452 V threaded_app: New input event: type=2
10-21 22:36:09.924 9259 9452 V threaded_app: New input event: type=2
10-21 22:36:09.941 9259 9452 V threaded_app: New input event: type=2
10-21 22:36:09.957 9259 9452 V threaded_app: New input event: type=2
10-21 22:36:09.974 9259 9452 V threaded_app: New input event: type=2
10-21 22:36:09.990 9259 9452 V threaded_app: New input event: type=2
10-21 22:36:10.007 9259 9452 V threaded_app: New input event: type=2
10-21 22:36:10.025 9259 9452 V threaded_app: New input event: type=2
10-21 22:36:10.040 9259 9452 V threaded_app: New input event: type=2
10-21 22:36:10.057 9259 9452 V threaded_app: New input event: type=2
10-21 22:36:10.075 9259 9452 V threaded_app: New input event: type=2
10-21 22:36:10.090 9259 9452 V threaded_app: New input event: type=2
10-21 22:36:10.123 9259 9452 V threaded_app: New input event: type=2
10-21 22:36:10.157 9259 9452 V threaded_app: New input event: type=2
10-21 22:36:10.173 9259 9452 V threaded_app: New input event: type=2
10-21 22:36:10.190 9259 9452 V threaded_app: New input event: type=2
10-21 22:36:10.208 9259 9452 V threaded_app: New input event: type=2
10-21 22:36:10.223 9259 9452 V threaded_app: New input event: type=2
10-21 22:36:10.237 9259 9452 V threaded_app: New input event: type=2
10-21 22:36:10.237 9259 9452 V threaded_app: New input event: type=2
10-21 22:36:10.257 9259 9452 V threaded_app: New input event: type=2
10-21 22:36:10.274 9259 9452 V threaded_app: New input event: type=2
10-21 22:36:10.290 9259 9452 V threaded_app: New input event: type=2
10-21 22:36:10.308 9259 9452 V threaded_app: New input event: type=2
10-21 22:36:10.323 9259 9452 V threaded_app: New input event: type=2
10-21 22:36:10.341 9259 9452 V threaded_app: New input event: type=2
10-21 22:36:10.359 9259 9452 V threaded_app: New input event: type=2
10-21 22:36:10.374 9259 9452 V threaded_app: New input event: type=2
10-21 22:36:10.390 9259 9452 V threaded_app: New input event: type=2
10-21 22:36:10.406 9259 9452 V threaded_app: New input event: type=2
10-21 22:36:10.456 9259 9452 V threaded_app: New input event: type=2
10-21 22:36:10.490 9259 9452 V threaded_app: New input event: type=2
10-21 22:36:10.506 9259 9452 V threaded_app: New input event: type=2
10-21 22:36:10.540 9259 9452 V threaded_app: New input event: type=2
10-21 22:36:10.556 9259 9452 V threaded_app: New input event: type=2
10-21 22:36:10.589 9259 9452 V threaded_app: New input event: type=2
10-21 22:36:10.607 9259 9452 V threaded_app: New input event: type=2
10-21 22:36:10.623 9259 9452 V threaded_app: New input event: type=2
10-21 22:36:10.640 9259 9452 V threaded_app: New input event: type=2
10-21 22:36:10.657 9259 9452 V threaded_app: New input event: type=2
10-21 22:36:10.723 9259 9452 V threaded_app: New input event: type=2
10-21 22:36:10.740 9259 9452 V threaded_app: New input event: type=2
10-21 22:36:10.774 9259 9452 V threaded_app: New input event: type=2
10-21 22:36:10.823 9259 9452 V threaded_app: New input event: type=2
10-21 22:36:10.957 9259 9452 V threaded_app: New input event: type=2
10-21 22:36:11.074 9259 9452 V threaded_app: New input event: type=2
10-21 22:36:11.090 9259 9452 V threaded_app: New input event: type=2
10-21 22:36:11.106 9259 9452 V threaded_app: New input event: type=2
10-21 22:36:11.122 9259 9452 V threaded_app: New input event: type=2
10-21 22:36:11.142 9259 9452 V threaded_app: New input event: type=2
10-21 22:36:11.156 9259 9452 V threaded_app: New input event: type=2
10-21 22:36:11.172 9259 9452 V threaded_app: New input event: type=2
10-21 22:36:11.189 9259 9452 V threaded_app: New input event: type=2
10-21 22:36:11.206 9259 9452 V threaded_app: New input event: type=2
10-21 22:36:11.223 9259 9452 V threaded_app: New input event: type=2
10-21 22:36:11.239 9259 9452 V threaded_app: New input event: type=2
10-21 22:36:11.256 9259 9452 V threaded_app: New input event: type=2
10-21 22:36:11.272 9259 9452 V threaded_app: New input event: type=2
10-21 22:36:11.289 9259 9452 V threaded_app: New input event: type=2
10-21 22:36:11.306 9259 9452 V threaded_app: New input event: type=2
10-21 22:36:11.322 9259 9452 V threaded_app: New input event: type=2
10-21 22:36:11.339 9259 9452 V threaded_app: New input event: type=2
10-21 22:36:11.355 9259 9452 V threaded_app: New input event: type=2
10-21 22:36:11.372 9259 9452 V threaded_app: New input event: type=2
10-21 22:36:11.405 9259 9452 V threaded_app: New input event: type=2
10-21 22:36:11.473 9259 9452 V threaded_app: New input event: type=2
10-21 22:36:11.520 9259 9452 V threaded_app: New input event: type=2
10-21 22:36:11.539 9259 9452 V threaded_app: New input event: type=2
10-21 22:36:11.557 9259 9452 V threaded_app: New input event: type=2
10-21 22:36:11.605 9259 9452 V threaded_app: New input event: type=2
10-21 22:36:11.622 9259 9452 V threaded_app: New input event: type=2
10-21 22:36:11.638 9259 9452 V threaded_app: New input event: type=2
10-21 22:36:11.655 9259 9452 V threaded_app: New input event: type=2
10-21 22:36:11.671 9259 9452 V threaded_app: New input event: type=2
10-21 22:36:11.689 9259 9452 V threaded_app: New input event: type=2
10-21 22:36:11.705 9259 9452 V threaded_app: New input event: type=2
10-21 22:36:11.722 9259 9452 V threaded_app: New input event: type=2
10-21 22:36:11.739 9259 9452 V threaded_app: New input event: type=2
10-21 22:36:11.755 9259 9452 V threaded_app: New input event: type=2
10-21 22:36:11.772 9259 9452 V threaded_app: New input event: type=2
10-21 22:36:11.789 9259 9452 V threaded_app: New input event: type=2
10-21 22:36:11.805 9259 9452 V threaded_app: New input event: type=2
10-21 22:36:11.822 9259 9452 V threaded_app: New input event: type=2
10-21 22:36:11.839 9259 9452 V threaded_app: New input event: type=2
10-21 22:36:11.855 9259 9452 V threaded_app: New input event: type=2
10-21 22:36:11.872 9259 9452 V threaded_app: New input event: type=2
10-21 22:36:11.890 9259 9452 V threaded_app: New input event: type=2
10-21 22:36:11.906 9259 9452 V threaded_app: New input event: type=2
10-21 22:36:11.921 9259 9452 V threaded_app: New input event: type=2
10-21 22:36:11.927 9259 9452 V threaded_app: New input event: type=2
10-21 22:36:11.927 9259 9452 V threaded_app: New input event: type=2
10-21 22:36:11.938 9259 9452 V threaded_app: New input event: type=2
10-21 22:36:11.955 9259 9452 V threaded_app: New input event: type=2
10-21 22:36:11.971 9259 9452 V threaded_app: New input event: type=2
10-21 22:36:11.989 9259 9452 V threaded_app: New input event: type=2
10-21 22:36:12.005 9259 9452 V threaded_app: New input event: type=2
10-21 22:36:12.022 9259 9452 V threaded_app: New input event: type=2
10-21 22:36:12.025 9259 9452 V threaded_app: New input event: type=2
10-21 22:36:12.026 9259 9452 V threaded_app: New input event: type=2
10-21 22:36:12.038 9259 9452 V threaded_app: New input event: type=2
10-21 22:36:12.055 9259 9452 V threaded_app: New input event: type=2
10-21 22:36:12.066 9259 9452 V threaded_app: New input event: type=2
10-21 22:36:12.067 9259 9452 V threaded_app: New input event: type=2
10-21 22:36:12.088 9259 9452 V threaded_app: New input event: type=2
10-21 22:36:12.105 9259 9452 V threaded_app: New input event: type=2
10-21 22:36:12.121 9259 9452 V threaded_app: New input event: type=2
10-21 22:36:12.135 9259 9452 V threaded_app: New input event: type=2
10-21 22:36:12.135 9259 9452 V threaded_app: New input event: type=2
10-21 22:36:12.155 9259 9452 V threaded_app: New input event: type=2
10-21 22:36:12.173 9259 9452 V threaded_app: New input event: type=2
10-21 22:36:12.188 9259 9452 V threaded_app: New input event: type=2
10-21 22:36:12.201 9259 9452 V threaded_app: New input event: type=2
10-21 22:36:12.221 9259 9452 V threaded_app: New input event: type=2
10-21 22:36:12.238 9259 9452 V threaded_app: New input event: type=2
10-21 22:36:12.254 9259 9452 V threaded_app: New input event: type=2
10-21 22:36:12.271 9259 9452 V threaded_app: New input event: type=2
10-21 22:36:12.282 9259 9452 V threaded_app: New input event: type=2
10-21 22:36:12.282 9259 9452 V threaded_app: New input event: type=2
10-21 22:36:12.322 9259 9452 V threaded_app: New input event: type=2
10-21 22:36:12.329 9259 9452 V threaded_app: New input event: type=2
10-21 22:36:12.330 9259 9452 V threaded_app: New input event: type=2
10-21 22:36:12.339 9259 9452 V threaded_app: New input event: type=2
10-21 22:36:12.355 9259 9452 V threaded_app: New input event: type=2
10-21 22:36:12.370 9259 9452 V threaded_app: New input event: type=2
10-21 22:36:12.387 9259 9452 V threaded_app: New input event: type=2
10-21 22:36:12.404 9259 9452 V threaded_app: New input event: type=2
10-21 22:36:12.421 9259 9452 V threaded_app: New input event: type=2
10-21 22:36:12.422 9259 9452 V threaded_app: New input event: type=2
10-21 22:36:12.422 9259 9452 V threaded_app: New input event: type=2
10-21 22:36:12.438 9259 9452 V threaded_app: New input event: type=2
10-21 22:36:12.455 9259 9452 V threaded_app: New input event: type=2
10-21 22:36:12.472 9259 9452 V threaded_app: New input event: type=2
10-21 22:36:12.487 9259 9452 V threaded_app: New input event: type=2
10-21 22:36:12.504 9259 9452 V threaded_app: New input event: type=2
10-21 22:36:12.522 9259 9452 V threaded_app: New input event: type=2
10-21 22:36:12.555 9259 9452 V threaded_app: New input event: type=2
10-21 22:36:12.604 9259 9452 V threaded_app: New input event: type=2
10-21 22:36:12.621 9259 9452 V threaded_app: New input event: type=2
10-21 22:36:12.638 9259 9452 V threaded_app: New input event: type=2
10-21 22:36:12.655 9259 9452 V threaded_app: New input event: type=2
10-21 22:36:12.671 9259 9452 V threaded_app: New input event: type=2
10-21 22:36:12.687 9259 9452 V threaded_app: New input event: type=2
10-21 22:36:12.738 9259 9452 V threaded_app: New input event: type=2
10-21 22:36:12.753 9259 9452 V threaded_app: New input event: type=2
10-21 22:36:12.770 9259 9452 V threaded_app: New input event: type=2
10-21 22:36:12.787 9259 9452 V threaded_app: New input event: type=2
10-21 22:36:12.803 9259 9452 V threaded_app: New input event: type=2
10-21 22:36:12.820 9259 9452 V threaded_app: New input event: type=2
10-21 22:36:12.872 9259 9452 V threaded_app: New input event: type=2
10-21 22:36:12.965 9259 9452 V threaded_app: New input event: type=2
10-21 22:36:12.966 9259 9452 V threaded_app: New input event: type=2
10-21 22:36:13.525 9259 9452 V threaded_app: New input event: type=2
10-21 22:36:13.570 9259 9452 V threaded_app: New input event: type=2
10-21 22:36:13.585 9259 9452 V threaded_app: New input event: type=2
10-21 22:36:13.603 9259 9452 V threaded_app: New input event: type=2
10-21 22:36:13.619 9259 9452 V threaded_app: New input event: type=2
10-21 22:36:13.636 9259 9452 V threaded_app: New input event: type=2
10-21 22:36:13.652 9259 9452 V threaded_app: New input event: type=2
10-21 22:36:13.670 9259 9452 V threaded_app: New input event: type=2
10-21 22:36:13.686 9259 9452 V threaded_app: New input event: type=2
10-21 22:36:13.703 9259 9452 V threaded_app: New input event: type=2
10-21 22:36:13.712 9259 9452 V threaded_app: New input event: type=2
10-21 22:36:13.713 9259 9452 V threaded_app: New input event: type=2
10-21 22:36:13.736 9259 9452 V threaded_app: New input event: type=2
10-21 22:36:13.753 9259 9452 V threaded_app: New input event: type=2
10-21 22:36:13.769 9259 9452 V threaded_app: New input event: type=2
10-21 22:36:13.778 9259 9452 V threaded_app: New input event: type=2
10-21 22:36:13.901 9259 9452 V threaded_app: New input event: type=2
10-21 22:36:13.918 9259 9452 V threaded_app: New input event: type=2
10-21 22:36:13.935 9259 9452 V threaded_app: New input event: type=2
10-21 22:36:14.003 9259 9452 V threaded_app: New input event: type=2
10-21 22:36:14.037 9259 9452 V threaded_app: New input event: type=2
10-21 22:36:14.119 9259 9452 V threaded_app: New input event: type=2
10-21 22:36:14.136 9259 9452 V threaded_app: New input event: type=2
10-21 22:36:14.153 9259 9452 V threaded_app: New input event: type=2
10-21 22:36:14.169 9259 9452 V threaded_app: New input event: type=2
10-21 22:36:14.335 9259 9452 V threaded_app: New input event: type=2
10-21 22:36:14.402 9259 9452 V threaded_app: New input event: type=2
10-21 22:36:14.419 9259 9452 V threaded_app: New input event: type=2
10-21 22:36:14.482 9259 9452 V threaded_app: New input event: type=2
10-21 22:36:14.501 9259 9452 V threaded_app: New input event: type=2
10-21 22:36:14.518 9259 9452 V threaded_app: New input event: type=2
10-21 22:36:14.535 9259 9452 V threaded_app: New input event: type=2
10-21 22:36:14.551 9259 9452 V threaded_app: New input event: type=2
10-21 22:36:14.568 9259 9452 V threaded_app: New input event: type=2
10-21 22:36:14.576 9259 9452 V threaded_app: New input event: type=2
10-21 22:36:14.576 9259 9452 V threaded_app: New input event: type=2
10-21 22:36:14.584 9259 9452 V threaded_app: New input event: type=2
10-21 22:36:14.602 9259 9452 V threaded_app: New input event: type=2
10-21 22:36:14.618 9259 9452 V threaded_app: New input event: type=2
10-21 22:36:14.629 9259 9452 V threaded_app: New input event: type=2
10-21 22:36:14.629 9259 9452 V threaded_app: New input event: type=2
10-21 22:36:14.651 9259 9452 V threaded_app: New input event: type=2
10-21 22:36:14.668 9259 9452 V threaded_app: New input event: type=2
10-21 22:36:14.687 9259 9452 V threaded_app: New input event: type=2
10-21 22:36:14.701 9259 9452 V threaded_app: New input event: type=2
10-21 22:36:14.709 9259 9452 V threaded_app: New input event: type=2
10-21 22:36:14.709 9259 9452 V threaded_app: New input event: type=2
10-21 22:36:14.719 9259 9452 V threaded_app: New input event: type=2
10-21 22:36:14.736 9259 9452 V threaded_app: New input event: type=2
10-21 22:36:14.752 9259 9452 V threaded_app: New input event: type=2
10-21 22:36:14.769 9259 9452 V threaded_app: New input event: type=2
10-21 22:36:14.776 9259 9452 V threaded_app: New input event: type=2
10-21 22:36:14.776 9259 9452 V threaded_app: New input event: type=2
10-21 22:36:14.786 9259 9452 V threaded_app: New input event: type=2
10-21 22:36:14.801 9259 9452 V threaded_app: New input event: type=2
10-21 22:36:14.818 9259 9452 V threaded_app: New input event: type=2
10-21 22:36:14.836 9259 9452 V threaded_app: New input event: type=2
10-21 22:36:14.851 9259 9452 V threaded_app: New input event: type=2
10-21 22:36:14.864 9259 9452 V threaded_app: New input event: type=2
10-21 22:36:14.864 9259 9452 V threaded_app: New input event: type=2
10-21 22:36:14.885 9259 9452 V threaded_app: New input event: type=2
10-21 22:36:15.019 9259 9452 V threaded_app: New input event: type=2
10-21 22:36:15.150 9259 9452 V threaded_app: New input event: type=2
10-21 22:36:15.167 9259 9452 V threaded_app: New input event: type=2
10-21 22:36:15.185 9259 9452 V threaded_app: New input event: type=2
10-21 22:36:15.203 9259 9452 V threaded_app: New input event: type=2
10-21 22:36:15.218 9259 9452 V threaded_app: New input event: type=2
10-21 22:36:15.234 9259 9452 V threaded_app: New input event: type=2
10-21 22:36:15.252 9259 9452 V threaded_app: New input event: type=2
10-21 22:36:15.268 9259 9452 V threaded_app: New input event: type=2
10-21 22:36:15.285 9259 9452 V threaded_app: New input event: type=2
10-21 22:36:15.302 9259 9452 V threaded_app: New input event: type=2
10-21 22:36:15.317 9259 9452 V threaded_app: New input event: type=2
10-21 22:36:15.337 9259 9452 V threaded_app: New input event: type=2
10-21 22:36:15.352 9259 9452 V threaded_app: New input event: type=2
10-21 22:36:15.370 9259 9452 V threaded_app: New input event: type=2
10-21 22:36:15.384 9259 9452 V threaded_app: New input event: type=2
10-21 22:36:15.417 9259 9452 V threaded_app: New input event: type=2
10-21 22:36:15.834 9259 9452 V threaded_app: New input event: type=2
10-21 22:36:15.851 9259 9452 V threaded_app: New input event: type=2
10-21 22:36:15.867 9259 9452 V threaded_app: New input event: type=2
10-21 22:36:15.884 9259 9452 V threaded_app: New input event: type=2
10-21 22:36:15.901 9259 9452 V threaded_app: New input event: type=2
10-21 22:36:15.905 9259 9452 V threaded_app: New input event: type=2
10-21 22:36:15.906 9259 9452 V threaded_app: New input event: type=2
10-21 22:36:15.917 9259 9452 V threaded_app: New input event: type=2
10-21 22:36:15.934 9259 9452 V threaded_app: New input event: type=2
10-21 22:36:15.950 9259 9452 V threaded_app: New input event: type=2
10-21 22:36:15.967 9259 9452 V threaded_app: New input event: type=2
10-21 22:36:15.983 9259 9452 V threaded_app: New input event: type=2
10-21 22:36:16.002 9259 9452 V threaded_app: New input event: type=2
10-21 22:36:16.016 9259 9452 V threaded_app: New input event: type=2
10-21 22:36:16.018 9259 9452 V threaded_app: New input event: type=2
10-21 22:36:16.018 9259 9452 V threaded_app: New input event: type=2
10-21 22:36:16.034 9259 9452 V threaded_app: New input event: type=2
10-21 22:36:16.049 9259 9452 V threaded_app: New input event: type=2
10-21 22:36:16.066 9259 9452 V threaded_app: New input event: type=2
10-21 22:36:16.083 9259 9452 V threaded_app: New input event: type=2
10-21 22:36:16.091 9259 9452 V threaded_app: New input event: type=2
10-21 22:36:16.091 9259 9452 V threaded_app: New input event: type=2
10-21 22:36:16.099 9259 9452 V threaded_app: New input event: type=2
10-21 22:36:16.116 9259 9452 V threaded_app: New input event: type=2
10-21 22:36:16.133 9259 9452 V threaded_app: New input event: type=2
10-21 22:36:16.150 9259 9452 V threaded_app: New input event: type=2
10-21 22:36:16.158 9259 9452 V threaded_app: New input event: type=2
10-21 22:36:16.159 9259 9452 V threaded_app: New input event: type=2
10-21 22:36:16.166 9259 9452 V threaded_app: New input event: type=2
10-21 22:36:16.183 9259 9452 V threaded_app: New input event: type=2
10-21 22:36:16.200 9259 9452 V threaded_app: New input event: type=2
10-21 22:36:16.216 9259 9452 V threaded_app: New input event: type=2
10-21 22:36:16.227 9259 9452 V threaded_app: New input event: type=2
10-21 22:36:16.250 9259 9452 V threaded_app: New input event: type=2
10-21 22:36:16.266 9259 9452 V threaded_app: New input event: type=2
10-21 22:36:16.283 9259 9452 V threaded_app: New input event: type=2
10-21 22:36:16.300 9259 9452 V threaded_app: New input event: type=2
10-21 22:36:16.327 9259 9452 V threaded_app: New input event: type=2
10-21 22:36:16.328 9259 9452 V threaded_app: New input event: type=2
10-21 22:36:16.366 9259 9452 V threaded_app: New input event: type=2
10-21 22:36:16.400 9259 9452 V threaded_app: New input event: type=2
10-21 22:36:16.417 9259 9452 V threaded_app: New input event: type=2
10-21 22:36:16.566 9259 9452 V threaded_app: New input event: type=2
10-21 22:36:16.567 9259 9452 V threaded_app: New input event: type=2
10-21 22:36:16.568 9259 9452 V threaded_app: New input event: type=2
10-21 22:36:16.735 9259 9452 V threaded_app: New input event: type=2
10-21 22:36:16.782 9259 9452 V threaded_app: New input event: type=2
10-21 22:36:16.800 9259 9452 V threaded_app: New input event: type=2
10-21 22:36:16.815 9259 9452 V threaded_app: New input event: type=2
10-21 22:36:16.833 9259 9452 V threaded_app: New input event: type=2
10-21 22:36:16.848 9259 9452 V threaded_app: New input event: type=2
10-21 22:36:16.866 9259 9452 V threaded_app: New input event: type=2
10-21 22:36:16.882 9259 9452 V threaded_app: New input event: type=2
10-21 22:36:16.900 9259 9452 V threaded_app: New input event: type=2
10-21 22:36:16.915 9259 9452 V threaded_app: New input event: type=2
10-21 22:36:16.932 9259 9452 V threaded_app: New input event: type=2
10-21 22:36:16.949 9259 9452 V threaded_app: New input event: type=2
10-21 22:36:16.966 9259 9452 V threaded_app: New input event: type=2
10-21 22:36:16.981 9259 9452 V threaded_app: New input event: type=2
10-21 22:36:17.015 9259 9452 V threaded_app: New input event: type=2
10-21 22:36:17.203 9259 9452 V threaded_app: New input event: type=2
10-21 22:36:17.231 9259 9452 V threaded_app: New input event: type=2
10-21 22:36:17.248 9259 9452 V threaded_app: New input event: type=2
10-21 22:36:17.265 9259 9452 V threaded_app: New input event: type=2
10-21 22:36:17.280 9259 9452 V threaded_app: New input event: type=2
10-21 22:36:17.281 9259 9452 V threaded_app: New input event: type=2
10-21 22:36:17.299 9259 9452 V threaded_app: New input event: type=2
10-21 22:36:17.314 9259 9452 V threaded_app: New input event: type=2
10-21 22:36:17.331 9259 9452 V threaded_app: New input event: type=2
10-21 22:36:17.348 9259 9452 V threaded_app: New input event: type=2
10-21 22:36:17.351 9259 9452 V threaded_app: New input event: type=2
10-21 22:36:17.354 9259 9452 V threaded_app: New input event: type=2
10-21 22:36:17.365 9259 9452 V threaded_app: New input event: type=2
10-21 22:36:17.381 9259 9452 V threaded_app: New input event: type=2
10-21 22:36:17.398 9259 9452 V threaded_app: New input event: type=2
