10-21 22:29:21.812 9259 9452 V threaded_app: New input event: type=2
10-21 22:29:21.962 9259 9452 V threaded_app: New input event: type=2
10-21 22:29:21.978 9259 9452 V threaded_app: New input event: type=2
10-21 22:29:21.995 9259 9452 V threaded_app: New input event: type=2
10-21 22:29:22.013 9259 9452 V threaded_app: New input event: type=2
10-21 22:29:22.029 9259 9452 V threaded_app: New input event: type=2
10-21 22:29:22.045 9259 9452 V threaded_app: New input event: type=2
10-21 22:29:22.394 9259 9452 V threaded_app: New input event: type=2
10-21 22:29:22.478 9259 9452 V threaded_app: New input event: type=2
10-21 22:29:23.011 9259 9452 V threaded_app: New input event: type=2
10-21 22:29:23.027 9259 9452 V threaded_app: New input event: type=2
10-21 22:29:23.044 9259 9452 V threaded_app: New input event: type=2
10-21 22:29:23.160 9259 9452 V threaded_app: New input event: type=2
10-21 22:29:23.393 9259 9452 V threaded_app: New input event: type=2
10-21 22:29:23.510 9259 9452 V threaded_app: New input event: type=2
10-21 22:29:23.526 9259 9452 V threaded_app: New input event: type=2
10-21 22:29:23.593 9259 9452 V threaded_app: New input event: type=2
10-21 22:29:23.643 9259 9452 V threaded_app: New input event: type=2
10-21 22:29:23.677 9259 9452 V threaded_app: New input event: type=2
10-21 22:29:23.742 9259 9452 V threaded_app: New input event: type=2
10-21 22:29:23.824 9259 9452 V threaded_app: New input event: type=2
10-21 22:29:23.826 9259 9452 V threaded_app: New input event: type=2
10-21 22:29:24.081 9259 9452 V threaded_app: New input event: type=2
10-21 22:29:24.125 9259 9452 V threaded_app: New input event: type=2
10-21 22:29:24.392 9259 9452 V threaded_app: New input event: type=2
10-21 22:29:24.408 9259 9452 V threaded_app: New input event: type=2
10-21 22:29:24.425 9259 9452 V threaded_app: New input event: type=2
10-21 22:29:24.442 9259 9452 V threaded_app: New input event: type=2
10-21 22:29:24.455 9259 9726 E LoadedApk: performReceive() called targeting raw
IIntentReceiver for Intent { act=android.intent.action.BATTERY_CHANGED
flg=0x70000010 (has extras) }
10-21 22:29:24.492 9259 9452 V threaded_app: New input event: type=2
10-21 22:29:24.608 9259 9452 V threaded_app: New input event: type=2
10-21 22:29:24.624 9259 9452 V threaded_app: New input event: type=2
10-21 22:29:24.642 9259 9452 V threaded_app: New input event: type=2
10-21 22:29:24.776 9259 9452 V threaded_app: New input event: type=2
10-21 22:29:24.908 9259 9452 V threaded_app: New input event: type=2
10-21 22:29:24.941 9259 9452 V threaded_app: New input event: type=2
10-21 22:29:24.957 9259 9452 V threaded_app: New input event: type=2
10-21 22:29:25.007 9259 9452 V threaded_app: New input event: type=2
10-21 22:29:25.157 9259 9452 V threaded_app: New input event: type=2
10-21 22:29:25.263 9259 9452 V threaded_app: New input event: type=2
10-21 22:29:27.201 9259 9452 V threaded_app: New input event: type=2
10-21 22:29:27.239 9259 9452 V threaded_app: New input event: type=2
10-21 22:29:27.297 9259 9452 V threaded_app: New input event: type=2
10-21 22:29:28.087 9259 9452 V threaded_app: New input event: type=2
10-21 22:29:28.203 9259 9452 V threaded_app: New input event: type=2
10-21 22:29:28.269 9259 9452 V threaded_app: New input event: type=2
10-21 22:29:28.286 9259 9452 V threaded_app: New input event: type=2
10-21 22:29:28.304 9259 9452 V threaded_app: New input event: type=2
10-21 22:29:28.321 9259 9452 V threaded_app: New input event: type=2
10-21 22:29:28.336 9259 9452 V threaded_app: New input event: type=2
10-21 22:29:28.354 9259 9452 V threaded_app: New input event: type=2
10-21 22:29:28.370 9259 9452 V threaded_app: New input event: type=2
10-21 22:29:28.387 9259 9452 V threaded_app: New input event: type=2
10-21 22:29:28.403 9259 9452 V threaded_app: New input event: type=2
10-21 22:29:28.420 9259 9452 V threaded_app: New input event: type=2
10-21 22:29:28.436 9259 9452 V threaded_app: New input event: type=2
10-21 22:29:28.453 9259 9452 V threaded_app: New input event: type=2
10-21 22:29:28.471 9259 9452 V threaded_app: New input event: type=2
10-21 22:29:28.487 9259 9452 V threaded_app: New input event: type=2
10-21 22:29:28.503 9259 9452 V threaded_app: New input event: type=2
10-21 22:29:28.520 9259 9452 V threaded_app: New input event: type=2
10-21 22:29:28.536 9259 9452 V threaded_app: New input event: type=2
10-21 22:29:28.554 9259 9452 V threaded_app: New input event: type=2
10-21 22:29:28.570 9259 9452 V threaded_app: New input event: type=2
10-21 22:29:28.587 9259 9452 V threaded_app: New input event: type=2
10-21 22:29:28.603 9259 9452 V threaded_app: New input event: type=2
10-21 22:29:28.621 9259 9452 V threaded_app: New input event: type=2
10-21 22:29:28.667 9259 9452 V threaded_app: New input event: type=2
10-21 22:29:28.667 9259 9452 V threaded_app: New input event: type=2
10-21 22:29:29.246 9259 9452 V threaded_app: New input event: type=2
10-21 22:29:29.327 9259 9452 V threaded_app: New input event: type=2
10-21 22:29:29.972 9259 9452 V threaded_app: New input event: type=2
10-21 22:29:30.001 9259 9452 V threaded_app: New input event: type=2
10-21 22:29:30.018 9259 9452 V threaded_app: New input event: type=2
10-21 22:29:30.136 9259 9452 V threaded_app: New input event: type=2
10-21 22:29:30.151 9259 9452 V threaded_app: New input event: type=2
10-21 22:29:30.169 9259 9452 V threaded_app: New input event: type=2
10-21 22:29:30.184 9259 9452 V threaded_app: New input event: type=2
10-21 22:29:30.201 9259 9452 V threaded_app: New input event: type=2
10-21 22:29:30.218 9259 9452 V threaded_app: New input event: type=2
10-21 22:29:30.234 9259 9452 V threaded_app: New input event: type=2
10-21 22:29:30.251 9259 9452 V threaded_app: New input event: type=2
10-21 22:29:30.268 9259 9452 V threaded_app: New input event: type=2
10-21 22:29:30.285 9259 9452 V threaded_app: New input event: type=2
10-21 22:29:30.301 9259 9452 V threaded_app: New input event: type=2
10-21 22:29:30.319 9259 9452 V threaded_app: New input event: type=2
10-21 22:29:30.335 9259 9452 V threaded_app: New input event: type=2
10-21 22:29:30.351 9259 9452 V threaded_app: New input event: type=2
10-21 22:29:30.369 9259 9452 V threaded_app: New input event: type=2
10-21 22:29:30.383 9259 9452 V threaded_app: New input event: type=2
10-21 22:29:30.402 9259 9452 V threaded_app: New input event: type=2
10-21 22:29:30.409 9259 9452 V threaded_app: New input event: type=2
10-21 22:29:30.409 9259 9452 V threaded_app: New input event: type=2
10-21 22:29:30.893 9259 9452 V threaded_app: New input event: type=2
10-21 22:29:30.934 9259 9452 V threaded_app: New input event: type=2
10-21 22:29:30.950 9259 9452 V threaded_app: New input event: type=2
10-21 22:29:31.016 9259 9452 V threaded_app: New input event: type=2
10-21 22:29:31.033 9259 9452 V threaded_app: New input event: type=2
10-21 22:29:31.050 9259 9452 V threaded_app: New input event: type=2
10-21 22:29:31.067 9259 9452 V threaded_app: New input event: type=2
10-21 22:29:31.083 9259 9452 V threaded_app: New input event: type=2
10-21 22:29:31.099 9259 9452 V threaded_app: New input event: type=2
10-21 22:29:31.118 9259 9452 V threaded_app: New input event: type=2
10-21 22:29:31.133 9259 9452 V threaded_app: New input event: type=2
10-21 22:29:31.150 9259 9452 V threaded_app: New input event: type=2
10-21 22:29:31.167 9259 9452 V threaded_app: New input event: type=2
10-21 22:29:31.176 9259 9452 V threaded_app: New input event: type=2
10-21 22:29:31.176 9259 9452 V threaded_app: New input event: type=2
10-21 22:29:31.445 9259 9452 V threaded_app: New input event: type=2
10-21 22:29:31.483 9259 9452 V threaded_app: New input event: type=2
10-21 22:29:31.566 9259 9452 V threaded_app: New input event: type=2
10-21 22:29:31.582 9259 9452 V threaded_app: New input event: type=2
10-21 22:29:31.599 9259 9452 V threaded_app: New input event: type=2
10-21 22:29:31.617 9259 9452 V threaded_app: New input event: type=2
10-21 22:29:31.632 9259 9452 V threaded_app: New input event: type=2
10-21 22:29:31.649 9259 9452 V threaded_app: New input event: type=2
10-21 22:29:31.665 9259 9452 V threaded_app: New input event: type=2
10-21 22:29:31.683 9259 9452 V threaded_app: New input event: type=2
10-21 22:29:31.699 9259 9452 V threaded_app: New input event: type=2
10-21 22:29:31.715 9259 9452 V threaded_app: New input event: type=2
10-21 22:29:31.733 9259 9452 V threaded_app: New input event: type=2
10-21 22:29:31.752 9259 9452 V threaded_app: New input event: type=2
10-21 22:29:31.766 9259 9452 V threaded_app: New input event: type=2
10-21 22:29:31.783 9259 9452 V threaded_app: New input event: type=2
10-21 22:29:31.800 9259 9452 V threaded_app: New input event: type=2
10-21 22:29:31.815 9259 9452 V threaded_app: New input event: type=2
10-21 22:29:31.832 9259 9452 V threaded_app: New input event: type=2
10-21 22:29:31.849 9259 9452 V threaded_app: New input event: type=2
10-21 22:29:31.865 9259 9452 V threaded_app: New input event: type=2
10-21 22:29:31.884 9259 9452 V threaded_app: New input event: type=2
10-21 22:29:31.898 9259 9452 V threaded_app: New input event: type=2
10-21 22:29:31.917 9259 9452 V threaded_app: New input event: type=2
10-21 22:29:31.932 9259 9452 V threaded_app: New input event: type=2
10-21 22:29:31.951 9259 9452 V threaded_app: New input event: type=2
10-21 22:29:31.966 9259 9452 V threaded_app: New input event: type=2
10-21 22:29:31.982 9259 9452 V threaded_app: New input event: type=2
10-21 22:29:31.999 9259 9452 V threaded_app: New input event: type=2
10-21 22:29:32.015 9259 9452 V threaded_app: New input event: type=2
10-21 22:29:32.033 9259 9452 V threaded_app: New input event: type=2
10-21 22:29:32.048 9259 9452 V threaded_app: New input event: type=2
10-21 22:29:32.066 9259 9452 V threaded_app: New input event: type=2
10-21 22:29:32.081 9259 9452 V threaded_app: New input event: type=2
10-21 22:29:32.099 9259 9452 V threaded_app: New input event: type=2
10-21 22:29:32.115 9259 9452 V threaded_app: New input event: type=2
10-21 22:29:32.132 9259 9452 V threaded_app: New input event: type=2
10-21 22:29:32.149 9259 9452 V threaded_app: New input event: type=2
10-21 22:29:32.165 9259 9452 V threaded_app: New input event: type=2
10-21 22:29:32.182 9259 9452 V threaded_app: New input event: type=2
10-21 22:29:32.265 9259 9452 V threaded_app: New input event: type=2
10-21 22:29:32.284 9259 9452 V threaded_app: New input event: type=2
10-21 22:29:32.333 9259 9452 V threaded_app: New input event: type=2
10-21 22:29:32.398 9259 9452 V threaded_app: New input event: type=2
10-21 22:29:32.415 9259 9452 V threaded_app: New input event: type=2
10-21 22:29:32.432 9259 9452 V threaded_app: New input event: type=2
10-21 22:29:32.448 9259 9452 V threaded_app: New input event: type=2
10-21 22:29:32.466 9259 9452 V threaded_app: New input event: type=2
10-21 22:29:32.482 9259 9452 V threaded_app: New input event: type=2
10-21 22:29:32.498 9259 9452 V threaded_app: New input event: type=2
10-21 22:29:32.515 9259 9452 V threaded_app: New input event: type=2
10-21 22:29:32.531 9259 9452 V threaded_app: New input event: type=2
10-21 22:29:32.550 9259 9452 V threaded_app: New input event: type=2
10-21 22:29:32.565 9259 9452 V threaded_app: New input event: type=2
10-21 22:29:32.582 9259 9452 V threaded_app: New input event: type=2
10-21 22:29:32.599 9259 9452 V threaded_app: New input event: type=2
10-21 22:29:32.615 9259 9452 V threaded_app: New input event: type=2
10-21 22:29:32.631 9259 9452 V threaded_app: New input event: type=2
10-21 22:29:32.648 9259 9452 V threaded_app: New input event: type=2
10-21 22:29:32.666 9259 9452 V threaded_app: New input event: type=2
10-21 22:29:32.782 9259 9452 V threaded_app: New input event: type=2
10-21 22:29:32.798 9259 9452 V threaded_app: New input event: type=2
10-21 22:29:32.815 9259 9452 V threaded_app: New input event: type=2
10-21 22:29:32.833 9259 9452 V threaded_app: New input event: type=2
10-21 22:29:32.848 9259 9452 V threaded_app: New input event: type=2
10-21 22:29:32.864 9259 9452 V threaded_app: New input event: type=2
10-21 22:29:32.881 9259 9452 V threaded_app: New input event: type=2
10-21 22:29:32.898 9259 9452 V threaded_app: New input event: type=2
10-21 22:29:32.915 9259 9452 V threaded_app: New input event: type=2
10-21 22:29:32.933 9259 9452 V threaded_app: New input event: type=2
10-21 22:29:32.948 9259 9452 V threaded_app: New input event: type=2
10-21 22:29:32.964 9259 9452 V threaded_app: New input event: type=2
10-21 22:29:32.981 9259 9452 V threaded_app: New input event: type=2
10-21 22:29:33.046 9259 9452 V threaded_app: New input event: type=2
10-21 22:29:33.046 9259 9452 V threaded_app: New input event: type=2
10-21 22:29:33.347 9259 9452 V threaded_app: New input event: type=2
10-21 22:29:33.380 9259 9452 V threaded_app: New input event: type=2
10-21 22:29:33.431 9259 9452 V threaded_app: New input event: type=2
10-21 22:29:33.482 9259 9452 V threaded_app: New input event: type=2
10-21 22:29:33.497 9259 9452 V threaded_app: New input event: type=2
10-21 22:29:33.516 9259 9452 V threaded_app: New input event: type=2
10-21 22:29:33.531 9259 9452 V threaded_app: New input event: type=2
10-21 22:29:33.548 9259 9452 V threaded_app: New input event: type=2
10-21 22:29:33.564 9259 9452 V threaded_app: New input event: type=2
10-21 22:29:33.580 9259 9452 V threaded_app: New input event: type=2
10-21 22:29:33.596 9259 9452 V threaded_app: New input event: type=2
10-21 22:29:33.613 9259 9452 V threaded_app: New input event: type=2
10-21 22:29:33.622 9259 9452 V threaded_app: New input event: type=2
10-21 22:29:33.622 9259 9452 V threaded_app: New input event: type=2
10-21 22:29:33.999 9259 9452 V threaded_app: New input event: type=2
10-21 22:29:34.213 9259 9452 V threaded_app: New input event: type=2
10-21 22:29:34.229 9259 9452 V threaded_app: New input event: type=2
10-21 22:29:34.246 9259 9452 V threaded_app: New input event: type=2
10-21 22:29:34.264 9259 9452 V threaded_app: New input event: type=2
10-21 22:29:34.279 9259 9452 V threaded_app: New input event: type=2
10-21 22:29:34.296 9259 9452 V threaded_app: New input event: type=2
10-21 22:29:34.313 9259 9452 V threaded_app: New input event: type=2
10-21 22:29:34.329 9259 9452 V threaded_app: New input event: type=2
10-21 22:29:34.363 9259 9452 V threaded_app: New input event: type=2
10-21 22:29:34.460 9259 9452 V threaded_app: New input event: type=2
10-21 22:29:34.460 9259 9452 V threaded_app: New input event: type=2
10-21 22:29:36.428 9259 9726 D .best.cheats:p0:
TrackPlayerBase::~TrackPlayerBase()
10-21 22:29:36.428 9259 9726 D .best.cheats:p0: PlayerBase::~PlayerBase()
10-21 22:29:36.580 9259 9452 V threaded_app: New input event: type=2
10-21 22:29:36.646 9259 9452 V threaded_app: New input event: type=2
10-21 22:29:36.646 9259 9452 V threaded_app: New input event: type=2
10-21 22:29:38.256 9259 9452 V threaded_app: New input event: type=2
10-21 22:29:38.274 9259 9452 V threaded_app: New input event: type=2
10-21 22:29:38.358 9259 9452 V threaded_app: New input event: type=2
10-21 22:29:38.375 9259 9452 V threaded_app: New input event: type=2
10-21 22:29:38.390 9259 9452 V threaded_app: New input event: type=2
10-21 22:29:38.409 9259 9452 V threaded_app: New input event: type=2
10-21 22:29:38.424 9259 9452 V threaded_app: New input event: type=2
10-21 22:29:38.440 9259 9452 V threaded_app: New input event: type=2
10-21 22:29:38.458 9259 9452 V threaded_app: New input event: type=2
10-21 22:29:38.474 9259 9452 V threaded_app: New input event: type=2
10-21 22:29:38.491 9259 9452 V threaded_app: New input event: type=2
10-21 22:29:38.508 9259 9452 V threaded_app: New input event: type=2
10-21 22:29:38.525 9259 9452 V threaded_app: New input event: type=2
10-21 22:29:38.541 9259 9452 V threaded_app: New input event: type=2
10-21 22:29:38.558 9259 9452 V threaded_app: New input event: type=2
10-21 22:29:38.575 9259 9452 V threaded_app: New input event: type=2
10-21 22:29:38.592 9259 9452 V threaded_app: New input event: type=2
10-21 22:29:38.607 9259 9452 V threaded_app: New input event: type=2
10-21 22:29:38.625 9259 9452 V threaded_app: New input event: type=2
10-21 22:29:38.640 9259 9452 V threaded_app: New input event: type=2
10-21 22:29:38.657 9259 9452 V threaded_app: New input event: type=2
10-21 22:29:38.673 9259 9452 V threaded_app: New input event: type=2
10-21 22:29:38.691 9259 9452 V threaded_app: New input event: type=2
10-21 22:29:38.707 9259 9452 V threaded_app: New input event: type=2
10-21 22:29:38.724 9259 9452 V threaded_app: New input event: type=2
10-21 22:29:38.740 9259 9452 V threaded_app: New input event: type=2
10-21 22:29:38.757 9259 9452 V threaded_app: New input event: type=2
10-21 22:29:38.773 9259 9452 V threaded_app: New input event: type=2
10-21 22:29:38.790 9259 9452 V threaded_app: New input event: type=2
10-21 22:29:38.807 9259 9452 V threaded_app: New input event: type=2
10-21 22:29:38.824 9259 9452 V threaded_app: New input event: type=2
10-21 22:29:38.840 9259 9452 V threaded_app: New input event: type=2
10-21 22:29:38.856 9259 9452 V threaded_app: New input event: type=2
10-21 22:29:38.874 9259 9452 V threaded_app: New input event: type=2
10-21 22:29:38.891 9259 9452 V threaded_app: New input event: type=2
10-21 22:29:38.907 9259 9452 V threaded_app: New input event: type=2
10-21 22:29:38.923 9259 9452 V threaded_app: New input event: type=2
10-21 22:29:38.941 9259 9452 V threaded_app: New input event: type=2
10-21 22:29:38.959 9259 9452 V threaded_app: New input event: type=2
10-21 22:29:38.960 9259 9452 V threaded_app: New input event: type=2
10-21 22:29:39.319 9259 9726 E LoadedApk: performReceive() called targeting raw
IIntentReceiver for Intent { act=android.intent.action.BATTERY_CHANGED
flg=0x70000010 (has extras) }
10-21 22:29:39.341 9259 9452 V threaded_app: New input event: type=2
10-21 22:29:39.357 9259 9452 V threaded_app: New input event: type=2
10-21 22:29:39.402 9259 9452 V threaded_app: New input event: type=2
10-21 22:29:39.402 9259 9452 V threaded_app: New input event: type=2
10-21 22:29:39.846 9259 9452 V threaded_app: New input event: type=2
10-21 22:29:39.906 9259 9452 V threaded_app: New input event: type=2
10-21 22:29:39.922 9259 9452 V threaded_app: New input event: type=2
10-21 22:29:39.940 9259 9452 V threaded_app: New input event: type=2
10-21 22:29:39.956 9259 9452 V threaded_app: New input event: type=2
10-21 22:29:39.973 9259 9452 V threaded_app: New input event: type=2
10-21 22:29:39.988 9259 9452 V threaded_app: New input event: type=2
10-21 22:29:40.006 9259 9452 V threaded_app: New input event: type=2
10-21 22:29:40.022 9259 9452 V threaded_app: New input event: type=2
10-21 22:29:40.040 9259 9452 V threaded_app: New input event: type=2
10-21 22:29:40.055 9259 9452 V threaded_app: New input event: type=2
10-21 22:29:40.072 9259 9452 V threaded_app: New input event: type=2
10-21 22:29:40.089 9259 9452 V threaded_app: New input event: type=2
10-21 22:29:40.105 9259 9452 V threaded_app: New input event: type=2
10-21 22:29:40.122 9259 9452 V threaded_app: New input event: type=2
10-21 22:29:40.138 9259 9452 V threaded_app: New input event: type=2
10-21 22:29:40.156 9259 9452 V threaded_app: New input event: type=2
10-21 22:29:40.172 9259 9452 V threaded_app: New input event: type=2
10-21 22:29:40.188 9259 9452 V threaded_app: New input event: type=2
10-21 22:29:40.205 9259 9452 V threaded_app: New input event: type=2
10-21 22:29:40.222 9259 9452 V threaded_app: New input event: type=2
10-21 22:29:40.229 9259 9452 V threaded_app: New input event: type=2
10-21 22:29:40.229 9259 9452 V threaded_app: New input event: type=2
10-21 22:29:41.284 9259 9452 V threaded_app: New input event: type=2
10-21 22:29:41.304 9259 9452 V threaded_app: New input event: type=2
10-21 22:29:41.321 9259 9452 V threaded_app: New input event: type=2
10-21 22:29:41.364 9259 9452 V threaded_app: New input event: type=2
10-21 22:29:41.365 9259 9452 V threaded_app: New input event: type=2
10-21 22:29:42.598 9259 9452 V threaded_app: New input event: type=2
10-21 22:29:42.636 9259 9452 V threaded_app: New input event: type=2
10-21 22:29:42.678 9259 9452 V threaded_app: New input event: type=2
10-21 22:29:43.549 9259 9452 V threaded_app: New input event: type=2
10-21 22:29:43.585 9259 9452 V threaded_app: New input event: type=2
10-21 22:29:43.635 9259 9452 V threaded_app: New input event: type=2
10-21 22:29:44.227 9259 9452 V threaded_app: New input event: type=2
10-21 22:29:44.267 9259 9452 V threaded_app: New input event: type=2
10-21 22:29:44.284 9259 9452 V threaded_app: New input event: type=2
10-21 22:29:44.300 9259 9452 V threaded_app: New input event: type=2
10-21 22:29:44.317 9259 9452 V threaded_app: New input event: type=2
10-21 22:29:44.334 9259 9452 V threaded_app: New input event: type=2
10-21 22:29:44.353 9259 9452 V threaded_app: New input event: type=2
10-21 22:29:44.367 9259 9452 V threaded_app: New input event: type=2
10-21 22:29:44.383 9259 9452 V threaded_app: New input event: type=2
10-21 22:29:44.401 9259 9452 V threaded_app: New input event: type=2
10-21 22:29:44.416 9259 9452 V threaded_app: New input event: type=2
10-21 22:29:44.433 9259 9452 V threaded_app: New input event: type=2
10-21 22:29:44.451 9259 9452 V threaded_app: New input event: type=2
10-21 22:29:44.464 9259 9721 E LoadedApk: performReceive() called targeting raw
IIntentReceiver for Intent { act=android.intent.action.BATTERY_CHANGED
flg=0x70000010 (has extras) }
10-21 22:29:44.466 9259 9452 V threaded_app: New input event: type=2
10-21 22:29:44.483 9259 9452 V threaded_app: New input event: type=2
10-21 22:29:44.502 9259 9452 V threaded_app: New input event: type=2
10-21 22:29:44.518 9259 9452 V threaded_app: New input event: type=2
10-21 22:29:44.533 9259 9452 V threaded_app: New input event: type=2
10-21 22:29:44.550 9259 9452 V threaded_app: New input event: type=2
10-21 22:29:44.566 9259 9452 V threaded_app: New input event: type=2
10-21 22:29:44.583 9259 9452 V threaded_app: New input event: type=2
10-21 22:29:44.600 9259 9452 V threaded_app: New input event: type=2
10-21 22:29:44.716 9259 9452 V threaded_app: New input event: type=2
10-21 22:29:44.734 9259 9452 V threaded_app: New input event: type=2
10-21 22:29:44.784 9259 9452 V threaded_app: New input event: type=2
10-21 22:29:44.883 9259 9452 V threaded_app: New input event: type=2
10-21 22:29:44.900 9259 9452 V threaded_app: New input event: type=2
10-21 22:29:44.934 9259 9452 V threaded_app: New input event: type=2
10-21 22:29:44.950 9259 9452 V threaded_app: New input event: type=2
10-21 22:29:44.968 9259 9452 V threaded_app: New input event: type=2
10-21 22:29:44.985 9259 9452 V threaded_app: New input event: type=2
10-21 22:29:44.999 9259 9452 V threaded_app: New input event: type=2
10-21 22:29:45.016 9259 9452 V threaded_app: New input event: type=2
10-21 22:29:45.033 9259 9452 V threaded_app: New input event: type=2
10-21 22:29:45.050 9259 9452 V threaded_app: New input event: type=2
10-21 22:29:45.067 9259 9452 V threaded_app: New input event: type=2
10-21 22:29:45.082 9259 9452 V threaded_app: New input event: type=2
10-21 22:29:45.100 9259 9452 V threaded_app: New input event: type=2
10-21 22:29:45.115 9259 9452 V threaded_app: New input event: type=2
10-21 22:29:45.134 9259 9452 V threaded_app: New input event: type=2
10-21 22:29:45.149 9259 9452 V threaded_app: New input event: type=2
10-21 22:29:45.167 9259 9452 V threaded_app: New input event: type=2
10-21 22:29:45.185 9259 9452 V threaded_app: New input event: type=2
10-21 22:29:45.199 9259 9452 V threaded_app: New input event: type=2
10-21 22:29:45.207 9259 9452 V threaded_app: New input event: type=2
10-21 22:29:45.208 9259 9452 V threaded_app: New input event: type=2
10-21 22:29:45.528 9259 9452 V threaded_app: New input event: type=2
10-21 22:29:45.598 9259 9452 V threaded_app: New input event: type=2
10-21 22:29:45.616 9259 9452 V threaded_app: New input event: type=2
10-21 22:29:45.631 9259 9452 V threaded_app: New input event: type=2
10-21 22:29:45.648 9259 9452 V threaded_app: New input event: type=2
10-21 22:29:45.665 9259 9452 V threaded_app: New input event: type=2
10-21 22:29:45.682 9259 9452 V threaded_app: New input event: type=2
10-21 22:29:45.698 9259 9452 V threaded_app: New input event: type=2
10-21 22:29:45.716 9259 9452 V threaded_app: New input event: type=2
10-21 22:29:45.734 9259 9452 V threaded_app: New input event: type=2
10-21 22:29:45.748 9259 9452 V threaded_app: New input event: type=2
10-21 22:29:45.764 9259 9452 V threaded_app: New input event: type=2
10-21 22:29:45.779 9259 9452 V threaded_app: New input event: type=2
10-21 22:29:45.779 9259 9452 V threaded_app: New input event: type=2
10-21 22:29:47.607 9259 9452 V threaded_app: New input event: type=2
10-21 22:29:47.630 9259 9452 V threaded_app: New input event: type=2
10-21 22:29:47.646 9259 9452 V threaded_app: New input event: type=2
10-21 22:29:47.663 9259 9452 V threaded_app: New input event: type=2
10-21 22:29:47.679 9259 9452 V threaded_app: New input event: type=2
10-21 22:29:47.695 9259 9452 V threaded_app: New input event: type=2
10-21 22:29:47.714 9259 9452 V threaded_app: New input event: type=2
10-21 22:29:47.714 9259 9452 V threaded_app: New input event: type=2
10-21 22:29:47.991 9259 9452 V threaded_app: New input event: type=2
10-21 22:29:48.029 9259 9452 V threaded_app: New input event: type=2
10-21 22:29:48.062 9259 9452 V threaded_app: New input event: type=2
10-21 22:29:48.079 9259 9452 V threaded_app: New input event: type=2
10-21 22:29:48.095 9259 9452 V threaded_app: New input event: type=2
10-21 22:29:48.112 9259 9452 V threaded_app: New input event: type=2
10-21 22:29:48.128 9259 9452 V threaded_app: New input event: type=2
10-21 22:29:48.146 9259 9452 V threaded_app: New input event: type=2
10-21 22:29:48.162 9259 9452 V threaded_app: New input event: type=2
10-21 22:29:48.180 9259 9452 V threaded_app: New input event: type=2
10-21 22:29:48.196 9259 9452 V threaded_app: New input event: type=2
10-21 22:29:48.213 9259 9452 V threaded_app: New input event: type=2
10-21 22:29:48.422 9259 9452 V threaded_app: New input event: type=2
10-21 22:29:49.526 9259 9452 V threaded_app: New input event: type=2
10-21 22:29:49.593 9259 9452 V threaded_app: New input event: type=2
10-21 22:29:49.610 9259 9452 V threaded_app: New input event: type=2
10-21 22:29:49.627 9259 9452 V threaded_app: New input event: type=2
10-21 22:29:49.643 9259 9452 V threaded_app: New input event: type=2
10-21 22:29:49.660 9259 9452 V threaded_app: New input event: type=2
10-21 22:29:49.677 9259 9452 V threaded_app: New input event: type=2
10-21 22:29:49.694 9259 9452 V threaded_app: New input event: type=2
10-21 22:29:49.710 9259 9452 V threaded_app: New input event: type=2
10-21 22:29:49.728 9259 9452 V threaded_app: New input event: type=2
10-21 22:29:49.743 9259 9452 V threaded_app: New input event: type=2
10-21 22:29:49.761 9259 9452 V threaded_app: New input event: type=2
10-21 22:29:49.777 9259 9452 V threaded_app: New input event: type=2
10-21 22:29:49.794 9259 9452 V threaded_app: New input event: type=2
10-21 22:29:49.810 9259 9452 V threaded_app: New input event: type=2
10-21 22:29:49.828 9259 9452 V threaded_app: New input event: type=2
10-21 22:29:49.844 9259 9452 V threaded_app: New input event: type=2
10-21 22:29:49.860 9259 9452 V threaded_app: New input event: type=2
10-21 22:29:49.877 9259 9452 V threaded_app: New input event: type=2
10-21 22:29:49.895 9259 9452 V threaded_app: New input event: type=2
10-21 22:29:49.896 9259 9452 V threaded_app: New input event: type=2
10-21 22:29:49.896 9259 9452 V threaded_app: New input event: type=2
10-21 22:29:51.564 9259 9452 V threaded_app: New input event: type=2
10-21 22:29:51.616 9259 9452 V threaded_app: New input event: type=2
10-21 22:29:55.034 9259 9452 V threaded_app: New input event: type=2
10-21 22:29:55.119 9259 9452 V threaded_app: New input event: type=2
10-21 22:29:55.560 9259 9452 V threaded_app: New input event: type=2
10-21 22:29:55.597 9259 9452 V threaded_app: New input event: type=2
10-21 22:29:56.725 9259 9452 V threaded_app: New input event: type=2
10-21 22:29:56.753 9259 9452 V threaded_app: New input event: type=2
10-21 22:29:56.781 9259 9452 V threaded_app: New input event: type=2
10-21 22:29:57.129 9259 9452 V threaded_app: New input event: type=2
10-21 22:29:57.213 9259 9452 V threaded_app: New input event: type=2
10-21 22:29:57.954 9259 9452 V threaded_app: New input event: type=2
10-21 22:29:57.984 9259 9452 V threaded_app: New input event: type=2
10-21 22:29:58.034 9259 9452 V threaded_app: New input event: type=2
10-21 22:29:59.401 9259 9452 V threaded_app: New input event: type=2
10-21 22:29:59.460 9259 9452 V threaded_app: New input event: type=2
10-21 22:30:01.722 9259 9452 V threaded_app: New input event: type=2
10-21 22:30:01.795 9259 9452 V threaded_app: New input event: type=2
10-21 22:30:01.860 9259 9452 V threaded_app: New input event: type=2
10-21 22:30:03.028 9259 9452 V threaded_app: New input event: type=2
10-21 22:30:03.115 9259 9452 V threaded_app: New input event: type=2
10-21 22:30:04.470 9259 9721 E LoadedApk: performReceive() called targeting raw
IIntentReceiver for Intent { act=android.intent.action.BATTERY_CHANGED
flg=0x70000010 (has extras) }
10-21 22:30:04.715 9259 9452 V threaded_app: New input event: type=2
10-21 22:30:04.742 9259 9452 V threaded_app: New input event: type=2
10-21 22:30:04.771 9259 9452 V threaded_app: New input event: type=2
10-21 22:30:06.749 9259 9452 V threaded_app: New input event: type=2
10-21 22:30:06.839 9259 9452 V threaded_app: New input event: type=2
10-21 22:30:06.857 9259 9452 V threaded_app: New input event: type=2
10-21 22:30:06.872 9259 9452 V threaded_app: New input event: type=2
10-21 22:30:06.891 9259 9452 V threaded_app: New input event: type=2
10-21 22:30:06.906 9259 9452 V threaded_app: New input event: type=2
10-21 22:30:06.922 9259 9452 V threaded_app: New input event: type=2
10-21 22:30:06.940 9259 9452 V threaded_app: New input event: type=2
10-21 22:30:06.941 9259 9452 V threaded_app: New input event: type=2
10-21 22:30:07.347 9259 9259 V threaded_app: WindowFocusChanged: 0x7587732070 --
0
10-21 22:30:07.351 9259 9452 D UE4 : Case APP_CMD_LOST_FOCUS
10-21 22:30:10.375 9259 9259 V threaded_app: WindowFocusChanged: 0x7587732070 --
1
10-21 22:30:10.375 9259 9452 D UE4 : Case APP_CMD_GAINED_FOCUS
10-21 22:30:10.717 9259 9452 V threaded_app: New input event: type=2
10-21 22:30:10.768 9259 9452 V threaded_app: New input event: type=2
10-21 22:30:10.800 9259 9452 V threaded_app: New input event: type=2
10-21 22:30:10.850 9259 9452 V threaded_app: New input event: type=2
10-21 22:30:10.867 9259 9452 V threaded_app: New input event: type=2
10-21 22:30:10.884 9259 9452 V threaded_app: New input event: type=2
10-21 22:30:10.900 9259 9452 V threaded_app: New input event: type=2
10-21 22:30:10.918 9259 9452 V threaded_app: New input event: type=2
10-21 22:30:10.935 9259 9452 V threaded_app: New input event: type=2
10-21 22:30:10.951 9259 9452 V threaded_app: New input event: type=2
10-21 22:30:10.967 9259 9452 V threaded_app: New input event: type=2
10-21 22:30:10.983 9259 9452 V threaded_app: New input event: type=2
10-21 22:30:11.000 9259 9452 V threaded_app: New input event: type=2
10-21 22:30:11.018 9259 9452 V threaded_app: New input event: type=2
10-21 22:30:11.034 9259 9452 V threaded_app: New input event: type=2
10-21 22:30:11.050 9259 9452 V threaded_app: New input event: type=2
10-21 22:30:11.066 9259 9452 V threaded_app: New input event: type=2
10-21 22:30:11.083 9259 9452 V threaded_app: New input event: type=2
10-21 22:30:11.087 9259 9452 V threaded_app: New input event: type=2
10-21 22:30:11.087 9259 9452 V threaded_app: New input event: type=2
10-21 22:30:12.986 9259 9259 V threaded_app: WindowFocusChanged: 0x7587732070 --
0
10-21 22:30:12.987 9259 9452 D UE4 : Case APP_CMD_LOST_FOCUS
10-21 22:30:14.045 9259 9451 E libOpenSLES: pAudioSrc: requested 8 channels but
mask (0xc003f) has 6 channel bits set
10-21 22:30:14.046 9259 9451 W libOpenSLES: Leaving Engine::CreateAudioPlayer
(SL_RESULT_PARAMETER_INVALID)
10-21 22:30:14.046 9259 9451 D DA4MG : Height channels supported (0).
10-21 22:30:14.941 9259 11084 E LoadedApk: performReceive() called targeting raw
IIntentReceiver for Intent { act=android.intent.action.BATTERY_CHANGED
flg=0x70000010 (has extras) }
10-21 22:30:18.848 9259 9259 V threaded_app: WindowFocusChanged: 0x7587732070 --
1
10-21 22:30:18.848 9259 9452 D UE4 : Case APP_CMD_GAINED_FOCUS
10-21 22:30:19.475 9259 9451 D GameActitivy: AndroidThunkJava_IsPermissionGranted
android.permission.BLUETOOTH_ADMIN
10-21 22:30:19.475 9259 9451 D PermissionUtil: isPermissionGranted
10-21 22:30:19.475 9259 9451 D PermissionUtil: targetSdkVersion: 34
10-21 22:30:19.475 9259 9451 D PermissionUtil:
isPermissionGranted(android.permission.BLUETOOTH_ADMIN) return true
10-21 22:30:19.618 9259 9452 V threaded_app: New input event: type=2
10-21 22:30:19.791 9259 9452 V threaded_app: New input event: type=2
10-21 22:30:19.807 9259 9452 V threaded_app: New input event: type=2
10-21 22:30:19.824 9259 9452 V threaded_app: New input event: type=2
10-21 22:30:19.839 9259 9452 V threaded_app: New input event: type=2
10-21 22:30:19.857 9259 9452 V threaded_app: New input event: type=2
10-21 22:30:19.873 9259 9452 V threaded_app: New input event: type=2
10-21 22:30:19.891 9259 9452 V threaded_app: New input event: type=2
10-21 22:30:19.891 9259 9452 V threaded_app: New input event: type=2
10-21 22:30:19.891 9259 9452 V threaded_app: New input event: type=2
10-21 22:30:22.447 9259 9452 V threaded_app: New input event: type=2
10-21 22:30:22.452 9259 9282 W .best.cheats:p0: Couldn't lock the profile file
/data/misc/profiles/cur/0/com.pubg.imobile/primary.prof: Failed to open file
'/data/misc/profiles/cur/0/com.pubg.imobile/primary.prof': Permission denied
10-21 22:30:22.452 9259 9282 W .best.cheats:p0: Could not forcefully load profile
/data/misc/profiles/cur/0/com.pubg.imobile/primary.prof
10-21 22:30:22.461 9259 9452 V threaded_app: New input event: type=2
10-21 22:30:22.477 9259 9452 V threaded_app: New input event: type=2
10-21 22:30:22.494 9259 9452 V threaded_app: New input event: type=2
10-21 22:30:22.540 9259 9452 V threaded_app: New input event: type=2
10-21 22:30:22.540 9259 9452 V threaded_app: New input event: type=2
10-21 22:30:23.387 9259 9452 V threaded_app: New input event: type=2
10-21 22:30:23.427 9259 9452 V threaded_app: New input event: type=2
10-21 22:30:23.485 9259 9452 V threaded_app: New input event: type=2
10-21 22:30:24.441 9259 9721 E LoadedApk: performReceive() called targeting raw
IIntentReceiver for Intent { act=android.intent.action.BATTERY_CHANGED
flg=0x70000010 (has extras) }
10-21 22:30:24.469 9259 9452 V threaded_app: New input event: type=2
10-21 22:30:24.479 9259 9721 E LoadedApk: performReceive() called targeting raw
IIntentReceiver for Intent { act=android.intent.action.BATTERY_CHANGED
flg=0x70000010 (has extras) }
10-21 22:30:24.502 9259 9452 V threaded_app: New input event: type=2
10-21 22:30:25.003 9259 9452 V threaded_app: New input event: type=2
10-21 22:30:25.025 9259 9452 V threaded_app: New input event: type=2
10-21 22:30:25.069 9259 9452 V threaded_app: New input event: type=2
10-21 22:30:25.949 9259 10906 D AudioTrack: start(15898): 0x74c7755ab0, prior
state:STATE_STOPPED
10-21 22:30:25.949 9259 10906 W AudioTrack: restoreTrack_l(15898): dead
IAudioTrack, 0x74c7755ab0, PCM, creating a new one from getTimestampExtended()
10-21 22:30:25.952 9259 10906 I BpBinder: onLastStrongRef automatically unlinking
death recipients:
10-21 22:30:25.953 9259 10906 I BpBinder: onLastStrongRef automatically unlinking
death recipients:
10-21 22:30:25.970 9259 9452 V threaded_app: New input event: type=2
10-21 22:30:25.992 9259 10906 D AudioTrack: createTrack_l(15914): 0x74c7755ab0,
mCblk = 0x73de8fc000, mLatency = 230, mAfLatency = 210, frameCount = 325,
mSampleRate = 16000, mFlags = 0, mReqFrameCount = 1820, mNotificationFramesAct =
108
10-21 22:30:25.995 9259 10903 D AudioTrack: processAudioBuffer(15914) mCbf
EVENT_NEW_IAUDIOTRACK
10-21 22:30:26.190 9259 9452 V threaded_app: New input event: type=2
10-21 22:30:26.206 9259 9452 V threaded_app: New input event: type=2
10-21 22:30:26.223 9259 9452 V threaded_app: New input event: type=2
10-21 22:30:26.240 9259 9452 V threaded_app: New input event: type=2
10-21 22:30:26.258 9259 9452 V threaded_app: New input event: type=2
10-21 22:30:26.273 9259 9452 V threaded_app: New input event: type=2
10-21 22:30:26.290 9259 9452 V threaded_app: New input event: type=2
10-21 22:30:26.307 9259 9452 V threaded_app: New input event: type=2
10-21 22:30:26.323 9259 9452 V threaded_app: New input event: type=2
10-21 22:30:26.339 9259 9452 V threaded_app: New input event: type=2
10-21 22:30:26.355 9259 9452 V threaded_app: New input event: type=2
10-21 22:30:26.355 9259 9452 V threaded_app: New input event: type=2
10-21 22:30:26.707 9259 9452 V threaded_app: New input event: type=2
10-21 22:30:26.782 9259 9452 V threaded_app: New input event: type=2
10-21 22:30:28.808 9259 9452 V threaded_app: New input event: type=2
10-21 22:30:28.874 9259 9452 V threaded_app: New input event: type=2
10-21 22:30:29.720 9259 9452 V threaded_app: New input event: type=2
10-21 22:30:29.753 9259 9452 V threaded_app: New input event: type=2
10-21 22:30:29.797 9259 9452 V threaded_app: New input event: type=2
10-21 22:30:29.941 9259 9259 I ImeTracker: com.pubg.imobile:b6c3ad4e:
onRequestShow at ORIGIN_CLIENT_SHOW_SOFT_INPUT reason SHOW_SOFT_INPUT
10-21 22:30:29.942 9259 9259 D InputMethodManager: invalidateInput sessionid: 0
10-21 22:30:29.947 9259 9259 D CompatibilityChangeReporter: Compat change id
reported: 163400105; UID 10002; state: DISABLED
10-21 22:30:29.947 9259 9259 D InputMethodManager: showSoftInput()
view=com.epicgames.ue4.GameActivity$VirtualKeyboardInput{fd36541 VFED..CL. .F....ID
0,0-0,0 aid=1073741824} flags=0 reason=SHOW_SOFT_INPUT
10-21 22:30:30.219 9259 9259 D InsetsController: show(ime(), fromIme=true)
10-21 22:30:30.444 9259 9259 I ImeTracker: com.pubg.imobile:b6c3ad4e: onShown
10-21 22:30:31.739 9259 9259 I ImeTracker: com.pubg.imobile:5b7a2ac6:
onRequestHide at ORIGIN_CLIENT_HIDE_SOFT_INPUT reason HIDE_SOFT_INPUT
10-21 22:30:31.759 9259 9259 W WindowOnBackDispatcher: sendCancelIfRunning:
isInProgress=falsecallback=ImeCallback=ImeOnBackInvokedCallback@72677687
Callback=android.window.IOnBackInvokedCallback$Stub$Proxy@9d0996
10-21 22:30:31.967 9259 9259 I ImeTracker: com.pubg.imobile:444a5115:
onRequestHide at ORIGIN_CLIENT_HIDE_SOFT_INPUT reason HIDE_SOFT_INPUT_BY_INSETS_API
10-21 22:30:31.969 9259 9259 I ImeTracker: com.pubg.imobile:5b7a2ac6: onHidden
10-21 22:30:32.132 9259 9452 V threaded_app: New input event: type=2
10-21 22:30:32.160 9259 9452 V threaded_app: New input event: type=2
10-21 22:30:32.174 9259 9452 V threaded_app: New input event: type=2
10-21 22:30:32.198 9259 9452 V threaded_app: New input event: type=2
10-21 22:30:32.200 9259 9452 V threaded_app: New input event: type=2
10-21 22:30:32.578 9259 9452 V threaded_app: New input event: type=2
10-21 22:30:32.635 9259 9452 V threaded_app: New input event: type=2
10-21 22:30:34.037 9259 9452 V threaded_app: New input event: type=2
10-21 22:30:34.124 9259 9452 V threaded_app: New input event: type=2
10-21 22:30:34.804 9259 9452 V threaded_app: New input event: type=2
10-21 22:30:34.821 9259 9452 V threaded_app: New input event: type=2
10-21 22:30:34.839 9259 9452 V threaded_app: New input event: type=2
10-21 22:30:34.876 9259 9452 V threaded_app: New input event: type=2
10-21 22:30:34.876 9259 9452 V threaded_app: New input event: type=2
10-21 22:30:36.970 9259 9452 V threaded_app: New input event: type=2
10-21 22:30:37.002 9259 9452 V threaded_app: New input event: type=2
10-21 22:30:37.039 9259 9452 V threaded_app: New input event: type=2
10-21 22:30:38.129 9259 9452 V threaded_app: New input event: type=2
10-21 22:30:38.150 9259 9452 V threaded_app: New input event: type=2
10-21 22:30:38.167 9259 9452 V threaded_app: New input event: type=2
10-21 22:30:38.251 9259 9452 V threaded_app: New input event: type=2
10-21 22:30:38.267 9259 9452 V threaded_app: New input event: type=2
10-21 22:30:38.285 9259 9452 V threaded_app: New input event: type=2
10-21 22:30:38.300 9259 9452 V threaded_app: New input event: type=2
10-21 22:30:38.317 9259 9452 V threaded_app: New input event: type=2
10-21 22:30:38.336 9259 9452 V threaded_app: New input event: type=2
10-21 22:30:38.350 9259 9452 V threaded_app: New input event: type=2
10-21 22:30:38.368 9259 9452 V threaded_app: New input event: type=2
10-21 22:30:38.383 9259 9452 V threaded_app: New input event: type=2
10-21 22:30:38.400 9259 9452 V threaded_app: New input event: type=2
10-21 22:30:38.416 9259 9452 V threaded_app: New input event: type=2
10-21 22:30:38.435 9259 9452 V threaded_app: New input event: type=2
10-21 22:30:38.450 9259 9452 V threaded_app: New input event: type=2
10-21 22:30:38.468 9259 9452 V threaded_app: New input event: type=2
10-21 22:30:38.484 9259 9452 V threaded_app: New input event: type=2
10-21 22:30:38.500 9259 9452 V threaded_app: New input event: type=2
10-21 22:30:38.516 9259 9452 V threaded_app: New input event: type=2
10-21 22:30:38.522 9259 9452 V threaded_app: New input event: type=2
10-21 22:30:38.524 9259 9452 V threaded_app: New input event: type=2
10-21 22:30:38.777 9259 9452 V threaded_app: New input event: type=2
10-21 22:30:38.868 9259 9452 V threaded_app: New input event: type=2
10-21 22:30:38.884 9259 9452 V threaded_app: New input event: type=2
10-21 22:30:38.899 9259 9452 V threaded_app: New input event: type=2
10-21 22:30:38.917 9259 9452 V threaded_app: New input event: type=2
10-21 22:30:38.934 9259 9452 V threaded_app: New input event: type=2
10-21 22:30:38.949 9259 9452 V threaded_app: New input event: type=2
10-21 22:30:38.966 9259 9452 V threaded_app: New input event: type=2
10-21 22:30:38.983 9259 9452 V threaded_app: New input event: type=2
10-21 22:30:38.999 9259 9452 V threaded_app: New input event: type=2
10-21 22:30:39.016 9259 9452 V threaded_app: New input event: type=2
10-21 22:30:39.033 9259 9452 V threaded_app: New input event: type=2
10-21 22:30:39.049 9259 9452 V threaded_app: New input event: type=2
10-21 22:30:39.065 9259 9452 V threaded_app: New input event: type=2
10-21 22:30:39.082 9259 9452 V threaded_app: New input event: type=2
10-21 22:30:39.101 9259 9452 V threaded_app: New input event: type=2
10-21 22:30:39.117 9259 9452 V threaded_app: New input event: type=2
10-21 22:30:39.117 9259 9452 V threaded_app: New input event: type=2
10-21 22:30:39.677 9259 9452 V threaded_app: New input event: type=2
10-21 22:30:39.799 9259 9452 V threaded_app: New input event: type=2
10-21 22:30:39.819 9259 9452 V threaded_app: New input event: type=2
10-21 22:30:39.833 9259 9452 V threaded_app: New input event: type=2
10-21 22:30:39.849 9259 9452 V threaded_app: New input event: type=2
10-21 22:30:39.866 9259 9452 V threaded_app: New input event: type=2
10-21 22:30:39.878 9259 9452 V threaded_app: New input event: type=2
10-21 22:30:39.878 9259 9452 V threaded_app: New input event: type=2
10-21 22:30:40.834 9259 9452 V threaded_app: New input event: type=2
10-21 22:30:40.865 9259 9452 V threaded_app: New input event: type=2
10-21 22:30:40.880 9259 9452 V threaded_app: New input event: type=2
10-21 22:30:40.929 9259 9452 V threaded_app: New input event: type=2
10-21 22:30:41.418 9259 9452 V threaded_app: New input event: type=2
10-21 22:30:41.446 9259 9452 V threaded_app: New input event: type=2
10-21 22:30:41.477 9259 9452 V threaded_app: New input event: type=2
10-21 22:30:41.478 9259 9452 V threaded_app: New input event: type=2
10-21 22:30:41.973 9259 9452 V threaded_app: New input event: type=2
10-21 22:30:41.996 9259 9452 V threaded_app: New input event: type=2
10-21 22:30:42.014 9259 9452 V threaded_app: New input event: type=2
10-21 22:30:42.053 9259 9452 V threaded_app: New input event: type=2
10-21 22:30:42.054 9259 9452 V threaded_app: New input event: type=2
10-21 22:30:43.487 9259 9452 V threaded_app: New input event: type=2
10-21 22:30:43.511 9259 9452 V threaded_app: New input event: type=2
10-21 22:30:43.612 9259 9452 V threaded_app: New input event: type=2
10-21 22:30:43.626 9259 9452 V threaded_app: New input event: type=2
10-21 22:30:43.644 9259 9452 V threaded_app: New input event: type=2
10-21 22:30:43.660 9259 9452 V threaded_app: New input event: type=2
10-21 22:30:43.677 9259 9452 V threaded_app: New input event: type=2
10-21 22:30:43.694 9259 9452 V threaded_app: New input event: type=2
10-21 22:30:43.710 9259 9452 V threaded_app: New input event: type=2
10-21 22:30:43.727 9259 9452 V threaded_app: New input event: type=2
10-21 22:30:43.745 9259 9452 V threaded_app: New input event: type=2
10-21 22:30:43.760 9259 9452 V threaded_app: New input event: type=2
10-21 22:30:43.776 9259 9452 V threaded_app: New input event: type=2
10-21 22:30:43.794 9259 9452 V threaded_app: New input event: type=2
10-21 22:30:43.810 9259 9452 V threaded_app: New input event: type=2
10-21 22:30:43.827 9259 9452 V threaded_app: New input event: type=2
10-21 22:30:43.843 9259 9452 V threaded_app: New input event: type=2
10-21 22:30:43.861 9259 9452 V threaded_app: New input event: type=2
10-21 22:30:43.876 9259 9452 V threaded_app: New input event: type=2
10-21 22:30:43.896 9259 9452 V threaded_app: New input event: type=2
10-21 22:30:43.910 9259 9452 V threaded_app: New input event: type=2
10-21 22:30:43.910 9259 9452 V threaded_app: New input event: type=2
10-21 22:30:44.285 9259 9452 V threaded_app: New input event: type=2
10-21 22:30:44.344 9259 9452 V threaded_app: New input event: type=2
10-21 22:30:44.362 9259 9452 V threaded_app: New input event: type=2
10-21 22:30:44.376 9259 9452 V threaded_app: New input event: type=2
10-21 22:30:44.393 9259 9452 V threaded_app: New input event: type=2
10-21 22:30:44.410 9259 9452 V threaded_app: New input event: type=2
10-21 22:30:44.426 9259 9452 V threaded_app: New input event: type=2
10-21 22:30:44.443 9259 9452 V threaded_app: New input event: type=2
10-21 22:30:44.459 9259 9452 V threaded_app: New input event: type=2
10-21 22:30:44.477 9259 9452 V threaded_app: New input event: type=2
10-21 22:30:44.493 9259 9452 V threaded_app: New input event: type=2
10-21 22:30:44.498 9259 9278 E LoadedApk: performReceive() called targeting raw
IIntentReceiver for Intent { act=android.intent.action.BATTERY_CHANGED
flg=0x70000010 (has extras) }
10-21 22:30:44.509 9259 9452 V threaded_app: New input event: type=2
10-21 22:30:44.526 9259 9452 V threaded_app: New input event: type=2
10-21 22:30:44.543 9259 9452 V threaded_app: New input event: type=2
10-21 22:30:44.559 9259 9452 V threaded_app: New input event: type=2
10-21 22:30:44.576 9259 9452 V threaded_app: New input event: type=2
10-21 22:30:44.593 9259 9452 V threaded_app: New input event: type=2
10-21 22:30:44.610 9259 9452 V threaded_app: New input event: type=2
10-21 22:30:44.626 9259 9452 V threaded_app: New input event: type=2
10-21 22:30:44.644 9259 9452 V threaded_app: New input event: type=2
10-21 22:30:44.659 9259 9452 V threaded_app: New input event: type=2
10-21 22:30:44.676 9259 9452 V threaded_app: New input event: type=2
10-21 22:30:44.695 9259 9452 V threaded_app: New input event: type=2
10-21 22:30:44.710 9259 9452 V threaded_app: New input event: type=2
10-21 22:30:44.725 9259 9452 V threaded_app: New input event: type=2
10-21 22:30:44.742 9259 9452 V threaded_app: New input event: type=2
10-21 22:30:44.753 9259 9452 V threaded_app: New input event: type=2
10-21 22:30:44.754 9259 9452 V threaded_app: New input event: type=2
10-21 22:30:45.918 9259 9452 V threaded_app: New input event: type=2
10-21 22:30:45.943 9259 9452 V threaded_app: New input event: type=2
10-21 22:30:45.959 9259 9452 V threaded_app: New input event: type=2
10-21 22:30:46.028 9259 9452 V threaded_app: New input event: type=2
10-21 22:30:46.040 9259 9452 V threaded_app: New input event: type=2
10-21 22:30:46.057 9259 9452 V threaded_app: New input event: type=2
10-21 22:30:46.074 9259 9452 V threaded_app: New input event: type=2
10-21 22:30:46.090 9259 9452 V threaded_app: New input event: type=2
10-21 22:30:46.107 9259 9452 V threaded_app: New input event: type=2
10-21 22:30:46.123 9259 9452 V threaded_app: New input event: type=2
10-21 22:30:46.140 9259 9452 V threaded_app: New input event: type=2
10-21 22:30:46.160 9259 9452 V threaded_app: New input event: type=2
10-21 22:30:46.174 9259 9452 V threaded_app: New input event: type=2
10-21 22:30:46.190 9259 9452 V threaded_app: New input event: type=2
10-21 22:30:46.208 9259 9452 V threaded_app: New input event: type=2
10-21 22:30:46.224 9259 9452 V threaded_app: New input event: type=2
10-21 22:30:46.240 9259 9452 V threaded_app: New input event: type=2
10-21 22:30:46.257 9259 9452 V threaded_app: New input event: type=2
10-21 22:30:46.274 9259 9452 V threaded_app: New input event: type=2
10-21 22:30:46.291 9259 9452 V threaded_app: New input event: type=2
10-21 22:30:46.309 9259 9452 V threaded_app: New input event: type=2
10-21 22:30:46.324 9259 9452 V threaded_app: New input event: type=2
10-21 22:30:46.341 9259 9452 V threaded_app: New input event: type=2
10-21 22:30:46.357 9259 9452 V threaded_app: New input event: type=2
10-21 22:30:46.373 9259 9452 V threaded_app: New input event: type=2
10-21 22:30:46.391 9259 9452 V threaded_app: New input event: type=2
10-21 22:30:46.406 9259 9452 V threaded_app: New input event: type=2
10-21 22:30:46.424 9259 9452 V threaded_app: New input event: type=2
10-21 22:30:46.440 9259 9452 V threaded_app: New input event: type=2
10-21 22:30:46.457 9259 9452 V threaded_app: New input event: type=2
