10-21 22:24:27.779 9259 9451 D GameActivity: AndroidThunkJava_GetNativeVersion
10-21 22:24:27.795 9259 9451 D GameActitivy: AndroidThunkJava_GetFCMToken START
10-21 22:24:28.039 9259 10847 E HDmpve : [2024-10-21 22:24:28 039] | Error |
[HDmpve] |0x721fc07cb0| HttpNetwork.cpp:1209|GetAddrInfoSysFunc| get host ip,in-
f.globh.com-> 23.206.189.203
10-21 22:24:28.039 9259 10847 E HDmpve : [2024-10-21 22:24:28 039] | Error |
[HDmpve] |0x721fc07cb0| HttpNetwork.cpp:1209|GetAddrInfoSysFunc| get host ip,in-
f.globh.com-> 23.206.189.208
10-21 22:24:28.043 9259 10838 E HDmpve : [2024-10-21 22:24:28 043] | Error |
[HDmpve] |0x7220fd1cb0| HttpNetwork.cpp:1209|GetAddrInfoSysFunc| get host ip,in-
f.globh.com-> 23.206.189.203
10-21 22:24:28.043 9259 10838 E HDmpve : [2024-10-21 22:24:28 043] | Error |
[HDmpve] |0x7220fd1cb0| HttpNetwork.cpp:1209|GetAddrInfoSysFunc| get host ip,in-
f.globh.com-> 23.206.189.208
10-21 22:24:29.013 9259 9451 D centauri: UePayAdapter | Thread-9 | SetLogEnable
enable: false
10-21 22:24:29.014 9259 9451 E centauri: APTools | Thread-9 | getCentauriString
called, context null
10-21 22:24:29.014 9259 9259 I centauri: CTIPayAPI | MainThread-UE4 |
setEnv(),env: release
10-21 22:24:29.014 9259 9259 I centauri: CTIPayAPI | MainThread-UE4 |
setReleaseIDC(),idc: singapore_pubgld idcInfo:
10-21 22:24:29.014 9259 9259 D centauri: UePayAdapter | MainThread-UE4 |
Initialize message idc: singapore_pubgld
10-21 22:24:29.014 9259 9259 D centauri: UePayAdapter | MainThread-UE4 |
Initialize message env: release
10-21 22:24:29.014 9259 9259 D centauri: UePayAdapter | MainThread-UE4 |
Initialize message req: com.centauri.oversea.api.CocosCTIInitRequest@d91c03e
10-21 22:24:29.018 9259 9259 D centauriComm<Log>: Log init
10-21 22:24:29.018 9259 9259 W centauriComm<Log>: get pkgName: com.pubg.imobile
10-21 22:24:29.019 9259 9259 D centauriComm<Log>: has WRITE_EXTERNAL_STORAGE? :
false
10-21 22:24:29.020 9259 9259 W centauriComm<Log>: get process name:
10-21 22:24:29.027 9259 9259 I centauriComm<Log>: Log lib versionName: 2.01.04
versionCode: 200104
10-21 22:24:29.029 9259 9259 D centauriComm<Log>: log dir:
/storage/emulated/0/SdCard/Android/data/com.pubg.imobile/files/centauri/log/
com.pubg.imobile/
10-21 22:24:29.029 9259 9259 D centauriComm<Log>: log file:
/storage/emulated/0/SdCard/Android/data/com.pubg.imobile/files/centauri/log/
com.pubg.imobile/20241021_1.txt
10-21 22:24:29.030 9259 9259 D centauriComm<Log>: current config: max log size: 1
MB, max log num: 2, max keep 15 DAYS
10-21 22:24:29.031 9259 9259 D centauriComm<Log>: final config: max log size: 1
MB, max log num: 2, max keep 15 DAYS
10-21 22:24:29.032 9259 9259 W centauriComm<Log>: open log appender
10-21 22:24:29.034 9259 9259 D centauriComm<Log>: open log file:
/storage/emulated/0/SdCard/Android/data/com.pubg.imobile/files/centauri/log/
com.pubg.imobile/20241021_1.txt
10-21 22:24:29.037 9259 9259 D centauriComm<Log>: __flush and write data size:
38352
10-21 22:24:29.038 9259 9259 D centauriComm<Log>: size to write: 38352, channel
size: 0, limit: 1048576
10-21 22:24:29.040 9259 9259 D centauriComm<Log>: write map time: 0, sync time: 2
10-21 22:24:29.052 9259 9259 W .best.cheats:p0: Method void
f4.a.b(android.content.Context, java.lang.String) failed lock verification and will
run slower.
10-21 22:24:29.052 9259 9259 W .best.cheats:p0: Common causes for lock
verification issues are non-optimized dex code
10-21 22:24:29.052 9259 9259 W .best.cheats:p0: and incorrect proguard
optimizations.
10-21 22:24:29.052 9259 9259 W .best.cheats:p0: Method java.lang.String
f4.a.e(android.content.Context, java.lang.String) failed lock verification and will
run slower.
10-21 22:24:29.052 9259 9259 W .best.cheats:p0: Method void
f4.a.i(android.content.Context, java.lang.String, java.lang.String) failed lock
verification and will run slower.
10-21 22:24:29.078 9259 9276 W System : A resource failed to call close.
10-21 22:24:29.098 9259 9259 W .best.cheats:p0: Method
com.centauri.oversea.business.payhub.gwallet.New.BillingHelper
com.centauri.oversea.business.payhub.gwallet.New.BillingHelper.getInstance(android.
content.Context) failed lock verification and will run slower.
10-21 22:24:29.101 9259 9259 I BillingHelper: startSetup
10-21 22:24:29.102 9259 9259 W BillingClient: Connection to Billing service is
blocked.
10-21 22:24:29.103 9259 10885 D TrafficStats: tagSocket(385) with
statsTag=0xffffffff, statsUid=-1
10-21 22:24:29.105 9259 10892 D TrafficStats: tagSocket(386) with
statsTag=0xffffffff, statsUid=-1
10-21 22:24:29.106 9259 10881 D TrafficStats: tagSocket(384) with
statsTag=0xffffffff, statsUid=-1
10-21 22:24:29.109 9259 10895 D TrafficStats: tagSocket(387) with
statsTag=0xffffffff, statsUid=-1
10-21 22:24:29.114 9259 9342 D CompatibilityChangeReporter: Compat change id
reported: 194532703; UID 10002; state: DISABLED
10-21 22:24:29.114 9259 9342 D CompatibilityChangeReporter: Compat change id
reported: 253665015; UID 10002; state: DISABLED
10-21 22:24:29.115 9259 9342 W d2.t : Error scheduling event Attempt to invoke
virtual method 'android.content.ComponentName android.app.job.JobInfo.getService()'
on a null object reference
10-21 22:24:29.134 9259 9451 W System.err: java.lang.NoSuchMethodError: no static
method "Lcom/antssdk/apollo/ApolloVoiceDeviceMgr;.SetRoosterDsp(Z)V"
10-21 22:24:29.136 9259 9451 W libOpenSLES: Conversion from OpenSL ES positional
channel mask 0x4 to Android mask 0 loses channels
10-21 22:24:29.136 9259 9451 I libOpenSLES: Emulating old channel mask behavior
(ignoring positional mask 0x4, using default mask 0x10 based on channel count of 1)
10-21 22:24:29.136 9259 9451 D AudioRecord: set(): 0x74c77da710, inputSource 0,
sampleRate 16000, format 0x1, channelMask 0x10, frameCount 0, notificationFrames 0,
sessionId 0, transferType 1, flags 0x5, attributionSource
AttributionSourceState{pid: 9259, uid: 10318, packageName: (null), attributionTag:
(null), token: binder:0x7577cfa8d0, renouncedPermissions: (null), next: []} uid
10318, pid 9259
10-21 22:24:29.136 9259 9451 W AudioRecord: Get process name fail
10-21 22:24:29.139 9259 10898 D TrafficStats: tagSocket(364) with
statsTag=0xffffffff, statsUid=-1
10-21 22:24:29.152 9259 9451 E AudioRecord: createRecord_l(0): AudioFlinger could
not create record track, status: -1
10-21 22:24:29.153 9259 9451 E libOpenSLES:
android_audioRecorder_realize(0x75177e7110) error creating AudioRecord object;
status -1
10-21 22:24:29.153 9259 9451 D AudioRecord: ~AudioRecord(0): mStatus -1
10-21 22:24:29.153 9259 9451 D AudioRecord: ~AudioRecord done
10-21 22:24:29.153 9259 9451 W libOpenSLES: Leaving Object::Realize
(SL_RESULT_CONTENT_UNSUPPORTED)
10-21 22:24:29.154 9259 9451 D .best.cheats:p0: PlayerBase::PlayerBase()
10-21 22:24:29.158 9259 9451 D .best.cheats:p0:
TrackPlayerBase::TrackPlayerBase()
10-21 22:24:29.158 9259 9451 I libOpenSLES: Emulating old channel mask behavior
(ignoring positional mask 0x4, using default mask 0x1 based on channel count of 1)
10-21 22:24:29.158 9259 9451 D AudioTrack: INSP:
type=audio,case=1,set=0x74c7755ab0,stream_type=-
1,sample_rate=16000,format=0x1,channel_mask=0x1,frame_count=0,flags=0x104,notificat
ion_frames=-2,session_id=47001,transfer_type=0,uid=-1,pid=-1
10-21 22:24:29.158 9259 9451 D AudioTrack: INSP:
type=audio,case=1,attributes=1,content_type=0,usage=1,source=0,flags=0x100
10-21 22:24:29.171 9259 9451 D AudioTrack: createTrack_l(15898): 0x74c7755ab0,
mCblk = 0x768c22b000, mLatency = 225, mAfLatency = 112, frameCount = 1820,
mSampleRate = 16000, mFlags = 0, mReqFrameCount = 1820, mNotificationFramesAct =
320
10-21 22:24:29.304 9259 9452 V threaded_app: New input event: type=2
10-21 22:24:29.355 9259 9452 V threaded_app: New input event: type=2
10-21 22:24:29.372 9259 9452 V threaded_app: New input event: type=2
10-21 22:24:29.389 9259 9452 V threaded_app: New input event: type=2
10-21 22:24:29.406 9259 9452 V threaded_app: New input event: type=2
10-21 22:24:29.422 9259 9452 V threaded_app: New input event: type=2
10-21 22:24:29.437 9259 9452 V threaded_app: New input event: type=2
10-21 22:24:29.437 9259 9452 V threaded_app: New input event: type=2
10-21 22:24:29.611 9259 9259 W BillingClient: Connection to Billing service is
blocked.
10-21 22:24:29.613 9259 9342 W d2.t : Error scheduling event Attempt to invoke
virtual method 'android.content.ComponentName android.app.job.JobInfo.getService()'
on a null object reference
10-21 22:24:30.124 9259 9451 D GameActivity: GameMaster.SystemVPNOpened()
10-21 22:24:30.125 9259 9451 D GameActivity: AndroidThunkJava_SystemVPNOpened
return: false
10-21 22:24:30.293 9259 9451 D GameActivity: GameMaster.SystemVPNOpened()
10-21 22:24:30.295 9259 9451 D GameActivity: AndroidThunkJava_SystemVPNOpened
return: false
10-21 22:24:30.405 9259 9451 D GameActitivy: AndroidThunkJava_GetFIRAppInstanceId
START
10-21 22:24:30.411 9259 9376 E FA : Name starts with reserved prefix. Type,
name: event param, firebase_app_instance_id
10-21 22:24:30.413 9259 9518 D TrafficStats: tagSocket(197) with
statsTag=0xffffffff, statsUid=-1
10-21 22:24:30.426 9259 9451 D GameActitivy: AndroidThunkJava_GetFIRAppInstanceId
START
10-21 22:24:30.429 9259 9376 E FA : Name starts with reserved prefix. Type,
name: event param, firebase_app_instance_id
10-21 22:24:30.614 9259 9259 W BillingClient: Connection to Billing service is
blocked.
10-21 22:24:30.618 9259 9342 W d2.t : Error scheduling event Attempt to invoke
virtual method 'android.content.ComponentName android.app.job.JobInfo.getService()'
on a null object reference
10-21 22:24:31.229 9259 9451 E libOpenSLES: pAudioSrc: requested 8 channels but
mask (0xc003f) has 6 channel bits set
10-21 22:24:31.229 9259 9451 W libOpenSLES: Leaving Engine::CreateAudioPlayer
(SL_RESULT_PARAMETER_INVALID)
10-21 22:24:31.229 9259 9451 D DA4MG : Height channels supported (0).
10-21 22:24:32.577 9259 9451 E libOpenSLES: pAudioSrc: requested 8 channels but
mask (0xc003f) has 6 channel bits set
10-21 22:24:32.577 9259 9451 W libOpenSLES: Leaving Engine::CreateAudioPlayer
(SL_RESULT_PARAMETER_INVALID)
10-21 22:24:32.577 9259 9451 D DA4MG : Height channels supported (0).
10-21 22:24:32.598 9259 9722 D AudioTrack: stop(15897): 0x74c77cd2a0, prior
state:STATE_ACTIVE
10-21 22:24:32.598 9259 9722 D AudioTrackShared: this(0x746773c170),
mCblk(0x7688225000), front(1513984), mIsOut 1, interrupt() FUTEX_WAKE
10-21 22:24:32.599 9259 9722 D AudioTrack: stop(15897): 0x74c77cd2a0 stop done
10-21 22:24:32.600 9259 9722 D AudioTrack: ~AudioTrack(15897): 0x74c77cd2a0
10-21 22:24:32.600 9259 9722 D AudioTrack: stop(15897): 0x74c77cd2a0, prior
state:STATE_STOPPED
10-21 22:24:32.606 9259 9722 D .best.cheats:p0: PlayerBase::PlayerBase()
10-21 22:24:32.608 9259 9722 D .best.cheats:p0:
TrackPlayerBase::TrackPlayerBase()
10-21 22:24:32.608 9259 9722 W libOpenSLES: Leaving Object::GetInterface
(SL_RESULT_FEATURE_UNSUPPORTED)
10-21 22:24:32.608 9259 9722 I libOpenSLES: Emulating old channel mask behavior
(ignoring positional mask 0x3, using default mask 0x3 based on channel count of 2)
10-21 22:24:32.608 9259 9722 D AudioTrack: INSP:
type=audio,case=1,set=0x74c77cd2a0,stream_type=-
1,sample_rate=48000,format=0x1,channel_mask=0x3,frame_count=0,flags=0x104,notificat
ion_frames=-16,session_id=47009,transfer_type=0,uid=-1,pid=-1
10-21 22:24:32.608 9259 9722 D AudioTrack: INSP:
type=audio,case=1,attributes=1,content_type=0,usage=1,source=0,flags=0x100
10-21 22:24:32.609 9259 9722 W AudioTrack: set(): notificationFrames=-16 clamped
to the range -1 to -8
10-21 22:24:32.617 9259 9259 W BillingClient: Connection to Billing service is
blocked.
10-21 22:24:32.621 9259 9722 I AudioTrack: createTrack_l(0):
AUDIO_OUTPUT_FLAG_FAST successful; frameCount 0 -> 2048
10-21 22:24:32.621 9259 9342 W d2.t : Error scheduling event Attempt to invoke
virtual method 'android.content.ComponentName android.app.job.JobInfo.getService()'
on a null object reference
10-21 22:24:32.622 9259 9722 D AudioTrack: createTrack_l(15899): 0x74c77cd2a0,
mCblk = 0x7688225000, mLatency = 154, mAfLatency = 112, frameCount = 2048,
mSampleRate = 48000, mFlags = 0x4, mReqFrameCount = 2048, mNotificationFramesAct =
256
10-21 22:24:32.629 9259 9722 D AudioTrack: start(15899): 0x74c77cd2a0, prior
state:STATE_STOPPED
10-21 22:24:33.200 9259 9451 D GameActivity: GameMaster.SystemVPNOpened()
10-21 22:24:33.201 9259 9451 D GameActivity: AndroidThunkJava_SystemVPNOpened
return: false
10-21 22:24:34.946 9259 9451 D CTIPayService: map iter
10-21 22:24:34.946 9259 9451 D CTIPayService: product list:
["com.pubg.imobile.mythicemblem:inapp"]
10-21 22:24:34.946 9259 9451 D CTIPayService: map iter
10-21 22:24:34.946 9259 9451 D CTIPayService: product list:
["com.pubg.imobile.loginpackc:inapp"]
10-21 22:24:34.947 9259 9451 D CTIPayService: map iter
10-21 22:24:34.947 9259 9451 D CTIPayService: product list:
["com.pubg.imobile.loginpacka:inapp"]
10-21 22:24:34.947 9259 9451 D CTIPayService: map iter
10-21 22:24:34.947 9259 9451 D CTIPayService: product list:
["com.pubg.imobile.loginpackb:inapp"]
10-21 22:24:34.949 9259 9259 I BillingHelper: startSetup
10-21 22:24:34.951 9259 9259 W BillingClient: Connection to Billing service is
blocked.
10-21 22:24:34.952 9259 9259 I BillingHelper: startSetup
10-21 22:24:34.953 9259 9259 W BillingClient: Connection to Billing service is
blocked.
10-21 22:24:34.954 9259 9259 I BillingHelper: startSetup
10-21 22:24:34.955 9259 9259 W BillingClient: Connection to Billing service is
blocked.
10-21 22:24:34.955 9259 9259 I BillingHelper: startSetup
10-21 22:24:34.956 9259 9342 W d2.t : Error scheduling event Attempt to invoke
virtual method 'android.content.ComponentName android.app.job.JobInfo.getService()'
on a null object reference
10-21 22:24:34.957 9259 9259 W BillingClient: Connection to Billing service is
blocked.
10-21 22:24:34.957 9259 9259 D APProductInfo_New: callback:{"ret":"-
1","msg":"","productInfo":[]}
10-21 22:24:34.958 9259 9342 W d2.t : Error scheduling event Attempt to invoke
virtual method 'android.content.ComponentName android.app.job.JobInfo.getService()'
on a null object reference
10-21 22:24:34.960 9259 9342 W d2.t : Error scheduling event Attempt to invoke
virtual method 'android.content.ComponentName android.app.job.JobInfo.getService()'
on a null object reference
10-21 22:24:34.962 9259 9342 W d2.t : Error scheduling event Attempt to invoke
virtual method 'android.content.ComponentName android.app.job.JobInfo.getService()'
on a null object reference
10-21 22:24:35.727 9259 9452 V threaded_app: New input event: type=2
10-21 22:24:35.748 9259 9452 V threaded_app: New input event: type=2
10-21 22:24:35.802 9259 9452 V threaded_app: New input event: type=2
10-21 22:24:35.804 9259 9452 V threaded_app: New input event: type=2
10-21 22:24:38.451 9259 9452 V threaded_app: New input event: type=2
10-21 22:24:38.478 9259 9452 V threaded_app: New input event: type=2
10-21 22:24:38.512 9259 9452 V threaded_app: New input event: type=2
10-21 22:24:38.527 9259 9452 V threaded_app: New input event: type=2
10-21 22:24:38.548 9259 9452 V threaded_app: New input event: type=2
10-21 22:24:38.561 9259 9452 V threaded_app: New input event: type=2
10-21 22:24:38.578 9259 9452 V threaded_app: New input event: type=2
10-21 22:24:38.594 9259 9452 V threaded_app: New input event: type=2
10-21 22:24:38.604 9259 9452 V threaded_app: New input event: type=2
10-21 22:24:38.605 9259 9452 V threaded_app: New input event: type=2
10-21 22:24:38.965 9259 10838 E HDmpve : [2024-10-21 22:24:38 965] | Error |
[HDmpve] |0x7220fd1cb0| DownloadProcess.cpp:330|ThreadProcess| DLProcess
PollingTime Changed: 10000 -> 300000
10-21 22:24:38.967 9259 10847 E HDmpve : [2024-10-21 22:24:38 967] | Error |
[HDmpve] |0x721fc07cb0| DownloadProcess.cpp:330|ThreadProcess| DLProcess
PollingTime Changed: 10000 -> 300000
10-21 22:24:39.002 9259 9451 E libOpenSLES: pAudioSrc: requested 8 channels but
mask (0xc003f) has 6 channel bits set
10-21 22:24:39.002 9259 9451 W libOpenSLES: Leaving Engine::CreateAudioPlayer
(SL_RESULT_PARAMETER_INVALID)
10-21 22:24:39.002 9259 9451 D DA4MG : Height channels supported (0).
10-21 22:24:39.454 9259 9259 V threaded_app: WindowFocusChanged: 0x7587732070 --
0
10-21 22:24:39.454 9259 9452 D UE4 : Case APP_CMD_LOST_FOCUS
10-21 22:24:40.224 9259 9282 W .best.cheats:p0: Couldn't lock the profile file
/data/misc/profiles/cur/0/com.pubg.imobile/primary.prof: Failed to open file
'/data/misc/profiles/cur/0/com.pubg.imobile/primary.prof': Permission denied
10-21 22:24:40.224 9259 9282 W .best.cheats:p0: Could not forcefully load profile
/data/misc/profiles/cur/0/com.pubg.imobile/primary.prof
10-21 22:24:41.453 9259 9726 E LoadedApk: performReceive() called targeting raw
IIntentReceiver for Intent { act=android.intent.action.BATTERY_CHANGED
flg=0x70000010 (has extras) }
10-21 22:24:45.038 9259 9726 E LoadedApk: performReceive() called targeting raw
IIntentReceiver for Intent { act=android.intent.action.BATTERY_CHANGED
flg=0x70000010 (has extras) }
10-21 22:24:45.416 9259 9337 D TrafficStats: tagSocket(259) with
statsTag=0xffffffff, statsUid=-1
10-21 22:24:47.939 9259 9259 V threaded_app: WindowFocusChanged: 0x7587732070 --
1
10-21 22:24:47.941 9259 9452 D UE4 : Case APP_CMD_GAINED_FOCUS
10-21 22:24:48.581 9259 9451 D GameActitivy: AndroidThunkJava_IsPermissionGranted
android.permission.BLUETOOTH_ADMIN
10-21 22:24:48.581 9259 9451 D PermissionUtil: isPermissionGranted
10-21 22:24:48.581 9259 9451 D PermissionUtil: targetSdkVersion: 34
10-21 22:24:48.582 9259 9451 D PermissionUtil:
isPermissionGranted(android.permission.BLUETOOTH_ADMIN) return true
10-21 22:24:49.304 9259 11081 W AudioTrack: restoreTrack_l(15899): dead
IAudioTrack, 0x74c77cd2a0, PCM, creating a new one from obtainBuffer()
10-21 22:24:49.305 9259 11081 I BpBinder: onLastStrongRef automatically unlinking
death recipients:
10-21 22:24:49.305 9259 11081 I BpBinder: onLastStrongRef automatically unlinking
death recipients:
10-21 22:24:49.332 9259 11081 D AudioTrack: createTrack_l(15913): 0x74c77cd2a0,
mCblk = 0x73d079a000, mLatency = 230, mAfLatency = 210, frameCount = 975,
mSampleRate = 48000, mFlags = 0, mReqFrameCount = 2048, mNotificationFramesAct =
325
10-21 22:24:49.357 9259 11081 D AudioTrack: releaseBuffer is no-op due to
IAudioTrack sequence mismatch 1 != 2
10-21 22:24:49.357 9259 11081 D AudioTrack: processAudioBuffer(15913) mCbf
EVENT_NEW_IAUDIOTRACK
10-21 22:24:49.413 9259 9726 E LoadedApk: performReceive() called targeting raw
IIntentReceiver for Intent { act=android.media.VOLUME_CHANGED_ACTION flg=0x14000010
(has extras) }
10-21 22:24:49.439 9259 9726 E LoadedApk: performReceive() called targeting raw
IIntentReceiver for Intent { act=android.media.VOLUME_CHANGED_ACTION flg=0x14000010
(has extras) }
10-21 22:24:50.917 9259 9451 D GameActitivy: AndroidThunkJava_GetVolume START
10-21 22:24:50.926 9259 9451 D GameActitivy: AndroidThunkJava_GetVolume START
10-21 22:24:52.181 9259 9452 V threaded_app: New input event: type=2
10-21 22:24:52.227 9259 9452 V threaded_app: New input event: type=2
10-21 22:24:52.277 9259 9452 V threaded_app: New input event: type=2
10-21 22:24:52.293 9259 9452 V threaded_app: New input event: type=2
10-21 22:24:52.311 9259 9452 V threaded_app: New input event: type=2
10-21 22:24:52.327 9259 9452 V threaded_app: New input event: type=2
10-21 22:24:52.343 9259 9452 V threaded_app: New input event: type=2
10-21 22:24:52.360 9259 9452 V threaded_app: New input event: type=2
10-21 22:24:52.376 9259 9452 V threaded_app: New input event: type=2
10-21 22:24:52.394 9259 9452 V threaded_app: New input event: type=2
10-21 22:24:52.410 9259 9452 V threaded_app: New input event: type=2
10-21 22:24:52.426 9259 9452 V threaded_app: New input event: type=2
10-21 22:24:52.480 9259 9452 V threaded_app: New input event: type=2
10-21 22:24:52.522 9259 9452 V threaded_app: New input event: type=2
10-21 22:24:52.560 9259 9452 V threaded_app: New input event: type=2
10-21 22:24:52.600 9259 9452 V threaded_app: New input event: type=2
10-21 22:24:52.692 9259 9452 V threaded_app: New input event: type=2
10-21 22:24:52.745 9259 9452 V threaded_app: New input event: type=2
10-21 22:24:53.287 9259 9452 V threaded_app: New input event: type=2
10-21 22:24:53.320 9259 9452 V threaded_app: New input event: type=2
10-21 22:24:53.902 9259 9452 V threaded_app: New input event: type=2
10-21 22:24:53.951 9259 9452 V threaded_app: New input event: type=2
10-21 22:24:54.027 9259 9452 V threaded_app: New input event: type=2
10-21 22:24:54.092 9259 9452 V threaded_app: New input event: type=2
10-21 22:24:54.141 9259 9452 V threaded_app: New input event: type=2
10-21 22:24:54.158 9259 9452 V threaded_app: New input event: type=2
10-21 22:24:54.175 9259 9452 V threaded_app: New input event: type=2
10-21 22:24:54.192 9259 9452 V threaded_app: New input event: type=2
10-21 22:24:54.208 9259 9452 V threaded_app: New input event: type=2
10-21 22:24:54.224 9259 9452 V threaded_app: New input event: type=2
10-21 22:24:54.241 9259 9452 V threaded_app: New input event: type=2
10-21 22:24:54.258 9259 9452 V threaded_app: New input event: type=2
10-21 22:24:54.274 9259 9452 V threaded_app: New input event: type=2
10-21 22:24:54.291 9259 9452 V threaded_app: New input event: type=2
10-21 22:24:54.308 9259 9452 V threaded_app: New input event: type=2
10-21 22:24:54.325 9259 9452 V threaded_app: New input event: type=2
10-21 22:24:54.350 9259 9452 V threaded_app: New input event: type=2
10-21 22:24:54.896 9259 9452 V threaded_app: New input event: type=2
10-21 22:24:55.007 9259 9452 V threaded_app: New input event: type=2
10-21 22:24:55.040 9259 9452 V threaded_app: New input event: type=2
10-21 22:24:55.057 9259 9452 V threaded_app: New input event: type=2
10-21 22:24:55.090 9259 9452 V threaded_app: New input event: type=2
10-21 22:24:55.107 9259 9452 V threaded_app: New input event: type=2
10-21 22:24:55.123 9259 9452 V threaded_app: New input event: type=2
10-21 22:24:55.140 9259 9452 V threaded_app: New input event: type=2
10-21 22:24:55.157 9259 9452 V threaded_app: New input event: type=2
10-21 22:24:55.173 9259 9452 V threaded_app: New input event: type=2
10-21 22:24:55.190 9259 9452 V threaded_app: New input event: type=2
10-21 22:24:55.207 9259 9452 V threaded_app: New input event: type=2
10-21 22:24:55.223 9259 9452 V threaded_app: New input event: type=2
10-21 22:24:55.240 9259 9452 V threaded_app: New input event: type=2
10-21 22:24:55.240 9259 9452 V threaded_app: New input event: type=2
10-21 22:24:55.280 9259 9452 V threaded_app: New input event: type=2
10-21 22:24:55.407 9259 9452 V threaded_app: New input event: type=2
10-21 22:24:55.423 9259 9452 V threaded_app: New input event: type=2
10-21 22:24:55.439 9259 9452 V threaded_app: New input event: type=2
10-21 22:24:55.456 9259 9452 V threaded_app: New input event: type=2
10-21 22:24:55.473 9259 9452 V threaded_app: New input event: type=2
10-21 22:24:55.489 9259 9452 V threaded_app: New input event: type=2
10-21 22:24:55.523 9259 9452 V threaded_app: New input event: type=2
10-21 22:24:55.540 9259 9452 V threaded_app: New input event: type=2
10-21 22:24:55.573 9259 9452 V threaded_app: New input event: type=2
10-21 22:24:55.585 9259 9452 V threaded_app: New input event: type=2
10-21 22:24:55.585 9259 9452 V threaded_app: New input event: type=2
10-21 22:24:55.753 9259 9452 V threaded_app: New input event: type=2
10-21 22:24:55.818 9259 9452 V threaded_app: New input event: type=2
10-21 22:24:56.886 9259 9452 V threaded_app: New input event: type=2
10-21 22:24:56.954 9259 9452 V threaded_app: New input event: type=2
10-21 22:24:57.092 9259 9452 V threaded_app: New input event: type=2
10-21 22:24:57.138 9259 9452 V threaded_app: New input event: type=2
10-21 22:24:57.171 9259 9452 V threaded_app: New input event: type=2
10-21 22:24:57.189 9259 9452 V threaded_app: New input event: type=2
10-21 22:24:57.204 9259 9452 V threaded_app: New input event: type=2
10-21 22:24:57.221 9259 9452 V threaded_app: New input event: type=2
10-21 22:24:57.237 9259 9452 V threaded_app: New input event: type=2
10-21 22:24:57.255 9259 9452 V threaded_app: New input event: type=2
10-21 22:24:57.272 9259 9452 V threaded_app: New input event: type=2
10-21 22:24:57.273 9259 9721 E LoadedApk: performReceive() called targeting raw
IIntentReceiver for Intent { act=android.intent.action.BATTERY_CHANGED
flg=0x70000010 (has extras) }
10-21 22:24:57.288 9259 9452 V threaded_app: New input event: type=2
10-21 22:24:57.305 9259 9452 V threaded_app: New input event: type=2
10-21 22:24:57.321 9259 9452 V threaded_app: New input event: type=2
10-21 22:24:57.338 9259 9452 V threaded_app: New input event: type=2
10-21 22:24:57.356 9259 9452 V threaded_app: New input event: type=2
10-21 22:24:57.371 9259 9452 V threaded_app: New input event: type=2
10-21 22:24:57.388 9259 9452 V threaded_app: New input event: type=2
10-21 22:24:57.405 9259 9452 V threaded_app: New input event: type=2
10-21 22:24:57.421 9259 9452 V threaded_app: New input event: type=2
10-21 22:24:57.437 9259 9452 V threaded_app: New input event: type=2
10-21 22:24:57.454 9259 9452 V threaded_app: New input event: type=2
10-21 22:24:57.473 9259 9452 V threaded_app: New input event: type=2
10-21 22:24:57.488 9259 9452 V threaded_app: New input event: type=2
10-21 22:24:57.504 9259 9452 V threaded_app: New input event: type=2
10-21 22:24:57.520 9259 9452 V threaded_app: New input event: type=2
10-21 22:24:57.554 9259 9452 V threaded_app: New input event: type=2
10-21 22:24:57.720 9259 10837 W Rpc : No response
10-21 22:24:57.721 9259 9359 E FirebaseMessaging: Topic sync or token retrieval
failed on hard failure exceptions: java.util.concurrent.ExecutionException:
java.io.IOException: TIMEOUT. Won't retry the operation.
10-21 22:24:57.838 9259 9452 V threaded_app: New input event: type=2
10-21 22:24:58.137 9259 9452 V threaded_app: New input event: type=2
10-21 22:24:58.404 9259 9452 V threaded_app: New input event: type=2
10-21 22:24:58.554 9259 9452 V threaded_app: New input event: type=2
10-21 22:24:58.951 9259 9452 V threaded_app: New input event: type=2
10-21 22:24:59.019 9259 9452 V threaded_app: New input event: type=2
10-21 22:24:59.035 9259 9452 V threaded_app: New input event: type=2
10-21 22:24:59.052 9259 9452 V threaded_app: New input event: type=2
10-21 22:24:59.069 9259 9452 V threaded_app: New input event: type=2
10-21 22:24:59.087 9259 9452 V threaded_app: New input event: type=2
10-21 22:24:59.102 9259 9452 V threaded_app: New input event: type=2
10-21 22:24:59.118 9259 9452 V threaded_app: New input event: type=2
10-21 22:24:59.122 9259 9259 W Thread-138: type=1400 audit(0.0:404305): avc:
denied { search } for name="net" dev="sysfs" ino=29939
scontext=u:r:untrusted_app_29:s0:c62,c257,c512,c768
tcontext=u:object_r:sysfs_net:s0 tclass=dir permissive=0 app=com.best.cheats
10-21 22:24:59.122 9259 9259 W Thread-138: type=1400 audit(0.0:404306): avc:
denied { search } for name="net" dev="sysfs" ino=29939
scontext=u:r:untrusted_app_29:s0:c62,c257,c512,c768
tcontext=u:object_r:sysfs_net:s0 tclass=dir permissive=0 app=com.best.cheats
10-21 22:24:59.135 9259 9452 V threaded_app: New input event: type=2
10-21 22:24:59.152 9259 9452 V threaded_app: New input event: type=2
10-21 22:24:59.169 9259 9452 V threaded_app: New input event: type=2
10-21 22:24:59.186 9259 9452 V threaded_app: New input event: type=2
10-21 22:24:59.205 9259 9452 V threaded_app: New input event: type=2
10-21 22:24:59.219 9259 9452 V threaded_app: New input event: type=2
10-21 22:24:59.235 9259 9452 V threaded_app: New input event: type=2
10-21 22:24:59.252 9259 9452 V threaded_app: New input event: type=2
10-21 22:24:59.269 9259 9452 V threaded_app: New input event: type=2
10-21 22:24:59.369 9259 9452 V threaded_app: New input event: type=2
10-21 22:24:59.454 9259 9452 V threaded_app: New input event: type=2
10-21 22:24:59.728 9259 9452 V threaded_app: New input event: type=2
10-21 22:25:00.037 9259 9452 V threaded_app: New input event: type=2
10-21 22:25:00.068 9259 9452 V threaded_app: New input event: type=2
10-21 22:25:00.111 9259 9452 V threaded_app: New input event: type=2
10-21 22:25:01.982 9259 9452 V threaded_app: New input event: type=2
10-21 22:25:01.988 9259 9452 V threaded_app: New input event: type=2
10-21 22:25:02.021 9259 9452 V threaded_app: New input event: type=2
10-21 22:25:02.781 9259 9452 V threaded_app: New input event: type=2
10-21 22:25:03.031 9259 9452 V threaded_app: New input event: type=2
10-21 22:25:03.134 9259 9259 W Thread-138: type=1400 audit(0.0:404307): avc:
denied { read } for name="cache" dev="dm-13" ino=101
scontext=u:r:untrusted_app_29:s0:c62,c257,c512,c768
tcontext=u:object_r:cache_file:s0 tclass=lnk_file permissive=0 app=com.best.cheats
10-21 22:25:03.170 9259 9452 V threaded_app: New input event: type=2
10-21 22:25:03.263 9259 9452 V threaded_app: New input event: type=2
10-21 22:25:03.281 9259 9452 V threaded_app: New input event: type=2
10-21 22:25:03.298 9259 9452 V threaded_app: New input event: type=2
10-21 22:25:03.315 9259 9452 V threaded_app: New input event: type=2
10-21 22:25:03.330 9259 9452 V threaded_app: New input event: type=2
10-21 22:25:03.347 9259 9452 V threaded_app: New input event: type=2
10-21 22:25:03.363 9259 9452 V threaded_app: New input event: type=2
10-21 22:25:03.380 9259 9452 V threaded_app: New input event: type=2
10-21 22:25:03.397 9259 9452 V threaded_app: New input event: type=2
10-21 22:25:03.414 9259 9452 V threaded_app: New input event: type=2
10-21 22:25:03.430 9259 9452 V threaded_app: New input event: type=2
10-21 22:25:03.448 9259 9452 V threaded_app: New input event: type=2
10-21 22:25:03.464 9259 9452 V threaded_app: New input event: type=2
10-21 22:25:03.497 9259 9452 V threaded_app: New input event: type=2
10-21 22:25:03.514 9259 9452 V threaded_app: New input event: type=2
10-21 22:25:03.533 9259 9452 V threaded_app: New input event: type=2
10-21 22:25:03.547 9259 9452 V threaded_app: New input event: type=2
10-21 22:25:03.565 9259 9452 V threaded_app: New input event: type=2
10-21 22:25:03.681 9259 9452 V threaded_app: New input event: type=2
10-21 22:25:04.012 9259 9452 V threaded_app: New input event: type=2
10-21 22:25:04.076 9259 9452 V threaded_app: New input event: type=2
10-21 22:25:04.077 9259 9452 V threaded_app: New input event: type=2
10-21 22:25:05.053 9259 9721 E LoadedApk: performReceive() called targeting raw
IIntentReceiver for Intent { act=android.intent.action.BATTERY_CHANGED
flg=0x70000010 (has extras) }
10-21 22:25:05.433 9259 9452 V threaded_app: New input event: type=2
10-21 22:25:05.503 9259 9452 V threaded_app: New input event: type=2
10-21 22:25:06.643 9259 9452 V threaded_app: New input event: type=2
10-21 22:25:07.208 9259 9721 E LoadedApk: performReceive() called targeting raw
IIntentReceiver for Intent { act=android.intent.action.BATTERY_CHANGED
flg=0x70000010 (has extras) }
10-21 22:25:07.390 9259 9452 V threaded_app: New input event: type=2
10-21 22:25:07.425 9259 9452 V threaded_app: New input event: type=2
10-21 22:25:07.477 9259 9452 V threaded_app: New input event: type=2
10-21 22:25:07.496 9259 9452 V threaded_app: New input event: type=2
10-21 22:25:07.510 9259 9452 V threaded_app: New input event: type=2
10-21 22:25:07.525 9259 9452 V threaded_app: New input event: type=2
10-21 22:25:07.542 9259 9452 V threaded_app: New input event: type=2
10-21 22:25:07.558 9259 9452 V threaded_app: New input event: type=2
10-21 22:25:07.575 9259 9452 V threaded_app: New input event: type=2
10-21 22:25:07.592 9259 9452 V threaded_app: New input event: type=2
10-21 22:25:07.608 9259 9452 V threaded_app: New input event: type=2
10-21 22:25:07.626 9259 9452 V threaded_app: New input event: type=2
10-21 22:25:07.641 9259 9452 V threaded_app: New input event: type=2
10-21 22:25:07.658 9259 9452 V threaded_app: New input event: type=2
10-21 22:25:07.694 9259 9452 V threaded_app: New input event: type=2
10-21 22:25:07.741 9259 9452 V threaded_app: New input event: type=2
10-21 22:25:07.791 9259 9452 V threaded_app: New input event: type=2
10-21 22:25:07.873 9259 9452 V threaded_app: New input event: type=2
10-21 22:25:09.186 9259 9452 V threaded_app: New input event: type=2
10-21 22:25:09.323 9259 9452 V threaded_app: New input event: type=2
10-21 22:25:09.356 9259 9452 V threaded_app: New input event: type=2
10-21 22:25:09.372 9259 9452 V threaded_app: New input event: type=2
10-21 22:25:09.389 9259 9452 V threaded_app: New input event: type=2
10-21 22:25:09.408 9259 9452 V threaded_app: New input event: type=2
10-21 22:25:09.422 9259 9452 V threaded_app: New input event: type=2
10-21 22:25:09.440 9259 9452 V threaded_app: New input event: type=2
10-21 22:25:09.487 9259 9452 V threaded_app: New input event: type=2
10-21 22:25:09.489 9259 9452 V threaded_app: New input event: type=2
10-21 22:25:09.773 9259 9452 V threaded_app: New input event: type=2
10-21 22:25:09.788 9259 9452 V threaded_app: New input event: type=2
10-21 22:25:09.805 9259 9452 V threaded_app: New input event: type=2
10-21 22:25:09.822 9259 9452 V threaded_app: New input event: type=2
10-21 22:25:09.838 9259 9452 V threaded_app: New input event: type=2
10-21 22:25:09.856 9259 9452 V threaded_app: New input event: type=2
10-21 22:25:09.873 9259 9452 V threaded_app: New input event: type=2
10-21 22:25:09.890 9259 9452 V threaded_app: New input event: type=2
10-21 22:25:09.906 9259 9452 V threaded_app: New input event: type=2
10-21 22:25:09.939 9259 9452 V threaded_app: New input event: type=2
10-21 22:25:09.990 9259 9452 V threaded_app: New input event: type=2
10-21 22:25:10.083 9259 9452 V threaded_app: New input event: type=2
10-21 22:25:10.123 9259 9452 V threaded_app: New input event: type=2
10-21 22:25:10.139 9259 9452 V threaded_app: New input event: type=2
10-21 22:25:10.177 9259 9452 V threaded_app: New input event: type=2
10-21 22:25:10.190 9259 9452 V threaded_app: New input event: type=2
10-21 22:25:10.205 9259 9452 V threaded_app: New input event: type=2
10-21 22:25:10.224 9259 9452 V threaded_app: New input event: type=2
10-21 22:25:10.238 9259 9452 V threaded_app: New input event: type=2
10-21 22:25:10.255 9259 9452 V threaded_app: New input event: type=2
10-21 22:25:10.271 9259 9452 V threaded_app: New input event: type=2
10-21 22:25:10.289 9259 9452 V threaded_app: New input event: type=2
10-21 22:25:10.305 9259 9452 V threaded_app: New input event: type=2
10-21 22:25:10.322 9259 9452 V threaded_app: New input event: type=2
10-21 22:25:10.338 9259 9452 V threaded_app: New input event: type=2
10-21 22:25:10.355 9259 9452 V threaded_app: New input event: type=2
10-21 22:25:10.358 9259 9452 V threaded_app: New input event: type=2
10-21 22:25:10.358 9259 9452 V threaded_app: New input event: type=2
10-21 22:25:10.567 9259 9452 V threaded_app: New input event: type=2
10-21 22:25:10.688 9259 9452 V threaded_app: New input event: type=2
10-21 22:25:10.705 9259 9452 V threaded_app: New input event: type=2
10-21 22:25:10.721 9259 9452 V threaded_app: New input event: type=2
10-21 22:25:10.738 9259 9452 V threaded_app: New input event: type=2
10-21 22:25:10.755 9259 9452 V threaded_app: New input event: type=2
10-21 22:25:10.772 9259 9452 V threaded_app: New input event: type=2
10-21 22:25:10.789 9259 9452 V threaded_app: New input event: type=2
10-21 22:25:10.806 9259 9452 V threaded_app: New input event: type=2
10-21 22:25:10.823 9259 9452 V threaded_app: New input event: type=2
10-21 22:25:10.838 9259 9452 V threaded_app: New input event: type=2
10-21 22:25:10.839 9259 9452 V threaded_app: New input event: type=2
10-21 22:25:10.840 9259 9452 V threaded_app: New input event: type=2
10-21 22:25:10.856 9259 9452 V threaded_app: New input event: type=2
10-21 22:25:10.871 9259 9452 V threaded_app: New input event: type=2
10-21 22:25:10.887 9259 9452 V threaded_app: New input event: type=2
10-21 22:25:10.904 9259 9452 V threaded_app: New input event: type=2
10-21 22:25:10.920 9259 9452 V threaded_app: New input event: type=2
10-21 22:25:10.937 9259 9452 V threaded_app: New input event: type=2
10-21 22:25:10.971 9259 9452 V threaded_app: New input event: type=2
10-21 22:25:11.090 9259 9452 V threaded_app: New input event: type=2
10-21 22:25:11.205 9259 9452 V threaded_app: New input event: type=2
10-21 22:25:11.220 9259 9452 V threaded_app: New input event: type=2
10-21 22:25:11.239 9259 9452 V threaded_app: New input event: type=2
10-21 22:25:11.253 9259 9452 V threaded_app: New input event: type=2
10-21 22:25:11.271 9259 9452 V threaded_app: New input event: type=2
10-21 22:25:11.287 9259 9452 V threaded_app: New input event: type=2
10-21 22:25:11.304 9259 9452 V threaded_app: New input event: type=2
10-21 22:25:11.320 9259 9452 V threaded_app: New input event: type=2
10-21 22:25:11.330 9259 9452 V threaded_app: New input event: type=2
10-21 22:25:11.331 9259 9452 V threaded_app: New input event: type=2
10-21 22:25:11.337 9259 9452 V threaded_app: New input event: type=2
10-21 22:25:11.354 9259 9452 V threaded_app: New input event: type=2
10-21 22:25:11.487 9259 9452 V threaded_app: New input event: type=2
10-21 22:25:11.525 9259 9452 V threaded_app: New input event: type=2
10-21 22:25:11.607 9259 9452 V threaded_app: New input event: type=2
10-21 22:25:11.722 9259 9452 V threaded_app: New input event: type=2
10-21 22:25:11.740 9259 9452 V threaded_app: New input event: type=2
10-21 22:25:11.755 9259 9452 V threaded_app: New input event: type=2
10-21 22:25:11.770 9259 9452 V threaded_app: New input event: type=2
10-21 22:25:11.786 9259 9452 V threaded_app: New input event: type=2
10-21 22:25:11.803 9259 9452 V threaded_app: New input event: type=2
10-21 22:25:11.821 9259 9452 V threaded_app: New input event: type=2
10-21 22:25:11.838 9259 9452 V threaded_app: New input event: type=2
10-21 22:25:11.853 9259 9452 V threaded_app: New input event: type=2
10-21 22:25:11.872 9259 9452 V threaded_app: New input event: type=2
10-21 22:25:11.886 9259 9452 V threaded_app: New input event: type=2
10-21 22:25:11.904 9259 9452 V threaded_app: New input event: type=2
10-21 22:25:11.919 9259 9452 V threaded_app: New input event: type=2
10-21 22:25:11.938 9259 9452 V threaded_app: New input event: type=2
10-21 22:25:11.954 9259 9452 V threaded_app: New input event: type=2
10-21 22:25:11.969 9259 9452 V threaded_app: New input event: type=2
10-21 22:25:11.986 9259 9452 V threaded_app: New input event: type=2
10-21 22:25:12.003 9259 9452 V threaded_app: New input event: type=2
10-21 22:25:12.037 9259 9452 V threaded_app: New input event: type=2
10-21 22:25:12.069 9259 9452 V threaded_app: New input event: type=2
10-21 22:25:12.103 9259 9452 V threaded_app: New input event: type=2
10-21 22:25:12.311 9259 9452 V threaded_app: New input event: type=2
10-21 22:25:12.345 9259 9452 V threaded_app: New input event: type=2
10-21 22:25:12.346 9259 9452 V threaded_app: New input event: type=2
10-21 22:25:12.885 9259 9452 V threaded_app: New input event: type=2
10-21 22:25:12.902 9259 9452 V threaded_app: New input event: type=2
10-21 22:25:12.918 9259 9452 V threaded_app: New input event: type=2
10-21 22:25:12.937 9259 9452 V threaded_app: New input event: type=2
10-21 22:25:12.951 9259 9452 V threaded_app: New input event: type=2
10-21 22:25:12.968 9259 9452 V threaded_app: New input event: type=2
10-21 22:25:12.985 9259 9452 V threaded_app: New input event: type=2
10-21 22:25:13.002 9259 9452 V threaded_app: New input event: type=2
10-21 22:25:13.018 9259 9452 V threaded_app: New input event: type=2
10-21 22:25:13.035 9259 9452 V threaded_app: New input event: type=2
10-21 22:25:13.052 9259 9452 V threaded_app: New input event: type=2
10-21 22:25:13.066 9259 9452 V threaded_app: New input event: type=2
10-21 22:25:13.086 9259 9452 V threaded_app: New input event: type=2
10-21 22:25:13.102 9259 9452 V threaded_app: New input event: type=2
10-21 22:25:13.204 9259 9452 V threaded_app: New input event: type=2
10-21 22:25:13.220 9259 9452 V threaded_app: New input event: type=2
10-21 22:25:13.235 9259 9452 V threaded_app: New input event: type=2
10-21 22:25:13.251 9259 9452 V threaded_app: New input event: type=2
10-21 22:25:13.268 9259 9452 V threaded_app: New input event: type=2
10-21 22:25:13.285 9259 9452 V threaded_app: New input event: type=2
10-21 22:25:13.304 9259 9452 V threaded_app: New input event: type=2
10-21 22:25:13.318 9259 9452 V threaded_app: New input event: type=2
10-21 22:25:13.334 9259 9452 V threaded_app: New input event: type=2
10-21 22:25:13.352 9259 9452 V threaded_app: New input event: type=2
10-21 22:25:13.368 9259 9452 V threaded_app: New input event: type=2
10-21 22:25:13.385 9259 9452 V threaded_app: New input event: type=2
10-21 22:25:13.401 9259 9452 V threaded_app: New input event: type=2
10-21 22:25:13.418 9259 9452 V threaded_app: New input event: type=2
10-21 22:25:13.436 9259 9452 V threaded_app: New input event: type=2
10-21 22:25:13.447 9259 9452 V threaded_app: New input event: type=2
10-21 22:25:13.447 9259 9452 V threaded_app: New input event: type=2
10-21 22:25:13.495 9259 9452 V threaded_app: New input event: type=2
10-21 22:25:13.496 9259 9452 V threaded_app: New input event: type=2
10-21 22:25:14.746 9259 9452 V threaded_app: New input event: type=2
10-21 22:25:14.833 9259 9452 V threaded_app: New input event: type=2
10-21 22:25:14.850 9259 9452 V threaded_app: New input event: type=2
10-21 22:25:14.866 9259 9452 V threaded_app: New input event: type=2
10-21 22:25:14.883 9259 9452 V threaded_app: New input event: type=2
10-21 22:25:14.901 9259 9452 V threaded_app: New input event: type=2
10-21 22:25:14.917 9259 9452 V threaded_app: New input event: type=2
10-21 22:25:14.934 9259 9452 V threaded_app: New input event: type=2
10-21 22:25:14.950 9259 9452 V threaded_app: New input event: type=2
10-21 22:25:14.965 9259 9452 V threaded_app: New input event: type=2
10-21 22:25:14.982 9259 9452 V threaded_app: New input event: type=2
10-21 22:25:15.022 9259 9452 V threaded_app: New input event: type=2
10-21 22:25:15.023 9259 9452 V threaded_app: New input event: type=2
10-21 22:25:15.418 9259 9452 V threaded_app: New input event: type=2
10-21 22:25:15.481 9259 9452 V threaded_app: New input event: type=2
10-21 22:25:15.499 9259 9452 V threaded_app: New input event: type=2
10-21 22:25:15.515 9259 9452 V threaded_app: New input event: type=2
10-21 22:25:15.532 9259 9452 V threaded_app: New input event: type=2
10-21 22:25:15.548 9259 9452 V threaded_app: New input event: type=2
10-21 22:25:15.565 9259 9452 V threaded_app: New input event: type=2
10-21 22:25:15.583 9259 9452 V threaded_app: New input event: type=2
10-21 22:25:15.600 9259 9452 V threaded_app: New input event: type=2
10-21 22:25:15.615 9259 9452 V threaded_app: New input event: type=2
10-21 22:25:15.631 9259 9452 V threaded_app: New input event: type=2
10-21 22:25:15.649 9259 9452 V threaded_app: New input event: type=2
10-21 22:25:15.667 9259 9452 V threaded_app: New input event: type=2
10-21 22:25:15.683 9259 9452 V threaded_app: New input event: type=2
10-21 22:25:15.698 9259 9452 V threaded_app: New input event: type=2
10-21 22:25:15.716 9259 9452 V threaded_app: New input event: type=2
10-21 22:25:15.732 9259 9452 V threaded_app: New input event: type=2
10-21 22:25:15.748 9259 9452 V threaded_app: New input event: type=2
10-21 22:25:15.765 9259 9452 V threaded_app: New input event: type=2
10-21 22:25:15.781 9259 9452 V threaded_app: New input event: type=2
10-21 22:25:15.801 9259 9452 V threaded_app: New input event: type=2
10-21 22:25:15.816 9259 9452 V threaded_app: New input event: type=2
10-21 22:25:15.832 9259 9452 V threaded_app: New input event: type=2
10-21 22:25:15.844 9259 9452 V threaded_app: New input event: type=2
10-21 22:25:15.844 9259 9452 V threaded_app: New input event: type=2
10-21 22:25:16.155 9259 9452 V threaded_app: New input event: type=2
10-21 22:25:16.182 9259 9452 V threaded_app: New input event: type=2
10-21 22:25:16.235 9259 9452 V threaded_app: New input event: type=2
10-21 22:25:16.235 9259 9452 V threaded_app: New input event: type=2
10-21 22:25:18.102 9259 9452 V threaded_app: New input event: type=2
10-21 22:25:18.185 9259 9452 V threaded_app: New input event: type=2
10-21 22:25:18.598 9259 9452 V threaded_app: New input event: type=2
10-21 22:25:18.644 9259 9452 V threaded_app: New input event: type=2
10-21 22:25:18.679 9259 9452 V threaded_app: New input event: type=2
10-21 22:25:18.694 9259 9452 V threaded_app: New input event: type=2
10-21 22:25:18.713 9259 9452 V threaded_app: New input event: type=2
10-21 22:25:18.728 9259 9452 V threaded_app: New input event: type=2
10-21 22:25:18.745 9259 9452 V threaded_app: New input event: type=2
10-21 22:25:18.761 9259 9452 V threaded_app: New input event: type=2
10-21 22:25:18.778 9259 9452 V threaded_app: New input event: type=2
10-21 22:25:18.795 9259 9452 V threaded_app: New input event: type=2
10-21 22:25:18.813 9259 9452 V threaded_app: New input event: type=2
10-21 22:25:18.829 9259 9452 V threaded_app: New input event: type=2
10-21 22:25:18.846 9259 9452 V threaded_app: New input event: type=2
10-21 22:25:18.861 9259 9452 V threaded_app: New input event: type=2
10-21 22:25:18.880 9259 9452 V threaded_app: New input event: type=2
10-21 22:25:18.895 9259 9452 V threaded_app: New input event: type=2
10-21 22:25:18.908 9259 9452 V threaded_app: New input event: type=2
10-21 22:25:18.909 9259 9452 V threaded_app: New input event: type=2
10-21 22:25:19.178 9259 9452 V threaded_app: New input event: type=2
10-21 22:25:19.228 9259 9452 V threaded_app: New input event: type=2
10-21 22:25:19.294 9259 9452 V threaded_app: New input event: type=2
10-21 22:25:19.311 9259 9452 V threaded_app: New input event: type=2
10-21 22:25:19.327 9259 9452 V threaded_app: New input event: type=2
10-21 22:25:19.346 9259 9452 V threaded_app: New input event: type=2
10-21 22:25:19.361 9259 9452 V threaded_app: New input event: type=2
10-21 22:25:19.377 9259 9452 V threaded_app: New input event: type=2
10-21 22:25:19.393 9259 9452 V threaded_app: New input event: type=2
10-21 22:25:19.411 9259 9452 V threaded_app: New input event: type=2
10-21 22:25:19.427 9259 9452 V threaded_app: New input event: type=2
10-21 22:25:19.444 9259 9452 V threaded_app: New input event: type=2
10-21 22:25:19.460 9259 9452 V threaded_app: New input event: type=2
10-21 22:25:19.477 9259 9452 V threaded_app: New input event: type=2
10-21 22:25:19.494 9259 9452 V threaded_app: New input event: type=2
10-21 22:25:19.510 9259 9452 V threaded_app: New input event: type=2
10-21 22:25:19.511 9259 9452 V threaded_app: New input event: type=2
10-21 22:25:19.780 9259 9452 V threaded_app: New input event: type=2
10-21 22:25:19.876 9259 9452 V threaded_app: New input event: type=2
10-21 22:25:19.893 9259 9452 V threaded_app: New input event: type=2
10-21 22:25:19.909 9259 9452 V threaded_app: New input event: type=2
10-21 22:25:19.926 9259 9452 V threaded_app: New input event: type=2
10-21 22:25:19.943 9259 9452 V threaded_app: New input event: type=2
10-21 22:25:19.960 9259 9452 V threaded_app: New input event: type=2
10-21 22:25:19.976 9259 9452 V threaded_app: New input event: type=2
10-21 22:25:19.993 9259 9452 V threaded_app: New input event: type=2
10-21 22:25:20.011 9259 9452 V threaded_app: New input event: type=2
10-21 22:25:20.028 9259 9452 V threaded_app: New input event: type=2
10-21 22:25:20.044 9259 9452 V threaded_app: New input event: type=2
10-21 22:25:20.060 9259 9452 V threaded_app: New input event: type=2
10-21 22:25:20.076 9259 9452 V threaded_app: New input event: type=2
10-21 22:25:20.093 9259 9452 V threaded_app: New input event: type=2
10-21 22:25:20.109 9259 9452 V threaded_app: New input event: type=2
10-21 22:25:20.126 9259 9452 V threaded_app: New input event: type=2
10-21 22:25:20.135 9259 9452 V threaded_app: New input event: type=2
10-21 22:25:20.135 9259 9452 V threaded_app: New input event: type=2
10-21 22:25:20.636 9259 9452 V threaded_app: New input event: type=2
10-21 22:25:20.661 9259 9452 V threaded_app: New input event: type=2
10-21 22:25:20.709 9259 9452 V threaded_app: New input event: type=2
10-21 22:25:20.972 9259 9452 V threaded_app: New input event: type=2
10-21 22:25:21.066 9259 9452 V threaded_app: New input event: type=2
10-21 22:25:21.464 9259 9452 V threaded_app: New input event: type=2
10-21 22:25:21.560 9259 9452 V threaded_app: New input event: type=2
10-21 22:25:22.027 9259 9452 V threaded_app: New input event: type=2
10-21 22:25:22.099 9259 9452 V threaded_app: New input event: type=2
10-21 22:25:22.392 9259 9452 V threaded_app: New input event: type=2
10-21 22:25:22.407 9259 9452 V threaded_app: New input event: type=2
10-21 22:25:22.470 9259 9452 V threaded_app: New input event: type=2
10-21 22:25:23.149 9259 9452 V threaded_app: New input event: type=2
10-21 22:25:23.245 9259 9452 V threaded_app: New input event: type=2
10-21 22:25:23.850 9259 9452 V threaded_app: New input event: type=2
10-21 22:25:23.931 9259 9452 V threaded_app: New input event: type=2
10-21 22:25:24.456 9259 9452 V threaded_app: New input event: type=2
10-21 22:25:24.473 9259 9452 V threaded_app: New input event: type=2
10-21 22:25:24.520 9259 9452 V threaded_app: New input event: type=2
10-21 22:25:24.537 9259 9452 V threaded_app: New input event: type=2
10-21 22:25:24.555 9259 9452 V threaded_app: New input event: type=2
10-21 22:25:24.572 9259 9452 V threaded_app: New input event: type=2
10-21 22:25:24.587 9259 9452 V threaded_app: New input event: type=2
10-21 22:25:24.604 9259 9452 V threaded_app: New input event: type=2
10-21 22:25:24.624 9259 9452 V threaded_app: New input event: type=2
10-21 22:25:24.638 9259 9452 V threaded_app: New input event: type=2
10-21 22:25:24.655 9259 9452 V threaded_app: New input event: type=2
10-21 22:25:24.671 9259 9452 V threaded_app: New input event: type=2
10-21 22:25:24.687 9259 9452 V threaded_app: New input event: type=2
