10-21 22:42:09.854 9259 9452 V threaded_app: New input event: type=2
10-21 22:42:09.879 9259 9452 V threaded_app: New input event: type=2
10-21 22:42:09.951 9259 9452 V threaded_app: New input event: type=2
10-21 22:42:11.446 9259 9452 V threaded_app: New input event: type=2
10-21 22:42:11.571 9259 9452 V threaded_app: New input event: type=2
10-21 22:42:12.209 9259 9452 V threaded_app: New input event: type=2
10-21 22:42:12.243 9259 9452 V threaded_app: New input event: type=2
10-21 22:42:12.310 9259 9452 V threaded_app: New input event: type=2
10-21 22:42:12.326 9259 9452 V threaded_app: New input event: type=2
10-21 22:42:12.343 9259 9452 V threaded_app: New input event: type=2
10-21 22:42:12.359 9259 9452 V threaded_app: New input event: type=2
10-21 22:42:12.376 9259 9452 V threaded_app: New input event: type=2
10-21 22:42:12.376 9259 9452 V threaded_app: New input event: type=2
10-21 22:42:13.159 9259 9451 D GameActivity: GameMaster.SystemVPNOpened()
10-21 22:42:13.160 9259 9451 D GameActivity: AndroidThunkJava_SystemVPNOpened
return: false
10-21 22:42:13.333 9259 9259 V threaded_app: WindowFocusChanged: 0x7587732070 --
0
10-21 22:42:13.333 9259 9452 D UE4 : Case APP_CMD_LOST_FOCUS
10-21 22:42:14.181 9259 9259 V threaded_app: WindowFocusChanged: 0x7587732070 --
1
10-21 22:42:14.181 9259 9452 D UE4 : Case APP_CMD_GAINED_FOCUS
10-21 22:42:14.765 9259 9451 E libOpenSLES: pAudioSrc: requested 8 channels but
mask (0xc003f) has 6 channel bits set
10-21 22:42:14.765 9259 9451 W libOpenSLES: Leaving Engine::CreateAudioPlayer
(SL_RESULT_PARAMETER_INVALID)
10-21 22:42:14.765 9259 9451 D DA4MG : Height channels supported (0).
10-21 22:42:16.246 9259 10842 E HDmpve : [2024-10-21 22:42:16 246] | Error |
[HDmpve] |0x7220387cb0| cu_eifs_wrapper.cpp:291|IsFileDownloadReady|
[CEifsWrapper::IsFileReady()]not download completed]
10-21 22:42:16.274 9259 10847 E HDmpve : [2024-10-21 22:42:16 274] | Error |
[HDmpve] |0x721fc07cb0| HttpNetwork.cpp:1209|GetAddrInfoSysFunc| get host ip,in-
f.globh.com-> 23.58.93.10
10-21 22:42:16.277 9259 10847 E HDmpve : [2024-10-21 22:42:16 276] | Error |
[HDmpve] |0x721fc07cb0| HttpNetwork.cpp:1209|GetAddrInfoSysFunc| get host ip,in-
f.globh.com-> 23.58.93.9
10-21 22:42:16.277 9259 10847 E HDmpve : [2024-10-21 22:42:16 277] | Error |
[HDmpve] |0x721fc07cb0| HttpNetwork.cpp:1209|GetAddrInfoSysFunc| get host ip,in-
f.globh.com-> 23.58.93.16
10-21 22:42:16.277 9259 10847 E HDmpve : [2024-10-21 22:42:16 277] | Error |
[HDmpve] |0x721fc07cb0| HttpNetwork.cpp:1209|GetAddrInfoSysFunc| get host ip,in-
f.globh.com-> 23.58.93.32
10-21 22:42:16.278 9259 10847 E HDmpve : [2024-10-21 22:42:16 277] | Error |
[HDmpve] |0x721fc07cb0| HttpNetwork.cpp:1209|GetAddrInfoSysFunc| get host ip,in-
f.globh.com-> 23.58.93.25
10-21 22:42:16.278 9259 10847 E HDmpve : [2024-10-21 22:42:16 278] | Error |
[HDmpve] |0x721fc07cb0| HttpNetwork.cpp:1209|GetAddrInfoSysFunc| get host ip,in-
f.globh.com-> 23.58.93.8
10-21 22:42:16.942 9259 10842 E HDmpve : [2024-10-21 22:42:16 942] | Error |
[HDmpve] |0x7220387cb0| cu_eifs_wrapper.cpp:291|IsFileDownloadReady|
[CEifsWrapper::IsFileReady()]not download completed]
10-21 22:42:16.952 9259 10842 E HDmpve : [2024-10-21 22:42:16 952] | Error |
[HDmpve] |0x7220387cb0| cu_eifs_wrapper.cpp:291|IsFileDownloadReady|
[CEifsWrapper::IsFileReady()]not download completed]
10-21 22:42:16.959 9259 10842 E HDmpve : [2024-10-21 22:42:16 959] | Error |
[HDmpve] |0x7220387cb0| cu_eifs_wrapper.cpp:291|IsFileDownloadReady|
[CEifsWrapper::IsFileReady()]not download completed]
10-21 22:42:17.048 9259 9452 V threaded_app: New input event: type=2
10-21 22:42:17.137 9259 9452 V threaded_app: New input event: type=2
10-21 22:42:18.014 9259 10842 E HDmpve : [2024-10-21 22:42:18 014] | Error |
[HDmpve] |0x7220387cb0| cu_eifs_wrapper.cpp:291|IsFileDownloadReady|
[CEifsWrapper::IsFileReady()]not download completed]
10-21 22:42:18.017 9259 10842 E HDmpve : [2024-10-21 22:42:18 017] | Error |
[HDmpve] |0x7220387cb0| cu_eifs_wrapper.cpp:291|IsFileDownloadReady|
[CEifsWrapper::IsFileReady()]not download completed]
10-21 22:42:18.067 9259 9452 V threaded_app: New input event: type=2
10-21 22:42:18.085 9259 9452 V threaded_app: New input event: type=2
10-21 22:42:18.133 9259 9452 V threaded_app: New input event: type=2
10-21 22:42:18.134 9259 9452 V threaded_app: New input event: type=2
10-21 22:42:19.274 9259 9452 V threaded_app: New input event: type=2
10-21 22:42:19.356 9259 9452 V threaded_app: New input event: type=2
10-21 22:42:19.984 9259 10842 E HDmpve : [2024-10-21 22:42:19 984] | Error |
[HDmpve] |0x7220387cb0| cu_eifs_wrapper.cpp:291|IsFileDownloadReady|
[CEifsWrapper::IsFileReady()]not download completed]
10-21 22:42:19.995 9259 10842 E HDmpve : [2024-10-21 22:42:19 995] | Error |
[HDmpve] |0x7220387cb0| cu_eifs_wrapper.cpp:291|IsFileDownloadReady|
[CEifsWrapper::IsFileReady()]not download completed]
10-21 22:42:20.132 9259 9452 V threaded_app: New input event: type=2
10-21 22:42:20.151 9259 9452 V threaded_app: New input event: type=2
10-21 22:42:20.168 9259 9452 V threaded_app: New input event: type=2
10-21 22:42:20.221 9259 9452 V threaded_app: New input event: type=2
10-21 22:42:20.222 9259 9452 V threaded_app: New input event: type=2
10-21 22:42:21.989 9259 10842 E HDmpve : [2024-10-21 22:42:21 989] | Error |
[HDmpve] |0x7220387cb0| cu_eifs_wrapper.cpp:291|IsFileDownloadReady|
[CEifsWrapper::IsFileReady()]not download completed]
10-21 22:42:22.498 9259 9452 V threaded_app: New input event: type=2
10-21 22:42:22.531 9259 9452 V threaded_app: New input event: type=2
10-21 22:42:22.565 9259 9452 V threaded_app: New input event: type=2
10-21 22:42:22.615 9259 9452 V threaded_app: New input event: type=2
10-21 22:42:22.864 9259 9452 V threaded_app: New input event: type=2
10-21 22:42:23.063 9259 9452 V threaded_app: New input event: type=2
10-21 22:42:23.081 9259 9452 V threaded_app: New input event: type=2
10-21 22:42:23.098 9259 9452 V threaded_app: New input event: type=2
10-21 22:42:23.109 9259 9452 V threaded_app: New input event: type=2
10-21 22:42:23.111 9259 9452 V threaded_app: New input event: type=2
10-21 22:42:23.848 9259 9380 E LoadedApk: performReceive() called targeting raw
IIntentReceiver for Intent { act=android.intent.action.BATTERY_CHANGED
flg=0x70000010 (has extras) }
10-21 22:42:23.858 9259 9452 V threaded_app: New input event: type=2
10-21 22:42:23.929 9259 9452 V threaded_app: New input event: type=2
10-21 22:42:24.012 9259 9452 V threaded_app: New input event: type=2
10-21 22:42:24.030 9259 9452 V threaded_app: New input event: type=2
10-21 22:42:24.046 9259 9452 V threaded_app: New input event: type=2
10-21 22:42:24.063 9259 9452 V threaded_app: New input event: type=2
10-21 22:42:24.079 9259 9452 V threaded_app: New input event: type=2
10-21 22:42:24.095 9259 9452 V threaded_app: New input event: type=2
10-21 22:42:24.112 9259 9452 V threaded_app: New input event: type=2
10-21 22:42:24.129 9259 9452 V threaded_app: New input event: type=2
10-21 22:42:24.146 9259 9452 V threaded_app: New input event: type=2
10-21 22:42:24.163 9259 9452 V threaded_app: New input event: type=2
10-21 22:42:24.172 9259 9452 V threaded_app: New input event: type=2
10-21 22:42:24.173 9259 9452 V threaded_app: New input event: type=2
10-21 22:42:29.197 9259 9451 E libOpenSLES: pAudioSrc: requested 8 channels but
mask (0xc003f) has 6 channel bits set
10-21 22:42:29.197 9259 9451 W libOpenSLES: Leaving Engine::CreateAudioPlayer
(SL_RESULT_PARAMETER_INVALID)
10-21 22:42:29.198 9259 9451 D DA4MG : Height channels supported (0).
10-21 22:42:30.854 9259 9452 V threaded_app: New input event: type=2
10-21 22:42:30.886 9259 9452 V threaded_app: New input event: type=2
10-21 22:42:30.903 9259 9452 V threaded_app: New input event: type=2
10-21 22:42:30.920 9259 9452 V threaded_app: New input event: type=2
10-21 22:42:30.937 9259 9452 V threaded_app: New input event: type=2
10-21 22:42:30.953 9259 9452 V threaded_app: New input event: type=2
10-21 22:42:30.969 9259 9452 V threaded_app: New input event: type=2
10-21 22:42:30.986 9259 9452 V threaded_app: New input event: type=2
10-21 22:42:31.003 9259 9452 V threaded_app: New input event: type=2
10-21 22:42:31.019 9259 9452 V threaded_app: New input event: type=2
10-21 22:42:31.036 9259 9452 V threaded_app: New input event: type=2
10-21 22:42:31.056 9259 9452 V threaded_app: New input event: type=2
10-21 22:42:31.070 9259 9452 V threaded_app: New input event: type=2
10-21 22:42:31.086 9259 9452 V threaded_app: New input event: type=2
10-21 22:42:31.087 9259 9452 V threaded_app: New input event: type=2
10-21 22:42:31.088 9259 9452 V threaded_app: New input event: type=2
10-21 22:42:31.104 9259 9452 V threaded_app: New input event: type=2
10-21 22:42:31.122 9259 9452 V threaded_app: New input event: type=2
10-21 22:42:31.136 9259 9452 V threaded_app: New input event: type=2
10-21 22:42:31.154 9259 9452 V threaded_app: New input event: type=2
10-21 22:42:31.171 9259 9452 V threaded_app: New input event: type=2
10-21 22:42:31.186 9259 9452 V threaded_app: New input event: type=2
10-21 22:42:31.202 9259 9452 V threaded_app: New input event: type=2
10-21 22:42:31.219 9259 9452 V threaded_app: New input event: type=2
10-21 22:42:31.235 9259 9452 V threaded_app: New input event: type=2
10-21 22:42:31.252 9259 9452 V threaded_app: New input event: type=2
10-21 22:42:31.269 9259 9452 V threaded_app: New input event: type=2
10-21 22:42:31.289 9259 9452 V threaded_app: New input event: type=2
10-21 22:42:31.302 9259 9452 V threaded_app: New input event: type=2
10-21 22:42:31.319 9259 9452 V threaded_app: New input event: type=2
10-21 22:42:31.339 9259 9452 V threaded_app: New input event: type=2
10-21 22:42:31.352 9259 9452 V threaded_app: New input event: type=2
10-21 22:42:31.371 9259 9452 V threaded_app: New input event: type=2
10-21 22:42:31.487 9259 9452 V threaded_app: New input event: type=2
10-21 22:42:31.503 9259 9452 V threaded_app: New input event: type=2
10-21 22:42:31.519 9259 9452 V threaded_app: New input event: type=2
10-21 22:42:31.539 9259 9452 V threaded_app: New input event: type=2
10-21 22:42:31.554 9259 9452 V threaded_app: New input event: type=2
10-21 22:42:31.570 9259 9452 V threaded_app: New input event: type=2
10-21 22:42:31.652 9259 9452 V threaded_app: New input event: type=2
10-21 22:42:31.658 9259 9452 V threaded_app: New input event: type=2
10-21 22:42:31.658 9259 9452 V threaded_app: New input event: type=2
10-21 22:42:31.719 9259 9452 V threaded_app: New input event: type=2
10-21 22:42:31.735 9259 9452 V threaded_app: New input event: type=2
10-21 22:42:31.752 9259 9452 V threaded_app: New input event: type=2
10-21 22:42:31.786 9259 9452 V threaded_app: New input event: type=2
10-21 22:42:31.819 9259 9452 V threaded_app: New input event: type=2
10-21 22:42:31.837 9259 9452 V threaded_app: New input event: type=2
10-21 22:42:31.852 9259 9452 V threaded_app: New input event: type=2
10-21 22:42:31.857 9259 9452 V threaded_app: New input event: type=2
10-21 22:42:31.858 9259 9452 V threaded_app: New input event: type=2
10-21 22:42:31.944 9259 9452 V threaded_app: New input event: type=2
10-21 22:42:31.968 9259 9452 V threaded_app: New input event: type=2
10-21 22:42:32.002 9259 9452 V threaded_app: New input event: type=2
10-21 22:42:32.018 9259 9452 V threaded_app: New input event: type=2
10-21 22:42:32.037 9259 9452 V threaded_app: New input event: type=2
10-21 22:42:32.038 9259 9452 V threaded_app: New input event: type=2
10-21 22:42:32.053 9259 9452 V threaded_app: New input event: type=2
10-21 22:42:32.069 9259 9452 V threaded_app: New input event: type=2
10-21 22:42:32.084 9259 9452 V threaded_app: New input event: type=2
10-21 22:42:32.101 9259 9452 V threaded_app: New input event: type=2
10-21 22:42:32.118 9259 9452 V threaded_app: New input event: type=2
10-21 22:42:32.134 9259 9452 V threaded_app: New input event: type=2
10-21 22:42:32.151 9259 9452 V threaded_app: New input event: type=2
10-21 22:42:32.169 9259 9452 V threaded_app: New input event: type=2
10-21 22:42:32.185 9259 9452 V threaded_app: New input event: type=2
10-21 22:42:32.191 9259 9452 V threaded_app: New input event: type=2
10-21 22:42:32.192 9259 9452 V threaded_app: New input event: type=2
10-21 22:42:32.202 9259 9452 V threaded_app: New input event: type=2
10-21 22:42:32.218 9259 9452 V threaded_app: New input event: type=2
10-21 22:42:32.235 9259 9452 V threaded_app: New input event: type=2
10-21 22:42:32.276 9259 9452 V threaded_app: New input event: type=2
10-21 22:42:32.277 9259 9452 V threaded_app: New input event: type=2
10-21 22:42:32.312 9259 9452 V threaded_app: New input event: type=2
10-21 22:42:32.335 9259 9452 V threaded_app: New input event: type=2
10-21 22:42:32.402 9259 9452 V threaded_app: New input event: type=2
10-21 22:42:32.418 9259 9452 V threaded_app: New input event: type=2
10-21 22:42:32.435 9259 9452 V threaded_app: New input event: type=2
10-21 22:42:32.452 9259 9452 V threaded_app: New input event: type=2
10-21 22:42:32.471 9259 9452 V threaded_app: New input event: type=2
10-21 22:42:32.486 9259 9452 V threaded_app: New input event: type=2
10-21 22:42:32.502 9259 9452 V threaded_app: New input event: type=2
10-21 22:42:32.535 9259 9452 V threaded_app: New input event: type=2
10-21 22:42:32.536 9259 9452 V threaded_app: New input event: type=2
10-21 22:42:33.865 9259 9451 D GameActitivy: AndroidThunkJava_IsPermissionGranted
android.permission.BLUETOOTH_ADMIN
10-21 22:42:33.865 9259 9451 D PermissionUtil: isPermissionGranted
10-21 22:42:33.865 9259 9451 D PermissionUtil: targetSdkVersion: 34
10-21 22:42:33.865 9259 9451 D PermissionUtil:
isPermissionGranted(android.permission.BLUETOOTH_ADMIN) return true
10-21 22:42:34.811 9259 9452 V threaded_app: New input event: type=2
10-21 22:42:34.864 9259 9452 V threaded_app: New input event: type=2
10-21 22:42:43.860 9259 11084 E LoadedApk: performReceive() called targeting raw
IIntentReceiver for Intent { act=android.intent.action.BATTERY_CHANGED
flg=0x70000010 (has extras) }
10-21 22:42:47.406 9259 9452 V threaded_app: New input event: type=2
10-21 22:42:47.484 9259 9452 V threaded_app: New input event: type=2
10-21 22:42:47.499 9259 9452 V threaded_app: New input event: type=2
10-21 22:42:47.517 9259 9452 V threaded_app: New input event: type=2
10-21 22:42:47.535 9259 9452 V threaded_app: New input event: type=2
10-21 22:42:47.549 9259 9452 V threaded_app: New input event: type=2
10-21 22:42:47.567 9259 9452 V threaded_app: New input event: type=2
10-21 22:42:47.568 9259 9452 V threaded_app: New input event: type=2
10-21 22:42:47.570 9259 9452 V threaded_app: New input event: type=2
10-21 22:42:47.987 9259 9452 V threaded_app: New input event: type=1
10-21 22:42:47.988 9259 9452 V threaded_app: New input event: type=1
10-21 22:42:48.061 9259 9452 V threaded_app: New input event: type=1
10-21 22:42:48.062 9259 9452 V threaded_app: New input event: type=1
10-21 22:42:48.237 9259 9452 V threaded_app: New input event: type=1
10-21 22:42:48.238 9259 9452 V threaded_app: New input event: type=1
10-21 22:42:48.239 9259 9452 V threaded_app: New input event: type=1
10-21 22:42:48.241 9259 9452 V threaded_app: New input event: type=1
10-21 22:42:48.357 9259 9452 V threaded_app: New input event: type=1
10-21 22:42:48.358 9259 9452 V threaded_app: New input event: type=1
10-21 22:42:48.361 9259 9452 V threaded_app: New input event: type=1
10-21 22:42:48.361 9259 9452 V threaded_app: New input event: type=1
10-21 22:42:48.429 9259 9452 V threaded_app: New input event: type=1
10-21 22:42:48.430 9259 9452 V threaded_app: New input event: type=1
10-21 22:42:48.493 9259 9452 V threaded_app: New input event: type=1
10-21 22:42:48.494 9259 9452 V threaded_app: New input event: type=1
10-21 22:42:48.606 9259 9452 V threaded_app: New input event: type=1
10-21 22:42:48.607 9259 9452 V threaded_app: New input event: type=1
10-21 22:42:48.609 9259 9452 V threaded_app: New input event: type=1
10-21 22:42:48.610 9259 9452 V threaded_app: New input event: type=1
10-21 22:42:48.689 9259 9452 V threaded_app: New input event: type=1
10-21 22:42:48.690 9259 9452 V threaded_app: New input event: type=1
10-21 22:42:48.730 9259 9452 V threaded_app: New input event: type=1
10-21 22:42:48.731 9259 9452 V threaded_app: New input event: type=1
10-21 22:42:48.866 9259 9452 V threaded_app: New input event: type=1
10-21 22:42:48.867 9259 9452 V threaded_app: New input event: type=1
10-21 22:42:48.869 9259 9452 V threaded_app: New input event: type=1
10-21 22:42:48.870 9259 9452 V threaded_app: New input event: type=1
10-21 22:42:48.910 9259 9452 V threaded_app: New input event: type=1
10-21 22:42:48.911 9259 9452 V threaded_app: New input event: type=1
10-21 22:42:48.973 9259 9452 V threaded_app: New input event: type=1
10-21 22:42:48.973 9259 9452 V threaded_app: New input event: type=1
10-21 22:42:49.051 9259 9452 V threaded_app: New input event: type=1
10-21 22:42:49.052 9259 9452 V threaded_app: New input event: type=1
10-21 22:42:49.111 9259 9452 V threaded_app: New input event: type=1
10-21 22:42:49.112 9259 9452 V threaded_app: New input event: type=1
10-21 22:42:49.165 9259 9452 V threaded_app: New input event: type=1
10-21 22:42:49.166 9259 9452 V threaded_app: New input event: type=1
10-21 22:42:49.227 9259 9452 V threaded_app: New input event: type=1
10-21 22:42:49.228 9259 9452 V threaded_app: New input event: type=1
10-21 22:42:49.284 9259 9452 V threaded_app: New input event: type=1
10-21 22:42:49.284 9259 9452 V threaded_app: New input event: type=1
10-21 22:42:49.363 9259 9452 V threaded_app: New input event: type=1
10-21 22:42:49.365 9259 9452 V threaded_app: New input event: type=1
10-21 22:42:49.426 9259 9452 V threaded_app: New input event: type=1
10-21 22:42:49.427 9259 9452 V threaded_app: New input event: type=1
10-21 22:42:49.490 9259 9452 V threaded_app: New input event: type=1
10-21 22:42:49.492 9259 9452 V threaded_app: New input event: type=1
10-21 22:42:49.998 9259 9452 V threaded_app: New input event: type=2
10-21 22:42:50.000 9259 9452 V threaded_app: New input event: type=2
10-21 22:42:50.077 9259 9452 V threaded_app: New input event: type=2
10-21 22:42:50.170 9259 9452 V threaded_app: New input event: type=2
10-21 22:42:50.387 9259 9452 V threaded_app: New input event: type=2
10-21 22:42:50.414 9259 9452 V threaded_app: New input event: type=2
10-21 22:42:50.429 9259 9452 V threaded_app: New input event: type=2
10-21 22:42:50.446 9259 9452 V threaded_app: New input event: type=2
10-21 22:42:50.462 9259 9452 V threaded_app: New input event: type=2
10-21 22:42:50.481 9259 9452 V threaded_app: New input event: type=2
10-21 22:42:50.486 9259 9452 V threaded_app: New input event: type=2
10-21 22:42:50.486 9259 9452 V threaded_app: New input event: type=2
10-21 22:42:50.637 9259 9452 V threaded_app: New input event: type=1
10-21 22:42:50.638 9259 9452 V threaded_app: New input event: type=1
10-21 22:42:50.721 9259 9452 V threaded_app: New input event: type=1
10-21 22:42:50.722 9259 9452 V threaded_app: New input event: type=1
10-21 22:42:50.801 9259 9452 V threaded_app: New input event: type=1
10-21 22:42:50.804 9259 9452 V threaded_app: New input event: type=1
10-21 22:42:50.870 9259 9452 V threaded_app: New input event: type=1
10-21 22:42:50.871 9259 9452 V threaded_app: New input event: type=1
10-21 22:42:50.940 9259 9452 V threaded_app: New input event: type=1
10-21 22:42:50.941 9259 9452 V threaded_app: New input event: type=1
10-21 22:42:51.015 9259 9452 V threaded_app: New input event: type=1
10-21 22:42:51.015 9259 9452 V threaded_app: New input event: type=1
10-21 22:42:51.095 9259 9452 V threaded_app: New input event: type=1
10-21 22:42:51.096 9259 9452 V threaded_app: New input event: type=1
10-21 22:42:51.165 9259 9452 V threaded_app: New input event: type=1
10-21 22:42:51.166 9259 9452 V threaded_app: New input event: type=1
10-21 22:42:51.711 9259 9452 V threaded_app: New input event: type=1
10-21 22:42:51.712 9259 9452 V threaded_app: New input event: type=1
10-21 22:42:51.731 9259 9452 V threaded_app: New input event: type=1
10-21 22:42:51.731 9259 9452 V threaded_app: New input event: type=1
10-21 22:42:55.073 9259 9726 E LoadedApk: performReceive() called targeting raw
IIntentReceiver for Intent { act=android.intent.action.BATTERY_CHANGED
flg=0x70000010 (has extras) }
10-21 22:42:55.393 9259 9452 V threaded_app: New input event: type=2
10-21 22:42:55.557 9259 9452 V threaded_app: New input event: type=2
10-21 22:42:55.573 9259 9452 V threaded_app: New input event: type=2
10-21 22:42:55.589 9259 9452 V threaded_app: New input event: type=2
10-21 22:42:55.607 9259 9452 V threaded_app: New input event: type=2
10-21 22:42:55.623 9259 9452 V threaded_app: New input event: type=2
10-21 22:42:55.640 9259 9452 V threaded_app: New input event: type=2
10-21 22:42:55.656 9259 9452 V threaded_app: New input event: type=2
10-21 22:42:55.674 9259 9452 V threaded_app: New input event: type=2
10-21 22:42:55.690 9259 9452 V threaded_app: New input event: type=2
10-21 22:42:55.707 9259 9452 V threaded_app: New input event: type=2
10-21 22:42:55.723 9259 9452 V threaded_app: New input event: type=2
10-21 22:42:55.740 9259 9452 V threaded_app: New input event: type=2
10-21 22:42:55.756 9259 9452 V threaded_app: New input event: type=2
10-21 22:42:55.772 9259 9452 V threaded_app: New input event: type=2
10-21 22:42:55.790 9259 9452 V threaded_app: New input event: type=2
10-21 22:42:55.807 9259 9452 V threaded_app: New input event: type=2
10-21 22:42:55.823 9259 9452 V threaded_app: New input event: type=2
10-21 22:42:55.839 9259 9452 V threaded_app: New input event: type=2
10-21 22:42:55.856 9259 9452 V threaded_app: New input event: type=2
10-21 22:42:55.874 9259 9452 V threaded_app: New input event: type=2
10-21 22:42:55.890 9259 9452 V threaded_app: New input event: type=2
10-21 22:42:55.907 9259 9452 V threaded_app: New input event: type=2
10-21 22:42:55.922 9259 9452 V threaded_app: New input event: type=2
10-21 22:42:55.931 9259 9452 V threaded_app: New input event: type=2
10-21 22:42:55.935 9259 9452 V threaded_app: New input event: type=2
10-21 22:42:56.243 9259 9452 V threaded_app: New input event: type=2
10-21 22:42:56.273 9259 9452 V threaded_app: New input event: type=2
10-21 22:42:56.289 9259 9452 V threaded_app: New input event: type=2
10-21 22:42:56.488 9259 9452 V threaded_app: New input event: type=2
10-21 22:42:56.505 9259 9452 V threaded_app: New input event: type=2
10-21 22:42:56.523 9259 9452 V threaded_app: New input event: type=2
10-21 22:42:56.789 9259 9452 V threaded_app: New input event: type=2
10-21 22:42:56.805 9259 9452 V threaded_app: New input event: type=2
10-21 22:42:56.822 9259 9452 V threaded_app: New input event: type=2
10-21 22:42:56.841 9259 9452 V threaded_app: New input event: type=2
10-21 22:42:56.856 9259 9452 V threaded_app: New input event: type=2
10-21 22:42:56.873 9259 9452 V threaded_app: New input event: type=2
10-21 22:42:56.888 9259 9452 V threaded_app: New input event: type=2
10-21 22:42:56.906 9259 9452 V threaded_app: New input event: type=2
10-21 22:42:56.922 9259 9452 V threaded_app: New input event: type=2
10-21 22:42:56.955 9259 9452 V threaded_app: New input event: type=2
10-21 22:42:57.023 9259 9452 V threaded_app: New input event: type=2
10-21 22:42:57.038 9259 9452 V threaded_app: New input event: type=2
10-21 22:42:57.054 9259 9452 V threaded_app: New input event: type=2
10-21 22:42:57.072 9259 9452 V threaded_app: New input event: type=2
10-21 22:42:57.087 9259 9452 V threaded_app: New input event: type=2
10-21 22:42:57.106 9259 9452 V threaded_app: New input event: type=2
10-21 22:42:57.122 9259 9452 V threaded_app: New input event: type=2
10-21 22:42:57.139 9259 9452 V threaded_app: New input event: type=2
10-21 22:42:57.155 9259 9452 V threaded_app: New input event: type=2
10-21 22:42:57.170 9259 9452 V threaded_app: New input event: type=2
10-21 22:42:57.187 9259 9452 V threaded_app: New input event: type=2
10-21 22:42:57.205 9259 9452 V threaded_app: New input event: type=2
10-21 22:42:57.238 9259 9452 V threaded_app: New input event: type=2
10-21 22:42:57.337 9259 9452 V threaded_app: New input event: type=2
10-21 22:42:57.370 9259 9452 V threaded_app: New input event: type=2
10-21 22:42:57.387 9259 9452 V threaded_app: New input event: type=2
10-21 22:42:57.404 9259 9452 V threaded_app: New input event: type=2
10-21 22:42:57.420 9259 9452 V threaded_app: New input event: type=2
10-21 22:42:57.437 9259 9452 V threaded_app: New input event: type=2
10-21 22:42:57.455 9259 9452 V threaded_app: New input event: type=2
10-21 22:42:57.470 9259 9452 V threaded_app: New input event: type=2
10-21 22:42:57.490 9259 9452 V threaded_app: New input event: type=2
10-21 22:42:57.503 9259 9452 V threaded_app: New input event: type=2
10-21 22:42:57.520 9259 9452 V threaded_app: New input event: type=2
10-21 22:42:57.554 9259 9452 V threaded_app: New input event: type=2
10-21 22:42:57.571 9259 9452 V threaded_app: New input event: type=2
10-21 22:42:57.587 9259 9452 V threaded_app: New input event: type=2
10-21 22:42:57.604 9259 9452 V threaded_app: New input event: type=2
10-21 22:42:57.620 9259 9452 V threaded_app: New input event: type=2
10-21 22:42:57.637 9259 9452 V threaded_app: New input event: type=2
10-21 22:42:57.653 9259 9452 V threaded_app: New input event: type=2
10-21 22:42:57.671 9259 9452 V threaded_app: New input event: type=2
10-21 22:42:57.704 9259 9452 V threaded_app: New input event: type=2
10-21 22:42:57.788 9259 9452 V threaded_app: New input event: type=2
10-21 22:42:57.821 9259 9452 V threaded_app: New input event: type=2
10-21 22:42:57.837 9259 9452 V threaded_app: New input event: type=2
10-21 22:42:57.854 9259 9452 V threaded_app: New input event: type=2
10-21 22:42:57.870 9259 9452 V threaded_app: New input event: type=2
10-21 22:42:57.886 9259 9452 V threaded_app: New input event: type=2
10-21 22:42:57.903 9259 9452 V threaded_app: New input event: type=2
10-21 22:42:57.921 9259 9452 V threaded_app: New input event: type=2
10-21 22:42:57.939 9259 9452 V threaded_app: New input event: type=2
10-21 22:42:57.954 9259 9452 V threaded_app: New input event: type=2
10-21 22:42:58.036 9259 9452 V threaded_app: New input event: type=2
10-21 22:42:58.187 9259 9452 V threaded_app: New input event: type=2
10-21 22:42:58.289 9259 9452 V threaded_app: New input event: type=2
10-21 22:42:58.321 9259 9452 V threaded_app: New input event: type=2
10-21 22:42:58.369 9259 9452 V threaded_app: New input event: type=2
10-21 22:42:58.386 9259 9452 V threaded_app: New input event: type=2
10-21 22:42:58.403 9259 9452 V threaded_app: New input event: type=2
10-21 22:42:58.420 9259 9452 V threaded_app: New input event: type=2
10-21 22:42:58.436 9259 9452 V threaded_app: New input event: type=2
10-21 22:42:58.453 9259 9452 V threaded_app: New input event: type=2
10-21 22:42:58.487 9259 9452 V threaded_app: New input event: type=2
10-21 22:42:58.638 9259 9452 V threaded_app: New input event: type=2
10-21 22:42:58.703 9259 9452 V threaded_app: New input event: type=2
10-21 22:42:58.719 9259 9452 V threaded_app: New input event: type=2
10-21 22:42:58.736 9259 9452 V threaded_app: New input event: type=2
10-21 22:42:58.752 9259 9452 V threaded_app: New input event: type=2
10-21 22:42:58.769 9259 9452 V threaded_app: New input event: type=2
10-21 22:42:58.786 9259 9452 V threaded_app: New input event: type=2
10-21 22:42:58.803 9259 9452 V threaded_app: New input event: type=2
10-21 22:42:58.886 9259 9452 V threaded_app: New input event: type=2
10-21 22:42:58.902 9259 9452 V threaded_app: New input event: type=2
10-21 22:42:59.044 9259 9452 V threaded_app: New input event: type=2
10-21 22:43:00.084 9259 9452 V threaded_app: New input event: type=2
10-21 22:43:00.172 9259 9452 V threaded_app: New input event: type=2
10-21 22:43:00.424 9259 9452 V threaded_app: New input event: type=2
10-21 22:43:00.434 9259 9452 V threaded_app: New input event: type=2
10-21 22:43:00.450 9259 9452 V threaded_app: New input event: type=2
10-21 22:43:00.468 9259 9452 V threaded_app: New input event: type=2
10-21 22:43:00.483 9259 9452 V threaded_app: New input event: type=2
10-21 22:43:00.500 9259 9452 V threaded_app: New input event: type=2
10-21 22:43:00.518 9259 9452 V threaded_app: New input event: type=2
10-21 22:43:00.534 9259 9452 V threaded_app: New input event: type=2
10-21 22:43:00.544 9259 9452 V threaded_app: New input event: type=2
10-21 22:43:00.544 9259 9452 V threaded_app: New input event: type=2
10-21 22:43:00.743 9259 9452 V threaded_app: New input event: type=1
10-21 22:43:00.744 9259 9452 V threaded_app: New input event: type=1
10-21 22:43:00.813 9259 9452 V threaded_app: New input event: type=1
10-21 22:43:00.814 9259 9452 V threaded_app: New input event: type=1
10-21 22:43:00.970 9259 9452 V threaded_app: New input event: type=1
10-21 22:43:00.971 9259 9452 V threaded_app: New input event: type=1
10-21 22:43:00.973 9259 9452 V threaded_app: New input event: type=1
10-21 22:43:00.974 9259 9452 V threaded_app: New input event: type=1
10-21 22:43:01.059 9259 9452 V threaded_app: New input event: type=1
10-21 22:43:01.060 9259 9452 V threaded_app: New input event: type=1
10-21 22:43:01.123 9259 9452 V threaded_app: New input event: type=1
10-21 22:43:01.123 9259 9452 V threaded_app: New input event: type=1
10-21 22:43:01.250 9259 9452 V threaded_app: New input event: type=1
10-21 22:43:01.251 9259 9452 V threaded_app: New input event: type=1
10-21 22:43:01.252 9259 9452 V threaded_app: New input event: type=1
10-21 22:43:01.253 9259 9452 V threaded_app: New input event: type=1
10-21 22:43:01.334 9259 9452 V threaded_app: New input event: type=1
10-21 22:43:01.337 9259 9452 V threaded_app: New input event: type=1
10-21 22:43:01.396 9259 9452 V threaded_app: New input event: type=1
10-21 22:43:01.397 9259 9452 V threaded_app: New input event: type=1
10-21 22:43:01.451 9259 9452 V threaded_app: New input event: type=1
10-21 22:43:01.453 9259 9452 V threaded_app: New input event: type=1
10-21 22:43:01.535 9259 9452 V threaded_app: New input event: type=1
10-21 22:43:01.535 9259 9452 V threaded_app: New input event: type=1
10-21 22:43:01.594 9259 9452 V threaded_app: New input event: type=1
10-21 22:43:01.595 9259 9452 V threaded_app: New input event: type=1
10-21 22:43:01.645 9259 9452 V threaded_app: New input event: type=1
10-21 22:43:01.646 9259 9452 V threaded_app: New input event: type=1
10-21 22:43:02.562 9259 9259 V threaded_app: WindowFocusChanged: 0x7587732070 --
0
10-21 22:43:02.564 9259 9452 D UE4 : Case APP_CMD_LOST_FOCUS
10-21 22:43:02.912 9259 9259 V threaded_app: Pause: 0x7587732070
10-21 22:43:02.913 9259 9452 V threaded_app: activityState=13
10-21 22:43:02.913 9259 9259 D SensorManager: unregisterListenerImpl pid=9259
uid=10002;sensor: NULL;pkgName: com.pubg.imobile
10-21 22:43:02.913 9259 9452 D UE4 : Case APP_CMD_PAUSE
10-21 22:43:02.969 9259 9722 D AudioTrack: stop(15913): 0x74c77cd2a0, prior
state:STATE_ACTIVE
10-21 22:43:02.969 9259 9722 D AudioTrackShared: this(0x7467d0fa10),
mCblk(0x73d079a000), front(52489752), mIsOut 1, interrupt() FUTEX_WAKE
10-21 22:43:02.969 9259 9722 D AudioTrack: stop(15913): 0x74c77cd2a0 stop done
10-21 22:43:02.970 9259 9722 D AudioTrack: ~AudioTrack(15913): 0x74c77cd2a0
10-21 22:43:02.980 9259 9722 D AudioTrack: stop(15913): 0x74c77cd2a0, prior
state:STATE_STOPPED
10-21 22:43:02.980 9259 9722 D AudioTrackShared: this(0x7467d0fa10),
mCblk(0x73d079a000), front(52490240), mIsOut 1, interrupt() FUTEX_WAKE
10-21 22:43:02.985 9259 9259 I : genericobserver pos:0
className:com.blue.dm.hdmpve.lifecycle.PluginReportLifecycle
10-21 22:43:02.996 9259 10069 D libMEOW : meow delete tls: 0x74479fb300
10-21 22:43:03.022 9259 9259 I HDmpve : onPause
10-21 22:43:03.022 9259 9259 I : genericobserver pos:0
className:com.blue.dm.hdmpve.lifecycle.PluginReportLifecycle
10-21 22:43:03.023 9259 9259 I HDmpvePluginManger: onPause
10-21 22:43:03.032 9259 9259 I RoosterJava: call rooster pause interface
10-21 22:43:03.080 9259 9259 V threaded_app: NativeWindowDestroyed: 0x7587732070
-- 0x7507783f80
10-21 22:43:03.080 9259 9452 V threaded_app: APP_CMD_TERM_WINDOW
10-21 22:43:03.080 9259 9452 D UE4 : Case APP_CMD_TERM_WINDOW, tid = 9452
10-21 22:43:03.178 9259 9452 V threaded_app: APP_CMD_TERM_WINDOW
10-21 22:43:03.184 9259 9259 D BLASTBufferQueue:
[SurfaceView[com.pubg.imobile/com.epicgames.ue4.GameActivity]#2](f:0,a:1)
destructor()
10-21 22:43:03.184 9259 9259 D BufferQueueConsumer:
[SurfaceView[com.pubg.imobile/com.epicgames.ue4.GameActivity]#2(BLAST Consumer)2]
(id:242b00000002,api:0,p:-1,c:9259) disconnect
10-21 22:43:03.299 9259 9259 D BLASTBufferQueue: [VRI[GameActivity]#1](f:0,a:1)
destructor()
10-21 22:43:03.299 9259 9259 D BufferQueueConsumer: [VRI[GameActivity]#1(BLAST
Consumer)1](id:242b00000001,api:0,p:-1,c:9259) disconnect
10-21 22:43:03.460 9259 9259 V threaded_app: Stop: 0x7587732070
10-21 22:43:03.463 9259 9452 V threaded_app: activityState=14
10-21 22:43:03.463 9259 9452 D UE4 : Case APP_CMD_STOP
10-21 22:43:03.463 9259 9259 I : genericobserver pos:0
className:com.blue.dm.hdmpve.lifecycle.PluginReportLifecycle
10-21 22:43:03.463 9259 9259 E HDmpve : OnStop
10-21 22:43:03.463 9259 9259 I : genericobserver pos:0
className:com.blue.dm.hdmpve.lifecycle.PluginReportLifecycle
10-21 22:43:03.511 9259 9259 V threaded_app: SaveInstanceState: 0x7587732070
10-21 22:43:03.511 9259 9452 D UE4 : Case APP_CMD_SAVE_STATE
10-21 22:43:03.511 9259 9452 V threaded_app: APP_CMD_SAVE_STATE
10-21 22:43:03.816 9259 9432 D .best.cheats:p0:
TrackPlayerBase::~TrackPlayerBase()
10-21 22:43:03.817 9259 9432 D .best.cheats:p0: PlayerBase::~PlayerBase()
10-21 22:43:05.874 9259 9259 D ActivityThread:
mToDestroying.remove:ActivityRecord{808677 token=android.os.BinderProxy@8adc275
{com.pubg.imobile/com.epicgames.ue4.GameActivity}}
10-21 22:43:05.882 9259 9259 I .best.cheats:p0: System.exit called, status: 0
10-21 22:43:05.882 9259 9259 I AndroidRuntime: VM exiting with result code 0,
cleanup skipped.
10-21 22:43:06.625 10186 16247 D GProcessManager: App Died: com.pubg.imobile
10-21 22:43:06.630 10186 16247 I Process : Sending signal. PID: 9259 SIG: 9
10-21 22:43:06.647 6447 6447 D ActivityThread:
mToDestroying.remove:ActivityRecord{db3f1bd token=android.os.BinderProxy@2be155b
{com.best.cheats/com.gloader.activity.StartActivity}}
10-21 22:43:06.657 6447 6447 W WindowOnBackDispatcher: sendCancelIfRunning:
isInProgress=falsecallback=android.view.ViewRootImpl$
$ExternalSyntheticLambda20@aa2c784
10-21 22:43:06.668 6447 6447 D View : [Warning] assignParent to null: this =
DecorView@60dde80[StartActivity]
10-21 22:43:06.674 6447 6447 D InputTransport: Destroy ARC handle: 0x73e7740a30
10-21 22:43:06.675 6447 6447 D ActivityThread:
mToDestroying.remove:ActivityRecord{4b2ecb9 token=android.os.BinderProxy@4ad8005
{com.best.cheats/com.gloader.activity.LoginActivity}}
10-21 22:43:06.676 6447 6447 W WindowOnBackDispatcher: sendCancelIfRunning:
isInProgress=falsecallback=android.view.ViewRootImpl$
$ExternalSyntheticLambda20@d88949c
10-21 22:43:06.680 6447 6447 D View : [Warning] assignParent to null: this =
DecorView@5b262ac[LoginActivity]
10-21 22:43:06.687 6447 6447 D InputTransport: Destroy ARC handle: 0x73e7741540
10-21 22:43:06.688 6447 6447 D ActivityThread:
mToDestroying.remove:ActivityRecord{40c9b75 token=android.os.BinderProxy@b4115e1
{com.best.cheats/com.gloader.activity.MainActivity}}
10-21 22:43:06.688 6447 6447 W WindowOnBackDispatcher: sendCancelIfRunning:
isInProgress=falsecallback=android.view.ViewRootImpl$
$ExternalSyntheticLambda20@95626d
10-21 22:43:06.691 6447 6447 D View : [Warning] assignParent to null: this =
DecorView@e38fd98[MainActivity]
10-21 22:43:06.696 6447 6447 D InputTransport: Destroy ARC handle: 0x73e776eff0
10-21 22:43:06.697 6447 6447 D ActivityThread:
mToDestroying.remove:ActivityRecord{71879f1 token=android.os.BinderProxy@8639cb4
{com.best.cheats/com.gbox.app.LauncherActivity}}
10

You might also like

pFad - Phonifier reborn

Pfad - The Proxy pFad of © 2024 Garber Painting. All rights reserved.

Note: This service is not intended for secure transactions such as banking, social media, email, or purchasing. Use at your own risk. We assume no liability whatsoever for broken pages.


Alternative Proxies:

Alternative Proxy

pFad Proxy

pFad v3 Proxy

pFad v4 Proxy