The document contains a series of error logs indicating various access denials and failures in loading properties and APK files on an Android system. Multiple instances of NullPointerExceptions are reported, particularly related to context service invocations and asset file reading. Additionally, there are issues with acquiring data services and invalid IDs being referenced.
We take content rights seriously. If you suspect this is your content, claim it here.
Available Formats
Download as TXT, PDF, TXT or read online on Scribd
0 ratings0% found this document useful (0 votes)
9 views
com.upgadata.up7723_logcat
The document contains a series of error logs indicating various access denials and failures in loading properties and APK files on an Android system. Multiple instances of NullPointerExceptions are reported, particularly related to context service invocations and asset file reading. Additionally, there are issues with acquiring data services and invalid IDs being referenced.
"persist.device_config.runtime_native.use_app_image_startup_cache"
01-24 03:44:43.825 26482 26482 E up7723:downloa: LoadAppImageStartupCache enabled : 1
01-24 03:44:43.856 26482 26482 E up7723:downloa: Not starting debugger since process cannot load the jdwp agent.
01-24 03:44:43.929 26482 26502 E BehaviorCollectManager: Fail to acquire dataAnalyzerService...
01-24 03:44:44.328 26596 26596 E libc : Access denied finding property "persist.device_config.runtime_native.use_app_image_startup_cache"
01-24 03:44:44.328 26596 26596 E ta.up7723:blac: LoadAppImageStartupCache enabled : 1
01-24 03:44:44.345 26596 26596 E ta.up7723:blac: Not starting debugger since process cannot load the jdwp agent.
01-24 03:44:44.385 26637 26637 E libc : Access denied finding property "ro.serialno"
01-24 03:44:44.450 26596 26628 E BehaviorCollectManager: Fail to acquire dataAnalyzerService...
01-24 03:44:44.452 26348 26348 E ReflectUtils: No field HW_EXTFLAG_XLAYOUT_ENABLED in class Ljava/lang/Object; (declaration of 'java.lang.Object' appears in /apex/com.android.runtime/javalib/core-oj.jar)
01-24 03:44:44.453 26348 26655 E HwApkAssets: Unable to read assetfile[easygo.json]
01-24 03:44:44.608 26348 26348 E AppBackgroundObserver: onAppForeground
01-24 03:44:44.815 26482 26482 E 88888888: ---Method---cancelNotificationWithTag
01-24 03:44:44.819 26482 26482 E 88888888: ---Method---createNotificationChannels
01-24 03:44:44.945 26348 26671 E TBSBugly: init #00
01-24 03:44:44.945 26348 26671 E TBSBugly: init return can not use
01-24 03:44:44.973 26348 26744 E upgadata.up772: Invalid ID 0x00000000.
01-24 03:44:44.995 26348 26744 E upgadata.up772: Invalid ID 0x00000000.
01-24 03:44:45.020 26482 26717 E 88888888: ---Method---areNotificationsEnabled
01-24 03:44:45.068 26482 26717 E 88888888: ---Method---areNotificationsEnabled
01-24 03:44:45.144 26348 26744 E upgadata.up772: Invalid ID 0x00000000.
01-24 03:44:45.145 26348 26744 E upgadata.up772: Invalid ID 0x00000000.
01-24 03:44:45.180 26348 26744 E upgadata.up772: Invalid ID 0x00000000.
01-24 03:44:45.181 26348 26744 E upgadata.up772: Invalid ID 0x00000000.
01-24 03:44:45.301 26348 26734 E TbsPbProxy: TbsPbBridge Class.forName exception
01-24 03:44:45.651 26482 26717 E 88888888: ---Method---cancelToast
01-24 03:44:45.655 26482 26717 E 88888888: ---Method---cancelToast
01-24 03:44:45.686 26348 26902 E libc : Access denied finding property "vendor.oem.device.imeicache1"
01-24 03:44:45.686 26348 26902 E libc : Access denied finding property "vendor.oem.device.imeicache2"
01-24 03:44:45.698 26348 26348 E HwViewGroupImpl: parse speed value length error
01-24 03:44:45.879 26596 26596 E ReflectUtils: No field HW_EXTFLAG_XLAYOUT_ENABLED in class Ljava/lang/Object; (declaration of 'java.lang.Object' appears in /apex/com.android.runtime/javalib/core-oj.jar)
01-24 03:44:45.881 26596 26987 E HwApkAssets: Unable to read assetfile[easygo.json]
01-24 03:44:45.951 26348 26902 E HwAttestationManager: Get public key error: 0
01-24 03:44:46.111 26348 26671 E TbsUgEngine: invokeMiscMethod tbsUg: com.tencent.tbs.ug.core.TbsUg@c8c3eee
01-24 03:44:46.253 26348 26348 E RtgSchedManager: endActivityTransaction: margin state not match
01-24 03:44:46.666 26348 26348 E KING_CARD: WebSettingsExtension getQProxyEnabled false
01-24 03:44:47.127 26348 26974 E v8 : Devices's manufacturer: huawei
01-24 03:44:47.540 26348 27114 E ignored : java.lang.NullPointerException: Attempt to invoke virtual method 'java.lang.Object android.content.Context.getSystemService(java.lang.String)' on a null object reference
01-24 03:44:47.787 26348 27105 E memtrack: Couldn't load memtrack module
01-24 03:44:47.834 26348 27114 E ignored : java.lang.NullPointerException: Attempt to invoke virtual method 'java.lang.Object android.content.Context.getSystemService(java.lang.String)' on a null object reference
01-24 03:44:48.163 26482 26482 E ReflectUtils: No field HW_EXTFLAG_XLAYOUT_ENABLED in class Ljava/lang/Object; (declaration of 'java.lang.Object' appears in /apex/com.android.runtime/javalib/core-oj.jar)
01-24 03:44:48.166 26482 27423 E HwApkAssets: Unable to read assetfile[easygo.json]
01-24 03:44:48.217 26348 27193 E libc : Access denied finding property "ro.runtime.firstboot"
01-24 03:44:49.172 26348 27076 E ignored : java.lang.NullPointerException: Attempt to invoke virtual method 'java.lang.Object android.content.Context.getSystemService(java.lang.String)' on a null object reference
01-24 03:44:49.646 26348 27117 E ignored : java.lang.NullPointerException: Attempt to invoke virtual method 'java.lang.Object android.content.Context.getSystemService(java.lang.String)' on a null object reference
01-24 03:44:49.739 26348 27095 E ignored : java.lang.NullPointerException: Attempt to invoke virtual method 'java.lang.Object android.content.Context.getSystemService(java.lang.String)' on a null object reference
01-24 03:44:49.830 26348 26744 E upgadata.up772: Invalid ID 0x00000000.
01-24 03:44:49.831 26348 26744 E upgadata.up772: Invalid ID 0x00000000.
01-24 03:44:49.836 26348 26744 E upgadata.up772: Invalid ID 0x00000000.
01-24 03:44:49.836 26348 26744 E upgadata.up772: Invalid ID 0x00000000.
01-24 03:44:49.841 26348 26744 E upgadata.up772: Invalid ID 0x00000000.
01-24 03:44:49.842 26348 26744 E upgadata.up772: Invalid ID 0x00000000.
01-24 03:44:49.913 26348 27198 E D105498 : s:57,v:26
01-24 03:44:50.294 26348 27114 E ignored : java.lang.NullPointerException: Attempt to invoke virtual method 'java.lang.Object android.content.Context.getSystemService(java.lang.String)' on a null object reference
01-24 03:44:50.437 26348 27198 E SoterUtil: no key name
01-24 03:44:50.459 26348 27198 E HwUniversalKeyStore: invoke get failed!
01-24 03:44:50.724 26348 27117 E ignored : java.lang.NullPointerException: Attempt to invoke virtual method 'java.lang.Object android.content.Context.getSystemService(java.lang.String)' on a null object reference
01-24 03:44:50.888 26348 27117 E ignored : java.lang.NullPointerException: Attempt to invoke virtual method 'java.lang.Object android.content.Context.getSystemService(java.lang.String)' on a null object reference
01-24 03:44:51.764 26348 26744 E upgadata.up772: Invalid ID 0x00000000.
01-24 03:44:51.804 26348 26744 E upgadata.up772: Invalid ID 0x00000000.
01-24 03:44:52.335 26348 27117 E ignored : java.lang.NullPointerException: Attempt to invoke virtual method 'java.lang.Object android.content.Context.getSystemService(java.lang.String)' on a null object reference
01-24 03:44:54.909 26348 26744 E upgadata.up772: Invalid ID 0x00000000.
01-24 03:44:54.910 26348 26744 E upgadata.up772: Invalid ID 0x00000000.
01-24 03:44:56.423 26348 27923 E exception_handler: exception_handler ANR_Native succ registerNatives
01-24 03:44:57.027 26348 27117 E ignored : java.lang.NullPointerException: Attempt to invoke virtual method 'java.lang.Object android.content.Context.getSystemService(java.lang.String)' on a null object reference
01-24 03:44:57.376 26348 27918 E ignored : java.lang.NullPointerException: Attempt to invoke virtual method 'java.lang.Object android.content.Context.getSystemService(java.lang.String)' on a null object reference
01-24 03:44:59.454 26348 27117 E ignored : java.lang.NullPointerException: Attempt to invoke virtual method 'java.lang.Object android.content.Context.getSystemService(java.lang.String)' on a null object reference
01-24 03:45:00.297 26348 26348 E upgadata.up772: Failed to open APK '/data/user/0/com.upgadata.up7723/bzBox/data/app/com.ZArchiver.chengyuda/base.apk' I/O error
01-24 03:45:00.318 26348 26348 E upgadata.up772: Failed to open APK '/data/user/0/com.upgadata.up7723/bzBox/data/app/com.rendernet.mozaik3dviewer/ base.apk' I/O error
01-24 03:45:01.443 26348 26365 E System : Uncaught exception thrown by finalizer
01-24 03:45:01.444 26348 26365 E System : java.lang.NullPointerException: Attempt to invoke virtual method 'void android.content.res.StringBlock.close()' on a null object reference
01-24 03:45:01.444 26348 26365 E System : at android.content.res.ApkAssets.close(ApkAssets.java:201)
01-24 03:45:01.444 26348 26365 E System : at android.content.res.ApkAssets.finalize(ApkAssets.java:191)
01-24 03:45:01.444 26348 26365 E System : at java.lang.Daemons$FinalizerDaemon.doFinalize(Daemons.java:289)
01-24 03:45:01.444 26348 26365 E System : at java.lang.Daemons$FinalizerDaemon.runInternal(Daemons.java:276)
01-24 03:45:01.444 26348 26365 E System : at java.lang.Daemons$Daemon.run(Daemons.java:137)
01-24 03:45:01.444 26348 26365 E System : at java.lang.Thread.run(Thread.java:929)
01-24 03:45:01.445 26348 26365 E System : Uncaught exception thrown by finalizer
01-24 03:45:01.445 26348 26365 E System : java.lang.NullPointerException: Attempt to invoke virtual method 'void android.content.res.StringBlock.close()' on a null object reference
01-24 03:45:01.445 26348 26365 E System : at android.content.res.ApkAssets.close(ApkAssets.java:201)
01-24 03:45:01.445 26348 26365 E System : at android.content.res.ApkAssets.finalize(ApkAssets.java:191)
01-24 03:45:01.445 26348 26365 E System : at java.lang.Daemons$FinalizerDaemon.doFinalize(Daemons.java:289)
01-24 03:45:01.445 26348 26365 E System : at java.lang.Daemons$FinalizerDaemon.runInternal(Daemons.java:276)
01-24 03:45:01.445 26348 26365 E System : at java.lang.Daemons$Daemon.run(Daemons.java:137)
01-24 03:45:01.445 26348 26365 E System : at java.lang.Thread.run(Thread.java:929)
01-24 03:45:01.506 26348 26348 E upgadata.up772: Failed to open APK '/data/user/0/com.upgadata.up7723/bzBox/data/app/com.retro.PizzaTower/base.apk' I/O error
01-24 03:45:01.652 26348 26348 E upgadata.up772: Failed to open APK '/data/user/0/com.upgadata.up7723/bzBox/data/app/com.retro.PizzaTower/base.apk' I/O error
01-24 03:45:01.669 26348 26348 E upgadata.up772: Failed to open APK '/data/user/0/com.upgadata.up7723/bzBox/data/app/com.ZArchiver.chengyuda/base.apk' I/O error
01-24 03:45:01.671 26348 26348 E upgadata.up772: Failed to open APK '/data/user/0/com.upgadata.up7723/bzBox/data/app/com.rendernet.mozaik3dviewer/ base.apk' I/O error
01-24 03:45:01.752 26348 27045 E ignored : java.lang.NullPointerException: Attempt to invoke virtual method 'java.lang.Object android.content.Context.getSystemService(java.lang.String)' on a null object reference
01-24 03:45:02.004 26348 27943 E ignored : java.lang.NullPointerException: Attempt to invoke virtual method 'java.lang.Object android.content.Context.getSystemService(java.lang.String)' on a null object reference
01-24 03:45:02.653 26348 26365 E System : Uncaught exception thrown by finalizer
01-24 03:45:02.653 26348 26365 E System : java.lang.NullPointerException: Attempt to invoke virtual method 'void android.content.res.StringBlock.close()' on a null object reference
01-24 03:45:02.653 26348 26365 E System : at android.content.res.ApkAssets.close(ApkAssets.java:201)
01-24 03:45:02.653 26348 26365 E System : at android.content.res.ApkAssets.finalize(ApkAssets.java:191)
01-24 03:45:02.653 26348 26365 E System : at java.lang.Daemons$FinalizerDaemon.doFinalize(Daemons.java:289)
01-24 03:45:02.653 26348 26365 E System : at java.lang.Daemons$FinalizerDaemon.runInternal(Daemons.java:276)
01-24 03:45:02.653 26348 26365 E System : at java.lang.Daemons$Daemon.run(Daemons.java:137)
01-24 03:45:02.653 26348 26365 E System : at java.lang.Thread.run(Thread.java:929)
01-24 03:45:02.654 26348 26365 E System : Uncaught exception thrown by finalizer
01-24 03:45:02.654 26348 26365 E System : java.lang.NullPointerException: Attempt to invoke virtual method 'void android.content.res.StringBlock.close()' on a null object reference
01-24 03:45:02.654 26348 26365 E System : at android.content.res.ApkAssets.close(ApkAssets.java:201)
01-24 03:45:02.654 26348 26365 E System : at android.content.res.ApkAssets.finalize(ApkAssets.java:191)
01-24 03:45:02.654 26348 26365 E System : at java.lang.Daemons$FinalizerDaemon.doFinalize(Daemons.java:289)
01-24 03:45:02.654 26348 26365 E System : at java.lang.Daemons$FinalizerDaemon.runInternal(Daemons.java:276)
01-24 03:45:02.654 26348 26365 E System : at java.lang.Daemons$Daemon.run(Daemons.java:137)
01-24 03:45:02.654 26348 26365 E System : at java.lang.Thread.run(Thread.java:929)
01-24 03:45:02.654 26348 26365 E System : Uncaught exception thrown by finalizer
01-24 03:45:02.654 26348 26365 E System : java.lang.NullPointerException: Attempt to invoke virtual method 'void android.content.res.StringBlock.close()' on a null object reference
01-24 03:45:02.654 26348 26365 E System : at android.content.res.ApkAssets.close(ApkAssets.java:201)
01-24 03:45:02.654 26348 26365 E System : at android.content.res.ApkAssets.finalize(ApkAssets.java:191)
01-24 03:45:02.654 26348 26365 E System : at java.lang.Daemons$FinalizerDaemon.doFinalize(Daemons.java:289)
01-24 03:45:02.654 26348 26365 E System : at java.lang.Daemons$FinalizerDaemon.runInternal(Daemons.java:276)
01-24 03:45:02.654 26348 26365 E System : at java.lang.Daemons$Daemon.run(Daemons.java:137)
01-24 03:45:02.654 26348 26365 E System : at java.lang.Thread.run(Thread.java:929)
01-24 03:45:02.654 26348 26365 E System : Uncaught exception thrown by finalizer
01-24 03:45:02.654 26348 26365 E System : java.lang.NullPointerException: Attempt to invoke virtual method 'void android.content.res.StringBlock.close()' on a null object reference
01-24 03:45:02.654 26348 26365 E System : at android.content.res.ApkAssets.close(ApkAssets.java:201)
01-24 03:45:02.654 26348 26365 E System : at android.content.res.ApkAssets.finalize(ApkAssets.java:191)
01-24 03:45:02.654 26348 26365 E System : at java.lang.Daemons$FinalizerDaemon.doFinalize(Daemons.java:289)
01-24 03:45:02.654 26348 26365 E System : at java.lang.Daemons$FinalizerDaemon.runInternal(Daemons.java:276)
01-24 03:45:02.654 26348 26365 E System : at java.lang.Daemons$Daemon.run(Daemons.java:137)
01-24 03:45:02.654 26348 26365 E System : at java.lang.Thread.run(Thread.java:929)
01-24 03:45:04.901 26348 26744 E upgadata.up772: Invalid ID 0x00000000.
01-24 03:45:04.902 26348 26744 E upgadata.up772: Invalid ID 0x00000000.
01-24 03:45:04.944 26348 26744 E upgadata.up772: Invalid ID 0x00000000.
01-24 03:45:04.945 26348 26744 E upgadata.up772: Invalid ID 0x00000000.
01-24 03:45:06.139 26348 26744 E upgadata.up772: Invalid ID 0x00000000.
01-24 03:45:06.150 26348 26744 E upgadata.up772: Invalid ID 0x00000000.
01-24 03:45:07.164 26348 26744 E upgadata.up772: Invalid ID 0x00000000.
01-24 03:45:07.171 26348 26744 E upgadata.up772: Invalid ID 0x00000000.
01-24 03:45:07.203 26348 26744 E upgadata.up772: Invalid ID 0x00000000.
01-24 03:45:07.204 26348 26744 E upgadata.up772: Invalid ID 0x00000000.
01-24 03:45:14.256 26348 26744 E upgadata.up772: Invalid ID 0x00000000.
01-24 03:45:14.257 26348 26744 E upgadata.up772: Invalid ID 0x00000000.
01-24 03:45:14.933 26348 26744 E upgadata.up772: Invalid ID 0x00000000.
01-24 03:45:14.939 26348 26744 E upgadata.up772: Invalid ID 0x00000000.
01-24 03:45:14.954 26348 26744 E upgadata.up772: Invalid ID 0x00000000.
01-24 03:45:14.955 26348 26744 E upgadata.up772: Invalid ID 0x00000000.
01-24 03:45:18.462 26348 26348 E AwareLog: DynBufManager: endFling hash null
01-24 03:45:20.433 26348 26744 E upgadata.up772: Invalid ID 0x00000000.
01-24 03:45:20.433 26348 26744 E upgadata.up772: Invalid ID 0x00000000.
01-24 03:45:22.658 26348 26348 E AwareLog: DynBufManager: endFling hash null
01-24 03:45:24.417 26348 26348 E RtgSchedManager: endActivityTransaction: margin state not match
01-24 03:45:24.430 26348 26348 E RtgSchedManager: endActivityTransaction: margin state not match
01-24 03:45:25.094 26348 27045 E ignored : java.lang.NullPointerException: Attempt to invoke virtual method 'java.lang.Object android.content.Context.getSystemService(java.lang.String)' on a null object reference
01-24 03:45:25.144 26348 26348 E AppBackgroundObserver: onAppBackground
01-24 03:45:31.502 26348 27943 E ignored : java.lang.NullPointerException: Attempt to invoke virtual method 'java.lang.Object android.content.Context.getSystemService(java.lang.String)' on a null object reference