The document contains log messages from an Android application startup. It records the initialization of various application components like the face detection library and the loading of native libraries. It also logs errors from trying to check for display notch and connection issues reaching a remote server.
We take content rights seriously. If you suspect this is your content, claim it here.
Available Formats
Download as TXT, PDF, TXT or read online on Scribd
0 ratings0% found this document useful (0 votes)
58 views6 pages
Logcat 1598868811276
The document contains log messages from an Android application startup. It records the initialization of various application components like the face detection library and the loading of native libraries. It also logs errors from trying to check for display notch and connection issues reaching a remote server.
We take content rights seriously. If you suspect this is your content, claim it here.
Available Formats
Download as TXT, PDF, TXT or read online on Scribd
You are on page 1/ 6
--------- beginning of main
08-31 18:13:31.327 19998 20045 D polarr_dlib: jniNativeClassInit success
08-31 18:13:31.327 19998 20045 I polarr_dlib: version: 1.0_n19.1.1
08-31 18:13:31.327 19998 20045 D Polarr_JNI: Init mFaceDetector --------- beginning of system
08-31 18:13:31.391 19998 20025 I FA : Tag Manager is not found and thus will not be used
08-31 18:13:31.490 19998 19998 I WebViewFactory: Loading com.android.chrome version 84.0.4147.125 (code 414712573)
08-31 18:13:31.721 19998 19998 I cr_LibraryLoader: Loaded native library version number "84.0.4147.125"
08-31 18:13:31.727 19998 19998 I cr_CachingUmaRecorder: Flushed 5 samples from 5 histograms.
08-31 18:13:32.140 19998 20108 W cr_media: Requires BLUETOOTH permission
08-31 18:13:32.151 19998 20122 I Adreno : QUALCOMM build : 59bfd40, I4f8eee8157
08-31 18:13:32.151 19998 20122 I Adreno : Build Date : 04/22/20
08-31 18:13:32.151 19998 20122 I Adreno : OpenGL ES Shader Compiler Version: EV031.25.03.07
08-31 18:13:32.151 19998 20122 I Adreno : Local Branch :
08-31 18:13:32.151 19998 20122 I Adreno : Remote Branch : refs/tags/AU_LINUX_ANDROID_LA.UM.7.6.2.C1.09.00.00.577.006
08-31 18:13:32.151 19998 20122 I Adreno : Remote Branch : NONE
08-31 18:13:32.151 19998 20122 I Adreno : Reconstruct Branch : NOTHING
08-31 18:13:32.151 19998 20122 I Adreno : Build Config : S L 6.0.7 AArch64
08-31 18:13:32.173 19998 20122 I Adreno : PFP: 0x005ff112, ME: 0x005ff066
08-31 18:13:32.183 19998 20122 I ConfigStore: android::hardware::configstore::V1_0::ISurfaceFlingerConfigs::hasWideColorDisplay retrieved: 0
08-31 18:13:32.184 19998 20122 I ConfigStore: android::hardware::configstore::V1_0::ISurfaceFlingerConfigs::hasHDRDisplay retrieved: 0
08-31 18:13:32.188 19998 19998 D SensorManager: isQQShake: package is = photo.editor.polarr
08-31 18:13:32.188 19998 19998 D SensorManager: isMicroMsg: package is = photo.editor.polarr
08-31 18:13:32.200 19998 19998 D OpenGLRenderer: Skia GL Pipeline
08-31 18:13:32.318 19998 19998 I TouchMotionHandler: handler onAttached
08-31 18:13:32.372 19998 20126 I OpenGLRenderer: Initialized EGL, version 1.4
08-31 18:13:32.372 19998 20126 D OpenGLRenderer: Swap behavior 2
08-31 18:13:32.393 19998 20044 W b : initStore should have been called before calling setUserID
08-31 18:13:33.861 19998 20045 D Polarr_JNI: Load landmarkmodel from /data/user/0/photo.editor.polarr/filesface.dat
08-31 18:13:35.119 19998 19998 W BillingClient: Client is already in the process of connecting to billing service.
08-31 18:13:35.124 19998 19998 E PPE : hasNotchInScreen ClassNotFoundException
08-31 18:13:35.125 19998 19998 E PPE : hasNotchInScreen ClassNotFoundException
08-31 18:13:35.718 19998 20025 W FA : Value is too long; discarded. Value kind, name, value length: param, event_name, 666
08-31 18:13:36.393 19998 20025 W FA : Value is too long; discarded. Value kind, name, value length: param, event_name, 715
08-31 18:13:36.963 19998 19998 W ActivityThread: handleWindowVisibility: no activity for token android.os.BinderProxy@5c0d2a0
08-31 18:13:37.016 19998 19998 E BackgroundFallback: initVivoBgFallback callstackcom.android.internal.policy.DecorView.<init>:398 com.android.internal.policy.PhoneWindow.generateDecor:2470 com.android.internal.policy.PhoneWindow.installDecor:2849 com.android.internal.policy.PhoneWindow.setContentView:457 com.android.internal.app.AlertController.installContent:292 android.app.AlertDialog.onCreate:444 android.app.ProgressDialog.onCreate:272 android.app.Dialog.dispatchOnCreate:442 android.app.Dialog.show:337 android.app.ProgressDialog.show:190
08-31 18:13:37.056 19998 19998 E PPE : hasNotchInScreen ClassNotFoundException
08-31 18:13:37.057 19998 19998 E PPE : hasNotchInScreen ClassNotFoundException
08-31 18:13:37.060 19998 19998 D SensorManager: isQQShake: package is = photo.editor.polarr
08-31 18:13:37.060 19998 19998 D SensorManager: isMicroMsg: package is = photo.editor.polarr
08-31 18:13:37.081 19998 19998 I TouchMotionHandler: handler onAttached
08-31 18:13:37.094 19998 19998 I TouchMotionHandler: handler onAttached
08-31 18:13:37.432 19998 19998 I TouchMotionHandler: handler onDetached
08-31 18:13:41.265 19998 19998 W ActivityThread: handleWindowVisibility: no activity for token android.os.BinderProxy@4bb616f
08-31 18:13:41.306 19998 19998 E PPE : hasNotchInScreen ClassNotFoundException
08-31 18:13:41.307 19998 19998 E PPE : hasNotchInScreen ClassNotFoundException
08-31 18:13:41.310 19998 19998 D SensorManager: isQQShake: package is = photo.editor.polarr
08-31 18:13:41.310 19998 19998 D SensorManager: isMicroMsg: package is = photo.editor.polarr
08-31 18:13:41.336 19998 19998 I TouchMotionHandler: handler onAttached
08-31 18:13:42.300 19998 20030 E FirebaseCrashlytics: Settings request failed.
08-31 18:13:42.300 19998 20030 E FirebaseCrashlytics: java.io.InterruptedIOException: timeout
08-31 18:13:42.300 19998 20030 E FirebaseCrashlytics: at okhttp3.RealCall.timeoutExit(SourceFile:2)
08-31 18:13:42.300 19998 20030 E FirebaseCrashlytics: at okhttp3.RealCall.execute(SourceFile:12)
08-31 18:13:42.300 19998 20030 E FirebaseCrashlytics: at com.google.firebase.crashlytics.internal.network.a.ʻ(SourceFile:8)
08-31 18:13:42.300 19998 20030 E FirebaseCrashlytics: at com.google.firebase.crashlytics.internal.settings.h.c.ʻ(SourceFile:6)
08-31 18:13:42.300 19998 20030 E FirebaseCrashlytics: at com.google.firebase.crashlytics.internal.settings.SettingsController$1.then(SourceF ile:3)
08-31 18:13:42.300 19998 20030 E FirebaseCrashlytics: at com.google.firebase.crashlytics.internal.settings.SettingsController$1.then(SourceF ile:1)
08-31 18:13:42.300 19998 20030 E FirebaseCrashlytics: at com.google.android.gms.tasks.zzp.run(SourceFile:1)
08-31 18:13:42.300 19998 20030 E FirebaseCrashlytics: at java.util.concurrent.ThreadPoolExecutor.runWorker(ThreadPoolExecutor.java:1167)
08-31 18:13:42.300 19998 20030 E FirebaseCrashlytics: at java.util.concurrent.ThreadPoolExecutor$Worker.run(ThreadPoolExecutor.java:641)
08-31 18:13:42.300 19998 20030 E FirebaseCrashlytics: at com.google.firebase.crashlytics.internal.common.n$a$a.ʻ(SourceFile:1)
08-31 18:13:42.300 19998 20030 E FirebaseCrashlytics: at com.google.firebase.crashlytics.internal.common.d.run(SourceFile:2)
08-31 18:13:42.300 19998 20030 E FirebaseCrashlytics: at java.lang.Thread.run(Thread.java:764)
08-31 18:13:42.300 19998 20030 E FirebaseCrashlytics: Caused by: java.net.SocketException: Socket closed
08-31 18:13:42.300 19998 20030 E FirebaseCrashlytics: at com.android.org.conscrypt.NativeCrypto.SSL_do_handshake(Native Method)
08-31 18:13:42.300 19998 20030 E FirebaseCrashlytics: at com.android.org.conscrypt.NativeSsl.doHandshake(NativeSsl.java:375)
08-31 18:13:42.300 19998 20030 E FirebaseCrashlytics: at com.android.org.conscrypt.ConscryptFileDescriptorSocket.startHandshake(ConscryptFil eDescriptorSocket.java:224)
08-31 18:13:42.300 19998 20030 E FirebaseCrashlytics: at okhttp3.internal.connection.RealConnection.connectTls(SourceFile:11)
08-31 18:13:42.300 19998 20030 E FirebaseCrashlytics: at okhttp3.internal.connection.RealConnection.establishProtocol(SourceFile:9)
08-31 18:13:42.300 19998 20030 E FirebaseCrashlytics: at okhttp3.internal.connection.RealConnection.connect(SourceFile:15)
08-31 18:13:42.300 19998 20030 E FirebaseCrashlytics: at okhttp3.internal.connection.StreamAllocation.findConnection(SourceFile:36)
08-31 18:13:42.300 19998 20030 E FirebaseCrashlytics: at okhttp3.internal.connection.StreamAllocation.findHealthyConnection(SourceFile:1)
08-31 18:13:42.300 19998 20030 E FirebaseCrashlytics: at okhttp3.internal.connection.StreamAllocation.newStream(SourceFile:6)
08-31 18:13:42.300 19998 20030 E FirebaseCrashlytics: at okhttp3.internal.connection.ConnectInterceptor.intercept(SourceFile:5)
08-31 18:13:42.300 19998 20030 E FirebaseCrashlytics: at okhttp3.internal.http.RealInterceptorChain.proceed(SourceFile:10)
08-31 18:13:42.300 19998 20030 E FirebaseCrashlytics: at okhttp3.internal.http.RealInterceptorChain.proceed(SourceFile:1)
08-31 18:13:42.300 19998 20030 E FirebaseCrashlytics: at okhttp3.internal.cache.CacheInterceptor.intercept(SourceFile:22)
08-31 18:13:42.300 19998 20030 E FirebaseCrashlytics: at okhttp3.internal.http.RealInterceptorChain.proceed(SourceFile:10)
08-31 18:13:42.300 19998 20030 E FirebaseCrashlytics: at okhttp3.internal.http.RealInterceptorChain.proceed(SourceFile:1)
08-31 18:13:42.300 19998 20030 E FirebaseCrashlytics: at okhttp3.internal.http.BridgeInterceptor.intercept(SourceFile:22)
08-31 18:13:42.300 19998 20030 E FirebaseCrashlytics: at okhttp3.internal.http.RealInterceptorChain.proceed(SourceFile:10)
08-31 18:13:42.300 19998 20030 E FirebaseCrashlytics: at okhttp3.internal.http.RetryAndFollowUpInterceptor.intercept(SourceFile:9)
08-31 18:13:42.300 19998 20030 E FirebaseCrashlytics: at okhttp3.internal.http.RealInterceptorChain.proceed(SourceFile:10)
08-31 18:13:42.300 19998 20030 E FirebaseCrashlytics: at okhttp3.internal.http.RealInterceptorChain.proceed(SourceFile:1)
08-31 18:13:42.300 19998 20030 E FirebaseCrashlytics: at okhttp3.RealCall.getResponseWithInterceptorChain(SourceFile:13)
08-31 18:13:42.300 19998 20030 E FirebaseCrashlytics: at okhttp3.RealCall.execute(SourceFile:9)
08-31 18:13:42.300 19998 20030 E FirebaseCrashlytics: ... 10 more
08-31 18:13:43.149 19998 19998 E PPE : hasNotchInScreen ClassNotFoundException
08-31 18:13:43.150 19998 19998 E PPE : hasNotchInScreen ClassNotFoundException
08-31 18:13:43.152 19998 19998 D SensorManager: isQQShake: package is = photo.editor.polarr
08-31 18:13:43.152 19998 19998 D SensorManager: isMicroMsg: package is = photo.editor.polarr
08-31 18:13:43.515 19998 19998 I TouchMotionHandler: handler onDetached
08-31 18:13:44.041 19998 19998 W ActivityThread: handleWindowVisibility: no activity for token android.os.BinderProxy@16212a7
08-31 18:13:44.081 19998 19998 E PPE : hasNotchInScreen ClassNotFoundException
08-31 18:13:44.081 19998 19998 E PPE : hasNotchInScreen ClassNotFoundException
08-31 18:13:44.085 19998 19998 D SensorManager: isQQShake: package is = photo.editor.polarr
08-31 18:13:44.085 19998 19998 D SensorManager: isMicroMsg: package is = photo.editor.polarr
08-31 18:13:44.115 19998 19998 I TouchMotionHandler: handler onAttached
08-31 18:13:47.173 19998 19998 I Scroller: mListTotalJank = 6,jankRatio = 70
08-31 18:13:47.173 19998 19998 D OverScroller: finish
08-31 18:13:48.209 19998 19998 I Scroller: mListTotalJank = 2,jankRatio = 21
08-31 18:13:48.209 19998 19998 D OverScroller: finish
08-31 18:13:48.799 19998 20235 D skia : libjpeg error 122 <Invalid SOS parameters for sequential JPEG> from output_message
08-31 18:13:48.806 19998 20236 D skia : libjpeg error 122 <Invalid SOS parameters for sequential JPEG> from output_message
08-31 18:13:48.869 19998 20234 D skia : libjpeg error 122 <Invalid SOS parameters for sequential JPEG> from output_message
08-31 18:13:48.953 19998 20235 D skia : libjpeg error 122 <Invalid SOS parameters for sequential JPEG> from output_message
08-31 18:13:49.825 19998 20236 D skia : libjpeg error 122 <Invalid SOS parameters for sequential JPEG> from output_message
08-31 18:13:49.947 19998 19998 I Scroller: mListTotalJank = 0,jankRatio = 0
08-31 18:13:49.948 19998 19998 D OverScroller: finish
08-31 18:13:50.149 19998 20237 D skia : libjpeg error 122 <Invalid SOS parameters for sequential JPEG> from output_message
08-31 18:13:50.158 19998 20234 D skia : libjpeg error 122 <Invalid SOS parameters for sequential JPEG> from output_message
08-31 18:13:50.294 19998 20236 D skia : libjpeg error 122 <Invalid SOS parameters for sequential JPEG> from output_message
08-31 18:13:52.915 19998 19998 E PPE : hasNotchInScreen ClassNotFoundException
08-31 18:13:52.915 19998 19998 E PPE : hasNotchInScreen ClassNotFoundException
08-31 18:13:52.917 19998 19998 D SensorManager: isQQShake: package is = photo.editor.polarr
08-31 18:13:52.917 19998 19998 D SensorManager: isMicroMsg: package is = photo.editor.polarr
08-31 18:13:53.301 19998 19998 I TouchMotionHandler: handler onDetached
08-31 18:13:54.667 19998 19998 W ActivityThread: handleWindowVisibility: no activity for token android.os.BinderProxy@6ea3aad
08-31 18:13:54.702 19998 19998 E PPE : hasNotchInScreen ClassNotFoundException
08-31 18:13:54.703 19998 19998 E PPE : hasNotchInScreen ClassNotFoundException
08-31 18:13:54.706 19998 19998 D SensorManager: isQQShake: package is = photo.editor.polarr
08-31 18:13:54.706 19998 19998 D SensorManager: isMicroMsg: package is = photo.editor.polarr
08-31 18:13:54.731 19998 19998 I TouchMotionHandler: handler onAttached
08-31 18:13:55.275 19998 20178 E PPE : Billing error (6).
08-31 18:13:55.276 19998 20178 E iabv3 : Failed to retrieve info for 1 products, 6
08-31 18:13:55.298 19998 20183 W BillingClient: getPurchaseHistory() failed. Response code: 6
08-31 18:13:55.316 19998 19998 W [Purchases] - INFO: Error receiving purchase history. DebugMessage: An internal error occurred.. ErrorCode: ERROR.
08-31 18:13:58.247 19998 19998 I Scroller: mListTotalJank = 5,jankRatio = 55
08-31 18:13:58.247 19998 19998 D OverScroller: finish
08-31 18:14:00.281 19998 19998 I Scroller: mListTotalJank = 6,jankRatio = 32
08-31 18:14:00.281 19998 19998 D OverScroller: finish
08-31 18:14:00.580 19998 19998 I Scroller: mListTotalJank = 0,jankRatio = 0
08-31 18:14:00.580 19998 19998 D OverScroller: finish
08-31 18:14:01.686 19998 20045 E PPE : cur is null
08-31 18:14:01.699 19998 19998 E PPE : hasNotchInScreen ClassNotFoundException
08-31 18:14:01.701 19998 19998 E PPE : hasNotchInScreen ClassNotFoundException
08-31 18:14:01.706 19998 19998 D SensorManager: isQQShake: package is = photo.editor.polarr
08-31 18:14:01.706 19998 19998 D SensorManager: isMicroMsg: package is = photo.editor.polarr
08-31 18:14:01.883 19998 19998 E PPE : cur is null
08-31 18:14:02.106 19998 19998 I TouchMotionHandler: handler onDetached
08-31 18:14:02.130 19998 19998 I TouchMotionHandler: handler onDetached
08-31 18:14:03.545 19998 20025 W FA : Value is too long; discarded. Value kind, name, value length: param, event_name, 1274
08-31 18:14:04.574 19998 20045 D Polarr_JNI: Face detected
08-31 18:14:04.574 19998 20045 I Polarr_JNI: Detected face count: 1
08-31 18:14:04.586 19998 20045 D Polarr_JNI: number of parts: 68
08-31 18:14:05.665 19998 20025 W FA : Value is too long; discarded. Value kind, name, value length: param, event_name, 686
08-31 18:14:06.445 19998 20025 W FA : Value is too long; discarded. Value kind, name, value length: param, event_name, 850
08-31 18:14:15.284 19998 20178 E PPE : Billing error (6).
08-31 18:14:15.284 19998 20178 E iabv3 : Failed to retrieve info for 1 products, 6
08-31 18:14:26.678 19998 20126 I OpenGLRenderer: Davey! duration=766ms; Flags=0, IntendedVsync=268432777017225, Vsync=268432777017225, OldestInputEvent=9223372036854775807, NewestInputEvent=0, HandleInputStart=268432777699243, AnimationStart=268432777725545, PerformTraversalsStart=268432782151743, DrawStart=268432782264920, SyncQueued=268432782626951, SyncStart=268432782659503, IssueDrawCommandsStart=268432782780909, SwapBuffers=268432789727055, FrameCompleted=268433543896690, DequeueBufferDuration=387000, QueueBufferDuration=753372000,
08-31 18:14:26.680 19998 19998 I Choreographer: Skipped 43 frames! The application may be doing too much work on its main thread.
08-31 18:14:41.715 19998 20126 I OpenGLRenderer: Davey! duration=1847ms; Flags=0, IntendedVsync=268446727900872, Vsync=268446727900872, OldestInputEvent=9223372036854775807, NewestInputEvent=0, HandleInputStart=268446729578665, AnimationStart=268446729581894, PerformTraversalsStart=268446731963925, DrawStart=268446732050644, SyncQueued=268446732310592, SyncStart=268446738365383, IssueDrawCommandsStart=268446739236165, SwapBuffers=268446743797154, FrameCompleted=268448581166008, DequeueBufferDuration=277000, QueueBufferDuration=1836582000,
08-31 18:14:43.701 19998 20126 I OpenGLRenderer: Davey! duration=1920ms; Flags=0, IntendedVsync=268448646707501, Vsync=268448646707501, OldestInputEvent=9223372036854775807, NewestInputEvent=0, HandleInputStart=268448647388143, AnimationStart=268448647414914, PerformTraversalsStart=268448648422987, DrawStart=268448648530070, SyncQueued=268448648802570, SyncStart=268448648855799, IssueDrawCommandsStart=268448648955174, SwapBuffers=268450565522621, FrameCompleted=268450567301007, DequeueBufferDuration=295000, QueueBufferDuration=1009000,
08-31 18:14:43.727 19998 19998 I Choreographer: Skipped 114 frames! The application may be doing too much work on its main thread.
08-31 18:14:44.521 19998 19998 I Choreographer: Skipped 38 frames! The application may be doing too much work on its main thread.
08-31 18:14:44.817 19998 20126 I OpenGLRenderer: Davey! duration=928ms; Flags=0, IntendedVsync=268450749751114, Vsync=268451383084422, OldestInputEvent=9223372036854775807, NewestInputEvent=0, HandleInputStart=268451387629809, AnimationStart=268451387677152, PerformTraversalsStart=268451389625069, DrawStart=268451389729861, SyncQueued=268451390233715, SyncStart=268451395275590, IssueDrawCommandsStart=268451395466788, SwapBuffers=268451409859652, FrameCompleted=268451683334652, DequeueBufferDuration=9569000, QueueBufferDuration=272337000,
08-31 18:14:50.215 19998 20126 I OpenGLRenderer: Davey! duration=1015ms; Flags=0, IntendedVsync=268456056914082, Vsync=268456056914082, OldestInputEvent=9223372036854775807, NewestInputEvent=0, HandleInputStart=268456057429755, AnimationStart=268456057476630, PerformTraversalsStart=268456063047411, DrawStart=268456063171994, SyncQueued=268456063521109, SyncStart=268456072484442, IssueDrawCommandsStart=268456072773401, SwapBuffers=268456078807984, FrameCompleted=268457081691890, DequeueBufferDuration=343000, QueueBufferDuration=1001708000,
08-31 18:14:50.219 19998 19998 I Choreographer: Skipped 59 frames! The application may be doing too much work on its main thread.
08-31 18:14:50.449 19998 20126 I OpenGLRenderer: Davey! duration=1036ms; Flags=0, IntendedVsync=268456090296165, Vsync=268457073629459, OldestInputEvent=9223372036854775807, NewestInputEvent=0, HandleInputStart=268457085418244, AnimationStart=268457085460952, PerformTraversalsStart=268457095209546, DrawStart=268457095344234, SyncQueued=268457095828348, SyncStart=268457285161265, IssueDrawCommandsStart=268457285612150, SwapBuffers=268457291200015, FrameCompleted=268457315705275, DequeueBufferDuration=357000, QueueBufferDuration=22967000,
08-31 18:14:53.149 19998 19998 I Choreographer: Skipped 30 frames! The application may be doing too much work on its main thread.