The document contains system log information from an Android device. It records events like class loading errors, OpenGL calls, network requests and other system activities. The log captures debugging information from various system components and services.
We take content rights seriously. If you suspect this is your content, claim it here.
Available Formats
Download as TXT, PDF, TXT or read online on Scribd
0 ratings0% found this document useful (0 votes)
26 views15 pages
Logcat 1592452474387
The document contains system log information from an Android device. It records events like class loading errors, OpenGL calls, network requests and other system activities. The log captures debugging information from various system components and services.
We take content rights seriously. If you suspect this is your content, claim it here.
Available Formats
Download as TXT, PDF, TXT or read online on Scribd
You are on page 1/ 15
--------- beginning of system
06-18 11:54:34.403 24163 24163 I FtBuild : getRomVersion mRomVer=9.0
--------- beginning of main
06-18 11:54:34.436 24163 24216 W System : ClassLoader referenced unknown path: system/framework/mediatek-cta.jar
06-18 11:54:34.437 24163 24216 I System.out: e:java.lang.ClassNotFoundException: com.mediatek.cta.CtaHttp
06-18 11:54:34.437 24163 24214 W System : ClassLoader referenced unknown path: system/framework/mediatek-cta.jar
06-18 11:54:34.437 24163 24216 D Linux : [Posix_connect Debug]Process photo.editor.polarr :443
06-18 11:54:34.438 24163 24214 I System.out: e:java.lang.ClassNotFoundException: com.mediatek.cta.CtaHttp
06-18 11:54:34.439 24163 24214 D Linux : [Posix_connect Debug]Process photo.editor.polarr :443
06-18 11:54:34.439 24163 24217 W System : ClassLoader referenced unknown path: system/framework/mediatek-cta.jar
06-18 11:54:34.440 24163 24217 I System.out: e:java.lang.ClassNotFoundException: com.mediatek.cta.CtaHttp
06-18 11:54:34.440 24163 24217 D Linux : [Posix_connect Debug]Process photo.editor.polarr :443
06-18 11:54:34.475 24163 24163 D VivoPhoneWindow: DEBUG_ALIENSCREEN:getRotation mRotation=0
06-18 11:54:34.475 24163 24163 I PhoneWindow: initSystemUIColor
06-18 11:54:34.557 24163 24163 I WebViewFactory: Loading com.android.chrome version 81.0.4044.138 (code 404413823)
06-18 11:54:34.631 24163 24216 D OpenSSLLib: OpensslErr:Module:12(177:); file:external/boringssl/src/crypto/asn1/asn1_lib.c ;Line:168;Function:ASN1_get_obje ct
06-18 11:54:34.632 24163 24216 D OpenSSLLib: OpensslErr:Module:12(177:); file:external/boringssl/src/crypto/asn1/asn1_lib.c ;Line:168;Function:ASN1_get_obje ct
06-18 11:54:34.637 24163 24214 D OpenSSLLib: OpensslErr:Module:12(177:); file:external/boringssl/src/crypto/asn1/asn1_lib.c ;Line:168;Function:ASN1_get_obje ct
06-18 11:54:34.638 24163 24217 D OpenSSLLib: OpensslErr:Module:12(177:); file:external/boringssl/src/crypto/asn1/asn1_lib.c ;Line:168;Function:ASN1_get_obje ct
06-18 11:54:34.638 24163 24214 D OpenSSLLib: OpensslErr:Module:12(177:); file:external/boringssl/src/crypto/asn1/asn1_lib.c ;Line:168;Function:ASN1_get_obje ct
06-18 11:54:34.638 24163 24217 D OpenSSLLib: OpensslErr:Module:12(177:); file:external/boringssl/src/crypto/asn1/asn1_lib.c ;Line:168;Function:ASN1_get_obje ct
06-18 11:54:34.664 24163 24216 I System.out: [OkHttp] sendRequest>>
06-18 11:54:34.666 24163 24216 I System.out: [OkHttp] sendRequest<<
06-18 11:54:34.670 24163 24214 I System.out: [OkHttp] sendRequest>>
06-18 11:54:34.671 24163 24217 I System.out: [OkHttp] sendRequest>>
06-18 11:54:34.671 24163 24214 I System.out: [OkHttp] sendRequest<<
06-18 11:54:34.671 24163 24217 I System.out: [OkHttp] sendRequest<<
06-18 11:54:34.676 24163 24223 D dlib : jniNativeClassInit success
06-18 11:54:34.676 24163 24223 I native : I/jni_face_det.cpp:145 jniInit
06-18 11:54:34.676 24163 24223 I native : I/detector.h:81 Model Path: /sdcard/person.svm
06-18 11:54:34.678 24163 24223 I native : I/detector.h:85 Not exist /sdcard/person.svm
06-18 11:54:34.678 24163 24223 I native : I/detector.h:149 Init mFaceDetector
06-18 11:54:34.970 24163 24163 I cr_LibraryLoader: Loaded native library version number "81.0.4044.138"
06-18 11:54:35.114 24163 24163 E chromium: [ERROR:filesystem_posix.cc(62)] mkdir /data/user/0/photo.editor.polarr/cache/WebView/Crashpad: No such file or directory (2)
06-18 11:54:35.163 24163 24217 I System.out: [OkHttp] sendRequest>>
06-18 11:54:35.163 24163 24217 I System.out: [OkHttp] sendRequest<<
06-18 11:54:35.716 24163 24163 W FlurryAgent: Flurry session started for context:co.polarr.polarrphotoeditor.EditorActivity@4780a86
06-18 11:54:35.716 24163 24163 W FlurryAgent: Flurry session resumed for context:co.polarr.polarrphotoeditor.EditorActivity@4780a86
06-18 11:54:35.780 24163 24287 W cr_media: Requires BLUETOOTH permission
06-18 11:54:35.819 24163 24163 E PPE : hasNotchInScreen ClassNotFoundException
06-18 11:54:35.820 24163 24163 E PPE : hasNotchInScreen ClassNotFoundException
06-18 11:54:35.833 24163 24163 D OpenGLRenderer: Dumper init 4 threads <0x775b84fa00>
06-18 11:54:35.833 24163 24163 D OpenGLRenderer: <photo.editor.polarr> is running.
06-18 11:54:35.833 24163 24163 D OpenGLRenderer: Skia GL Pipeline
06-18 11:54:35.844 24163 24190 I FA : Tag Manager is not found and thus will not be used
06-18 11:54:35.848 24163 24163 I SurfaceFactory: [static] sSurfaceFactory = com.mediatek.view.impl.SurfaceFactoryImpl@531b14a
06-18 11:54:35.901 24163 24163 D ViewRootImpl[EditorActivity]: hardware acceleration = true , fakeHwAccelerated = false, sRendererDisabled = false, forceHwAccelerated = false, sSystemRendererDisabled = false
06-18 11:54:35.948 24163 24163 V PhoneWindow: DecorView setVisiblity: visibility = 0, Parent = android.view.ViewRootImpl@1e8a597, this = DecorView@c4cb384[EditorActivity]
06-18 11:54:36.026 24163 24302 I ConfigStore: android::hardware::configstore::V1_0::ISurfaceFlingerConfigs::hasWideColorDisplay retrieved: 0
06-18 11:54:36.027 24163 24302 I ConfigStore: android::hardware::configstore::V1_0::ISurfaceFlingerConfigs::hasHDRDisplay retrieved: 0
06-18 11:54:36.051 24163 24302 W IMGSRV : glGetString:4383: Override GL_RENDERER PowerVR SGX Doma
06-18 11:54:36.052 24163 24302 W IMGSRV : glGetString:4383: Override GL_RENDERER PowerVR SGX Doma
06-18 11:54:36.109 24163 24302 W IMGSRV : glGetString:4383: Override GL_RENDERER PowerVR SGX Doma
06-18 11:54:36.145 24163 24163 I TouchMotionHandler: handler onAttached
06-18 11:54:36.154 24163 24302 W IMGSRV : glGetString:4383: Override GL_RENDERER PowerVR SGX Doma
06-18 11:54:36.217 24163 24163 D Surface : Surface::allocateBuffers(this=0x775e63f000)
06-18 11:54:36.217 24163 24305 I OpenGLRenderer: Initialized EGL, version 1.4
06-18 11:54:36.218 24163 24305 D OpenGLRenderer: Swap behavior 2
06-18 11:54:36.273 24163 24305 D Surface : Surface::connect(this=0x775e63f000,api=1)
06-18 11:54:36.278 24163 24302 W AudioCapabilities: Unsupported mime audio/x-adpcm- ms
06-18 11:54:36.279 24163 24302 W AudioCapabilities: Unsupported mime audio/x-adpcm- dvi-ima
06-18 11:54:36.280 24163 24302 W AudioCapabilities: Unsupported mime audio/adpcm
06-18 11:54:36.280 24163 24302 W AudioCapabilities: Unsupported mime audio/x-ms- adpcm
06-18 11:54:36.281 24163 24302 W AudioCapabilities: Unsupported mime audio/alac
06-18 11:54:36.283 24163 24302 W AudioCapabilities: Unsupported mime audio/alac
06-18 11:54:36.288 24163 24302 W AudioCapabilities: Unsupported mime audio/ape
06-18 11:54:36.289 24163 24302 W AudioCapabilities: Unsupported mime audio/ape
06-18 11:54:36.290 24163 24302 W AudioCapabilities: Unsupported mime audio/dsd
06-18 11:54:36.295 24163 24305 E ion : ioctl c0044901 failed with code -1: Invalid argument
06-18 11:54:36.299 24163 24302 W AudioCapabilities: Unsupported mime audio/mpeg-L1
06-18 11:54:36.300 24163 24302 W AudioCapabilities: Unsupported mime audio/mpeg-L2
06-18 11:54:36.305 24163 24302 W AudioCapabilities: Unsupported mime audio/pcm
06-18 11:54:36.307 24163 24302 W AudioCapabilities: Unsupported mime audio/ra
06-18 11:54:36.311 24163 24302 W AudioCapabilities: Unsupported mime audio/x-ms-wma
06-18 11:54:36.336 24163 24302 W VideoCapabilities: Unsupported mime video/divx
06-18 11:54:36.339 24163 24302 W VideoCapabilities: Unsupported mime video/divx3
06-18 11:54:36.342 24163 24302 W VideoCapabilities: Unsupported mime video/divx3
06-18 11:54:36.347 24163 24302 W VideoCapabilities: Unsupported mime video/flv1
06-18 11:54:36.349 24163 24302 W VideoCapabilities: Unsupported mime video/x-flv
06-18 11:54:36.360 24163 24302 W VideoCapabilities: Unrecognized profile 4 for video/hevc
06-18 11:54:36.363 24163 24302 W VideoCapabilities: Unsupported mime video/mjpeg
06-18 11:54:36.366 24163 24302 W VideoCapabilities: Unsupported mime video/x- motion-jpeg
06-18 11:54:36.373 24163 24302 W VideoCapabilities: Unrecognized profile/level 1/32 for video/mp4v-es
06-18 11:54:36.373 24163 24302 W VideoCapabilities: Unrecognized profile/level 32768/2 for video/mp4v-es
06-18 11:54:36.373 24163 24302 W VideoCapabilities: Unrecognized profile/level 32768/64 for video/mp4v-es
06-18 11:54:36.377 24163 24302 W VideoCapabilities: Unsupported mime video/rv
06-18 11:54:36.390 24163 24302 W VideoCapabilities: Unsupported mime video/x-ms-wmv
06-18 11:54:36.395 24163 24302 W VideoCapabilities: Unsupported mime video/x-ms-wmv
06-18 11:54:36.397 24163 24302 W VideoCapabilities: Unsupported mime video/x-ms- wmv2
06-18 11:54:36.400 24163 24302 W VideoCapabilities: Unsupported mime video/xvid
06-18 11:54:36.416 24163 24302 W VideoCapabilities: Unrecognized profile/level 1/32 for video/mp4v-es
06-18 11:54:36.419 24163 24302 I VideoCapabilities: Unsupported profile 4 for video/mp4v-es
06-18 11:54:36.496 24163 24302 W IMGSRV : glGetString:4383: Override GL_RENDERER PowerVR SGX Doma
06-18 11:54:36.496 24163 24302 W IMGSRV : glGetString:4383: Override GL_RENDERER PowerVR SGX Doma
06-18 11:54:36.507 24163 24302 W IMGSRV : glGetString:4383: Override GL_RENDERER PowerVR SGX Doma
06-18 11:54:36.510 24163 24302 W IMGSRV : glGetString:4383: Override GL_RENDERER PowerVR SGX Doma
06-18 11:54:36.541 24163 24302 W IMGSRV : glGetString:4383: Override GL_RENDERER PowerVR SGX Doma
06-18 11:54:36.544 24163 24302 W IMGSRV : glGetString:4383: Override GL_RENDERER PowerVR SGX Doma
06-18 11:54:36.553 24163 24302 W IMGSRV : glGetString:4383: Override GL_RENDERER PowerVR SGX Doma
06-18 11:54:36.618 24163 24302 W IMGSRV : glGetString:4383: Override GL_RENDERER PowerVR SGX Doma
06-18 11:54:36.689 24163 24214 I System.out: [OkHttp] sendRequest>>
06-18 11:54:36.690 24163 24214 I System.out: [OkHttp] sendRequest<<
06-18 11:54:36.863 24163 24302 W IMGSRV : glGetString:4383: Override GL_RENDERER PowerVR SGX Doma
06-18 11:54:36.880 24163 24302 W IMGSRV : glGetString:4383: Override GL_RENDERER PowerVR SGX Doma
06-18 11:54:36.889 24163 24302 W IMGSRV : glGetString:4383: Override GL_RENDERER PowerVR SGX Doma
06-18 11:54:36.929 24163 24176 I o.editor.polar: Background concurrent copying GC freed 21417(1327KB) AllocSpace objects, 6(248KB) LOS objects, 49% free, 2MB/4MB, paused 17.973ms total 233.249ms
06-18 11:54:36.931 24163 24302 W IMGSRV : glGetString:4383: Override GL_RENDERER PowerVR SGX Doma
06-18 11:54:36.932 24163 24231 W System : ClassLoader referenced unknown path: system/framework/mediatek-cta.jar
06-18 11:54:36.934 24163 24231 I System.out: [OkHttp] sendRequest<<
06-18 11:54:37.417 24163 24284 D OpenSSLLib: OpensslErr:Module:12(177:); file:external/boringssl/src/crypto/asn1/asn1_lib.c ;Line:168;Function:ASN1_get_obje ct
06-18 11:54:37.419 24163 24284 D OpenSSLLib: OpensslErr:Module:12(177:); file:external/boringssl/src/crypto/asn1/asn1_lib.c ;Line:168;Function:ASN1_get_obje ct
06-18 11:54:38.078 24163 24223 I native : I/detector.h:161 Load landmarkmodel from /data/user/0/photo.editor.polarr/filesface.dat
06-18 11:54:38.196 24163 24302 W IMGSRV : glGetString:4383: Override GL_RENDERER PowerVR SGX Doma
06-18 11:54:38.230 24163 24302 I chatty : uid=10671(photo.editor.polarr) Chrome_InProcGp identical 4 lines
06-18 11:54:38.324 24163 24302 W IMGSRV : glGetString:4383: Override GL_RENDERER PowerVR SGX Doma
06-18 11:54:38.486 24163 24302 W IMGSRV : glGetString:4383: Override GL_RENDERER PowerVR SGX Doma
06-18 11:54:38.492 24163 24302 W IMGSRV : glGetString:4383: Override GL_RENDERER PowerVR SGX Doma
06-18 11:54:39.424 24163 24193 E Fabric : Settings request failed.
06-18 11:54:39.461 24163 24200 E Answers : Failed to retrieve settings
06-18 11:54:39.466 24163 24194 W CrashlyticsCore: Received null settings, skipping report submission!
06-18 11:54:45.357 24163 24190 E FA : Name must consist of letters, digits or _ (underscores). Type, name: event, PPE_EVENT_app initialized
06-18 11:54:45.360 24163 24190 E FA : Invalid public event name. Event will not be logged (FE): PPE_EVENT_app initialized
06-18 11:54:45.602 24163 24302 W IMGSRV : glGetString:4383: Override GL_RENDERER PowerVR SGX Doma
06-18 11:54:45.606 24163 24302 W IMGSRV : glGetString:4383: Override GL_RENDERER PowerVR SGX Doma
06-18 11:54:48.322 24163 24163 W ActivityThread: handleWindowVisibility: no activity for token android.os.BinderProxy@e9dfc9
06-18 11:54:48.442 24163 24163 D VivoPhoneWindow: DEBUG_ALIENSCREEN:getRotation mRotation=0
06-18 11:54:48.442 24163 24163 I PhoneWindow: initSystemUIColor
06-18 11:54:48.549 24163 24163 E BackgroundFallback: initVivoBgFallback callstackcom.android.internal.policy.DecorView.<init>:378 com.android.internal.policy.PhoneWindow.generateDecor:2442 com.android.internal.policy.PhoneWindow.installDecor:2820 com.android.internal.policy.PhoneWindow.setContentView:452 com.android.internal.app.AlertController.installContent:292 android.app.AlertDialog.onCreate:444 android.app.ProgressDialog.onCreate:272 android.app.Dialog.dispatchOnCreate:442 android.app.Dialog.show:337 android.app.ProgressDialog.show:190
06-18 11:54:48.552 24163 24163 D VivoPhoneWindow: DEBUG_ALIENSCREEN:getRotation mRotation=0
06-18 11:54:48.552 24163 24163 I PhoneWindow: initSystemUIColor
06-18 11:54:48.582 24163 24163 D ViewRootImpl[GalleryListActivity]: hardware acceleration = true , fakeHwAccelerated = false, sRendererDisabled = false, forceHwAccelerated = false, sSystemRendererDisabled = false
06-18 11:54:48.628 24163 24301 W FlurryAgent: Flurry session resumed for context:co.polarr.polarrphotoeditor.gallery.GalleryListActivity@cbe71da
06-18 11:54:48.628 24163 24163 E PPE : hasNotchInScreen ClassNotFoundException
06-18 11:54:48.629 24163 24163 E PPE : hasNotchInScreen ClassNotFoundException
06-18 11:54:48.635 24163 24163 V PhoneWindow: DecorView setVisiblity: visibility = 4, Parent = null, this = DecorView@245d4c1[]
06-18 11:54:48.637 24163 24163 D ViewRootImpl[GalleryListActivity]: hardware acceleration = true , fakeHwAccelerated = false, sRendererDisabled = false, forceHwAccelerated = false, sSystemRendererDisabled = false
06-18 11:54:48.646 24163 24163 V PhoneWindow: DecorView setVisiblity: visibility = 0, Parent = android.view.ViewRootImpl@cde5054, this = DecorView@245d4c1[GalleryListActivity]
06-18 11:54:48.655 24163 24163 I TouchMotionHandler: handler onAttached
06-18 11:54:48.678 24163 24305 D Surface : Surface::connect(this=0x7755cc7000,api=1)
06-18 11:54:48.678 24163 24163 D Surface : Surface::allocateBuffers(this=0x7755cc7000)
06-18 11:54:48.704 24163 24163 D yuan : onVisibilityChanged---- android.widget.ListView{48590f2 V.ED.VC.. ......I. 0,0-0,0 #7f0800b5 app:id/listview}
06-18 11:54:48.702 24163 24163 I TouchMotionHandler: handler onAttached
06-18 11:54:48.726 24163 24163 D Surface : Surface::allocateBuffers(this=0x7755cc8000)
06-18 11:54:48.726 24163 24305 D Surface : Surface::connect(this=0x7755cc8000,api=1)
06-18 11:54:49.051 24163 24305 D Surface : Surface::disconnect(this=0x775e63f000,api=1)
06-18 11:54:49.225 24163 24163 I TouchMotionHandler: handler onDetached
06-18 11:54:49.232 24163 24305 D Surface : Surface::disconnect(this=0x7755cc7000,api=1)
06-18 11:54:49.234 24163 24163 D View : [Warning] assignParent to null: this = DecorView@b4e333[GalleryListActivity]
06-18 11:54:49.433 24163 24301 W FlurryAgent: Flurry session paused for context:co.polarr.polarrphotoeditor.EditorActivity@4780a86
06-18 11:54:49.435 24163 24163 V PhoneWindow: DecorView setVisiblity: visibility = 4, Parent = android.view.ViewRootImpl@1e8a597, this = DecorView@c4cb384[EditorActivity]
06-18 11:54:49.579 24163 24457 D skia : SkJpegCodec::onGetPixels fEnTdshp 0 fISOSpeedRatings -1!
06-18 11:54:49.580 24163 24454 D skia : SkJpegCodec::onStartScanlineDecode fEnTdshp 0 fISOSpeedRatings -1!
06-18 11:54:49.580 24163 24456 D skia : SkJpegCodec::onStartScanlineDecode fEnTdshp 0 fISOSpeedRatings -1!
06-18 11:54:49.592 24163 24457 D skia : SkJpegCodec::onGetPixels fEnTdshp 0 fISOSpeedRatings -1!
06-18 11:54:49.596 24163 24457 D skia : SkJpegCodec::onStartScanlineDecode fEnTdshp 0 fISOSpeedRatings -1!
06-18 11:54:49.596 24163 24455 W ExifInterface: Stop reading file since a wrong offset may cause an infinite loop: 0
06-18 11:54:49.596 24163 24455 I chatty : uid=10671(photo.editor.polarr) pool-11- thread- identical 1 line
06-18 11:54:49.596 24163 24455 W ExifInterface: Stop reading file since a wrong offset may cause an infinite loop: 0
06-18 11:54:49.598 24163 24455 D skia : SkJpegCodec::onStartScanlineDecode fEnTdshp 0 fISOSpeedRatings -1!
06-18 11:54:49.629 24163 24454 W ExifInterface: Stop reading file since a wrong offset may cause an infinite loop: 0
06-18 11:54:49.630 24163 24454 W ExifInterface: Stop reading file since a wrong offset may cause an infinite loop: 0
06-18 11:54:49.632 24163 24454 D skia : SkJpegCodec::onGetPixels fEnTdshp 0 fISOSpeedRatings -1!
06-18 11:54:51.165 24163 24293 D OpenSSLLib: OpensslErr:Module:12(177:); file:external/boringssl/src/crypto/asn1/asn1_lib.c ;Line:168;Function:ASN1_get_obje ct
06-18 11:54:51.167 24163 24293 I chatty : uid=10671(photo.editor.polarr) ThreadPoolForeg identical 1 line
06-18 11:54:51.167 24163 24293 D OpenSSLLib: OpensslErr:Module:12(177:); file:external/boringssl/src/crypto/asn1/asn1_lib.c ;Line:168;Function:ASN1_get_obje ct
06-18 11:54:51.369 24163 24163 W ActivityThread: handleWindowVisibility: no activity for token android.os.BinderProxy@8fa2e3f
06-18 11:54:51.401 24163 24163 D VivoPhoneWindow: DEBUG_ALIENSCREEN:getRotation mRotation=0
06-18 11:54:51.401 24163 24163 I PhoneWindow: initSystemUIColor
06-18 11:54:51.467 24163 24301 W FlurryAgent: Flurry session resumed for context:co.polarr.polarrphotoeditor.gallery.GalleryImageActivity@8e853f8
06-18 11:54:51.468 24163 24163 E PPE : hasNotchInScreen ClassNotFoundException
06-18 11:54:51.469 24163 24163 E PPE : hasNotchInScreen ClassNotFoundException
06-18 11:54:51.473 24163 24163 V PhoneWindow: DecorView setVisiblity: visibility = 4, Parent = null, this = DecorView@9e29f7d[]
06-18 11:54:51.475 24163 24163 D ViewRootImpl[GalleryImageActivity]: hardware acceleration = true , fakeHwAccelerated = false, sRendererDisabled = false, forceHwAccelerated = false, sSystemRendererDisabled = false
06-18 11:54:51.489 24163 24163 V PhoneWindow: DecorView setVisiblity: visibility = 0, Parent = android.view.ViewRootImpl@167b740, this = DecorView@9e29f7d[GalleryImageActivity]
06-18 11:54:51.497 24163 24163 I TouchMotionHandler: handler onAttached
06-18 11:54:51.502 24163 24163 D yuan : onVisibilityChanged---- android.widget.GridView{222bfbe VFED.VCL. ......ID 0,0-0,0 #7f0800b7 app:id/main_gridview}
06-18 11:54:51.503 24163 24163 D yuan : onVisibilityChanged---- android.widget.ListView{db1076c IFED.VC.. ......I. 0,0-0,0 #7f080091 app:id/filter_package_con}
06-18 11:54:51.532 24163 24457 D skia : SkJpegCodec::onStartScanlineDecode fEnTdshp 0 fISOSpeedRatings -1!
06-18 11:54:51.552 24163 24163 D Surface : Surface::allocateBuffers(this=0x7753a54000)
06-18 11:54:51.552 24163 24305 D Surface : Surface::connect(this=0x7753a54000,api=1)
06-18 11:54:51.612 24163 24456 D skia : SkJpegCodec::onStartScanlineDecode fEnTdshp 0 fISOSpeedRatings -1!
06-18 11:54:51.690 24163 24305 D Surface : Surface::disconnect(this=0x7755cc8000,api=1)
06-18 11:54:51.785 24163 24231 W System : ClassLoader referenced unknown path: system/framework/mediatek-cta.jar
06-18 11:54:51.790 24163 24231 I System.out: [OkHttp] sendRequest<<
06-18 11:54:52.213 24163 24301 W FlurryAgent: Flurry session paused for context:co.polarr.polarrphotoeditor.gallery.GalleryListActivity@cbe71da
06-18 11:54:52.215 24163 24163 D yuan : onVisibilityChanged---- android.widget.ListView{48590f2 VFED.VC.. ......ID 0,112-720,1404 #7f0800b5 app:id/listview}
06-18 11:54:52.215 24163 24163 V PhoneWindow: DecorView setVisiblity: visibility = 4, Parent = android.view.ViewRootImpl@cde5054, this = DecorView@245d4c1[GalleryListActivity]
06-18 11:54:52.500 24163 24223 E PPE : cur is null
06-18 11:54:52.502 24163 24301 W FlurryAgent: Flurry session resumed for context:co.polarr.polarrphotoeditor.EditorActivity@4780a86
06-18 11:54:52.502 24163 24163 E PPE : hasNotchInScreen ClassNotFoundException
06-18 11:54:52.503 24163 24163 E PPE : hasNotchInScreen ClassNotFoundException
06-18 11:54:52.508 24163 24163 V PhoneWindow: DecorView setVisiblity: visibility = 0, Parent = android.view.ViewRootImpl@1e8a597, this = DecorView@c4cb384[EditorActivity]
06-18 11:54:52.564 24163 24163 D Surface : Surface::allocateBuffers(this=0x7755cc8000)
06-18 11:54:52.567 24163 24305 D Surface : Surface::connect(this=0x7755cc8000,api=1)
06-18 11:54:52.649 24163 24163 E PPE : cur is null
06-18 11:54:52.781 24163 24305 D Surface : Surface::disconnect(this=0x7753a54000,api=1)
06-18 11:54:52.998 24163 24163 I TouchMotionHandler: handler onDetached
06-18 11:54:52.999 24163 24163 D View : [Warning] assignParent to null: this = DecorView@245d4c1[GalleryListActivity]
06-18 11:54:53.013 24163 24301 W FlurryAgent: Flurry session paused for context:co.polarr.polarrphotoeditor.gallery.GalleryImageActivity@8e853f8
06-18 11:54:53.013 24163 24163 D yuan : onVisibilityChanged---- android.widget.GridView{222bfbe VFED.VCL. ......ID 0,112-720,1404 #7f0800b7 app:id/main_gridview}
06-18 11:54:53.013 24163 24163 D yuan : onVisibilityChanged---- android.widget.ListView{db1076c IFED.VC.. ......ID 40,0-480,800 #7f080091 app:id/filter_package_con}
06-18 11:54:53.013 24163 24163 V PhoneWindow: DecorView setVisiblity: visibility = 4, Parent = android.view.ViewRootImpl@167b740, this = DecorView@9e29f7d[GalleryImageActivity]
06-18 11:54:53.030 24163 24163 I TouchMotionHandler: handler onDetached
06-18 11:54:53.031 24163 24163 D View : [Warning] assignParent to null: this = DecorView@9e29f7d[GalleryImageActivity]
06-18 11:54:55.932 24163 24282 D OpenSSLLib: OpensslErr:Module:12(177:); file:external/boringssl/src/crypto/asn1/asn1_lib.c ;Line:168;Function:ASN1_get_obje ct
06-18 11:54:55.933 24163 24282 I chatty : uid=10671(photo.editor.polarr) ThreadPoolForeg identical 1 line
06-18 11:54:55.936 24163 24282 D OpenSSLLib: OpensslErr:Module:12(177:); file:external/boringssl/src/crypto/asn1/asn1_lib.c ;Line:168;Function:ASN1_get_obje ct
06-18 11:54:58.214 24163 24223 D skia : SkJpegCodec::onGetPixels + (1924, 1080)
06-18 11:54:58.214 24163 24223 D skia : SkJpegCodec::onGetPixels fEnTdshp 0 fISOSpeedRatings -1!
06-18 11:54:58.302 24163 24190 E FA : Name must consist of letters, digits or _ (underscores). Type, name: event, PPE_EVENT_load photo
06-18 11:54:58.305 24163 24190 E FA : Invalid public event name. Event will not be logged (FE): PPE_EVENT_load photo
06-18 11:54:58.315 24163 24223 D skia : SkJpegCodec::onGetPixels -
06-18 11:54:58.400 24163 24223 I native : I/jni_face_det.cpp:128 jniBitmapFaceDet
06-18 11:54:58.407 24163 24223 I native : I/jni_bitmap2mat.cpp:29 nBitmapToMat: RGBA_8888 -> CV_8UC4
06-18 11:54:58.432 24163 24223 I native : I/detector.h:175 com_tzutalin_dlib_PeopleDet go to det(mat)
06-18 11:54:58.470 24163 24176 I o.editor.polar: NativeAlloc concurrent copying GC freed 13023(631KB) AllocSpace objects, 6(396KB) LOS objects, 49% free, 3MB/6MB, paused 710us total 146.953ms
06-18 11:54:58.499 24163 24302 W IMGSRV : glGetString:4383: Override GL_RENDERER PowerVR SGX Doma
06-18 11:54:59.346 24163 24348 D OpenSSLLib: OpensslErr:Module:12(177:); file:external/boringssl/src/crypto/asn1/asn1_lib.c ;Line:168;Function:ASN1_get_obje ct
06-18 11:54:59.355 24163 24348 I chatty : uid=10671(photo.editor.polarr) ThreadPoolForeg identical 1 line
06-18 11:54:59.357 24163 24348 D OpenSSLLib: OpensslErr:Module:12(177:); file:external/boringssl/src/crypto/asn1/asn1_lib.c ;Line:168;Function:ASN1_get_obje ct
06-18 11:54:59.460 24163 24282 D OpenSSLLib: OpensslErr:Module:12(177:); file:external/boringssl/src/crypto/asn1/asn1_lib.c ;Line:168;Function:ASN1_get_obje ct
06-18 11:54:59.461 24163 24282 I chatty : uid=10671(photo.editor.polarr) ThreadPoolForeg identical 1 line
06-18 11:54:59.462 24163 24282 D OpenSSLLib: OpensslErr:Module:12(177:); file:external/boringssl/src/crypto/asn1/asn1_lib.c ;Line:168;Function:ASN1_get_obje ct
06-18 11:54:59.524 24163 24223 I native : I/detector.h:184 Dlib HOG face det size : 2
06-18 11:54:59.536 24163 24223 I native : I/detector.h:190 face index:0number of parts: 68
06-18 11:54:59.548 24163 24223 I native : I/detector.h:190 face index:1number of parts: 68
06-18 11:54:59.548 24163 24223 I native : I/jni_face_det.cpp:140 det face size: 2
06-18 11:54:59.548 24163 24223 I native : I/jni_face_det.cpp:92 getFaceRet
06-18 11:55:07.085 24163 24190 E FA : Name must consist of letters, digits or _ (underscores). Type, name: event, PPE_EVENT_sync filters
06-18 11:55:07.090 24163 24190 E FA : Invalid public event name. Event will not be logged (FE): PPE_EVENT_sync filters
06-18 11:55:07.210 24163 24176 I o.editor.polar: Background concurrent copying GC freed 60301(2MB) AllocSpace objects, 32(820KB) LOS objects, 50% free, 3MB/7MB, paused 863us total 110.082ms
06-18 11:55:07.634 24163 24231 W System : ClassLoader referenced unknown path: system/framework/mediatek-cta.jar
06-18 11:55:07.636 24163 24231 I System.out: [OkHttp] sendRequest<<
06-18 11:55:39.672 24163 24163 W ActivityThread: handleWindowVisibility: no activity for token android.os.BinderProxy@1ee74a
06-18 11:55:39.719 24163 24163 D VivoPhoneWindow: DEBUG_ALIENSCREEN:getRotation mRotation=0
06-18 11:55:39.719 24163 24163 I PhoneWindow: initSystemUIColor
06-18 11:55:39.744 24163 24163 E BackgroundFallback: initVivoBgFallback callstackcom.android.internal.policy.DecorView.<init>:378 com.android.internal.policy.PhoneWindow.generateDecor:2442 com.android.internal.policy.PhoneWindow.installDecor:2820 com.android.internal.policy.PhoneWindow.setContentView:452 com.android.internal.app.AlertController.installContent:292 android.app.AlertDialog.onCreate:444 android.app.ProgressDialog.onCreate:272 android.app.Dialog.dispatchOnCreate:442 android.app.Dialog.show:337 android.app.ProgressDialog.show:190
06-18 11:55:39.746 24163 24163 D VivoPhoneWindow: DEBUG_ALIENSCREEN:getRotation mRotation=0
06-18 11:55:39.746 24163 24163 I PhoneWindow: initSystemUIColor
06-18 11:55:39.763 24163 24163 D ViewRootImpl[GalleryListActivity]: hardware acceleration = true , fakeHwAccelerated = false, sRendererDisabled = false, forceHwAccelerated = false, sSystemRendererDisabled = false
06-18 11:55:39.798 24163 24301 W FlurryAgent: Flurry session resumed for context:co.polarr.polarrphotoeditor.gallery.GalleryListActivity@4ec2e16
06-18 11:55:39.799 24163 24163 E PPE : hasNotchInScreen ClassNotFoundException
06-18 11:55:39.799 24163 24163 E PPE : hasNotchInScreen ClassNotFoundException
06-18 11:55:39.813 24163 24163 V PhoneWindow: DecorView setVisiblity: visibility = 4, Parent = null, this = DecorView@8aa748b[]
06-18 11:55:39.815 24163 24163 D ViewRootImpl[GalleryListActivity]: hardware acceleration = true , fakeHwAccelerated = false, sRendererDisabled = false, forceHwAccelerated = false, sSystemRendererDisabled = false
06-18 11:55:39.825 24163 24163 V PhoneWindow: DecorView setVisiblity: visibility = 0, Parent = android.view.ViewRootImpl@cfda226, this = DecorView@8aa748b[GalleryListActivity]
06-18 11:55:39.843 24163 24163 I TouchMotionHandler: handler onAttached
06-18 11:55:39.858 24163 24163 D Surface : Surface::allocateBuffers(this=0x7755d98000)
06-18 11:55:39.858 24163 24305 D Surface : Surface::connect(this=0x7755d98000,api=1)
06-18 11:55:39.870 24163 24163 D yuan : onVisibilityChanged---- android.widget.ListView{37a7414 V.ED.VC.. ......I. 0,0-0,0 #7f0800b5 app:id/listview}
06-18 11:55:39.867 24163 24163 I TouchMotionHandler: handler onAttached
06-18 11:55:39.884 24163 24163 D Surface : Surface::allocateBuffers(this=0x77740ac000)
06-18 11:55:39.884 24163 24305 D Surface : Surface::connect(this=0x77740ac000,api=1)
06-18 11:55:40.041 24163 24305 D Surface : Surface::disconnect(this=0x7755cc8000,api=1)
06-18 11:55:40.228 24163 24163 I TouchMotionHandler: handler onDetached
06-18 11:55:40.230 24163 24305 D Surface : Surface::disconnect(this=0x7755d98000,api=1)
06-18 11:55:40.232 24163 24163 D View : [Warning] assignParent to null: this = DecorView@b2d0a44[GalleryListActivity]
06-18 11:55:40.258 24163 24454 D skia : SkJpegCodec::onStartScanlineDecode fEnTdshp 0 fISOSpeedRatings -1!
06-18 11:55:40.268 24163 24457 D skia : SkJpegCodec::onStartScanlineDecode fEnTdshp 0 fISOSpeedRatings -1!
06-18 11:55:40.274 24163 24456 D skia : SkJpegCodec::onGetPixels fEnTdshp 0 fISOSpeedRatings -1!
06-18 11:55:40.288 24163 24456 D skia : SkJpegCodec::onGetPixels fEnTdshp 0 fISOSpeedRatings -1!
06-18 11:55:40.293 24163 24455 W ExifInterface: Stop reading file since a wrong offset may cause an infinite loop: 0
06-18 11:55:40.293 24163 24456 D skia : SkJpegCodec::onStartScanlineDecode fEnTdshp 0 fISOSpeedRatings -1!
06-18 11:55:40.294 24163 24455 W ExifInterface: Stop reading file since a wrong offset may cause an infinite loop: 0
06-18 11:55:40.294 24163 24455 W ExifInterface: Stop reading file since a wrong offset may cause an infinite loop: 0
06-18 11:55:40.297 24163 24455 D skia : SkJpegCodec::onStartScanlineDecode fEnTdshp 0 fISOSpeedRatings -1!
06-18 11:55:40.316 24163 24454 W ExifInterface: Stop reading file since a wrong offset may cause an infinite loop: 0
06-18 11:55:40.316 24163 24454 W ExifInterface: Stop reading file since a wrong offset may cause an infinite loop: 0
06-18 11:55:40.319 24163 24454 D skia : SkJpegCodec::onGetPixels fEnTdshp 0 fISOSpeedRatings -1!
06-18 11:55:40.433 24163 24301 W FlurryAgent: Flurry session paused for context:co.polarr.polarrphotoeditor.EditorActivity@4780a86
06-18 11:55:40.434 24163 24163 V PhoneWindow: DecorView setVisiblity: visibility = 4, Parent = android.view.ViewRootImpl@1e8a597, this = DecorView@c4cb384[EditorActivity]
06-18 11:55:41.746 24163 24163 W ActivityThread: handleWindowVisibility: no activity for token android.os.BinderProxy@db903c5
06-18 11:55:41.780 24163 24163 D VivoPhoneWindow: DEBUG_ALIENSCREEN:getRotation mRotation=0
06-18 11:55:41.780 24163 24163 I PhoneWindow: initSystemUIColor
06-18 11:55:41.801 24163 24301 W FlurryAgent: Flurry session resumed for context:co.polarr.polarrphotoeditor.gallery.GalleryImageActivity@1b4e4e6
06-18 11:55:41.801 24163 24163 E PPE : hasNotchInScreen ClassNotFoundException
06-18 11:55:41.802 24163 24163 E PPE : hasNotchInScreen ClassNotFoundException
06-18 11:55:41.807 24163 24163 V PhoneWindow: DecorView setVisiblity: visibility = 4, Parent = null, this = DecorView@3ac3f6e[]
06-18 11:55:41.809 24163 24163 D ViewRootImpl[GalleryImageActivity]: hardware acceleration = true , fakeHwAccelerated = false, sRendererDisabled = false, forceHwAccelerated = false, sSystemRendererDisabled = false
06-18 11:55:41.820 24163 24163 V PhoneWindow: DecorView setVisiblity: visibility = 0, Parent = android.view.ViewRootImpl@717c8a5, this = DecorView@3ac3f6e[GalleryImageActivity]
06-18 11:55:41.825 24163 24163 I TouchMotionHandler: handler onAttached
06-18 11:55:41.826 24163 24163 D yuan : onVisibilityChanged---- android.widget.GridView{dbaa42b VFED.VCL. ......ID 0,0-0,0 #7f0800b7 app:id/main_gridview}
06-18 11:55:41.827 24163 24163 D yuan : onVisibilityChanged---- android.widget.ListView{5614a21 IFED.VC.. ......I. 0,0-0,0 #7f080091 app:id/filter_package_con}
06-18 11:55:41.838 24163 24456 D skia : SkJpegCodec::onStartScanlineDecode fEnTdshp 0 fISOSpeedRatings -1!
06-18 11:55:41.855 24163 24163 D Surface : Surface::allocateBuffers(this=0x774f8ad000)
06-18 11:55:41.855 24163 24305 D Surface : Surface::connect(this=0x774f8ad000,api=1)
06-18 11:55:41.896 24163 24457 D skia : SkJpegCodec::onStartScanlineDecode fEnTdshp 0 fISOSpeedRatings -1!
06-18 11:55:41.970 24163 24305 D Surface : Surface::disconnect(this=0x77740ac000,api=1)
06-18 11:55:41.971 24163 24305 D OpenGLRenderer: endAllActiveAnimators on 0x7753bd8a00 (ListView) with handle 0x775da45a00
06-18 11:55:42.483 24163 24301 W FlurryAgent: Flurry session paused for context:co.polarr.polarrphotoeditor.gallery.GalleryListActivity@4ec2e16
06-18 11:55:42.484 24163 24163 D yuan : onVisibilityChanged---- android.widget.ListView{37a7414 VFED.VC.. ......ID 0,112-720,1404 #7f0800b5 app:id/listview}
06-18 11:55:42.484 24163 24163 V PhoneWindow: DecorView setVisiblity: visibility = 4, Parent = android.view.ViewRootImpl@cfda226, this = DecorView@8aa748b[GalleryListActivity]
06-18 11:55:42.748 24163 24223 E PPE : cur is null
06-18 11:55:42.752 24163 24301 W FlurryAgent: Flurry session resumed for context:co.polarr.polarrphotoeditor.EditorActivity@4780a86
06-18 11:55:42.753 24163 24163 E PPE : hasNotchInScreen ClassNotFoundException
06-18 11:55:42.754 24163 24163 E PPE : hasNotchInScreen ClassNotFoundException
06-18 11:55:42.760 24163 24163 V PhoneWindow: DecorView setVisiblity: visibility = 0, Parent = android.view.ViewRootImpl@1e8a597, this = DecorView@c4cb384[EditorActivity]
06-18 11:55:42.781 24163 24163 D Surface : Surface::allocateBuffers(this=0x77740ac000)
06-18 11:55:42.782 24163 24305 D Surface : Surface::connect(this=0x77740ac000,api=1)
06-18 11:55:42.792 24163 24163 E PPE : cur is null
06-18 11:55:42.874 24163 24305 D Surface : Surface::disconnect(this=0x774f8ad000,api=1)
06-18 11:55:42.876 24163 24305 D OpenGLRenderer: endAllActiveAnimators on 0x7751842000 (GridView) with handle 0x775b37f520
06-18 11:55:43.054 24163 24572 E FA : Name must consist of letters, digits or _ (underscores). Type, name: event, PPE_EVENT_close photo
06-18 11:55:43.056 24163 24572 E FA : Invalid public event name. Event will not be logged (FE): PPE_EVENT_close photo
06-18 11:55:43.146 24163 24163 I TouchMotionHandler: handler onDetached
06-18 11:55:43.149 24163 24163 D View : [Warning] assignParent to null: this = DecorView@8aa748b[GalleryListActivity]
06-18 11:55:43.172 24163 24163 D yuan : onVisibilityChanged---- android.widget.GridView{dbaa42b VFED.VCL. ......ID 0,112-720,1404 #7f0800b7 app:id/main_gridview}
06-18 11:55:43.172 24163 24163 D yuan : onVisibilityChanged---- android.widget.ListView{5614a21 IFED.VC.. ......ID 40,0-480,800 #7f080091 app:id/filter_package_con}
06-18 11:55:43.172 24163 24163 V PhoneWindow: DecorView setVisiblity: visibility = 4, Parent = android.view.ViewRootImpl@717c8a5, this = DecorView@3ac3f6e[GalleryImageActivity]
06-18 11:55:43.172 24163 24301 W FlurryAgent: Flurry session paused for context:co.polarr.polarrphotoeditor.gallery.GalleryImageActivity@1b4e4e6
06-18 11:55:43.178 24163 24163 I TouchMotionHandler: handler onDetached
06-18 11:55:43.179 24163 24163 D View : [Warning] assignParent to null: this = DecorView@3ac3f6e[GalleryImageActivity]
06-18 11:55:45.000 24163 24572 E FA : Name must consist of letters, digits or _ (underscores). Type, name: event, PPE_EVENT_load photo
06-18 11:55:45.001 24163 24572 E FA : Invalid public event name. Event will not be logged (FE): PPE_EVENT_load photo
06-18 11:55:51.728 24163 24163 I TouchMotionHandler: start ContentCatcher
06-18 11:55:52.862 24163 24572 E FA : Name must consist of letters, digits or _ (underscores). Type, name: event, PPE_EVENT_apply filter
06-18 11:55:52.862 24163 24572 E FA : Invalid public event name. Event will not be logged (FE): PPE_EVENT_apply filter
06-18 11:55:52.983 24163 24572 E FA : Name must consist of letters, digits or _ (underscores). Type, name: event, PPE_EVENT_edit photo
06-18 11:55:52.984 24163 24572 E FA : Invalid public event name. Event will not be logged (FE): PPE_EVENT_edit photo
06-18 11:55:54.652 24163 24231 W System : ClassLoader referenced unknown path: system/framework/mediatek-cta.jar
06-18 11:55:54.655 24163 24231 I System.out: [OkHttp] sendRequest<<
06-18 11:55:56.516 24163 24293 D OpenSSLLib: OpensslErr:Module:12(177:); file:external/boringssl/src/crypto/asn1/asn1_lib.c ;Line:168;Function:ASN1_get_obje ct
06-18 11:55:56.517 24163 24293 D OpenSSLLib: OpensslErr:Module:12(177:); file:external/boringssl/src/crypto/asn1/asn1_lib.c ;Line:168;Function:ASN1_get_obje ct
06-18 11:56:00.826 24163 24572 E FA : Name must consist of letters, digits or _ (underscores). Type, name: event, PPE_EVENT_edit photo
06-18 11:56:00.827 24163 24572 E FA : Invalid public event name. Event will not be logged (FE): PPE_EVENT_edit photo
06-18 11:56:05.844 24163 24572 E FA : Name must consist of letters, digits or _ (underscores). Type, name: event, PPE_EVENT_edit photo
06-18 11:56:05.844 24163 24572 E FA : Invalid public event name. Event will not be logged (FE): PPE_EVENT_edit photo
06-18 11:56:10.951 24163 24231 W System : ClassLoader referenced unknown path: system/framework/mediatek-cta.jar
06-18 11:56:10.955 24163 24231 I System.out: [OkHttp] sendRequest<<
06-18 11:56:14.883 24163 24572 E FA : Name must consist of letters, digits or _ (underscores). Type, name: event, PPE_EVENT_edit photo
06-18 11:56:14.883 24163 24572 E FA : Invalid public event name. Event will not be logged (FE): PPE_EVENT_edit photo
06-18 11:56:24.930 24163 24572 E FA : Name must consist of letters, digits or _ (underscores). Type, name: event, PPE_EVENT_edit photo
06-18 11:56:24.931 24163 24572 E FA : Invalid public event name. Event will not be logged (FE): PPE_EVENT_edit photo
06-18 11:56:29.939 24163 24231 W System : ClassLoader referenced unknown path: system/framework/mediatek-cta.jar
06-18 11:56:29.949 24163 24231 I System.out: [OkHttp] sendRequest<<
06-18 11:56:30.400 24163 24572 E FA : Name must consist of letters, digits or _ (underscores). Type, name: event, PPE_EVENT_edit photo
06-18 11:56:30.401 24163 24572 E FA : Invalid public event name. Event will not be logged (FE): PPE_EVENT_edit photo
06-18 11:56:37.030 24163 24572 E FA : Name must consist of letters, digits or _ (underscores). Type, name: event, PPE_EVENT_edit photo
06-18 11:56:37.031 24163 24572 E FA : Invalid public event name. Event will not be logged (FE): PPE_EVENT_edit photo
06-18 11:56:42.709 24163 24572 E FA : Name must consist of letters, digits or _ (underscores). Type, name: event, PPE_EVENT_edit photo
06-18 11:56:42.710 24163 24572 E FA : Invalid public event name. Event will not be logged (FE): PPE_EVENT_edit photo
06-18 11:56:45.465 24163 24231 W System : ClassLoader referenced unknown path: system/framework/mediatek-cta.jar
06-18 11:56:45.466 24163 24231 I System.out: [OkHttp] sendRequest<<
06-18 11:56:47.766 24163 24572 E FA : Name must consist of letters, digits or _ (underscores). Type, name: event, PPE_EVENT_edit photo
06-18 11:56:47.767 24163 24572 E FA : Invalid public event name. Event will not be logged (FE): PPE_EVENT_edit photo
06-18 11:56:52.575 24163 24572 E FA : Name must consist of letters, digits or _ (underscores). Type, name: event, PPE_EVENT_edit photo
06-18 11:56:52.576 24163 24572 E FA : Invalid public event name. Event will not be logged (FE): PPE_EVENT_edit photo
06-18 11:56:58.180 24163 24572 E FA : Name must consist of letters, digits or _ (underscores). Type, name: event, PPE_EVENT_edit photo
06-18 11:56:58.180 24163 24572 E FA : Invalid public event name. Event will not be logged (FE): PPE_EVENT_edit photo
06-18 11:57:02.818 24163 24231 W System : ClassLoader referenced unknown path: system/framework/mediatek-cta.jar
06-18 11:57:02.822 24163 24231 I System.out: [OkHttp] sendRequest<<
06-18 11:57:05.050 24163 24572 E FA : Name must consist of letters, digits or _ (underscores). Type, name: event, PPE_EVENT_edit photo
06-18 11:57:05.050 24163 24572 E FA : Invalid public event name. Event will not be logged (FE): PPE_EVENT_edit photo
06-18 11:57:08.391 24163 24572 E FA : Name must consist of letters, digits or _ (underscores). Type, name: event, PPE_EVENT_edit photo
06-18 11:57:08.391 24163 24572 E FA : Invalid public event name. Event will not be logged (FE): PPE_EVENT_edit photo
06-18 11:57:14.504 24163 24572 E FA : Name must consist of letters, digits or _ (underscores). Type, name: event, PPE_EVENT_edit photo
06-18 11:57:14.505 24163 24572 E FA : Invalid public event name. Event will not be logged (FE): PPE_EVENT_edit photo
06-18 11:57:20.100 24163 24231 W System : ClassLoader referenced unknown path: system/framework/mediatek-cta.jar
06-18 11:57:20.105 24163 24231 I System.out: [OkHttp] sendRequest<<
06-18 11:57:23.203 24163 24572 E FA : Name must consist of letters, digits or _ (underscores). Type, name: event, PPE_EVENT_edit photo
06-18 11:57:23.203 24163 24572 E FA : Invalid public event name. Event will not be logged (FE): PPE_EVENT_edit photo
06-18 11:57:26.957 24163 24572 E FA : Name must consist of letters, digits or _ (underscores). Type, name: event, PPE_EVENT_edit photo
06-18 11:57:26.961 24163 24572 E FA : Invalid public event name. Event will not be logged (FE): PPE_EVENT_edit photo
06-18 11:57:31.894 24163 24572 E FA : Name must consist of letters, digits or _ (underscores). Type, name: event, PPE_EVENT_edit photo
06-18 11:57:31.895 24163 24572 E FA : Invalid public event name. Event will not be logged (FE): PPE_EVENT_edit photo
06-18 11:57:37.061 24163 24572 E FA : Name must consist of letters, digits or _ (underscores). Type, name: event, PPE_EVENT_edit photo
06-18 11:57:37.061 24163 24572 E FA : Invalid public event name. Event will not be logged (FE): PPE_EVENT_edit photo
06-18 11:57:38.267 24163 24231 W System : ClassLoader referenced unknown path: system/framework/mediatek-cta.jar
06-18 11:57:38.270 24163 24231 I System.out: [OkHttp] sendRequest<<
06-18 11:57:40.186 24163 24572 E FA : Name must consist of letters, digits or _ (underscores). Type, name: event, PPE_EVENT_edit photo
06-18 11:57:40.187 24163 24572 E FA : Invalid public event name. Event will not be logged (FE): PPE_EVENT_edit photo
06-18 11:57:46.563 24163 24572 E FA : Name must consist of letters, digits or _ (underscores). Type, name: event, PPE_EVENT_edit photo
06-18 11:57:46.563 24163 24572 E FA : Invalid public event name. Event will not be logged (FE): PPE_EVENT_edit photo
06-18 11:57:51.056 24163 24572 E FA : Name must consist of letters, digits or _ (underscores). Type, name: event, PPE_EVENT_edit photo
06-18 11:57:51.056 24163 24572 E FA : Invalid public event name. Event will not be logged (FE): PPE_EVENT_edit photo
06-18 11:57:55.240 24163 24231 W System : ClassLoader referenced unknown path: system/framework/mediatek-cta.jar
06-18 11:57:55.244 24163 24231 I System.out: [OkHttp] sendRequest<<
06-18 11:57:56.248 24163 24572 E FA : Name must consist of letters, digits or _ (underscores). Type, name: event, PPE_EVENT_edit photo
06-18 11:57:56.248 24163 24572 E FA : Invalid public event name. Event will not be logged (FE): PPE_EVENT_edit photo
06-18 11:58:02.719 24163 24572 E FA : Name must consist of letters, digits or _ (underscores). Type, name: event, PPE_EVENT_edit photo
06-18 11:58:02.720 24163 24572 E FA : Invalid public event name. Event will not be logged (FE): PPE_EVENT_edit photo
06-18 11:58:06.970 24163 24572 E FA : Name must consist of letters, digits or _ (underscores). Type, name: event, PPE_EVENT_edit photo
06-18 11:58:06.970 24163 24572 E FA : Invalid public event name. Event will not be logged (FE): PPE_EVENT_edit photo
06-18 11:58:11.301 24163 24231 W System : ClassLoader referenced unknown path: system/framework/mediatek-cta.jar
06-18 11:58:11.303 24163 24231 I System.out: [OkHttp] sendRequest<<
06-18 11:58:24.516 24163 24572 E FA : Name must consist of letters, digits or _ (underscores). Type, name: event, PPE_EVENT_edit photo
06-18 11:58:24.516 24163 24572 E FA : Invalid public event name. Event will not be logged (FE): PPE_EVENT_edit photo
06-18 11:58:27.873 24163 24572 E FA : Name must consist of letters, digits or _ (underscores). Type, name: event, PPE_EVENT_edit photo
06-18 11:58:27.873 24163 24572 E FA : Invalid public event name. Event will not be logged (FE): PPE_EVENT_edit photo
06-18 11:58:33.603 24163 24572 E FA : Name must consist of letters, digits or _ (underscores). Type, name: event, PPE_EVENT_edit photo
06-18 11:58:33.603 24163 24572 E FA : Invalid public event name. Event will not be logged (FE): PPE_EVENT_edit photo
06-18 11:58:39.576 24163 24231 W System : ClassLoader referenced unknown path: system/framework/mediatek-cta.jar
06-18 11:58:39.578 24163 24231 I System.out: [OkHttp] sendRequest<<
06-18 11:58:41.599 24163 24572 E FA : Name must consist of letters, digits or _ (underscores). Type, name: event, PPE_EVENT_edit photo
06-18 11:58:41.600 24163 24572 E FA : Invalid public event name. Event will not be logged (FE): PPE_EVENT_edit photo
06-18 11:58:49.482 24163 24572 E FA : Name must consist of letters, digits or _ (underscores). Type, name: event, PPE_EVENT_edit photo
06-18 11:58:49.483 24163 24572 E FA : Invalid public event name. Event will not be logged (FE): PPE_EVENT_edit photo
06-18 11:58:53.973 24163 24572 E FA : Name must consist of letters, digits or _ (underscores). Type, name: event, PPE_EVENT_edit photo
06-18 11:58:53.974 24163 24572 E FA : Invalid public event name. Event will not be logged (FE): PPE_EVENT_edit photo
06-18 11:58:56.672 24163 24231 W System : ClassLoader referenced unknown path: system/framework/mediatek-cta.jar
06-18 11:58:56.677 24163 24231 I System.out: [OkHttp] sendRequest<<
06-18 11:58:58.956 24163 24572 E FA : Name must consist of letters, digits or _ (underscores). Type, name: event, PPE_EVENT_edit photo
06-18 11:58:58.963 24163 24572 E FA : Invalid public event name. Event will not be logged (FE): PPE_EVENT_edit photo
06-18 11:59:01.795 24163 24572 E FA : Name must consist of letters, digits or _ (underscores). Type, name: event, PPE_EVENT_edit photo
06-18 11:59:01.795 24163 24572 E FA : Invalid public event name. Event will not be logged (FE): PPE_EVENT_edit photo
06-18 11:59:04.526 24163 24572 E FA : Name must consist of letters, digits or _ (underscores). Type, name: event, PPE_EVENT_edit photo
06-18 11:59:04.526 24163 24572 E FA : Invalid public event name. Event will not be logged (FE): PPE_EVENT_edit photo
06-18 11:59:08.617 24163 24572 E FA : Name must consist of letters, digits or _ (underscores). Type, name: event, PPE_EVENT_edit photo
06-18 11:59:08.620 24163 24572 E FA : Invalid public event name. Event will not be logged (FE): PPE_EVENT_edit photo
06-18 11:59:11.973 24163 24572 E FA : Name must consist of letters, digits or _ (underscores). Type, name: event, PPE_EVENT_edit photo
06-18 11:59:11.973 24163 24572 E FA : Invalid public event name. Event will not be logged (FE): PPE_EVENT_edit photo
06-18 11:59:14.001 24163 24231 W System : ClassLoader referenced unknown path: system/framework/mediatek-cta.jar
06-18 11:59:14.003 24163 24231 I System.out: [OkHttp] sendRequest<<
06-18 11:59:14.714 24163 24572 E FA : Name must consist of letters, digits or _ (underscores). Type, name: event, PPE_EVENT_edit photo
06-18 11:59:14.715 24163 24572 E FA : Invalid public event name. Event will not be logged (FE): PPE_EVENT_edit photo
06-18 11:59:20.220 24163 24572 E FA : Name must consist of letters, digits or _ (underscores). Type, name: event, PPE_EVENT_edit photo
06-18 11:59:20.221 24163 24572 E FA : Invalid public event name. Event will not be logged (FE): PPE_EVENT_edit photo
06-18 11:59:23.141 24163 24572 E FA : Name must consist of letters, digits or _ (underscores). Type, name: event, PPE_EVENT_edit photo
06-18 11:59:23.142 24163 24572 E FA : Invalid public event name. Event will not be logged (FE): PPE_EVENT_edit photo
06-18 11:59:25.749 24163 24572 E FA : Name must consist of letters, digits or _ (underscores). Type, name: event, PPE_EVENT_edit photo
06-18 11:59:25.749 24163 24572 E FA : Invalid public event name. Event will not be logged (FE): PPE_EVENT_edit photo
06-18 11:59:29.773 24163 24231 W System : ClassLoader referenced unknown path: system/framework/mediatek-cta.jar
06-18 11:59:29.776 24163 24231 I System.out: [OkHttp] sendRequest<<
06-18 11:59:30.605 24163 24572 E FA : Name must consist of letters, digits or _ (underscores). Type, name: event, PPE_EVENT_edit photo
06-18 11:59:30.606 24163 24572 E FA : Invalid public event name. Event will not be logged (FE): PPE_EVENT_edit photo
06-18 11:59:33.875 24163 24572 E FA : Name must consist of letters, digits or _ (underscores). Type, name: event, PPE_EVENT_edit photo
06-18 11:59:33.875 24163 24572 E FA : Invalid public event name. Event will not be logged (FE): PPE_EVENT_edit photo
06-18 11:59:38.017 24163 24572 E FA : Name must consist of letters, digits or _ (underscores). Type, name: event, PPE_EVENT_edit photo
06-18 11:59:38.018 24163 24572 E FA : Invalid public event name. Event will not be logged (FE): PPE_EVENT_edit photo
06-18 11:59:45.662 24163 24231 W System : ClassLoader referenced unknown path: system/framework/mediatek-cta.jar
06-18 11:59:45.665 24163 24231 I System.out: [OkHttp] sendRequest<<
06-18 11:59:47.897 24163 24572 E FA : Name must consist of letters, digits or _ (underscores). Type, name: event, PPE_EVENT_open export
06-18 11:59:47.901 24163 24572 E FA : Invalid public event name. Event will not be logged (FE): PPE_EVENT_open export
06-18 11:59:53.241 24163 24572 E FA : Name must consist of letters, digits or _ (underscores). Type, name: event, PPE_EVENT_export photo
06-18 11:59:53.244 24163 24572 E FA : Invalid public event name. Event will not be logged (FE): PPE_EVENT_export photo
