c=android.view.Choreographer$FrameDisplayEventReceiver@a6a795 m=0
05-13 16:43:23.673 W/Looper ( 5491): Slow dispatch took 119ms android.ui
h=android.view.Choreographer$FrameHandler
c=android.view.Choreographer$FrameDisplayEventReceiver@a6a795 m=0
05-13 16:43:23.868 D/Installer( 5491): DexoptAsync result, h: -1, r: -1, s: 8
05-13 16:43:23.871 W/Looper ( 5491): Slow dispatch took 197ms android.ui
h=android.view.Choreographer$FrameHandler
c=android.view.Choreographer$FrameDisplayEventReceiver@a6a795 m=0
05-13 16:43:23.969 D/Installer( 5491): DexoptAsync result, h: -1, r: -1, s: 8
05-13 16:43:24.070 D/Installer( 5491): DexoptAsync result, h: 92887659, r: 0, s: 7
05-13 16:43:24.070 D/Installer( 5491): Dexopt result(92887659): success
05-13 16:43:24.081 W/Looper ( 5491): Slow dispatch took 120ms android.ui
h=android.view.Choreographer$FrameHandler
c=android.view.Choreographer$FrameDisplayEventReceiver@a6a795 m=0
05-13 16:43:24.129 W/Looper ( 5491): Drained
05-13 16:43:24.382 W/Looper ( 5491): Slow dispatch took 186ms android.ui
h=android.view.Choreographer$FrameHandler
c=android.view.Choreographer$FrameDisplayEventReceiver@a6a795 m=0
05-13 16:43:24.382 W/Looper ( 5491): Slow delivery took 229ms android.ui
h=android.view.Choreographer$FrameHandler c=null m=2
05-13 16:43:24.493 W/Looper ( 5491): Drained
05-13 16:43:24.508 D/Installer( 5491): DexoptAsync result, h: -1, r: -1, s: 8
05-13 16:43:24.609 D/Installer( 5491): DexoptAsync result, h: 124152733, r: 0, s: 7
05-13 16:43:24.609 D/Installer( 5491): Dexopt result(124152733): success
05-13 16:43:24.710 W/Looper ( 5491): Slow dispatch took 199ms android.ui
h=android.view.Choreographer$FrameHandler
c=android.view.Choreographer$FrameDisplayEventReceiver@a6a795 m=0
05-13 16:43:24.874 D/io_stats( 4417): !@ 8,0 r 129149 4915036 w 12443 2265360 d 0
0 f 0 0 iot 33752 0 th 0 0 0 pt 0 inp 0 0 159.753
05-13 16:43:25.087 D/Installer( 5491): DexoptAsync result, h: 140739813, r: 0, s: 7
05-13 16:43:25.087 D/Installer( 5491): Dexopt result(140739813): success
05-13 16:43:25.104 W/Looper ( 5491): Slow dispatch took 169ms android.ui
h=android.view.Choreographer$FrameHandler
c=android.view.Choreographer$FrameDisplayEventReceiver@a6a795 m=0
05-13 16:43:25.104 W/Looper ( 5491): Slow delivery took 204ms android.ui
h=android.view.Choreographer$FrameHandler c=null m=2
05-13 16:43:25.171 W/Looper ( 5491): Drained
05-13 16:43:25.444 D/Installer( 5491): DexoptAsync result, h: -1, r: -1, s: 8
05-13 16:43:25.505 W/Looper ( 5491): Slow dispatch took 130ms android.ui
h=android.view.Choreographer$FrameHandler
c=android.view.Choreographer$FrameDisplayEventReceiver@a6a795 m=0
05-13 16:43:25.544 D/Installer( 5491): DexoptAsync result, h: -1, r: -1, s: 8
05-13 16:43:25.645 D/Installer( 5491): DexoptAsync result, h: -1, r: -1, s: 8
05-13 16:43:25.746 D/Installer( 5491): DexoptAsync result, h: -1, r: -1, s: 8
05-13 16:43:25.846 D/Installer( 5491): DexoptAsync result, h: -1, r: -1, s: 8
05-13 16:43:25.947 D/Installer( 5491): DexoptAsync result, h: -1, r: -1, s: 8
05-13 16:43:26.048 D/Installer( 5491): DexoptAsync result, h: -1, r: -1, s: 8
05-13 16:43:26.149 D/Installer( 5491): DexoptAsync result, h: -1, r: -1, s: 8
05-13 16:43:26.225 W/Looper ( 5491): Slow dispatch took 125ms android.ui
h=android.view.Choreographer$FrameHandler
c=android.view.Choreographer$FrameDisplayEventReceiver@a6a795 m=0
05-13 16:43:26.249 D/Installer( 5491): DexoptAsync result, h: 87827263, r: 0, s: 7
05-13 16:43:26.250 D/Installer( 5491): Dexopt result(87827263): success
05-13 16:43:26.412 D/Installer( 5491): DexoptAsync result, h: -1, r: -1, s: 8
05-13 16:43:26.497 W/Looper ( 5491): Slow dispatch took 139ms android.ui
h=android.view.Choreographer$FrameHandler
c=android.view.Choreographer$FrameDisplayEventReceiver@a6a795 m=0
05-13 16:43:26.515 D/Installer( 5491): DexoptAsync result, h: 202597214, r: 0, s: 7
05-13 16:43:26.516 D/Installer( 5491): Dexopt result(202597214): success
05-13 16:43:26.672 D/Installer( 5491): DexoptAsync result, h: -1, r: -1, s: 8
05-13 16:43:26.773 D/Installer( 5491): DexoptAsync result, h: -1, r: -1, s: 8
05-13 16:43:26.874 D/Installer( 5491): DexoptAsync result, h: -1, r: -1, s: 8
05-13 16:43:26.875 D/io_stats( 4417): !@ 8,0 r 129953 4960920 w 12478 2265804 d 0
0 f 0 0 iot 33964 0 th 0 0 0 pt 0 inp 0 0 161.754
05-13 16:43:26.981 D/Installer( 5491): DexoptAsync result, h: -1, r: -1, s: 8
05-13 16:43:27.081 D/Installer( 5491): DexoptAsync result, h: -1, r: -1, s: 8
05-13 16:43:27.166 W/ActivityThread( 5491): Failed to find provider info for
com.samsung.android.sm (user not unlocked)
05-13 16:43:27.166 D/IAFDDBManager( 5491): cursor is null, get TB fail!
05-13 16:43:27.166 D/IAFDDBManager( 5491): mDBInitReTryCnt=16
05-13 16:43:27.182 D/Installer( 5491): DexoptAsync result, h: -1, r: -1, s: 8
05-13 16:43:27.283 D/Installer( 5491): DexoptAsync result, h: -1, r: -1, s: 8
05-13 16:43:27.383 D/Installer( 5491): DexoptAsync result, h: -1, r: -1, s: 8
05-13 16:43:27.484 D/Installer( 5491): DexoptAsync result, h: -1, r: -1, s: 8
05-13 16:43:27.500 W/Looper ( 5491): Slow dispatch took 159ms android.ui
h=android.view.Choreographer$FrameHandler
c=android.view.Choreographer$FrameDisplayEventReceiver@a6a795 m=0
05-13 16:43:27.585 D/Installer( 5491): DexoptAsync result, h: -1, r: -1, s: 8
05-13 16:43:27.625 W/Looper ( 5491): Slow dispatch took 125ms android.ui
h=android.view.Choreographer$FrameHandler
c=android.view.Choreographer$FrameDisplayEventReceiver@a6a795 m=0
05-13 16:43:27.625 W/Looper ( 5491): Slow delivery took 261ms android.ui
h=android.view.Choreographer$FrameHandler c=null m=2
05-13 16:43:27.688 D/Installer( 5491): DexoptAsync result, h: -1, r: -1, s: 8
05-13 16:43:27.789 D/Installer( 5491): DexoptAsync result, h: -1, r: -1, s: 8
05-13 16:43:27.844 W/Looper ( 5491): Slow dispatch took 130ms android.ui
h=android.view.Choreographer$FrameHandler
c=android.view.Choreographer$FrameDisplayEventReceiver@a6a795 m=0
05-13 16:43:27.890 D/Installer( 5491): DexoptAsync result, h: -1, r: -1, s: 8
05-13 16:43:27.923 W/Looper ( 5491): Drained
05-13 16:43:27.991 D/Installer( 5491): DexoptAsync result, h: 248138184, r: 0, s: 7
05-13 16:43:27.992 D/Installer( 5491): Dexopt result(248138184): success
05-13 16:43:28.297 D/Installer( 5491): DexoptAsync result, h: -1, r: -1, s: 8
05-13 16:43:28.325 W/Looper ( 5491): Slow dispatch took 225ms android.ui
h=android.view.Choreographer$FrameHandler
c=android.view.Choreographer$FrameDisplayEventReceiver@a6a795 m=0
05-13 16:43:28.326 W/Looper ( 5491): Slow delivery took 296ms android.ui
h=android.view.Choreographer$FrameHandler c=null m=2
05-13 16:43:28.354 W/Looper ( 5491): Drained
05-13 16:43:28.398 D/Installer( 5491): DexoptAsync result, h: -1, r: -1, s: 8
05-13 16:43:28.498 D/Installer( 5491): DexoptAsync result, h: -1, r: -1, s: 8
05-13 16:43:28.599 D/Installer( 5491): DexoptAsync result, h: -1, r: -1, s: 8
05-13 16:43:28.700 D/Installer( 5491): DexoptAsync result, h: 104221660, r: 0, s: 7
05-13 16:43:28.700 D/Installer( 5491): Dexopt result(104221660): success
05-13 16:43:28.877 D/io_stats( 4417): !@ 8,0 r 130404 4971192 w 12529 2267324 d 0
0 f 0 0 iot 34112 0 th 0 0 0 pt 0 inp 0 0 163.756
05-13 16:43:28.946 D/Installer( 5491): DexoptAsync result, h: 183843639, r: 0, s: 7
05-13 16:43:28.947 D/Installer( 5491): Dexopt result(183843639): success
05-13 16:43:28.947 W/Looper ( 5491): Slow dispatch took 143ms android.ui
h=android.view.Choreographer$FrameHandler
c=android.view.Choreographer$FrameDisplayEventReceiver@a6a795 m=0
05-13 16:43:29.145 D/Installer( 5491): DexoptAsync result, h: 100608164, r: 0, s: 7
05-13 16:43:29.145 D/Installer( 5491): Dexopt result(100608164): success
05-13 16:43:29.161 W/Looper ( 5491): Slow dispatch took 154ms android.ui
h=android.view.Choreographer$FrameHandler
c=android.view.Choreographer$FrameDisplayEventReceiver@a6a795 m=0
05-13 16:43:29.297 D/Installer( 5491): DexoptAsync result, h: -1, r: -1, s: 8
05-13 16:43:29.398 D/Installer( 5491): DexoptAsync result, h: -1, r: -1, s: 8
05-13 16:43:29.498 D/Installer( 5491): DexoptAsync result, h: -1, r: -1, s: 8
05-13 16:43:29.599 D/Installer( 5491): DexoptAsync result, h: -1, r: -1, s: 8
05-13 16:43:29.700 D/Installer( 5491): DexoptAsync result, h: -1, r: -1, s: 8
05-13 16:43:29.801 D/Installer( 5491): DexoptAsync result, h: -1, r: -1, s: 8
05-13 16:43:29.817 W/Looper ( 5491): Slow dispatch took 278ms android.ui
h=android.view.Choreographer$FrameHandler
c=android.view.Choreographer$FrameDisplayEventReceiver@a6a795 m=0
05-13 16:43:29.901 D/Installer( 5491): DexoptAsync result, h: -1, r: -1, s: 8
05-13 16:43:30.001 W/Looper ( 5491): Slow delivery took 263ms android.ui
h=android.view.Choreographer$FrameHandler
c=android.view.Choreographer$FrameDisplayEventReceiver@a6a795 m=0
05-13 16:43:30.001 W/Looper ( 5491): Slow dispatch took 184ms android.ui
h=android.view.Choreographer$FrameHandler
c=android.view.Choreographer$FrameDisplayEventReceiver@a6a795 m=0
05-13 16:43:30.003 D/Installer( 5491): DexoptAsync result, h: 170809194, r: 0, s: 7
05-13 16:43:30.003 D/Installer( 5491): Dexopt result(170809194): success
05-13 16:43:30.006 W/Looper ( 5491): Drained
05-13 16:43:30.209 D/Installer( 5491): DexoptAsync result, h: 252863500, r: 0, s: 7
05-13 16:43:30.209 D/Installer( 5491): Dexopt result(252863500): success
05-13 16:43:30.379 D/Installer( 5491): DexoptAsync result, h: -1, r: -1, s: 8
05-13 16:43:30.456 W/Looper ( 5491): Slow dispatch took 168ms android.ui
h=android.view.Choreographer$FrameHandler
c=android.view.Choreographer$FrameDisplayEventReceiver@a6a795 m=0
05-13 16:43:30.479 D/Installer( 5491): DexoptAsync result, h: -1, r: -1, s: 8
05-13 16:43:30.580 D/Installer( 5491): DexoptAsync result, h: -1, r: -1, s: 8
05-13 16:43:30.681 D/Installer( 5491): DexoptAsync result, h: -1, r: -1, s: 8
05-13 16:43:30.781 D/Installer( 5491): DexoptAsync result, h: -1, r: -1, s: 8
05-13 16:43:30.783 W/Looper ( 5491): Slow dispatch took 129ms android.ui
h=android.view.Choreographer$FrameHandler
c=android.view.Choreographer$FrameDisplayEventReceiver@a6a795 m=0
05-13 16:43:30.856 D/BatteryService( 5491): Sending ACTION_BATTERY_CHANGED.
scale:100, info:{.chargerAcOnline = true, .chargerUsbOnline =
false, .chargerWirelessOnline = false, .maxChargingCurrent = 0, .maxChargingVoltage
= 0, .batteryStatus = CHARGING, .batteryHealth = GOOD, .batteryPresent =
true, .batteryLevel = 97, .batteryVoltage = 4246, .batteryTemperature =
384, .batteryCurrent = 31, .batteryCycleCount = 0, .batteryFullCharge =
4000000, .batteryChargeCounter = 3713577, .batteryTechnology = Li-ion}
05-13 16:43:30.856 D/BatteryService( 5491): online:6, current avg:32, charge
type:1, POGO powered:false, power sharing:false, high voltage charger:true,
charger_type:1, capacity:280000, misc_event:0x0, current_event:0x800200,
current_now:31
05-13 16:43:30.878 D/io_stats( 4417): !@ 8,0 r 131044 4990860 w 12570 2268344 d 0
0 f 0 0 iot 34312 0 th 0 0 0 pt 0 inp 0 0 165.757
05-13 16:43:30.882 D/Installer( 5491): DexoptAsync result, h: -1, r: -1, s: 8
05-13 16:43:30.983 D/Installer( 5491): DexoptAsync result, h: 249460237, r: 0, s: 7
05-13 16:43:30.983 D/Installer( 5491): Dexopt result(249460237): success
05-13 16:43:31.108 D/Installer( 5491): DexoptAsync result, h: -1, r: -1, s: 8
05-13 16:43:31.209 D/Installer( 5491): DexoptAsync result, h: -1, r: -1, s: 8
05-13 16:43:31.309 D/Installer( 5491): DexoptAsync result, h: 173651035, r: 0, s: 7
05-13 16:43:31.309 D/Installer( 5491): Dexopt result(173651035): success
05-13 16:43:31.320 W/Looper ( 5491): Slow dispatch took 107ms android.ui
h=android.view.Choreographer$FrameHandler
c=android.view.Choreographer$FrameDisplayEventReceiver@a6a795 m=0
05-13 16:43:31.462 D/Installer( 5491): DexoptAsync result, h: -1, r: -1, s: 8
05-13 16:43:31.563 D/Installer( 5491): DexoptAsync result, h: -1, r: -1, s: 8
05-13 16:43:31.664 D/Installer( 5491): DexoptAsync result, h: -1, r: -1, s: 8
05-13 16:43:31.765 D/Installer( 5491): DexoptAsync result, h: -1, r: -1, s: 8
05-13 16:43:31.810 W/Looper ( 5491): Slow dispatch took 108ms android.ui
h=android.view.Choreographer$FrameHandler
c=android.view.Choreographer$FrameDisplayEventReceiver@a6a795 m=0
05-13 16:43:31.865 D/Installer( 5491): DexoptAsync result, h: 168388105, r: 0, s: 7
05-13 16:43:31.866 D/Installer( 5491): Dexopt result(168388105): success
05-13 16:43:32.043 D/Installer( 5491): DexoptAsync result, h: -1, r: -1, s: 8
05-13 16:43:32.144 D/Installer( 5491): DexoptAsync result, h: 129919426, r: 0, s: 7
05-13 16:43:32.144 D/Installer( 5491): Dexopt result(129919426): success
05-13 16:43:32.169 W/ActivityThread( 5491): Failed to find provider info for
com.samsung.android.sm (user not unlocked)
05-13 16:43:32.169 D/IAFDDBManager( 5491): cursor is null, get TB fail!
05-13 16:43:32.169 D/IAFDDBManager( 5491): mDBInitReTryCnt=17
05-13 16:43:32.213 W/Looper ( 5491): Slow dispatch took 111ms android.ui
h=android.view.Choreographer$FrameHandler
c=android.view.Choreographer$FrameDisplayEventReceiver@a6a795 m=0
05-13 16:43:32.365 D/Installer( 5491): DexoptAsync result, h: -1, r: -1, s: 8
05-13 16:43:32.466 D/Installer( 5491): DexoptAsync result, h: 240669651, r: 0, s: 7
05-13 16:43:32.466 D/Installer( 5491): Dexopt result(240669651): success
05-13 16:43:32.573 W/Looper ( 5491): Slow dispatch took 120ms android.ui
h=android.view.Choreographer$FrameHandler
c=android.view.Choreographer$FrameDisplayEventReceiver@a6a795 m=0
05-13 16:43:32.855 D/Installer( 5491): DexoptAsync result, h: 118317070, r: 0, s: 7
05-13 16:43:32.855 D/Installer( 5491): Dexopt result(118317070): success
05-13 16:43:32.879 D/io_stats( 4417): !@ 8,0 r 131858 5006516 w 12652 2269684 d 0
0 f 0 0 iot 34476 0 th 0 0 0 pt 0 inp 0 0 167.758
05-13 16:43:33.124 D/Installer( 5491): DexoptAsync result, h: 223882000, r: 0, s: 7
05-13 16:43:33.124 D/Installer( 5491): Dexopt result(223882000): success
05-13 16:43:33.127 W/Looper ( 5491): Slow dispatch took 102ms android.ui
h=android.view.Choreographer$FrameHandler
c=android.view.Choreographer$FrameDisplayEventReceiver@a6a795 m=0
05-13 16:43:33.395 D/Installer( 5491): DexoptAsync result, h: 88305434, r: 0, s: 7
05-13 16:43:33.395 D/Installer( 5491): Dexopt result(88305434): success
05-13 16:43:33.647 D/Installer( 5491): DexoptAsync result, h: -1, r: -1, s: 8
05-13 16:43:33.748 D/Installer( 5491): DexoptAsync result, h: -1, r: -1, s: 8
05-13 16:43:33.849 D/Installer( 5491): DexoptAsync result, h: -1, r: -1, s: 8
05-13 16:43:33.949 D/Installer( 5491): DexoptAsync result, h: -1, r: -1, s: 8
05-13 16:43:33.961 W/Looper ( 5491): Slow dispatch took 178ms android.ui
h=android.view.Choreographer$FrameHandler
c=android.view.Choreographer$FrameDisplayEventReceiver@a6a795 m=0
05-13 16:43:34.036 W/Looper ( 5491): Slow delivery took 228ms android.ui
h=android.view.Choreographer$FrameHandler c=null m=2
05-13 16:43:34.050 D/Installer( 5491): DexoptAsync result, h: -1, r: -1, s: 8
05-13 16:43:34.117 W/Looper ( 5491): Drained
05-13 16:43:34.151 D/Installer( 5491): DexoptAsync result, h: 265178152, r: 0, s: 7
05-13 16:43:34.151 D/Installer( 5491): Dexopt result(265178152): success
05-13 16:43:34.314 W/Looper ( 5491): Slow dispatch took 146ms android.ui
h=android.view.Choreographer$FrameHandler
c=android.view.Choreographer$FrameDisplayEventReceiver@a6a795 m=0
05-13 16:43:34.396 D/Installer( 5491): DexoptAsync result, h: 43544917, r: 0, s: 7
05-13 16:43:34.396 D/Installer( 5491): Dexopt result(43544917): success
05-13 16:43:34.549 W/Looper ( 5491): Slow dispatch took 100ms android.ui
h=android.view.Choreographer$FrameHandler
c=android.view.Choreographer$FrameDisplayEventReceiver@a6a795 m=0
05-13 16:43:34.578 D/Installer( 5491): DexoptAsync result, h: 55926823, r: 0, s: 7
05-13 16:43:34.578 D/Installer( 5491): Dexopt result(55926823): success
05-13 16:43:34.671 W/Looper ( 5491): Slow dispatch took 122ms android.ui
h=android.view.Choreographer$FrameHandler
c=android.view.Choreographer$FrameDisplayEventReceiver@a6a795 m=0
05-13 16:43:34.732 D/Installer( 5491): DexoptAsync result, h: 83545409, r: 0, s: 7
05-13 16:43:34.732 D/Installer( 5491): Dexopt result(83545409): success
05-13 16:43:34.881 D/io_stats( 4417): !@ 8,0 r 133058 5039756 w 12763 2280716 d 0
0 f 0 0 iot 34828 0 th 0 0 0 pt 0 inp 0 0 169.760
05-13 16:43:34.883 D/Installer( 5491): DexoptAsync result, h: 28076619, r: 0, s: 7
05-13 16:43:34.883 D/Installer( 5491): Dexopt result(28076619): success
05-13 16:43:34.974 W/Looper ( 5491): Slow dispatch took 108ms android.ui
h=android.view.Choreographer$FrameHandler
c=android.view.Choreographer$FrameDisplayEventReceiver@a6a795 m=0
05-13 16:43:35.018 D/Installer( 5491): DexoptAsync result, h: 73792637, r: 0, s: 7
05-13 16:43:35.018 D/Installer( 5491): Dexopt result(73792637): success
05-13 16:43:35.110 W/Looper ( 5491): Slow dispatch took 136ms android.ui
h=android.view.Choreographer$FrameHandler
c=android.view.Choreographer$FrameDisplayEventReceiver@a6a795 m=0
05-13 16:43:35.110 W/Looper ( 5491): Slow delivery took 222ms android.ui
h=android.view.Choreographer$FrameHandler c=null m=2
05-13 16:43:35.148 W/Looper ( 5491): Drained
05-13 16:43:35.321 D/Installer( 5491): DexoptAsync result, h: 177824486, r: 0, s: 7
05-13 16:43:35.321 D/Installer( 5491): Dexopt result(177824486): success
05-13 16:43:35.841 D/Installer( 5491): DexoptAsync result, h: 63963860, r: 0, s: 7
05-13 16:43:35.841 D/Installer( 5491): Dexopt result(63963860): success
05-13 16:43:36.110 D/Installer( 5491): DexoptAsync result, h: 26507328, r: 0, s: 7
05-13 16:43:36.110 D/Installer( 5491): Dexopt result(26507328): success
05-13 16:43:36.277 D/Installer( 5491): DexoptAsync result, h: 173728633, r: 0, s: 7
05-13 16:43:36.277 D/Installer( 5491): Dexopt result(173728633): success
05-13 16:43:36.330 W/Looper ( 5491): Slow dispatch took 132ms android.ui
h=android.view.Choreographer$FrameHandler
c=android.view.Choreographer$FrameDisplayEventReceiver@a6a795 m=0
05-13 16:43:36.507 W/Looper ( 5491): Slow dispatch took 177ms android.ui
h=android.view.Choreographer$FrameHandler
c=android.view.Choreographer$FrameDisplayEventReceiver@a6a795 m=0
05-13 16:43:36.507 W/Looper ( 5491): Slow delivery took 286ms android.ui
h=android.view.Choreographer$FrameHandler c=null m=2
05-13 16:43:36.528 D/Installer( 5491): DexoptAsync result, h: 212719555, r: 0, s: 7
05-13 16:43:36.529 D/Installer( 5491): Dexopt result(212719555): success
05-13 16:43:36.610 W/Looper ( 5491): Drained
05-13 16:43:36.649 D/Installer( 5491): DexoptAsync result, h: 43509950, r: 0, s: 7
05-13 16:43:36.649 D/Installer( 5491): Dexopt result(43509950): success
05-13 16:43:36.783 D/Installer( 5491): DexoptAsync result, h: -1, r: -1, s: 8
05-13 16:43:36.878 W/Looper ( 5491): Slow dispatch took 172ms android.ui
h=android.view.Choreographer$FrameHandler
c=android.view.Choreographer$FrameDisplayEventReceiver@a6a795 m=0
05-13 16:43:36.878 W/Looper ( 5491): Slow delivery took 238ms android.ui
h=android.view.Choreographer$FrameHandler c=null m=2
05-13 16:43:36.883 D/io_stats( 4417): !@ 8,0 r 134903 5082048 w 12851 2281560 d 0
0 f 0 0 iot 35276 0 th 0 0 0 pt 0 inp 0 0 171.761
05-13 16:43:36.884 D/Installer( 5491): DexoptAsync result, h: -1, r: -1, s: 8
05-13 16:43:36.904 W/Looper ( 5491): Drained
05-13 16:43:36.985 D/Installer( 5491): DexoptAsync result, h: -1, r: -1, s: 8
05-13 16:43:37.086 D/Installer( 5491): DexoptAsync result, h: -1, r: -1, s: 8
05-13 16:43:37.173 W/ActivityThread( 5491): Failed to find provider info for
com.samsung.android.sm (user not unlocked)
05-13 16:43:37.173 D/IAFDDBManager( 5491): cursor is null, get TB fail!
05-13 16:43:37.173 D/IAFDDBManager( 5491): mDBInitReTryCnt=18
05-13 16:43:37.186 D/Installer( 5491): DexoptAsync result, h: -1, r: -1, s: 8
05-13 16:43:37.287 D/Installer( 5491): DexoptAsync result, h: -1, r: -1, s: 8
05-13 16:43:37.388 D/Installer( 5491): DexoptAsync result, h: -1, r: -1, s: 8
05-13 16:43:37.409 W/Looper ( 5491): Slow dispatch took 111ms android.ui
h=android.view.Choreographer$FrameHandler
c=android.view.Choreographer$FrameDisplayEventReceiver@a6a795 m=0
05-13 16:43:37.489 D/Installer( 5491): DexoptAsync result, h: -1, r: -1, s: 8
05-13 16:43:37.590 D/Installer( 5491): DexoptAsync result, h: -1, r: -1, s: 8
05-13 16:43:37.692 D/Installer( 5491): DexoptAsync result, h: -1, r: -1, s: 8
05-13 16:43:37.793 D/Installer( 5491): DexoptAsync result, h: -1, r: -1, s: 8
05-13 16:43:37.894 D/Installer( 5491): DexoptAsync result, h: -1, r: -1, s: 8
05-13 16:43:37.995 D/Installer( 5491): DexoptAsync result, h: 76295455, r: 0, s: 7
05-13 16:43:37.995 D/Installer( 5491): Dexopt result(76295455): success
05-13 16:43:38.131 D/Installer( 5491): DexoptAsync result, h: -1, r: -1, s: 8
05-13 16:43:38.232 D/Installer( 5491): DexoptAsync result, h: 91261105, r: 0, s: 7
05-13 16:43:38.232 D/Installer( 5491): Dexopt result(91261105): success
05-13 16:43:38.320 W/Looper ( 5491): Slow dispatch took 106ms android.ui
h=android.view.Choreographer$FrameHandler
c=android.view.Choreographer$FrameDisplayEventReceiver@a6a795 m=0
05-13 16:43:38.387 D/Installer( 5491): DexoptAsync result, h: 134793074, r: 0, s: 7
05-13 16:43:38.388 D/Installer( 5491): Dexopt result(134793074): success
05-13 16:43:38.570 D/Installer( 5491): DexoptAsync result, h: 54567191, r: 0, s: 7
05-13 16:43:38.570 D/Installer( 5491): Dexopt result(54567191): success
05-13 16:43:38.636 W/Looper ( 5491): Slow dispatch took 204ms android.ui
h=android.view.Choreographer$FrameHandler
c=android.view.Choreographer$FrameDisplayEventReceiver@a6a795 m=0
05-13 16:43:38.637 W/Looper ( 5491): Slow delivery took 266ms android.ui
h=android.view.Choreographer$FrameHandler c=null m=2
05-13 16:43:38.776 W/Looper ( 5491): Slow dispatch took 139ms android.ui
h=android.view.Choreographer$FrameHandler
c=android.view.Choreographer$FrameDisplayEventReceiver@a6a795 m=0
05-13 16:43:38.884 D/io_stats( 4417): !@ 8,0 r 135405 5086384 w 12940 2282508 d 0
0 f 0 0 iot 35420 0 th 0 0 0 pt 0 inp 0 0 173.763
05-13 16:43:38.902 W/Looper ( 5491): Drained
05-13 16:43:38.902 W/Looper ( 5491): Slow dispatch took 122ms android.ui
h=android.view.Choreographer$FrameHandler
c=android.view.Choreographer$FrameDisplayEventReceiver@a6a795 m=0
05-13 16:43:38.907 D/Installer( 5491): DexoptAsync result, h: 74862998, r: 0, s: 7
05-13 16:43:38.907 D/Installer( 5491): Dexopt result(74862998): success
05-13 16:43:39.043 D/Installer( 5491): DexoptAsync result, h: 40093956, r: 0, s: 7
05-13 16:43:39.043 D/Installer( 5491): Dexopt result(40093956): success
05-13 16:43:39.045 W/Looper ( 5491): Slow dispatch took 132ms android.ui
h=android.view.Choreographer$FrameHandler
c=android.view.Choreographer$FrameDisplayEventReceiver@a6a795 m=0
05-13 16:43:39.179 W/Looper ( 5491): Slow dispatch took 133ms android.ui
h=android.view.Choreographer$FrameHandler
c=android.view.Choreographer$FrameDisplayEventReceiver@a6a795 m=0
05-13 16:43:39.181 D/Installer( 5491): DexoptAsync result, h: 148111085, r: 0, s: 7
05-13 16:43:39.181 D/Installer( 5491): Dexopt result(148111085): success
05-13 16:43:39.569 D/Installer( 5491): DexoptAsync result, h: 37613858, r: 0, s: 7
05-13 16:43:39.569 D/Installer( 5491): Dexopt result(37613858): success
05-13 16:43:39.661 W/Looper ( 5491): Slow dispatch took 117ms android.ui
h=android.view.Choreographer$FrameHandler
c=android.view.Choreographer$FrameDisplayEventReceiver@a6a795 m=0
05-13 16:43:39.732 D/Installer( 5491): DexoptAsync result, h: 103036851, r: 0, s: 7
05-13 16:43:39.732 D/Installer( 5491): Dexopt result(103036851): success
05-13 16:43:39.859 D/Installer( 5491): DexoptAsync result, h: -1, r: -1, s: 8
05-13 16:43:39.959 D/Installer( 5491): DexoptAsync result, h: -1, r: -1, s: 8
05-13 16:43:39.979 W/Looper ( 5491): Slow dispatch took 114ms android.ui
h=android.view.Choreographer$FrameHandler
c=android.view.Choreographer$FrameDisplayEventReceiver@a6a795 m=0
05-13 16:43:40.061 D/Installer( 5491): DexoptAsync result, h: 88149848, r: 0, s: 7
05-13 16:43:40.061 D/Installer( 5491): Dexopt result(88149848): success
05-13 16:43:40.324 D/Installer( 5491): DexoptAsync result, h: 174643308, r: 0, s: 7
05-13 16:43:40.324 D/Installer( 5491): Dexopt result(174643308): success
05-13 16:43:40.443 D/Installer( 5491): DexoptAsync result, h: 232157552, r: 0, s: 7
05-13 16:43:40.443 D/Installer( 5491): Dexopt result(232157552): success
05-13 16:43:40.553 D/Installer( 5491): DexoptAsync result, h: 125738217, r: 0, s: 7
05-13 16:43:40.553 D/Installer( 5491): Dexopt result(125738217): success
05-13 16:43:40.678 D/Installer( 5491): DexoptAsync result, h: 166591854, r: 0, s: 7
05-13 16:43:40.680 D/Installer( 5491): Dexopt result(166591854): success
05-13 16:43:40.816 D/Installer( 5491): DexoptAsync result, h: 210318492, r: 0, s: 7
05-13 16:43:40.816 D/Installer( 5491): Dexopt result(210318492): success
05-13 16:43:40.886 D/io_stats( 4417): !@ 8,0 r 136473 5119964 w 13094 2300204 d 0
0 f 0 0 iot 35788 0 th 0 0 0 pt 0 inp 0 0 175.765
05-13 16:43:40.899 D/BatteryService( 5491): Sending ACTION_BATTERY_CHANGED.
scale:100, info:{.chargerAcOnline = true, .chargerUsbOnline =
false, .chargerWirelessOnline = false, .maxChargingCurrent = 0, .maxChargingVoltage
= 0, .batteryStatus = CHARGING, .batteryHealth = GOOD, .batteryPresent =
true, .batteryLevel = 97, .batteryVoltage = 4246, .batteryTemperature =
384, .batteryCurrent = -38, .batteryCycleCount = 0, .batteryFullCharge =
4000000, .batteryChargeCounter = 3713577, .batteryTechnology = Li-ion}
05-13 16:43:40.899 D/BatteryService( 5491): online:6, current avg:-27, charge
type:1, POGO powered:false, power sharing:false, high voltage charger:true,
charger_type:1, capacity:280000, misc_event:0x0, current_event:0x800200,
current_now:-38
05-13 16:43:41.469 D/Installer( 5491): DexoptAsync result, h: 18554533, r: 0, s: 7
05-13 16:43:41.469 D/Installer( 5491): Dexopt result(18554533): success
05-13 16:43:41.589 D/Installer( 5491): DexoptAsync result, h: 75530874, r: 0, s: 7
05-13 16:43:41.590 D/Installer( 5491): Dexopt result(75530874): success
05-13 16:43:41.711 D/Installer( 5491): DexoptAsync result, h: 114616875, r: 0, s: 7
05-13 16:43:41.711 D/Installer( 5491): Dexopt result(114616875): success
05-13 16:43:41.805 E/Watchdog( 5491): !@Sync: 3 heap: 50 / 55 [2023-05-13
16:43:41.805] sdogWay: softdog FD: 350
05-13 16:43:41.847 D/Installer( 5491): DexoptAsync result, h: 28704263, r: 0, s: 7
05-13 16:43:41.847 D/Installer( 5491): Dexopt result(28704263): success
05-13 16:43:41.955 D/Installer( 5491): DexoptAsync result, h: 239958836, r: 0, s: 7
05-13 16:43:41.955 D/Installer( 5491): Dexopt result(239958836): success
05-13 16:43:42.096 D/Installer( 5491): DexoptAsync result, h: 12549469, r: 0, s: 7
05-13 16:43:42.096 D/Installer( 5491): Dexopt result(12549469): success
05-13 16:43:42.177 W/ActivityThread( 5491): Failed to find provider info for
com.samsung.android.sm (user not unlocked)
05-13 16:43:42.177 D/IAFDDBManager( 5491): cursor is null, get TB fail!
05-13 16:43:42.177 D/IAFDDBManager( 5491): mDBInitReTryCnt=19
05-13 16:43:42.229 D/Installer( 5491): DexoptAsync result, h: -1, r: -1, s: 8
05-13 16:43:42.329 D/Installer( 5491): DexoptAsync result, h: 44725155, r: 0, s: 7
05-13 16:43:42.330 D/Installer( 5491): Dexopt result(44725155): success
05-13 16:43:42.486 D/Installer( 5491): DexoptAsync result, h: 81860256, r: 0, s: 7
05-13 16:43:42.486 D/Installer( 5491): Dexopt result(81860256): success
05-13 16:43:42.722 D/Installer( 5491): DexoptAsync result, h: 142316121, r: 0, s: 7
05-13 16:43:42.722 D/Installer( 5491): Dexopt result(142316121): success
05-13 16:43:42.856 D/Installer( 5491): DexoptAsync result, h: -1, r: -1, s: 8
05-13 16:43:42.887 D/io_stats( 4417): !@ 8,0 r 137867 5141672 w 13208 2300816 d 0
0 f 0 0 iot 36096 0 th 0 0 0 pt 0 inp 0 0 177.766
05-13 16:43:42.957 D/Installer( 5491): DexoptAsync result, h: -1, r: -1, s: 8
05-13 16:43:42.993 W/Looper ( 5491): Slow dispatch took 175ms android.ui
h=android.view.Choreographer$FrameHandler
c=android.view.Choreographer$FrameDisplayEventReceiver@a6a795 m=0
05-13 16:43:42.993 W/Looper ( 5491): Slow delivery took 227ms android.ui
h=android.view.Choreographer$FrameHandler c=null m=2
05-13 16:43:43.058 D/Installer( 5491): DexoptAsync result, h: 218799646, r: 0, s: 7
05-13 16:43:43.058 D/Installer( 5491): Dexopt result(218799646): success
05-13 16:43:43.166 W/Looper ( 5491): Slow dispatch took 139ms android.ui
h=android.view.Choreographer$FrameHandler
c=android.view.Choreographer$FrameDisplayEventReceiver@a6a795 m=0
05-13 16:43:43.169 W/Looper ( 5491): Drained
05-13 16:43:43.171 D/Installer( 5491): DexoptAsync result, h: -1, r: -1, s: 8
05-13 16:43:43.273 D/Installer( 5491): DexoptAsync result, h: -1, r: -1, s: 8
05-13 16:43:43.373 D/Installer( 5491): DexoptAsync result, h: 245406735, r: 0, s: 7
05-13 16:43:43.374 D/Installer( 5491): Dexopt result(245406735): success
05-13 16:43:43.566 D/Installer( 5491): DexoptAsync result, h: 212395730, r: 0, s: 7
05-13 16:43:43.566 D/Installer( 5491): Dexopt result(212395730): success
05-13 16:43:43.686 D/Installer( 5491): DexoptAsync result, h: 48670463, r: 0, s: 7
05-13 16:43:43.686 D/Installer( 5491): Dexopt result(48670463): success
05-13 16:43:43.879 D/Installer( 5491): DexoptAsync result, h: 189856972, r: 0, s: 7
05-13 16:43:43.879 D/Installer( 5491): Dexopt result(189856972): success
05-13 16:43:44.007 D/Installer( 5491): DexoptAsync result, h: 4848405, r: 0, s: 7
05-13 16:43:44.007 D/Installer( 5491): Dexopt result(4848405): success
05-13 16:43:44.267 D/Installer( 5491): DexoptAsync result, h: 20872746, r: 0, s: 7
05-13 16:43:44.267 D/Installer( 5491): Dexopt result(20872746): success
05-13 16:43:44.388 D/Installer( 5491): DexoptAsync result, h: 8959003, r: 0, s: 7
05-13 16:43:44.388 D/Installer( 5491): Dexopt result(8959003): success
05-13 16:43:44.532 D/Installer( 5491): DexoptAsync result, h: 150411704, r: 0, s: 7
05-13 16:43:44.532 D/Installer( 5491): Dexopt result(150411704): success
05-13 16:43:44.651 D/Installer( 5491): DexoptAsync result, h: 123483025, r: 0, s: 7
05-13 16:43:44.651 D/Installer( 5491): Dexopt result(123483025): success
05-13 16:43:44.791 D/Installer( 5491): DexoptAsync result, h: 220091126, r: 0, s: 7
05-13 16:43:44.791 D/Installer( 5491): Dexopt result(220091126): success
05-13 16:43:44.889 D/io_stats( 4417): !@ 8,0 r 138552 5166912 w 13369 2302552 d 0
0 f 0 0 iot 36316 0 th 0 0 0 pt 0 inp 0 0 179.768
05-13 16:43:44.908 W/Looper ( 5491): Slow dispatch took 131ms android.ui
h=android.view.Choreographer$FrameHandler
c=android.view.Choreographer$FrameDisplayEventReceiver@a6a795 m=0
05-13 16:43:44.920 D/Installer( 5491): DexoptAsync result, h: 249567588, r: 0, s: 7
05-13 16:43:44.920 D/Installer( 5491): Dexopt result(249567588): success
05-13 16:43:45.051 D/Installer( 5491): DexoptAsync result, h: 75462605, r: 0, s: 7
05-13 16:43:45.051 D/Installer( 5491): Dexopt result(75462605): success
05-13 16:43:45.246 D/Installer( 5491): DexoptAsync result, h: 106211458, r: 0, s: 7
05-13 16:43:45.246 D/Installer( 5491): Dexopt result(106211458): success
05-13 16:43:45.369 D/Installer( 5491): DexoptAsync result, h: 3631056, r: 0, s: 7
05-13 16:43:45.369 D/Installer( 5491): Dexopt result(3631056): success
05-13 16:43:45.504 D/Installer( 5491): DexoptAsync result, h: 68731849, r: 0, s: 7
05-13 16:43:45.504 D/Installer( 5491): Dexopt result(68731849): success
05-13 16:43:45.701 D/Installer( 5491): DexoptAsync result, h: 251481583, r: 0, s: 7
05-13 16:43:45.701 D/Installer( 5491): Dexopt result(251481583): success
05-13 16:43:45.896 D/Installer( 5491): DexoptAsync result, h: 57964279, r: 0, s: 7
05-13 16:43:45.896 D/Installer( 5491): Dexopt result(57964279): success
05-13 16:43:45.981 W/Looper ( 5491): Slow dispatch took 107ms android.ui
h=android.view.Choreographer$FrameHandler
c=android.view.Choreographer$FrameDisplayEventReceiver@a6a795 m=0
05-13 16:43:46.035 D/Installer( 5491): DexoptAsync result, h: 11061966, r: 0, s: 7
05-13 16:43:46.035 D/Installer( 5491): Dexopt result(11061966): success
05-13 16:43:46.115 W/Looper ( 5491): Slow dispatch took 134ms android.ui
h=android.view.Choreographer$FrameHandler
c=android.view.Choreographer$FrameDisplayEventReceiver@a6a795 m=0
05-13 16:43:46.116 W/Looper ( 5491): Slow delivery took 223ms android.ui
h=com.android.server.policy.PhoneWindowManagerExt$PolicyExtHandler
c=com.android.server.policy.PhoneWindowManagerExt$$ExternalSyntheticLambda13@2aee3d
m=0
05-13 16:43:46.179 D/Installer( 5491): DexoptAsync result, h: 165729157, r: 0, s: 7
05-13 16:43:46.179 D/Installer( 5491): Dexopt result(165729157): success
05-13 16:43:46.218 W/Looper ( 5491): Drained
05-13 16:43:46.321 D/Installer( 5491): DexoptAsync result, h: 91435260, r: 0, s: 7
05-13 16:43:46.321 D/Installer( 5491): Dexopt result(91435260): success
05-13 16:43:46.405 W/Looper ( 5491): Slow dispatch took 104ms android.ui
h=android.view.Choreographer$FrameHandler
c=android.view.Choreographer$FrameDisplayEventReceiver@a6a795 m=0
05-13 16:43:46.469 D/Installer( 5491): DexoptAsync result, h: 51037658, r: 0, s: 7
05-13 16:43:46.469 D/Installer( 5491): Dexopt result(51037658): success
05-13 16:43:46.599 D/Installer( 5491): DexoptAsync result, h: 66030483, r: 0, s: 7
05-13 16:43:46.599 D/Installer( 5491): Dexopt result(66030483): success
05-13 16:43:46.881 D/Installer( 5491): DexoptAsync result, h: 23029158, r: 0, s: 7
05-13 16:43:46.881 D/Installer( 5491): Dexopt result(23029158): success
05-13 16:43:46.894 D/io_stats( 4417): !@ 8,0 r 139225 5180272 w 13562 2307456 d 0
0 f 0 0 iot 36532 0 th 0 0 0 pt 0 inp 0 0 181.772
05-13 16:43:46.963 W/Looper ( 5491): Slow dispatch took 147ms android.ui
h=android.view.Choreographer$FrameHandler
c=android.view.Choreographer$FrameDisplayEventReceiver@a6a795 m=0
05-13 16:43:47.007 D/Installer( 5491): DexoptAsync result, h: 184224743, r: 0, s: 7
05-13 16:43:47.007 D/Installer( 5491): Dexopt result(184224743): success
05-13 16:43:47.134 D/Installer( 5491): DexoptAsync result, h: 103719828, r: 0, s: 7
05-13 16:43:47.134 D/Installer( 5491): Dexopt result(103719828): success
05-13 16:43:47.181 W/ActivityThread( 5491): Failed to find provider info for
com.samsung.android.sm (user not unlocked)
05-13 16:43:47.181 D/IAFDDBManager( 5491): cursor is null, get TB fail!
05-13 16:43:47.181 D/IAFDDBManager( 5491): mDBInitReTryCnt=20
05-13 16:43:47.355 D/Installer( 5491): DexoptAsync result, h: 118240818, r: 0, s: 7
05-13 16:43:47.355 D/Installer( 5491): Dexopt result(118240818): success
05-13 16:43:47.566 D/Installer( 5491): DexoptAsync result, h: 90341251, r: 0, s: 7
05-13 16:43:47.566 D/Installer( 5491): Dexopt result(90341251): success
05-13 16:43:47.686 D/Installer( 5491): DexoptAsync result, h: 1860864, r: 0, s: 7
05-13 16:43:47.687 D/Installer( 5491): Dexopt result(1860864): success
05-13 16:43:47.832 D/Installer( 5491): DexoptAsync result, h: 14496057, r: 0, s: 7
05-13 16:43:47.832 D/Installer( 5491): Dexopt result(14496057): success
05-13 16:43:47.999 D/Installer( 5491): DexoptAsync result, h: 239305598, r: 0, s: 7
05-13 16:43:47.999 D/Installer( 5491): Dexopt result(239305598): success
05-13 16:43:48.045 W/Looper ( 5491): Slow dispatch took 127ms android.ui
h=android.view.Choreographer$FrameHandler
c=android.view.Choreographer$FrameDisplayEventReceiver@a6a795 m=0
05-13 16:43:48.250 D/Installer( 5491): DexoptAsync result, h: 105091295, r: 0, s: 7
05-13 16:43:48.250 D/Installer( 5491): Dexopt result(105091295): success
05-13 16:43:48.394 D/Installer( 5491): DexoptAsync result, h: 207802668, r: 0, s: 7
05-13 16:43:48.395 D/Installer( 5491): Dexopt result(207802668): success
05-13 16:43:48.520 D/Installer( 5491): DexoptAsync result, h: 97953781, r: 0, s: 7
05-13 16:43:48.520 D/Installer( 5491): Dexopt result(97953781): success
05-13 16:43:48.644 D/Installer( 5491): DexoptAsync result, h: 1071498, r: 0, s: 7
05-13 16:43:48.644 D/Installer( 5491): Dexopt result(1071498): success
05-13 16:43:48.778 D/Installer( 5491): DexoptAsync result, h: 217734139, r: 0, s: 7
05-13 16:43:48.778 D/Installer( 5491): Dexopt result(217734139): success
05-13 16:43:48.895 D/io_stats( 4417): !@ 8,0 r 140092 5207972 w 13750 2308928 d 0
0 f 0 0 iot 36880 0 th 0 0 0 pt 0 inp 0 0 183.774
05-13 16:43:48.900 D/Installer( 5491): DexoptAsync result, h: 230806552, r: 0, s: 7
05-13 16:43:48.900 D/Installer( 5491): Dexopt result(230806552): success
05-13 16:43:49.028 D/Installer( 5491): DexoptAsync result, h: 153257046, r: 0, s: 7
05-13 16:43:49.028 D/Installer( 5491): Dexopt result(153257046): success
05-13 16:43:49.153 D/Installer( 5491): DexoptAsync result, h: 143178967, r: 0, s: 7
05-13 16:43:49.153 D/Installer( 5491): Dexopt result(143178967): success
05-13 16:43:50.024 D/Installer( 5491): DexoptAsync result, h: 213306993, r: 0, s: 7
05-13 16:43:50.024 D/Installer( 5491): Dexopt result(213306993): success
05-13 16:43:50.140 D/Installer( 5491): DexoptAsync result, h: 17570244, r: 0, s: 7
05-13 16:43:50.140 D/Installer( 5491): Dexopt result(17570244): success
05-13 16:43:50.262 D/Installer( 5491): DexoptAsync result, h: 60350637, r: 0, s: 7
05-13 16:43:50.262 D/Installer( 5491): Dexopt result(60350637): success
05-13 16:43:50.532 D/Installer( 5491): DexoptAsync result, h: 257593314, r: 0, s: 7
05-13 16:43:50.532 D/Installer( 5491): Dexopt result(257593314): success
05-13 16:43:50.652 D/Installer( 5491): DexoptAsync result, h: 204623731, r: 0, s: 7
05-13 16:43:50.652 D/Installer( 5491): Dexopt result(204623731): success
05-13 16:43:50.773 D/Installer( 5491): DexoptAsync result, h: 194186800, r: 0, s: 7
05-13 16:43:50.774 D/Installer( 5491): Dexopt result(194186800): success
05-13 16:43:50.897 D/io_stats( 4417): !@ 8,0 r 142367 5225640 w 13882 2310024 d 0
0 f 0 0 iot 37432 0 th 0 0 0 pt 0 inp 0 0 185.776
05-13 16:43:50.975 D/BatteryService( 5491): Sending ACTION_BATTERY_CHANGED.
scale:100, info:{.chargerAcOnline = true, .chargerUsbOnline =
false, .chargerWirelessOnline = false, .maxChargingCurrent = 0, .maxChargingVoltage
= 0, .batteryStatus = CHARGING, .batteryHealth = GOOD, .batteryPresent =
true, .batteryLevel = 97, .batteryVoltage = 4265, .batteryTemperature =
384, .batteryCurrent = 47, .batteryCycleCount = 0, .batteryFullCharge =
4000000, .batteryChargeCounter = 3717378, .batteryTechnology = Li-ion}
05-13 16:43:50.975 D/BatteryService( 5491): online:6, current avg:34, charge
type:1, POGO powered:false, power sharing:false, high voltage charger:true,
charger_type:1, capacity:280000, misc_event:0x0, current_event:0x800200,
current_now:47
05-13 16:43:50.976 D/Installer( 5491): DexoptAsync result, h: 84925097, r: 0, s: 7
05-13 16:43:50.976 D/Installer( 5491): Dexopt result(84925097): success
05-13 16:43:51.214 D/Installer( 5491): DexoptAsync result, h: 68536366, r: 0, s: 7
05-13 16:43:51.214 D/Installer( 5491): Dexopt result(68536366): success
05-13 16:43:51.363 D/Installer( 5491): DexoptAsync result, h: 30961615, r: 0, s: 7
05-13 16:43:51.363 D/Installer( 5491): Dexopt result(30961615): success
05-13 16:43:51.497 D/Installer( 5491): DexoptAsync result, h: 72539484, r: 0, s: 7
05-13 16:43:51.497 D/Installer( 5491): Dexopt result(72539484): success
05-13 16:43:51.623 D/Installer( 5491): DexoptAsync result, h: 132282469, r: 0, s: 7
05-13 16:43:51.623 D/Installer( 5491): Dexopt result(132282469): success
05-13 16:43:51.805 D/Installer( 5491): DexoptAsync result, h: 243742177, r: 0, s: 7
05-13 16:43:51.805 D/Installer( 5491): Dexopt result(243742177): success
05-13 16:43:52.027 D/Installer( 5491): DexoptAsync result, h: 251834118, r: 0, s: 7
05-13 16:43:52.027 D/Installer( 5491): Dexopt result(251834118): success
05-13 16:43:52.172 D/Installer( 5491): DexoptAsync result, h: 169642439, r: 0, s: 7
05-13 16:43:52.172 D/Installer( 5491): Dexopt result(169642439): success
05-13 16:43:52.186 W/ActivityThread( 5491): Failed to find provider info for
com.samsung.android.sm (user not unlocked)
05-13 16:43:52.186 D/IAFDDBManager( 5491): cursor is null, get TB fail!
05-13 16:43:52.186 D/IAFDDBManager( 5491): mDBInitReTryCnt=21
05-13 16:43:52.296 D/Installer( 5491): DexoptAsync result, h: 118193140, r: 0, s: 7
05-13 16:43:52.296 D/Installer( 5491): Dexopt result(118193140): success
05-13 16:43:52.440 D/Installer( 5491): DexoptAsync result, h: 39866141, r: 0, s: 7
05-13 16:43:52.440 D/Installer( 5491): Dexopt result(39866141): success
05-13 16:43:52.673 D/Installer( 5491): DexoptAsync result, h: 143308178, r: 0, s: 7
05-13 16:43:52.673 D/Installer( 5491): Dexopt result(143308178): success
05-13 16:43:52.899 D/io_stats( 4417): !@ 8,0 r 143528 5258732 w 14080 2318800 d 0
0 f 0 0 iot 37772 0 th 0 0 0 pt 0 inp 0 0 187.777
05-13 16:43:52.906 D/Installer( 5491): DexoptAsync result, h: 122551139, r: 0, s: 7
05-13 16:43:52.906 D/Installer( 5491): Dexopt result(122551139): success
05-13 16:43:53.031 D/Installer( 5491): DexoptAsync result, h: 6185824, r: 0, s: 7
05-13 16:43:53.031 D/Installer( 5491): Dexopt result(6185824): success
05-13 16:43:53.160 D/Installer( 5491): DexoptAsync result, h: 112705561, r: 0, s: 7
05-13 16:43:53.160 D/Installer( 5491): Dexopt result(112705561): success
05-13 16:43:53.367 D/Installer( 5491): DexoptAsync result, h: 85629150, r: 0, s: 7
05-13 16:43:53.367 D/Installer( 5491): Dexopt result(85629150): success
05-13 16:43:53.487 D/Installer( 5491): DexoptAsync result, h: 10152639, r: 0, s: 7
05-13 16:43:53.487 D/Installer( 5491): Dexopt result(10152639): success
05-13 16:43:53.604 D/Installer( 5491): DexoptAsync result, h: 70669708, r: 0, s: 7
05-13 16:43:53.604 D/Installer( 5491): Dexopt result(70669708): success
05-13 16:43:53.955 W/Looper ( 5491): Slow dispatch took 129ms android.ui
h=android.view.Choreographer$FrameHandler
c=android.view.Choreographer$FrameDisplayEventReceiver@a6a795 m=0
05-13 16:43:54.258 W/Looper ( 5491): Slow dispatch took 107ms android.ui
h=android.view.Choreographer$FrameHandler
c=android.view.Choreographer$FrameDisplayEventReceiver@a6a795 m=0
05-13 16:43:54.484 D/Installer( 5491): DexoptAsync result, h: 259736789, r: 0, s: 7
05-13 16:43:54.484 D/Installer( 5491): Dexopt result(259736789): success
05-13 16:43:54.631 D/Installer( 5491): DexoptAsync result, h: 228422619, r: 0, s: 7
05-13 16:43:54.631 D/Installer( 5491): Dexopt result(228422619): success
05-13 16:43:54.760 D/Installer( 5491): DexoptAsync result, h: 137585898, r: 0, s: 7
05-13 16:43:54.760 D/Installer( 5491): Dexopt result(137585898): success
05-13 16:43:54.876 D/Installer( 5491): DexoptAsync result, h: 196689528, r: 0, s: 7
05-13 16:43:54.876 D/Installer( 5491): Dexopt result(196689528): success
05-13 16:43:54.900 D/io_stats( 4417): !@ 8,0 r 145212 5282628 w 14170 2319864 d 0
0 f 0 0 iot 38164 0 th 0 0 0 pt 0 inp 0 0 189.779
05-13 16:43:54.998 D/Installer( 5491): DexoptAsync result, h: 129522001, r: 0, s: 7
05-13 16:43:54.998 D/Installer( 5491): Dexopt result(129522001): success
05-13 16:43:55.223 D/Installer( 5491): DexoptAsync result, h: 173729206, r: 0, s: 7
05-13 16:43:55.223 D/Installer( 5491): Dexopt result(173729206): success
05-13 16:43:55.437 D/Installer( 5491): DexoptAsync result, h: 192246455, r: 0, s: 7
05-13 16:43:55.437 D/Installer( 5491): Dexopt result(192246455): success
05-13 16:43:55.621 D/Installer( 5491): DexoptAsync result, h: 176146980, r: 0, s: 7
05-13 16:43:55.621 D/Installer( 5491): Dexopt result(176146980): success
05-13 16:43:55.795 D/Installer( 5491): DexoptAsync result, h: 64502157, r: 0, s: 7
05-13 16:43:55.795 D/Installer( 5491): Dexopt result(64502157): success
05-13 16:43:55.932 W/Looper ( 5491): Slow dispatch took 110ms android.ui
h=android.view.Choreographer$FrameHandler
c=android.view.Choreographer$FrameDisplayEventReceiver@a6a795 m=0
05-13 16:43:56.053 D/Installer( 5491): DexoptAsync result, h: 78096194, r: 0, s: 7
05-13 16:43:56.054 D/Installer( 5491): Dexopt result(78096194): success
05-13 16:43:56.196 D/Installer( 5491): DexoptAsync result, h: 258245459, r: 0, s: 7
05-13 16:43:56.196 D/Installer( 5491): Dexopt result(258245459): success
05-13 16:43:56.357 D/Installer( 5491): DexoptAsync result, h: 50422928, r: 0, s: 7
05-13 16:43:56.357 D/Installer( 5491): Dexopt result(50422928): success
05-13 16:43:56.481 D/Installer( 5491): DexoptAsync result, h: 194765193, r: 0, s: 7
05-13 16:43:56.481 D/Installer( 5491): Dexopt result(194765193): success
05-13 16:43:56.638 D/Installer( 5491): DexoptAsync result, h: 151844238, r: 0, s: 7
05-13 16:43:56.638 D/Installer( 5491): Dexopt result(151844238): success
05-13 16:43:56.659 W/Looper ( 5491): Slow dispatch took 101ms android.ui
h=android.view.Choreographer$FrameHandler
c=android.view.Choreographer$FrameDisplayEventReceiver@a6a795 m=0
05-13 16:43:56.833 D/Installer( 5491): DexoptAsync result, h: 52365771, r: 0, s: 7
05-13 16:43:56.833 D/Installer( 5491): Dexopt result(52365771): success
05-13 16:43:56.905 D/io_stats( 4417): !@ 8,0 r 146397 5326516 w 14287 2320760 d 0
0 f 0 0 iot 38496 0 th 0 0 0 pt 0 inp 0 0 191.784
05-13 16:43:57.060 D/Installer( 5491): DexoptAsync result, h: 267466945, r: 0, s: 7
05-13 16:43:57.060 D/Installer( 5491): Dexopt result(267466945): success
05-13 16:43:57.172 D/Installer( 5491): DexoptAsync result, h: -1, r: -1, s: 8
05-13 16:43:57.189 W/ActivityThread( 5491): Failed to find provider info for
com.samsung.android.sm (user not unlocked)
05-13 16:43:57.189 D/IAFDDBManager( 5491): cursor is null, get TB fail!
05-13 16:43:57.189 D/IAFDDBManager( 5491): mDBInitReTryCnt=22
05-13 16:43:57.221 W/Looper ( 5491): Slow dispatch took 127ms android.ui
h=android.view.Choreographer$FrameHandler
c=android.view.Choreographer$FrameDisplayEventReceiver@a6a795 m=0
05-13 16:43:57.273 D/Installer( 5491): DexoptAsync result, h: -1, r: -1, s: 8
05-13 16:43:57.374 D/Installer( 5491): DexoptAsync result, h: -1, r: -1, s: 8
05-13 16:43:57.474 D/Installer( 5491): DexoptAsync result, h: -1, r: -1, s: 8
05-13 16:43:57.575 D/Installer( 5491): DexoptAsync result, h: 57072794, r: 0, s: 7
05-13 16:43:57.575 D/Installer( 5491): Dexopt result(57072794): success
05-13 16:43:57.681 W/Looper ( 5491): Slow dispatch took 168ms android.ui
h=android.view.Choreographer$FrameHandler
c=android.view.Choreographer$FrameDisplayEventReceiver@a6a795 m=0
05-13 16:43:57.681 W/Looper ( 5491): Slow delivery took 242ms android.ui
h=android.view.Choreographer$FrameHandler c=null m=2
05-13 16:43:57.784 W/Looper ( 5491): Slow dispatch took 104ms android.ui
h=android.view.Choreographer$FrameHandler
c=android.view.Choreographer$FrameDisplayEventReceiver@a6a795 m=0
05-13 16:43:57.883 D/Installer( 5491): DexoptAsync result, h: 101873575, r: 0, s: 7
05-13 16:43:57.883 D/Installer( 5491): Dexopt result(101873575): success
05-13 16:43:58.035 D/Installer( 5491): DexoptAsync result, h: 142345300, r: 0, s: 7
05-13 16:43:58.035 D/Installer( 5491): Dexopt result(142345300): success
05-13 16:43:58.041 W/Looper ( 5491): Slow dispatch took 159ms android.ui
h=android.view.Choreographer$FrameHandler
c=android.view.Choreographer$FrameDisplayEventReceiver@a6a795 m=0
05-13 16:43:58.202 W/Looper ( 5491): Drained
05-13 16:43:58.202 D/Installer( 5491): DexoptAsync result, h: 51879933, r: 0, s: 7
05-13 16:43:58.202 D/Installer( 5491): Dexopt result(51879933): success
05-13 16:43:58.353 W/Looper ( 5491): Slow dispatch took 104ms android.ui
h=android.view.Choreographer$FrameHandler
c=android.view.Choreographer$FrameDisplayEventReceiver@a6a795 m=0
05-13 16:43:58.367 D/Installer( 5491): DexoptAsync result, h: 243033330, r: 0, s: 7
05-13 16:43:58.367 D/Installer( 5491): Dexopt result(243033330): success
05-13 16:43:58.622 D/Installer( 5491): DexoptAsync result, h: 256256102, r: 0, s: 7
05-13 16:43:58.622 D/Installer( 5491): Dexopt result(256256102): success
05-13 16:43:58.906 D/io_stats( 4417): !@ 8,0 r 147404 5344220 w 14424 2326432 d 0
0 f 0 0 iot 38844 0 th 0 0 0 pt 0 inp 0 4 193.785
05-13 16:43:58.914 W/Looper ( 5491): Slow dispatch took 150ms android.ui
h=android.view.Choreographer$FrameHandler
c=android.view.Choreographer$FrameDisplayEventReceiver@a6a795 m=0
05-13 16:43:58.916 D/Installer( 5491): DexoptAsync result, h: 115664707, r: 0, s: 7
05-13 16:43:58.916 D/Installer( 5491): Dexopt result(115664707): success
05-13 16:43:59.035 D/Installer( 5491): DexoptAsync result, h: 247402944, r: 0, s: 7
05-13 16:43:59.036 D/Installer( 5491): Dexopt result(247402944): success
05-13 16:43:59.150 D/Installer( 5491): DexoptAsync result, h: 120927656, r: 0, s: 7
05-13 16:43:59.150 D/Installer( 5491): Dexopt result(120927656): success
05-13 16:43:59.285 D/Installer( 5491): DexoptAsync result, h: 155401977, r: 0, s: 7
05-13 16:43:59.285 D/Installer( 5491): Dexopt result(155401977): success
05-13 16:43:59.456 D/Installer( 5491): DexoptAsync result, h: 208133694, r: 0, s: 7
05-13 16:43:59.457 D/Installer( 5491): Dexopt result(208133694): success
05-13 16:43:59.610 D/Installer( 5491): DexoptAsync result, h: 266646687, r: 0, s: 7
05-13 16:43:59.610 D/Installer( 5491): Dexopt result(266646687): success
05-13 16:43:59.744 D/Installer( 5491): DexoptAsync result, h: 90409452, r: 0, s: 7
05-13 16:43:59.744 D/Installer( 5491): Dexopt result(90409452): success
05-13 16:44:00.110 D/Installer( 5491): DexoptAsync result, h: 133157301, r: 0, s: 7
05-13 16:44:00.110 D/Installer( 5491): Dexopt result(133157301): success
05-13 16:44:00.420 D/Installer( 5491): DexoptAsync result, h: 167747658, r: 0, s: 7
05-13 16:44:00.420 D/Installer( 5491): Dexopt result(167747658): success
05-13 16:44:00.619 D/Installer( 5491): DexoptAsync result, h: 132774843, r: 0, s: 7
05-13 16:44:00.619 D/Installer( 5491): Dexopt result(132774843): success
05-13 16:44:00.908 D/io_stats( 4417): !@ 8,0 r 148843 5378540 w 14598 2329212 d 0
0 f 0 0 iot 39180 0 th 0 0 0 pt 0 inp 0 0 195.787
05-13 16:44:00.930 D/Installer( 5491): DexoptAsync result, h: 116742360, r: 0, s: 7
05-13 16:44:00.930 D/Installer( 5491): Dexopt result(116742360): success
05-13 16:44:01.009 D/BatteryService( 5491): Sending ACTION_BATTERY_CHANGED.
scale:100, info:{.chargerAcOnline = true, .chargerUsbOnline =
false, .chargerWirelessOnline = false, .maxChargingCurrent = 0, .maxChargingVoltage
= 0, .batteryStatus = CHARGING, .batteryHealth = GOOD, .batteryPresent =
true, .batteryLevel = 97, .batteryVoltage = 4235, .batteryTemperature =
