12-25 20:14:57.164 W/SystemConfig( 1414): ro.product.name = a12nnxx
12-25 20:14:57.164 W/SystemConfig( 1414): fname = b2qxser
12-25 20:14:57.164 W/SystemConfig( 1414): ro.product.name = a12nnxx
12-25 20:14:57.164 W/SystemConfig( 1414): fname = b2qxtur
12-25 20:14:57.164 W/SystemConfig( 1414): ro.product.name = a12nnxx
12-25 20:14:57.164 W/SystemConfig( 1414): fname = b2qxeea
12-25 20:14:57.164 W/SystemConfig( 1414): ro.product.name = a12nnxx
12-25 20:14:57.164 W/SystemConfig( 1414): fname = b2qksx
12-25 20:14:57.164 W/SystemConfig( 1414): ro.product.name = a12nnxx
12-25 20:14:57.164 W/SystemConfig( 1414): fname = SC-54B
12-25 20:14:57.164 W/SystemConfig( 1414): ro.product.name = a12nnxx
12-25 20:14:57.165 W/SystemConfig( 1414): fname = SCG12_jp_kdi
12-25 20:14:57.165 W/SystemConfig( 1414): ro.product.name = a12nnxx
12-25 20:14:57.165 W/SystemConfig( 1414): fname = a52qnstur
12-25 20:14:57.165 W/SystemConfig( 1414): ro.product.name = a12nnxx
12-25 20:14:57.165 W/SystemConfig( 1414): fname = a52qnseea
12-25 20:14:57.166 W/SystemConfig( 1414): ro.product.name = a12nnxx
12-25 20:14:57.166 W/SystemConfig( 1414): fname = a52qnsxx
12-25 20:14:57.166 W/SystemConfig( 1414): ro.product.name = a12nnxx
12-25 20:14:57.166 W/SystemConfig( 1414): fname = a52qnsser
12-25 20:14:57.166 W/SystemConfig( 1414): ro.product.name = a12nnxx
12-25 20:14:57.166 W/SystemConfig( 1414): fname = a52qub
12-25 20:14:57.166 W/SystemConfig( 1414): ro.product.name = a12nnxx
12-25 20:14:57.166 W/SystemConfig( 1414): fname = a52xque
12-25 20:14:57.167 I/Hal3ARaw( 890): [setAfParams] SEC, date.0218,
bAFTriggerByAPP(0), u1AfTrig(0)
12-25 20:14:57.167 W/SystemConfig( 1414): ro.product.name = a12nnxx
12-25 20:14:57.167 W/SystemConfig( 1414): fname = a52xqcs
12-25 20:14:57.167 W/SystemConfig( 1414): ro.product.name = a12nnxx
12-25 20:14:57.167 W/SystemConfig( 1414): fname = a52xqnaeea
12-25 20:14:57.167 W/SystemConfig( 1414): ro.product.name = a12nnxx
12-25 20:14:57.167 W/SystemConfig( 1414): fname = a52xqsq
12-25 20:14:57.167 W/SystemConfig( 1414): ro.product.name = a12nnxx
12-25 20:14:57.167 W/SystemConfig( 1414): fname = a52xqzh
12-25 20:14:57.167 W/SystemConfig( 1414): ro.product.name = a12nnxx
12-25 20:14:57.167 W/SystemConfig( 1414): fname = a52xqks
12-25 20:14:57.167 E/servicemanager( 404): Could not find
android.hardware.memtrack.IMemtrack/default in the VINTF manifest.
12-25 20:14:57.167 W/SystemConfig( 1414): ro.product.name = a12nnxx
12-25 20:14:57.167 W/SystemConfig( 1414): fname = a52xqnaxx
12-25 20:14:57.167 W/SystemConfig( 1414): ro.product.name = a12nnxx
12-25 20:14:57.167 W/SystemConfig( 1414): fname = SC-53B
12-25 20:14:57.167 W/SystemConfig( 1414): ro.product.name = a12nnxx
12-25 20:14:57.167 W/SystemConfig( 1414): fname = a52sxqeea
12-25 20:14:57.167 W/SystemConfig( 1414): ro.product.name = a12nnxx
12-25 20:14:57.167 W/SystemConfig( 1414): fname = a52sxqtur
12-25 20:14:57.167 W/SystemConfig( 1414): ro.product.name = a12nnxx
12-25 20:14:57.167 W/SystemConfig( 1414): fname = a52sxqser
12-25 20:14:57.167 W/SystemConfig( 1414): ro.product.name = a12nnxx
12-25 20:14:57.167 W/SystemConfig( 1414): fname = a52sxqzt
12-25 20:14:57.167 W/SystemConfig( 1414): ro.product.name = a12nnxx
12-25 20:14:57.167 W/SystemConfig( 1414): fname = a52sxqxx
12-25 20:14:57.167 W/SystemConfig( 1414): ro.product.name = a12nnxx
12-25 20:14:57.167 I/Stability( 1414): Interface set with vintf stability wire
protocol version 1 downgraded to system stability wire protocol version 1 stability
12-25 20:14:57.168 I/servicemanager( 404): Adding 'u:r:system_server:s0' service
(memtrack.proxy:1414)
12-25 20:14:57.168 D/SystemServerTiming( 1414): MemtrackProxyService took to
complete: 4ms
12-25 20:14:57.168 I/SystemServerTiming( 1414): StartActivityManager
12-25 20:14:57.168 W/SystemConfig( 1414): fname = a52sxqks
12-25 20:14:57.169 W/SystemConfig( 1414): ro.product.name = a12nnxx
12-25 20:14:57.169 W/SystemConfig( 1414): fname = r9sxtur
12-25 20:14:57.169 W/SystemConfig( 1414): ro.product.name = a12nnxx
12-25 20:14:57.169 W/SystemConfig( 1414): fname = r9sxxx
12-25 20:14:57.169 W/SystemConfig( 1414): ro.product.name = a12nnxx
12-25 20:14:57.169 I/SystemServiceManager( 1414): Starting
com.android.server.wm.ActivityTaskManagerService$Lifecycle
12-25 20:14:57.169 W/SystemConfig( 1414): fname = r9qksx
12-25 20:14:57.169 W/SystemConfig( 1414): ro.product.name = a12nnxx
12-25 20:14:57.169 W/SystemConfig( 1414): fname = r9qxeea
12-25 20:14:57.169 W/SystemConfig( 1414): ro.product.name = a12nnxx
12-25 20:14:57.169 W/SystemConfig( 1414): fname = r9qxtur
12-25 20:14:57.169 W/SystemConfig( 1414): ro.product.name = a12nnxx
12-25 20:14:57.169 W/SystemConfig( 1414): fname = r9qxser
12-25 20:14:57.169 I/Drv/HWsync( 890): Drv/HWsync[uninit] +,
user&cnt(HW_SYNC_USER_AE,1),srIdxNum(0)
12-25 20:14:57.169 I/Drv/HWsync( 890): Drv/HWsync[uninit] mAECyclePeriod(-1)
12-25 20:14:57.169 I/af_mgr_v3( 890): AF-uninit : +
12-25 20:14:57.169 W/MtkCam/SensorProviderService( 890): (890)[disableSensor]
Invalid parameter
12-25 20:14:57.169 W/MtkCam/SensorProviderService( 890): (890)[disableSensor]
Invalid parameter
12-25 20:14:57.169 W/SystemConfig( 1414): ro.product.name = a12nnxx
12-25 20:14:57.170 W/SystemConfig( 1414): fname = r9qzh
12-25 20:14:57.170 W/SystemConfig( 1414): ro.product.name = a12nnxx
12-25 20:14:57.170 W/SystemConfig( 1414): fname = r9quew
12-25 20:14:57.170 I/af_mgr_v3( 890): AF-uninit : Algo(0x0), users 0
12-25 20:14:57.170 W/SystemConfig( 1414): ro.product.name = a12nnxx
12-25 20:14:57.170 I/af_mgr_v3( 890): AF-uninit : -
12-25 20:14:57.170 W/SystemConfig( 1414): fname = r9qxxx
12-25 20:14:57.170 I/FlashHal( 890): setFlashOff().
12-25 20:14:57.170 W/SystemConfig( 1414): ro.product.name = a12nnxx
12-25 20:14:57.170 I/StrobeDrvFlashlight( 890): setOnOff(): enable(0).
12-25 20:14:57.170 W/SystemConfig( 1414): fname = r9qcsx
12-25 20:14:57.170 W/SystemConfig( 1414): ro.product.name = a12nnxx
12-25 20:14:57.170 W/SystemConfig( 1414): fname = r9qsqw
12-25 20:14:57.170 W/SystemConfig( 1414): ro.product.name = a12nnxx
12-25 20:14:57.170 W/SystemConfig( 1414): fname = r9q2xser
12-25 20:14:57.170 W/SystemConfig( 1414): ro.product.name = a12nnxx
12-25 20:14:57.170 W/SystemConfig( 1414): fname = r9q2xxx
12-25 20:14:57.170 W/SystemConfig( 1414): ro.product.name = a12nnxx
12-25 20:14:57.170 W/SystemConfig( 1414): fname = r9q2xeea
12-25 20:14:57.170 W/SystemConfig( 1414): ro.product.name = a12nnxx
12-25 20:14:57.170 W/SystemConfig( 1414): fname = r9q2sqw
12-25 20:14:57.170 W/SystemConfig( 1414): ro.product.name = a12nnxx
12-25 20:14:57.170 W/SystemConfig( 1414): fname = a32ub
12-25 20:14:57.170 W/SystemConfig( 1414): ro.product.name = a12nnxx
12-25 20:14:57.170 W/SystemConfig( 1414): fname = a32ks
12-25 20:14:57.170 W/SystemConfig( 1414): ro.product.name = a12nnxx
12-25 20:14:57.170 W/SystemConfig( 1414): fname = a32eea
12-25 20:14:57.170 W/SystemConfig( 1414): ro.product.name = a12nnxx
12-25 20:14:57.170 W/SystemConfig( 1414): fname = a32tur
12-25 20:14:57.170 W/SystemConfig( 1414): ro.product.name = a12nnxx
12-25 20:14:57.170 W/SystemConfig( 1414): fname = a32ser
12-25 20:14:57.170 W/SystemConfig( 1414): ro.product.name = a12nnxx
12-25 20:14:57.170 W/SystemConfig( 1414): fname = a32xx
12-25 20:14:57.170 W/SystemConfig( 1414): ro.product.name = a12nnxx
12-25 20:14:57.171 W/SystemConfig( 1414): fname = a32xxx
12-25 20:14:57.171 W/SystemConfig( 1414): ro.product.name = a12nnxx
12-25 20:14:57.171 W/SystemConfig( 1414): fname = a32xcs
12-25 20:14:57.171 W/SystemConfig( 1414): ro.product.name = a12nnxx
12-25 20:14:57.171 W/SystemConfig( 1414): fname = a32xeea
12-25 20:14:57.171 W/SystemConfig( 1414): ro.product.name = a12nnxx
12-25 20:14:57.171 W/SystemConfig( 1414): fname = a32xue
12-25 20:14:57.171 W/SystemConfig( 1414): ro.product.name = a12nnxx
12-25 20:14:57.171 W/SystemConfig( 1414): fname = a32xtfn
12-25 20:14:57.171 W/SystemConfig( 1414): ro.product.name = a12nnxx
12-25 20:14:57.171 W/SystemConfig( 1414): fname = a32xzh
12-25 20:14:57.171 W/SystemConfig( 1414): ro.product.name = a12nnxx
12-25 20:14:57.171 W/SystemConfig( 1414): fname = a32xsq
12-25 20:14:57.171 W/SystemConfig( 1414): ro.product.name = a12nnxx
12-25 20:14:57.171 W/SystemConfig( 1414): fname = SCG08_jp_kdi
12-25 20:14:57.171 W/SystemConfig( 1414): ro.product.name = a12nnxx
12-25 20:14:57.171 W/SystemConfig( 1414): fname = xcover5eea
12-25 20:14:57.171 W/SystemConfig( 1414): ro.product.name = a12nnxx
12-25 20:14:57.171 W/SystemConfig( 1414): fname = xcover5ser
12-25 20:14:57.171 W/SystemConfig( 1414): ro.product.name = a12nnxx
12-25 20:14:57.171 W/SystemConfig( 1414): fname = xcover5kx
12-25 20:14:57.172 I/StrobeDrvFlashlight( 890): setOnOff(): off time(-1).
12-25 20:14:57.172 I/StrobeDrvFlashlightFops( 890): ioctl failed: type/ct (1,1)
Inappropriate ioctl for device
12-25 20:14:57.172 I/StrobeDrvFlashlight( 890): getHwFault(): flag1(0) ret(-1).
12-25 20:14:57.172 I/StrobeDrvFlashlightFops( 890): ioctl failed: type/ct (1,1)
Inappropriate ioctl for device
12-25 20:14:57.172 I/StrobeDrvFlashlight( 890): getHwFault(): flag2(0) ret(-1).
12-25 20:14:57.172 I/FlashHal( 890): uninit().
12-25 20:14:57.172 I/StrobeDrvFlashlight( 890): lowPowerDetectEnd().
12-25 20:14:57.171 W/SystemConfig( 1414): ro.product.name = a12nnxx
12-25 20:14:57.172 W/SystemConfig( 1414): fname = xcover5xx
12-25 20:14:57.172 W/SystemConfig( 1414): ro.product.name = a12nnxx
12-25 20:14:57.172 W/SystemConfig( 1414): fname = gts7fewifixx
12-25 20:14:57.172 W/SystemConfig( 1414): ro.product.name = a12nnxx
12-25 20:14:57.172 W/SystemConfig( 1414): fname = gts7fewifitur
12-25 20:14:57.172 W/SystemConfig( 1414): ro.product.name = a12nnxx
12-25 20:14:57.172 W/SystemConfig( 1414): fname = gts7fewifieea
12-25 20:14:57.172 W/SystemConfig( 1414): ro.product.name = a12nnxx
12-25 20:14:57.172 W/SystemConfig( 1414): fname = gts7fewifiser
12-25 20:14:57.172 W/SystemConfig( 1414): ro.product.name = a12nnxx
12-25 20:14:57.172 W/SystemConfig( 1414): fname = gts7xllitexx
12-25 20:14:57.172 W/SystemConfig( 1414): ro.product.name = a12nnxx
12-25 20:14:57.172 W/SystemConfig( 1414): fname = gts7xlliteser
12-25 20:14:57.172 W/SystemConfig( 1414): ro.product.name = a12nnxx
12-25 20:14:57.172 W/SystemConfig( 1414): fname = gts7xllitexeea
12-25 20:14:57.172 W/SystemConfig( 1414): ro.product.name = a12nnxx
12-25 20:14:57.172 W/SystemConfig( 1414): fname = gts7xllitekx
12-25 20:14:57.172 W/SystemConfig( 1414): ro.product.name = a12nnxx
12-25 20:14:57.172 W/SystemConfig( 1414): fname = gts7xllitetur
12-25 20:14:57.172 W/SystemConfig( 1414): ro.product.name = a12nnxx
12-25 20:14:57.173 W/SystemConfig( 1414): fname = gts7xllitekxx
12-25 20:14:57.173 W/SystemConfig( 1414): ro.product.name = a12nnxx
12-25 20:14:57.173 W/SystemConfig( 1414): fname = gts7xllitesqwnc
12-25 20:14:57.173 W/SystemConfig( 1414): ro.product.name = a12nnxx
12-25 20:14:57.173 W/SystemConfig( 1414): fname = gts7xllitexxx
12-25 20:14:57.173 W/SystemConfig( 1414): ro.product.name = a12nnxx
12-25 20:14:57.173 W/SystemConfig( 1414): fname = gts7xllitesqw
12-25 20:14:57.173 W/SystemConfig( 1414): ro.product.name = a12nnxx
12-25 20:14:57.173 W/SystemConfig( 1414): fname = gts7xllitewifieea
12-25 20:14:57.173 W/SystemConfig( 1414): ro.product.name = a12nnxx
12-25 20:14:57.174 W/SystemConfig( 1414): fname = gts7xllitewifixx
12-25 20:14:57.174 W/SystemConfig( 1414): ro.product.name = a12nnxx
12-25 20:14:57.174 W/SystemConfig( 1414): fname = gts7xllitewifitur
12-25 20:14:57.174 W/SystemConfig( 1414): ro.product.name = a12nnxx
12-25 20:14:57.174 W/SystemConfig( 1414): fname = gts7xllitewifiser
12-25 20:14:57.174 W/SystemConfig( 1414): ro.product.name = a12nnxx
12-25 20:14:57.174 W/SystemConfig( 1414): fname = b0sxser
12-25 20:14:57.174 W/SystemConfig( 1414): ro.product.name = a12nnxx
12-25 20:14:57.174 W/SystemConfig( 1414): fname = b0sxtur
12-25 20:14:57.174 W/SystemConfig( 1414): ro.product.name = a12nnxx
12-25 20:14:57.174 W/SystemConfig( 1414): fname = b0sxxx
12-25 20:14:57.174 W/SystemConfig( 1414): ro.product.name = a12nnxx
12-25 20:14:57.174 W/SystemConfig( 1414): fname = b0sxeea
12-25 20:14:57.174 W/SystemConfig( 1414): ro.product.name = a12nnxx
12-25 20:14:57.174 W/SystemConfig( 1414): fname = b0sksx
12-25 20:14:57.174 W/SystemConfig( 1414): ro.product.name = a12nnxx
12-25 20:14:57.174 W/SystemConfig( 1414): fname = b0qksx
12-25 20:14:57.175 W/SystemConfig( 1414): ro.product.name = a12nnxx
12-25 20:14:57.175 W/SystemConfig( 1414): fname = b0quew
12-25 20:14:57.175 W/SystemConfig( 1414): ro.product.name = a12nnxx
12-25 20:14:57.175 W/SystemConfig( 1414): fname = b0qcsx
12-25 20:14:57.175 W/SystemConfig( 1414): ro.product.name = a12nnxx
12-25 20:14:57.175 W/SystemConfig( 1414): fname = b0qxxx
12-25 20:14:57.175 W/SystemConfig( 1414): ro.product.name = a12nnxx
12-25 20:14:57.175 W/SystemConfig( 1414): fname = b0qsqw
12-25 20:14:57.175 W/SystemConfig( 1414): ro.product.name = a12nnxx
12-25 20:14:57.175 W/SystemConfig( 1414): fname = b0qzhx
12-25 20:14:57.175 W/SystemConfig( 1414): ro.product.name = a12nnxx
12-25 20:14:57.175 W/SystemConfig( 1414): fname = b0qxtur
12-25 20:14:57.175 W/SystemConfig( 1414): ro.product.name = a12nnxx
12-25 20:14:57.175 W/SystemConfig( 1414): fname = SC-52C
12-25 20:14:57.175 W/SystemConfig( 1414): ro.product.name = a12nnxx
12-25 20:14:57.175 W/SystemConfig( 1414): fname = SCG14_jp_kdi
12-25 20:14:57.175 W/SystemConfig( 1414): ro.product.name = a12nnxx
12-25 20:14:57.175 W/SystemConfig( 1414): fname = r0sxxx
12-25 20:14:57.175 W/SystemConfig( 1414): ro.product.name = a12nnxx
12-25 20:14:57.175 W/SystemConfig( 1414): fname = r0sxeea
12-25 20:14:57.175 W/SystemConfig( 1414): ro.product.name = a12nnxx
12-25 20:14:57.175 W/SystemConfig( 1414): fname = r0sxtur
12-25 20:14:57.175 I/StrobeDrvFlashlightFops( 890): closekd(): mUsers(0).
12-25 20:14:57.175 I/StrobeDrvFlashlight( 890): uninit(): mUsers(0).
12-25 20:14:57.175 I/FlickerHal( 890): uninit(). m_sensorDev(8)
12-25 20:14:57.175 I/FlickerPlatformAdapter( 890): releaseBuf(). Release buf
success.
12-25 20:14:57.176 W/SystemConfig( 1414): ro.product.name = a12nnxx
12-25 20:14:57.176 W/SystemConfig( 1414): fname = r0sxser
12-25 20:14:57.176 W/SystemConfig( 1414): ro.product.name = a12nnxx
12-25 20:14:57.176 W/SystemConfig( 1414): fname = r0sksx
12-25 20:14:57.176 W/SystemConfig( 1414): ro.product.name = a12nnxx
12-25 20:14:57.176 W/SystemConfig( 1414): fname = r0qksx
12-25 20:14:57.176 W/SystemConfig( 1414): ro.product.name = a12nnxx
12-25 20:14:57.176 W/SystemConfig( 1414): fname = r0qxtur
12-25 20:14:57.176 W/SystemConfig( 1414): ro.product.name = a12nnxx
12-25 20:14:57.176 W/SystemConfig( 1414): fname = r0qcsx
12-25 20:14:57.176 W/SystemConfig( 1414): ro.product.name = a12nnxx
12-25 20:14:57.176 W/SystemConfig( 1414): fname = r0qzhx
12-25 20:14:57.176 W/SystemConfig( 1414): ro.product.name = a12nnxx
12-25 20:14:57.176 W/SystemConfig( 1414): fname = r0quew
12-25 20:14:57.176 W/SystemConfig( 1414): ro.product.name = a12nnxx
12-25 20:14:57.176 W/SystemConfig( 1414): fname = r0qsqw
12-25 20:14:57.176 W/SystemConfig( 1414): ro.product.name = a12nnxx
12-25 20:14:57.176 W/SystemConfig( 1414): fname = r0qxxx
12-25 20:14:57.176 W/SystemConfig( 1414): ro.product.name = a12nnxx
12-25 20:14:57.176 W/SystemConfig( 1414): fname = SC-51C
12-25 20:14:57.176 W/SystemConfig( 1414): ro.product.name = a12nnxx
12-25 20:14:57.176 W/SystemConfig( 1414): fname = SCG13_jp_kdi
12-25 20:14:57.176 W/SystemConfig( 1414): ro.product.name = a12nnxx
12-25 20:14:57.176 W/SystemConfig( 1414): fname = g0sxxx
12-25 20:14:57.176 W/SystemConfig( 1414): ro.product.name = a12nnxx
12-25 20:14:57.176 W/SystemConfig( 1414): fname = g0sxtur
12-25 20:14:57.176 W/SystemConfig( 1414): ro.product.name = a12nnxx
12-25 20:14:57.176 W/SystemConfig( 1414): fname = g0sxeea
12-25 20:14:57.176 W/SystemConfig( 1414): ro.product.name = a12nnxx
12-25 20:14:57.176 W/SystemConfig( 1414): fname = g0sxser
12-25 20:14:57.176 W/SystemConfig( 1414): ro.product.name = a12nnxx
12-25 20:14:57.176 W/SystemConfig( 1414): fname = g0sksx
12-25 20:14:57.176 W/SystemConfig( 1414): ro.product.name = a12nnxx
12-25 20:14:57.176 W/SystemConfig( 1414): fname = g0qksx
12-25 20:14:57.176 W/SystemConfig( 1414): ro.product.name = a12nnxx
12-25 20:14:57.176 W/SystemConfig( 1414): fname = g0quew
12-25 20:14:57.176 W/SystemConfig( 1414): ro.product.name = a12nnxx
12-25 20:14:57.176 W/SystemConfig( 1414): fname = g0qxtur
12-25 20:14:57.176 W/SystemConfig( 1414): ro.product.name = a12nnxx
12-25 20:14:57.177 W/SystemConfig( 1414): fname = g0qcsx
12-25 20:14:57.177 W/SystemConfig( 1414): ro.product.name = a12nnxx
12-25 20:14:57.177 W/SystemConfig( 1414): fname = g0qxxx
12-25 20:14:57.177 W/SystemConfig( 1414): ro.product.name = a12nnxx
12-25 20:14:57.177 W/SystemConfig( 1414): fname = g0qsqw
12-25 20:14:57.177 W/SystemConfig( 1414): ro.product.name = a12nnxx
12-25 20:14:57.177 W/SystemConfig( 1414): fname = g0qzhx
12-25 20:14:57.177 W/SystemConfig( 1414): ro.product.name = a12nnxx
12-25 20:14:57.177 W/SystemConfig( 1414): fname = gts8kxx
12-25 20:14:57.177 W/SystemConfig( 1414): ro.product.name = a12nnxx
12-25 20:14:57.177 W/SystemConfig( 1414): fname = gts8keea
12-25 20:14:57.177 W/SystemConfig( 1414): ro.product.name = a12nnxx
12-25 20:14:57.177 W/SystemConfig( 1414): fname = gts8xser
12-25 20:14:57.177 W/SystemConfig( 1414): ro.product.name = a12nnxx
12-25 20:14:57.177 W/SystemConfig( 1414): fname = gts8xeea
12-25 20:14:57.177 W/SystemConfig( 1414): ro.product.name = a12nnxx
12-25 20:14:57.177 W/SystemConfig( 1414): fname = gts8xxx
12-25 20:14:57.177 W/SystemConfig( 1414): ro.product.name = a12nnxx
12-25 20:14:57.177 W/SystemConfig( 1414): fname = gts8sq
12-25 20:14:57.177 W/SystemConfig( 1414): ro.product.name = a12nnxx
12-25 20:14:57.177 W/SystemConfig( 1414): fname = gts8wifiser
12-25 20:14:57.177 W/SystemConfig( 1414): ro.product.name = a12nnxx
12-25 20:14:57.177 W/SystemConfig( 1414): fname = gts8wifitur
12-25 20:14:57.177 W/SystemConfig( 1414): ro.product.name = a12nnxx
12-25 20:14:57.177 W/SystemConfig( 1414): fname = gts8wifixx
12-25 20:14:57.177 W/SystemConfig( 1414): ro.product.name = a12nnxx
12-25 20:14:57.177 W/SystemConfig( 1414): fname = gts8wifieea
12-25 20:14:57.177 W/SystemConfig( 1414): ro.product.name = a12nnxx
12-25 20:14:57.177 W/SystemConfig( 1414): fname = gts8pkxx
12-25 20:14:57.177 W/SystemConfig( 1414): ro.product.name = a12nnxx
12-25 20:14:57.177 W/SystemConfig( 1414): fname = gts8psqw
12-25 20:14:57.177 W/SystemConfig( 1414): ro.product.name = a12nnxx
12-25 20:14:57.177 W/SystemConfig( 1414): fname = gts8psqw
12-25 20:14:57.177 W/SystemConfig( 1414): ro.product.name = a12nnxx
12-25 20:14:57.177 W/SystemConfig( 1414): fname = gts8pxser
12-25 20:14:57.177 W/SystemConfig( 1414): ro.product.name = a12nnxx
12-25 20:14:57.177 W/SystemConfig( 1414): fname = gts8peea
12-25 20:14:57.177 W/SystemConfig( 1414): ro.product.name = a12nnxx
12-25 20:14:57.177 W/SystemConfig( 1414): fname = gts8pxx
12-25 20:14:57.177 W/SystemConfig( 1414): ro.product.name = a12nnxx
12-25 20:14:57.177 W/SystemConfig( 1414): fname = gts8pxeea
12-25 20:14:57.177 W/SystemConfig( 1414): ro.product.name = a12nnxx
12-25 20:14:57.177 W/SystemConfig( 1414): fname = gts8pxxx
12-25 20:14:57.177 W/SystemConfig( 1414): ro.product.name = a12nnxx
12-25 20:14:57.177 W/SystemConfig( 1414): fname = gts8psqwnc
12-25 20:14:57.177 W/SystemConfig( 1414): ro.product.name = a12nnxx
12-25 20:14:57.177 W/SystemConfig( 1414): fname = gts8pwifitur
12-25 20:14:57.177 W/SystemConfig( 1414): ro.product.name = a12nnxx
12-25 20:14:57.177 W/SystemConfig( 1414): fname = gts8pwifiser
12-25 20:14:57.177 W/SystemConfig( 1414): ro.product.name = a12nnxx
12-25 20:14:57.177 W/SystemConfig( 1414): fname = gts8pwifixx
12-25 20:14:57.178 W/SystemConfig( 1414): ro.product.name = a12nnxx
12-25 20:14:57.178 I/MtkCam/Metadata( 890): valueFor(133):[debug] valueFor
passedInId:4
12-25 20:14:57.178 W/SystemConfig( 1414): fname = gts8pwifieea
12-25 20:14:57.178 W/SystemConfig( 1414): ro.product.name = a12nnxx
12-25 20:14:57.178 I/MtkCam/Metadata( 890): valueFor(134):[debug] valueFor
convertedId:4
12-25 20:14:57.178 W/SystemConfig( 1414): fname = gts8pwifijpn
12-25 20:14:57.178 W/SystemConfig( 1414): ro.product.name = a12nnxx
12-25 20:14:57.178 W/SystemConfig( 1414): fname = gts8ukxx
12-25 20:14:57.178 W/SystemConfig( 1414): ro.product.name = a12nnxx
12-25 20:14:57.178 W/SystemConfig( 1414): fname = gts8uxser
12-25 20:14:57.178 W/SystemConfig( 1414): ro.product.name = a12nnxx
12-25 20:14:57.178 W/SystemConfig( 1414): fname = gts8uxeea
12-25 20:14:57.178 W/SystemConfig( 1414): ro.product.name = a12nnxx
12-25 20:14:57.178 W/SystemConfig( 1414): fname = gts8uxxx
12-25 20:14:57.178 W/SystemConfig( 1414): ro.product.name = a12nnxx
12-25 20:14:57.178 W/SystemConfig( 1414): fname = gts8uwifiser
12-25 20:14:57.178 W/SystemConfig( 1414): ro.product.name = a12nnxx
12-25 20:14:57.178 W/SystemConfig( 1414): fname = gts8uwifitur
12-25 20:14:57.178 W/SystemConfig( 1414): ro.product.name = a12nnxx
12-25 20:14:57.178 W/SystemConfig( 1414): fname = gts8uwifieea
12-25 20:14:57.178 W/SystemConfig( 1414): ro.product.name = a12nnxx
12-25 20:14:57.178 W/SystemConfig( 1414): fname = gts8uwifixx
12-25 20:14:57.178 W/SystemConfig( 1414): ro.product.name = a12nnxx
12-25 20:14:57.178 W/SystemConfig( 1414): fname = a33xnndxx
12-25 20:14:57.178 W/SystemConfig( 1414): ro.product.name = a12nnxx
12-25 20:14:57.178 W/SystemConfig( 1414): fname = a33xnsdtur
12-25 20:14:57.178 W/SystemConfig( 1414): ro.product.name = a12nnxx
12-25 20:14:57.178 W/SystemConfig( 1414): fname = a33xnsdxx
12-25 20:14:57.178 W/SystemConfig( 1414): ro.product.name = a12nnxx
12-25 20:14:57.178 W/SystemConfig( 1414): fname = a33xnndx
12-25 20:14:57.178 W/SystemConfig( 1414): ro.product.name = a12nnxx
12-25 20:14:57.178 W/SystemConfig( 1414): fname = a33xnsdx
12-25 20:14:57.178 W/SystemConfig( 1414): ro.product.name = a12nnxx
12-25 20:14:57.178 W/SystemConfig( 1414): fname = a33xub
12-25 20:14:57.178 W/SystemConfig( 1414): ro.product.name = a12nnxx
12-25 20:14:57.178 W/SystemConfig( 1414): fname = a33xks
12-25 20:14:57.178 W/SystemConfig( 1414): ro.product.name = a12nnxx
12-25 20:14:57.178 W/SystemConfig( 1414): fname = a33xzh
12-25 20:14:57.178 W/SystemConfig( 1414): ro.product.name = a12nnxx
12-25 20:14:57.178 W/SystemConfig( 1414): fname = a33xnsser
12-25 20:14:57.178 W/SystemConfig( 1414): ro.product.name = a12nnxx
12-25 20:14:57.178 W/SystemConfig( 1414): fname = a33xnsxx
12-25 20:14:57.178 W/SystemConfig( 1414): ro.product.name = a12nnxx
12-25 20:14:57.178 W/SystemConfig( 1414): fname = a33xnseea
12-25 20:14:57.178 W/SystemConfig( 1414): ro.product.name = a12nnxx
12-25 20:14:57.178 W/SystemConfig( 1414): fname = a53xtfn
12-25 20:14:57.178 W/SystemConfig( 1414): ro.product.name = a12nnxx
12-25 20:14:57.178 W/SystemConfig( 1414): fname = a53xzh
12-25 20:14:57.178 W/SystemConfig( 1414): ro.product.name = a12nnxx
12-25 20:14:57.178 W/SystemConfig( 1414): fname = a53xcsx
12-25 20:14:57.178 W/SystemConfig( 1414): ro.product.name = a12nnxx
12-25 20:14:57.178 W/SystemConfig( 1414): fname = a53xnaxx
12-25 20:14:57.178 W/SystemConfig( 1414): ro.product.name = a12nnxx
12-25 20:14:57.178 W/SystemConfig( 1414): fname = a53xksx
12-25 20:14:57.178 W/SystemConfig( 1414): ro.product.name = a12nnxx
12-25 20:14:57.178 W/SystemConfig( 1414): fname = a53xnsser
12-25 20:14:57.179 W/SystemConfig( 1414): ro.product.name = a12nnxx
12-25 20:14:57.179 W/SystemConfig( 1414): fname = a53xnstur
12-25 20:14:57.179 W/SystemConfig( 1414): ro.product.name = a12nnxx
12-25 20:14:57.179 W/SystemConfig( 1414): fname = a53xnsxx
12-25 20:14:57.179 W/SystemConfig( 1414): ro.product.name = a12nnxx
12-25 20:14:57.179 W/SystemConfig( 1414): fname = a53xsqx
12-25 20:14:57.179 W/SystemConfig( 1414): ro.product.name = a12nnxx
12-25 20:14:57.179 W/SystemConfig( 1414): fname = a53xsqw
12-25 20:14:57.179 W/SystemConfig( 1414): ro.product.name = a12nnxx
12-25 20:14:57.179 W/SystemConfig( 1414): fname = a53xnaeea
12-25 20:14:57.179 W/SystemConfig( 1414): ro.product.name = a12nnxx
12-25 20:14:57.179 W/SystemConfig( 1414): fname = a53xue
12-25 20:14:57.179 W/SystemConfig( 1414): ro.product.name = a12nnxx
12-25 20:14:57.179 W/SystemConfig( 1414): fname = SC-53C
12-25 20:14:57.179 W/SystemConfig( 1414): ro.product.name = a12nnxx
12-25 20:14:57.179 W/SystemConfig( 1414): fname = SCG15_jp_kdi
12-25 20:14:57.179 W/SystemConfig( 1414): ro.product.name = a12nnxx
12-25 20:14:57.179 W/SystemConfig( 1414): fname = xcoverpro2cs
12-25 20:14:57.179 W/SystemConfig( 1414): ro.product.name = a12nnxx
12-25 20:14:57.179 W/SystemConfig( 1414): fname = xcoverpro2ue
12-25 20:14:57.179 W/SystemConfig( 1414): ro.product.name = a12nnxx
12-25 20:14:57.179 W/SystemConfig( 1414): fname = xcoverpro2tur
12-25 20:14:57.179 W/SystemConfig( 1414): ro.product.name = a12nnxx
12-25 20:14:57.179 W/SystemConfig( 1414): fname = xcoverpro2eea
12-25 20:14:57.179 W/SystemConfig( 1414): ro.product.name = a12nnxx
12-25 20:14:57.179 W/SystemConfig( 1414): fname = xcoverpro2xx
12-25 20:14:57.179 W/SystemConfig( 1414): ro.product.name = a12nnxx
12-25 20:14:57.179 W/SystemConfig( 1414): fname = xcoverpro2sq
12-25 20:14:57.179 W/SystemConfig( 1414): ro.product.name = a12nnxx
12-25 20:14:57.179 W/SystemConfig( 1414): fname = q4qsqw
12-25 20:14:57.179 W/SystemConfig( 1414): ro.product.name = a12nnxx
12-25 20:14:57.179 W/SystemConfig( 1414): fname = q4qzhx
12-25 20:14:57.179 W/SystemConfig( 1414): ro.product.name = a12nnxx
12-25 20:14:57.179 W/SystemConfig( 1414): fname = q4qksx
12-25 20:14:57.179 W/SystemConfig( 1414): ro.product.name = a12nnxx
12-25 20:14:57.179 W/SystemConfig( 1414): fname = q4quew
12-25 20:14:57.179 W/SystemConfig( 1414): ro.product.name = a12nnxx
12-25 20:14:57.179 W/SystemConfig( 1414): fname = q4qcsx
12-25 20:14:57.179 W/SystemConfig( 1414): ro.product.name = a12nnxx
12-25 20:14:57.179 W/SystemConfig( 1414): fname = q4qxser
12-25 20:14:57.179 W/SystemConfig( 1414): ro.product.name = a12nnxx
12-25 20:14:57.179 W/SystemConfig( 1414): fname = q4qxtur
12-25 20:14:57.179 W/SystemConfig( 1414): ro.product.name = a12nnxx
12-25 20:14:57.179 W/SystemConfig( 1414): fname = q4qxxx
12-25 20:14:57.179 W/SystemConfig( 1414): ro.product.name = a12nnxx
12-25 20:14:57.179 W/SystemConfig( 1414): fname = q4qxeea
12-25 20:14:57.179 W/SystemConfig( 1414): ro.product.name = a12nnxx
12-25 20:14:57.180 W/SystemConfig( 1414): fname = SC-55C
12-25 20:14:57.180 W/SystemConfig( 1414): ro.product.name = a12nnxx
12-25 20:14:57.180 W/nvbuf_util.cpp( 890): [getInstance:403] getInstance, bInit(1)
12-25 20:14:57.180 W/SystemConfig( 1414): fname = SCG16_jp_kdi
12-25 20:14:57.180 W/SystemConfig( 1414): ro.product.name = a12nnxx
12-25 20:14:57.180 W/SystemConfig( 1414): fname = b4qsqw
12-25 20:14:57.180 W/SystemConfig( 1414): ro.product.name = a12nnxx
12-25 20:14:57.180 W/SystemConfig( 1414): fname = b4qzhx
12-25 20:14:57.180 W/SystemConfig( 1414): ro.product.name = a12nnxx
12-25 20:14:57.180 W/SystemConfig( 1414): fname = b4qxeea
12-25 20:14:57.180 W/SystemConfig( 1414): ro.product.name = a12nnxx
12-25 20:14:57.180 W/SystemConfig( 1414): fname = b4qksx
12-25 20:14:57.180 W/SystemConfig( 1414): ro.product.name = a12nnxx
12-25 20:14:57.180 W/SystemConfig( 1414): fname = b4quew
12-25 20:14:57.180 W/SystemConfig( 1414): ro.product.name = a12nnxx
12-25 20:14:57.180 W/SystemConfig( 1414): fname = b4qrktw
12-25 20:14:57.180 W/SystemConfig( 1414): ro.product.name = a12nnxx
12-25 20:14:57.180 W/SystemConfig( 1414): fname = b4qcsx
12-25 20:14:57.180 W/SystemConfig( 1414): ro.product.name = a12nnxx
12-25 20:14:57.180 W/SystemConfig( 1414): fname = b4qxser
12-25 20:14:57.180 W/SystemConfig( 1414): ro.product.name = a12nnxx
12-25 20:14:57.180 W/SystemConfig( 1414): fname = b4qxtur
12-25 20:14:57.180 W/SystemConfig( 1414): ro.product.name = a12nnxx
12-25 20:14:57.180 W/SystemConfig( 1414): fname = b4qxxx
12-25 20:14:57.180 W/SystemConfig( 1414): ro.product.name = a12nnxx
12-25 20:14:57.180 W/SystemConfig( 1414): fname = SC-54C
12-25 20:14:57.180 W/SystemConfig( 1414): ro.product.name = a12nnxx
12-25 20:14:57.180 W/SystemConfig( 1414): fname = SCG17_jp_kdi
12-25 20:14:57.180 W/SystemConfig( 1414): ro.product.name = a12nnxx
12-25 20:14:57.180 W/SystemConfig( 1414): fname = gtact4prokxx
12-25 20:14:57.180 W/SystemConfig( 1414): ro.product.name = a12nnxx
12-25 20:14:57.180 W/SystemConfig( 1414): fname = gtact4proxser
12-25 20:14:57.180 W/SystemConfig( 1414): ro.product.name = a12nnxx
12-25 20:14:57.180 W/SystemConfig( 1414): fname = gtact4proxeea
12-25 20:14:57.180 W/SystemConfig( 1414): ro.product.name = a12nnxx
12-25 20:14:57.180 W/SystemConfig( 1414): fname = gtact4proxxx
12-25 20:14:57.180 W/SystemConfig( 1414): ro.product.name = a12nnxx
12-25 20:14:57.180 W/SystemConfig( 1414): fname = gtact4proue
12-25 20:14:57.180 W/SystemConfig( 1414): ro.product.name = a12nnxx
12-25 20:14:57.180 W/SystemConfig( 1414): fname = gtact4protur
12-25 20:14:57.181 W/SystemConfig( 1414): ro.product.name = a12nnxx
12-25 20:14:57.181 W/SystemConfig( 1414): fname = gtact4procs
12-25 20:14:57.181 W/SystemConfig( 1414): ro.product.name = a12nnxx
12-25 20:14:57.181 W/SystemConfig( 1414): fname = gtact4prowifieea
12-25 20:14:57.181 W/SystemConfig( 1414): ro.product.name = a12nnxx
12-25 20:14:57.181 W/SystemConfig( 1414): fname = gtact4prowifixx
12-25 20:14:57.181 W/SystemConfig( 1414): ro.product.name = a12nnxx
12-25 20:14:57.181 W/SystemConfig( 1414): fname = gtact4prowifiser
12-25 20:14:57.181 W/SystemConfig( 1414): ro.product.name = a12nnxx
12-25 20:14:57.181 W/SystemConfig( 1414): fname = SC-56C
12-25 20:14:57.181 W/SystemConfig( 1414): ro.product.name = a12nnxx
12-25 20:14:57.181 W/SystemConfig( 1414): fname = SCG18_jp_kdi
12-25 20:14:57.181 W/SystemConfig( 1414): ro.product.name = a12nnxx
12-25 20:14:57.181 W/SystemConfig( 1414): fname = a23exrkt
12-25 20:14:57.181 W/SystemConfig( 1414): ro.product.name = a12nnxx
12-25 20:14:57.182 I/SystemConfig( 1414): Reading permissions from
/product/etc/sysconfig/wellbeing.xml
12-25 20:14:57.183 I/SystemConfig( 1414): Reading permissions from
/product/etc/sysconfig/google_duo.xml
12-25 20:14:57.183 W/nvbuf_util.cpp( 890): [getInstance:403] getInstance, bInit(1)
12-25 20:14:57.183 W/nvbuf_util.cpp( 890): [getBufAndReadNoLock:691] ramId(1),
sensorDev(16), p(0x0), bForceRead(1) +
12-25 20:14:57.183 W/nvbuf_util.cpp( 890): [readRamVersion:250] nvRamId(1), ver:
isp(0),3a(0),sh(0),lens(0),pl(0),stb(0),tsf(0),pdc(0),geo(0),fov(0),feature(0)
12-25 20:14:57.183 W/NvramDrv( 890): [readDefaultData:795] CAMERA_NVRAM_DATA_3A
12-25 20:14:57.184 W/nvbuf_util.cpp( 890): [getInstance:403] getInstance, bInit(1)
12-25 20:14:57.184 W/nvbuf_util.cpp( 890): [getBufAndReadNoLock:691] ramId(5),
sensorDev(16), p(0x0), bForceRead(1) +
12-25 20:14:57.184 W/nvbuf_util.cpp( 890): [readRamVersion:250] nvRamId(5), ver:
isp(0),3a(0),sh(0),lens(0),pl(0),stb(0),tsf(0),pdc(0),geo(0),fov(0),feature(0)
12-25 20:14:57.184 W/NvramDrv( 890): [readDefaultData:816]
CAMERA_NVRAM_DATA_STROBE cust_fillDefaultStrobeNVRam
12-25 20:14:57.184 I/SystemConfig( 1414): Reading permissions from
/product/etc/sysconfig/google-staged-installer-whitelist.xml
12-25 20:14:57.184 W/nvbuf_util.cpp( 890): [getInstance:403] getInstance, bInit(1)
12-25 20:14:57.184 W/nvbuf_util.cpp( 890): [getBufAndReadNoLock:691] ramId(12),
sensorDev(16), p(0x0), bForceRead(1) +
12-25 20:14:57.184 W/nvbuf_util.cpp( 890): [readRamVersion:250] nvRamId(12), ver:
isp(0),3a(0),sh(0),lens(0),pl(0),stb(0),tsf(0),pdc(0),geo(0),fov(0),feature(0)
12-25 20:14:57.184 W/NvramDrv( 890): [readDefaultData:823]
CAMERA_NVRAM_DATA_FLASH_CALIBRATION
12-25 20:14:57.184 W/nvbuf_util.cpp( 890): [getInstance:403] getInstance, bInit(1)
12-25 20:14:57.184 E/SystemConfig( 1414): aer = false, f.getPath().contains = true
12-25 20:14:57.185 I/SystemConfig( 1414): Reading permissions from
/product/etc/sysconfig/preinstalled-packages-platform-handheld-product.xml
12-25 20:14:57.185 W/nvbuf_util.cpp( 890): [getBufAndReadNoLock:691] ramId(0),
sensorDev(16), p(0x0), bForceRead(1) +
12-25 20:14:57.185 W/nvbuf_util.cpp( 890): [readRamVersion:250] nvRamId(0), ver:
isp(0),3a(0),sh(0),lens(0),pl(0),stb(0),tsf(0),pdc(0),geo(0),fov(0),feature(0)
12-25 20:14:57.185 W/NvramDrv( 890): [readDefaultData:791] CAMERA_NVRAM_DATA_ISP
12-25 20:14:57.186 I/SystemConfig( 1414): Reading permissions from
/product/etc/sysconfig/google_turbo.xml
12-25 20:14:57.187 I/SystemConfig( 1414): Reading permissions from
/product/etc/sysconfig/GoogleCellBroadcast_config.xml
12-25 20:14:57.188 I/SystemConfig( 1414): Reading permissions from
/product/etc/sysconfig/google-rollback-package-whitelist.xml
12-25 20:14:57.187 W/nvbuf_util.cpp( 890): [getInstance:403] getInstance, bInit(1)
12-25 20:14:57.188 W/nvbuf_util.cpp( 890): [getBufAndReadNoLock:691] ramId(2),
sensorDev(16), p(0x0), bForceRead(1) +
12-25 20:14:57.188 W/nvbuf_util.cpp( 890): [readRamVersion:250] nvRamId(2), ver:
isp(0),3a(0),sh(0),lens(0),pl(0),stb(0),tsf(0),pdc(0),geo(0),fov(0),feature(0)
12-25 20:14:57.188 W/NvramDrv( 890): [readDefaultData:799]
CAMERA_NVRAM_DATA_SHADING
12-25 20:14:57.189 I/SystemConfig( 1414): Reading permissions from
/product/etc/sysconfig/preinstalled-packages-platform-overlays.xml
12-25 20:14:57.189 D/CoreStateController( 1414): CoreStateController()
12-25 20:14:57.191 I/SystemConfig( 1414): Reading permissions from
/product/etc/sysconfig/google.xml
12-25 20:14:57.191 I/SystemConfig( 1414): Adding association: com.google.android.as
<- com.android.bluetooth
12-25 20:14:57.192 I/SystemConfig( 1414): Adding association: com.google.android.as
<- com.android.providers.contacts
12-25 20:14:57.192 I/SystemConfig( 1414): Adding association: com.google.android.as
<- com.android.providers.media
12-25 20:14:57.192 I/SystemConfig( 1414): Adding association: com.google.android.as
<- com.android.providers.telephony
12-25 20:14:57.192 I/SystemConfig( 1414): Adding association: com.google.android.as
<- com.android.systemui
12-25 20:14:57.192 I/SystemConfig( 1414): Adding association: com.google.android.as
<- com.google.android.providers.media.module
12-25 20:14:57.192 I/SystemConfig( 1414): Adding association: com.google.android.as
<- com.google.android.as.oss
12-25 20:14:57.192 I/SystemConfig( 1414): Adding association:
com.google.android.as.oss <- com.google.android.as
12-25 20:14:57.192 I/Drv/HWsync( 890): Drv/HWsync[init] +,
user&cnt(HW_SYNC_USER_AE,0),srIdxNum(0)
12-25 20:14:57.192 I/Drv/HWsync( 890): Drv/HWsync[init] mAECyclePeriod(3)
12-25 20:14:57.192 W/nvbuf_util.cpp( 890): [getInstance:403] getInstance, bInit(1)
12-25 20:14:57.192 W/nvbuf_util.cpp( 890): [getBufAndReadNoLock:691] ramId(1),
sensorDev(16), p(0x0), bForceRead(0) +
12-25 20:14:57.192 W/nvbuf_util.cpp( 890): [getInstance:403] getInstance, bInit(1)
12-25 20:14:57.192 W/nvbuf_util.cpp( 890): [getBufAndReadNoLock:691] ramId(4),
sensorDev(16), p(0x0), bForceRead(0) +
12-25 20:14:57.192 W/nvbuf_util.cpp( 890): [readRamVersion:250] nvRamId(4), ver:
isp(0),3a(0),sh(0),lens(0),pl(0),stb(0),tsf(0),pdc(0),geo(0),fov(0),feature(0)
12-25 20:14:57.192 I/SystemConfig( 1414): Reading permissions from
/product/etc/sysconfig/carrierwifi-sysconfig.xml
12-25 20:14:57.193 W/NvramDrv( 890): [readDefaultData:811]
CAMERA_DATA_AE_PLINETABLE
12-25 20:14:57.193 W/nvbuf_util.cpp( 890): [getInstance:403] getInstance, bInit(1)
12-25 20:14:57.193 W/nvbuf_util.cpp( 890): [getBufAndReadNoLock:691] ramId(0),
sensorDev(16), p(0x0), bForceRead(0) +
12-25 20:14:57.193 I/SystemConfig( 1414): Reading permissions from
/product/etc/permissions/turboapk-permissions.xml
12-25 20:14:57.195 I/SystemConfig( 1414): Reading permissions from
/product/etc/permissions/split-permissions-google.xml
12-25 20:14:57.196 I/SystemConfig( 1414): Reading permissions from
/product/etc/permissions/carrierwifi.xml
12-25 20:14:57.197 I/servicemanager( 404): Adding 'u:r:system_server:s0' service
(activity_task:1414)
12-25 20:14:57.197 I/SystemConfig( 1414): Reading permissions from
/product/etc/permissions/privapp-permissions-google-product.xml
12-25 20:14:57.197 I/SystemServiceManager( 1414): Starting
com.android.server.am.ActivityManagerService$Lifecycle
12-25 20:14:57.200 I/af_mgr_v3( 890): AF-init : + Dev 16
12-25 20:14:57.201 I/af_mgr_v3( 890): Dev(16):enable SensorProvider success for
Gyro
12-25 20:14:57.201 I/af_mgr_v3( 890): Dev(16):enable SensorProvider success for
Acce
12-25 20:14:57.201 I/af_mgr_v3( 890): AF-init : EnAF -1,
Algo(0xb40000738881f6c0), users 1
12-25 20:14:57.201 I/af_mgr_v3( 890): AF-init : -
12-25 20:14:57.201 I/FlashHal( 890): FlashHal(): sensorDev(16).
12-25 20:14:57.201 I/StrobeDrvFlashlightFops( 890): openkd(): mUsers(1).
12-25 20:14:57.202 I/SystemConfig( 1414): Reading permissions from
/product/etc/permissions/product-permissions-mediatek.xml
12-25 20:14:57.202 E/MtkCam/SensorProviderService( 890): (1493)[isSupport] fail to
open: /sys/class/BOOT/BOOT/boot/boot_mode
(isSupport){#1411:vendor/mediatek/proprietary/hardware/mtkcam/utils/sys/
SensorProvider/SensorProviderService.cpp}
12-25 20:14:57.202 E/MtkCam/SensorProviderService( 890): (1493)[isSupport] fail to
open: /sys/class/BOOT/BOOT/boot/boot_mode
(isSupport){#1411:vendor/mediatek/proprietary/hardware/mtkcam/utils/sys/
SensorProvider/SensorProviderService.cpp}
12-25 20:14:57.203 W/SystemConfig( 1414): No directory /system_ext/etc/sysconfig,
skipping
12-25 20:14:57.204 I/StrobeDrvFlashlightFops( 890): closekd(): mUsers(0).
12-25 20:14:57.204 I/StrobeDrvFlashlight( 890): getPartId(): partId(1).
12-25 20:14:57.204 I/StrobeDrvFlashlightFops( 890): openkd(): mUsers(1).
12-25 20:14:57.205 I/SystemConfig( 1414): Reading permissions from
/system_ext/etc/permissions/com.android.emergency.xml
12-25 20:14:57.205 I/StrobeDrvFlashlightFops( 890): closekd(): mUsers(0).
12-25 20:14:57.205 I/StrobeDrvFlashlight( 890): hasFlashHw(): hasHw(1).
12-25 20:14:57.205 I/FlashNvram( 890): nvReadStrobe().
12-25 20:14:57.205 W/nvbuf_util.cpp( 890): [getInstance:403] getInstance, bInit(1)
12-25 20:14:57.205 W/nvbuf_util.cpp( 890): [getBufAndReadNoLock:691] ramId(5),
sensorDev(16), p(0x0), bForceRead(0) +
12-25 20:14:57.205 I/StrobeDrvFlashlight( 890): setStrobeInfo(): table number(5),
duty number(60).
12-25 20:14:57.205 I/StrobeDrvFlashlight( 890): setStrobeInfo(): table id(0),
timeout (1000000 ms), cooling time multiple(0.00).
12-25 20:14:57.205 I/StrobeDrvFlashlight( 890): setStrobeInfo(): table id(6),
timeout (1000000 ms), cooling time multiple(0.00).
12-25 20:14:57.205 I/StrobeDrvFlashlight( 890): setStrobeInfo(): table id(12),
timeout (600 ms), cooling time multiple(2.00).
12-25 20:14:57.205 I/StrobeDrvFlashlight( 890): setStrobeInfo(): table id(17),
timeout (500 ms), cooling time multiple(4.00).
12-25 20:14:57.205 I/StrobeDrvFlashlight( 890): setStrobeInfo(): table id(25),
timeout (300 ms), cooling time multiple(9.00).
12-25 20:14:57.206 I/FlashNvram( 890): nvReadStrobe().
12-25 20:14:57.206 W/nvbuf_util.cpp( 890): [getInstance:403] getInstance, bInit(1)
12-25 20:14:57.206 W/nvbuf_util.cpp( 890): [getBufAndReadNoLock:691] ramId(5),
sensorDev(16), p(0x0), bForceRead(0) +
12-25 20:14:57.206 I/FlashHal( 890): Device: (1), Type: (1), CT number: (1), Part
ID: (1), HW(1), in charge(1).
12-25 20:14:57.206 I/FlashHal( 890): init().
12-25 20:14:57.206 I/StrobeDrvFlashlightFops( 890): openkd(): mUsers(1).
12-25 20:14:57.206 I/StrobeDrvFlashlight( 890): maxDuty:60
12-25 20:14:57.206 I/StrobeDrvFlashlight( 890): init(): mUsers(1).
12-25 20:14:57.206 I/StrobeDrvFlashlight( 890): lowPowerDetectStart(): duty(8).
12-25 20:14:57.206 I/FlashMgrM( 890): mFacingSensor:1 (main:1 sub:2)
12-25 20:14:57.206 I/FlashMgrM( 890): init().
12-25 20:14:57.206 I/FlashNvram( 890): nvRead3A().
12-25 20:14:57.206 W/nvbuf_util.cpp( 890): [getInstance:403] getInstance, bInit(1)
12-25 20:14:57.206 W/nvbuf_util.cpp( 890): [getBufAndReadNoLock:691] ramId(1),
sensorDev(16), p(0x0), bForceRead(0) +
12-25 20:14:57.206 I/FlashNvram( 890): nvReadStrobe().
12-25 20:14:57.206 W/nvbuf_util.cpp( 890): [getInstance:403] getInstance, bInit(1)
12-25 20:14:57.206 W/nvbuf_util.cpp( 890): [getBufAndReadNoLock:691] ramId(5),
sensorDev(16), p(0xb4000073846d8000), bForceRead(0) +
12-25 20:14:57.206 I/FlashNvram( 890): nvReadFlashCali().
12-25 20:14:57.206 W/nvbuf_util.cpp( 890): [getInstance:403] getInstance, bInit(1)
12-25 20:14:57.206 W/nvbuf_util.cpp( 890): [getBufAndReadNoLock:691] ramId(12),
sensorDev(16), p(0x0), bForceRead(0) +
12-25 20:14:57.206 E/FlashCustomUtils( 890): verifyYTab(): invalid dutyNum(60) or
dutyNumLt(60).
(verifyYTab){#80:vendor/mediatek/proprietary/hardware/mtkcam/aaa/source/mt6765/../
common/flash_mgr/tools/flash_custom_utils.cpp}
12-25 20:14:57.206 E/FlashCustomAdapter( 890): init(): invalid energy table.
(init){#156:vendor/mediatek/proprietary/hardware/mtkcam/aaa/source/mt6765/../
isp_40/flash_mgr/flash_custom_adapter.cpp}
12-25 20:14:57.206 I/FlickerHal( 890): init(). m_sensorDev(16)
12-25 20:14:57.206 I/FlickerHal( 890): init flicker custom adaptor.
12-25 20:14:57.206 I/FlickerPlatformAdapter( 890): createBuf(). Create buf
success.
12-25 20:14:57.206 I/FlickerHal( 890): init(). getFlickerParametersAll
12-25 20:14:57.206 I/FlickerHal( 890): getFlickerParametersAll():
sensorDevId(736), m_sensorDev(16), sensorMode total(10), binRatio total(2).
12-25 20:14:57.206 W/nvbuf_util.cpp( 890): [getInstance:403] getInstance, bInit(1)
12-25 20:14:57.206 W/nvbuf_util.cpp( 890): [getBufAndReadNoLock:691] ramId(0),
sensorDev(16), p(0x0), bForceRead(0) +
12-25 20:14:57.206 I/SystemConfig( 1414): Reading permissions from
/system_ext/etc/permissions/com.android.carrierconfig.xml
12-25 20:14:57.206 W/nvbuf_util.cpp( 890): [getInstance:403] getInstance, bInit(1)
12-25 20:14:57.206 W/nvbuf_util.cpp( 890): [getBufAndReadNoLock:691] ramId(2),
sensorDev(16), p(0x0), bForceRead(0) +
12-25 20:14:57.206 W/nvbuf_util.cpp( 890): [getInstance:403] getInstance, bInit(1)
12-25 20:14:57.206 W/nvbuf_util.cpp( 890): [getBufAndReadNoLock:691] ramId(1),
sensorDev(16), p(0x0), bForceRead(0) +
12-25 20:14:57.206 W/nvbuf_util.cpp( 890): [getInstance:403] getInstance, bInit(1)
12-25 20:14:57.206 W/nvbuf_util.cpp( 890): [getBufAndReadNoLock:691] ramId(6),
sensorDev(16), p(0x0), bForceRead(0) +
12-25 20:14:57.206 W/nvbuf_util.cpp( 890): [readRamVersion:250] nvRamId(6), ver:
isp(0),3a(0),sh(0),lens(0),pl(0),stb(0),tsf(0),pdc(0),geo(0),fov(0),feature(0)
12-25 20:14:57.206 W/NvramDrv( 890): [readDefaultData:838] CAMERA_DATA_TSF_TABLE
12-25 20:14:57.209 I/SystemConfig( 1414): Reading permissions from
/system_ext/etc/permissions/com.android.storagemanager.xml
12-25 20:14:57.210 I/ActivityManager( 1414): Memory class: 256
12-25 20:14:57.211 I/SystemConfig( 1414): Reading permissions from
/system_ext/etc/permissions/system-ext-permissions-mediatek.xml
12-25 20:14:57.213 I/SystemConfig( 1414): Reading permissions from
/system_ext/etc/permissions/com.android.systemui.xml
12-25 20:14:57.217 I/SystemConfig( 1414): Reading permissions from
/system_ext/etc/permissions/privapp-permissions-google-system-ext.xml
12-25 20:14:57.218 I/Binder ( 1414): Setting heavy hitter watcher config: false,
0, 0.0
12-25 20:14:57.219 I/SystemConfig( 1414): Reading permissions from
/system_ext/etc/permissions/com.samsung.systemui.xml
12-25 20:14:57.222 W/SystemConfig( 1414): No directory /system/carrier/sysconfig,
skipping
12-25 20:14:57.222 W/SystemConfig( 1414): No directory /system/carrier/permissions,
skipping
12-25 20:14:57.222 W/SystemConfig( 1414): No directory
/prism/etc/carriers/single/TUN/sysconfig, skipping
12-25 20:14:57.223 W/SystemConfig( 1414): No directory
/prism/etc/carriers/single/TUN/permissions, skipping
12-25 20:14:57.227 D/SpeechMessageID( 855): getSyncType(), not supported msg_id
0xaff1
12-25 20:14:57.227 W/SpeechDriverNormal( 855): processModemMessage(), p_sph_msg-
>msg_id 0xaff1 not support!!
12-25 20:14:57.227 I/SystemConfig( 1414): Reading permissions from
/apex/com.android.ipsec/etc/permissions/android.net.ipsec.ike.xml
12-25 20:14:57.230 I/SystemConfig( 1414): Reading permissions from
/apex/com.android.tethering/etc/permissions/privapp_allowlist_com.google.android.ne
tworkstack.tethering.xml
12-25 20:14:57.231 W/SystemConfig( 1414): <privapp-permissions> not allowed in
partition of
/apex/com.android.tethering/etc/permissions/privapp_allowlist_com.google.android.ne
tworkstack.tethering.xml at START_TAG <privapp-permissions
package='com.google.android.networkstack.tethering'>@16:78 in
java.io.FileReader@b782b8d
12-25 20:14:57.233 I/SystemConfig( 1414): Reading permissions from
/apex/com.android.extservices/etc/permissions/privapp_allowlist_com.google.android.
ext.services.xml
12-25 20:14:57.234 W/SystemConfig( 1414): <privapp-permissions> not allowed in
partition of
/apex/com.android.extservices/etc/permissions/privapp_allowlist_com.google.android.
ext.services.xml at START_TAG <privapp-permissions
package='com.google.android.ext.services'>@16:68 in java.io.FileReader@b92c553
12-25 20:14:57.236 I/SystemConfig( 1414): Reading permissions from
/apex/com.android.mediaprovider/etc/permissions/privapp_allowlist_com.google.androi
d.providers.media.module.xml
12-25 20:14:57.236 W/SystemConfig( 1414): <privapp-permissions> not allowed in
partition of
/apex/com.android.mediaprovider/etc/permissions/privapp_allowlist_com.google.androi
d.providers.media.module.xml at START_TAG <privapp-permissions
package='com.google.android.providers.media.module'>@16:78 in
java.io.FileReader@248f389
12-25 20:14:57.239 I/SystemConfig( 1414): Reading permissions from
/apex/com.android.cellbroadcast/etc/permissions/privapp_allowlist_com.google.androi
d.cellbroadcastreceiver.xml
12-25 20:14:57.239 W/SystemConfig( 1414): <privapp-permissions> not allowed in
partition of
/apex/com.android.cellbroadcast/etc/permissions/privapp_allowlist_com.google.androi
d.cellbroadcastreceiver.xml at START_TAG <privapp-permissions
package='com.google.android.cellbroadcastreceiver'>@16:77 in
java.io.FileReader@4fa63af
12-25 20:14:57.240 I/SystemConfig( 1414): Reading permissions from
/apex/com.android.cellbroadcast/etc/permissions/privapp_allowlist_com.google.androi
d.cellbroadcastservice.xml
12-25 20:14:57.241 W/SystemConfig( 1414): <privapp-permissions> not allowed in
partition of
/apex/com.android.cellbroadcast/etc/permissions/privapp_allowlist_com.google.androi
d.cellbroadcastservice.xml at START_TAG <privapp-permissions
package='com.google.android.cellbroadcastservice'>@16:76 in
java.io.FileReader@1443f45
12-25 20:14:57.242 I/SystemConfig( 1414): Reading permissions from
/apex/com.android.permission/etc/permissions/privapp_allowlist_com.google.android.p
ermissioncontroller.xml
12-25 20:14:57.243 W/SystemConfig( 1414): <privapp-permissions> not allowed in
partition of
/apex/com.android.permission/etc/permissions/privapp_allowlist_com.google.android.p
ermissioncontroller.xml at START_TAG <privapp-permissions
package='com.google.android.permissioncontroller'>@16:76 in
java.io.FileReader@a938bcb
12-25 20:14:57.250 D/SystemConfig( 1414): readAllPermissions took to complete:
344ms
12-25 20:14:57.250 D/SystemServerTimingAsync( 1414):
InitThreadPoolExec:ReadingSystemConfig took to complete: 344ms
12-25 20:14:57.259 D/BatteryDump( 867): wait_for_battery_event : occurred :
add@/devices/virtual/wakeup/wakeup151
12-25 20:14:57.261 D/BatteryDump( 867): wait_for_battery_event : occurred :
add@/devices/virtual/wakeup/wakeup152
12-25 20:14:57.262 D/BatteryDump( 867): wait_for_battery_event : occurred :
add@/devices/virtual/wakeup/wakeup153
12-25 20:14:57.262 D/BatteryDump( 867): wait_for_battery_event : occurred :
add@/devices/virtual/wakeup/wakeup154
12-25 20:14:57.268 I/PerProcessNandswap( 1414): Static Initialization of
PerProcessNandswap
12-25 20:14:57.268 I/PerProcessNandswap( 1414): createInstance start
12-25 20:14:57.271 I/ActivityManager( 1414): Connection with lmkd established
12-25 20:14:57.271 I/lmkd ( 403): lmkd data connection established
12-25 20:14:57.274 I/DHA_PROPERTY( 1414): highRes_MaxCached : 6 normalRes_MaxCached
: 10
12-25 20:14:57.274 I/DHA_PROPERTY( 1414): DHA STEP 2
12-25 20:14:57.274 I/DHA_PROPERTY( 1414): DHA TH RATE 2.0
12-25 20:14:57.274 I/DHA_PROPERTY( 1414): DHA mSzDHAThreshold 33554432
12-25 20:14:57.274 I/DHA_PROPERTY( 1414): DHA DHA_INCREASE_THRESHOLD 2097152
12-25 20:14:57.274 I/CameraManagerGlobal( 1414):
unregisterCameraDeviceStateCallback
12-25 20:14:57.274 I/CameraManagerGlobal( 1414): registerCameraDeviceStateCallback
12-25 20:14:57.274 I/CameraManagerGlobal( 1414): Connecting to camera service
12-25 20:14:57.288 I/PackageWatchdog( 1414): Updated health check state for package
com.samsung.android.provider.filterprovider: INACTIVE -> PASSED
12-25 20:14:57.289 I/PackageWatchdog( 1414): Updated health check state for package
com.google.android.ext.services: INACTIVE -> PASSED
12-25 20:14:57.289 I/PackageWatchdog( 1414): Updated health check state for package
com.google.android.cellbroadcastservice: INACTIVE -> PASSED
12-25 20:14:57.289 I/PackageWatchdog( 1414): Updated health check state for package
com.samsung.android.incallui: INACTIVE -> PASSED
12-25 20:14:57.289 I/PackageWatchdog( 1414): Updated health check state for package
com.google.android.providers.media.module: INACTIVE -> PASSED
12-25 20:14:57.289 I/PackageWatchdog( 1414): Updated health check state for package
com.android.vending: INACTIVE -> PASSED
12-25 20:14:57.289 I/PackageWatchdog( 1414): Updated health check state for package
com.samsung.SMT: INACTIVE -> PASSED
12-25 20:14:57.289 I/PackageWatchdog( 1414): Updated health check state for package
android: INACTIVE -> PASSED
12-25 20:14:57.289 I/PackageWatchdog( 1414): Updated health check state for package
com.samsung.android.app.telephonyui: INACTIVE -> PASSED
12-25 20:14:57.289 I/PackageWatchdog( 1414): Updated health check state for package
com.google.android.permissioncontroller: INACTIVE -> PASSED
12-25 20:14:57.289 I/PackageWatchdog( 1414): Updated health check state for package
com.google.android.setupwizard: INACTIVE -> PASSED
