The document contains log messages from system services at startup. It records the initialization of services like vold, lmkd, and hwservicemanager. These services mount partitions, configure low memory killing, and manage hardware services.
We take content rights seriously. If you suspect this is your content, claim it here.
Available Formats
Download as TXT, PDF, TXT or read online on Scribd
0 ratings0% found this document useful (0 votes)
29 views
Logcat Prev CSC Log
The document contains log messages from system services at startup. It records the initialization of services like vold, lmkd, and hwservicemanager. These services mount partitions, configure low memory killing, and manage hardware services.
We take content rights seriously. If you suspect this is your content, claim it here.
Available Formats
Download as TXT, PDF, TXT or read online on Scribd
You are on page 1/ 33
--------- beginning of main
11-12 11:08:42.364 D/ProcessState( 583): Binder ioctl to enable oneway spam
detection failed: Invalid argument
11-12 11:08:42.365 D/lmkd ( 582): fetch chimera enabled flag :[0] from property
11-12 11:08:42.365 D/hw-ProcessState( 584): Binder ioctl to enable oneway spam detection failed: Invalid argument
11-12 11:08:42.366 W/SELinux ( 583): Multiple same specifications for vendor.samsung.frameworks.codecsolution.ISehCodecSolution/default.
11-12 11:08:42.366 I/lmkd ( 582): Using psi monitors for memory pressure detection
11-12 11:08:42.367 I/hwservicemanager( 584): getFrameworkHalManifest: Reading VINTF information.
11-12 11:08:42.367 I/SELinux ( 583): SELinux: Loaded service_contexts from:
11-12 11:08:42.367 I/SELinux ( 583): /system/etc/selinux/plat_service_contexts
11-12 11:08:42.367 I/SELinux ( 583): /system_ext/etc/selinux/system_ext_service_contexts
11-12 11:08:42.367 I/SELinux ( 583): /vendor/etc/selinux/vendor_service_contexts
11-12 11:08:42.367 I/servicemanager( 583): Adding 'u:r:servicemanager:s0' service (manager:583)
11-12 11:08:42.369 I/lmkd ( 582): lmkd enable_killbooster_all
11-12 11:08:42.369 I/lmkd ( 582): set custom_sw_limit : 500
11-12 11:08:42.369 I/lmkd ( 582): set upgrade_pressure : 80
11-12 11:08:42.369 I/lmkd ( 582): set lmkd_freelimit_val : 13
11-12 11:08:42.369 I/lmkd ( 582): enable_upgrade_criadj : 0
11-12 11:08:42.370 I/SELinux ( 585): SELinux: Loaded service_contexts from:
11-12 11:08:42.370 I/SELinux ( 585): /vendor/etc/selinux/vndservice_contexts
11-12 11:08:42.370 I/vndservicemanager( 585): Adding 'u:r:vndservicemanager:s0' service (manager:585)
11-12 11:08:42.370 I/lmkd ( 582): Process polling is supported
11-12 11:08:42.371 I/hwservicemanager( 584): getDeviceHalManifest: Reading VINTF information.
11-12 11:08:42.385 I/hwservicemanager( 584): getDeviceHalManifest: Successfully processed VINTF information
11-12 11:08:42.385 I/hwservicemanager( 584): getFrameworkHalManifest: Successfully processed VINTF information
11-12 11:08:42.386 I/hwservicemanager( 584): hwservicemanager is ready now.
11-12 11:08:42.571 D/libmdf ( 599): libmdf v3.0.0.0 On 64bit PLATFORM --------- beginning of system
11-12 11:08:42.571 I/vold ( 599): Vold 3.0 (the awakening) firing up
11-12 11:08:42.571 D/vold ( 599): Detected support for: ext4 f2fs vfat
11-12 11:08:42.573 D/vold ( 599): Tearing down stale mount /mnt/sde
11-12 11:08:42.573 D/voldUtils( 599): /mnt/sde in unmounting procedure: Success
11-12 11:08:42.573 D/vold ( 599): Found unmanaged dm device named product
11-12 11:08:42.573 D/vold ( 599): Found unmanaged dm device named vendor-verity
11-12 11:08:42.573 D/vold ( 599): Found unmanaged dm device named vendor
11-12 11:08:42.573 D/vold ( 599): Found unmanaged dm device named system
11-12 11:08:42.573 D/vold ( 599): Found unmanaged dm device named odm-verity
11-12 11:08:42.573 D/vold ( 599): Found unmanaged dm device named product- verity
11-12 11:08:42.573 D/vold ( 599): Found unmanaged dm device named prism-verity
11-12 11:08:42.573 D/vold ( 599): Found unmanaged dm device named optics-verity
11-12 11:08:42.573 D/vold ( 599): Found unmanaged dm device named odm
11-12 11:08:42.573 D/vold ( 599): Found unmanaged dm device named system-verity
11-12 11:08:42.574 D/vold ( 599): Found unmanaged loop device at /dev/block/loop3 named apex:
11-12 11:08:42.574 D/vold ( 599): Found unmanaged loop device at /dev/block/loop4 named apex:
11-12 11:08:42.574 D/vold ( 599): Found unmanaged loop device at /dev/block/loop0 named apex:
11-12 11:08:42.574 D/vold ( 599): Found unmanaged loop device at /dev/block/loop2 named apex:
11-12 11:08:42.574 D/vold ( 599): Found unmanaged loop device at /dev/block/loop1 named apex:
11-12 11:08:42.574 D/vold ( 599): VolumeBase::create()++
11-12 11:08:42.574 D/vold ( 599): VolumeBase::create()--
11-12 11:08:42.575 I/epmlogd ( 599): EpmLog::EpmLog
11-12 11:08:42.575 I/vold ( 599): FsHandlerThread::FsHandlerThread created
11-12 11:08:42.575 E/epmd ( 599): FsHandlerThread not started: Thread not created (No such file or directory)
11-12 11:08:42.576 I/vold ( 599): Socket created with fd:7
11-12 11:08:42.576 D/epmd ( 599): EPM() - Device supports FBE!
11-12 11:08:42.576 I/vold ( 599): Before polling: fd: 7
11-12 11:08:42.576 I/vold ( 599): EnterprisePartitionManager created
11-12 11:08:42.576 I/vold ( 599): fs_handler setPid success pid = 599
11-12 11:08:42.576 I/vold ( 599): Netlink sending message queue initialized!
11-12 11:08:42.577 W/vold ( 599): [libfs_mgr]Warning: unknown flag: default
11-12 11:08:42.577 D/vold ( 599): fstab record: system /system ext4
11-12 11:08:42.577 D/vold ( 599): fstab record: system /system f2fs
11-12 11:08:42.577 D/vold ( 599): fstab record: vendor /vendor ext4
11-12 11:08:42.577 D/vold ( 599): fstab record: product/product ext4
11-12 11:08:42.577 D/vold ( 599): fstab record: odm /odm ext4
11-12 11:08:42.577 D/vold ( 599): fstab record: /dev/block/by-name/boot /boot emmc
11-12 11:08:42.577 D/vold ( 599): fstab record: /dev/block/by-name/prism /prism ext4
11-12 11:08:42.577 D/vold ( 599): fstab record: /dev/block/by-name/optics /optics ext4
11-12 11:08:42.577 D/vold ( 599): fstab record: /dev/block/by-name/metadata /metadata ext4
11-12 11:08:42.577 D/vold ( 599): fstab record: /dev/block/by-name/cache /cache ext4
11-12 11:08:42.578 D/vold ( 599): fstab record: /dev/block/by-name/userdata /data f2fs
11-12 11:08:42.578 D/vold ( 599): fstab record: /dev/block/by-name/efs /mnt/vendor/efs ext4
11-12 11:08:42.578 D/vold ( 599): fstab record: /dev/block/by-name/cpefs /mnt/vendor/cpefs ext4
11-12 11:08:42.578 D/vold ( 599): fstab record: /dev/block/by-name/misc /misc emmc
11-12 11:08:42.578 D/vold ( 599): fstab record: /devices/platform/132e0000.dwmmc2/mmc_host* auto auto
11-12 11:08:42.578 D/vold ( 599): fstab record: /devices/platform/10e00000.usb* auto vfat
11-12 11:08:42.578 D/vold ( 599): fstab record: /dev/block/zram0 none swap
11-12 11:08:42.578 D/vold ( 599): fstab record: /dev/block/by-name/keyrefuge /keyrefuge f2fs
11-12 11:08:42.578 D/hw-ProcessState( 599): Binder ioctl to enable oneway spam detection failed: Invalid argument
11-12 11:08:42.578 D/ProcessState( 599): Binder ioctl to enable oneway spam detection failed: Invalid argument
11-12 11:08:42.579 I/servicemanager( 583): Adding 'u:r:vold:s0' service (vold:599)
11-12 11:08:42.579 D/vold ( 599): VoldNativeService::start() completed OK
11-12 11:08:42.580 I/vold ( 599): CC flag: 4
11-12 11:08:42.587 D/vold ( 599): handleBlockEvent with action=1 major=8 minor=48 eventPath=/devices/platform/13100000.ufs/host0/target0:0:0/0:0:0:3/block/ sdd
11-12 11:08:42.588 D/NetlinkEvent( 599): NL param 'DEVPATH=/devices/platform/13100000.ufs/host0/target0:0:0/0:0:0:3/block/sdd'
11-12 11:08:42.588 D/NetlinkEvent( 599): NL param 'SYNTH_UUID=0'
11-12 11:08:42.588 D/NetlinkEvent( 599): NL param 'MAJOR=8'
11-12 11:08:42.588 D/NetlinkEvent( 599): NL param 'MINOR=48'
11-12 11:08:42.588 D/NetlinkEvent( 599): NL param 'DEVNAME=sdd'
11-12 11:08:42.588 D/NetlinkEvent( 599): NL param 'DEVTYPE=disk'
11-12 11:08:42.592 D/vold ( 599): handleBlockEvent with action=1 major=8 minor=16 eventPath=/devices/platform/13100000.ufs/host0/target0:0:0/0:0:0:1/block/ sdb
11-12 11:08:42.592 D/NetlinkEvent( 599): NL param 'DEVPATH=/devices/platform/13100000.ufs/host0/target0:0:0/0:0:0:1/block/sdb'
11-12 11:08:42.592 D/NetlinkEvent( 599): NL param 'SYNTH_UUID=0'
11-12 11:08:42.592 D/NetlinkEvent( 599): NL param 'MAJOR=8'
11-12 11:08:42.592 D/NetlinkEvent( 599): NL param 'MINOR=16'
11-12 11:08:42.592 D/NetlinkEvent( 599): NL param 'DEVNAME=sdb'
11-12 11:08:42.592 D/NetlinkEvent( 599): NL param 'DEVTYPE=disk'
11-12 11:08:42.596 D/vold ( 599): handleBlockEvent with action=1 major=8 minor=64 eventPath=/devices/platform/13100000.ufs/host0/target0:0:0/0:0:0:4/block/ sde
11-12 11:08:42.596 D/NetlinkEvent( 599): NL param 'DEVPATH=/devices/platform/13100000.ufs/host0/target0:0:0/0:0:0:4/block/sde'
11-12 11:08:42.596 D/NetlinkEvent( 599): NL param 'SYNTH_UUID=0'
11-12 11:08:42.596 D/NetlinkEvent( 599): NL param 'MAJOR=8'
11-12 11:08:42.596 D/NetlinkEvent( 599): NL param 'MINOR=64'
11-12 11:08:42.596 D/NetlinkEvent( 599): NL param 'DEVNAME=sde'
11-12 11:08:42.596 D/NetlinkEvent( 599): NL param 'DEVTYPE=disk'
11-12 11:08:42.597 D/vold ( 599): handleBlockEvent with action=1 major=8 minor=32 eventPath=/devices/platform/13100000.ufs/host0/target0:0:0/0:0:0:2/block/ sdc
11-12 11:08:42.597 D/NetlinkEvent( 599): NL param 'DEVPATH=/devices/platform/13100000.ufs/host0/target0:0:0/0:0:0:2/block/sdc'
11-12 11:08:42.597 D/NetlinkEvent( 599): NL param 'SYNTH_UUID=0'
11-12 11:08:42.597 D/NetlinkEvent( 599): NL param 'MAJOR=8'
11-12 11:08:42.597 D/NetlinkEvent( 599): NL param 'MINOR=32'
11-12 11:08:42.597 D/NetlinkEvent( 599): NL param 'DEVNAME=sdc'
11-12 11:08:42.597 D/NetlinkEvent( 599): NL param 'DEVTYPE=disk'
11-12 11:08:42.599 D/vold ( 599): handleBlockEvent with action=1 major=8 minor=0 eventPath=/devices/platform/13100000.ufs/host0/target0:0:0/0:0:0:0/block/ sda
11-12 11:08:42.599 D/NetlinkEvent( 599): NL param 'DEVPATH=/devices/platform/13100000.ufs/host0/target0:0:0/0:0:0:0/block/sda'
11-12 11:08:42.599 D/NetlinkEvent( 599): NL param 'SYNTH_UUID=0'
11-12 11:08:42.599 D/NetlinkEvent( 599): NL param 'MAJOR=8'
11-12 11:08:42.599 D/NetlinkEvent( 599): NL param 'MINOR=0'
11-12 11:08:42.599 D/NetlinkEvent( 599): NL param 'DEVNAME=sda'
11-12 11:08:42.599 D/NetlinkEvent( 599): NL param 'DEVTYPE=disk'
11-12 11:08:42.606 I/vold ( 599): security.mdf: Ready
11-12 11:08:42.714 W/libc ( 531): Unable to set property "ro.crypto.fuse_sdcard" to "true": error code: 0x18, try count : 1
11-12 11:08:42.714 W/libc ( 531): Unable to set property "ro.crypto.fuse_sdcard" to "true": error code: 0x18, try count : 2
11-12 11:08:42.715 W/libc ( 531): Unable to set property "ro.crypto.fuse_sdcard" to "true": error code: 0x18, try count : 3
11-12 11:08:42.755 W/libc ( 531): Unable to set property "persist.rmnet.mux" to "enabled": error code: 0x18, try count : 1
11-12 11:08:42.756 W/libc ( 531): Unable to set property "persist.rmnet.mux" to "enabled": error code: 0x18, try count : 2
11-12 11:08:42.756 W/libc ( 531): Unable to set property "persist.rmnet.mux" to "enabled": error code: 0x18, try count : 3
11-12 11:08:42.757 W/libc ( 531): Unable to set property "persist.rmnet.data.enable" to "true": error code: 0x18, try count : 1
11-12 11:08:42.757 W/libc ( 531): Unable to set property "persist.rmnet.data.enable" to "true": error code: 0x18, try count : 2
11-12 11:08:42.757 W/libc ( 531): Unable to set property "persist.rmnet.data.enable" to "true": error code: 0x18, try count : 3
11-12 11:08:42.758 W/libc ( 531): Unable to set property "persist.data.wda.enable" to "true": error code: 0x18, try count : 1
11-12 11:08:42.758 W/libc ( 531): Unable to set property "persist.data.wda.enable" to "true": error code: 0x18, try count : 2
11-12 11:08:42.759 W/libc ( 531): Unable to set property "persist.data.wda.enable" to "true": error code: 0x18, try count : 3
11-12 11:08:42.759 W/libc ( 531): Unable to set property "persist.data.df.agg.dl_pkt" to "10": error code: 0x18, try count : 1
11-12 11:08:42.760 W/libc ( 531): Unable to set property "persist.data.df.agg.dl_pkt" to "10": error code: 0x18, try count : 2
11-12 11:08:42.760 W/libc ( 531): Unable to set property "persist.data.df.agg.dl_pkt" to "10": error code: 0x18, try count : 3
11-12 11:08:42.760 W/libc ( 531): Unable to set property "persist.data.df.agg.dl_size" to "4096": error code: 0x18, try count : 1
11-12 11:08:42.761 W/libc ( 531): Unable to set property "persist.data.df.agg.dl_size" to "4096": error code: 0x18, try count : 2
11-12 11:08:42.761 W/libc ( 531): Unable to set property "persist.data.df.agg.dl_size" to "4096": error code: 0x18, try count : 3
11-12 11:08:42.815 D/libmdf ( 629): libmdf v3.0.0.0 On 64bit PLATFORM
11-12 11:08:42.819 D/io_stats( 628): !@ run in light-weight mode using /sys/block/*/stat node
11-12 11:08:42.820 D/io_stats( 628): !@ found device sda (8,0) (size 122004 MBs) and set for logging.
11-12 11:08:42.820 D/io_stats( 628): !@ found device sdb (8,16) (size 4 MBs) (No logging)
11-12 11:08:42.821 D/io_stats( 628): !@ found device sdc (8,32) (size 4 MBs) (No logging)
11-12 11:08:42.821 D/io_stats( 628): !@ found device sdd (8,48) (size 8 MBs) (No logging)
11-12 11:08:42.821 D/io_stats( 628): !@ found device sde (8,64) (size 20 MBs) (No logging)
11-12 11:08:42.822 D/io_stats( 628): !@ Read_top(KB): init(569) 1664 kworker/u16:0(7) 8 kworker/u16:4(259) 4
11-12 11:08:42.861 E/scs ( 631): [main] scs running state INIT
11-12 11:08:42.861 D/scs ( 631): bUseSecPartition : true
11-12 11:08:42.862 D/scs ( 631): [getValuesFromFile] getValuesFromFile : PHE
11-12 11:08:42.862 D/scs ( 631): [amendSalesCode] salesCode : PHE
11-12 11:08:42.862 D/scs ( 631): [amendSalesCode] salesCode length : 3
11-12 11:08:42.862 D/scs ( 631): [amendSalesCode] mainPath: /prism/etc/carriers
11-12 11:08:42.863 D/scs ( 631): [initData] SALES_CODE : PHE
11-12 11:08:42.863 D/scs ( 631): [isMultiSimModel] value of simsloutcount property is 2
11-12 11:08:42.863 D/scs ( 631): [getValuesFromFile] getValuesFromFile : PHE
11-12 11:08:42.863 D/scs ( 631): [amendOmcNwCode] SALES_CODE is single. OMCNW_CODE should be the same
11-12 11:08:42.863 D/scs ( 631): [getValuesFromFile] getValuesFromFile : PHE
11-12 11:08:42.863 D/scs ( 631): [amendOmcNwCode] SALES_CODE is single. OMCNW_CODE should be the same
11-12 11:08:42.864 D/scs ( 631): [parseOmcData]netbased_code EUX
11-12 11:08:42.864 D/scs ( 631): [initData]SALES_CODE : PHE
11-12 11:08:42.864 D/scs ( 631): [initData]OMC_PATH : /optics/configs/carriers/single/PHE/conf
11-12 11:08:42.864 D/scs ( 631): [initData]OMCNW_CODE : PHE
11-12 11:08:42.864 D/scs ( 631): [initData]OMCNW_PATH : /optics/configs/carriers/single/PHE/conf
11-12 11:08:42.864 D/scs ( 631): [initData]OMCNW_CODE2 : PHE
11-12 11:08:42.864 D/scs ( 631): [initData]OMCNW_PATH2 : /optics/configs/carriers/single/PHE/conf
11-12 11:08:42.864 D/scs ( 631): [initData]OMC_RES_PATH : /omr/res
11-12 11:08:42.864 D/scs ( 631): [initData]OMC_ETC_PATH : /prism/etc/carriers/single/PHE
11-12 11:08:42.864 D/scs ( 631): [initData]TSS_TYPE : NETBASED
11-12 11:08:42.864 E/scs ( 631): [startScsState] start scs running(0)
11-12 11:08:42.865 D/scs ( 631): [setOmcProperties] set sales code : PHE
11-12 11:08:42.865 D/scs ( 631): [setOmcProperties] set network code : PHE
11-12 11:08:42.865 D/scs ( 631): [setOmcProperties] set network code2 : PHE
11-12 11:08:42.865 D/scs ( 631): [setPreTssProperties]set Pre TSS Properties
11-12 11:08:42.865 D/scs ( 631): [setPreTssProperties]Support SIM Mobility Framework Feature
11-12 11:08:42.867 D/scs ( 631): [checkVersionChanged]ro.omc.img_mount : 0
11-12 11:08:42.867 D/scs ( 631): [setCountryCode] setCountryCode from customer.xml
11-12 11:08:42.867 D/scs ( 631): [setCountryCode] setCountryCode(customer filepath) : /optics/configs/carriers/single/PHE/conf/customer.xml
11-12 11:08:42.867 D/scs ( 631): [setCountryCode] set country_code = SPAIN
11-12 11:08:42.868 D/scs ( 631): [setCountryCode] set countryiso_code = ES
11-12 11:08:42.868 D/scs ( 631): [setScsRunningState] setScsRunningState : 1
11-12 11:08:42.868 E/scs ( 631): [startScsState] start scs running(1)
11-12 11:08:42.868 E/scs ( 631): [setDmRwProperties] persist properties set : False
11-12 11:08:42.880 I/tzdaemon( 632): [Main] Logger was initialized
11-12 11:08:42.881 I/tzdaemon( 632): [Main] Current fds number: 32768; needed fds number: 48; max fds number: 32768
11-12 11:08:42.881 D/tzdaemon( 632): [Main] init secure userland
11-12 11:08:42.882 I/tzdaemon( 632): [Main] Probe for TZ: 0
11-12 11:08:42.882 I/tzdaemon( 632): [Main] /vendor/bin/tzdaemon started with pid 632
11-12 11:08:42.882 D/tzdaemon( 632): [Main] create image loader thread: ok
11-12 11:08:42.882 D/tzdaemon( 632): [il] image loader on the go!
11-12 11:08:42.882 I/tzdaemon( 632): [ts] Failed to make directory '/data/vendor/tee/srt': No such file or directory
11-12 11:08:42.882 D/tzdaemon( 632): [ts] enotify_wait(): waiting event:SWd readiness
11-12 11:08:42.882 D/tzdaemon( 632): [il] enotify_signalize(): val:0x1
11-12 11:08:42.882 I/tzdaemon( 632): [ts] SWd readiness: got event:0x1
11-12 11:08:42.885 I/tzdaemon( 632): [ts] +++ Session established: session_id:0000a8c8-0000-0000-0200-001028a4e802 ++++
11-12 11:08:42.885 D/tzdaemon( 632): [ts] Root TA notified ACSD Ready
11-12 11:08:42.989 I/tzts_daemon( 635): [dl] Logger was initialized
11-12 11:08:42.989 I/tzts_daemon( 635): [dl] driver loader service initialization...
11-12 11:08:42.991 I/tzts_daemon( 635): [dl] Trying to load: 00000000-0000-0000- 0000-564c544b4456
11-12 11:08:43.682 D/tzts_daemon( 635): [dl] driver waiter thread created
11-12 11:08:43.682 I/tzts_daemon( 635): [dl] Trying to load: 18d9f073-18a5-4ade- 9def-875e07f7f293_
11-12 11:08:43.682 I/tzts_daemon( 635): [dl] not a TA: wrong filename length
11-12 11:08:43.682 I/tzts_daemon( 635): [dl] Trying to load: 00000000-0000-0000- 0000-53626f786476
11-12 11:08:43.686 D/tzts_daemon( 635): [dl] driver waiter thread created
11-12 11:08:43.686 I/tzts_daemon( 635): [dl] Trying to load: 00000000-0000-0000- 0000-4d53546d7374
11-12 11:08:43.689 D/tzts_daemon( 635): [dl] driver waiter thread created
11-12 11:08:43.689 I/tzts_daemon( 635): [dl] Trying to load: 00000000-0000-0000- 0000-00535453540b
11-12 11:08:43.692 D/tzts_daemon( 635): [dl] driver waiter thread created
11-12 11:08:43.692 I/tzts_daemon( 635): [dl] 4 driver(s) were loaded
11-12 11:08:43.702 D/hw-ProcessState( 642): Binder ioctl to enable oneway spam detection failed: Invalid argument
11-12 11:08:43.702 D/ProcessState( 642): Binder ioctl to enable oneway spam detection failed: Invalid argument
11-12 11:08:43.703 I/servicemanager( 583): Adding 'u:r:system_suspend:s0' service (suspend_control:642)
11-12 11:08:43.703 I/servicemanager( 583): Adding 'u:r:system_suspend:s0' service (suspend_control_internal:642)
11-12 11:08:43.704 I/HidlServiceManagement( 642): Registered android.system.suspend@1.0::ISystemSuspend/default
11-12 11:08:43.704 I/HidlServiceManagement( 642): Removing namespace from process name android.system.suspend@1.0-service to suspend@1.0-service.
11-12 11:08:43.714 D/ProcessState( 649): Binder ioctl to enable oneway spam detection failed: Invalid argument
11-12 11:08:43.714 I/hdcp_aidl_service( 649): HDCP service is started
11-12 11:08:43.714 I/servicemanager( 583): getDeviceHalManifest: Reading VINTF information.
11-12 11:08:43.718 W/android.hardware.keymaster@4.0-service( 644): Keymaster 4.0 service start...
11-12 11:08:43.719 W/android.hardware.keymaster@4.0-service( 644): Keymaster 4.0 configureRpcThreadpool done
11-12 11:08:43.719 W/android.hardware.keymaster@4.0-service( 644): Generate hw keymater 4.0
11-12 11:08:43.719 I/skeymaster4dev( 644): Creating SKEYMASTER v4 DEVICE
11-12 11:08:43.719 I/skeymaster4dev( 644): trying to open skeymaster TA
11-12 11:08:43.719 W/keymaster_tee( 644): [WRN]Open MDFPP keymaster version 4.3.15
11-12 11:08:43.723 W/android.hardware.keymaster@4.0_strongbox-service( 645): StrongboxKeymaster 4.0 service start...
11-12 11:08:43.723 W/android.hardware.keymaster@4.0_strongbox-service( 645): StrongboxKeymaster 4.0 configureRpcThreadpool done
11-12 11:08:43.723 W/android.hardware.keymaster@4.0_strongbox-service( 645): Generate StrongboxKeymaster 4.0
11-12 11:08:43.723 E/StrongBox( 645): StrongBox: ssp_hwctl_check_hw_status:: SSP HW is supported(1)
11-12 11:08:43.724 I/StrongboxKeymaster4DeviceImpl( 645): StrongBox: secure_os_init: secure os init is done
11-12 11:08:43.724 I/StrongboxKeymaster4DeviceImpl( 645): StrongBox: secure_os_init is done
11-12 11:08:43.724 I/engmode_hidl_service( 647): engmode()
11-12 11:08:43.725 I/engmode_hidl_service( 647): e_server_hal service is started
11-12 11:08:43.725 I/fsverity_init( 650): LoadKeyFromFile path=/system/etc/security/fsverity/fsverity-release.x509.der keyname=fsv_system_0
11-12 11:08:43.725 W/keymaster_tee( 644): [WRN]build type : user
11-12 11:08:43.726 I/HidlServiceManagement( 647): Registered vendor.samsung.hardware.security.engmode@1.0::ISehEngmode/default
11-12 11:08:43.726 I/HidlServiceManagement( 647): Removing namespace from process name vendor.samsung.hardware.security.engmode@1.0-service to engmode@1.0-service.
11-12 11:08:43.727 I/servicemanager( 583): getDeviceHalManifest: Successfully processed VINTF information
11-12 11:08:43.727 I/servicemanager( 583): getFrameworkHalManifest: Reading VINTF information.
11-12 11:08:43.727 I/fsverity_init( 650): LoadKeyFromFile path=/product/etc/security/fsverity/gms_fsverity_cert.der keyname=fsv_product_0
11-12 11:08:43.728 I/tzdaemon( 632): [il] name of requested image: 00000000-0000- 0000-0000-0053545354ab; cmd type 1
11-12 11:08:43.728 D/tzdaemon( 632): [il] resolved full_name /vendor/tee/00000000- 0000-0000-0000-0053545354ab
11-12 11:08:43.728 I/tzdaemon( 632): [il] Found file:/vendor/tee/00000000-0000- 0000-0000-0053545354ab size:60334
11-12 11:08:43.729 I/tzdaemon( 632): [il] Created container shared memory 0x70ad637000 size 60334
11-12 11:08:43.729 D/tzdaemon( 632): [il] reply.image.buf_desc.size 60334; reply.image.buf_desc.id 5
11-12 11:08:43.729 D/tzdaemon( 632): [il] image_loader_event_loop(): going to send reply (72 bytes) to sfd:9
11-12 11:08:43.729 I/keystore2( 643): keystore2_main: Keystore2 is starting.
11-12 11:08:43.729 I/StrongboxKeymaster4DeviceImpl( 645): StrongBox: ssp_open is done
11-12 11:08:43.729 I/fsverity_init( 650): LoadKeyFromFile path=/product/etc/security/fsverity/play_store_fsi_cert.der keyname=fsv_product_1
11-12 11:08:43.730 I/servicemanager( 583): getFrameworkHalManifest: Successfully processed VINTF information
11-12 11:08:43.730 I/servicemanager( 583): Found vendor.samsung.hardware.security.hdcp.wifidisplay.ISehHdcp/default in device VINTF manifest.
11-12 11:08:43.730 I/servicemanager( 583): Adding 'u:r:hal_hdcp_default:s0' service (vendor.samsung.hardware.security.hdcp.wifidisplay.ISehHdcp/default:649)
11-12 11:08:43.733 I/tzdaemon( 632): [il] name of requested image: 00000000-0000- 0000-0000-0053545354ab; cmd type 1
11-12 11:08:43.733 D/tzdaemon( 632): [il] resolved full_name /vendor/tee/00000000- 0000-0000-0000-0053545354ab
11-12 11:08:43.733 I/tzdaemon( 632): [il] Found file:/vendor/tee/00000000-0000- 0000-0000-0053545354ab size:60334
11-12 11:08:43.733 I/tzdaemon( 632): [il] Created container shared memory 0x70ad637000 size 60334
11-12 11:08:43.733 D/tzdaemon( 632): [il] reply.image.buf_desc.size 60334; reply.image.buf_desc.id 3
11-12 11:08:43.733 D/tzdaemon( 632): [il] image_loader_event_loop(): going to send reply (72 bytes) to sfd:9
11-12 11:08:43.742 I/tzdaemon( 632): [il] name of requested image: 00000000-0000- 0000-0000-0053545354ab; cmd type 1
11-12 11:08:43.742 D/tzdaemon( 632): [il] resolved full_name /vendor/tee/00000000- 0000-0000-0000-0053545354ab
11-12 11:08:43.742 I/tzdaemon( 632): [il] Found file:/vendor/tee/00000000-0000- 0000-0000-0053545354ab size:60334
11-12 11:08:43.742 I/tzdaemon( 632): [il] Created container shared memory 0x70ad637000 size 60334
11-12 11:08:43.742 D/tzdaemon( 632): [il] reply.image.buf_desc.size 60334; reply.image.buf_desc.id 3
11-12 11:08:43.742 D/tzdaemon( 632): [il] image_loader_event_loop(): going to send reply (72 bytes) to sfd:9
11-12 11:08:43.742 I/keystore2( 643): keystore2_main: Starting thread pool now.
11-12 11:08:43.743 D/ProcessState( 643): Binder ioctl to enable oneway spam detection failed: Invalid argument
11-12 11:08:43.743 I/keystore2( 643): getDeviceHalManifest: Reading VINTF information.
11-12 11:08:43.746 I/tzdaemon( 632): [il] name of requested image: 00000000-0000- 0000-0000-0053545354ab; cmd type 1
11-12 11:08:43.746 D/tzdaemon( 632): [il] resolved full_name /vendor/tee/00000000- 0000-0000-0000-0053545354ab
11-12 11:08:43.746 I/tzdaemon( 632): [il] Found file:/vendor/tee/00000000-0000- 0000-0000-0053545354ab size:60334
11-12 11:08:43.746 I/tzdaemon( 632): [il] Created container shared memory 0x70ad637000 size 60334
11-12 11:08:43.746 D/tzdaemon( 632): [il] reply.image.buf_desc.size 60334; reply.image.buf_desc.id 3
11-12 11:08:43.746 D/tzdaemon( 632): [il] image_loader_event_loop(): going to send reply (72 bytes) to sfd:9
11-12 11:08:43.750 I/skeymaster4dev( 644): successfully load skeymaster
11-12 11:08:43.750 I/skeymaster4dev( 644): trying to get StrongBox keymaster
11-12 11:08:43.751 I/hwservicemanager( 584): Since android.hardware.keymaster@4.0::IKeymasterDevice/strongbox is not registered, trying to start it as a lazy HAL.
11-12 11:08:43.751 I/skeymaster4dev( 644): StrongBox keymaster is not registered yet, 1 th try
11-12 11:08:43.752 I/keystore2( 643): getDeviceHalManifest: Successfully processed VINTF information
11-12 11:08:43.752 I/keystore2( 643): keystore2::globals: In set_keymint_version 0
11-12 11:08:43.753 I/servicemanager( 583): Adding 'u:r:keystore:s0' service (android.security.compat:643)
11-12 11:08:43.753 D/hw-ProcessState( 643): Binder ioctl to enable oneway spam detection failed: Invalid argument
11-12 11:08:43.753 W/libc ( 584): Unable to set property "ctl.interface_start" to "android.hardware.keymaster@4.0::IKeymasterDevice/strongbox": error code: 0x20, try count : 1
11-12 11:08:43.754 I/hwservicemanager( 584): Since android.hardware.keymaster@4.0::IKeymasterDevice/strongbox is not registered, trying to start it as a lazy HAL.
11-12 11:08:43.754 I/hwservicemanager( 584): Since android.hardware.keymaster@4.0::IKeymasterDevice/default is not registered, trying to start it as a lazy HAL.
11-12 11:08:43.755 I/hwservicemanager( 584): Since android.hardware.keymaster@4.0::IKeymasterDevice/default is not registered, trying to start it as a lazy HAL.
11-12 11:08:43.755 I/HidlServiceManagement( 643): getService: Trying again for android.hardware.keymaster@4.0::IKeymasterDevice/default...
11-12 11:08:43.755 W/libc ( 584): Unable to set property "ctl.interface_start" to "android.hardware.keymaster@4.0::IKeymasterDevice/strongbox": error code: 0x20, try count : 2
11-12 11:08:43.756 W/libc ( 584): Unable to set property "ctl.interface_start" to "android.hardware.keymaster@4.0::IKeymasterDevice/strongbox": error code: 0x20, try count : 1
11-12 11:08:43.756 W/libc ( 584): Unable to set property "ctl.interface_start" to "android.hardware.keymaster@4.0::IKeymasterDevice/strongbox": error code: 0x20, try count : 1
11-12 11:08:43.756 I/hwservicemanager( 584): Since android.hardware.keymaster@4.0::IKeymasterDevice/strongbox is not registered, trying to start it as a lazy HAL.
11-12 11:08:43.756 W/libc ( 584): Unable to set property "ctl.interface_start" to "android.hardware.keymaster@4.0::IKeymasterDevice/strongbox": error code: 0x20, try count : 1
11-12 11:08:43.756 W/libc ( 584): Unable to set property "ctl.interface_start" to "android.hardware.keymaster@4.0::IKeymasterDevice/strongbox": error code: 0x20, try count : 3
11-12 11:08:43.757 I/hwservicemanager( 584): Tried to start android.hardware.keymaster@4.0::IKeymasterDevice/strongbox as a lazy service, but was unable to. Usually this happens when a service is not installed, but if the service is intended to be used as a lazy service, then it may be configured incorrectly.
11-12 11:08:43.757 W/libc ( 584): Unable to set property "ctl.interface_start" to "android.hardware.keymaster@4.0::IKeymasterDevice/strongbox": error code: 0x20, try count : 1
11-12 11:08:43.757 W/libc ( 584): Unable to set property "ctl.interface_start" to "android.hardware.keymaster@4.0::IKeymasterDevice/strongbox": error code: 0x20, try count : 2
11-12 11:08:43.757 W/libc ( 584): Unable to set property "ctl.interface_start" to "android.hardware.keymaster@4.0::IKeymasterDevice/strongbox": error code: 0x20, try count : 3
11-12 11:08:43.757 I/hwservicemanager( 584): Tried to start android.hardware.keymaster@4.0::IKeymasterDevice/strongbox as a lazy service, but was unable to. Usually this happens when a service is not installed, but if the service is intended to be used as a lazy service, then it may be configured incorrectly.
11-12 11:08:43.757 W/libc ( 584): Unable to set property "ctl.interface_start" to "android.hardware.keymaster@4.0::IKeymasterDevice/strongbox": error code: 0x20, try count : 1
11-12 11:08:43.757 W/libc ( 584): Unable to set property "ctl.interface_start" to "android.hardware.keymaster@4.0::IKeymasterDevice/strongbox": error code: 0x20, try count : 2
11-12 11:08:43.758 W/libc ( 584): Unable to set property "ctl.interface_start" to "android.hardware.keymaster@4.0::IKeymasterDevice/strongbox": error code: 0x20, try count : 3
11-12 11:08:43.758 I/hwservicemanager( 584): Tried to start android.hardware.keymaster@4.0::IKeymasterDevice/strongbox as a lazy service, but was unable to. Usually this happens when a service is not installed, but if the service is intended to be used as a lazy service, then it may be configured incorrectly.
11-12 11:08:43.759 I/hwservicemanager( 584): Since android.hardware.keymaster@4.0::IKeymasterDevice/strongbox is not registered, trying to start it as a lazy HAL.
11-12 11:08:43.759 W/libc ( 584): Unable to set property "ctl.interface_start" to "android.hardware.keymaster@4.0::IKeymasterDevice/strongbox": error code: 0x20, try count : 1
11-12 11:08:43.759 W/libc ( 584): Unable to set property "ctl.interface_start" to "android.hardware.keymaster@4.0::IKeymasterDevice/strongbox": error code: 0x20, try count : 2
11-12 11:08:43.760 W/libc ( 584): Unable to set property "ctl.interface_start" to "android.hardware.keymaster@4.0::IKeymasterDevice/strongbox": error code: 0x20, try count : 3
11-12 11:08:43.760 I/hwservicemanager( 584): Tried to start android.hardware.keymaster@4.0::IKeymasterDevice/strongbox as a lazy service, but was unable to. Usually this happens when a service is not installed, but if the service is intended to be used as a lazy service, then it may be configured incorrectly.
11-12 11:08:43.761 I/hwservicemanager( 584): Since android.hardware.keymaster@4.0::IKeymasterDevice/strongbox is not registered, trying to start it as a lazy HAL.
11-12 11:08:43.761 W/libc ( 584): Unable to set property "ctl.interface_start" to "android.hardware.keymaster@4.0::IKeymasterDevice/strongbox": error code: 0x20, try count : 1
11-12 11:08:43.762 W/libc ( 584): Unable to set property "ctl.interface_start" to "android.hardware.keymaster@4.0::IKeymasterDevice/strongbox": error code: 0x20, try count : 2
11-12 11:08:43.762 W/libc ( 584): Unable to set property "ctl.interface_start" to "android.hardware.keymaster@4.0::IKeymasterDevice/strongbox": error code: 0x20, try count : 3
11-12 11:08:43.762 I/hwservicemanager( 584): Tried to start android.hardware.keymaster@4.0::IKeymasterDevice/strongbox as a lazy service, but was unable to. Usually this happens when a service is not installed, but if the service is intended to be used as a lazy service, then it may be configured incorrectly.
11-12 11:08:43.763 I/hwservicemanager( 584): Since android.hardware.keymaster@4.0::IKeymasterDevice/strongbox is not registered, trying to start it as a lazy HAL.
11-12 11:08:43.764 W/libc ( 584): Unable to set property "ctl.interface_start" to "android.hardware.keymaster@4.0::IKeymasterDevice/strongbox": error code: 0x20, try count : 1
11-12 11:08:43.764 W/libc ( 584): Unable to set property "ctl.interface_start" to "android.hardware.keymaster@4.0::IKeymasterDevice/strongbox": error code: 0x20, try count : 2
11-12 11:08:43.764 W/libc ( 584): Unable to set property "ctl.interface_start" to "android.hardware.keymaster@4.0::IKeymasterDevice/strongbox": error code: 0x20, try count : 3
11-12 11:08:43.764 I/hwservicemanager( 584): Tried to start android.hardware.keymaster@4.0::IKeymasterDevice/strongbox as a lazy service, but was unable to. Usually this happens when a service is not installed, but if the service is intended to be used as a lazy service, then it may be configured incorrectly.
11-12 11:08:43.766 I/hwservicemanager( 584): Since android.hardware.keymaster@4.0::IKeymasterDevice/strongbox is not registered, trying to start it as a lazy HAL.
11-12 11:08:43.766 W/libc ( 584): Unable to set property "ctl.interface_start" to "android.hardware.keymaster@4.0::IKeymasterDevice/strongbox": error code: 0x20, try count : 1
11-12 11:08:43.766 W/libc ( 584): Unable to set property "ctl.interface_start" to "android.hardware.keymaster@4.0::IKeymasterDevice/strongbox": error code: 0x20, try count : 2
11-12 11:08:43.767 W/libc ( 584): Unable to set property "ctl.interface_start" to "android.hardware.keymaster@4.0::IKeymasterDevice/strongbox": error code: 0x20, try count : 3
11-12 11:08:43.767 I/hwservicemanager( 584): Tried to start android.hardware.keymaster@4.0::IKeymasterDevice/strongbox as a lazy service, but was unable to. Usually this happens when a service is not installed, but if the service is intended to be used as a lazy service, then it may be configured incorrectly.
11-12 11:08:43.768 I/hwservicemanager( 584): Since android.hardware.keymaster@4.0::IKeymasterDevice/strongbox is not registered, trying to start it as a lazy HAL.
11-12 11:08:43.768 W/libc ( 584): Unable to set property "ctl.interface_start" to "android.hardware.keymaster@4.0::IKeymasterDevice/strongbox": error code: 0x20, try count : 1
11-12 11:08:43.769 W/libc ( 584): Unable to set property "ctl.interface_start" to "android.hardware.keymaster@4.0::IKeymasterDevice/strongbox": error code: 0x20, try count : 2
11-12 11:08:43.769 W/libc ( 584): Unable to set property "ctl.interface_start" to "android.hardware.keymaster@4.0::IKeymasterDevice/strongbox": error code: 0x20, try count : 3
11-12 11:08:43.769 I/hwservicemanager( 584): Tried to start android.hardware.keymaster@4.0::IKeymasterDevice/strongbox as a lazy service, but was unable to. Usually this happens when a service is not installed, but if the service is intended to be used as a lazy service, then it may be configured incorrectly.
11-12 11:08:43.770 I/hwservicemanager( 584): Since android.hardware.keymaster@4.0::IKeymasterDevice/strongbox is not registered, trying to start it as a lazy HAL.
11-12 11:08:43.773 I/hwservicemanager( 584): Since android.hardware.keymaster@4.0::IKeymasterDevice/strongbox is not registered, trying to start it as a lazy HAL.
11-12 11:08:43.773 D/INSTHK ( 652): Version = Ver 1.0
11-12 11:08:43.774 I/HDCP2 ( 652): ==========================================
11-12 11:08:43.774 I/HDCP2 ( 652): | HDCP2 v3.82 |
11-12 11:08:43.774 I/HDCP2 ( 652): ==========================================
11-12 11:08:43.775 D/ProcessState( 652): Binder ioctl to enable oneway spam detection failed: Invalid argument
11-12 11:08:43.775 I/hwservicemanager( 584): Since android.hardware.keymaster@4.0::IKeymasterDevice/strongbox is not registered, trying to start it as a lazy HAL.
11-12 11:08:43.776 I/skeymaster4dev( 644): StrongBox keymaster is not registered yet, 11 th try
11-12 11:08:43.778 I/hwservicemanager( 584): Since android.hardware.keymaster@4.0::IKeymasterDevice/strongbox is not registered, trying to start it as a lazy HAL.
11-12 11:08:43.778 D/libmdf ( 669): libmdf v3.0.0.0 On 64bit PLATFORM
11-12 11:08:43.779 I/hwservicemanager( 584): getTransport: Cannot find entry android.hardware.boot@1.0::IBootControl/default in either framework or device VINTF manifest.
11-12 11:08:43.780 I/HDCP2 ( 652): USE HDCP GOOGLE STACK
11-12 11:08:43.780 I/HDCP2 ( 652): HDCP2.1 Factory Loaded
11-12 11:08:43.780 D/INSTHK ( 652): CMD_VERIFICATION
11-12 11:08:43.781 I/hwservicemanager( 584): Since android.hardware.keymaster@4.0::IKeymasterDevice/strongbox is not registered, trying to start it as a lazy HAL.
11-12 11:08:43.781 D/INSTHK ( 652): H Checked...
11-12 11:08:43.782 I/HDCP2 ( 652): Closed
11-12 11:08:43.783 I/hwservicemanager( 584): Since android.hardware.keymaster@4.0::IKeymasterDevice/strongbox is not registered, trying to start it as a lazy HAL.
11-12 11:08:43.786 I/hwservicemanager( 584): Since android.hardware.keymaster@4.0::IKeymasterDevice/strongbox is not registered, trying to start it as a lazy HAL.
11-12 11:08:43.787 D/libmdf ( 674): libmdf v3.0.0.0 On 64bit PLATFORM
11-12 11:08:43.787 D/vold ( 599): fscrypt_mount_metadata_encrypted: /data encrypt: 0 format: 0 with null
11-12 11:08:43.787 I/MetadataCrypt( 599): read_key
11-12 11:08:43.787 D/vold ( 599): metadata_key_dir/key: /metadata/vold/metadata_encryption/key
11-12 11:08:43.787 I/MetadataCrypt( 599): read_key ++ dir : /metadata/vold/metadata_encryption/key
11-12 11:08:43.787 D/vold ( 599): backup key_dir/key: /keyrefuge/metadata_encryption/key
11-12 11:08:43.788 E/KeyStorage( 599): retrieveKey : /metadata/vold/metadata_encryption/key
11-12 11:08:43.788 I/hwservicemanager( 584): Since android.hardware.keymaster@4.0::IKeymasterDevice/strongbox is not registered, trying to start it as a lazy HAL.
11-12 11:08:43.789 I/servicemanager( 583): Since 'android.system.keystore2.IKeystoreService/default' could not be found, trying to start it as a lazy AIDL service
11-12 11:08:43.791 I/hwservicemanager( 584): Since android.hardware.keymaster@4.0::IKeymasterDevice/strongbox is not registered, trying to start it as a lazy HAL.
11-12 11:08:43.793 I/hwservicemanager( 584): Since android.hardware.keymaster@4.0::IKeymasterDevice/strongbox is not registered, trying to start it as a lazy HAL.
11-12 11:08:43.795 I/hwservicemanager( 584): Since android.hardware.keymaster@4.0::IKeymasterDevice/strongbox is not registered, trying to start it as a lazy HAL.
11-12 11:08:43.798 I/hwservicemanager( 584): Since android.hardware.keymaster@4.0::IKeymasterDevice/strongbox is not registered, trying to start it as a lazy HAL.
11-12 11:08:43.800 I/hwservicemanager( 584): Since android.hardware.keymaster@4.0::IKeymasterDevice/strongbox is not registered, trying to start it as a lazy HAL.
11-12 11:08:43.800 I/skeymaster4dev( 644): StrongBox keymaster is not registered yet, 21 th try
11-12 11:08:43.803 I/hwservicemanager( 584): Since android.hardware.keymaster@4.0::IKeymasterDevice/strongbox is not registered, trying to start it as a lazy HAL.
11-12 11:08:43.805 I/hwservicemanager( 584): Since android.hardware.keymaster@4.0::IKeymasterDevice/strongbox is not registered, trying to start it as a lazy HAL.
11-12 11:08:43.807 I/hwservicemanager( 584): Since android.hardware.keymaster@4.0::IKeymasterDevice/strongbox is not registered, trying to start it as a lazy HAL.
11-12 11:08:43.810 I/hwservicemanager( 584): Since android.hardware.keymaster@4.0::IKeymasterDevice/strongbox is not registered, trying to start it as a lazy HAL.
11-12 11:08:43.812 I/hwservicemanager( 584): Since android.hardware.keymaster@4.0::IKeymasterDevice/strongbox is not registered, trying to start it as a lazy HAL.
11-12 11:08:43.815 I/hwservicemanager( 584): Since android.hardware.keymaster@4.0::IKeymasterDevice/strongbox is not registered, trying to start it as a lazy HAL.
11-12 11:08:43.816 I/StrongBox( 645): StrongBox: ssp_hwctl_enable done. refcount(1)
11-12 11:08:43.816 I/StrongBox( 645): StrongBox: ssp_hwctl_enable done. refcount(2)
11-12 11:08:43.817 I/hwservicemanager( 584): Since android.hardware.keymaster@4.0::IKeymasterDevice/strongbox is not registered, trying to start it as a lazy HAL.
11-12 11:08:43.819 I/hwservicemanager( 584): Since android.hardware.keymaster@4.0::IKeymasterDevice/strongbox is not registered, trying to start it as a lazy HAL.
11-12 11:08:43.822 I/hwservicemanager( 584): Since android.hardware.keymaster@4.0::IKeymasterDevice/strongbox is not registered, trying to start it as a lazy HAL.
11-12 11:08:43.824 I/hwservicemanager( 584): Since android.hardware.keymaster@4.0::IKeymasterDevice/strongbox is not registered, trying to start it as a lazy HAL.
11-12 11:08:43.824 I/skeymaster4dev( 644): StrongBox keymaster is not registered yet, 31 th try
11-12 11:08:43.827 I/hwservicemanager( 584): Since android.hardware.keymaster@4.0::IKeymasterDevice/strongbox is not registered, trying to start it as a lazy HAL.
11-12 11:08:43.829 I/hwservicemanager( 584): Since android.hardware.keymaster@4.0::IKeymasterDevice/strongbox is not registered, trying to start it as a lazy HAL.
11-12 11:08:43.830 I/StrongBox( 645): StrongBox: ssp_hwctl_disable done. refcount(1)
11-12 11:08:43.830 I/StrongboxKeymaster4DeviceImpl( 645): StrongBox: ssp_init_ipc is done
11-12 11:08:43.830 I/StrongboxKeymaster4DeviceImpl( 645): StrongBox: os_version:120000, os_patchlevel:202210, vendor_patchlevel:20221001
11-12 11:08:43.830 I/StrongBox( 645): StrongBox: ssp_hwctl_enable done. refcount(2)
11-12 11:08:43.831 I/hwservicemanager( 584): Since android.hardware.keymaster@4.0::IKeymasterDevice/strongbox is not registered, trying to start it as a lazy HAL.
11-12 11:08:43.834 I/hwservicemanager( 584): Since android.hardware.keymaster@4.0::IKeymasterDevice/strongbox is not registered, trying to start it as a lazy HAL.
11-12 11:08:43.836 I/hwservicemanager( 584): Since android.hardware.keymaster@4.0::IKeymasterDevice/strongbox is not registered, trying to start it as a lazy HAL.
11-12 11:08:43.839 I/hwservicemanager( 584): Since android.hardware.keymaster@4.0::IKeymasterDevice/strongbox is not registered, trying to start it as a lazy HAL.
11-12 11:08:43.840 I/StrongBox( 645): StrongBox: ssp_hwctl_disable done. refcount(1)
11-12 11:08:43.840 I/StrongboxKeymaster4DeviceImpl( 645): StrongBox: ssp_send_system_version is done
11-12 11:08:43.841 I/hwservicemanager( 584): Since android.hardware.keymaster@4.0::IKeymasterDevice/strongbox is not registered, trying to start it as a lazy HAL.
11-12 11:08:43.844 I/hwservicemanager( 584): Since android.hardware.keymaster@4.0::IKeymasterDevice/strongbox is not registered, trying to start it as a lazy HAL.
11-12 11:08:43.846 I/hwservicemanager( 584): Since android.hardware.keymaster@4.0::IKeymasterDevice/strongbox is not registered, trying to start it as a lazy HAL.
11-12 11:08:43.848 I/StrongBox( 645): StrongBox: ssp_hwctl_disable done. refcount(0)
11-12 11:08:43.848 W/android.hardware.keymaster@4.0_strongbox-service( 645): Successfully generated StrongboxKeymaster 4.0
11-12 11:08:43.848 I/HidlServiceManagement( 645): Registered android.hardware.keymaster@4.0::IKeymasterDevice/strongbox
11-12 11:08:43.849 I/HidlServiceManagement( 645): Removing namespace from process name android.hardware.keymaster@4.0_strongbox-service to keymaster@4.0_strongbox- service.
11-12 11:08:43.849 W/android.hardware.keymaster@4.0_strongbox-service( 645): Successfully registered service for StrongboxKeymaster 4.0 (0)
11-12 11:08:43.849 I/skeymaster4dev( 644): successfully get StrongBox keymaster
11-12 11:08:43.849 W/android.hardware.keymaster@4.0-service( 644): Successfully generated hw keymater 4.0
11-12 11:08:43.849 I/HidlServiceManagement( 644): Registered android.hardware.keymaster@4.0::IKeymasterDevice/default
11-12 11:08:43.849 I/HidlServiceManagement( 644): Removing namespace from process name android.hardware.keymaster@4.0-service to keymaster@4.0-service.
11-12 11:08:43.849 W/android.hardware.keymaster@4.0-service( 644): Successfully registered service for Keymaster 4.0 (0)
11-12 11:08:43.850 I/hw-BpHwBinder( 584): onLastStrongRef automatically unlinking death recipients
11-12 11:08:43.850 I/keystore2( 643): found android.hardware.keymaster@4.0::IKeymasterDevice with interface name default and seclevel TRUSTED_ENVIRONMENT
11-12 11:08:43.850 I/keystore2( 643): found android.hardware.keymaster@4.0::IKeymasterDevice with interface name strongbox and seclevel STRONGBOX
11-12 11:08:43.853 I/servicemanager( 583): Found android.system.keystore2.IKeystoreService/default in framework VINTF manifest.
11-12 11:08:43.853 I/servicemanager( 583): Adding 'u:r:keystore:s0' service (android.system.keystore2.IKeystoreService/default:643)
11-12 11:08:43.853 I/servicemanager( 583): Adding 'u:r:keystore:s0' service (android.security.apc:643)
11-12 11:08:43.853 I/BpBinder( 583): onLastStrongRef automatically unlinking death recipients: <uncached descriptor>
11-12 11:08:43.854 I/servicemanager( 583): Adding 'u:r:keystore:s0' service (android.security.authorization:643)
11-12 11:08:43.854 I/servicemanager( 583): Adding 'u:r:keystore:s0' service (android.security.maintenance:643)
11-12 11:08:43.854 I/servicemanager( 583): Adding 'u:r:keystore:s0' service (android.security.metrics:643)
11-12 11:08:43.854 I/servicemanager( 583): Adding 'u:r:keystore:s0' service (android.security.legacykeystore:643)
11-12 11:08:43.854 I/servicemanager( 583): Adding 'u:r:keystore:s0' service (android.security.samsungattestation:643)
11-12 11:08:43.854 I/SELinux ( 643): SELinux: Loaded keystore2_key_contexts from:
11-12 11:08:43.854 I/SELinux ( 643): /system/etc/selinux/plat_keystore2_key_contexts
11-12 11:08:43.854 I/keystore2( 643): samsung_attestation: Successfully started Samsung Keystore service.
11-12 11:08:43.854 I/keystore2( 643): keystore2_main: Successfully registered Keystore 2.0 service.
11-12 11:08:43.854 I/keystore2( 643): keystore2_main: Joining thread pool now.
11-12 11:08:43.855 I/keystore2/km_compat( 643): !@ convertKeyParametersToLegacy : KM_TAG_SAMSUNG_ROT_REQUIRED = 10
11-12 11:08:43.877 W/keymaster_tee( 644): [WRN]begin req PARAMS: B32 P1
11-12 11:08:43.878 I/android.hardware.keymaster@4.0-impl_strong( 645): StrongBox: hardware/samsung_slsi/exynos/ssp/strongbox_keymaster/strongbox_device/ StrongboxKeymaster4Device.cpp: getHmacSharingParameters: 264
11-12 11:08:43.878 I/keystore2( 643): keystore2::security_level: In create_operation. Success to create IKeystoreOperation. 0, None
11-12 11:08:43.880 E/KeyStorage( 599): getRotStr rot value : 00010022defff599279ee456bbae21e6
11-12 11:08:43.881 E/KeyStorage( 599): retrieveKey success : /metadata/vold/metadata_encryption/key
11-12 11:08:43.881 I/MetadataCrypt( 599): create_crypto_blk_dev
11-12 11:08:43.882 I/MetadataCrypt( 599): create_crypto_blk_dev ++
11-12 11:08:43.896 I/StrongBox( 645): StrongBox: ssp_hwctl_enable done. refcount(1)
11-12 11:08:43.903 I/MetadataCrypt( 599): create_crypto_blk_dev --
11-12 11:08:43.903 D/vold ( 599): Mounting metadata-encrypted filesystem:/data
11-12 11:08:43.903 I/MetadataCrypt( 599): Mounting metadata-encrypted filesystem : /data
11-12 11:08:43.903 I/MetadataCrypt( 599): fs_mgr_do_mount ++
11-12 11:08:43.911 I/vold ( 599): [libfs_mgr]Running /system/bin/fsck.f2fs -a - c 10000 --debug-cache -L data /dev/block/dm-10
11-12 11:08:43.919 I/StrongBox( 645): StrongBox: ssp_hwctl_disable done. refcount(0)
11-12 11:08:43.947 W/keymaster_tee( 644): [WRN]Already connected to TA
11-12 11:08:43.947 W/keymaster_tee( 644): [WRN]Cannot open file: /mnt/vendor/efs/DAK/sgakkeybox
11-12 11:08:43.948 I/android.hardware.keymaster@4.0-impl_strong( 645): StrongBox: hardware/samsung_slsi/exynos/ssp/strongbox_keymaster/strongbox_device/ StrongboxKeymaster4Device.cpp: computeSharedHmac: 281
11-12 11:08:43.966 I/StrongBox( 645): StrongBox: ssp_hwctl_enable done. refcount(1)
11-12 11:08:43.984 I/StrongBox( 645): StrongBox: ssp_hwctl_disable done. refcount(0)
11-12 11:08:43.985 I/keystore2( 643): keystore2::shared_secret_negotiation: Shared secret negotiation concluded successfully.
11-12 11:08:44.823 D/io_stats( 628): !@ 8,0 r 12404 553188 w 105 432 d 3 12 f 0 0 iot 2164 0 th 0 0 0 pt 0 inp 0 1 7.554
11-12 11:08:46.823 D/io_stats( 628): !@ 8,0 r 53352 728736 w 105 432 d 3 12 f 0 0 iot 4164 0 th 0 0 0 pt 0 inp 0 1 9.555
11-12 11:08:46.823 D/io_stats( 628): !@ MemInfo(KB): total 7374108 free 5912636 avail 5756200 actv(f) 169540 inactv(f) 539392 dirty 0 wb 0 anonpg 95072 slab 210012
11-12 11:08:46.823 D/io_stats( 628): !@ Read_top(KB): fsck.f2fs(706) 347020 init(569) 16104 init(643) 4260
11-12 11:08:46.823 D/io_stats( 628): !@ Write_top(KB): init(652) 36 kworker/u16:0(7) 12 jbd2/sdd1-8(615) 8
11-12 11:08:48.824 D/io_stats( 628): !@ 8,0 r 120541 1004964 w 105 432 d 3 12 f 0 0 iot 6168 0 th 0 0 0 pt 0 inp 0 31 11.556
11-12 11:08:48.824 D/io_stats( 628): !@ DiskUsage: /data 99.58 % used (6077 MB/ 6102 MB)
11-12 11:08:50.824 D/io_stats( 628): !@ 8,0 r 173494 1224396 w 105 432 d 3 12 f 0 0 iot 8164 0 th 0 0 0 pt 0 inp 0 0 13.556
11-12 11:08:50.824 D/io_stats( 628): !@ Read_top(KB): fsck.f2fs(706) 495572
11-12 11:08:52.824 D/io_stats( 628): !@ 8,0 r 223310 1434404 w 105 432 d 3 12 f 0 0 iot 10164 0 th 0 0 0 pt 0 inp 0 0 15.556
11-12 11:08:52.825 D/io_stats( 628): !@ MemInfo(KB): total 7374108 free 5181972 avail 5734600 actv(f) 195516 inactv(f) 1219712 dirty 0 wb 0 anonpg 96788 slab 213196
11-12 11:08:54.381 I/keystore2( 643): keystore2::watchdog: Watchdog thread idle -> terminating. Have a great day.
11-12 11:08:54.825 D/io_stats( 628): !@ 8,0 r 249559 1559664 w 105 432 d 3 12 f 0 0 iot 12160 0 th 0 0 0 pt 0 inp 0 2 17.557
11-12 11:08:54.825 D/io_stats( 628): !@ Read_top(KB): fsck.f2fs(706) 335120
11-12 11:08:56.826 D/io_stats( 628): !@ 8,0 r 277081 1683132 w 105 432 d 3 12 f 0 0 iot 14128 0 th 0 0 0 pt 0 inp 0 0 19.558
11-12 11:08:58.826 D/io_stats( 628): !@ 8,0 r 301451 1797276 w 105 432 d 3 12 f 0 0 iot 15996 0 th 0 0 0 pt 0 inp 0 0 21.558
11-12 11:08:58.826 D/io_stats( 628): !@ MemInfo(KB): total 7374108 free 4822376 avail 5738232 actv(f) 205308 inactv(f) 1572668 dirty 0 wb 0 anonpg 97420 slab 213708
