11-12 11:08:58.826 D/io_stats( 628): !@ Read_top(KB): fsck.f2fs(706) 237496
11-12 11:09:00.827 D/io_stats( 628): !@ 8,0 r 328418 1917752 w 114 460 d 3 12 f 0 0 iot 17680 0 th 0 0 0 pt 0 inp 0 1 23.559
11-12 11:09:02.827 D/io_stats( 628): !@ 8,0 r 343141 2091556 w 2043 65572 d 3 12 f 0 0 iot 19680 0 th 0 0 0 pt 0 inp 0 3 25.559
11-12 11:09:02.827 D/io_stats( 628): !@ Read_top(KB): fsck.f2fs(706) 116164 Binder:599_2(599) 61120
11-12 11:09:02.827 D/io_stats( 628): !@ Write_top(KB): Binder:599_2(599) 65100 fsck.f2fs(706) 4
11-12 11:09:04.828 D/io_stats( 628): !@ 8,0 r 374388 3008164 w 2043 65572 d 3 12 f 0 0 iot 21684 0 th 0 0 0 pt 0 inp 0 4 27.560
11-12 11:09:04.828 D/io_stats( 628): !@ MemInfo(KB): total 7374108 free 6157104 avail 5788072 actv(f) 57880 inactv(f) 433692 dirty 6556 wb 0 anonpg 33184 slab 223520
11-12 11:09:06.829 D/io_stats( 628): !@ 8,0 r 405508 3921004 w 2043 65572 d 3 12 f 0 0 iot 23684 0 th 0 0 0 pt 0 inp 0 1 29.561
11-12 11:09:06.829 D/io_stats( 628): !@ Read_top(KB): Binder:599_2(599) 249476
11-12 11:09:08.829 D/io_stats( 628): !@ 8,0 r 435904 4812620 w 2043 65572 d 3 12 f 0 0 iot 25684 0 th 0 0 0 pt 0 inp 0 3 31.561
11-12 11:09:10.830 D/io_stats( 628): !@ 8,0 r 465945 5693756 w 2043 65572 d 3 12 f 0 0 iot 27684 0 th 0 0 0 pt 0 inp 0 2 33.562
11-12 11:09:10.831 D/io_stats( 628): !@ MemInfo(KB): total 7374108 free 6156612 avail 5788032 actv(f) 58080 inactv(f) 433732 dirty 6640 wb 0 anonpg 33076 slab 224000
11-12 11:09:10.831 D/io_stats( 628): !@ Read_top(KB): Binder:599_2(599) 241776
11-12 11:09:12.831 D/io_stats( 628): !@ 8,0 r 495670 6565756 w 2043 65572 d 3 12 f 0 0 iot 29684 0 th 0 0 0 pt 0 inp 0 2 35.563
11-12 11:09:14.832 D/io_stats( 628): !@ 8,0 r 525202 7432028 w 2043 65572 d 3 12 f 0 0 iot 31688 0 th 0 0 0 pt 0 inp 0 1 37.564
11-12 11:09:14.832 D/io_stats( 628): !@ Read_top(KB): Binder:599_2(599) 237024
11-12 11:09:15.919 I/vold ( 599): [libfs_mgr]__mount(source=/dev/block/dm- 10,target=/data,type=f2fs)=0: Success
11-12 11:09:15.919 I/vold ( 599): [libfs_mgr]__mount return 0(source=dm- 10,target=/data,type=f2fs,flags=406,options=discard,usrquota,grpquota,fsync_mode=no barrier,reserve_root=32768,resgid=5678,inlinecrypt,checkpoint=disable:0%): Success
11-12 11:09:15.919 E/vold ( 599): [libfs_mgr]restorecon_sec_sysfsERROR readlink :/dev/block/dm-10
11-12 11:09:15.920 I/vold ( 599): [libfs_mgr]bootc_offset_sec_sysfssetting bootc_offset to 16782 secs for fsck
11-12 11:09:15.920 I/MetadataCrypt( 599): fs_mgr_do_mount --
11-12 11:09:15.920 D/vold ( 599): Mounted /data
11-12 11:09:15.920 I/MetadataCrypt( 599): Mounted
11-12 11:09:15.920 I/MetadataCrypt( 599): fscrypt_mount_metadata_encrypted ---
11-12 11:09:15.921 D/vold ( 599): Disk at 253:10 changed
11-12 11:09:15.922 W/libc ( 1): Unable to set property "ro.crypto.type" to "file": error code: 0xb, try count : 1
11-12 11:09:15.922 W/libc ( 1): Unable to set property "ro.crypto.type" to "file": error code: 0xb, try count : 2
11-12 11:09:15.923 W/libc ( 1): Unable to set property "ro.crypto.type" to "file": error code: 0xb, try count : 3
11-12 11:09:15.928 W/libc ( 584): Unable to set property "ctl.interface_start" to "android.hardware.keymaster@4.0::IKeymasterDevice/strongbox": error code: 0x20, try count : 1
11-12 11:09:15.932 W/libc ( 584): Unable to set property "ctl.interface_start" to "android.hardware.keymaster@4.0::IKeymasterDevice/strongbox": error code: 0x20, try count : 2
11-12 11:09:15.933 W/libc ( 584): Unable to set property "ctl.interface_start" to "android.hardware.keymaster@4.0::IKeymasterDevice/strongbox": error code: 0x20, try count : 3
11-12 11:09:15.933 I/hwservicemanager( 584): Tried to start android.hardware.keymaster@4.0::IKeymasterDevice/strongbox as a lazy service, but was unable to. Usually this happens when a service is not installed, but if the service is intended to be used as a lazy service, then it may be configured incorrectly.
11-12 11:09:15.933 W/libc ( 584): Unable to set property "ctl.interface_start" to "android.hardware.keymaster@4.0::IKeymasterDevice/strongbox": error code: 0x20, try count : 1
11-12 11:09:15.933 W/libc ( 584): Unable to set property "ctl.interface_start" to "android.hardware.keymaster@4.0::IKeymasterDevice/strongbox": error code: 0x20, try count : 2
11-12 11:09:15.934 W/libc ( 584): Unable to set property "ctl.interface_start" to "android.hardware.keymaster@4.0::IKeymasterDevice/strongbox": error code: 0x20, try count : 3
11-12 11:09:15.934 I/hwservicemanager( 584): Tried to start android.hardware.keymaster@4.0::IKeymasterDevice/strongbox as a lazy service, but was unable to. Usually this happens when a service is not installed, but if the service is intended to be used as a lazy service, then it may be configured incorrectly.
11-12 11:09:15.934 W/libc ( 584): Unable to set property "ctl.interface_start" to "android.hardware.keymaster@4.0::IKeymasterDevice/strongbox": error code: 0x20, try count : 1
11-12 11:09:15.934 W/libc ( 584): Unable to set property "ctl.interface_start" to "android.hardware.keymaster@4.0::IKeymasterDevice/strongbox": error code: 0x20, try count : 2
11-12 11:09:15.935 W/libc ( 583): Unable to set property "ctl.interface_start" to "aidl/android.system.keystore2.IKeystoreService/default": error code: 0x20, try count : 1
11-12 11:09:15.935 W/libc ( 584): Unable to set property "ctl.interface_start" to "android.hardware.keymaster@4.0::IKeymasterDevice/strongbox": error code: 0x20, try count : 3
11-12 11:09:15.935 I/hwservicemanager( 584): Tried to start android.hardware.keymaster@4.0::IKeymasterDevice/strongbox as a lazy service, but was unable to. Usually this happens when a service is not installed, but if the service is intended to be used as a lazy service, then it may be configured incorrectly.
11-12 11:09:15.936 W/libc ( 584): Unable to set property "ctl.interface_start" to "android.hardware.keymaster@4.0::IKeymasterDevice/strongbox": error code: 0x20, try count : 1
11-12 11:09:15.936 W/libc ( 584): Unable to set property "ctl.interface_start" to "android.hardware.keymaster@4.0::IKeymasterDevice/strongbox": error code: 0x20, try count : 2
11-12 11:09:15.940 W/libc ( 584): Unable to set property "ctl.interface_start" to "android.hardware.keymaster@4.0::IKeymasterDevice/strongbox": error code: 0x20, try count : 3
11-12 11:09:15.941 I/hwservicemanager( 584): Tried to start android.hardware.keymaster@4.0::IKeymasterDevice/strongbox as a lazy service, but was unable to. Usually this happens when a service is not installed, but if the service is intended to be used as a lazy service, then it may be configured incorrectly.
11-12 11:09:15.942 W/libc ( 584): Unable to set property "ctl.interface_start" to "android.hardware.keymaster@4.0::IKeymasterDevice/strongbox": error code: 0x20, try count : 1
11-12 11:09:15.943 F/PA_DAEMON( 712): [PrintVersion:437] Version: PA_Daemon,teegris,version_2.4.3,release,dpi
11-12 11:09:15.944 W/libc ( 584): Unable to set property "ctl.interface_start" to "android.hardware.keymaster@4.0::IKeymasterDevice/strongbox": error code: 0x20, try count : 2
11-12 11:09:15.949 W/libc ( 584): Unable to set property "ctl.interface_start" to "android.hardware.keymaster@4.0::IKeymasterDevice/strongbox": error code: 0x20, try count : 3
11-12 11:09:15.949 I/hwservicemanager( 584): Tried to start android.hardware.keymaster@4.0::IKeymasterDevice/strongbox as a lazy service, but was unable to. Usually this happens when a service is not installed, but if the service is intended to be used as a lazy service, then it may be configured incorrectly.
11-12 11:09:15.950 W/libc ( 584): Unable to set property "ctl.interface_start" to "android.hardware.keymaster@4.0::IKeymasterDevice/strongbox": error code: 0x20, try count : 1
11-12 11:09:15.951 W/libc ( 584): Unable to set property "ctl.interface_start" to "android.hardware.keymaster@4.0::IKeymasterDevice/strongbox": error code: 0x20, try count : 2
11-12 11:09:15.952 I/vaultkeeper( 713): firing up. VaultKeeper.
11-12 11:09:15.954 I/HidlServiceManagement( 714): Registered vendor.samsung.hardware.security.vaultkeeper@2.0::ISehVaultKeeper/default
11-12 11:09:15.954 I/HidlServiceManagement( 714): Removing namespace from process name vendor.samsung.hardware.security.vaultkeeper@2.0-service to vaultkeeper@2.0- service.
11-12 11:09:15.954 I/vendor.samsung.hardware.security.vaultkeeper@2.0- service( 714): vaultkeeper_hal service is started
11-12 11:09:15.955 W/libc ( 584): Unable to set property "ctl.interface_start" to "android.hardware.keymaster@4.0::IKeymasterDevice/strongbox": error code: 0x20, try count : 3
11-12 11:09:15.955 I/hwservicemanager( 584): Tried to start android.hardware.keymaster@4.0::IKeymasterDevice/strongbox as a lazy service, but was unable to. Usually this happens when a service is not installed, but if the service is intended to be used as a lazy service, then it may be configured incorrectly.
11-12 11:09:15.957 I/STORK_BIRD( 715): [Server] Storkbird version 1.0.3 start!!!
11-12 11:09:15.958 W/libc ( 584): Unable to set property "ctl.interface_start" to "android.hardware.keymaster@4.0::IKeymasterDevice/strongbox": error code: 0x20, try count : 1
11-12 11:09:15.959 W/libc ( 584): Unable to set property "ctl.interface_start" to "android.hardware.keymaster@4.0::IKeymasterDevice/strongbox": error code: 0x20, try count : 2
11-12 11:09:15.959 W/libc ( 584): Unable to set property "ctl.interface_start" to "android.hardware.keymaster@4.0::IKeymasterDevice/strongbox": error code: 0x20, try count : 3
11-12 11:09:15.959 I/hwservicemanager( 584): Tried to start android.hardware.keymaster@4.0::IKeymasterDevice/strongbox as a lazy service, but was unable to. Usually this happens when a service is not installed, but if the service is intended to be used as a lazy service, then it may be configured incorrectly.
11-12 11:09:15.960 W/libc ( 584): Unable to set property "ctl.interface_start" to "android.hardware.keymaster@4.0::IKeymasterDevice/strongbox": error code: 0x20, try count : 1
11-12 11:09:15.960 W/libc ( 584): Unable to set property "ctl.interface_start" to "android.hardware.keymaster@4.0::IKeymasterDevice/strongbox": error code: 0x20, try count : 2
11-12 11:09:15.960 W/libc ( 584): Unable to set property "ctl.interface_start" to "android.hardware.keymaster@4.0::IKeymasterDevice/strongbox": error code: 0x20, try count : 3
11-12 11:09:15.960 I/hwservicemanager( 584): Tried to start android.hardware.keymaster@4.0::IKeymasterDevice/strongbox as a lazy service, but was unable to. Usually this happens when a service is not installed, but if the service is intended to be used as a lazy service, then it may be configured incorrectly.
11-12 11:09:15.961 W/libc ( 584): Unable to set property "ctl.interface_start" to "android.hardware.keymaster@4.0::IKeymasterDevice/strongbox": error code: 0x20, try count : 1
11-12 11:09:15.961 W/libc ( 584): Unable to set property "ctl.interface_start" to "android.hardware.keymaster@4.0::IKeymasterDevice/strongbox": error code: 0x20, try count : 2
11-12 11:09:15.961 W/libc ( 584): Unable to set property "ctl.interface_start" to "android.hardware.keymaster@4.0::IKeymasterDevice/strongbox": error code: 0x20, try count : 3
11-12 11:09:15.961 I/hwservicemanager( 584): Tried to start android.hardware.keymaster@4.0::IKeymasterDevice/strongbox as a lazy service, but was unable to. Usually this happens when a service is not installed, but if the service is intended to be used as a lazy service, then it may be configured incorrectly.
11-12 11:09:15.962 W/libc ( 584): Unable to set property "ctl.interface_start" to "android.hardware.keymaster@4.0::IKeymasterDevice/strongbox": error code: 0x20, try count : 1
11-12 11:09:15.962 W/libc ( 584): Unable to set property "ctl.interface_start" to "android.hardware.keymaster@4.0::IKeymasterDevice/strongbox": error code: 0x20, try count : 2
11-12 11:09:15.962 W/libc ( 584): Unable to set property "ctl.interface_start" to "android.hardware.keymaster@4.0::IKeymasterDevice/strongbox": error code: 0x20, try count : 3
11-12 11:09:15.962 I/hwservicemanager( 584): Tried to start android.hardware.keymaster@4.0::IKeymasterDevice/strongbox as a lazy service, but was unable to. Usually this happens when a service is not installed, but if the service is intended to be used as a lazy service, then it may be configured incorrectly.
11-12 11:09:15.962 W/libc ( 584): Unable to set property "ctl.interface_start" to "android.hardware.keymaster@4.0::IKeymasterDevice/strongbox": error code: 0x20, try count : 1
11-12 11:09:15.963 W/libc ( 584): Unable to set property "ctl.interface_start" to "android.hardware.keymaster@4.0::IKeymasterDevice/strongbox": error code: 0x20, try count : 2
11-12 11:09:15.963 W/libc ( 584): Unable to set property "ctl.interface_start" to "android.hardware.keymaster@4.0::IKeymasterDevice/strongbox": error code: 0x20, try count : 3
11-12 11:09:15.963 I/hwservicemanager( 584): Tried to start android.hardware.keymaster@4.0::IKeymasterDevice/strongbox as a lazy service, but was unable to. Usually this happens when a service is not installed, but if the service is intended to be used as a lazy service, then it may be configured incorrectly.
11-12 11:09:15.963 W/libc ( 584): Unable to set property "ctl.interface_start" to "android.hardware.keymaster@4.0::IKeymasterDevice/strongbox": error code: 0x20, try count : 1
11-12 11:09:15.964 W/libc ( 584): Unable to set property "ctl.interface_start" to "android.hardware.keymaster@4.0::IKeymasterDevice/strongbox": error code: 0x20, try count : 2
11-12 11:09:15.964 W/libc ( 584): Unable to set property "ctl.interface_start" to "android.hardware.keymaster@4.0::IKeymasterDevice/strongbox": error code: 0x20, try count : 3
11-12 11:09:15.964 I/hwservicemanager( 584): Tried to start android.hardware.keymaster@4.0::IKeymasterDevice/strongbox as a lazy service, but was unable to. Usually this happens when a service is not installed, but if the service is intended to be used as a lazy service, then it may be configured incorrectly.
11-12 11:09:15.964 W/libc ( 584): Unable to set property "ctl.interface_start" to "android.hardware.keymaster@4.0::IKeymasterDevice/strongbox": error code: 0x20, try count : 1
11-12 11:09:15.965 W/libc ( 584): Unable to set property "ctl.interface_start" to "android.hardware.keymaster@4.0::IKeymasterDevice/strongbox": error code: 0x20, try count : 2
11-12 11:09:15.965 W/libc ( 583): Unable to set property "ctl.interface_start" to "aidl/android.system.keystore2.IKeystoreService/default": error code: 0x20, try count : 2
11-12 11:09:15.965 W/libc ( 584): Unable to set property "ctl.interface_start" to "android.hardware.keymaster@4.0::IKeymasterDevice/strongbox": error code: 0x20, try count : 3
11-12 11:09:15.965 I/hwservicemanager( 584): Tried to start android.hardware.keymaster@4.0::IKeymasterDevice/strongbox as a lazy service, but was unable to. Usually this happens when a service is not installed, but if the service is intended to be used as a lazy service, then it may be configured incorrectly.
11-12 11:09:15.966 W/libc ( 584): Unable to set property "ctl.interface_start" to "android.hardware.keymaster@4.0::IKeymasterDevice/strongbox": error code: 0x20, try count : 1
11-12 11:09:15.966 W/libc ( 584): Unable to set property "ctl.interface_start" to "android.hardware.keymaster@4.0::IKeymasterDevice/strongbox": error code: 0x20, try count : 2
11-12 11:09:15.966 W/libc ( 584): Unable to set property "ctl.interface_start" to "android.hardware.keymaster@4.0::IKeymasterDevice/strongbox": error code: 0x20, try count : 3
11-12 11:09:15.966 I/hwservicemanager( 584): Tried to start android.hardware.keymaster@4.0::IKeymasterDevice/strongbox as a lazy service, but was unable to. Usually this happens when a service is not installed, but if the service is intended to be used as a lazy service, then it may be configured incorrectly.
11-12 11:09:15.967 W/libc ( 584): Unable to set property "ctl.interface_start" to "android.hardware.keymaster@4.0::IKeymasterDevice/strongbox": error code: 0x20, try count : 1
11-12 11:09:15.967 W/libc ( 584): Unable to set property "ctl.interface_start" to "android.hardware.keymaster@4.0::IKeymasterDevice/strongbox": error code: 0x20, try count : 2
11-12 11:09:15.967 W/libc ( 584): Unable to set property "ctl.interface_start" to "android.hardware.keymaster@4.0::IKeymasterDevice/strongbox": error code: 0x20, try count : 3
11-12 11:09:15.967 I/hwservicemanager( 584): Tried to start android.hardware.keymaster@4.0::IKeymasterDevice/strongbox as a lazy service, but was unable to. Usually this happens when a service is not installed, but if the service is intended to be used as a lazy service, then it may be configured incorrectly.
11-12 11:09:15.967 W/libc ( 584): Unable to set property "ctl.interface_start" to "android.hardware.keymaster@4.0::IKeymasterDevice/strongbox": error code: 0x20, try count : 1
11-12 11:09:15.968 W/libc ( 584): Unable to set property "ctl.interface_start" to "android.hardware.keymaster@4.0::IKeymasterDevice/strongbox": error code: 0x20, try count : 2
11-12 11:09:15.968 W/libc ( 584): Unable to set property "ctl.interface_start" to "android.hardware.keymaster@4.0::IKeymasterDevice/strongbox": error code: 0x20, try count : 3
11-12 11:09:15.968 I/hwservicemanager( 584): Tried to start android.hardware.keymaster@4.0::IKeymasterDevice/strongbox as a lazy service, but was unable to. Usually this happens when a service is not installed, but if the service is intended to be used as a lazy service, then it may be configured incorrectly.
11-12 11:09:15.968 W/libc ( 584): Unable to set property "ctl.interface_start" to "android.hardware.keymaster@4.0::IKeymasterDevice/strongbox": error code: 0x20, try count : 1
11-12 11:09:15.969 W/libc ( 584): Unable to set property "ctl.interface_start" to "android.hardware.keymaster@4.0::IKeymasterDevice/strongbox": error code: 0x20, try count : 2
11-12 11:09:15.969 W/libc ( 584): Unable to set property "ctl.interface_start" to "android.hardware.keymaster@4.0::IKeymasterDevice/strongbox": error code: 0x20, try count : 3
11-12 11:09:15.969 I/hwservicemanager( 584): Tried to start android.hardware.keymaster@4.0::IKeymasterDevice/strongbox as a lazy service, but was unable to. Usually this happens when a service is not installed, but if the service is intended to be used as a lazy service, then it may be configured incorrectly.
11-12 11:09:15.969 W/libc ( 584): Unable to set property "ctl.interface_start" to "android.hardware.keymaster@4.0::IKeymasterDevice/strongbox": error code: 0x20, try count : 1
11-12 11:09:15.969 W/libc ( 584): Unable to set property "ctl.interface_start" to "android.hardware.keymaster@4.0::IKeymasterDevice/strongbox": error code: 0x20, try count : 2
11-12 11:09:15.969 W/libc ( 584): Unable to set property "ctl.interface_start" to "android.hardware.keymaster@4.0::IKeymasterDevice/strongbox": error code: 0x20, try count : 3
11-12 11:09:15.969 I/hwservicemanager( 584): Tried to start android.hardware.keymaster@4.0::IKeymasterDevice/strongbox as a lazy service, but was unable to. Usually this happens when a service is not installed, but if the service is intended to be used as a lazy service, then it may be configured incorrectly.
11-12 11:09:15.969 W/libc ( 584): Unable to set property "ctl.interface_start" to "android.hardware.keymaster@4.0::IKeymasterDevice/strongbox": error code: 0x20, try count : 1
11-12 11:09:15.969 W/libc ( 584): Unable to set property "ctl.interface_start" to "android.hardware.keymaster@4.0::IKeymasterDevice/strongbox": error code: 0x20, try count : 2
11-12 11:09:15.970 W/libc ( 584): Unable to set property "ctl.interface_start" to "android.hardware.keymaster@4.0::IKeymasterDevice/strongbox": error code: 0x20, try count : 3
11-12 11:09:15.970 I/hwservicemanager( 584): Tried to start android.hardware.keymaster@4.0::IKeymasterDevice/strongbox as a lazy service, but was unable to. Usually this happens when a service is not installed, but if the service is intended to be used as a lazy service, then it may be configured incorrectly.
11-12 11:09:15.970 W/libc ( 584): Unable to set property "ctl.interface_start" to "android.hardware.keymaster@4.0::IKeymasterDevice/strongbox": error code: 0x20, try count : 1
11-12 11:09:15.970 W/libc ( 584): Unable to set property "ctl.interface_start" to "android.hardware.keymaster@4.0::IKeymasterDevice/strongbox": error code: 0x20, try count : 2
11-12 11:09:15.970 W/libc ( 584): Unable to set property "ctl.interface_start" to "android.hardware.keymaster@4.0::IKeymasterDevice/strongbox": error code: 0x20, try count : 3
11-12 11:09:15.970 I/hwservicemanager( 584): Tried to start android.hardware.keymaster@4.0::IKeymasterDevice/strongbox as a lazy service, but was unable to. Usually this happens when a service is not installed, but if the service is intended to be used as a lazy service, then it may be configured incorrectly.
11-12 11:09:15.970 W/libc ( 584): Unable to set property "ctl.interface_start" to "android.hardware.keymaster@4.0::IKeymasterDevice/strongbox": error code: 0x20, try count : 1
11-12 11:09:15.970 W/libc ( 584): Unable to set property "ctl.interface_start" to "android.hardware.keymaster@4.0::IKeymasterDevice/strongbox": error code: 0x20, try count : 2
11-12 11:09:15.970 W/libc ( 584): Unable to set property "ctl.interface_start" to "android.hardware.keymaster@4.0::IKeymasterDevice/strongbox": error code: 0x20, try count : 3
11-12 11:09:15.970 I/hwservicemanager( 584): Tried to start android.hardware.keymaster@4.0::IKeymasterDevice/strongbox as a lazy service, but was unable to. Usually this happens when a service is not installed, but if the service is intended to be used as a lazy service, then it may be configured incorrectly.
11-12 11:09:15.971 W/libc ( 584): Unable to set property "ctl.interface_start" to "android.hardware.keymaster@4.0::IKeymasterDevice/strongbox": error code: 0x20, try count : 1
11-12 11:09:15.971 W/libc ( 584): Unable to set property "ctl.interface_start" to "android.hardware.keymaster@4.0::IKeymasterDevice/strongbox": error code: 0x20, try count : 1
11-12 11:09:15.971 W/libc ( 584): Unable to set property "ctl.interface_start" to "android.hardware.keymaster@4.0::IKeymasterDevice/strongbox": error code: 0x20, try count : 1
11-12 11:09:15.971 W/libc ( 584): Unable to set property "ctl.interface_start" to "android.hardware.keymaster@4.0::IKeymasterDevice/strongbox": error code: 0x20, try count : 1
11-12 11:09:15.971 I/hwservicemanager( 584): Tried to start android.hardware.keymaster@4.0::IKeymasterDevice/strongbox as a lazy service, but was unable to. Usually this happens when a service is not installed, but if the service is intended to be used as a lazy service, then it may be configured incorrectly.
11-12 11:09:15.971 W/libc ( 584): Unable to set property "ctl.interface_start" to "android.hardware.keymaster@4.0::IKeymasterDevice/strongbox": error code: 0x20, try count : 2
11-12 11:09:15.971 W/libc ( 584): Unable to set property "ctl.interface_start" to "android.hardware.keymaster@4.0::IKeymasterDevice/strongbox": error code: 0x20, try count : 2
11-12 11:09:15.971 W/libc ( 583): Unable to set property "ctl.interface_start" to "aidl/android.system.keystore2.IKeystoreService/default": error code: 0x20, try count : 3
11-12 11:09:15.971 I/hwservicemanager( 584): Tried to start android.hardware.keymaster@4.0::IKeymasterDevice/strongbox as a lazy service, but was unable to. Usually this happens when a service is not installed, but if the service is intended to be used as a lazy service, then it may be configured incorrectly.
11-12 11:09:15.971 W/libc ( 584): Unable to set property "ctl.interface_start" to "android.hardware.keymaster@4.0::IKeymasterDevice/strongbox": error code: 0x20, try count : 1
11-12 11:09:15.971 W/libc ( 584): Unable to set property "ctl.interface_start" to "android.hardware.keymaster@4.0::IKeymasterDevice/strongbox": error code: 0x20, try count : 2
11-12 11:09:15.971 W/libc ( 584): Unable to set property "ctl.interface_start" to "android.hardware.keymaster@4.0::IKeymasterDevice/strongbox": error code: 0x20, try count : 2
11-12 11:09:15.971 I/hwservicemanager( 584): Tried to start android.hardware.keymaster@4.0::IKeymasterDevice/strongbox as a lazy service, but was unable to. Usually this happens when a service is not installed, but if the service is intended to be used as a lazy service, then it may be configured incorrectly.
11-12 11:09:15.971 W/libc ( 584): Unable to set property "ctl.interface_start" to "android.hardware.keymaster@4.0::IKeymasterDevice/strongbox": error code: 0x20, try count : 1
11-12 11:09:15.971 I/servicemanager( 583): Tried to start aidl service android.system.keystore2.IKeystoreService/default as a lazy service, but was unable to. Usually this happens when a service is not installed, but if the service is intended to be used as a lazy service, then it may be configured incorrectly.
11-12 11:09:15.971 W/libc ( 584): Unable to set property "ctl.interface_start" to "android.hardware.keymaster@4.0::IKeymasterDevice/strongbox": error code: 0x20, try count : 1
11-12 11:09:15.971 W/libc ( 584): Unable to set property "ctl.interface_start" to "android.hardware.keymaster@4.0::IKeymasterDevice/strongbox": error code: 0x20, try count : 3
11-12 11:09:15.971 W/libc ( 584): Unable to set property "ctl.interface_start" to "android.hardware.keymaster@4.0::IKeymasterDevice/strongbox": error code: 0x20, try count : 3
11-12 11:09:15.971 W/libc ( 584): Unable to set property "ctl.interface_start" to "android.hardware.keymaster@4.0::IKeymasterDevice/strongbox": error code: 0x20, try count : 3
11-12 11:09:15.971 I/hwservicemanager( 584): Tried to start android.hardware.keymaster@4.0::IKeymasterDevice/strongbox as a lazy service, but was unable to. Usually this happens when a service is not installed, but if the service is intended to be used as a lazy service, then it may be configured incorrectly.
11-12 11:09:15.972 W/libc ( 584): Unable to set property "ctl.interface_start" to "android.hardware.keymaster@4.0::IKeymasterDevice/strongbox": error code: 0x20, try count : 3
11-12 11:09:15.972 W/libc ( 584): Unable to set property "ctl.interface_start" to "android.hardware.keymaster@4.0::IKeymasterDevice/strongbox": error code: 0x20, try count : 3
11-12 11:09:15.972 W/libc ( 584): Unable to set property "ctl.interface_start" to "android.hardware.keymaster@4.0::IKeymasterDevice/strongbox": error code: 0x20, try count : 3
11-12 11:09:15.972 I/hwservicemanager( 584): Tried to start android.hardware.keymaster@4.0::IKeymasterDevice/strongbox as a lazy service, but was unable to. Usually this happens when a service is not installed, but if the service is intended to be used as a lazy service, then it may be configured incorrectly.
11-12 11:09:15.972 W/libc ( 584): Unable to set property "ctl.interface_start" to "android.hardware.keymaster@4.0::IKeymasterDevice/strongbox": error code: 0x20, try count : 3
11-12 11:09:15.972 I/hwservicemanager( 584): Tried to start android.hardware.keymaster@4.0::IKeymasterDevice/strongbox as a lazy service, but was unable to. Usually this happens when a service is not installed, but if the service is intended to be used as a lazy service, then it may be configured incorrectly.
11-12 11:09:15.972 W/libc ( 584): Unable to set property "ctl.interface_start" to "android.hardware.keymaster@4.0::IKeymasterDevice/strongbox": error code: 0x20, try count : 1
11-12 11:09:15.972 W/libc ( 584): Unable to set property "ctl.interface_start" to "android.hardware.keymaster@4.0::IKeymasterDevice/strongbox": error code: 0x20, try count : 1
11-12 11:09:15.972 W/libc ( 584): Unable to set property "ctl.interface_start" to "android.hardware.keymaster@4.0::IKeymasterDevice/strongbox": error code: 0x20, try count : 3
11-12 11:09:15.972 W/libc ( 584): Unable to set property "ctl.interface_start" to "android.hardware.keymaster@4.0::IKeymasterDevice/strongbox": error code: 0x20, try count : 3
11-12 11:09:15.972 I/hwservicemanager( 584): Tried to start android.hardware.keymaster@4.0::IKeymasterDevice/strongbox as a lazy service, but was unable to. Usually this happens when a service is not installed, but if the service is intended to be used as a lazy service, then it may be configured incorrectly.
11-12 11:09:15.972 W/libc ( 584): Unable to set property "ctl.interface_start" to "android.hardware.keymaster@4.0::IKeymasterDevice/strongbox": error code: 0x20, try count : 2
11-12 11:09:15.972 W/libc ( 584): Unable to set property "ctl.interface_start" to "android.hardware.keymaster@4.0::IKeymasterDevice/strongbox": error code: 0x20, try count : 3
11-12 11:09:15.972 I/hwservicemanager( 584): Tried to start android.hardware.keymaster@4.0::IKeymasterDevice/strongbox as a lazy service, but was unable to. Usually this happens when a service is not installed, but if the service is intended to be used as a lazy service, then it may be configured incorrectly.
11-12 11:09:15.972 W/libc ( 584): Unable to set property "ctl.interface_start" to "android.hardware.keymaster@4.0::IKeymasterDevice/strongbox": error code: 0x20, try count : 1
11-12 11:09:15.972 W/libc ( 584): Unable to set property "ctl.interface_start" to "android.hardware.keymaster@4.0::IKeymasterDevice/strongbox": error code: 0x20, try count : 2
11-12 11:09:15.972 W/libc ( 584): Unable to set property "ctl.interface_start" to "android.hardware.keymaster@4.0::IKeymasterDevice/strongbox": error code: 0x20, try count : 3
11-12 11:09:15.973 I/hwservicemanager( 584): Tried to start android.hardware.keymaster@4.0::IKeymasterDevice/strongbox as a lazy service, but was unable to. Usually this happens when a service is not installed, but if the service is intended to be used as a lazy service, then it may be configured incorrectly.
11-12 11:09:15.973 W/libc ( 584): Unable to set property "ctl.interface_start" to "android.hardware.keymaster@4.0::IKeymasterDevice/strongbox": error code: 0x20, try count : 1
11-12 11:09:15.973 D/libmdf ( 716): libmdf v3.0.0.0 On 64bit PLATFORM
11-12 11:09:15.973 W/libc ( 584): Unable to set property "ctl.interface_start" to "android.hardware.keymaster@4.0::IKeymasterDevice/strongbox": error code: 0x20, try count : 2
11-12 11:09:15.973 W/libc ( 584): Unable to set property "ctl.interface_start" to "android.hardware.keymaster@4.0::IKeymasterDevice/strongbox": error code: 0x20, try count : 2
11-12 11:09:15.973 I/hwservicemanager( 584): Tried to start android.hardware.keymaster@4.0::IKeymasterDevice/strongbox as a lazy service, but was unable to. Usually this happens when a service is not installed, but if the service is intended to be used as a lazy service, then it may be configured incorrectly.
11-12 11:09:15.973 W/libc ( 584): Unable to set property "ctl.interface_start" to "android.hardware.keymaster@4.0::IKeymasterDevice/strongbox": error code: 0x20, try count : 1
11-12 11:09:15.973 I/Checkpoint( 599): cp_prepareCheckpoint called
11-12 11:09:15.974 W/libc ( 584): Unable to set property "ctl.interface_start" to "android.hardware.keymaster@4.0::IKeymasterDevice/strongbox": error code: 0x20, try count : 2
11-12 11:09:15.974 W/libc ( 584): Unable to set property "ctl.interface_start" to "android.hardware.keymaster@4.0::IKeymasterDevice/strongbox": error code: 0x20, try count : 3
11-12 11:09:15.974 I/hwservicemanager( 584): Tried to start android.hardware.keymaster@4.0::IKeymasterDevice/strongbox as a lazy service, but was unable to. Usually this happens when a service is not installed, but if the service is intended to be used as a lazy service, then it may be configured incorrectly.
11-12 11:09:15.985 D/libmdf ( 718): libmdf v3.0.0.0 On 64bit PLATFORM
11-12 11:09:15.985 E/vold ( 599): fbeEnable
11-12 11:09:15.985 D/FsCrypt ( 599): fscrypt_initialize_systemwide_keys
11-12 11:09:15.987 E/KeyStorage( 599): retrieveKey : /data/unencrypted/key
11-12 11:09:15.989 W/keymaster_tee( 644): [WRN]begin req PARAMS: B32 P1
11-12 11:09:15.990 I/keystore2( 643): keystore2::security_level: In create_operation. Success to create IKeystoreOperation. 0, None
11-12 11:09:15.991 E/KeyStorage( 599): retrieveKey success : /data/unencrypted/key
11-12 11:09:15.991 D/FsCrypt ( 599): fscrypt_initialize_systemwide_keys, install_storage_key DATA_MNT_POINT
11-12 11:09:15.991 D/vold ( 599): Installed fscrypt key with ref d459f43fda1d476a3f88d20f84e547ab to /data
11-12 11:09:15.991 D/vold ( 599): Added fscrypt-provisioning key for d459f43fda1d476a3f88d20f84e547ab to session keyring
11-12 11:09:15.991 D/FsCrypt ( 599): fscrypt_initialize_systemwide_keys install_storage_key KEY_BACKUP_POINT
11-12 11:09:15.992 D/vold ( 599): Installed fscrypt key with ref d459f43fda1d476a3f88d20f84e547ab to /keyrefuge
11-12 11:09:15.992 D/vold ( 599): Added fscrypt-provisioning key for d459f43fda1d476a3f88d20f84e547ab to session keyring
11-12 11:09:15.992 D/FsCrypt ( 599): key mode: aes-256-xts:aes-256-cts:v2, file name: /data/unencrypted/mode
11-12 11:09:15.992 D/FsCrypt ( 599): ref_filename: /data/unencrypted/ref
11-12 11:09:15.992 D/FsCrypt ( 599): Wrote system DE key reference to: /data/unencrypted/ref
11-12 11:09:15.992 D/FsCrypt ( 599): backup modestring: aes-256-xts:aes-256- cts:v2, mode_filename: /keyrefuge/unencrypted/mode
11-12 11:09:15.993 D/FsCrypt ( 599): backup ref_filename: /keyrefuge/unencrypted/ref
11-12 11:09:15.993 D/FsCrypt ( 599): Wrote system DE key reference to: /keyrefuge/unencrypted/ref
11-12 11:09:15.993 D/vold ( 599): Generating standard storage key
11-12 11:09:15.993 D/vold ( 599): Installed fscrypt key with ref ab163d53b4bbb15d6c73c055bfb10909 to /data
11-12 11:09:15.993 D/vold ( 599): Added fscrypt-provisioning key for ab163d53b4bbb15d6c73c055bfb10909 to session keyring
11-12 11:09:15.993 D/FsCrypt ( 599): Wrote per boot key reference to: /data/unencrypted/per_boot_ref
11-12 11:09:15.994 I/voldUtils( 599): PROP : security.fbe.fail_cause : , value K00R
11-12 11:09:16.012 D/libmdf ( 723): libmdf v3.0.0.0 On 64bit PLATFORM
11-12 11:09:16.012 I/incfs ( 599): Initial API level of the device: 30
11-12 11:09:16.012 I/incfs ( 599): ro.incremental.enable: yes
11-12 11:09:16.012 I/incfs ( 599): isFsAvailable: true
11-12 11:09:16.012 I/incfs ( 599): isFsAvailable: true
11-12 11:09:16.013 I/incfs ( 599): IncFs_Features: v1
11-12 11:09:16.015 I/keystore2( 643): keystore2::maintenance: In early_boot_ended.
11-12 11:09:16.022 I/android.hardware.keymaster@4.0-impl_strong( 645): StrongBox: hardware/samsung_slsi/exynos/ssp/strongbox_keymaster/strongbox_device/ StrongboxKeymaster4Device.cpp: addRngEntropy: 320
11-12 11:09:16.022 I/keystore2( 643): keystore2::globals: Touching Keystore 2.0 database for this first time since boot.
11-12 11:09:16.022 I/keystore2( 643): keystore2::globals: Calling cleanup leftovers.
11-12 11:09:16.035 W/keymaster_tee( 644): [WRN]start nwd_get_key_characteristics
11-12 11:09:16.035 W/keymaster_tee( 644): [WRN]ret OK PARAMS: P2 D4 NAR1 A128 S256 2021.12.04,01:08:40.672
11-12 11:09:16.036 W/keymaster_tee( 644): [WRN]begin req PARAMS: D4
11-12 11:09:16.037 I/keystore2( 643): keystore2::super_key: Starting boot level watcher.
11-12 11:09:16.037 I/keystore2( 643): keystore2::maintenance: Call to earlyBootEnded succeeded for security level TRUSTED_ENVIRONMENT.
11-12 11:09:16.037 I/keystore2( 643): keystore2::maintenance: Call to earlyBootEnded succeeded for security level STRONGBOX.
11-12 11:09:16.037 I/keystore2( 643): keystore2::super_key: Read keystore.boot_level value 30
11-12 11:09:16.037 I/keystore2( 643): keystore2::boot_level_keys: In level_accessible: (30, 0), valid: true
11-12 11:09:16.037 I/keystore2( 643): keystore2::boot_level_keys: In level_accessible: (30, 0), valid: true
11-12 11:09:16.037 I/keystore2( 643): keystore2::super_key: Read keystore.boot_level value 30
11-12 11:09:16.037 I/keystore2( 643): keystore2::boot_level_keys: In level_accessible: (30, 30), valid: true
11-12 11:09:16.037 I/keystore2( 643): keystore2::boot_level_keys: In level_accessible: (30, 30), valid: true
11-12 11:09:16.037 I/tombstoned( 722): tombstoned successfully initialized
11-12 11:09:16.039 I/StrongBox( 645): StrongBox: ssp_hwctl_enable done. refcount(1)
11-12 11:09:16.057 I/StrongBox( 645): StrongBox: ssp_hwctl_disable done. refcount(0)
11-12 11:09:16.119 D/vold ( 599): Disk at 7:40 changed
11-12 11:09:16.119 D/vold ( 599): Disk at 7:48 changed
11-12 11:09:16.120 D/vold ( 599): Disk at 7:56 changed
11-12 11:09:16.121 D/vold ( 599): Disk at 7:64 changed
11-12 11:09:16.122 D/vold ( 599): Disk at 253:11 changed
11-12 11:09:16.122 D/vold ( 599): Disk at 253:11 changed
11-12 11:09:16.124 D/vold ( 599): Disk at 253:12 changed
11-12 11:09:16.124 D/vold ( 599): Disk at 253:12 changed
11-12 11:09:16.125 D/vold ( 599): Disk at 253:13 changed
11-12 11:09:16.125 D/vold ( 599): Disk at 253:13 changed
11-12 11:09:16.125 D/vold ( 599): Disk at 7:72 changed
11-12 11:09:16.127 D/vold ( 599): Disk at 7:80 changed
11-12 11:09:16.129 D/vold ( 599): Disk at 253:14 changed
11-12 11:09:16.129 D/vold ( 599): Disk at 253:14 changed
11-12 11:09:16.145 D/vold ( 599): Disk at 7:88 changed
11-12 11:09:16.146 D/vold ( 599): Disk at 7:96 changed
11-12 11:09:16.147 D/vold ( 599): Disk at 253:15 changed
11-12 11:09:16.147 D/vold ( 599): Disk at 253:15 changed
11-12 11:09:16.149 D/vold ( 599): Disk at 253:16 changed
11-12 11:09:16.149 D/vold ( 599): Disk at 253:16 changed
11-12 11:09:16.150 D/vold ( 599): Disk at 7:104 changed
11-12 11:09:16.151 D/vold ( 599): Disk at 7:112 changed
11-12 11:09:16.153 D/vold ( 599): Disk at 7:120 changed
11-12 11:09:16.154 D/vold ( 599): Disk at 7:128 changed
11-12 11:09:16.155 D/vold ( 599): Disk at 253:17 changed
11-12 11:09:16.155 D/vold ( 599): Disk at 253:17 changed
11-12 11:09:16.155 D/vold ( 599): Disk at 7:136 changed
11-12 11:09:16.157 D/vold ( 599): Disk at 253:18 changed
11-12 11:09:16.157 D/vold ( 599): Disk at 253:18 changed
11-12 11:09:16.171 D/vold ( 599): Disk at 7:144 changed
11-12 11:09:16.171 D/vold ( 599): Disk at 7:152 changed
11-12 11:09:16.172 D/vold ( 599): Disk at 253:19 changed
11-12 11:09:16.172 D/vold ( 599): Disk at 253:19 changed
11-12 11:09:16.173 D/vold ( 599): Disk at 7:160 changed
11-12 11:09:16.175 D/vold ( 599): Disk at 7:168 changed
11-12 11:09:16.176 D/vold ( 599): Disk at 253:20 changed
11-12 11:09:16.177 D/vold ( 599): Disk at 253:20 changed
11-12 11:09:16.177 D/vold ( 599): Disk at 7:176 changed
11-12 11:09:16.179 D/vold ( 599): Disk at 7:184 changed
11-12 11:09:16.180 D/vold ( 599): Disk at 253:22 changed
11-12 11:09:16.180 D/vold ( 599): Disk at 253:22 changed
11-12 11:09:16.180 D/vold ( 599): Disk at 253:21 changed
11-12 11:09:16.180 D/vold ( 599): Disk at 253:21 changed
11-12 11:09:16.196 D/vold ( 599): Disk at 7:192 changed
11-12 11:09:16.198 D/vold ( 599): Disk at 7:200 changed
11-12 11:09:16.200 D/vold ( 599): Disk at 253:23 changed
11-12 11:09:16.200 D/vold ( 599): Disk at 253:23 changed
11-12 11:09:16.200 D/vold ( 599): Disk at 253:24 changed
11-12 11:09:16.200 D/vold ( 599): Disk at 253:24 changed
11-12 11:09:16.203 D/vold ( 599): Disk at 7:208 changed
11-12 11:09:16.204 D/vold ( 599): Disk at 7:216 changed
11-12 11:09:16.205 D/vold ( 599): Disk at 7:224 changed
11-12 11:09:16.206 D/vold ( 599): Disk at 7:232 changed
11-12 11:09:16.208 D/vold ( 599): Disk at 253:25 changed
11-12 11:09:16.208 D/vold ( 599): Disk at 253:25 changed
11-12 11:09:16.211 D/vold ( 599): Disk at 7:240 changed
11-12 11:09:16.212 D/vold ( 599): Disk at 253:26 changed
11-12 11:09:16.212 D/vold ( 599): Disk at 253:26 changed
11-12 11:09:16.223 D/vold ( 599): Disk at 7:248 changed
11-12 11:09:16.223 D/vold ( 599): Disk at 7:256 changed
11-12 11:09:16.226 D/vold ( 599): Disk at 7:264 changed
11-12 11:09:16.226 D/vold ( 599): Disk at 253:27 changed
11-12 11:09:16.227 D/vold ( 599): Disk at 253:27 changed
11-12 11:09:16.230 D/vold ( 599): Disk at 7:272 changed
11-12 11:09:16.231 D/vold ( 599): Disk at 253:28 changed
11-12 11:09:16.231 D/vold ( 599): Disk at 253:28 changed
11-12 11:09:16.232 D/vold ( 599): Disk at 253:29 changed
11-12 11:09:16.232 D/vold ( 599): Disk at 253:29 changed
11-12 11:09:16.290 I/servicemanager( 583): Adding 'u:r:apexd:s0' service (apexservice:726)
11-12 11:09:16.343 I/derive_sdk( 836): Read version 3 from 8
11-12 11:09:16.343 I/derive_sdk( 836): Read version 3 from 4
11-12 11:09:16.344 I/derive_sdk( 836): Read version 3 from 7
11-12 11:09:16.344 I/derive_sdk( 836): Read version 3 from 5
11-12 11:09:16.344 I/derive_sdk( 836): Read version 3 from 10
11-12 11:09:16.344 I/derive_sdk( 836): Read version 3 from 2
11-12 11:09:16.345 I/derive_sdk( 836): Read version 3 from 6
11-12 11:09:16.345 I/derive_sdk( 836): Read version 3 from 1
11-12 11:09:16.345 I/derive_sdk( 836): Read version 3 from 9
11-12 11:09:16.346 I/derive_sdk( 836): Read version 3 from 3
11-12 11:09:16.346 I/derive_sdk( 836): extension r version is 3
11-12 11:09:16.346 I/derive_sdk( 836): extension s version is 3
11-12 11:09:16.356 D/libmdf ( 837): libmdf v3.0.0.0 On 64bit PLATFORM
11-12 11:09:16.357 D/vold ( 599): initUser0
11-12 11:09:16.357 D/FsCrypt ( 599): fscrypt_init_user0
11-12 11:09:16.357 E/FsCrypt ( 599): Preparing: /data/misc/vold/user_keys
11-12 11:09:16.357 E/FsCrypt ( 599): Preparing: /data/misc/vold/user_keys/ce
11-12 11:09:16.357 E/FsCrypt ( 599): Preparing: /data/misc/vold/user_keys/de
11-12 11:09:16.358 E/FsCrypt ( 599): Preparing: /keyrefuge/misc/vold/user_keys
11-12 11:09:16.358 E/FsCrypt ( 599): Preparing: /keyrefuge/misc/vold/user_keys/ce
11-12 11:09:16.358 E/FsCrypt ( 599): Preparing: /keyrefuge/misc/vold/user_keys/de
11-12 11:09:16.358 D/FsCrypt ( 599): load_all_de_keys
11-12 11:09:16.358 E/KeyStorage( 599): retrieveKey : /data/misc/vold/user_keys/de/0
11-12 11:09:16.361 W/keymaster_tee( 644): [WRN]begin req PARAMS: B32 P1
11-12 11:09:16.362 I/keystore2( 643): keystore2::security_level: In create_operation. Success to create IKeystoreOperation. 0, None
11-12 11:09:16.363 E/KeyStorage( 599): retrieveKey success : /data/misc/vold/user_keys/de/0
11-12 11:09:16.363 D/vold ( 599): Installed fscrypt key with ref 1fc9903a3c119a4ea496c373fc7d34b0 to /data
11-12 11:09:16.363 D/vold ( 599): Added fscrypt-provisioning key for 1fc9903a3c119a4ea496c373fc7d34b0 to session keyring
11-12 11:09:16.363 D/FsCrypt ( 599): Installed de key for user 0
11-12 11:09:16.363 E/KeyStorage( 599): retrieveKey : /data/misc/vold/user_keys/de/150
11-12 11:09:16.367 W/keymaster_tee( 644): [WRN]begin req PARAMS: B32 P1
11-12 11:09:16.368 I/keystore2( 643): keystore2::security_level: In create_operation. Success to create IKeystoreOperation. 0, None
11-12 11:09:16.369 E/KeyStorage( 599): retrieveKey success : /data/misc/vold/user_keys/de/150
11-12 11:09:16.369 D/vold ( 599): Installed fscrypt key with ref d1e0ab3105af9d4c68bee45f15a03d1c to /data
11-12 11:09:16.369 D/vold ( 599): Added fscrypt-provisioning key for d1e0ab3105af9d4c68bee45f15a03d1c to session keyring
11-12 11:09:16.369 D/FsCrypt ( 599): Installed de key for user 150
11-12 11:09:16.369 D/FsCrypt ( 599): fscrypt_prepare_user_storage for volume null, user 0, serial 0, flags 1
11-12 11:09:16.370 E/FsCrypt ( 599): Preparing: /data/system/users/0
11-12 11:09:16.370 E/FsCrypt ( 599): Preparing: /data/misc/profiles/cur/0
11-12 11:09:16.370 E/FsCrypt ( 599): Preparing: /data/system_de/0
11-12 11:09:16.371 E/FsCrypt ( 599): Preparing: /data/misc_de/0
11-12 11:09:16.371 E/FsCrypt ( 599): Preparing: /data/vendor_de/0
11-12 11:09:16.371 E/FsCrypt ( 599): Preparing: /data/user_de/0
11-12 11:09:16.371 D/FsCrypt ( 599): lookup_policy 0
11-12 11:09:16.372 I/vold ( 599): Verified that /data/system_de/0 has the encryption policy 1fc9903a3c119a4ea496c373fc7d34b0 v2 modes 1/4 flags 0x2
11-12 11:09:16.372 I/vold ( 599): Verified that /data/misc_de/0 has the encryption policy 1fc9903a3c119a4ea496c373fc7d34b0 v2 modes 1/4 flags 0x2
11-12 11:09:16.372 I/vold ( 599): Verified that /data/vendor_de/0 has the encryption policy 1fc9903a3c119a4ea496c373fc7d34b0 v2 modes 1/4 flags 0x2
11-12 11:09:16.372 I/vold ( 599): Verified that /data/user_de/0 has the encryption policy 1fc9903a3c119a4ea496c373fc7d34b0 v2 modes 1/4 flags 0x2
11-12 11:09:16.372 D/FsCrypt ( 599): prepare_subdirs
11-12 11:09:16.372 D/voldUtils( 599): /system/bin/vold_prepare_subdirs
11-12 11:09:16.372 D/voldUtils( 599): prepare
11-12 11:09:16.372 D/voldUtils( 599):
11-12 11:09:16.372 D/voldUtils( 599): 0
11-12 11:09:16.372 D/voldUtils( 599): 1
11-12 11:09:16.382 D/vold_prepare_subdirs( 838): Setting up mode 771 uid 1000 gid 1000 context u:object_r:system_data_file:s0:c512,c768 on path: /data/user_de/0
11-12 11:09:16.382 D/vold_prepare_subdirs( 838): Setting up mode 700 uid 0 gid 0 context u:object_r:vold_data_file:s0 on path: /data/misc_de/0/vold
11-12 11:09:16.383 D/vold_prepare_subdirs( 838): Setting up mode 700 uid 0 gid 0 context u:object_r:storaged_data_file:s0 on path: /data/misc_de/0/storaged
11-12 11:09:16.384 D/vold_prepare_subdirs( 838): Setting up mode 700 uid 0 gid 0 context u:object_r:rollback_data_file:s0 on path: /data/misc_de/0/rollback
11-12 11:09:16.384 D/vold_prepare_subdirs( 838): Setting up mode 700 uid 0 gid 0 context u:object_r:apex_rollback_data_file:s0 on path: /data/misc_de/0/apexrollback
11-12 11:09:16.384 D/vold_prepare_subdirs( 838): Setting up mode 711 uid 0 gid 0 context u:object_r:apex_module_data_file:s0 on path: /data/misc_de/0/apexdata
11-12 11:09:16.385 D/vold_prepare_subdirs( 838): Setting up mode 771 uid 0 gid 1000 context u:object_r:apex_wifi_data_file:s0 on path: /data/misc_de/0/apexdata/com.android.wifi
11-12 11:09:16.385 D/vold_prepare_subdirs( 838): Setting up mode 771 uid 0 gid 1000 context u:object_r:apex_module_data_file:s0 on path: /data/misc_de/0/apexdata/com.android.art
11-12 11:09:16.385 D/vold_prepare_subdirs( 838): Setting up mode 771 uid 0 gid 1000 context u:object_r:apex_module_data_file:s0 on path: /data/misc_de/0/apexdata/com.android.extservices
11-12 11:09:16.386 D/vold_prepare_subdirs( 838): Setting up mode 771 uid 0 gid 1000 context u:object_r:apex_permission_data_file:s0 on path: /data/misc_de/0/apexdata/com.android.permission
11-12 11:09:16.386 D/vold_prepare_subdirs( 838): Setting up mode 771 uid 0 gid 1000 context u:object_r:apex_module_data_file:s0 on path: /data/misc_de/0/apexdata/com.android.tethering
11-12 11:09:16.386 D/vold_prepare_subdirs( 838): Setting up mode 771 uid 0 gid 1000 context u:object_r:apex_module_data_file:s0 on path: /data/misc_de/0/apexdata/com.android.cellbroadcast
11-12 11:09:16.387 D/vold_prepare_subdirs( 838): Setting up mode 771 uid 0 gid 1000 context u:object_r:apex_module_data_file:s0 on path: /data/misc_de/0/apexdata/com.android.neuralnetworks
11-12 11:09:16.387 D/vold_prepare_subdirs( 838): Setting up mode 771 uid 0 gid 1000 context u:object_r:apex_module_data_file:s0 on path: /data/misc_de/0/apexdata/com.android.apex.cts.shim
11-12 11:09:16.387 D/vold_prepare_subdirs( 838): Setting up mode 771 uid 0 gid 1000 context u:object_r:apex_module_data_file:s0 on path: /data/misc_de/0/apexdata/com.samsung.android.ipm
11-12 11:09:16.388 D/vold_prepare_subdirs( 838): Setting up mode 771 uid 0 gid 1000 context u:object_r:apex_module_data_file:s0 on path: /data/misc_de/0/apexdata/com.samsung.android.camera.unihal
11-12 11:09:16.388 D/vold_prepare_subdirs( 838): Setting up mode 771 uid 0 gid 1000 context u:object_r:apex_module_data_file:s0 on path: /data/misc_de/0/apexdata/com.android.adbd
11-12 11:09:16.388 D/vold_prepare_subdirs( 838): Setting up mode 771 uid 0 gid 1000 context u:object_r:apex_module_data_file:s0 on path: /data/misc_de/0/apexdata/com.android.media.swcodec
11-12 11:09:16.388 D/vold_prepare_subdirs( 838): Setting up mode 771 uid 0 gid 1000 context u:object_r:apex_module_data_file:s0 on path: /data/misc_de/0/apexdata/com.android.sdkext
11-12 11:09:16.389 D/vold_prepare_subdirs( 838): Setting up mode 771 uid 0 gid 1000 context u:object_r:apex_module_data_file:s0 on path: /data/misc_de/0/apexdata/com.android.resolv
11-12 11:09:16.389 D/vold_prepare_subdirs( 838): Setting up mode 771 uid 0 gid 1000 context u:object_r:apex_module_data_file:s0 on path: /data/misc_de/0/apexdata/com.android.conscrypt
11-12 11:09:16.389 D/vold_prepare_subdirs( 838): Setting up mode 771 uid 0 gid 1000 context u:object_r:apex_module_data_file:s0 on path: /data/misc_de/0/apexdata/com.samsung.android.wifi.broadcom
11-12 11:09:16.390 D/vold_prepare_subdirs( 838): Setting up mode 771 uid 0 gid 1000 context u:object_r:apex_module_data_file:s0 on path: /data/misc_de/0/apexdata/com.android.media
11-12 11:09:16.390 D/vold_prepare_subdirs( 838): Setting up mode 771 uid 0 gid 1000 context u:object_r:apex_module_data_file:s0 on path: /data/misc_de/0/apexdata/com.android.os.statsd
11-12 11:09:16.390 D/vold_prepare_subdirs( 838): Setting up mode 771 uid 0 gid 1000 context u:object_r:apex_module_data_file:s0 on path: /data/misc_de/0/apexdata/com.samsung.android.shell
11-12 11:09:16.391 D/vold_prepare_subdirs( 838): Setting up mode 771 uid 0 gid 1000 context u:object_r:apex_module_data_file:s0 on path: /data/misc_de/0/apexdata/com.android.ipsec
11-12 11:09:16.391 D/vold_prepare_subdirs( 838): Setting up mode 771 uid 0 gid 1000 context u:object_r:apex_module_data_file:s0 on path: /data/misc_de/0/apexdata/com.android.scheduling
11-12 11:09:16.391 D/vold_prepare_subdirs( 838): Setting up mode 771 uid 0 gid 1000 context u:object_r:apex_module_data_file:s0 on path: /data/misc_de/0/apexdata/com.android.mediaprovider
11-12 11:09:16.391 D/vold_prepare_subdirs( 838): Setting up mode 771 uid 0 gid 1000 context u:object_r:apex_module_data_file:s0 on path: /data/misc_de/0/apexdata/com.android.appsearch
11-12 11:09:16.392 D/vold_prepare_subdirs( 838): Setting up mode 771 uid 0 gid 1000 context u:object_r:apex_module_data_file:s0 on path: /data/misc_de/0/apexdata/com.android.vndk.v30
11-12 11:09:16.392 D/vold_prepare_subdirs( 838): Setting up mode 771 uid 0 gid 1000 context u:object_r:apex_module_data_file:s0 on path: /data/misc_de/0/apexdata/com.android.runtime
