01-01 15:26:20.307 W/SystemConfig( 1368): fname = r9sxtur
01-01 15:26:20.307 W/SystemConfig( 1368): ro.product.name = a32xx
01-01 15:26:20.307 W/SystemConfig( 1368): fname = r9sxxx
01-01 15:26:20.307 W/SystemConfig( 1368): ro.product.name = a32xx
01-01 15:26:20.307 W/SystemConfig( 1368): fname = r9qksx
01-01 15:26:20.307 W/SystemConfig( 1368): ro.product.name = a32xx
01-01 15:26:20.307 W/SystemConfig( 1368): fname = r9qxeea
01-01 15:26:20.307 W/SystemConfig( 1368): ro.product.name = a32xx
01-01 15:26:20.307 W/SystemConfig( 1368): fname = r9qxtur
01-01 15:26:20.307 W/SystemConfig( 1368): ro.product.name = a32xx
01-01 15:26:20.307 W/SystemConfig( 1368): fname = r9qxser
01-01 15:26:20.307 W/SystemConfig( 1368): ro.product.name = a32xx
01-01 15:26:20.307 W/SystemConfig( 1368): fname = r9qzh
01-01 15:26:20.307 W/SystemConfig( 1368): ro.product.name = a32xx
01-01 15:26:20.307 W/SystemConfig( 1368): fname = r9quew
01-01 15:26:20.307 W/SystemConfig( 1368): ro.product.name = a32xx
01-01 15:26:20.307 W/SystemConfig( 1368): fname = r9qxxx
01-01 15:26:20.307 W/SystemConfig( 1368): ro.product.name = a32xx
01-01 15:26:20.307 W/SystemConfig( 1368): fname = r9qcsx
01-01 15:26:20.307 W/SystemConfig( 1368): ro.product.name = a32xx
01-01 15:26:20.307 W/SystemConfig( 1368): fname = r9qsqw
01-01 15:26:20.307 W/SystemConfig( 1368): ro.product.name = a32xx
01-01 15:26:20.307 W/SystemConfig( 1368): fname = r9q2xser
01-01 15:26:20.307 W/SystemConfig( 1368): ro.product.name = a32xx
01-01 15:26:20.307 W/SystemConfig( 1368): fname = r9q2xxx
01-01 15:26:20.307 W/SystemConfig( 1368): ro.product.name = a32xx
01-01 15:26:20.308 W/SystemConfig( 1368): fname = r9q2xeea
01-01 15:26:20.308 W/SystemConfig( 1368): ro.product.name = a32xx
01-01 15:26:20.308 W/SystemConfig( 1368): fname = r9q2sqw
01-01 15:26:20.308 W/SystemConfig( 1368): ro.product.name = a32xx
01-01 15:26:20.308 W/SystemConfig( 1368): fname = a32ub
01-01 15:26:20.308 W/SystemConfig( 1368): ro.product.name = a32xx
01-01 15:26:20.308 W/SystemConfig( 1368): fname = a32ks
01-01 15:26:20.308 W/SystemConfig( 1368): ro.product.name = a32xx
01-01 15:26:20.308 W/SystemConfig( 1368): fname = a32eea
01-01 15:26:20.308 W/SystemConfig( 1368): ro.product.name = a32xx
01-01 15:26:20.308 W/SystemConfig( 1368): fname = a32tur
01-01 15:26:20.308 W/SystemConfig( 1368): ro.product.name = a32xx
01-01 15:26:20.308 W/SystemConfig( 1368): fname = a32ser
01-01 15:26:20.308 W/SystemConfig( 1368): ro.product.name = a32xx
01-01 15:26:20.308 W/SystemConfig( 1368): fname = a32xx
01-01 15:26:20.308 W/SystemConfig( 1368): ro.product.name = a32xx
01-01 15:26:20.308 W/SystemConfig( 1368): fname = a32xxx
01-01 15:26:20.308 W/SystemConfig( 1368): ro.product.name = a32xx
01-01 15:26:20.308 W/SystemConfig( 1368): fname = a32xcs
01-01 15:26:20.308 W/SystemConfig( 1368): ro.product.name = a32xx
01-01 15:26:20.308 W/SystemConfig( 1368): fname = a32xeea
01-01 15:26:20.308 W/SystemConfig( 1368): ro.product.name = a32xx
01-01 15:26:20.308 W/SystemConfig( 1368): fname = a32xue
01-01 15:26:20.308 W/SystemConfig( 1368): ro.product.name = a32xx
01-01 15:26:20.308 W/SystemConfig( 1368): fname = a32xtfn
01-01 15:26:20.308 W/SystemConfig( 1368): ro.product.name = a32xx
01-01 15:26:20.308 W/SystemConfig( 1368): fname = a32xzh
01-01 15:26:20.308 W/SystemConfig( 1368): ro.product.name = a32xx
01-01 15:26:20.308 W/SystemConfig( 1368): fname = a32xsq
01-01 15:26:20.308 W/SystemConfig( 1368): ro.product.name = a32xx
01-01 15:26:20.308 W/SystemConfig( 1368): fname = SCG08_jp_kdi
01-01 15:26:20.308 W/SystemConfig( 1368): ro.product.name = a32xx
01-01 15:26:20.308 W/SystemConfig( 1368): fname = xcover5eea
01-01 15:26:20.308 W/SystemConfig( 1368): ro.product.name = a32xx
01-01 15:26:20.308 W/SystemConfig( 1368): fname = xcover5ser
01-01 15:26:20.308 W/SystemConfig( 1368): ro.product.name = a32xx
01-01 15:26:20.308 W/SystemConfig( 1368): fname = xcover5kx
01-01 15:26:20.308 W/SystemConfig( 1368): ro.product.name = a32xx
01-01 15:26:20.308 W/SystemConfig( 1368): fname = xcover5xx
01-01 15:26:20.308 W/SystemConfig( 1368): ro.product.name = a32xx
01-01 15:26:20.308 W/SystemConfig( 1368): fname = gts7fewifixx
01-01 15:26:20.308 W/SystemConfig( 1368): ro.product.name = a32xx
01-01 15:26:20.308 W/SystemConfig( 1368): fname = gts7fewifitur
01-01 15:26:20.308 W/SystemConfig( 1368): ro.product.name = a32xx
01-01 15:26:20.308 W/SystemConfig( 1368): fname = gts7fewifieea
01-01 15:26:20.308 W/SystemConfig( 1368): ro.product.name = a32xx
01-01 15:26:20.308 W/SystemConfig( 1368): fname = gts7fewifiser
01-01 15:26:20.308 W/SystemConfig( 1368): ro.product.name = a32xx
01-01 15:26:20.308 W/SystemConfig( 1368): fname = gts7xllitexx
01-01 15:26:20.308 W/SystemConfig( 1368): ro.product.name = a32xx
01-01 15:26:20.308 W/SystemConfig( 1368): fname = gts7xlliteser
01-01 15:26:20.308 W/SystemConfig( 1368): ro.product.name = a32xx
01-01 15:26:20.308 W/SystemConfig( 1368): fname = gts7xllitexeea
01-01 15:26:20.308 W/SystemConfig( 1368): ro.product.name = a32xx
01-01 15:26:20.308 W/SystemConfig( 1368): fname = gts7xllitekx
01-01 15:26:20.308 W/SystemConfig( 1368): ro.product.name = a32xx
01-01 15:26:20.308 W/SystemConfig( 1368): fname = gts7xllitetur
01-01 15:26:20.308 W/SystemConfig( 1368): ro.product.name = a32xx
01-01 15:26:20.308 W/SystemConfig( 1368): fname = gts7xllitekxx
01-01 15:26:20.308 W/SystemConfig( 1368): ro.product.name = a32xx
01-01 15:26:20.308 W/SystemConfig( 1368): fname = gts7xllitesqwnc
01-01 15:26:20.308 W/SystemConfig( 1368): ro.product.name = a32xx
01-01 15:26:20.309 W/SystemConfig( 1368): fname = gts7xllitexxx
01-01 15:26:20.309 W/SystemConfig( 1368): ro.product.name = a32xx
01-01 15:26:20.309 W/SystemConfig( 1368): fname = gts7xllitesqw
01-01 15:26:20.309 W/SystemConfig( 1368): ro.product.name = a32xx
01-01 15:26:20.309 W/SystemConfig( 1368): fname = gts7xllitewifieea
01-01 15:26:20.309 W/SystemConfig( 1368): ro.product.name = a32xx
01-01 15:26:20.309 W/SystemConfig( 1368): fname = gts7xllitewifixx
01-01 15:26:20.309 W/SystemConfig( 1368): ro.product.name = a32xx
01-01 15:26:20.309 W/SystemConfig( 1368): fname = gts7xllitewifitur
01-01 15:26:20.309 W/SystemConfig( 1368): ro.product.name = a32xx
01-01 15:26:20.309 W/SystemConfig( 1368): fname = gts7xllitewifiser
01-01 15:26:20.309 W/SystemConfig( 1368): ro.product.name = a32xx
01-01 15:26:20.309 W/SystemConfig( 1368): fname = b0sxser
01-01 15:26:20.309 W/SystemConfig( 1368): ro.product.name = a32xx
01-01 15:26:20.309 W/SystemConfig( 1368): fname = b0sxtur
01-01 15:26:20.309 W/SystemConfig( 1368): ro.product.name = a32xx
01-01 15:26:20.309 W/SystemConfig( 1368): fname = b0sxxx
01-01 15:26:20.309 W/SystemConfig( 1368): ro.product.name = a32xx
01-01 15:26:20.309 W/SystemConfig( 1368): fname = b0sxeea
01-01 15:26:20.309 W/SystemConfig( 1368): ro.product.name = a32xx
01-01 15:26:20.309 W/SystemConfig( 1368): fname = b0sksx
01-01 15:26:20.309 W/SystemConfig( 1368): ro.product.name = a32xx
01-01 15:26:20.309 W/SystemConfig( 1368): fname = b0qksx
01-01 15:26:20.309 W/SystemConfig( 1368): ro.product.name = a32xx
01-01 15:26:20.309 W/SystemConfig( 1368): fname = b0quew
01-01 15:26:20.309 W/SystemConfig( 1368): ro.product.name = a32xx
01-01 15:26:20.309 W/SystemConfig( 1368): fname = b0qcsx
01-01 15:26:20.309 W/SystemConfig( 1368): ro.product.name = a32xx
01-01 15:26:20.309 W/SystemConfig( 1368): fname = b0qxxx
01-01 15:26:20.309 W/SystemConfig( 1368): ro.product.name = a32xx
01-01 15:26:20.309 W/SystemConfig( 1368): fname = b0qsqw
01-01 15:26:20.309 W/SystemConfig( 1368): ro.product.name = a32xx
01-01 15:26:20.309 W/SystemConfig( 1368): fname = b0qzhx
01-01 15:26:20.309 W/SystemConfig( 1368): ro.product.name = a32xx
01-01 15:26:20.309 W/SystemConfig( 1368): fname = b0qxtur
01-01 15:26:20.309 W/SystemConfig( 1368): ro.product.name = a32xx
01-01 15:26:20.309 W/SystemConfig( 1368): fname = SC-52C
01-01 15:26:20.309 W/SystemConfig( 1368): ro.product.name = a32xx
01-01 15:26:20.309 W/SystemConfig( 1368): fname = SCG14_jp_kdi
01-01 15:26:20.309 W/SystemConfig( 1368): ro.product.name = a32xx
01-01 15:26:20.309 W/SystemConfig( 1368): fname = r0sxxx
01-01 15:26:20.309 W/SystemConfig( 1368): ro.product.name = a32xx
01-01 15:26:20.309 W/SystemConfig( 1368): fname = r0sxeea
01-01 15:26:20.309 W/SystemConfig( 1368): ro.product.name = a32xx
01-01 15:26:20.309 W/SystemConfig( 1368): fname = r0sxtur
01-01 15:26:20.309 W/SystemConfig( 1368): ro.product.name = a32xx
01-01 15:26:20.309 W/SystemConfig( 1368): fname = r0sxser
01-01 15:26:20.309 W/SystemConfig( 1368): ro.product.name = a32xx
01-01 15:26:20.309 W/SystemConfig( 1368): fname = r0sksx
01-01 15:26:20.309 W/SystemConfig( 1368): ro.product.name = a32xx
01-01 15:26:20.309 W/SystemConfig( 1368): fname = r0qksx
01-01 15:26:20.309 W/SystemConfig( 1368): ro.product.name = a32xx
01-01 15:26:20.309 W/SystemConfig( 1368): fname = r0qxtur
01-01 15:26:20.309 W/SystemConfig( 1368): ro.product.name = a32xx
01-01 15:26:20.309 W/SystemConfig( 1368): fname = r0qcsx
01-01 15:26:20.309 W/SystemConfig( 1368): ro.product.name = a32xx
01-01 15:26:20.309 W/SystemConfig( 1368): fname = r0qzhx
01-01 15:26:20.309 W/SystemConfig( 1368): ro.product.name = a32xx
01-01 15:26:20.309 W/SystemConfig( 1368): fname = r0quew
01-01 15:26:20.309 W/SystemConfig( 1368): ro.product.name = a32xx
01-01 15:26:20.309 W/SystemConfig( 1368): fname = r0qsqw
01-01 15:26:20.309 W/SystemConfig( 1368): ro.product.name = a32xx
01-01 15:26:20.309 W/SystemConfig( 1368): fname = r0qxxx
01-01 15:26:20.309 D/SystemServerTiming( 1368): StartInstaller took to complete:
5ms
01-01 15:26:20.310 W/SystemConfig( 1368): ro.product.name = a32xx
01-01 15:26:20.310 I/SystemServerTiming( 1368): DeviceIdentifiersPolicyService
01-01 15:26:20.310 W/SystemConfig( 1368): fname = SC-51C
01-01 15:26:20.310 I/SystemServiceManager( 1368): Starting
com.android.server.os.DeviceIdentifiersPolicyService
01-01 15:26:20.310 W/SystemConfig( 1368): ro.product.name = a32xx
01-01 15:26:20.310 W/SystemConfig( 1368): fname = SCG13_jp_kdi
01-01 15:26:20.310 W/SystemConfig( 1368): ro.product.name = a32xx
01-01 15:26:20.310 W/SystemConfig( 1368): fname = g0sxxx
01-01 15:26:20.310 W/SystemConfig( 1368): ro.product.name = a32xx
01-01 15:26:20.310 W/SystemConfig( 1368): fname = g0sxtur
01-01 15:26:20.310 W/SystemConfig( 1368): ro.product.name = a32xx
01-01 15:26:20.310 W/SystemConfig( 1368): fname = g0sxeea
01-01 15:26:20.310 W/SystemConfig( 1368): ro.product.name = a32xx
01-01 15:26:20.310 W/SystemConfig( 1368): fname = g0sxser
01-01 15:26:20.310 W/SystemConfig( 1368): ro.product.name = a32xx
01-01 15:26:20.310 W/SystemConfig( 1368): fname = g0sksx
01-01 15:26:20.310 W/SystemConfig( 1368): ro.product.name = a32xx
01-01 15:26:20.310 W/SystemConfig( 1368): fname = g0qksx
01-01 15:26:20.310 W/SystemConfig( 1368): ro.product.name = a32xx
01-01 15:26:20.310 W/SystemConfig( 1368): fname = g0quew
01-01 15:26:20.310 W/SystemConfig( 1368): ro.product.name = a32xx
01-01 15:26:20.310 I/servicemanager( 496): Adding 'u:r:system_server:s0' service
(device_identifiers:1368)
01-01 15:26:20.310 W/SystemConfig( 1368): fname = g0qxtur
01-01 15:26:20.310 W/SystemConfig( 1368): ro.product.name = a32xx
01-01 15:26:20.311 W/SystemConfig( 1368): fname = g0qcsx
01-01 15:26:20.311 W/SystemConfig( 1368): ro.product.name = a32xx
01-01 15:26:20.311 D/SystemServerTiming( 1368): DeviceIdentifiersPolicyService took
to complete: 1ms
01-01 15:26:20.311 W/SystemConfig( 1368): fname = g0qxxx
01-01 15:26:20.311 I/SystemServerTiming( 1368): UriGrantsManagerService
01-01 15:26:20.311 W/SystemConfig( 1368): ro.product.name = a32xx
01-01 15:26:20.311 I/SystemServiceManager( 1368): Starting
com.android.server.uri.UriGrantsManagerService$Lifecycle
01-01 15:26:20.311 W/SystemConfig( 1368): fname = g0qsqw
01-01 15:26:20.311 W/SystemConfig( 1368): ro.product.name = a32xx
01-01 15:26:20.311 W/SystemConfig( 1368): fname = g0qzhx
01-01 15:26:20.311 W/SystemConfig( 1368): ro.product.name = a32xx
01-01 15:26:20.311 W/SystemConfig( 1368): fname = gts8kxx
01-01 15:26:20.311 W/SystemConfig( 1368): ro.product.name = a32xx
01-01 15:26:20.311 W/SystemConfig( 1368): fname = gts8keea
01-01 15:26:20.311 W/SystemConfig( 1368): ro.product.name = a32xx
01-01 15:26:20.311 W/SystemConfig( 1368): fname = gts8xser
01-01 15:26:20.311 W/SystemConfig( 1368): ro.product.name = a32xx
01-01 15:26:20.311 W/SystemConfig( 1368): fname = gts8xeea
01-01 15:26:20.311 W/SystemConfig( 1368): ro.product.name = a32xx
01-01 15:26:20.311 W/SystemConfig( 1368): fname = gts8xxx
01-01 15:26:20.311 W/SystemConfig( 1368): ro.product.name = a32xx
01-01 15:26:20.311 W/SystemConfig( 1368): fname = gts8sq
01-01 15:26:20.311 W/SystemConfig( 1368): ro.product.name = a32xx
01-01 15:26:20.311 W/SystemConfig( 1368): fname = gts8wifiser
01-01 15:26:20.311 W/SystemConfig( 1368): ro.product.name = a32xx
01-01 15:26:20.311 W/SystemConfig( 1368): fname = gts8wifitur
01-01 15:26:20.311 W/SystemConfig( 1368): ro.product.name = a32xx
01-01 15:26:20.311 W/SystemConfig( 1368): fname = gts8wifixx
01-01 15:26:20.311 W/SystemConfig( 1368): ro.product.name = a32xx
01-01 15:26:20.311 W/SystemConfig( 1368): fname = gts8wifieea
01-01 15:26:20.311 W/SystemConfig( 1368): ro.product.name = a32xx
01-01 15:26:20.311 W/SystemConfig( 1368): fname = gts8pkxx
01-01 15:26:20.311 W/SystemConfig( 1368): ro.product.name = a32xx
01-01 15:26:20.311 W/SystemConfig( 1368): fname = gts8psqw
01-01 15:26:20.311 W/SystemConfig( 1368): ro.product.name = a32xx
01-01 15:26:20.311 W/SystemConfig( 1368): fname = gts8psqw
01-01 15:26:20.311 W/SystemConfig( 1368): ro.product.name = a32xx
01-01 15:26:20.312 W/SystemConfig( 1368): fname = gts8pxser
01-01 15:26:20.312 W/SystemConfig( 1368): ro.product.name = a32xx
01-01 15:26:20.312 I/servicemanager( 496): Adding 'u:r:system_server:s0' service
(uri_grants:1368)
01-01 15:26:20.312 W/SystemConfig( 1368): fname = gts8peea
01-01 15:26:20.312 W/SystemConfig( 1368): ro.product.name = a32xx
01-01 15:26:20.312 W/SystemConfig( 1368): fname = gts8pxx
01-01 15:26:20.312 W/SystemConfig( 1368): ro.product.name = a32xx
01-01 15:26:20.312 W/SystemConfig( 1368): fname = gts8pxeea
01-01 15:26:20.312 D/SystemServerTiming( 1368): UriGrantsManagerService took to
complete: 1ms
01-01 15:26:20.312 I/SystemServerTiming( 1368): StartPowerStatsService
01-01 15:26:20.312 W/SystemConfig( 1368): ro.product.name = a32xx
01-01 15:26:20.312 I/SystemServiceManager( 1368): Starting
com.android.server.powerstats.PowerStatsService
01-01 15:26:20.312 W/SystemConfig( 1368): fname = gts8pxxx
01-01 15:26:20.312 W/SystemConfig( 1368): ro.product.name = a32xx
01-01 15:26:20.312 W/SystemConfig( 1368): fname = gts8psqwnc
01-01 15:26:20.312 W/SystemConfig( 1368): ro.product.name = a32xx
01-01 15:26:20.312 W/SystemConfig( 1368): fname = gts8pwifitur
01-01 15:26:20.312 W/SystemConfig( 1368): ro.product.name = a32xx
01-01 15:26:20.312 W/SystemConfig( 1368): fname = gts8pwifiser
01-01 15:26:20.312 W/SystemConfig( 1368): ro.product.name = a32xx
01-01 15:26:20.312 W/SystemConfig( 1368): fname = gts8pwifixx
01-01 15:26:20.312 W/SystemConfig( 1368): ro.product.name = a32xx
01-01 15:26:20.312 W/SystemConfig( 1368): fname = gts8pwifieea
01-01 15:26:20.312 W/SystemConfig( 1368): ro.product.name = a32xx
01-01 15:26:20.312 W/SystemConfig( 1368): fname = gts8pwifijpn
01-01 15:26:20.312 W/SystemConfig( 1368): ro.product.name = a32xx
01-01 15:26:20.312 W/SystemConfig( 1368): fname = gts8ukxx
01-01 15:26:20.312 W/SystemConfig( 1368): ro.product.name = a32xx
01-01 15:26:20.312 W/SystemConfig( 1368): fname = gts8uxser
01-01 15:26:20.312 W/SystemConfig( 1368): ro.product.name = a32xx
01-01 15:26:20.312 W/SystemConfig( 1368): fname = gts8uxeea
01-01 15:26:20.312 W/SystemConfig( 1368): ro.product.name = a32xx
01-01 15:26:20.312 W/SystemConfig( 1368): fname = gts8uxxx
01-01 15:26:20.312 W/SystemConfig( 1368): ro.product.name = a32xx
01-01 15:26:20.313 W/SystemConfig( 1368): fname = gts8uwifiser
01-01 15:26:20.313 E/servicemanager( 496): Could not find
android.hardware.power.stats.IPowerStats/default in the VINTF manifest.
01-01 15:26:20.313 W/SystemConfig( 1368): ro.product.name = a32xx
01-01 15:26:20.313 W/SystemConfig( 1368): fname = gts8uwifitur
01-01 15:26:20.313 W/SystemConfig( 1368): ro.product.name = a32xx
01-01 15:26:20.313 W/SystemConfig( 1368): fname = gts8uwifieea
01-01 15:26:20.313 W/SystemConfig( 1368): ro.product.name = a32xx
01-01 15:26:20.313 W/SystemConfig( 1368): fname = gts8uwifixx
01-01 15:26:20.313 W/SystemConfig( 1368): ro.product.name = a32xx
01-01 15:26:20.313 W/SystemConfig( 1368): fname = a33xnndxx
01-01 15:26:20.313 W/SystemConfig( 1368): ro.product.name = a32xx
01-01 15:26:20.313 W/SystemConfig( 1368): fname = a33xnsdtur
01-01 15:26:20.313 W/SystemConfig( 1368): ro.product.name = a32xx
01-01 15:26:20.313 W/SystemConfig( 1368): fname = a33xnsdxx
01-01 15:26:20.313 W/SystemConfig( 1368): ro.product.name = a32xx
01-01 15:26:20.313 W/SystemConfig( 1368): fname = a33xnndx
01-01 15:26:20.313 W/SystemConfig( 1368): ro.product.name = a32xx
01-01 15:26:20.313 W/SystemConfig( 1368): fname = a33xnsdx
01-01 15:26:20.313 W/SystemConfig( 1368): ro.product.name = a32xx
01-01 15:26:20.313 W/SystemConfig( 1368): fname = a33xub
01-01 15:26:20.313 W/SystemConfig( 1368): ro.product.name = a32xx
01-01 15:26:20.313 W/SystemConfig( 1368): fname = a33xks
01-01 15:26:20.313 W/SystemConfig( 1368): ro.product.name = a32xx
01-01 15:26:20.313 W/SystemConfig( 1368): fname = a33xzh
01-01 15:26:20.313 W/SystemConfig( 1368): ro.product.name = a32xx
01-01 15:26:20.313 W/SystemConfig( 1368): fname = a33xnsser
01-01 15:26:20.313 W/SystemConfig( 1368): ro.product.name = a32xx
01-01 15:26:20.313 W/SystemConfig( 1368): fname = a33xnsxx
01-01 15:26:20.313 W/SystemConfig( 1368): ro.product.name = a32xx
01-01 15:26:20.313 W/SystemConfig( 1368): fname = a33xnseea
01-01 15:26:20.313 W/SystemConfig( 1368): ro.product.name = a32xx
01-01 15:26:20.313 W/SystemConfig( 1368): fname = a53xtfn
01-01 15:26:20.314 W/SystemConfig( 1368): ro.product.name = a32xx
01-01 15:26:20.314 W/SystemConfig( 1368): fname = a53xzh
01-01 15:26:20.314 W/SystemConfig( 1368): ro.product.name = a32xx
01-01 15:26:20.314 W/SystemConfig( 1368): fname = a53xcsx
01-01 15:26:20.314 W/SystemConfig( 1368): ro.product.name = a32xx
01-01 15:26:20.314 D/hw-ProcessState( 1368): Binder ioctl to enable oneway spam
detection failed: Invalid argument
01-01 15:26:20.315 W/SystemConfig( 1368): fname = a53xnaxx
01-01 15:26:20.315 I/hwservicemanager( 497): getTransport: Cannot find entry
android.hardware.power.stats@1.0::IPowerStats/default in either framework or device
VINTF manifest.
01-01 15:26:20.315 W/SystemConfig( 1368): ro.product.name = a32xx
01-01 15:26:20.315 W/SystemConfig( 1368): fname = a53xksx
01-01 15:26:20.315 W/SystemConfig( 1368): ro.product.name = a32xx
01-01 15:26:20.315 W/SystemConfig( 1368): fname = a53xnsser
01-01 15:26:20.315 W/SystemConfig( 1368): ro.product.name = a32xx
01-01 15:26:20.315 W/SystemConfig( 1368): fname = a53xnstur
01-01 15:26:20.315 W/SystemConfig( 1368): ro.product.name = a32xx
01-01 15:26:20.315 W/SystemConfig( 1368): fname = a53xnsxx
01-01 15:26:20.315 W/SystemConfig( 1368): ro.product.name = a32xx
01-01 15:26:20.315 W/SystemConfig( 1368): fname = a53xsqx
01-01 15:26:20.315 W/SystemConfig( 1368): ro.product.name = a32xx
01-01 15:26:20.315 W/SystemConfig( 1368): fname = a53xsqw
01-01 15:26:20.315 W/SystemConfig( 1368): ro.product.name = a32xx
01-01 15:26:20.315 E/PowerStatsService( 1368): Unable to get power.stats HAL
service.
01-01 15:26:20.315 W/SystemConfig( 1368): fname = a53xnaeea
01-01 15:26:20.315 W/SystemConfig( 1368): ro.product.name = a32xx
01-01 15:26:20.315 E/PowerStatsService( 1368): nativeInit failed to connect to
power.stats HAL
01-01 15:26:20.315 W/SystemConfig( 1368): fname = a53xue
01-01 15:26:20.315 W/SystemConfig( 1368): ro.product.name = a32xx
01-01 15:26:20.315 W/SystemConfig( 1368): fname = SC-53C
01-01 15:26:20.315 W/SystemConfig( 1368): ro.product.name = a32xx
01-01 15:26:20.315 W/SystemConfig( 1368): fname = SCG15_jp_kdi
01-01 15:26:20.315 W/SystemConfig( 1368): ro.product.name = a32xx
01-01 15:26:20.315 W/SystemConfig( 1368): fname = xcoverpro2cs
01-01 15:26:20.315 W/SystemConfig( 1368): ro.product.name = a32xx
01-01 15:26:20.315 W/SystemConfig( 1368): fname = xcoverpro2ue
01-01 15:26:20.315 W/SystemConfig( 1368): ro.product.name = a32xx
01-01 15:26:20.315 W/SystemConfig( 1368): fname = xcoverpro2tur
01-01 15:26:20.315 W/SystemConfig( 1368): ro.product.name = a32xx
01-01 15:26:20.315 W/SystemConfig( 1368): fname = xcoverpro2eea
01-01 15:26:20.315 W/SystemConfig( 1368): ro.product.name = a32xx
01-01 15:26:20.315 W/SystemConfig( 1368): fname = xcoverpro2xx
01-01 15:26:20.316 W/SystemConfig( 1368): ro.product.name = a32xx
01-01 15:26:20.316 W/SystemConfig( 1368): fname = xcoverpro2sq
01-01 15:26:20.316 W/SystemConfig( 1368): ro.product.name = a32xx
01-01 15:26:20.316 W/SystemConfig( 1368): fname = q4qsqw
01-01 15:26:20.316 W/SystemConfig( 1368): ro.product.name = a32xx
01-01 15:26:20.316 W/SystemConfig( 1368): fname = q4qzhx
01-01 15:26:20.316 W/SystemConfig( 1368): ro.product.name = a32xx
01-01 15:26:20.316 W/SystemConfig( 1368): fname = q4qksx
01-01 15:26:20.316 W/SystemConfig( 1368): ro.product.name = a32xx
01-01 15:26:20.316 W/SystemConfig( 1368): fname = q4quew
01-01 15:26:20.316 W/SystemConfig( 1368): ro.product.name = a32xx
01-01 15:26:20.316 W/SystemConfig( 1368): fname = q4qcsx
01-01 15:26:20.316 W/SystemConfig( 1368): ro.product.name = a32xx
01-01 15:26:20.316 W/SystemConfig( 1368): fname = q4qxser
01-01 15:26:20.316 W/SystemConfig( 1368): ro.product.name = a32xx
01-01 15:26:20.316 W/SystemConfig( 1368): fname = q4qxtur
01-01 15:26:20.316 W/SystemConfig( 1368): ro.product.name = a32xx
01-01 15:26:20.316 W/SystemConfig( 1368): fname = q4qxxx
01-01 15:26:20.316 W/SystemConfig( 1368): ro.product.name = a32xx
01-01 15:26:20.316 W/SystemConfig( 1368): fname = q4qxeea
01-01 15:26:20.316 W/SystemConfig( 1368): ro.product.name = a32xx
01-01 15:26:20.316 W/SystemConfig( 1368): fname = SC-55C
01-01 15:26:20.316 W/SystemConfig( 1368): ro.product.name = a32xx
01-01 15:26:20.316 W/SystemConfig( 1368): fname = SCG16_jp_kdi
01-01 15:26:20.316 W/SystemConfig( 1368): ro.product.name = a32xx
01-01 15:26:20.316 W/SystemConfig( 1368): fname = b4qsqw
01-01 15:26:20.316 I/servicemanager( 496): Adding 'u:r:system_server:s0' service
(powerstats:1368)
01-01 15:26:20.316 W/SystemConfig( 1368): ro.product.name = a32xx
01-01 15:26:20.316 W/SystemConfig( 1368): fname = b4qzhx
01-01 15:26:20.316 W/SystemConfig( 1368): ro.product.name = a32xx
01-01 15:26:20.316 W/SystemConfig( 1368): fname = b4qxeea
01-01 15:26:20.316 W/SystemConfig( 1368): ro.product.name = a32xx
01-01 15:26:20.316 W/SystemConfig( 1368): fname = b4qksx
01-01 15:26:20.316 W/SystemConfig( 1368): ro.product.name = a32xx
01-01 15:26:20.316 W/SystemConfig( 1368): fname = b4quew
01-01 15:26:20.316 W/SystemConfig( 1368): ro.product.name = a32xx
01-01 15:26:20.316 D/SystemServerTiming( 1368): StartPowerStatsService took to
complete: 4ms
01-01 15:26:20.316 W/SystemConfig( 1368): fname = b4qrktw
01-01 15:26:20.316 W/SystemConfig( 1368): ro.product.name = a32xx
01-01 15:26:20.316 I/SystemServerTiming( 1368): StartIStatsService
01-01 15:26:20.316 W/SystemConfig( 1368): fname = b4qcsx
01-01 15:26:20.316 W/SystemConfig( 1368): ro.product.name = a32xx
01-01 15:26:20.316 W/SystemConfig( 1368): fname = b4qxser
01-01 15:26:20.316 W/SystemConfig( 1368): ro.product.name = a32xx
01-01 15:26:20.316 W/SystemConfig( 1368): fname = b4qxtur
01-01 15:26:20.316 W/SystemConfig( 1368): ro.product.name = a32xx
01-01 15:26:20.316 W/SystemConfig( 1368): fname = b4qxxx
01-01 15:26:20.316 W/SystemConfig( 1368): ro.product.name = a32xx
01-01 15:26:20.316 W/SystemConfig( 1368): fname = SC-54C
01-01 15:26:20.316 W/SystemConfig( 1368): ro.product.name = a32xx
01-01 15:26:20.316 W/SystemConfig( 1368): fname = SCG17_jp_kdi
01-01 15:26:20.316 W/SystemConfig( 1368): ro.product.name = a32xx
01-01 15:26:20.316 W/SystemConfig( 1368): fname = gtact4prokxx
01-01 15:26:20.316 W/SystemConfig( 1368): ro.product.name = a32xx
01-01 15:26:20.316 W/SystemConfig( 1368): fname = gtact4proxser
01-01 15:26:20.316 W/SystemConfig( 1368): ro.product.name = a32xx
01-01 15:26:20.317 W/SystemConfig( 1368): fname = gtact4proxeea
01-01 15:26:20.317 W/SystemConfig( 1368): ro.product.name = a32xx
01-01 15:26:20.317 W/SystemConfig( 1368): fname = gtact4proxxx
01-01 15:26:20.317 W/SystemConfig( 1368): ro.product.name = a32xx
01-01 15:26:20.317 W/SystemConfig( 1368): fname = gtact4proue
01-01 15:26:20.317 W/SystemConfig( 1368): ro.product.name = a32xx
01-01 15:26:20.317 W/SystemConfig( 1368): fname = gtact4protur
01-01 15:26:20.317 W/SystemConfig( 1368): ro.product.name = a32xx
01-01 15:26:20.317 W/SystemConfig( 1368): fname = gtact4prowifieea
01-01 15:26:20.317 W/SystemConfig( 1368): ro.product.name = a32xx
01-01 15:26:20.317 W/SystemConfig( 1368): fname = gtact4prowifixx
01-01 15:26:20.317 W/SystemConfig( 1368): ro.product.name = a32xx
01-01 15:26:20.317 W/SystemConfig( 1368): fname = SC-56C
01-01 15:26:20.317 W/SystemConfig( 1368): ro.product.name = a32xx
01-01 15:26:20.317 I/SystemConfig( 1368): Reading permissions from
/product/etc/sysconfig/google_dps.xml
01-01 15:26:20.318 I/SystemConfig( 1368): Adding association: com.google.android.as
<- com.android.bluetooth
01-01 15:26:20.318 I/SystemConfig( 1368): Adding association: com.google.android.as
<- com.android.providers.contacts
01-01 15:26:20.318 I/SystemConfig( 1368): Adding association: com.google.android.as
<- com.android.providers.media
01-01 15:26:20.318 I/SystemConfig( 1368): Adding association: com.google.android.as
<- com.android.providers.telephony
01-01 15:26:20.318 I/SystemConfig( 1368): Adding association: com.google.android.as
<- com.android.systemui
01-01 15:26:20.318 I/SystemConfig( 1368): Adding association: com.google.android.as
<- com.google.android.providers.media.module
01-01 15:26:20.318 I/SystemConfig( 1368): Adding association: com.google.android.as
<- com.google.android.as.oss
01-01 15:26:20.318 I/SystemConfig( 1368): Adding association:
com.google.android.as.oss <- com.google.android.as
01-01 15:26:20.318 I/SystemConfig( 1368): Reading permissions from
/product/etc/sysconfig/preinstalled-packages-platform-overlays.xml
01-01 15:26:20.318 I/HidlServiceManagement( 1368): Registered
android.frameworks.stats@1.0::IStats/default
01-01 15:26:20.319 I/servicemanager( 496): Found
android.frameworks.stats.IStats/default in framework VINTF manifest.
01-01 15:26:20.319 I/servicemanager( 496): Adding 'u:r:system_server:s0' service
(android.frameworks.stats.IStats/default:1368)
01-01 15:26:20.319 I/SystemConfig( 1368): Reading permissions from
/product/etc/sysconfig/google_turbo.xml
01-01 15:26:20.319 D/SystemServerTiming( 1368): StartIStatsService took to
complete: 3ms
01-01 15:26:20.319 I/SystemServerTiming( 1368): MemtrackProxyService
01-01 15:26:20.320 I/SystemConfig( 1368): Reading permissions from
/product/etc/sysconfig/google-staged-installer-whitelist.xml
01-01 15:26:20.320 I/SystemConfig( 1368): Reading permissions from
/product/etc/sysconfig/google.xml
01-01 15:26:20.320 I/SystemConfig( 1368): Adding association: com.google.android.as
<- com.android.bluetooth
01-01 15:26:20.320 I/SystemConfig( 1368): Adding association: com.google.android.as
<- com.android.providers.contacts
01-01 15:26:20.320 I/SystemConfig( 1368): Adding association: com.google.android.as
<- com.android.providers.media
01-01 15:26:20.320 I/SystemConfig( 1368): Adding association: com.google.android.as
<- com.android.providers.telephony
01-01 15:26:20.320 I/SystemConfig( 1368): Adding association: com.google.android.as
<- com.android.systemui
01-01 15:26:20.320 I/SystemConfig( 1368): Adding association: com.google.android.as
<- com.google.android.providers.media.module
01-01 15:26:20.320 I/SystemConfig( 1368): Adding association: com.google.android.as
<- com.google.android.as.oss
01-01 15:26:20.320 I/SystemConfig( 1368): Adding association:
com.google.android.as.oss <- com.google.android.as
01-01 15:26:20.321 I/SystemConfig( 1368): Reading permissions from
/product/etc/sysconfig/google_duo.xml
01-01 15:26:20.321 I/SystemConfig( 1368): Reading permissions from
/product/etc/sysconfig/preinstalled-packages-platform-handheld-product.xml
01-01 15:26:20.321 I/SystemConfig( 1368): Reading permissions from
/product/etc/sysconfig/GoogleCellBroadcast_config.xml
01-01 15:26:20.321 E/servicemanager( 496): Could not find
android.hardware.memtrack.IMemtrack/default in the VINTF manifest.
01-01 15:26:20.322 I/SystemConfig( 1368): Reading permissions from
/product/etc/sysconfig/google_am.xml
01-01 15:26:20.322 I/Stability( 1368): Interface set with vintf stability wire
protocol version 1 downgraded to system stability wire protocol version 1 stability
01-01 15:26:20.322 I/SystemConfig( 1368): Reading permissions from
/product/etc/sysconfig/aer.xml
01-01 15:26:20.322 I/SystemConfig( 1368): Reading permissions from
/product/etc/sysconfig/wellbeing.xml
01-01 15:26:20.322 I/servicemanager( 496): Adding 'u:r:system_server:s0' service
(memtrack.proxy:1368)
01-01 15:26:20.322 I/SystemConfig( 1368): Reading permissions from
/product/etc/sysconfig/carrierwifi-sysconfig.xml
01-01 15:26:20.323 D/SystemServerTiming( 1368): MemtrackProxyService took to
complete: 3ms
01-01 15:26:20.323 I/SystemServerTiming( 1368): StartActivityManager
01-01 15:26:20.323 I/SystemServiceManager( 1368): Starting
com.android.server.wm.ActivityTaskManagerService$Lifecycle
01-01 15:26:20.323 I/SystemConfig( 1368): Reading permissions from
/product/etc/sysconfig/google-rollback-package-whitelist.xml
01-01 15:26:20.323 I/SystemConfig( 1368): Reading permissions from
/product/etc/permissions/carrierwifi.xml
01-01 15:26:20.324 I/SystemConfig( 1368): Reading permissions from
/product/etc/permissions/split-permissions-google.xml
01-01 15:26:20.324 I/SystemConfig( 1368): Reading permissions from
/product/etc/permissions/privapp-permissions-google-product.xml
01-01 15:26:20.326 I/SystemConfig( 1368): Reading permissions from
/product/etc/permissions/product-permissions-mediatek.xml
01-01 15:26:20.326 I/SystemConfig( 1368): Reading permissions from
/product/etc/permissions/privapp-permissions-google-comms-suite.xml
01-01 15:26:20.327 I/SystemConfig( 1368): Reading permissions from
/product/etc/permissions/turboapk-permissions.xml
01-01 15:26:20.327 W/SystemConfig( 1368): No directory /system_ext/etc/sysconfig,
skipping
01-01 15:26:20.328 I/SystemConfig( 1368): Reading permissions from
/system_ext/etc/permissions/com.android.carrierconfig.xml
01-01 15:26:20.330 I/SystemConfig( 1368): Reading permissions from
/system_ext/etc/permissions/com.android.systemui.xml
01-01 15:26:20.332 I/SystemConfig( 1368): Reading permissions from
/system_ext/etc/permissions/privapp-permissions-google-system-ext.xml
01-01 15:26:20.336 D/CoreStateController( 1368): CoreStateController()
01-01 15:26:20.339 I/SystemConfig( 1368): Reading permissions from
/system_ext/etc/permissions/com.android.storagemanager.xml
01-01 15:26:20.340 I/servicemanager( 496): Adding 'u:r:system_server:s0' service
(activity_task:1368)
01-01 15:26:20.341 I/SystemConfig( 1368): Reading permissions from
/system_ext/etc/permissions/com.samsung.systemui.xml
01-01 15:26:20.341 I/SystemServiceManager( 1368): Starting
com.android.server.am.ActivityManagerService$Lifecycle
01-01 15:26:20.343 I/ActivityManager( 1368): Memory class: 256
01-01 15:26:20.343 I/SystemConfig( 1368): Reading permissions from
/system_ext/etc/permissions/com.android.emergency.xml
01-01 15:26:20.345 I/Binder ( 1368): Setting heavy hitter watcher config: false,
0, 0.0
01-01 15:26:20.345 I/SystemConfig( 1368): Reading permissions from
/system_ext/etc/permissions/system-ext-permissions-mediatek.xml
01-01 15:26:20.348 W/SystemConfig( 1368): No directory /system/carrier/sysconfig,
skipping
01-01 15:26:20.348 W/SystemConfig( 1368): No directory /system/carrier/permissions,
skipping
01-01 15:26:20.349 I/SystemConfig( 1368): Reading permissions from
/prism/etc/carriers/single/KSA/sysconfig/whitelist_com.dti.samsung.xml
01-01 15:26:20.351 I/SystemConfig( 1368): Reading permissions from
/prism/etc/carriers/single/KSA/permissions/permission_ignite_com.dti.samsung.xml
01-01 15:26:20.355 I/BufferQueueProducer( 843): [samsungani565#0]
(this:0xb400007d5f691948,id:-1,api:0,p:-1,c:843) queueBuffer: fps=12.58 dur=1033.13
max=100.03 min=16.67
01-01 15:26:20.355 I/SystemConfig( 1368): Reading permissions from
/apex/com.android.tethering/etc/permissions/permissions.xml
01-01 15:26:20.356 I/hwcomposer( 785): [HWCDisplay] [Display_0 (type:1)]
fps:12.585244,dur:1032.96,max:100.32,min:16.75
01-01 15:26:20.356 W/SystemConfig( 1368): <privapp-permissions> not allowed in
partition of /apex/com.android.tethering/etc/permissions/permissions.xml at
START_TAG <privapp-permissions package='com.android.networkstack.tethering'>@19:71
in java.io.FileReader@565c3fa
01-01 15:26:20.358 I/SystemConfig( 1368): Reading permissions from
/apex/com.android.ipsec/etc/permissions/android.net.ipsec.ike.xml
01-01 15:26:20.363 D/SystemConfig( 1368): readAllPermissions took to complete:
197ms
01-01 15:26:20.363 D/SystemServerTimingAsync( 1368):
InitThreadPoolExec:ReadingSystemConfig took to complete: 197ms
01-01 15:26:20.368 D/BatteryDump( 786): wait_for_battery_event : occurred :
add@/devices/virtual/wakeup/wakeup54
01-01 15:26:20.368 D/BatteryDump( 786): wait_for_battery_event : occurred :
add@/devices/virtual/wakeup/wakeup55
01-01 15:26:20.368 D/BatteryDump( 786): wait_for_battery_event : occurred :
add@/devices/virtual/wakeup/wakeup56
01-01 15:26:20.368 D/BatteryDump( 786): wait_for_battery_event : occurred :
add@/devices/virtual/wakeup/wakeup57
01-01 15:26:20.370 I/PerProcessNandswap( 1368): Static Initialization of
PerProcessNandswap
01-01 15:26:20.370 I/PerProcessNandswap( 1368): createInstance start
01-01 15:26:20.375 I/ActivityManager( 1368): Connection with lmkd established
01-01 15:26:20.375 I/lmkd ( 495): lmkd data connection established
01-01 15:26:20.378 I/DHA_PROPERTY( 1368): highRes_MaxCached : 16
normalRes_MaxCached : 20
01-01 15:26:20.378 I/DHA_PROPERTY( 1368): DHA STEP 2
01-01 15:26:20.378 I/DHA_PROPERTY( 1368): DHA TH RATE 2.0
01-01 15:26:20.378 I/DHA_PROPERTY( 1368): DHA mSzDHAThreshold 33554432
01-01 15:26:20.378 I/DHA_PROPERTY( 1368): DHA DHA_INCREASE_THRESHOLD 2097152
01-01 15:26:20.378 I/CameraManagerGlobal( 1368):
unregisterCameraDeviceStateCallback
01-01 15:26:20.378 I/CameraManagerGlobal( 1368): registerCameraDeviceStateCallback
01-01 15:26:20.378 I/CameraManagerGlobal( 1368): Connecting to camera service
01-01 15:26:20.382 W/mnld ( 973): thread_adc_capture_init: open_port: Unable to
open /dev/gps_emi, retry:11
01-01 15:26:20.383 I/PackageWatchdog( 1368): Updated health check state for package
com.google.android.ext.services: INACTIVE -> PASSED
01-01 15:26:20.383 I/PackageWatchdog( 1368): Updated health check state for package
com.google.android.cellbroadcastservice: INACTIVE -> PASSED
01-01 15:26:20.383 I/PackageWatchdog( 1368): Updated health check state for package
com.samsung.android.incallui: INACTIVE -> PASSED
01-01 15:26:20.383 I/PackageWatchdog( 1368): Updated health check state for package
com.samsung.android.knox.pushmanager: INACTIVE -> PASSED
01-01 15:26:20.383 I/PackageWatchdog( 1368): Updated health check state for package
com.google.android.providers.media.module: INACTIVE -> PASSED
01-01 15:26:20.383 I/PackageWatchdog( 1368): Updated health check state for package
com.android.vending: INACTIVE -> PASSED
01-01 15:26:20.383 I/PackageWatchdog( 1368): Updated health check state for package
com.samsung.SMT: INACTIVE -> PASSED
01-01 15:26:20.383 I/PackageWatchdog( 1368): Updated health check state for package
android: INACTIVE -> PASSED
01-01 15:26:20.383 I/PackageWatchdog( 1368): Updated health check state for package
com.samsung.android.peripheral.framework: INACTIVE -> PASSED
01-01 15:26:20.383 I/PackageWatchdog( 1368): Updated health check state for package
com.samsung.android.app.telephonyui: INACTIVE -> PASSED
01-01 15:26:20.383 I/PackageWatchdog( 1368): Updated health check state for package
com.google.android.as: INACTIVE -> PASSED
01-01 15:26:20.383 I/PackageWatchdog( 1368): Updated health check state for package
com.google.android.permissioncontroller: INACTIVE -> PASSED
01-01 15:26:20.383 I/PackageWatchdog( 1368): Updated health check state for package
com.google.android.setupwizard: INACTIVE -> PASSED
01-01 15:26:20.383 I/PackageWatchdog( 1368): Updated health check state for package
com.samsung.android.tadownloader: INACTIVE -> PASSED
01-01 15:26:20.383 I/PackageWatchdog( 1368): Updated health check state for package
com.sec.imsservice: INACTIVE -> PASSED
01-01 15:26:20.383 I/PackageWatchdog( 1368): Updated health check state for package
com.samsung.android.cmfa.framework: INACTIVE -> PASSED
01-01 15:26:20.383 I/PackageWatchdog( 1368): Updated health check state for package
com.google.android.gms: INACTIVE -> PASSED
01-01 15:26:20.383 I/PackageWatchdog( 1368): Updated health check state for package
com.google.android.gsf: INACTIVE -> PASSED
01-01 15:26:20.383 I/PackageWatchdog( 1368): Updated health check state for package
com.sec.android.diagmonagent: INACTIVE -> PASSED
01-01 15:26:20.383 I/PackageWatchdog( 1368): Updated health check state for package
com.sec.android.app.launcher: INACTIVE -> PASSED
01-01 15:26:20.383 I/PackageWatchdog( 1368): Updated health check state for package
com.samsung.android.fmm: INACTIVE -> PASSED
01-01 15:26:20.383 I/PackageWatchdog( 1368): Updated health check state for package
com.android.settings: INACTIVE -> PASSED
01-01 15:26:20.383 I/PackageWatchdog( 1368): Updated health check state for package
com.samsung.android.lool: INACTIVE -> PASSED
01-01 15:26:20.383 I/PackageWatchdog( 1368): Updated health check state for package
com.sec.android.app.bluetoothtest: INACTIVE -> PASSED
01-01 15:26:20.383 I/PackageWatchdog( 1368): Updated health check state for package
com.sec.android.sdhms: INACTIVE -> PASSED
01-01 15:26:20.383 I/PackageWatchdog( 1368): Updated health check state for package
com.android.phone: INACTIVE -> PASSED
01-01 15:26:20.383 I/PackageWatchdog( 1368): Updated health check state for package
com.samsung.android.app.omcagent: INACTIVE -> PASSED
01-01 15:26:20.383 I/PackageWatchdog( 1368): Updated health check state for package
com.wssyncmldm: INACTIVE -> PASSED
01-01 15:26:20.383 I/PackageWatchdog( 1368): Updated health check state for package
com.android.systemui: INACTIVE -> PASSED
01-01 15:26:20.383 I/PackageWatchdog( 1368): Updated health check state for package
com.android.bluetooth: INACTIVE -> PASSED
01-01 15:26:20.383 I/PackageWatchdog( 1368): Updated health check state for package
com.samsung.android.app.dressroom: INACTIVE -> PASSED
01-01 15:26:20.384 D/ActivityManager_KPM( 1368): Current Launcher:
com.sec.android.app.launcher
01-01 15:26:20.386 I/ActivityManager( 1368): SwappinessController() - default
value: 130
01-01 15:26:20.386 I/ActivityManager_KPM( 1368): KillPolicyManager()
01-01 15:26:20.386 I/ActivityManager_KPM( 1368): initKillPolicyManager()
01-01 15:26:20.388 W/mnld_pwr_interface( 973): mnld_pwr_open: mnld_pwr_open,
/dev/gps_pwr failed:No such file or directory
01-01 15:26:20.388 D/IAFDDBManager( 1368): mDBInitReTryCnt=1
01-01 15:26:20.388 E/mnld_pwr_interface( 973): mnld_pwr_control_thread:
mnld_pwr_open failed, No such file or directory, retry:5
01-01 15:26:20.393 D/BatteryStatsImpl( 1368): Reading daily items from
/data/system/batterystats-daily.xml
01-01 15:26:20.406 W/ccci_fsd(1)( 846): O: X://CS16_000, flag 0x700, ret 1
01-01 15:26:20.406 W/ccci_fsd(1)( 846): O: Y://CS16_000, flag 0x700, ret 1
01-01 15:26:20.411 W/ccci_fsd(1)( 846): O: X://CS27A000, flag 0x700, ret 1
01-01 15:26:20.412 W/ccci_fsd(1)( 846): O: Y://CS27B000, flag 0x700, ret 1
01-01 15:26:20.413 I/hwservicemanager( 497): getTransport: Cannot find entry
android.hardware.power.stats@1.0::IPowerStats/default in either framework or device
VINTF manifest.
01-01 15:26:20.413 E/BatteryStatsService( 1368): Unable to load Power.Stats.HAL.
Setting rail availability to false
01-01 15:26:20.414 E/BluetoothAdapter( 1368): Bluetooth binder is null
01-01 15:26:20.414 D/BatteryExternalStatsWorker( 1368): update stats : write (63)
01-01 15:26:20.414 I/KernelCpuUidFreqTimeReader( 1368):
mPerClusterTimesAvailable=true
01-01 15:26:20.418 W/KernelCpuUidFreqTimeBpfMapReader( 1368): Failed to start
tracking
01-01 15:26:20.419 W/KernelCpuUidActiveTimeBpfMapReader( 1368): Failed to start
tracking
01-01 15:26:20.421 W/KernelCpuUidClusterTimeBpfMapReader( 1368): Failed to start
tracking
01-01 15:26:20.424 E/system_server( 1368): Cannot read thread CPU times for PID
1368
01-01 15:26:20.474 W/KernelMemoryBandwidthStats( 1368): No kernel memory bandwidth
stats available
01-01 15:26:20.474 D/BatteryExternalStatsWorker( 1368): done
updateExternalStatsLocked
01-01 15:26:20.478 I/ccci_fsd(1)( 846): syscalltime: [read] [times]: 545
[timecost] 489843455 ns
01-01 15:26:20.478 D/ccci_mdinit( 846): (1):md status event 10
01-01 15:26:20.478 D/ccci_mdinit( 846): (1):set md
status:vendor.mtk.md1.status=ready
01-01 15:26:20.478 I/ccci_fsd(1)( 846): syscalltime: [write] [times]: 701
[timecost] 52435547 ns
01-01 15:26:20.478 I/ccci_fsd(1)( 846): syscalltime: [open] [times]: 956
[timecost] 78601525 ns
01-01 15:26:20.478 I/ccci_fsd(1)( 846): syscalltime: [close] [times]: 954
[timecost] 17988314 ns
01-01 15:26:20.478 I/ccci_fsd(1)( 846): syscalltime: [lseek] [times]: 283
[timecost] 1326389 ns
01-01 15:26:20.478 I/ccci_fsd(1)( 846): syscalltime: [fstat] [times]: 74
[timecost] 426461 ns
01-01 15:26:20.478 I/ccci_fsd(1)( 846): syscalltime: [fsync] [times]: 409
[timecost] 1300824544 ns
01-01 15:26:20.478 I/ccci_fsd(1)( 846): syscalltime: [unlink] [times]: 192
[timecost] 43402153 ns
01-01 15:26:20.478 I/ccci_fsd(1)( 846): syscalltime: [opendir] [times]: 6
[timecost] 307922 ns
01-01 15:26:20.478 I/ccci_fsd(1)( 846): syscalltime: [readdir] [times]: 503
[timecost] 11672758 ns
01-01 15:26:20.478 I/ccci_fsd(1)( 846): syscalltime: [closedir] [times]: 6
[timecost] 284078 ns
01-01 15:26:20.478 I/ccci_fsd(1)( 846): syscalltime: [stat] [times]: 2467
[timecost] 82231302 ns
01-01 15:26:20.478 I/ccci_fsd(1)( 846): syscalltime: [access] [times]: 3
[timecost] 84846 ns
01-01 15:26:20.478 I/ccci_fsd(1)( 846): syscalltime: [umask] [times]: 1
[timecost] 1538 ns
01-01 15:26:20.478 I/ccci_fsd(1)( 846): syscalltime: [signal] [times]: 1
[timecost] 21307 ns
01-01 15:26:20.478 I/ccci_fsd(1)( 846): syscalltime: [undefined] [times]: 1
[timecost] 78693 ns
01-01 15:26:20.478 I/ccci_fsd(1)( 846): syscalltime: [localtime] [times]: 485
[timecost] 5805374 ns
01-01 15:26:20.478 I/ccci_fsd(1)( 846): total fs sys call(except read for wait
packet): [times]: 7587 [timecost]: 2085336206 ns
01-01 15:26:20.478 I/ccci_fsd(1)( 846): total read sys call for wait packet:
[times]: 4052 [timecost]: 584152908 ns
01-01 15:26:20.478 I/ccci_fsd(1)( 846): md bootup end time :(26 132156386)
01-01 15:26:20.478 I/ccci_mdinit( 846): (1):MD1 set status: mtk.md1.status=ready
01-01 15:26:20.479 D/ccci_mdinit( 846): (1):s: 0x10; data: 00000003 00000000
00000000 00000000
01-01 15:26:20.479 D/ccci_mdinit( 846): (1):system boot Mode: 0
01-01 15:26:20.479 D/ccci_mdinit( 846): (1):start all ccci up layer services
01-01 15:26:20.479 I/ccci_mdinit( 846): (1):start_service init.svc.emdlogger1, but
returned 0, maybe has no this property
01-01 15:26:20.480 D/SpeechDriverNormal( 779): processModemControlMessage(), MD
Alive, id: 0xafa0, param16: 0x0, param32: 0x0
01-01 15:26:20.480 D/SpeechDriverNormal( 779): processModemAlive(), mIpcLpbkSwitch
0x0
01-01 15:26:20.480 D/SpeechDriverNormal( 779): sendSpeechMessageToModem(), send
msg done, id: 0x2fa0, param16: 0x0, param32: 0x0
01-01 15:26:20.481 W/ServiceManager( 994): Service package_native didn't start.
Returning NULL
01-01 15:26:20.481 E/ServiceUtilities( 994): getInfo: Cannot find package_native
01-01 15:26:20.481 W/AudioAnalytics( 994): (key=audio.flinger) Audioflinger
constructor event detected
01-01 15:26:20.485 I/ccci_mdinit( 846): (1):wait_for_property: is_stop_wait: 0
01-01 15:26:20.485 I/ccci_mdinit( 846):
(1):wait_for_property:success(init.svc.emdlogger1=running), loop:0
01-01 15:26:20.485 D/ccci_mdinit( 846): (1):modem boot ready and deamon begin to
run!
01-01 15:26:20.485 D/ccci_mdinit( 846): (1):MD is release version
01-01 15:26:20.499 W/ccci_fsd(1)( 846): O: X://CS25A000, flag 0x700, ret 1
01-01 15:26:20.519 I/EMDLOGGER1( 1416): 2022-5-26.1 previous mask value is 077
01-01 15:26:20.519 W/ServiceManager( 1020): Service package_native didn't start.
Returning NULL
01-01 15:26:20.520 E/storaged( 1020): getService package_native failed
01-01 15:26:20.520 I/EMDLOGGER1( 1416): persist.vendor.em.dy.debug=0
01-01 15:26:20.520 D/EMDLOGGER1( 1416): customized_mode = 0
01-01 15:26:20.520 D/EMDLOGGER1( 1416): Titan customized_mode = ,default_start = 0
01-01 15:26:20.520 W/android.hardware.health@2.1-service-samsung( 786):
registerCallback
01-01 15:26:20.520 I/EMDLOGGER1( 1416): ro.crypto.state: encrypted
01-01 15:26:20.521 I/EMDLOGGER1( 1416):
persist.vendor.decrypt.time_out:30,waiting:30
01-01 15:26:20.521 I/EMDLOGGER1( 1416): ro.crypto.type: file
01-01 15:26:20.521 D/EMDLOGGER1( 1416): getDumpType old:
persist.sys.mdlog_dumpback=0
01-01 15:26:20.521 E/libc ( 1416): Access denied finding property
"persist.odm.sys.mdlog_dumpback"
01-01 15:26:20.521 D/EMDLOGGER1( 1416): getDumpType:
persist.odm.sys.mdlog_dumpback=0
01-01 15:26:20.521 D/EMDLOGGER1( 1416): boot mode
struct:size=3,tag=1090521090,mode=0
01-01 15:26:20.521 D/EMDLOGGER1( 1416): PROP_ENABLE_DEBUG_LOG
persist.vendor.mdlog1.logmuch = 0
01-01 15:26:20.521 E/audit ( 746): type=1400 audit(1672575980.516:155): avc:
denied { read } for pid=1416 comm="emdlogger1"
name="u:object_r:vendor_default_prop:s0" dev="tmpfs" ino=8570
scontext=u:r:emdlogger:s0 tcontext=u:object_r:vendor_default_prop:s0 tclass=file
permissive=0 SEPF_SM-A325F_12_0001 audit_filtered
01-01 15:26:20.521 E/audit ( 746): type=1300 audit(1672575980.516:155):
arch=c00000b7 syscall=56 success=no exit=-13 a0=ffffff9c a1=7fd1f49688 a2=88000
a3=0 items=0 ppid=1 pid=1416 auid=4294967295 uid=2000 gid=1007 euid=2000 suid=2000
fsuid=2000 egid=1007 sgid=1007 fsgid=1007 tty=(none) ses=4294967295
comm="emdlogger1" exe="/system/system_ext/bin/emdlogger1" subj=u:r:emdlogger:s0
key=(null)
01-01 15:26:20.521 E/audit ( 746): type=1327 audit(1672575980.516:155):
proctitle="/system/system_ext/bin/emdlogger1"
01-01 15:26:20.521 E/EMDLOGGER1( 1416): getCCBGearID: open device-tree node
failed,err=No such file or directory
01-01 15:26:20.522 W/ccci_fsd(1)( 846): O: Y://CS25B000, flag 0x700, ret 1
01-01 15:26:20.522 I/android.hardware.health@2.1-service-samsung( 786): start
ISehThermal::getService()
01-01 15:26:20.524 E/android.hardware.health@2.1-service-samsung( 786): Could not
open /sys/class/power_supply/battery/lrp
01-01 15:26:20.525 I/storaged( 1020): storaged: Start
01-01 15:26:20.525 D/EMDLOGGER1( 1416): dllopen /system/lib64/libsysenv_system.so
ok
01-01 15:26:20.525 I/servicemanager( 496): Adding 'u:r:storaged:s0' service
(storaged:1020)
01-01 15:26:20.525 D/emdlogger1( 1416): [SYSENV]sysenv_get_with_area():337 , get
env name=md1_ccb_cap_gear
01-01 15:26:20.525 D/emdlogger1( 1416): [SYSENV]get_env_info():225 , initialize
01-01 15:26:20.527 D/emdlogger1( 1416): [SYSENV]get_partition_path():84 , partition
path = /dev/block/platform/bootdevice/by-name/para
01-01 15:26:20.527 E/emdlogger1( 1416): [SYSENV]get_env_info():240 ,
env_buffer[0] : 0xb400007c6e2d4e00
01-01 15:26:20.527 I/servicemanager( 496): Adding 'u:r:storaged:s0' service
(storaged_pri:1020)
01-01 15:26:20.528 I/ServiceManager( 1020): Waiting for service 'package_native' on
'/dev/binder'...
01-01 15:26:20.528 D/emdlogger1( 1416): [SYSENV]read_env_area():158 , read 16384
data from 0x20000 to 0xb400007c6e2d4e00
01-01 15:26:20.528 D/emdlogger1( 1416): [SYSENV]get_env_info():269 , ENV initialize
success
01-01 15:26:20.528 D/EMDLOGGER1( 1416): my sysenv_get key md1_ccb_cap_gear value is
1.
01-01 15:26:20.529 I/EMDLOGGER1( 1416): mkdir: Failed.[/data/mdlog/bootupLog/]
errno=17
01-01 15:26:20.539 I/EMDLOGGER1( 1416): mkdir: access file ok
01-01 15:26:20.539 D/EMDLOGGER1( 1416): key log file: /data/mdlog/filter_history is
created.
01-01 15:26:20.540 D/ccci_lib( 1416): read info:[modem num]:1
01-01 15:26:20.540 D/ccci_lib( 1416): [modem en]:1-0-0-0-0
01-01 15:26:20.540 D/ccci_lib( 1416): [MTK_ECCCI_C2K]:1
01-01 15:26:20.540 D/ccci_lib( 1416): [ccci_drv_ver]:V2
01-01 15:26:20.540 D/ccci_lib( 1416): [MTK_MD_CAP]:12
01-01 15:26:20.540 D/ccci_lib( 1416): [MTK_SRIL_SUPPORT]:1
01-01 15:26:20.540 D/ccci_lib( 1416): total:108
01-01 15:26:20.540 D/ccci_lib( 1416): parse_info name:modem num
01-01 15:26:20.540 D/EMDLOGGER1( 1416): initUSBPortMappingFile get current port is
1
01-01 15:26:20.541 W/SpeechMessengerNormal( 779): formatShareMemoryThread(), #36
checkModemReady done
01-01 15:26:20.542 I/EMDLOGGER1( 1416): Auto Run com.mediatek.log.modem.enabled =
false.
01-01 15:26:20.542 I/EMDLOGGER1( 1416): Titan default_start value = 0. autostart =
0
01-01 15:26:20.542 D/EMDLOGGER1( 1416): Get remove suffix flag = 0 from mtk-log-
config file.
01-01 15:26:20.543 D/SpeechExtMemCCCI( 779): formatShareMemory(), mShareMemory:
0xe76d0000, ap_flag: 0x1, md_flag: 0x0, struct_checksum: 124
01-01 15:26:20.543 D/SpeechExtMemCCCI( 779): formatShareMemory(), [sph_param]
offset: 128, size: 12288, [ap_data] offset: 12416, size: 8192, [md_data] offset:
20608, size: 32608
01-01 15:26:20.543 D/SpeechExtMemCCCI( 779): formatShareMemory(), [sph_param]
read_idx: 0, write_idx: 0, [ap_data] read_idx: 0, write_idx: 0, [md_data] read_idx:
0, write_idx: 0
01-01 15:26:20.543 D/SpeechMessengerNormal( 779): formatShareMemoryThread(),
terminated
01-01 15:26:20.543 D/EMDLOGGER1( 1416): Get auto start mode: 3
01-01 15:26:20.544 D/EMDLOGGER1( 1416): getSavedLoggingMode(): mode = 3
