01-05 12:13:33.016 14455 14455 E TAG : bindData: https://src.guangzhuiyuan.com/a_kty0p5tvscposq0/image/filter/thumbnail/ feature06.webp
01-05 12:13:33.022 14455 14455 E TAG : bindData: https://src.guangzhuiyuan.com/a_kty0p5tvscposq0/image/filter/thumbnail/ feature07.webp
01-05 12:13:33.029 14455 14455 E TAG : bindData: https://src.guangzhuiyuan.com/a_kty0p5tvscposq0/image/filter/thumbnail/ snowfall01.webp
01-05 12:13:33.035 14455 14455 E TAG : bindData: https://src.guangzhuiyuan.com/a_kty0p5tvscposq0/image/filter/thumbnail/ snowfall02.webp
01-05 12:13:33.041 14455 14631 E TAG : drawFace: rect ratio w: 0.5513889 ratio h: 0.49375004
01-05 12:13:33.041 14455 14631 E TAG : drawFace: texture ratio w: 0.55138886 ratio h: 0.49375
01-05 12:13:33.043 14455 14455 E TAG : bindData: https://src.guangzhuiyuan.com/a_kty0p5tvscposq0/image/filter/thumbnail/ snowfall03.webp
01-05 12:13:33.043 14455 14631 D TAG : refreshParams: facetop: [0.0, 0.0]
01-05 12:13:33.043 14455 14631 D TAG : refreshParams: eyes_smiley: [0.0, 0.0]
01-05 12:13:33.043 14455 14631 D TAG : refreshParams: nose_bridge: [0.5, 0.5]
01-05 12:13:33.043 14455 14631 D TAG : refreshParams: nose_position: [0.5, 0.5]
01-05 12:13:33.050 14455 14455 E TAG : bindData: https://src.guangzhuiyuan.com/a_kty0p5tvscposq0/image/filter/thumbnail/ snowfall04.webp
01-05 12:13:33.066 14455 14455 E TAG : bindData: https://src.guangzhuiyuan.com/a_kty0p5tvscposq0/image/filter/thumbnail/filme04.webp
01-05 12:13:33.072 14455 14455 E TAG : bindData: https://src.guangzhuiyuan.com/a_kty0p5tvscposq0/image/filter/thumbnail/ artistic01.webp
01-05 12:13:33.090 14455 14631 E TAG : drawFace: rect ratio w: 0.5513889 ratio h: 0.49375004
01-05 12:13:33.090 14455 14631 E TAG : drawFace: texture ratio w: 0.55138886 ratio h: 0.49375
01-05 12:13:33.092 14455 14631 D TAG : refreshParams: facetop: [0.0, 0.0]
01-05 12:13:33.092 14455 14631 D TAG : refreshParams: eyes_smiley: [0.0, 0.0]
01-05 12:13:33.092 14455 14631 D TAG : refreshParams: nose_bridge: [0.5, 0.5]
01-05 12:13:33.092 14455 14631 D TAG : refreshParams: nose_position: [0.5, 0.5]
01-05 12:13:33.135 14455 14631 E TAG : drawFace: rect ratio w: 0.5513889 ratio h: 0.49375004
01-05 12:13:33.135 14455 14631 E TAG : drawFace: texture ratio w: 0.55138886 ratio h: 0.49375
01-05 12:13:33.139 14455 14631 D TAG : refreshParams: facetop: [0.0, 0.0]
01-05 12:13:33.140 14455 14631 D TAG : refreshParams: eyes_smiley: [0.0, 0.0]
01-05 12:13:33.140 14455 14631 D TAG : refreshParams: nose_bridge: [0.5, 0.5]
01-05 12:13:33.140 14455 14631 D TAG : refreshParams: nose_position: [0.5, 0.5]
01-05 12:13:33.175 14455 14631 E TAG : drawFace: rect ratio w: 0.5513889 ratio h: 0.49375004
01-05 12:13:33.175 14455 14631 E TAG : drawFace: texture ratio w: 0.55138886 ratio h: 0.49375
01-05 12:13:33.179 14455 14631 D TAG : refreshParams: facetop: [0.0, 0.0]
01-05 12:13:33.179 14455 14631 D TAG : refreshParams: eyes_smiley: [0.0, 0.0]
01-05 12:13:33.179 14455 14631 D TAG : refreshParams: nose_bridge: [0.5, 0.5]
01-05 12:13:33.179 14455 14631 D TAG : refreshParams: nose_position: [0.5, 0.5]
01-05 12:13:33.216 14455 14631 E TAG : drawFace: rect ratio w: 0.5513889 ratio h: 0.49375004
01-05 12:13:33.216 14455 14631 E TAG : drawFace: texture ratio w: 0.55138886 ratio h: 0.49375
01-05 12:13:33.220 14455 14631 D TAG : refreshParams: facetop: [0.0, 0.0]
01-05 12:13:33.220 14455 14631 D TAG : refreshParams: eyes_smiley: [0.0, 0.0]
01-05 12:13:33.220 14455 14631 D TAG : refreshParams: nose_bridge: [0.5, 0.5]
01-05 12:13:33.220 14455 14631 D TAG : refreshParams: nose_position: [0.5, 0.5]
01-05 12:13:33.276 14455 14631 E TAG : drawFace: rect ratio w: 0.5513889 ratio h: 0.49375004
01-05 12:13:33.276 14455 14631 E TAG : drawFace: texture ratio w: 0.55138886 ratio h: 0.49375
01-05 12:13:33.280 14455 14631 D TAG : refreshParams: facetop: [0.0, 0.0]
01-05 12:13:33.280 14455 14631 D TAG : refreshParams: eyes_smiley: [0.0, 0.0]
01-05 12:13:33.280 14455 14631 D TAG : refreshParams: nose_bridge: [0.5, 0.5]
01-05 12:13:33.280 14455 14631 D TAG : refreshParams: nose_position: [0.5, 0.5]
01-05 12:13:33.329 14455 14631 E TAG : drawFace: rect ratio w: 0.55833334 ratio h: 0.49375004
01-05 12:13:33.329 14455 14631 E TAG : drawFace: texture ratio w: 0.55833334 ratio h: 0.49375
01-05 12:13:33.335 14455 14631 D TAG : refreshParams: facetop: [0.0, 0.0]
01-05 12:13:33.335 14455 14631 D TAG : refreshParams: eyes_smiley: [0.0, 0.0]
01-05 12:13:33.335 14455 14631 D TAG : refreshParams: nose_bridge: [0.5, 0.5]
01-05 12:13:33.335 14455 14631 D TAG : refreshParams: nose_position: [0.5, 0.5]
01-05 12:13:33.374 14455 14631 E TAG : drawFace: rect ratio w: 0.55833334 ratio h: 0.48749998
01-05 12:13:33.374 14455 14631 E TAG : drawFace: texture ratio w: 0.55833334 ratio h: 0.48645833
01-05 12:13:33.380 14455 14631 D TAG : refreshParams: facetop: [0.0, 0.0]
01-05 12:13:33.380 14455 14631 D TAG : refreshParams: eyes_smiley: [0.0, 0.0]
01-05 12:13:33.380 14455 14631 D TAG : refreshParams: nose_bridge: [0.5, 0.5]
01-05 12:13:33.380 14455 14631 D TAG : refreshParams: nose_position: [0.5, 0.5]
01-05 12:13:33.422 14455 14631 E TAG : drawFace: rect ratio w: 0.55138886 ratio h: 0.48749998
01-05 12:13:33.422 14455 14631 E TAG : drawFace: texture ratio w: 0.55 ratio h: 0.48645833
01-05 12:13:33.428 14455 14631 D TAG : refreshParams: facetop: [0.0, 0.0]
01-05 12:13:33.428 14455 14631 D TAG : refreshParams: eyes_smiley: [0.0, 0.0]
01-05 12:13:33.428 14455 14631 D TAG : refreshParams: nose_bridge: [0.5, 0.5]
01-05 12:13:33.428 14455 14631 D TAG : refreshParams: nose_position: [0.5, 0.5]
01-05 12:13:33.492 14455 14631 E TAG : drawFace: rect ratio w: 0.55138886 ratio h: 0.48749998
01-05 12:13:33.493 14455 14631 E TAG : drawFace: texture ratio w: 0.55 ratio h: 0.48645833
01-05 12:13:33.510 14455 14631 D TAG : refreshParams: facetop: [0.0, 0.0]
01-05 12:13:33.510 14455 14631 D TAG : refreshParams: eyes_smiley: [0.0, 0.0]
01-05 12:13:33.510 14455 14631 D TAG : refreshParams: nose_bridge: [0.5, 0.5]
01-05 12:13:33.510 14455 14631 D TAG : refreshParams: nose_position: [0.5, 0.5]
01-05 12:13:33.548 14455 14631 E TAG : drawFace: rect ratio w: 0.55138886 ratio h: 0.48749998
01-05 12:13:33.548 14455 14631 E TAG : drawFace: texture ratio w: 0.55 ratio h: 0.48645833
01-05 12:13:33.553 14455 14631 D TAG : refreshParams: facetop: [0.0, 0.0]
01-05 12:13:33.553 14455 14631 D TAG : refreshParams: eyes_smiley: [0.0, 0.0]
01-05 12:13:33.553 14455 14631 D TAG : refreshParams: nose_bridge: [0.5, 0.5]
01-05 12:13:33.553 14455 14631 D TAG : refreshParams: nose_position: [0.5, 0.5]
01-05 12:13:33.594 14455 14631 E TAG : drawFace: rect ratio w: 0.55833334 ratio h: 0.48333332
01-05 12:13:33.594 14455 14631 E TAG : drawFace: texture ratio w: 0.55833334 ratio h: 0.48333332
01-05 12:13:33.600 14455 14631 D TAG : refreshParams: facetop: [0.0, 0.0]
01-05 12:13:33.600 14455 14631 D TAG : refreshParams: eyes_smiley: [0.0, 0.0]
01-05 12:13:33.600 14455 14631 D TAG : refreshParams: nose_bridge: [0.5, 0.5]
01-05 12:13:33.600 14455 14631 D TAG : refreshParams: nose_position: [0.5, 0.5]
01-05 12:13:33.648 14455 14631 E TAG : drawFace: rect ratio w: 0.55833334 ratio h: 0.48333335
01-05 12:13:33.648 14455 14631 E TAG : drawFace: texture ratio w: 0.55833334 ratio h: 0.48333332
01-05 12:13:33.655 14455 14631 D TAG : refreshParams: facetop: [0.0, 0.0]
01-05 12:13:33.656 14455 14631 D TAG : refreshParams: eyes_smiley: [0.0, 0.0]
01-05 12:13:33.656 14455 14631 D TAG : refreshParams: nose_bridge: [0.5, 0.5]
01-05 12:13:33.656 14455 14631 D TAG : refreshParams: nose_position: [0.5, 0.5]
01-05 12:13:33.698 14455 14631 E TAG : drawFace: rect ratio w: 0.55833334 ratio h: 0.4875
01-05 12:13:33.698 14455 14631 E TAG : drawFace: texture ratio w: 0.55833334 ratio h: 0.4875
01-05 12:13:33.704 14455 14631 D TAG : refreshParams: facetop: [0.0, 0.0]
01-05 12:13:33.705 14455 14631 D TAG : refreshParams: eyes_smiley: [0.0, 0.0]
01-05 12:13:33.705 14455 14631 D TAG : refreshParams: nose_bridge: [0.5, 0.5]
01-05 12:13:33.705 14455 14631 D TAG : refreshParams: nose_position: [0.5, 0.5]
01-05 12:13:33.747 14455 14631 E TAG : drawFace: rect ratio w: 0.55138886 ratio h: 0.4875
01-05 12:13:33.748 14455 14631 E TAG : drawFace: texture ratio w: 0.55 ratio h: 0.4875
01-05 12:13:33.749 14455 14466 I amera.videocall: Background concurrent copying GC freed 149230(4015KB) AllocSpace objects, 46(10MB) LOS objects, 49% free, 12MB/24MB, paused 506us,122us total 111.817ms
01-05 12:13:33.752 14455 14631 D TAG : refreshParams: facetop: [0.0, 0.0]
01-05 12:13:33.752 14455 14631 D TAG : refreshParams: eyes_smiley: [0.0, 0.0]
01-05 12:13:33.752 14455 14631 D TAG : refreshParams: nose_bridge: [0.5, 0.5]
01-05 12:13:33.752 14455 14631 D TAG : refreshParams: nose_position: [0.5, 0.5]
01-05 12:13:33.787 14455 14631 E TAG : drawFace: rect ratio w: 0.55833334 ratio h: 0.49375
01-05 12:13:33.787 14455 14631 E TAG : drawFace: texture ratio w: 0.55833334 ratio h: 0.49375
01-05 12:13:33.793 14455 14631 D TAG : refreshParams: facetop: [0.0, 0.0]
01-05 12:13:33.793 14455 14631 D TAG : refreshParams: eyes_smiley: [0.0, 0.0]
01-05 12:13:33.793 14455 14631 D TAG : refreshParams: nose_bridge: [0.5, 0.5]
01-05 12:13:33.793 14455 14631 D TAG : refreshParams: nose_position: [0.5, 0.5]
01-05 12:13:33.817 14455 14455 I [LiveEventBus]: post: com.lightcone.beautycam.viewmodel.event.ResourceDownloadEvent@fa19756 with key: class com.lightcone.beautycam.viewmodel.event.ResourceDownloadEvent
01-05 12:13:33.817 14455 14455 I [LiveEventBus]: message received: com.lightcone.beautycam.viewmodel.event.ResourceDownloadEvent@fa19756
01-05 12:13:33.818 14455 14455 I [LiveEventBus]: message received: com.lightcone.beautycam.viewmodel.event.ResourceDownloadEvent@fa19756
01-05 12:13:33.835 14455 14631 E TAG : drawFace: rect ratio w: 0.55833334 ratio h: 0.4875
01-05 12:13:33.835 14455 14631 E TAG : drawFace: texture ratio w: 0.55833334 ratio h: 0.4875
01-05 12:13:33.840 14455 14631 D TAG : refreshParams: facetop: [0.0, 0.0]
01-05 12:13:33.840 14455 14631 D TAG : refreshParams: eyes_smiley: [0.0, 0.0]
01-05 12:13:33.840 14455 14631 D TAG : refreshParams: nose_bridge: [0.5, 0.5]
01-05 12:13:33.840 14455 14631 D TAG : refreshParams: nose_position: [0.5, 0.5]
01-05 12:13:33.854 14455 14500 W RenderInspector: QueueBuffer time out on com.accarunit.beauty.camera.videocall/com.lightcone.beautycam.activity.BeautyCamera Activity, count=7, avg=11 ms, max=28 ms.
01-05 12:13:33.881 14455 14631 E TAG : drawFace: rect ratio w: 0.55833334 ratio h: 0.49374998
01-05 12:13:33.881 14455 14631 E TAG : drawFace: texture ratio w: 0.55833334 ratio h: 0.49270833
01-05 12:13:33.884 14455 14631 D TAG : refreshParams: facetop: [0.0, 0.0]
01-05 12:13:33.884 14455 14631 D TAG : refreshParams: eyes_smiley: [0.0, 0.0]
01-05 12:13:33.884 14455 14631 D TAG : refreshParams: nose_bridge: [0.5, 0.5]
01-05 12:13:33.884 14455 14631 D TAG : refreshParams: nose_position: [0.5, 0.5]
01-05 12:13:33.927 14455 14631 E TAG : drawFace: rect ratio w: 0.5513889 ratio h: 0.49895832
01-05 12:13:33.927 14455 14631 E TAG : drawFace: texture ratio w: 0.55138886 ratio h: 0.49895832
01-05 12:13:33.934 14455 14631 D TAG : refreshParams: facetop: [0.0, 0.0]
01-05 12:13:33.934 14455 14631 D TAG : refreshParams: eyes_smiley: [0.0, 0.0]
01-05 12:13:33.934 14455 14631 D TAG : refreshParams: nose_bridge: [0.5, 0.5]
01-05 12:13:33.934 14455 14631 D TAG : refreshParams: nose_position: [0.5, 0.5]
01-05 12:13:33.945 14455 14455 I [LiveEventBus]: broadcast: com.lightcone.beautycam.viewmodel.event.SelectedFilterEvent@e7853d5 foreground: false with key: class com.lightcone.beautycam.viewmodel.event.SelectedFilterEvent
01-05 12:13:33.948 14455 14455 I [LiveEventBus]: broadcast: com.lightcone.beautycam.viewmodel.event.FilterIntensityUpdateEvent@e84c7ea foreground: false with key: class com.lightcone.beautycam.viewmodel.event.FilterIntensityUpdateEvent
01-05 12:13:33.949 14455 14455 I [LiveEventBus]: post: com.lightcone.beautycam.viewmodel.event.ResourceDownloadEvent@c6e9adb with key: class com.lightcone.beautycam.viewmodel.event.ResourceDownloadEvent
01-05 12:13:33.949 14455 14455 I [LiveEventBus]: message received: com.lightcone.beautycam.viewmodel.event.ResourceDownloadEvent@c6e9adb
01-05 12:13:33.950 14455 14455 I [LiveEventBus]: message received: com.lightcone.beautycam.viewmodel.event.ResourceDownloadEvent@c6e9adb
01-05 12:13:33.972 14455 14631 E TAG : drawFace: rect ratio w: 0.5513889 ratio h: 0.49374998
01-05 12:13:33.972 14455 14631 E TAG : drawFace: texture ratio w: 0.55138886 ratio h: 0.49270833
01-05 12:13:33.977 14455 14455 I [LiveEventBus]: post: com.lightcone.beautycam.viewmodel.event.SelectedFilterEvent@7df78b6 with key: class com.lightcone.beautycam.viewmodel.event.SelectedFilterEvent
01-05 12:13:33.978 14455 14455 I [LiveEventBus]: message received: com.lightcone.beautycam.viewmodel.event.SelectedFilterEvent@7df78b6
01-05 12:13:33.978 14455 14631 D TAG : refreshParams: facetop: [0.0, 0.0]
01-05 12:13:33.978 14455 14631 D TAG : refreshParams: eyes_smiley: [0.0, 0.0]
01-05 12:13:33.978 14455 14631 D TAG : refreshParams: nose_bridge: [0.5, 0.5]
01-05 12:13:33.978 14455 14631 D TAG : refreshParams: nose_position: [0.5, 0.5]
01-05 12:13:33.979 14455 14455 I [LiveEventBus]: message received: com.lightcone.beautycam.viewmodel.event.SelectedFilterEvent@7df78b6
01-05 12:13:33.979 14455 14455 I [LiveEventBus]: message received: com.lightcone.beautycam.viewmodel.event.SelectedFilterEvent@7df78b6
01-05 12:13:33.980 14455 14455 I [LiveEventBus]: message received: com.lightcone.beautycam.viewmodel.event.SelectedFilterEvent@7df78b6
01-05 12:13:33.980 14455 14455 I [LiveEventBus]: message received: com.lightcone.beautycam.viewmodel.event.SelectedFilterEvent@7df78b6
01-05 12:13:33.980 14455 14455 W RecyclerView: An instance of a was started more than once. Each instance ofa is intended to only be used once. You should create a new instance for each use.
01-05 12:13:33.981 14455 14455 I [LiveEventBus]: message received: com.lightcone.beautycam.viewmodel.event.SelectedFilterEvent@7df78b6
01-05 12:13:33.981 14455 14455 I [LiveEventBus]: post: com.lightcone.beautycam.viewmodel.event.FilterIntensityUpdateEvent@1626a42 with key: class com.lightcone.beautycam.viewmodel.event.FilterIntensityUpdateEvent
01-05 12:13:33.982 14455 14455 I [LiveEventBus]: message received: com.lightcone.beautycam.viewmodel.event.FilterIntensityUpdateEvent@1626a42
01-05 12:13:33.982 14455 14455 I [LiveEventBus]: message received: com.lightcone.beautycam.viewmodel.event.FilterIntensityUpdateEvent@1626a42
01-05 12:13:33.999 14455 14455 E TAG : bindData: https://src.guangzhuiyuan.com/a_kty0p5tvscposq0/image/filter/thumbnail/ artistic01.webp
01-05 12:13:34.004 14455 14455 E TAG : bindData: https://src.guangzhuiyuan.com/a_kty0p5tvscposq0/image/filter/thumbnail/ feature01.webp
01-05 12:13:34.008 14455 14455 E TAG : bindData: https://src.guangzhuiyuan.com/a_kty0p5tvscposq0/image/filter/thumbnail/ feature02.webp
01-05 12:13:34.012 14455 14455 E TAG : bindData: https://src.guangzhuiyuan.com/a_kty0p5tvscposq0/image/filter/thumbnail/ feature03.webp
01-05 12:13:34.016 14455 14455 E TAG : bindData: https://src.guangzhuiyuan.com/a_kty0p5tvscposq0/image/filter/thumbnail/ feature04.webp
01-05 12:13:34.022 14455 14631 E TAG : drawFace: rect ratio w: 0.5513889 ratio h: 0.49375
01-05 12:13:34.022 14455 14631 E TAG : drawFace: texture ratio w: 0.55138886 ratio h: 0.49375
01-05 12:13:34.028 14455 14455 E TAG : bindData: https://src.guangzhuiyuan.com/a_kty0p5tvscposq0/image/filter/thumbnail/ feature05.webp
01-05 12:13:34.029 14455 14631 D TAG : refreshParams: facetop: [0.0, 0.0]
01-05 12:13:34.029 14455 14631 D TAG : refreshParams: eyes_smiley: [0.0, 0.0]
01-05 12:13:34.029 14455 14631 D TAG : refreshParams: nose_bridge: [0.5, 0.5]
01-05 12:13:34.029 14455 14631 D TAG : refreshParams: nose_position: [0.5, 0.5]
01-05 12:13:34.037 14455 14631 W Bitmap : Called getWidth() on a recycle()'d bitmap! This is undefined behavior!
01-05 12:13:34.037 14455 14631 W Bitmap : Called getHeight() on a recycle()'d bitmap! This is undefined behavior!
01-05 12:13:34.040 14455 14455 E TAG : bindData: https://src.guangzhuiyuan.com/a_kty0p5tvscposq0/image/filter/thumbnail/ feature06.webp
01-05 12:13:34.053 14455 14455 E TAG : bindData: https://src.guangzhuiyuan.com/a_kty0p5tvscposq0/image/filter/thumbnail/ feature07.webp
01-05 12:13:34.062 14455 14455 E TAG : bindData: https://src.guangzhuiyuan.com/a_kty0p5tvscposq0/image/filter/thumbnail/ snowfall01.webp
01-05 12:13:34.069 14455 14455 E TAG : bindData: https://src.guangzhuiyuan.com/a_kty0p5tvscposq0/image/filter/thumbnail/ snowfall02.webp
01-05 12:13:34.072 14455 14631 E TAG : drawFace: rect ratio w: 0.55833334 ratio h: 0.49375
01-05 12:13:34.072 14455 14631 E TAG : drawFace: texture ratio w: 0.55833334 ratio h: 0.49375
01-05 12:13:34.077 14455 14631 D TAG : refreshParams: facetop: [0.0, 0.0]
01-05 12:13:34.077 14455 14631 D TAG : refreshParams: eyes_smiley: [0.0, 0.0]
01-05 12:13:34.077 14455 14631 D TAG : refreshParams: nose_bridge: [0.5, 0.5]
01-05 12:13:34.077 14455 14631 D TAG : refreshParams: nose_position: [0.5, 0.5]
01-05 12:13:34.078 14455 14455 E TAG : bindData: https://src.guangzhuiyuan.com/a_kty0p5tvscposq0/image/filter/thumbnail/ snowfall03.webp
01-05 12:13:34.085 14455 14455 E TAG : bindData: https://src.guangzhuiyuan.com/a_kty0p5tvscposq0/image/filter/thumbnail/ snowfall04.webp
01-05 12:13:34.092 14455 14455 E TAG : bindData: https://src.guangzhuiyuan.com/a_kty0p5tvscposq0/image/filter/thumbnail/ snowfall05.webp
01-05 12:13:34.111 14455 14455 E TAG : bindData: https://src.guangzhuiyuan.com/a_kty0p5tvscposq0/image/filter/thumbnail/ artistic01.webp
01-05 12:13:34.118 14455 14455 E TAG : bindData: https://src.guangzhuiyuan.com/a_kty0p5tvscposq0/image/filter/thumbnail/ feature01.webp
01-05 12:13:34.124 14455 14631 E TAG : drawFace: rect ratio w: 0.55833334 ratio h: 0.49375004
01-05 12:13:34.124 14455 14631 E TAG : drawFace: texture ratio w: 0.55833334 ratio h: 0.49375
01-05 12:13:34.127 14455 14631 D TAG : refreshParams: facetop: [0.0, 0.0]
01-05 12:13:34.127 14455 14631 D TAG : refreshParams: eyes_smiley: [0.0, 0.0]
01-05 12:13:34.127 14455 14631 D TAG : refreshParams: nose_bridge: [0.5, 0.5]
01-05 12:13:34.127 14455 14631 D TAG : refreshParams: nose_position: [0.5, 0.5]
01-05 12:13:34.139 14455 14500 W RenderInspector: QueueBuffer time out on com.accarunit.beauty.camera.videocall/com.lightcone.beautycam.activity.BeautyCamera Activity, count=1, avg=19 ms, max=19 ms.
01-05 12:13:34.177 14455 14631 E TAG : drawFace: rect ratio w: 0.5513889 ratio h: 0.49375004
01-05 12:13:34.177 14455 14631 E TAG : drawFace: texture ratio w: 0.55138886 ratio h: 0.49375
01-05 12:13:34.181 14455 14631 D TAG : refreshParams: facetop: [0.0, 0.0]
01-05 12:13:34.181 14455 14631 D TAG : refreshParams: eyes_smiley: [0.0, 0.0]
01-05 12:13:34.181 14455 14631 D TAG : refreshParams: nose_bridge: [0.5, 0.5]
01-05 12:13:34.182 14455 14631 D TAG : refreshParams: nose_position: [0.5, 0.5]
01-05 12:13:34.223 14455 14631 E TAG : drawFace: rect ratio w: 0.5513889 ratio h: 0.49375004
01-05 12:13:34.223 14455 14631 E TAG : drawFace: texture ratio w: 0.55138886 ratio h: 0.49375
01-05 12:13:34.227 14455 14631 D TAG : refreshParams: facetop: [0.0, 0.0]
01-05 12:13:34.227 14455 14631 D TAG : refreshParams: eyes_smiley: [0.0, 0.0]
01-05 12:13:34.227 14455 14631 D TAG : refreshParams: nose_bridge: [0.5, 0.5]
01-05 12:13:34.227 14455 14631 D TAG : refreshParams: nose_position: [0.5, 0.5]
01-05 12:13:34.296 14455 14631 E TAG : drawFace: rect ratio w: 0.5513889 ratio h: 0.49375004
01-05 12:13:34.296 14455 14631 E TAG : drawFace: texture ratio w: 0.55138886 ratio h: 0.49375
01-05 12:13:34.309 14455 14631 D TAG : refreshParams: facetop: [0.0, 0.0]
01-05 12:13:34.309 14455 14631 D TAG : refreshParams: eyes_smiley: [0.0, 0.0]
01-05 12:13:34.309 14455 14631 D TAG : refreshParams: nose_bridge: [0.5, 0.5]
01-05 12:13:34.309 14455 14631 D TAG : refreshParams: nose_position: [0.5, 0.5]
01-05 12:13:34.351 14455 14631 E TAG : drawFace: rect ratio w: 0.5513889 ratio h: 0.49375004
01-05 12:13:34.352 14455 14631 E TAG : drawFace: texture ratio w: 0.55138886 ratio h: 0.49375
01-05 12:13:34.356 14455 14631 D TAG : refreshParams: facetop: [0.0, 0.0]
01-05 12:13:34.356 14455 14631 D TAG : refreshParams: eyes_smiley: [0.0, 0.0]
01-05 12:13:34.356 14455 14631 D TAG : refreshParams: nose_bridge: [0.5, 0.5]
01-05 12:13:34.356 14455 14631 D TAG : refreshParams: nose_position: [0.5, 0.5]
01-05 12:13:34.395 14455 14631 E TAG : drawFace: rect ratio w: 0.5513889 ratio h: 0.49375004
01-05 12:13:34.395 14455 14631 E TAG : drawFace: texture ratio w: 0.55138886 ratio h: 0.49375
01-05 12:13:34.399 14455 14631 D TAG : refreshParams: facetop: [0.0, 0.0]
01-05 12:13:34.399 14455 14631 D TAG : refreshParams: eyes_smiley: [0.0, 0.0]
01-05 12:13:34.399 14455 14631 D TAG : refreshParams: nose_bridge: [0.5, 0.5]
01-05 12:13:34.399 14455 14631 D TAG : refreshParams: nose_position: [0.5, 0.5]
01-05 12:13:34.435 14455 14631 E TAG : drawFace: rect ratio w: 0.5513889 ratio h: 0.49375004
01-05 12:13:34.435 14455 14631 E TAG : drawFace: texture ratio w: 0.55138886 ratio h: 0.49375
01-05 12:13:34.439 14455 14631 D TAG : refreshParams: facetop: [0.0, 0.0]
01-05 12:13:34.439 14455 14631 D TAG : refreshParams: eyes_smiley: [0.0, 0.0]
01-05 12:13:34.439 14455 14631 D TAG : refreshParams: nose_bridge: [0.5, 0.5]
01-05 12:13:34.439 14455 14631 D TAG : refreshParams: nose_position: [0.5, 0.5]
01-05 12:13:34.485 14455 14631 E TAG : drawFace: rect ratio w: 0.5513889 ratio h: 0.4875
01-05 12:13:34.485 14455 14631 E TAG : drawFace: texture ratio w: 0.55138886 ratio h: 0.4875
01-05 12:13:34.501 14455 14631 D TAG : refreshParams: facetop: [0.0, 0.0]
01-05 12:13:34.501 14455 14631 D TAG : refreshParams: eyes_smiley: [0.0, 0.0]
01-05 12:13:34.501 14455 14631 D TAG : refreshParams: nose_bridge: [0.5, 0.5]
01-05 12:13:34.501 14455 14631 D TAG : refreshParams: nose_position: [0.5, 0.5]
01-05 12:13:34.549 14455 14631 E TAG : drawFace: rect ratio w: 0.55833334 ratio h: 0.49374998
01-05 12:13:34.550 14455 14631 E TAG : drawFace: texture ratio w: 0.55833334 ratio h: 0.49270833
01-05 12:13:34.568 14455 14631 D TAG : refreshParams: facetop: [0.0, 0.0]
01-05 12:13:34.569 14455 14631 D TAG : refreshParams: eyes_smiley: [0.0, 0.0]
01-05 12:13:34.569 14455 14631 D TAG : refreshParams: nose_bridge: [0.5, 0.5]
01-05 12:13:34.569 14455 14631 D TAG : refreshParams: nose_position: [0.5, 0.5]
01-05 12:13:34.633 14455 14631 E TAG : drawFace: rect ratio w: 0.55833334 ratio h: 0.4875
01-05 12:13:34.633 14455 14631 E TAG : drawFace: texture ratio w: 0.55833334 ratio h: 0.4875
01-05 12:13:34.647 14455 14631 D TAG : refreshParams: facetop: [0.0, 0.0]
01-05 12:13:34.648 14455 14631 D TAG : refreshParams: eyes_smiley: [0.0, 0.0]
01-05 12:13:34.648 14455 14631 D TAG : refreshParams: nose_bridge: [0.5, 0.5]
01-05 12:13:34.648 14455 14631 D TAG : refreshParams: nose_position: [0.5, 0.5]
01-05 12:13:34.685 14455 14631 E TAG : drawFace: rect ratio w: 0.55833334 ratio h: 0.4875
01-05 12:13:34.685 14455 14631 E TAG : drawFace: texture ratio w: 0.55833334 ratio h: 0.4875
01-05 12:13:34.689 14455 14631 D TAG : refreshParams: facetop: [0.0, 0.0]
01-05 12:13:34.689 14455 14631 D TAG : refreshParams: eyes_smiley: [0.0, 0.0]
01-05 12:13:34.689 14455 14631 D TAG : refreshParams: nose_bridge: [0.5, 0.5]
01-05 12:13:34.689 14455 14631 D TAG : refreshParams: nose_position: [0.5, 0.5]
01-05 12:13:34.727 14455 14631 E TAG : drawFace: rect ratio w: 0.55833334 ratio h: 0.4875
01-05 12:13:34.727 14455 14631 E TAG : drawFace: texture ratio w: 0.55833334 ratio h: 0.4875
01-05 12:13:34.731 14455 14631 D TAG : refreshParams: facetop: [0.0, 0.0]
01-05 12:13:34.731 14455 14631 D TAG : refreshParams: eyes_smiley: [0.0, 0.0]
01-05 12:13:34.731 14455 14631 D TAG : refreshParams: nose_bridge: [0.5, 0.5]
01-05 12:13:34.731 14455 14631 D TAG : refreshParams: nose_position: [0.5, 0.5]
01-05 12:13:34.772 14455 14631 E TAG : drawFace: rect ratio w: 0.55833334 ratio h: 0.4875
01-05 12:13:34.772 14455 14631 E TAG : drawFace: texture ratio w: 0.55833334 ratio h: 0.4875
01-05 12:13:34.776 14455 14631 D TAG : refreshParams: facetop: [0.0, 0.0]
01-05 12:13:34.776 14455 14631 D TAG : refreshParams: eyes_smiley: [0.0, 0.0]
01-05 12:13:34.776 14455 14631 D TAG : refreshParams: nose_bridge: [0.5, 0.5]
01-05 12:13:34.776 14455 14631 D TAG : refreshParams: nose_position: [0.5, 0.5]
01-05 12:13:34.812 14455 14631 E TAG : drawFace: rect ratio w: 0.55833334 ratio h: 0.4875
01-05 12:13:34.813 14455 14631 E TAG : drawFace: texture ratio w: 0.55833334 ratio h: 0.4875
01-05 12:13:34.816 14455 14631 D TAG : refreshParams: facetop: [0.0, 0.0]
01-05 12:13:34.816 14455 14631 D TAG : refreshParams: eyes_smiley: [0.0, 0.0]
01-05 12:13:34.816 14455 14631 D TAG : refreshParams: nose_bridge: [0.5, 0.5]
01-05 12:13:34.816 14455 14631 D TAG : refreshParams: nose_position: [0.5, 0.5]
01-05 12:13:34.882 14455 14631 E TAG : drawFace: rect ratio w: 0.55833334 ratio h: 0.4875
01-05 12:13:34.882 14455 14631 E TAG : drawFace: texture ratio w: 0.55833334 ratio h: 0.4875
01-05 12:13:34.895 14455 14631 D TAG : refreshParams: facetop: [0.0, 0.0]
01-05 12:13:34.895 14455 14631 D TAG : refreshParams: eyes_smiley: [0.0, 0.0]
01-05 12:13:34.895 14455 14631 D TAG : refreshParams: nose_bridge: [0.5, 0.5]
01-05 12:13:34.895 14455 14631 D TAG : refreshParams: nose_position: [0.5, 0.5]
01-05 12:13:34.947 14455 14631 E TAG : drawFace: rect ratio w: 0.55833334 ratio h: 0.4875
01-05 12:13:34.947 14455 14631 E TAG : drawFace: texture ratio w: 0.55833334 ratio h: 0.4875
01-05 12:13:34.963 14455 14631 D TAG : refreshParams: facetop: [0.0, 0.0]
01-05 12:13:34.964 14455 14631 D TAG : refreshParams: eyes_smiley: [0.0, 0.0]
01-05 12:13:34.964 14455 14631 D TAG : refreshParams: nose_bridge: [0.5, 0.5]
01-05 12:13:34.964 14455 14631 D TAG : refreshParams: nose_position: [0.5, 0.5]
01-05 12:13:35.018 14455 14631 E TAG : drawFace: rect ratio w: 0.55833334 ratio h: 0.4875
01-05 12:13:35.019 14455 14631 E TAG : drawFace: texture ratio w: 0.55833334 ratio h: 0.4875
01-05 12:13:35.034 14455 14631 D TAG : refreshParams: facetop: [0.0, 0.0]
01-05 12:13:35.034 14455 14631 D TAG : refreshParams: eyes_smiley: [0.0, 0.0]
01-05 12:13:35.034 14455 14631 D TAG : refreshParams: nose_bridge: [0.5, 0.5]
01-05 12:13:35.034 14455 14631 D TAG : refreshParams: nose_position: [0.5, 0.5]
01-05 12:13:35.081 14455 14631 E TAG : drawFace: rect ratio w: 0.55138886 ratio h: 0.4875
01-05 12:13:35.081 14455 14631 E TAG : drawFace: texture ratio w: 0.55 ratio h: 0.4875
01-05 12:13:35.100 14455 14631 D TAG : refreshParams: facetop: [0.0, 0.0]
01-05 12:13:35.100 14455 14631 D TAG : refreshParams: eyes_smiley: [0.0, 0.0]
01-05 12:13:35.100 14455 14631 D TAG : refreshParams: nose_bridge: [0.5, 0.5]
01-05 12:13:35.100 14455 14631 D TAG : refreshParams: nose_position: [0.5, 0.5]
01-05 12:13:35.145 14455 14631 E TAG : drawFace: rect ratio w: 0.55138886 ratio h: 0.48333335
01-05 12:13:35.146 14455 14631 E TAG : drawFace: texture ratio w: 0.55 ratio h: 0.48333332
01-05 12:13:35.161 14455 14631 D TAG : refreshParams: facetop: [0.0, 0.0]
01-05 12:13:35.161 14455 14631 D TAG : refreshParams: eyes_smiley: [0.0, 0.0]
01-05 12:13:35.161 14455 14631 D TAG : refreshParams: nose_bridge: [0.5, 0.5]
01-05 12:13:35.161 14455 14631 D TAG : refreshParams: nose_position: [0.5, 0.5]
01-05 12:13:35.194 14455 14631 E TAG : drawFace: rect ratio w: 0.55138886 ratio h: 0.48229167
01-05 12:13:35.194 14455 14631 E TAG : drawFace: texture ratio w: 0.55 ratio h: 0.48229167
01-05 12:13:35.197 14455 14631 D TAG : refreshParams: facetop: [0.0, 0.0]
01-05 12:13:35.197 14455 14631 D TAG : refreshParams: eyes_smiley: [0.0, 0.0]
01-05 12:13:35.197 14455 14631 D TAG : refreshParams: nose_bridge: [0.5, 0.5]
01-05 12:13:35.197 14455 14631 D TAG : refreshParams: nose_position: [0.5, 0.5]
01-05 12:13:35.235 14455 14631 E TAG : drawFace: rect ratio w: 0.55833334 ratio h: 0.4875
01-05 12:13:35.235 14455 14631 E TAG : drawFace: texture ratio w: 0.55833334 ratio h: 0.4875
01-05 12:13:35.238 14455 14631 D TAG : refreshParams: facetop: [0.0, 0.0]
01-05 12:13:35.238 14455 14631 D TAG : refreshParams: eyes_smiley: [0.0, 0.0]
01-05 12:13:35.238 14455 14631 D TAG : refreshParams: nose_bridge: [0.5, 0.5]
01-05 12:13:35.238 14455 14631 D TAG : refreshParams: nose_position: [0.5, 0.5]
01-05 12:13:35.280 14455 14631 E TAG : drawFace: rect ratio w: 0.55833334 ratio h: 0.4875
01-05 12:13:35.280 14455 14631 E TAG : drawFace: texture ratio w: 0.55833334 ratio h: 0.4875
01-05 12:13:35.283 14455 14631 D TAG : refreshParams: facetop: [0.0, 0.0]
01-05 12:13:35.284 14455 14631 D TAG : refreshParams: eyes_smiley: [0.0, 0.0]
01-05 12:13:35.284 14455 14631 D TAG : refreshParams: nose_bridge: [0.5, 0.5]
01-05 12:13:35.284 14455 14631 D TAG : refreshParams: nose_position: [0.5, 0.5]
01-05 12:13:35.337 14455 14631 E TAG : drawFace: rect ratio w: 0.55833334 ratio h: 0.4875
01-05 12:13:35.337 14455 14631 E TAG : drawFace: texture ratio w: 0.55833334 ratio h: 0.4875
01-05 12:13:35.350 14455 14631 D TAG : refreshParams: facetop: [0.0, 0.0]
01-05 12:13:35.350 14455 14631 D TAG : refreshParams: eyes_smiley: [0.0, 0.0]
01-05 12:13:35.350 14455 14631 D TAG : refreshParams: nose_bridge: [0.5, 0.5]
01-05 12:13:35.350 14455 14631 D TAG : refreshParams: nose_position: [0.5, 0.5]
01-05 12:13:35.402 14455 14631 E TAG : drawFace: rect ratio w: 0.55833334 ratio h: 0.49374998
01-05 12:13:35.402 14455 14631 E TAG : drawFace: texture ratio w: 0.55833334 ratio h: 0.49270833
01-05 12:13:35.421 14455 14631 D TAG : refreshParams: facetop: [0.0, 0.0]
01-05 12:13:35.421 14455 14631 D TAG : refreshParams: eyes_smiley: [0.0, 0.0]
01-05 12:13:35.421 14455 14631 D TAG : refreshParams: nose_bridge: [0.5, 0.5]
01-05 12:13:35.421 14455 14631 D TAG : refreshParams: nose_position: [0.5, 0.5]
01-05 12:13:35.485 14455 14631 E TAG : drawFace: rect ratio w: 0.55833334 ratio h: 0.49374998
01-05 12:13:35.486 14455 14631 E TAG : drawFace: texture ratio w: 0.55833334 ratio h: 0.49270833
01-05 12:13:35.504 14455 14631 D TAG : refreshParams: facetop: [0.0, 0.0]
01-05 12:13:35.504 14455 14631 D TAG : refreshParams: eyes_smiley: [0.0, 0.0]
01-05 12:13:35.504 14455 14631 D TAG : refreshParams: nose_bridge: [0.5, 0.5]
01-05 12:13:35.504 14455 14631 D TAG : refreshParams: nose_position: [0.5, 0.5]
01-05 12:13:35.557 14455 14631 E TAG : drawFace: rect ratio w: 0.55833334 ratio h: 0.4875
01-05 12:13:35.557 14455 14631 E TAG : drawFace: texture ratio w: 0.55833334 ratio h: 0.4875
01-05 12:13:35.561 14455 14631 D TAG : refreshParams: facetop: [0.0, 0.0]
01-05 12:13:35.561 14455 14631 D TAG : refreshParams: eyes_smiley: [0.0, 0.0]
01-05 12:13:35.561 14455 14631 D TAG : refreshParams: nose_bridge: [0.5, 0.5]
01-05 12:13:35.561 14455 14631 D TAG : refreshParams: nose_position: [0.5, 0.5]
01-05 12:13:35.616 14455 14631 E TAG : drawFace: rect ratio w: 0.55833334 ratio h: 0.4875
01-05 12:13:35.617 14455 14631 E TAG : drawFace: texture ratio w: 0.55833334 ratio h: 0.4875
01-05 12:13:35.640 14455 14631 D TAG : refreshParams: facetop: [0.0, 0.0]
01-05 12:13:35.640 14455 14631 D TAG : refreshParams: eyes_smiley: [0.0, 0.0]
01-05 12:13:35.640 14455 14631 D TAG : refreshParams: nose_bridge: [0.5, 0.5]
01-05 12:13:35.640 14455 14631 D TAG : refreshParams: nose_position: [0.5, 0.5]
01-05 12:13:35.690 14455 14631 E TAG : drawFace: rect ratio w: 0.55833334 ratio h: 0.49375004
01-05 12:13:35.690 14455 14631 E TAG : drawFace: texture ratio w: 0.55833334 ratio h: 0.49375
01-05 12:13:35.696 14455 14631 D TAG : refreshParams: facetop: [0.0, 0.0]
01-05 12:13:35.696 14455 14631 D TAG : refreshParams: eyes_smiley: [0.0, 0.0]
01-05 12:13:35.696 14455 14631 D TAG : refreshParams: nose_bridge: [0.5, 0.5]
01-05 12:13:35.696 14455 14631 D TAG : refreshParams: nose_position: [0.5, 0.5]
01-05 12:13:35.750 14455 14631 E TAG : drawFace: rect ratio w: 0.5652778 ratio h: 0.49895835
01-05 12:13:35.750 14455 14631 E TAG : drawFace: texture ratio w: 0.56527776 ratio h: 0.49895832
01-05 12:13:35.768 14455 14631 D TAG : refreshParams: facetop: [0.0, 0.0]
01-05 12:13:35.769 14455 14631 D TAG : refreshParams: eyes_smiley: [0.0, 0.0]
01-05 12:13:35.769 14455 14631 D TAG : refreshParams: nose_bridge: [0.5, 0.5]
01-05 12:13:35.769 14455 14631 D TAG : refreshParams: nose_position: [0.5, 0.5]
01-05 12:13:35.836 14455 14631 E TAG : drawFace: rect ratio w: 0.55138886 ratio h: 0.49375
01-05 12:13:35.836 14455 14631 E TAG : drawFace: texture ratio w: 0.55 ratio h: 0.49375
01-05 12:13:35.863 14455 14631 D TAG : refreshParams: facetop: [0.0, 0.0]
01-05 12:13:35.863 14455 14631 D TAG : refreshParams: eyes_smiley: [0.0, 0.0]
01-05 12:13:35.863 14455 14631 D TAG : refreshParams: nose_bridge: [0.5, 0.5]
01-05 12:13:35.863 14455 14631 D TAG : refreshParams: nose_position: [0.5, 0.5]
01-05 12:13:35.925 14455 14631 E TAG : drawFace: rect ratio w: 0.55833334 ratio h: 0.49375
01-05 12:13:35.925 14455 14631 E TAG : drawFace: texture ratio w: 0.55833334 ratio h: 0.49375
01-05 12:13:35.943 14455 14631 D TAG : refreshParams: facetop: [0.0, 0.0]
01-05 12:13:35.943 14455 14631 D TAG : refreshParams: eyes_smiley: [0.0, 0.0]
01-05 12:13:35.943 14455 14631 D TAG : refreshParams: nose_bridge: [0.5, 0.5]
01-05 12:13:35.943 14455 14631 D TAG : refreshParams: nose_position: [0.5, 0.5]
01-05 12:13:36.008 14455 14631 E TAG : drawFace: rect ratio w: 0.55833334 ratio h: 0.49895835
01-05 12:13:36.008 14455 14631 E TAG : drawFace: texture ratio w: 0.55833334 ratio h: 0.49895832
01-05 12:13:36.021 14455 14455 I [LiveEventBus]: post: com.lightcone.beautycam.viewmodel.event.ResourceDownloadEvent@67bf432 with key: class com.lightcone.beautycam.viewmodel.event.ResourceDownloadEvent
01-05 12:13:36.022 14455 14455 I [LiveEventBus]: message received: com.lightcone.beautycam.viewmodel.event.ResourceDownloadEvent@67bf432
01-05 12:13:36.023 14455 14455 I [LiveEventBus]: message received: com.lightcone.beautycam.viewmodel.event.ResourceDownloadEvent@67bf432
01-05 12:13:36.044 14455 14631 D TAG : refreshParams: facetop: [0.0, 0.0]
01-05 12:13:36.044 14455 14631 D TAG : refreshParams: eyes_smiley: [0.0, 0.0]
01-05 12:13:36.044 14455 14631 D TAG : refreshParams: nose_bridge: [0.5, 0.5]
01-05 12:13:36.044 14455 14631 D TAG : refreshParams: nose_position: [0.5, 0.5]
01-05 12:13:36.105 14455 14631 E TAG : drawFace: rect ratio w: 0.55833334 ratio h: 0.49375
01-05 12:13:36.105 14455 14631 E TAG : drawFace: texture ratio w: 0.55833334 ratio h: 0.49375
01-05 12:13:36.109 14455 14631 D TAG : refreshParams: facetop: [0.0, 0.0]
01-05 12:13:36.109 14455 14631 D TAG : refreshParams: eyes_smiley: [0.0, 0.0]
01-05 12:13:36.109 14455 14631 D TAG : refreshParams: nose_bridge: [0.5, 0.5]
01-05 12:13:36.109 14455 14631 D TAG : refreshParams: nose_position: [0.5, 0.5]
01-05 12:13:36.165 14455 14631 E TAG : drawFace: rect ratio w: 0.55833334 ratio h: 0.49895835
01-05 12:13:36.165 14455 14631 E TAG : drawFace: texture ratio w: 0.55833334 ratio h: 0.49895832
01-05 12:13:36.167 14455 14631 D TAG : refreshParams: facetop: [0.0, 0.0]
01-05 12:13:36.167 14455 14631 D TAG : refreshParams: eyes_smiley: [0.0, 0.0]
01-05 12:13:36.167 14455 14631 D TAG : refreshParams: nose_bridge: [0.5, 0.5]
01-05 12:13:36.167 14455 14631 D TAG : refreshParams: nose_position: [0.5, 0.5]
01-05 12:13:36.220 14455 14455 I [LiveEventBus]: broadcast: com.lightcone.beautycam.viewmodel.event.SelectedFilterEvent@5d6cbe1 foreground: false with key: class com.lightcone.beautycam.viewmodel.event.SelectedFilterEvent
01-05 12:13:36.224 14455 14631 E TAG : drawFace: rect ratio w: 0.55833334 ratio h: 0.4875
01-05 12:13:36.224 14455 14631 E TAG : drawFace: texture ratio w: 0.55833334 ratio h: 0.4875
01-05 12:13:36.230 14455 14631 D TAG : refreshParams: facetop: [0.0, 0.0]
01-05 12:13:36.231 14455 14631 D TAG : refreshParams: eyes_smiley: [0.0, 0.0]
01-05 12:13:36.231 14455 14631 D TAG : refreshParams: nose_bridge: [0.5, 0.5]
01-05 12:13:36.231 14455 14631 D TAG : refreshParams: nose_position: [0.5, 0.5]
01-05 12:13:36.256 14455 14455 I [LiveEventBus]: broadcast: com.lightcone.beautycam.viewmodel.event.FilterIntensityUpdateEvent@f998d06 foreground: false with key: class com.lightcone.beautycam.viewmodel.event.FilterIntensityUpdateEvent
01-05 12:13:36.258 14455 14455 I [LiveEventBus]: post: com.lightcone.beautycam.viewmodel.event.ResourceDownloadEvent@5fd0fc7 with key: class com.lightcone.beautycam.viewmodel.event.ResourceDownloadEvent
01-05 12:13:36.258 14455 14455 I [LiveEventBus]: message received: com.lightcone.beautycam.viewmodel.event.ResourceDownloadEvent@5fd0fc7
01-05 12:13:36.259 14455 14455 I [LiveEventBus]: message received: com.lightcone.beautycam.viewmodel.event.ResourceDownloadEvent@5fd0fc7
01-05 12:13:36.276 14455 14455 I [LiveEventBus]: post: com.lightcone.beautycam.viewmodel.event.SelectedFilterEvent@eb17392 with key: class com.lightcone.beautycam.viewmodel.event.SelectedFilterEvent
01-05 12:13:36.276 14455 14455 I [LiveEventBus]: message received: com.lightcone.beautycam.viewmodel.event.SelectedFilterEvent@eb17392
01-05 12:13:36.277 14455 14455 I [LiveEventBus]: message received: com.lightcone.beautycam.viewmodel.event.SelectedFilterEvent@eb17392
01-05 12:13:36.278 14455 14455 I [LiveEventBus]: message received: com.lightcone.beautycam.viewmodel.event.SelectedFilterEvent@eb17392
01-05 12:13:36.278 14455 14455 I [LiveEventBus]: message received: com.lightcone.beautycam.viewmodel.event.SelectedFilterEvent@eb17392
01-05 12:13:36.278 14455 14455 I [LiveEventBus]: message received: com.lightcone.beautycam.viewmodel.event.SelectedFilterEvent@eb17392
01-05 12:13:36.279 14455 14455 W RecyclerView: An instance of a was started more than once. Each instance ofa is intended to only be used once. You should create a new instance for each use.
01-05 12:13:36.279 14455 14455 I [LiveEventBus]: message received: com.lightcone.beautycam.viewmodel.event.SelectedFilterEvent@eb17392
01-05 12:13:36.281 14455 14455 I [LiveEventBus]: post: com.lightcone.beautycam.viewmodel.event.FilterIntensityUpdateEvent@9ef36de with key: class com.lightcone.beautycam.viewmodel.event.FilterIntensityUpdateEvent
01-05 12:13:36.281 14455 14455 I [LiveEventBus]: message received: com.lightcone.beautycam.viewmodel.event.FilterIntensityUpdateEvent@9ef36de
01-05 12:13:36.281 14455 14455 I [LiveEventBus]: message received: com.lightcone.beautycam.viewmodel.event.FilterIntensityUpdateEvent@9ef36de
01-05 12:13:36.288 14455 14631 E TAG : drawFace: rect ratio w: 0.55833334 ratio h: 0.4875
01-05 12:13:36.288 14455 14631 E TAG : drawFace: texture ratio w: 0.55833334 ratio h: 0.4875
01-05 12:13:36.291 14455 14631 D TAG : refreshParams: facetop: [0.0, 0.0]
01-05 12:13:36.292 14455 14631 D TAG : refreshParams: eyes_smiley: [0.0, 0.0]
01-05 12:13:36.292 14455 14631 D TAG : refreshParams: nose_bridge: [0.5, 0.5]
01-05 12:13:36.292 14455 14631 D TAG : refreshParams: nose_position: [0.5, 0.5]
01-05 12:13:36.297 14455 14455 E TAG : bindData: https://src.guangzhuiyuan.com/a_kty0p5tvscposq0/image/filter/thumbnail/ feature01.webp
01-05 12:13:36.299 14455 14631 W Bitmap : Called getWidth() on a recycle()'d bitmap! This is undefined behavior!
01-05 12:13:36.299 14455 14631 W Bitmap : Called getHeight() on a recycle()'d bitmap! This is undefined behavior!
01-05 12:13:36.303 14455 14455 E TAG : bindData: https://src.guangzhuiyuan.com/a_kty0p5tvscposq0/image/filter/thumbnail/ feature02.webp
01-05 12:13:36.307 14455 14455 E TAG : bindData: https://src.guangzhuiyuan.com/a_kty0p5tvscposq0/image/filter/thumbnail/ feature03.webp
01-05 12:13:36.311 14455 14455 E TAG : bindData: https://src.guangzhuiyuan.com/a_kty0p5tvscposq0/image/filter/thumbnail/ feature04.webp
01-05 12:13:36.315 14455 14455 E TAG : bindData: https://src.guangzhuiyuan.com/a_kty0p5tvscposq0/image/filter/thumbnail/ feature05.webp
01-05 12:13:36.321 14455 14455 E TAG : bindData: https://src.guangzhuiyuan.com/a_kty0p5tvscposq0/image/filter/thumbnail/ feature06.webp
01-05 12:13:36.327 14455 14455 E TAG : bindData: https://src.guangzhuiyuan.com/a_kty0p5tvscposq0/image/filter/thumbnail/ feature07.webp
01-05 12:13:36.333 14455 14455 E TAG : bindData: https://src.guangzhuiyuan.com/a_kty0p5tvscposq0/image/filter/thumbnail/ snowfall01.webp
01-05 12:13:36.339 14455 14455 E TAG : bindData: https://src.guangzhuiyuan.com/a_kty0p5tvscposq0/image/filter/thumbnail/ snowfall02.webp
01-05 12:13:36.342 14455 14631 E TAG : drawFace: rect ratio w: 0.55833334 ratio h: 0.4875
01-05 12:13:36.342 14455 14631 E TAG : drawFace: texture ratio w: 0.55833334 ratio h: 0.4875
01-05 12:13:36.345 14455 14631 D TAG : refreshParams: facetop: [0.0, 0.0]
01-05 12:13:36.345 14455 14631 D TAG : refreshParams: eyes_smiley: [0.0, 0.0]
01-05 12:13:36.345 14455 14631 D TAG : refreshParams: nose_bridge: [0.5, 0.5]
01-05 12:13:36.345 14455 14631 D TAG : refreshParams: nose_position: [0.5, 0.5]
01-05 12:13:36.346 14455 14455 E TAG : bindData: https://src.guangzhuiyuan.com/a_kty0p5tvscposq0/image/filter/thumbnail/ snowfall03.webp
01-05 12:13:36.352 14455 14455 E TAG : bindData: https://src.guangzhuiyuan.com/a_kty0p5tvscposq0/image/filter/thumbnail/ snowfall04.webp
01-05 12:13:36.358 14455 14455 E TAG : bindData: https://src.guangzhuiyuan.com/a_kty0p5tvscposq0/image/filter/thumbnail/ snowfall05.webp
01-05 12:13:36.364 14455 14455 E TAG : bindData: https://src.guangzhuiyuan.com/a_kty0p5tvscposq0/image/filter/thumbnail/ snowfall06.webp
01-05 12:13:36.379 14455 14455 E TAG : bindData: https://src.guangzhuiyuan.com/a_kty0p5tvscposq0/image/filter/thumbnail/ feature01.webp
01-05 12:13:36.384 14455 14455 E TAG : bindData: https://src.guangzhuiyuan.com/a_kty0p5tvscposq0/image/filter/thumbnail/ feature02.webp
01-05 12:13:36.389 14455 14500 W RenderInspector: QueueBuffer time out on com.accarunit.beauty.camera.videocall/com.lightcone.beautycam.activity.BeautyCamera Activity, count=6, avg=12 ms, max=28 ms.
01-05 12:13:36.390 14455 14631 E TAG : drawFace: rect ratio w: 0.55833334 ratio h: 0.4875
01-05 12:13:36.390 14455 14631 E TAG : drawFace: texture ratio w: 0.55833334 ratio h: 0.4875
01-05 12:13:36.393 14455 14631 D TAG : refreshParams: facetop: [0.0, 0.0]
01-05 12:13:36.393 14455 14631 D TAG : refreshParams: eyes_smiley: [0.0, 0.0]
01-05 12:13:36.393 14455 14631 D TAG : refreshParams: nose_bridge: [0.5, 0.5]
01-05 12:13:36.393 14455 14631 D TAG : refreshParams: nose_position: [0.5, 0.5]
01-05 12:13:36.440 14455 14631 E TAG : drawFace: rect ratio w: 0.55833334 ratio h: 0.48333335
01-05 12:13:36.440 14455 14631 E TAG : drawFace: texture ratio w: 0.55833334 ratio h: 0.48333332
01-05 12:13:36.446 14455 14631 D TAG : refreshParams: facetop: [0.0, 0.0]
01-05 12:13:36.446 14455 14631 D TAG : refreshParams: eyes_smiley: [0.0, 0.0]
01-05 12:13:36.446 14455 14631 D TAG : refreshParams: nose_bridge: [0.5, 0.5]
01-05 12:13:36.446 14455 14631 D TAG : refreshParams: nose_position: [0.5, 0.5]
01-05 12:13:36.488 14455 14631 E TAG : drawFace: rect ratio w: 0.55833334 ratio h: 0.48333335
01-05 12:13:36.488 14455 14631 E TAG : drawFace: texture ratio w: 0.55833334 ratio h: 0.48333332
01-05 12:13:36.492 14455 14631 D TAG : refreshParams: facetop: [0.0, 0.0]
01-05 12:13:36.492 14455 14631 D TAG : refreshParams: eyes_smiley: [0.0, 0.0]
01-05 12:13:36.492 14455 14631 D TAG : refreshParams: nose_bridge: [0.5, 0.5]
01-05 12:13:36.492 14455 14631 D TAG : refreshParams: nose_position: [0.5, 0.5]
01-05 12:13:36.533 14455 14631 E TAG : drawFace: rect ratio w: 0.55833334 ratio h: 0.48333335
01-05 12:13:36.533 14455 14631 E TAG : drawFace: texture ratio w: 0.55833334 ratio h: 0.48333332
01-05 12:13:36.537 14455 14631 D TAG : refreshParams: facetop: [0.0, 0.0]
01-05 12:13:36.537 14455 14631 D TAG : refreshParams: eyes_smiley: [0.0, 0.0]
01-05 12:13:36.537 14455 14631 D TAG : refreshParams: nose_bridge: [0.5, 0.5]
01-05 12:13:36.537 14455 14631 D TAG : refreshParams: nose_position: [0.5, 0.5]
01-05 12:13:36.580 14455 14631 E TAG : drawFace: rect ratio w: 0.55833334 ratio h: 0.48333335
01-05 12:13:36.580 14455 14631 E TAG : drawFace: texture ratio w: 0.55833334 ratio h: 0.48333332
01-05 12:13:36.584 14455 14631 D TAG : refreshParams: facetop: [0.0, 0.0]
01-05 12:13:36.584 14455 14631 D TAG : refreshParams: eyes_smiley: [0.0, 0.0]
01-05 12:13:36.584 14455 14631 D TAG : refreshParams: nose_bridge: [0.5, 0.5]
01-05 12:13:36.584 14455 14631 D TAG : refreshParams: nose_position: [0.5, 0.5]
01-05 12:13:36.631 14455 14631 E TAG : drawFace: rect ratio w: 0.55833334 ratio h: 0.48333335
01-05 12:13:36.631 14455 14631 E TAG : drawFace: texture ratio w: 0.55833334 ratio h: 0.48333332
01-05 12:13:36.635 14455 14631 D TAG : refreshParams: facetop: [0.0, 0.0]
01-05 12:13:36.635 14455 14631 D TAG : refreshParams: eyes_smiley: [0.0, 0.0]
01-05 12:13:36.635 14455 14631 D TAG : refreshParams: nose_bridge: [0.5, 0.5]
01-05 12:13:36.635 14455 14631 D TAG : refreshParams: nose_position: [0.5, 0.5]
01-05 12:13:36.677 14455 14631 E TAG : drawFace: rect ratio w: 0.55138886 ratio h: 0.4875
01-05 12:13:36.677 14455 14631 E TAG : drawFace: texture ratio w: 0.55 ratio h: 0.4875
01-05 12:13:36.682 14455 14631 D TAG : refreshParams: facetop: [0.0, 0.0]
01-05 12:13:36.682 14455 14631 D TAG : refreshParams: eyes_smiley: [0.0, 0.0]
01-05 12:13:36.682 14455 14631 D TAG : refreshParams: nose_bridge: [0.5, 0.5]
01-05 12:13:36.682 14455 14631 D TAG : refreshParams: nose_position: [0.5, 0.5]
01-05 12:13:36.723 14455 14631 E TAG : drawFace: rect ratio w: 0.55833334 ratio h: 0.4875
01-05 12:13:36.723 14455 14631 E TAG : drawFace: texture ratio w: 0.55833334 ratio h: 0.4875
01-05 12:13:36.727 14455 14631 D TAG : refreshParams: facetop: [0.0, 0.0]
01-05 12:13:36.727 14455 14631 D TAG : refreshParams: eyes_smiley: [0.0, 0.0]
01-05 12:13:36.727 14455 14631 D TAG : refreshParams: nose_bridge: [0.5, 0.5]
01-05 12:13:36.727 14455 14631 D TAG : refreshParams: nose_position: [0.5, 0.5]
01-05 12:13:36.779 14455 14631 E TAG : drawFace: rect ratio w: 0.55833334 ratio h: 0.4875
01-05 12:13:36.779 14455 14631 E TAG : drawFace: texture ratio w: 0.55833334 ratio h: 0.4875
01-05 12:13:36.781 14455 14631 D TAG : refreshParams: facetop: [0.0, 0.0]
01-05 12:13:36.781 14455 14631 D TAG : refreshParams: eyes_smiley: [0.0, 0.0]
01-05 12:13:36.781 14455 14631 D TAG : refreshParams: nose_bridge: [0.5, 0.5]
01-05 12:13:36.781 14455 14631 D TAG : refreshParams: nose_position: [0.5, 0.5]
01-05 12:13:36.841 14455 14631 E TAG : drawFace: rect ratio w: 0.55138886 ratio h: 0.48229167
01-05 12:13:36.841 14455 14631 E TAG : drawFace: texture ratio w: 0.55 ratio h: 0.48229167
01-05 12:13:36.847 14455 14631 D TAG : refreshParams: facetop: [0.0, 0.0]
01-05 12:13:36.847 14455 14631 D TAG : refreshParams: eyes_smiley: [0.0, 0.0]
01-05 12:13:36.847 14455 14631 D TAG : refreshParams: nose_bridge: [0.5, 0.5]
01-05 12:13:36.847 14455 14631 D TAG : refreshParams: nose_position: [0.5, 0.5]
01-05 12:13:36.893 14455 14631 E TAG : drawFace: rect ratio w: 0.55138886 ratio h: 0.48229167
01-05 12:13:36.893 14455 14631 E TAG : drawFace: texture ratio w: 0.55 ratio h: 0.48229167
01-05 12:13:36.898 14455 14631 D TAG : refreshParams: facetop: [0.0, 0.0]
01-05 12:13:36.898 14455 14631 D TAG : refreshParams: eyes_smiley: [0.0, 0.0]
01-05 12:13:36.898 14455 14631 D TAG : refreshParams: nose_bridge: [0.5, 0.5]
01-05 12:13:36.898 14455 14631 D TAG : refreshParams: nose_position: [0.5, 0.5]
01-05 12:13:36.951 14455 14631 E TAG : drawFace: rect ratio w: 0.55138886 ratio h: 0.4875
01-05 12:13:36.951 14455 14631 E TAG : drawFace: texture ratio w: 0.55 ratio h: 0.4875
01-05 12:13:36.967 14455 14631 D TAG : refreshParams: facetop: [0.0, 0.0]
01-05 12:13:36.967 14455 14631 D TAG : refreshParams: eyes_smiley: [0.0, 0.0]
01-05 12:13:36.967 14455 14631 D TAG : refreshParams: nose_bridge: [0.5, 0.5]
01-05 12:13:36.967 14455 14631 D TAG : refreshParams: nose_position: [0.5, 0.5]
01-05 12:13:37.018 14455 14631 E TAG : drawFace: rect ratio w: 0.55833334 ratio h: 0.4875
01-05 12:13:37.018 14455 14631 E TAG : drawFace: texture ratio w: 0.55833334 ratio h: 0.4875
01-05 12:13:37.023 14455 14631 D TAG : refreshParams: facetop: [0.0, 0.0]
01-05 12:13:37.023 14455 14631 D TAG : refreshParams: eyes_smiley: [0.0, 0.0]
01-05 12:13:37.024 14455 14631 D TAG : refreshParams: nose_bridge: [0.5, 0.5]
01-05 12:13:37.024 14455 14631 D TAG : refreshParams: nose_position: [0.5, 0.5]
01-05 12:13:37.078 14455 14631 E TAG : drawFace: rect ratio w: 0.55833334 ratio h: 0.4875
01-05 12:13:37.078 14455 14631 E TAG : drawFace: texture ratio w: 0.55833334 ratio h: 0.4875
01-05 12:13:37.104 14455 14631 D TAG : refreshParams: facetop: [0.0, 0.0]
01-05 12:13:37.105 14455 14631 D TAG : refreshParams: eyes_smiley: [0.0, 0.0]
01-05 12:13:37.105 14455 14631 D TAG : refreshParams: nose_bridge: [0.5, 0.5]
01-05 12:13:37.105 14455 14631 D TAG : refreshParams: nose_position: [0.5, 0.5]
01-05 12:13:37.168 14455 14631 E TAG : drawFace: rect ratio w: 0.55833334 ratio h: 0.49374998
01-05 12:13:37.168 14455 14631 E TAG : drawFace: texture ratio w: 0.55833334 ratio h: 0.49270833
01-05 12:13:37.196 14455 14631 D TAG : refreshParams: facetop: [0.0, 0.0]
01-05 12:13:37.196 14455 14631 D TAG : refreshParams: eyes_smiley: [0.0, 0.0]
01-05 12:13:37.196 14455 14631 D TAG : refreshParams: nose_bridge: [0.5, 0.5]
01-05 12:13:37.196 14455 14631 D TAG : refreshParams: nose_position: [0.5, 0.5]
01-05 12:13:37.248 14455 14631 E TAG : drawFace: rect ratio w: 0.55833334 ratio h: 0.49375004
01-05 12:13:37.249 14455 14631 E TAG : drawFace: texture ratio w: 0.55833334 ratio h: 0.49375
01-05 12:13:37.266 14455 14631 D TAG : refreshParams: facetop: [0.0, 0.0]
01-05 12:13:37.267 14455 14631 D TAG : refreshParams: eyes_smiley: [0.0, 0.0]
01-05 12:13:37.267 14455 14631 D TAG : refreshParams: nose_bridge: [0.5, 0.5]
01-05 12:13:37.267 14455 14631 D TAG : refreshParams: nose_position: [0.5, 0.5]
01-05 12:13:37.313 14455 14631 E TAG : drawFace: rect ratio w: 0.55138886 ratio h: 0.49375004
