01-05 12:13:15.238 14455 14455 I [LiveEventBus]: broadcast: com.lightcone.beautycam.viewmodel.event.SelectedFilterEvent@3133123 foreground: false with key: class com.lightcone.beautycam.viewmodel.event.SelectedFilterEvent
01-05 12:13:15.243 14455 14455 I [LiveEventBus]: broadcast: com.lightcone.beautycam.viewmodel.event.SelectedFilterGroupEvent@704bd9 foreground: false with key: class com.lightcone.beautycam.viewmodel.event.SelectedFilterGroupEvent
01-05 12:13:15.244 14455 14631 E TAG : drawFace: rect ratio w: 0.7097222 ratio h: 0.67604166
01-05 12:13:15.244 14455 14631 E TAG : drawFace: texture ratio w: 0.7097222 ratio h: 0.67604166
01-05 12:13:15.246 14455 14455 I [LiveEventBus]: broadcast: com.lightcone.beautycam.viewmodel.event.FilterIntensityUpdateEvent@9c2999e foreground: false with key: class com.lightcone.beautycam.viewmodel.event.FilterIntensityUpdateEvent
01-05 12:13:15.250 14455 14455 I [LiveEventBus]: post: com.lightcone.beautycam.viewmodel.event.ResourceDownloadEvent@712244c with key: class com.lightcone.beautycam.viewmodel.event.ResourceDownloadEvent
01-05 12:13:15.251 14455 14455 I [LiveEventBus]: message received: com.lightcone.beautycam.viewmodel.event.ResourceDownloadEvent@712244c
01-05 12:13:15.251 14455 14455 I [LiveEventBus]: message received: com.lightcone.beautycam.viewmodel.event.ResourceDownloadEvent@712244c
01-05 12:13:15.255 14455 14631 D TAG : refreshParams: facetop: [0.0, 0.0]
01-05 12:13:15.255 14455 14631 D TAG : refreshParams: eyes_smiley: [0.0, 0.0]
01-05 12:13:15.255 14455 14631 D TAG : refreshParams: nose_bridge: [0.5, 0.5]
01-05 12:13:15.255 14455 14631 D TAG : refreshParams: nose_position: [0.5, 0.5]
01-05 12:13:15.267 14455 14455 I [LiveEventBus]: post: com.lightcone.beautycam.viewmodel.event.SelectedFilterEvent@29ba19b with key: class com.lightcone.beautycam.viewmodel.event.SelectedFilterEvent
01-05 12:13:15.267 14455 14455 I [LiveEventBus]: message received: com.lightcone.beautycam.viewmodel.event.SelectedFilterEvent@29ba19b
01-05 12:13:15.268 14455 14455 I [LiveEventBus]: message received: com.lightcone.beautycam.viewmodel.event.SelectedFilterEvent@29ba19b
01-05 12:13:15.268 14455 14455 I [LiveEventBus]: message received: com.lightcone.beautycam.viewmodel.event.SelectedFilterEvent@29ba19b
01-05 12:13:15.268 14455 14455 I [LiveEventBus]: message received: com.lightcone.beautycam.viewmodel.event.SelectedFilterEvent@29ba19b
01-05 12:13:15.268 14455 14455 I [LiveEventBus]: message received: com.lightcone.beautycam.viewmodel.event.SelectedFilterEvent@29ba19b
01-05 12:13:15.269 14455 14455 I [LiveEventBus]: message received: com.lightcone.beautycam.viewmodel.event.SelectedFilterEvent@29ba19b
01-05 12:13:15.269 14455 14455 I [LiveEventBus]: post: com.lightcone.beautycam.viewmodel.event.SelectedFilterGroupEvent@b88bc77 with key: class com.lightcone.beautycam.viewmodel.event.SelectedFilterGroupEvent
01-05 12:13:15.269 14455 14455 I [LiveEventBus]: message received: com.lightcone.beautycam.viewmodel.event.SelectedFilterGroupEvent@b88bc77
01-05 12:13:15.269 14455 14455 I [LiveEventBus]: message received: com.lightcone.beautycam.viewmodel.event.SelectedFilterGroupEvent@b88bc77
01-05 12:13:15.271 14455 14455 I [LiveEventBus]: post: com.lightcone.beautycam.viewmodel.event.FilterIntensityUpdateEvent@19ef94d with key: class com.lightcone.beautycam.viewmodel.event.FilterIntensityUpdateEvent
01-05 12:13:15.272 14455 14455 I [LiveEventBus]: message received: com.lightcone.beautycam.viewmodel.event.FilterIntensityUpdateEvent@19ef94d
01-05 12:13:15.272 14455 14455 I [LiveEventBus]: message received: com.lightcone.beautycam.viewmodel.event.FilterIntensityUpdateEvent@19ef94d
01-05 12:13:15.280 14455 14455 E TAG : bindData: https://src.guangzhuiyuan.com/a_kty0p5tvscposq0/image/filter/thumbnail/otaru02.webp
01-05 12:13:15.288 14455 14455 E TAG : bindData: https://src.guangzhuiyuan.com/a_kty0p5tvscposq0/image/filter/thumbnail/indie07.webp
01-05 12:13:15.295 14455 14631 E TAG : drawFace: rect ratio w: 0.70555556 ratio h: 0.67604166
01-05 12:13:15.295 14455 14631 E TAG : drawFace: texture ratio w: 0.70555556 ratio h: 0.67604166
01-05 12:13:15.298 14455 14455 E TAG : bindData: https://src.guangzhuiyuan.com/a_kty0p5tvscposq0/image/filter/thumbnail/filme04.webp
01-05 12:13:15.299 14455 14631 D TAG : refreshParams: facetop: [0.0, 0.0]
01-05 12:13:15.299 14455 14631 D TAG : refreshParams: eyes_smiley: [0.0, 0.0]
01-05 12:13:15.299 14455 14631 D TAG : refreshParams: nose_bridge: [0.5, 0.5]
01-05 12:13:15.299 14455 14631 D TAG : refreshParams: nose_position: [0.5, 0.5]
01-05 12:13:15.306 14455 14631 W Bitmap : Called getWidth() on a recycle()'d bitmap! This is undefined behavior!
01-05 12:13:15.306 14455 14631 W Bitmap : Called getHeight() on a recycle()'d bitmap! This is undefined behavior!
01-05 12:13:15.308 14455 14455 E TAG : bindData: https://src.guangzhuiyuan.com/a_kty0p5tvscposq0/image/filter/thumbnail/ artistic01.webp
01-05 12:13:15.312 14455 14631 W Bitmap : Called getWidth() on a recycle()'d bitmap! This is undefined behavior!
01-05 12:13:15.312 14455 14631 W Bitmap : Called getHeight() on a recycle()'d bitmap! This is undefined behavior!
01-05 12:13:15.316 14455 14455 E TAG : bindData: https://src.guangzhuiyuan.com/a_kty0p5tvscposq0/image/filter/thumbnail/ feature01.webp
01-05 12:13:15.322 14455 14455 E TAG : bindData: https://src.guangzhuiyuan.com/a_kty0p5tvscposq0/image/filter/thumbnail/ feature02.webp
01-05 12:13:15.326 14455 14455 E TAG : bindData: https://src.guangzhuiyuan.com/a_kty0p5tvscposq0/image/filter/thumbnail/ feature03.webp
01-05 12:13:15.332 14455 14455 E TAG : bindData: https://src.guangzhuiyuan.com/a_kty0p5tvscposq0/image/filter/thumbnail/ feature04.webp
01-05 12:13:15.337 14455 14631 E TAG : drawFace: rect ratio w: 0.7111111 ratio h: 0.671875
01-05 12:13:15.337 14455 14631 E TAG : drawFace: texture ratio w: 0.7111111 ratio h: 0.671875
01-05 12:13:15.339 14455 14455 E TAG : bindData: https://src.guangzhuiyuan.com/a_kty0p5tvscposq0/image/filter/thumbnail/ feature05.webp
01-05 12:13:15.345 14455 14455 E TAG : bindData: https://src.guangzhuiyuan.com/a_kty0p5tvscposq0/image/filter/thumbnail/ feature06.webp
01-05 12:13:15.352 14455 14455 E TAG : bindData: https://src.guangzhuiyuan.com/a_kty0p5tvscposq0/image/filter/thumbnail/ feature07.webp
01-05 12:13:15.352 14455 14631 D TAG : refreshParams: facetop: [0.0, 0.0]
01-05 12:13:15.352 14455 14631 D TAG : refreshParams: eyes_smiley: [0.0, 0.0]
01-05 12:13:15.352 14455 14631 D TAG : refreshParams: nose_bridge: [0.5, 0.5]
01-05 12:13:15.353 14455 14631 D TAG : refreshParams: nose_position: [0.5, 0.5]
01-05 12:13:15.359 14455 14455 E TAG : bindData: https://src.guangzhuiyuan.com/a_kty0p5tvscposq0/image/filter/thumbnail/ snowfall01.webp
01-05 12:13:15.365 14455 14455 E TAG : bindData: https://src.guangzhuiyuan.com/a_kty0p5tvscposq0/image/filter/thumbnail/ snowfall02.webp
01-05 12:13:15.391 14455 14631 E TAG : drawFace: rect ratio w: 0.7166667 ratio h: 0.67083335
01-05 12:13:15.391 14455 14631 E TAG : drawFace: texture ratio w: 0.71666664 ratio h: 0.67083335
01-05 12:13:15.395 14455 14631 D TAG : refreshParams: facetop: [0.0, 0.0]
01-05 12:13:15.395 14455 14631 D TAG : refreshParams: eyes_smiley: [0.0, 0.0]
01-05 12:13:15.395 14455 14631 D TAG : refreshParams: nose_bridge: [0.5, 0.5]
01-05 12:13:15.396 14455 14631 D TAG : refreshParams: nose_position: [0.5, 0.5]
01-05 12:13:15.417 14455 14455 W RecyclerView: An instance of a was started more than once. Each instance ofa is intended to only be used once. You should create a new instance for each use.
01-05 12:13:15.435 14455 14631 E TAG : drawFace: rect ratio w: 0.7166667 ratio h: 0.67604166
01-05 12:13:15.435 14455 14631 E TAG : drawFace: texture ratio w: 0.71666664 ratio h: 0.67604166
01-05 12:13:15.438 14455 14631 D TAG : refreshParams: facetop: [0.0, 0.0]
01-05 12:13:15.438 14455 14631 D TAG : refreshParams: eyes_smiley: [0.0, 0.0]
01-05 12:13:15.438 14455 14631 D TAG : refreshParams: nose_bridge: [0.5, 0.5]
01-05 12:13:15.438 14455 14631 D TAG : refreshParams: nose_position: [0.5, 0.5]
01-05 12:13:15.480 14455 14631 E TAG : drawFace: rect ratio w: 0.7222222 ratio h: 0.67604166
01-05 12:13:15.480 14455 14631 E TAG : drawFace: texture ratio w: 0.7222222 ratio h: 0.67604166
01-05 12:13:15.485 14455 14631 D TAG : refreshParams: facetop: [0.0, 0.0]
01-05 12:13:15.485 14455 14631 D TAG : refreshParams: eyes_smiley: [0.0, 0.0]
01-05 12:13:15.485 14455 14631 D TAG : refreshParams: nose_bridge: [0.5, 0.5]
01-05 12:13:15.486 14455 14631 D TAG : refreshParams: nose_position: [0.5, 0.5]
01-05 12:13:15.528 14455 14631 E TAG : drawFace: rect ratio w: 0.7208333 ratio h: 0.6822916
01-05 12:13:15.529 14455 14631 E TAG : drawFace: texture ratio w: 0.72083336 ratio h: 0.68125
01-05 12:13:15.536 14455 14631 D TAG : refreshParams: facetop: [0.0, 0.0]
01-05 12:13:15.536 14455 14631 D TAG : refreshParams: eyes_smiley: [0.0, 0.0]
01-05 12:13:15.536 14455 14631 D TAG : refreshParams: nose_bridge: [0.5, 0.5]
01-05 12:13:15.536 14455 14631 D TAG : refreshParams: nose_position: [0.5, 0.5]
01-05 12:13:15.577 14455 14631 E TAG : drawFace: rect ratio w: 0.7263889 ratio h: 0.68645835
01-05 12:13:15.577 14455 14631 E TAG : drawFace: texture ratio w: 0.7263889 ratio h: 0.68645835
01-05 12:13:15.584 14455 14631 D TAG : refreshParams: facetop: [0.0, 0.0]
01-05 12:13:15.584 14455 14631 D TAG : refreshParams: eyes_smiley: [0.0, 0.0]
01-05 12:13:15.584 14455 14631 D TAG : refreshParams: nose_bridge: [0.5, 0.5]
01-05 12:13:15.584 14455 14631 D TAG : refreshParams: nose_position: [0.5, 0.5]
01-05 12:13:15.622 14455 14631 E TAG : drawFace: rect ratio w: 0.7263889 ratio h: 0.68645835
01-05 12:13:15.622 14455 14631 E TAG : drawFace: texture ratio w: 0.7263889 ratio h: 0.68645835
01-05 12:13:15.624 14455 14631 D TAG : refreshParams: facetop: [0.0, 0.0]
01-05 12:13:15.624 14455 14631 D TAG : refreshParams: eyes_smiley: [0.0, 0.0]
01-05 12:13:15.624 14455 14631 D TAG : refreshParams: nose_bridge: [0.5, 0.5]
01-05 12:13:15.624 14455 14631 D TAG : refreshParams: nose_position: [0.5, 0.5]
01-05 12:13:15.663 14455 14631 E TAG : drawFace: rect ratio w: 0.73194444 ratio h: 0.67604166
01-05 12:13:15.663 14455 14631 E TAG : drawFace: texture ratio w: 0.73194444 ratio h: 0.67604166
01-05 12:13:15.667 14455 14631 D TAG : refreshParams: facetop: [0.0, 0.0]
01-05 12:13:15.667 14455 14631 D TAG : refreshParams: eyes_smiley: [0.0, 0.0]
01-05 12:13:15.667 14455 14631 D TAG : refreshParams: nose_bridge: [0.5, 0.5]
01-05 12:13:15.667 14455 14631 D TAG : refreshParams: nose_position: [0.5, 0.5]
01-05 12:13:15.705 14455 14631 E TAG : drawFace: rect ratio w: 0.73055553 ratio h: 0.6822916
01-05 12:13:15.705 14455 14631 E TAG : drawFace: texture ratio w: 0.73055553 ratio h: 0.68125
01-05 12:13:15.708 14455 14631 D TAG : refreshParams: facetop: [0.0, 0.0]
01-05 12:13:15.708 14455 14631 D TAG : refreshParams: eyes_smiley: [0.0, 0.0]
01-05 12:13:15.708 14455 14631 D TAG : refreshParams: nose_bridge: [0.5, 0.5]
01-05 12:13:15.708 14455 14631 D TAG : refreshParams: nose_position: [0.5, 0.5]
01-05 12:13:15.754 14455 14631 E TAG : drawFace: rect ratio w: 0.73055553 ratio h: 0.68645835
01-05 12:13:15.754 14455 14631 E TAG : drawFace: texture ratio w: 0.73055553 ratio h: 0.68645835
01-05 12:13:15.758 14455 14631 D TAG : refreshParams: facetop: [0.0, 0.0]
01-05 12:13:15.758 14455 14631 D TAG : refreshParams: eyes_smiley: [0.0, 0.0]
01-05 12:13:15.758 14455 14631 D TAG : refreshParams: nose_bridge: [0.5, 0.5]
01-05 12:13:15.758 14455 14631 D TAG : refreshParams: nose_position: [0.5, 0.5]
01-05 12:13:15.802 14455 14631 E TAG : drawFace: rect ratio w: 0.73055553 ratio h: 0.68645835
01-05 12:13:15.802 14455 14631 E TAG : drawFace: texture ratio w: 0.73055553 ratio h: 0.68645835
01-05 12:13:15.805 14455 14631 D TAG : refreshParams: facetop: [0.0, 0.0]
01-05 12:13:15.805 14455 14631 D TAG : refreshParams: eyes_smiley: [0.0, 0.0]
01-05 12:13:15.805 14455 14631 D TAG : refreshParams: nose_bridge: [0.5, 0.5]
01-05 12:13:15.805 14455 14631 D TAG : refreshParams: nose_position: [0.5, 0.5]
01-05 12:13:15.848 14455 14631 E TAG : drawFace: rect ratio w: 0.73055553 ratio h: 0.6927083
01-05 12:13:15.848 14455 14631 E TAG : drawFace: texture ratio w: 0.73055553 ratio h: 0.6927083
01-05 12:13:15.851 14455 14631 D TAG : refreshParams: facetop: [0.0, 0.0]
01-05 12:13:15.851 14455 14631 D TAG : refreshParams: eyes_smiley: [0.0, 0.0]
01-05 12:13:15.851 14455 14631 D TAG : refreshParams: nose_bridge: [0.5, 0.5]
01-05 12:13:15.851 14455 14631 D TAG : refreshParams: nose_position: [0.5, 0.5]
01-05 12:13:15.898 14455 14631 E TAG : drawFace: rect ratio w: 0.73333335 ratio h: 0.68645835
01-05 12:13:15.898 14455 14631 E TAG : drawFace: texture ratio w: 0.73333335 ratio h: 0.68645835
01-05 12:13:15.901 14455 14631 D TAG : refreshParams: facetop: [0.0, 0.0]
01-05 12:13:15.901 14455 14631 D TAG : refreshParams: eyes_smiley: [0.0, 0.0]
01-05 12:13:15.901 14455 14631 D TAG : refreshParams: nose_bridge: [0.5, 0.5]
01-05 12:13:15.901 14455 14631 D TAG : refreshParams: nose_position: [0.5, 0.5]
01-05 12:13:15.948 14455 14631 E TAG : drawFace: rect ratio w: 0.73888886 ratio h: 0.6822916
01-05 12:13:15.948 14455 14631 E TAG : drawFace: texture ratio w: 0.73888886 ratio h: 0.68125
01-05 12:13:15.952 14455 14631 D TAG : refreshParams: facetop: [0.0, 0.0]
01-05 12:13:15.952 14455 14631 D TAG : refreshParams: eyes_smiley: [0.0, 0.0]
01-05 12:13:15.952 14455 14631 D TAG : refreshParams: nose_bridge: [0.5, 0.5]
01-05 12:13:15.952 14455 14631 D TAG : refreshParams: nose_position: [0.5, 0.5]
01-05 12:13:15.997 14455 14631 E TAG : drawFace: rect ratio w: 0.7375 ratio h: 0.6927084
01-05 12:13:15.997 14455 14631 E TAG : drawFace: texture ratio w: 0.7375 ratio h: 0.6927083
01-05 12:13:16.005 14455 14631 D TAG : refreshParams: facetop: [0.0, 0.0]
01-05 12:13:16.005 14455 14631 D TAG : refreshParams: eyes_smiley: [0.0, 0.0]
01-05 12:13:16.005 14455 14631 D TAG : refreshParams: nose_bridge: [0.5, 0.5]
01-05 12:13:16.005 14455 14631 D TAG : refreshParams: nose_position: [0.5, 0.5]
01-05 12:13:16.059 14455 14631 E TAG : drawFace: rect ratio w: 0.7472222 ratio h: 0.6822916
01-05 12:13:16.059 14455 14631 E TAG : drawFace: texture ratio w: 0.74722224 ratio h: 0.68125
01-05 12:13:16.063 14455 14631 D TAG : refreshParams: facetop: [0.0, 0.0]
01-05 12:13:16.063 14455 14631 D TAG : refreshParams: eyes_smiley: [0.0, 0.0]
01-05 12:13:16.063 14455 14631 D TAG : refreshParams: nose_bridge: [0.5, 0.5]
01-05 12:13:16.063 14455 14631 D TAG : refreshParams: nose_position: [0.5, 0.5]
01-05 12:13:16.110 14455 14631 E TAG : drawFace: rect ratio w: 0.75 ratio h: 0.67604166
01-05 12:13:16.110 14455 14631 E TAG : drawFace: texture ratio w: 0.75 ratio h: 0.67604166
01-05 12:13:16.115 14455 14631 D TAG : refreshParams: facetop: [0.0, 0.0]
01-05 12:13:16.115 14455 14631 D TAG : refreshParams: eyes_smiley: [0.0, 0.0]
01-05 12:13:16.115 14455 14631 D TAG : refreshParams: nose_bridge: [0.5, 0.5]
01-05 12:13:16.115 14455 14631 D TAG : refreshParams: nose_position: [0.5, 0.5]
01-05 12:13:16.158 14455 14631 E TAG : drawFace: rect ratio w: 0.7569444 ratio h: 0.6822917
01-05 12:13:16.158 14455 14631 E TAG : drawFace: texture ratio w: 0.7569444 ratio h: 0.6822917
01-05 12:13:16.162 14455 14631 D TAG : refreshParams: facetop: [0.0, 0.0]
01-05 12:13:16.162 14455 14631 D TAG : refreshParams: eyes_smiley: [0.0, 0.0]
01-05 12:13:16.162 14455 14631 D TAG : refreshParams: nose_bridge: [0.5, 0.5]
01-05 12:13:16.162 14455 14631 D TAG : refreshParams: nose_position: [0.5, 0.5]
01-05 12:13:16.201 14455 14631 E TAG : drawFace: rect ratio w: 0.7569444 ratio h: 0.67604166
01-05 12:13:16.201 14455 14631 E TAG : drawFace: texture ratio w: 0.7569444 ratio h: 0.67604166
01-05 12:13:16.208 14455 14631 D TAG : refreshParams: facetop: [0.0, 0.0]
01-05 12:13:16.208 14455 14631 D TAG : refreshParams: eyes_smiley: [0.0, 0.0]
01-05 12:13:16.208 14455 14631 D TAG : refreshParams: nose_bridge: [0.5, 0.5]
01-05 12:13:16.208 14455 14631 D TAG : refreshParams: nose_position: [0.5, 0.5]
01-05 12:13:16.248 14455 14631 E TAG : drawFace: rect ratio w: 0.7569444 ratio h: 0.67604166
01-05 12:13:16.248 14455 14631 E TAG : drawFace: texture ratio w: 0.7569444 ratio h: 0.67604166
01-05 12:13:16.250 14455 14631 D TAG : refreshParams: facetop: [0.0, 0.0]
01-05 12:13:16.250 14455 14631 D TAG : refreshParams: eyes_smiley: [0.0, 0.0]
01-05 12:13:16.250 14455 14631 D TAG : refreshParams: nose_bridge: [0.5, 0.5]
01-05 12:13:16.250 14455 14631 D TAG : refreshParams: nose_position: [0.5, 0.5]
01-05 12:13:16.297 14455 14631 E TAG : drawFace: rect ratio w: 0.7569444 ratio h: 0.6822917
01-05 12:13:16.297 14455 14631 E TAG : drawFace: texture ratio w: 0.7569444 ratio h: 0.6822917
01-05 12:13:16.300 14455 14631 D TAG : refreshParams: facetop: [0.0, 0.0]
01-05 12:13:16.300 14455 14631 D TAG : refreshParams: eyes_smiley: [0.0, 0.0]
01-05 12:13:16.300 14455 14631 D TAG : refreshParams: nose_bridge: [0.5, 0.5]
01-05 12:13:16.300 14455 14631 D TAG : refreshParams: nose_position: [0.5, 0.5]
01-05 12:13:16.356 14455 14631 E TAG : drawFace: rect ratio w: 0.7569444 ratio h: 0.68645835
01-05 12:13:16.356 14455 14631 E TAG : drawFace: texture ratio w: 0.7569444 ratio h: 0.68645835
01-05 12:13:16.359 14455 14631 D TAG : refreshParams: facetop: [0.0, 0.0]
01-05 12:13:16.359 14455 14631 D TAG : refreshParams: eyes_smiley: [0.0, 0.0]
01-05 12:13:16.359 14455 14631 D TAG : refreshParams: nose_bridge: [0.5, 0.5]
01-05 12:13:16.359 14455 14631 D TAG : refreshParams: nose_position: [0.5, 0.5]
01-05 12:13:16.404 14455 14631 E TAG : drawFace: rect ratio w: 0.7569444 ratio h: 0.67604166
01-05 12:13:16.404 14455 14631 E TAG : drawFace: texture ratio w: 0.7569444 ratio h: 0.67604166
01-05 12:13:16.406 14455 14631 D TAG : refreshParams: facetop: [0.0, 0.0]
01-05 12:13:16.406 14455 14631 D TAG : refreshParams: eyes_smiley: [0.0, 0.0]
01-05 12:13:16.406 14455 14631 D TAG : refreshParams: nose_bridge: [0.5, 0.5]
01-05 12:13:16.406 14455 14631 D TAG : refreshParams: nose_position: [0.5, 0.5]
01-05 12:13:16.461 14455 14631 E TAG : drawFace: rect ratio w: 0.7569444 ratio h: 0.67604166
01-05 12:13:16.461 14455 14631 E TAG : drawFace: texture ratio w: 0.7569444 ratio h: 0.67604166
01-05 12:13:16.464 14455 14631 D TAG : refreshParams: facetop: [0.0, 0.0]
01-05 12:13:16.464 14455 14631 D TAG : refreshParams: eyes_smiley: [0.0, 0.0]
01-05 12:13:16.464 14455 14631 D TAG : refreshParams: nose_bridge: [0.5, 0.5]
01-05 12:13:16.464 14455 14631 D TAG : refreshParams: nose_position: [0.5, 0.5]
01-05 12:13:16.507 14455 14631 E TAG : drawFace: rect ratio w: 0.76388884 ratio h: 0.671875
01-05 12:13:16.507 14455 14631 E TAG : drawFace: texture ratio w: 0.7625 ratio h: 0.671875
01-05 12:13:16.510 14455 14631 D TAG : refreshParams: facetop: [0.0, 0.0]
01-05 12:13:16.510 14455 14631 D TAG : refreshParams: eyes_smiley: [0.0, 0.0]
01-05 12:13:16.510 14455 14631 D TAG : refreshParams: nose_bridge: [0.5, 0.5]
01-05 12:13:16.510 14455 14631 D TAG : refreshParams: nose_position: [0.5, 0.5]
01-05 12:13:16.554 14455 14631 E TAG : drawFace: rect ratio w: 0.7569444 ratio h: 0.665625
01-05 12:13:16.554 14455 14631 E TAG : drawFace: texture ratio w: 0.7569444 ratio h: 0.665625
01-05 12:13:16.557 14455 14631 D TAG : refreshParams: facetop: [0.0, 0.0]
01-05 12:13:16.557 14455 14631 D TAG : refreshParams: eyes_smiley: [0.0, 0.0]
01-05 12:13:16.557 14455 14631 D TAG : refreshParams: nose_bridge: [0.5, 0.5]
01-05 12:13:16.557 14455 14631 D TAG : refreshParams: nose_position: [0.5, 0.5]
01-05 12:13:16.603 14455 14631 E TAG : drawFace: rect ratio w: 0.7583333 ratio h: 0.671875
01-05 12:13:16.603 14455 14631 E TAG : drawFace: texture ratio w: 0.7583333 ratio h: 0.671875
01-05 12:13:16.607 14455 14631 D TAG : refreshParams: facetop: [0.0, 0.0]
01-05 12:13:16.607 14455 14631 D TAG : refreshParams: eyes_smiley: [0.0, 0.0]
01-05 12:13:16.607 14455 14631 D TAG : refreshParams: nose_bridge: [0.5, 0.5]
01-05 12:13:16.607 14455 14631 D TAG : refreshParams: nose_position: [0.5, 0.5]
01-05 12:13:16.615 14455 14455 I [LiveEventBus]: post: com.lightcone.beautycam.viewmodel.event.ResourceDownloadEvent@1bbef79 with key: class com.lightcone.beautycam.viewmodel.event.ResourceDownloadEvent
01-05 12:13:16.616 14455 14455 I [LiveEventBus]: message received: com.lightcone.beautycam.viewmodel.event.ResourceDownloadEvent@1bbef79
01-05 12:13:16.616 14455 14455 I [LiveEventBus]: message received: com.lightcone.beautycam.viewmodel.event.ResourceDownloadEvent@1bbef79
01-05 12:13:16.633 14455 14455 E TAG : bindData: https://src.guangzhuiyuan.com/a_kty0p5tvscposq0/image/filter/thumbnail/otaru02.webp
01-05 12:13:16.645 14455 14500 W RenderInspector: QueueBuffer time out on com.accarunit.beauty.camera.videocall/com.lightcone.beautycam.activity.BeautyCamera Activity, count=12, avg=9 ms, max=26 ms.
01-05 12:13:16.658 14455 14631 E TAG : drawFace: rect ratio w: 0.7527778 ratio h: 0.68645835
01-05 12:13:16.658 14455 14631 E TAG : drawFace: texture ratio w: 0.75277776 ratio h: 0.68645835
01-05 12:13:16.673 14455 14631 D TAG : refreshParams: facetop: [0.0, 0.0]
01-05 12:13:16.673 14455 14631 D TAG : refreshParams: eyes_smiley: [0.0, 0.0]
01-05 12:13:16.673 14455 14631 D TAG : refreshParams: nose_bridge: [0.5, 0.5]
01-05 12:13:16.673 14455 14631 D TAG : refreshParams: nose_position: [0.5, 0.5]
01-05 12:13:16.714 14455 14631 E TAG : drawFace: rect ratio w: 0.7472222 ratio h: 0.665625
01-05 12:13:16.714 14455 14631 E TAG : drawFace: texture ratio w: 0.74722224 ratio h: 0.665625
01-05 12:13:16.720 14455 14631 D TAG : refreshParams: facetop: [0.0, 0.0]
01-05 12:13:16.720 14455 14631 D TAG : refreshParams: eyes_smiley: [0.0, 0.0]
01-05 12:13:16.720 14455 14631 D TAG : refreshParams: nose_bridge: [0.5, 0.5]
01-05 12:13:16.720 14455 14631 D TAG : refreshParams: nose_position: [0.5, 0.5]
01-05 12:13:16.759 14455 14631 E TAG : drawFace: rect ratio w: 0.7513889 ratio h: 0.67083335
01-05 12:13:16.759 14455 14631 E TAG : drawFace: texture ratio w: 0.7513889 ratio h: 0.67083335
01-05 12:13:16.762 14455 14455 I [LiveEventBus]: broadcast: com.lightcone.beautycam.viewmodel.event.SelectedFilterEvent@d529e59 foreground: false with key: class com.lightcone.beautycam.viewmodel.event.SelectedFilterEvent
01-05 12:13:16.764 14455 14455 I [LiveEventBus]: broadcast: com.lightcone.beautycam.viewmodel.event.FilterIntensityUpdateEvent@a42ba1e foreground: false with key: class com.lightcone.beautycam.viewmodel.event.FilterIntensityUpdateEvent
01-05 12:13:16.765 14455 14631 D TAG : refreshParams: facetop: [0.0, 0.0]
01-05 12:13:16.765 14455 14631 D TAG : refreshParams: eyes_smiley: [0.0, 0.0]
01-05 12:13:16.765 14455 14631 D TAG : refreshParams: nose_bridge: [0.5, 0.5]
01-05 12:13:16.765 14455 14631 D TAG : refreshParams: nose_position: [0.5, 0.5]
01-05 12:13:16.765 14455 14455 I [LiveEventBus]: post: com.lightcone.beautycam.viewmodel.event.ResourceDownloadEvent@45292ff with key: class com.lightcone.beautycam.viewmodel.event.ResourceDownloadEvent
01-05 12:13:16.765 14455 14455 I [LiveEventBus]: message received: com.lightcone.beautycam.viewmodel.event.ResourceDownloadEvent@45292ff
01-05 12:13:16.765 14455 14455 I [LiveEventBus]: message received: com.lightcone.beautycam.viewmodel.event.ResourceDownloadEvent@45292ff
01-05 12:13:16.779 14455 14455 I [LiveEventBus]: post: com.lightcone.beautycam.viewmodel.event.SelectedFilterEvent@fdc5a2a with key: class com.lightcone.beautycam.viewmodel.event.SelectedFilterEvent
01-05 12:13:16.779 14455 14455 I [LiveEventBus]: message received: com.lightcone.beautycam.viewmodel.event.SelectedFilterEvent@fdc5a2a
01-05 12:13:16.780 14455 14455 I [LiveEventBus]: message received: com.lightcone.beautycam.viewmodel.event.SelectedFilterEvent@fdc5a2a
01-05 12:13:16.780 14455 14455 I [LiveEventBus]: message received: com.lightcone.beautycam.viewmodel.event.SelectedFilterEvent@fdc5a2a
01-05 12:13:16.780 14455 14455 I [LiveEventBus]: message received: com.lightcone.beautycam.viewmodel.event.SelectedFilterEvent@fdc5a2a
01-05 12:13:16.780 14455 14455 I [LiveEventBus]: message received: com.lightcone.beautycam.viewmodel.event.SelectedFilterEvent@fdc5a2a
01-05 12:13:16.781 14455 14455 W RecyclerView: An instance of a was started more than once. Each instance ofa is intended to only be used once. You should create a new instance for each use.
01-05 12:13:16.781 14455 14455 I [LiveEventBus]: message received: com.lightcone.beautycam.viewmodel.event.SelectedFilterEvent@fdc5a2a
01-05 12:13:16.781 14455 14455 I [LiveEventBus]: post: com.lightcone.beautycam.viewmodel.event.FilterIntensityUpdateEvent@688bf91 with key: class com.lightcone.beautycam.viewmodel.event.FilterIntensityUpdateEvent
01-05 12:13:16.781 14455 14455 I [LiveEventBus]: message received: com.lightcone.beautycam.viewmodel.event.FilterIntensityUpdateEvent@688bf91
01-05 12:13:16.781 14455 14455 I [LiveEventBus]: message received: com.lightcone.beautycam.viewmodel.event.FilterIntensityUpdateEvent@688bf91
01-05 12:13:16.796 14455 14455 E TAG : bindData: https://src.guangzhuiyuan.com/a_kty0p5tvscposq0/image/filter/thumbnail/otaru02.webp
01-05 12:13:16.798 14455 14455 E TAG : bindData: https://src.guangzhuiyuan.com/a_kty0p5tvscposq0/image/filter/thumbnail/indie07.webp
01-05 12:13:16.801 14455 14455 E TAG : bindData: https://src.guangzhuiyuan.com/a_kty0p5tvscposq0/image/filter/thumbnail/filme04.webp
01-05 12:13:16.807 14455 14455 E TAG : bindData: https://src.guangzhuiyuan.com/a_kty0p5tvscposq0/image/filter/thumbnail/ artistic01.webp
01-05 12:13:16.807 14455 14631 E TAG : drawFace: rect ratio w: 0.7513889 ratio h: 0.67083335
01-05 12:13:16.807 14455 14631 E TAG : drawFace: texture ratio w: 0.7513889 ratio h: 0.67083335
01-05 12:13:16.810 14455 14631 D TAG : refreshParams: facetop: [0.0, 0.0]
01-05 12:13:16.810 14455 14631 D TAG : refreshParams: eyes_smiley: [0.0, 0.0]
01-05 12:13:16.810 14455 14631 D TAG : refreshParams: nose_bridge: [0.5, 0.5]
01-05 12:13:16.810 14455 14631 D TAG : refreshParams: nose_position: [0.5, 0.5]
01-05 12:13:16.812 14455 14455 E TAG : bindData: https://src.guangzhuiyuan.com/a_kty0p5tvscposq0/image/filter/thumbnail/ feature01.webp
01-05 12:13:16.822 14455 14631 W Bitmap : Called getWidth() on a recycle()'d bitmap! This is undefined behavior!
01-05 12:13:16.822 14455 14631 W Bitmap : Called getHeight() on a recycle()'d bitmap! This is undefined behavior!
01-05 12:13:16.824 14455 14455 E TAG : bindData: https://src.guangzhuiyuan.com/a_kty0p5tvscposq0/image/filter/thumbnail/ feature02.webp
01-05 12:13:16.830 14455 14455 E TAG : bindData: https://src.guangzhuiyuan.com/a_kty0p5tvscposq0/image/filter/thumbnail/ feature03.webp
01-05 12:13:16.839 14455 14455 E TAG : bindData: https://src.guangzhuiyuan.com/a_kty0p5tvscposq0/image/filter/thumbnail/ feature04.webp
01-05 12:13:16.846 14455 14455 E TAG : bindData: https://src.guangzhuiyuan.com/a_kty0p5tvscposq0/image/filter/thumbnail/ feature05.webp
01-05 12:13:16.852 14455 14455 E TAG : bindData: https://src.guangzhuiyuan.com/a_kty0p5tvscposq0/image/filter/thumbnail/ feature06.webp
01-05 12:13:16.858 14455 14631 E TAG : drawFace: rect ratio w: 0.7513889 ratio h: 0.67083335
01-05 12:13:16.858 14455 14631 E TAG : drawFace: texture ratio w: 0.7513889 ratio h: 0.67083335
01-05 12:13:16.860 14455 14455 E TAG : bindData: https://src.guangzhuiyuan.com/a_kty0p5tvscposq0/image/filter/thumbnail/ feature07.webp
01-05 12:13:16.861 14455 14631 D TAG : refreshParams: facetop: [0.0, 0.0]
01-05 12:13:16.861 14455 14631 D TAG : refreshParams: eyes_smiley: [0.0, 0.0]
01-05 12:13:16.861 14455 14631 D TAG : refreshParams: nose_bridge: [0.5, 0.5]
01-05 12:13:16.861 14455 14631 D TAG : refreshParams: nose_position: [0.5, 0.5]
01-05 12:13:16.868 14455 14455 E TAG : bindData: https://src.guangzhuiyuan.com/a_kty0p5tvscposq0/image/filter/thumbnail/ snowfall01.webp
01-05 12:13:16.877 14455 14455 E TAG : bindData: https://src.guangzhuiyuan.com/a_kty0p5tvscposq0/image/filter/thumbnail/ snowfall02.webp
01-05 12:13:16.981 14455 14500 W RenderInspector: DequeueBuffer time out on com.accarunit.beauty.camera.videocall/com.lightcone.beautycam.activity.BeautyCamera Activity, count=1, avg=31 ms, max=31 ms.
01-05 12:13:16.987 14455 14631 E TAG : drawFace: rect ratio w: 0.75 ratio h: 0.67083335
01-05 12:13:16.987 14455 14631 E TAG : drawFace: texture ratio w: 0.75 ratio h: 0.67083335
01-05 12:13:16.991 14455 14631 D TAG : refreshParams: facetop: [0.0, 0.0]
01-05 12:13:16.991 14455 14631 D TAG : refreshParams: eyes_smiley: [0.0, 0.0]
01-05 12:13:16.991 14455 14631 D TAG : refreshParams: nose_bridge: [0.5, 0.5]
01-05 12:13:16.991 14455 14631 D TAG : refreshParams: nose_position: [0.5, 0.5]
01-05 12:13:17.034 14455 14631 E TAG : drawFace: rect ratio w: 0.7569444 ratio h: 0.67083335
01-05 12:13:17.034 14455 14631 E TAG : drawFace: texture ratio w: 0.7569444 ratio h: 0.67083335
01-05 12:13:17.039 14455 14631 D TAG : refreshParams: facetop: [0.0, 0.0]
01-05 12:13:17.039 14455 14631 D TAG : refreshParams: eyes_smiley: [0.0, 0.0]
01-05 12:13:17.040 14455 14631 D TAG : refreshParams: nose_bridge: [0.5, 0.5]
01-05 12:13:17.040 14455 14631 D TAG : refreshParams: nose_position: [0.5, 0.5]
01-05 12:13:17.085 14455 14631 E TAG : drawFace: rect ratio w: 0.7361111 ratio h: 0.67604166
01-05 12:13:17.086 14455 14631 E TAG : drawFace: texture ratio w: 0.7361111 ratio h: 0.67604166
01-05 12:13:17.098 14455 14631 D TAG : refreshParams: facetop: [0.0, 0.0]
01-05 12:13:17.098 14455 14631 D TAG : refreshParams: eyes_smiley: [0.0, 0.0]
01-05 12:13:17.098 14455 14631 D TAG : refreshParams: nose_bridge: [0.5, 0.5]
01-05 12:13:17.098 14455 14631 D TAG : refreshParams: nose_position: [0.5, 0.5]
01-05 12:13:17.181 14455 14631 E TAG : drawFace: rect ratio w: 0.7222222 ratio h: 0.6822916
01-05 12:13:17.181 14455 14631 E TAG : drawFace: texture ratio w: 0.7222222 ratio h: 0.68125
01-05 12:13:17.361 14455 14466 I amera.videocall: Background young concurrent copying GC freed 109619(2823KB) AllocSpace objects, 47(8320KB) LOS objects, 34% free, 14MB/22MB, paused 45.528ms,55us total 485.339ms
01-05 12:13:17.372 14455 14631 D TAG : refreshParams: facetop: [0.0, 0.0]
01-05 12:13:17.373 14455 14631 D TAG : refreshParams: eyes_smiley: [0.0, 0.0]
01-05 12:13:17.373 14455 14631 D TAG : refreshParams: nose_bridge: [0.5, 0.5]
01-05 12:13:17.373 14455 14631 D TAG : refreshParams: nose_position: [0.5, 0.5]
01-05 12:13:17.415 14455 14455 I [LiveEventBus]: broadcast: com.lightcone.beautycam.viewmodel.event.DetectFaceEvent@e1aa70e foreground: false with key: class com.lightcone.beautycam.viewmodel.event.DetectFaceEvent
01-05 12:13:17.463 14455 14455 I [LiveEventBus]: post: com.lightcone.beautycam.viewmodel.event.DetectFaceEvent@313952f with key: class com.lightcone.beautycam.viewmodel.event.DetectFaceEvent
01-05 12:13:17.464 14455 14455 I [LiveEventBus]: message received: com.lightcone.beautycam.viewmodel.event.DetectFaceEvent@313952f
01-05 12:13:17.516 14455 14455 I [LiveEventBus]: post: com.lightcone.beautycam.viewmodel.event.ResourceDownloadEvent@4608cc5 with key: class com.lightcone.beautycam.viewmodel.event.ResourceDownloadEvent
01-05 12:13:17.516 14455 14455 I [LiveEventBus]: message received: com.lightcone.beautycam.viewmodel.event.ResourceDownloadEvent@4608cc5
01-05 12:13:17.516 14455 14455 I [LiveEventBus]: message received: com.lightcone.beautycam.viewmodel.event.ResourceDownloadEvent@4608cc5
01-05 12:13:17.554 14455 14455 E TAG : bindData: https://src.guangzhuiyuan.com/a_kty0p5tvscposq0/image/filter/thumbnail/otaru02.webp
01-05 12:13:17.582 14455 14500 W RenderInspector: QueueBuffer time out on com.accarunit.beauty.camera.videocall/com.lightcone.beautycam.activity.BeautyCamera Activity, count=4, avg=12 ms, max=28 ms.
01-05 12:13:17.814 14455 14455 I [LiveEventBus]: broadcast: com.lightcone.beautycam.viewmodel.event.SelectedFilterEvent@704efbe foreground: false with key: class com.lightcone.beautycam.viewmodel.event.SelectedFilterEvent
01-05 12:13:17.817 14455 14455 I [LiveEventBus]: broadcast: com.lightcone.beautycam.viewmodel.event.FilterIntensityUpdateEvent@91a281f foreground: false with key: class com.lightcone.beautycam.viewmodel.event.FilterIntensityUpdateEvent
01-05 12:13:17.818 14455 14455 I [LiveEventBus]: post: com.lightcone.beautycam.viewmodel.event.ResourceDownloadEvent@f56b76c with key: class com.lightcone.beautycam.viewmodel.event.ResourceDownloadEvent
01-05 12:13:17.819 14455 14455 I [LiveEventBus]: message received: com.lightcone.beautycam.viewmodel.event.ResourceDownloadEvent@f56b76c
01-05 12:13:17.819 14455 14455 I [LiveEventBus]: message received: com.lightcone.beautycam.viewmodel.event.ResourceDownloadEvent@f56b76c
01-05 12:13:17.840 14455 14455 I [LiveEventBus]: post: com.lightcone.beautycam.viewmodel.event.SelectedFilterEvent@dc3273b with key: class com.lightcone.beautycam.viewmodel.event.SelectedFilterEvent
01-05 12:13:17.840 14455 14455 I [LiveEventBus]: message received: com.lightcone.beautycam.viewmodel.event.SelectedFilterEvent@dc3273b
01-05 12:13:17.841 14455 14455 I [LiveEventBus]: message received: com.lightcone.beautycam.viewmodel.event.SelectedFilterEvent@dc3273b
01-05 12:13:17.842 14455 14455 I [LiveEventBus]: message received: com.lightcone.beautycam.viewmodel.event.SelectedFilterEvent@dc3273b
01-05 12:13:17.842 14455 14455 I [LiveEventBus]: message received: com.lightcone.beautycam.viewmodel.event.SelectedFilterEvent@dc3273b
01-05 12:13:17.842 14455 14455 I [LiveEventBus]: message received: com.lightcone.beautycam.viewmodel.event.SelectedFilterEvent@dc3273b
01-05 12:13:17.843 14455 14455 W RecyclerView: An instance of a was started more than once. Each instance ofa is intended to only be used once. You should create a new instance for each use.
01-05 12:13:17.844 14455 14455 I [LiveEventBus]: message received: com.lightcone.beautycam.viewmodel.event.SelectedFilterEvent@dc3273b
01-05 12:13:17.845 14455 14455 I [LiveEventBus]: post: com.lightcone.beautycam.viewmodel.event.FilterIntensityUpdateEvent@a9d3896 with key: class com.lightcone.beautycam.viewmodel.event.FilterIntensityUpdateEvent
01-05 12:13:17.845 14455 14455 I [LiveEventBus]: message received: com.lightcone.beautycam.viewmodel.event.FilterIntensityUpdateEvent@a9d3896
01-05 12:13:17.846 14455 14455 I [LiveEventBus]: message received: com.lightcone.beautycam.viewmodel.event.FilterIntensityUpdateEvent@a9d3896
01-05 12:13:17.848 14455 14455 E TAG : bindData: https://src.guangzhuiyuan.com/a_kty0p5tvscposq0/image/filter/thumbnail/otaru02.webp
01-05 12:13:17.853 14455 14455 E TAG : bindData: https://src.guangzhuiyuan.com/a_kty0p5tvscposq0/image/filter/thumbnail/indie07.webp
01-05 12:13:17.858 14455 14455 E TAG : bindData: https://src.guangzhuiyuan.com/a_kty0p5tvscposq0/image/filter/thumbnail/filme04.webp
01-05 12:13:17.864 14455 14455 E TAG : bindData: https://src.guangzhuiyuan.com/a_kty0p5tvscposq0/image/filter/thumbnail/ artistic01.webp
01-05 12:13:17.866 14455 14455 E TAG : bindData: https://src.guangzhuiyuan.com/a_kty0p5tvscposq0/image/filter/thumbnail/ feature01.webp
01-05 12:13:17.878 14455 14455 E TAG : bindData: https://src.guangzhuiyuan.com/a_kty0p5tvscposq0/image/filter/thumbnail/ feature02.webp
01-05 12:13:17.886 14455 14455 E TAG : bindData: https://src.guangzhuiyuan.com/a_kty0p5tvscposq0/image/filter/thumbnail/ feature03.webp
01-05 12:13:17.901 14455 14455 E TAG : bindData: https://src.guangzhuiyuan.com/a_kty0p5tvscposq0/image/filter/thumbnail/ feature04.webp
01-05 12:13:17.908 14455 14455 E TAG : bindData: https://src.guangzhuiyuan.com/a_kty0p5tvscposq0/image/filter/thumbnail/ feature05.webp
01-05 12:13:17.922 14455 14455 E TAG : bindData: https://src.guangzhuiyuan.com/a_kty0p5tvscposq0/image/filter/thumbnail/ feature06.webp
01-05 12:13:17.933 14455 14455 E TAG : bindData: https://src.guangzhuiyuan.com/a_kty0p5tvscposq0/image/filter/thumbnail/ feature07.webp
01-05 12:13:17.940 14455 14455 E TAG : bindData: https://src.guangzhuiyuan.com/a_kty0p5tvscposq0/image/filter/thumbnail/ snowfall01.webp
01-05 12:13:17.950 14455 14455 E TAG : bindData: https://src.guangzhuiyuan.com/a_kty0p5tvscposq0/image/filter/thumbnail/ snowfall02.webp
01-05 12:13:18.168 14455 14631 W Bitmap : Called getWidth() on a recycle()'d bitmap! This is undefined behavior!
01-05 12:13:18.168 14455 14631 W Bitmap : Called getHeight() on a recycle()'d bitmap! This is undefined behavior!
01-05 12:13:18.202 14455 14455 D DecorView[BeautyCameraActivity]: onWindowFocusChanged hasWindowFocus false
01-05 12:13:18.445 14455 14466 I amera.videocall: Background concurrent copying GC freed 75062(3097KB) AllocSpace objects, 51(11MB) LOS objects, 49% free, 16MB/33MB, paused 14.799ms,90us total 545.938ms
01-05 12:13:18.822 14455 14631 E TAG : drawFace: rect ratio w: 0.7097222 ratio h: 0.6760417
01-05 12:13:18.831 14455 14455 I [LiveEventBus]: broadcast: com.lightcone.beautycam.viewmodel.event.DetectFaceEvent@98f3dd3 foreground: false with key: class com.lightcone.beautycam.viewmodel.event.DetectFaceEvent
01-05 12:13:18.831 14455 14631 E TAG : drawFace: texture ratio w: 0.7097222 ratio h: 0.67604166
01-05 12:13:18.833 14455 14455 I [LiveEventBus]: post: com.lightcone.beautycam.viewmodel.event.DetectFaceEvent@b05cd10 with key: class com.lightcone.beautycam.viewmodel.event.DetectFaceEvent
01-05 12:13:18.834 14455 14455 I [LiveEventBus]: message received: com.lightcone.beautycam.viewmodel.event.DetectFaceEvent@b05cd10
01-05 12:13:18.848 14455 14631 D TAG : refreshParams: facetop: [0.0, 0.0]
01-05 12:13:18.848 14455 14631 D TAG : refreshParams: eyes_smiley: [0.0, 0.0]
01-05 12:13:18.848 14455 14631 D TAG : refreshParams: nose_bridge: [0.5, 0.5]
01-05 12:13:18.848 14455 14631 D TAG : refreshParams: nose_position: [0.5, 0.5]
01-05 12:13:18.914 14455 14631 E TAG : drawFace: rect ratio w: 0.7097222 ratio h: 0.6927084
01-05 12:13:18.914 14455 14631 E TAG : drawFace: texture ratio w: 0.7097222 ratio h: 0.6927083
01-05 12:13:18.918 14455 14631 D TAG : refreshParams: facetop: [0.0, 0.0]
01-05 12:13:18.918 14455 14631 D TAG : refreshParams: eyes_smiley: [0.0, 0.0]
01-05 12:13:18.918 14455 14631 D TAG : refreshParams: nose_bridge: [0.5, 0.5]
01-05 12:13:18.918 14455 14631 D TAG : refreshParams: nose_position: [0.5, 0.5]
01-05 12:13:18.929 14455 14455 I GLContextOP: onSurfaceDestroyed
01-05 12:13:18.996 14455 14631 E TAG : drawFace: rect ratio w: 0.7208333 ratio h: 0.7083334
01-05 12:13:18.996 14455 14631 E TAG : drawFace: texture ratio w: 0.72083336 ratio h: 0.7083333
01-05 12:13:19.020 14455 14631 D TAG : refreshParams: facetop: [0.0, 0.0]
01-05 12:13:19.020 14455 14631 D TAG : refreshParams: eyes_smiley: [0.0, 0.0]
01-05 12:13:19.021 14455 14631 D TAG : refreshParams: nose_bridge: [0.5, 0.5]
01-05 12:13:19.021 14455 14631 D TAG : refreshParams: nose_position: [0.5, 0.5]
01-05 12:13:19.022 14455 14631 E BufferQueueProducer: [SurfaceView[com.accarunit.beauty.camera.videocall/com.lightcone.beautycam.activity .BeautyCameraActivity]#6(BLAST Consumer)6](id:387700000006,api:0,p:-1,c:14455) query: BufferQueue has been abandoned
01-05 12:13:19.022 14455 14631 E BufferQueueProducer: [SurfaceView[com.accarunit.beauty.camera.videocall/com.lightcone.beautycam.activity .BeautyCameraActivity]#6(BLAST Consumer)6](id:387700000006,api:0,p:-1,c:14455) dequeueBuffer: BufferQueue has been abandoned
01-05 12:13:19.022 14455 14631 I Adreno : DequeueBuffer: dequeueBuffer failed
01-05 12:13:19.023 14455 14631 E libEGL : eglSwapBuffersWithDamageKHRImpl:1325 error 300d (EGL_BAD_SURFACE)
01-05 12:13:19.023 14455 14631 D GLSurface: WARNING: swapBuffers() failed
01-05 12:13:19.092 14455 14631 E TAG : drawFace: rect ratio w: 0.73194444 ratio h: 0.703125
01-05 12:13:19.092 14455 14631 E TAG : drawFace: texture ratio w: 0.73194444 ratio h: 0.703125
01-05 12:13:19.154 14455 14631 D TAG : refreshParams: facetop: [0.0, 0.0]
01-05 12:13:19.154 14455 14631 D TAG : refreshParams: eyes_smiley: [0.0, 0.0]
01-05 12:13:19.154 14455 14631 D TAG : refreshParams: nose_bridge: [0.5, 0.5]
01-05 12:13:19.154 14455 14631 D TAG : refreshParams: nose_position: [0.5, 0.5]
01-05 12:13:19.156 14455 14631 E libEGL : eglSwapBuffersWithDamageKHRImpl:1325 error 300d (EGL_BAD_SURFACE)
01-05 12:13:19.156 14455 14631 D GLSurface: WARNING: swapBuffers() failed
01-05 12:13:19.197 14455 14633 D UseCaseAttachState: Active and attached use case: [androidx.camera.core.Preview-af530a02-ea03-41cf-989b-2ae3d2cbd8eb24471425, androidx.camera.core.ImageCapture-8332873f-c593-4a65-a295-63136630226055349286] for camera: 1
01-05 12:13:19.198 14455 14633 D CaptureSession: Attempting to submit CaptureRequest after setting
01-05 12:13:19.198 14455 14633 D CaptureSession: Issuing request for session.
01-05 12:13:19.202 14455 14633 D Camera2CameraImpl: {Camera@7e4c4fa[id=1]} Use cases [Preview:androidx.camera.core.Preview-af530a02-ea03-41cf-989b-2ae3d2cbd8eb, ImageCapture:androidx.camera.core.ImageCapture-8332873f-c593-4a65-a295- 631366302260] now DETACHED for camera
01-05 12:13:19.203 14455 14633 D UseCaseAttachState: All use case: [] for camera: 1
01-05 12:13:19.203 14455 14633 D Camera2CameraImpl: {Camera@7e4c4fa[id=1]} Resetting Capture Session
01-05 12:13:19.204 14455 14633 D Camera2CameraImpl: {Camera@7e4c4fa[id=1]} Releasing session in state OPENED
01-05 12:13:19.204 14455 14633 D UseCaseAttachState: Active and attached use case: [] for camera: 1
01-05 12:13:19.205 14455 14633 D UseCaseAttachState: Active and attached use case: [] for camera: 1
01-05 12:13:19.205 14455 14633 D Camera2CameraImpl: {Camera@7e4c4fa[id=1]} Closing camera.
01-05 12:13:19.205 14455 14633 D Camera2CameraImpl: {Camera@7e4c4fa[id=1]} Transitioning camera internal state: OPENED --> CLOSING
01-05 12:13:19.205 14455 14633 D CameraStateRegistry: Recalculating open cameras:
01-05 12:13:19.205 14455 14633 D CameraStateRegistry: Camera State
01-05 12:13:19.205 14455 14633 D CameraStateRegistry: -------------------------------------------------------------------
01-05 12:13:19.205 14455 14633 D CameraStateRegistry: Camera@dbe67f0[id=0] UNKNOWN
01-05 12:13:19.205 14455 14633 D CameraStateRegistry: Camera@7e4c4fa[id=1] CLOSING
01-05 12:13:19.205 14455 14633 D CameraStateRegistry: -------------------------------------------------------------------
01-05 12:13:19.205 14455 14633 D CameraStateRegistry: Open count: 1 (Max allowed: 1)
01-05 12:13:19.205 14455 14633 D Camera2CameraImpl: {Camera@7e4c4fa[id=1]} Resetting Capture Session
01-05 12:13:19.205 14455 14633 D Camera2CameraImpl: {Camera@7e4c4fa[id=1]} Releasing session in state CLOSING
01-05 12:13:19.207 14455 14633 D CaptureSession: onSessionFinished()
01-05 12:13:19.207 14455 14633 D CameraExtImplXiaoMi: releaseCameraDevice: 1
01-05 12:13:19.213 14455 14633 D CameraDevice-JV-1: close: E. id = 1
01-05 12:13:19.221 14455 14631 E TAG : drawFace: rect ratio w: 0.73888886 ratio h: 0.703125
01-05 12:13:19.221 14455 14631 E TAG : drawFace: texture ratio w: 0.73888886 ratio h: 0.703125
01-05 12:13:19.266 14455 14631 D TAG : refreshParams: facetop: [0.0, 0.0]
01-05 12:13:19.266 14455 14631 D TAG : refreshParams: eyes_smiley: [0.0, 0.0]
01-05 12:13:19.266 14455 14631 D TAG : refreshParams: nose_bridge: [0.5, 0.5]
01-05 12:13:19.266 14455 14631 D TAG : refreshParams: nose_position: [0.5, 0.5]
01-05 12:13:19.276 14455 14631 E libEGL : eglSwapBuffersWithDamageKHRImpl:1325 error 300d (EGL_BAD_SURFACE)
01-05 12:13:19.276 14455 14631 D GLSurface: WARNING: swapBuffers() failed
01-05 12:13:19.348 14455 14631 E TAG : drawFace: rect ratio w: 0.7375 ratio h: 0.6822917
01-05 12:13:19.348 14455 14631 E TAG : drawFace: texture ratio w: 0.7375 ratio h: 0.6822917
01-05 12:13:19.389 14455 14631 D TAG : refreshParams: facetop: [0.0, 0.0]
01-05 12:13:19.389 14455 14631 D TAG : refreshParams: eyes_smiley: [0.0, 0.0]
01-05 12:13:19.389 14455 14631 D TAG : refreshParams: nose_bridge: [0.5, 0.5]
01-05 12:13:19.389 14455 14631 D TAG : refreshParams: nose_position: [0.5, 0.5]
01-05 12:13:19.416 14455 14631 E libEGL : eglSwapBuffersWithDamageKHRImpl:1325 error 300d (EGL_BAD_SURFACE)
01-05 12:13:19.416 14455 14631 D GLSurface: WARNING: swapBuffers() failed
01-05 12:13:19.474 14455 14631 E TAG : drawFace: rect ratio w: 0.7375 ratio h: 0.67604166
01-05 12:13:19.474 14455 14631 E TAG : drawFace: texture ratio w: 0.7375 ratio h: 0.67604166
01-05 12:13:19.514 14455 14633 W BpBinder: PerfMonitor binderTransact : time=301ms interface=android.hardware.camera2.ICameraDeviceUser code=1
01-05 12:13:19.515 14455 14633 D CameraDevice-JV-1: close: X
01-05 12:13:19.516 14455 14770 W CameraDevice-JV-1: Device error received, code 4, frame number 337, request ID 0, subseq ID 0
01-05 12:13:19.516 14455 14770 W CameraDevice-JV-1: Device error received, code 5, frame number 337, request ID 0, subseq ID 0
01-05 12:13:19.516 14455 14633 D DeferrableSurface: use count-1, useCount=0 closed=false androidx.camera.core.SurfaceRequest$2@5cc395f
01-05 12:13:19.516 14455 14770 W CameraDevice-JV-1: Device error received, code 4, frame number 332, request ID 0, subseq ID 0
01-05 12:13:19.516 14455 14633 D DeferrableSurface: Surface no longer in use[total_surfaces=2, used_surfaces=1] (androidx.camera.core.SurfaceRequest$2@5cc395f}
01-05 12:13:19.517 14455 14633 D DeferrableSurface: use count-1, useCount=0 closed=false androidx.camera.core.impl.ImmediateSurface@3a50c7b
01-05 12:13:19.517 14455 14770 W CameraDevice-JV-1: Device error received, code 5, frame number 332, request ID 0, subseq ID 0
01-05 12:13:19.517 14455 14633 D DeferrableSurface: Surface no longer in use[total_surfaces=2, used_surfaces=0] (androidx.camera.core.impl.ImmediateSurface@3a50c7b}
01-05 12:13:19.517 14455 14805 W CameraDevice-JV-1: Device error received, code 4, frame number 333, request ID 0, subseq ID 0
01-05 12:13:19.517 14455 14633 D Camera2CameraImpl: {Camera@7e4c4fa[id=1]} CameraDevice.onClosed()
01-05 12:13:19.517 14455 14805 W CameraDevice-JV-1: Device error received, code 5, frame number 333, request ID 0, subseq ID 0
01-05 12:13:19.517 14455 14633 D Camera2CameraImpl: {Camera@7e4c4fa[id=1]} Transitioning camera internal state: CLOSING --> INITIALIZED
01-05 12:13:19.517 14455 14805 W CameraDevice-JV-1: Device error received, code 4, frame number 334, request ID 0, subseq ID 0
01-05 12:13:19.517 14455 14805 W CameraDevice-JV-1: Device error received, code 5, frame number 334, request ID 0, subseq ID 0
01-05 12:13:19.518 14455 14805 W CameraDevice-JV-1: Device error received, code 4, frame number 335, request ID 0, subseq ID 0
01-05 12:13:19.518 14455 14633 D CameraStateRegistry: Recalculating open cameras:
01-05 12:13:19.518 14455 14633 D CameraStateRegistry: Camera State
01-05 12:13:19.518 14455 14633 D CameraStateRegistry: -------------------------------------------------------------------
01-05 12:13:19.518 14455 14633 D CameraStateRegistry: Camera@dbe67f0[id=0] UNKNOWN
01-05 12:13:19.518 14455 14633 D CameraStateRegistry: Camera@7e4c4fa[id=1] CLOSED
01-05 12:13:19.518 14455 14633 D CameraStateRegistry: -------------------------------------------------------------------
01-05 12:13:19.518 14455 14633 D CameraStateRegistry: Open count: 0 (Max allowed: 1)
01-05 12:13:19.518 14455 14770 W CameraDevice-JV-1: Device error received, code 5, frame number 335, request ID 0, subseq ID 0
01-05 12:13:19.518 14455 14770 W CameraDevice-JV-1: Device error received, code 4, frame number 336, request ID 0, subseq ID 0
01-05 12:13:19.518 14455 14770 W CameraDevice-JV-1: Device error received, code 5, frame number 336, request ID 0, subseq ID 0
01-05 12:13:19.538 14455 14631 D TAG : refreshParams: facetop: [0.0, 0.0]
01-05 12:13:19.564 14455 14631 D TAG : refreshParams: eyes_smiley: [0.0, 0.0]
01-05 12:13:19.564 14455 14631 D TAG : refreshParams: nose_bridge: [0.5, 0.5]
01-05 12:13:19.564 14455 14631 D TAG : refreshParams: nose_position: [0.5, 0.5]
01-05 12:13:19.570 14455 14631 E libEGL : eglSwapBuffersWithDamageKHRImpl:1325 error 300d (EGL_BAD_SURFACE)
01-05 12:13:19.571 14455 14631 D GLSurface: WARNING: swapBuffers() failed
01-05 12:13:20.884 14455 14503 I FA : Application backgrounded at: timestamp_millis: 1704436998864
01-05 12:13:21.368 14455 14633 D UseCaseAttachState: Active and attached use case: [] for camera: 1
01-05 12:13:21.368 14455 14633 D Camera2CameraImpl: {Camera@7e4c4fa[id=1]} Use cases [Preview:androidx.camera.core.Preview-af530a02-ea03-41cf-989b-2ae3d2cbd8eb, ImageCapture:androidx.camera.core.ImageCapture-8332873f-c593-4a65-a295- 631366302260] now ATTACHED
01-05 12:13:21.369 14455 14633 D UseCaseAttachState: All use case: [androidx.camera.core.Preview-af530a02-ea03-41cf-989b-2ae3d2cbd8eb24471425, androidx.camera.core.ImageCapture-8332873f-c593-4a65-a295-63136630226055349286] for camera: 1
01-05 12:13:21.369 14455 14633 D Camera2CameraImpl: mMeteringRepeating is ATTACHED, SessionConfig Surfaces: 2, CaptureConfig Surfaces: 1
01-05 12:13:21.369 14455 14633 D UseCaseAttachState: Active and attached use case: [] for camera: 1
01-05 12:13:21.369 14455 14633 D Camera2CameraImpl: {Camera@7e4c4fa[id=1]} Resetting Capture Session
01-05 12:13:21.369 14455 14633 D Camera2CameraImpl: {Camera@7e4c4fa[id=1]} Releasing session in state INITIALIZED
01-05 12:13:21.369 14455 14633 D CameraStateRegistry: tryOpenCamera(Camera@7e4c4fa[id=1]) [Available Cameras: 1, Already Open: false (Previous state: CLOSED)] --> SUCCESS
01-05 12:13:21.369 14455 14633 D CameraStateRegistry: Recalculating open cameras:
01-05 12:13:21.369 14455 14633 D CameraStateRegistry: Camera State
01-05 12:13:21.369 14455 14633 D CameraStateRegistry: -------------------------------------------------------------------
01-05 12:13:21.369 14455 14633 D CameraStateRegistry: Camera@dbe67f0[id=0] UNKNOWN
01-05 12:13:21.369 14455 14633 D CameraStateRegistry: Camera@7e4c4fa[id=1] OPENING
01-05 12:13:21.369 14455 14633 D CameraStateRegistry: -------------------------------------------------------------------
01-05 12:13:21.369 14455 14633 D CameraStateRegistry: Open count: 1 (Max allowed: 1)
01-05 12:13:21.369 14455 14633 D Camera2CameraImpl: {Camera@7e4c4fa[id=1]} Transitioning camera internal state: INITIALIZED --> OPENING
