01-05 12:13:37.313 14455 14631 E TAG : drawFace: texture ratio w: 0.55 ratio h: 0.49375
01-05 12:13:37.332 14455 14631 D TAG : refreshParams: facetop: [0.0, 0.0]
01-05 12:13:37.332 14455 14631 D TAG : refreshParams: eyes_smiley: [0.0, 0.0]
01-05 12:13:37.332 14455 14631 D TAG : refreshParams: nose_bridge: [0.5, 0.5]
01-05 12:13:37.332 14455 14631 D TAG : refreshParams: nose_position: [0.5, 0.5]
01-05 12:13:37.391 14455 14631 E TAG : drawFace: rect ratio w: 0.55138886 ratio h: 0.49375004
01-05 12:13:37.391 14455 14631 E TAG : drawFace: texture ratio w: 0.55 ratio h: 0.49375
01-05 12:13:37.404 14455 14631 D TAG : refreshParams: facetop: [0.0, 0.0]
01-05 12:13:37.404 14455 14631 D TAG : refreshParams: eyes_smiley: [0.0, 0.0]
01-05 12:13:37.404 14455 14631 D TAG : refreshParams: nose_bridge: [0.5, 0.5]
01-05 12:13:37.404 14455 14631 D TAG : refreshParams: nose_position: [0.5, 0.5]
01-05 12:13:37.465 14455 14631 E TAG : drawFace: rect ratio w: 0.55138886 ratio h: 0.49375004
01-05 12:13:37.466 14455 14631 E TAG : drawFace: texture ratio w: 0.55 ratio h: 0.49375
01-05 12:13:37.483 14455 14631 D TAG : refreshParams: facetop: [0.0, 0.0]
01-05 12:13:37.483 14455 14631 D TAG : refreshParams: eyes_smiley: [0.0, 0.0]
01-05 12:13:37.483 14455 14631 D TAG : refreshParams: nose_bridge: [0.5, 0.5]
01-05 12:13:37.483 14455 14631 D TAG : refreshParams: nose_position: [0.5, 0.5]
01-05 12:13:37.544 14455 14631 E TAG : drawFace: rect ratio w: 0.55138886 ratio h: 0.49375004
01-05 12:13:37.544 14455 14631 E TAG : drawFace: texture ratio w: 0.55 ratio h: 0.49375
01-05 12:13:37.558 14455 14631 D TAG : refreshParams: facetop: [0.0, 0.0]
01-05 12:13:37.558 14455 14631 D TAG : refreshParams: eyes_smiley: [0.0, 0.0]
01-05 12:13:37.558 14455 14631 D TAG : refreshParams: nose_bridge: [0.5, 0.5]
01-05 12:13:37.558 14455 14631 D TAG : refreshParams: nose_position: [0.5, 0.5]
01-05 12:13:37.623 14455 14631 E TAG : drawFace: rect ratio w: 0.55138886 ratio h: 0.49374998
01-05 12:13:37.623 14455 14631 E TAG : drawFace: texture ratio w: 0.55 ratio h: 0.49270833
01-05 12:13:37.654 14455 14631 D TAG : refreshParams: facetop: [0.0, 0.0]
01-05 12:13:37.654 14455 14631 D TAG : refreshParams: eyes_smiley: [0.0, 0.0]
01-05 12:13:37.654 14455 14631 D TAG : refreshParams: nose_bridge: [0.5, 0.5]
01-05 12:13:37.654 14455 14631 D TAG : refreshParams: nose_position: [0.5, 0.5]
01-05 12:13:37.721 14455 14631 E TAG : drawFace: rect ratio w: 0.55138886 ratio h: 0.4875
01-05 12:13:37.721 14455 14631 E TAG : drawFace: texture ratio w: 0.55 ratio h: 0.4875
01-05 12:13:37.742 14455 14631 D TAG : refreshParams: facetop: [0.0, 0.0]
01-05 12:13:37.742 14455 14631 D TAG : refreshParams: eyes_smiley: [0.0, 0.0]
01-05 12:13:37.742 14455 14631 D TAG : refreshParams: nose_bridge: [0.5, 0.5]
01-05 12:13:37.742 14455 14631 D TAG : refreshParams: nose_position: [0.5, 0.5]
01-05 12:13:37.809 14455 14631 E TAG : drawFace: rect ratio w: 0.55138886 ratio h: 0.4875
01-05 12:13:37.809 14455 14631 E TAG : drawFace: texture ratio w: 0.55 ratio h: 0.4875
01-05 12:13:37.826 14455 14631 D TAG : refreshParams: facetop: [0.0, 0.0]
01-05 12:13:37.826 14455 14631 D TAG : refreshParams: eyes_smiley: [0.0, 0.0]
01-05 12:13:37.826 14455 14631 D TAG : refreshParams: nose_bridge: [0.5, 0.5]
01-05 12:13:37.826 14455 14631 D TAG : refreshParams: nose_position: [0.5, 0.5]
01-05 12:13:37.898 14455 14631 E TAG : drawFace: rect ratio w: 0.55138886 ratio h: 0.4875
01-05 12:13:37.898 14455 14631 E TAG : drawFace: texture ratio w: 0.55 ratio h: 0.4875
01-05 12:13:37.919 14455 14631 D TAG : refreshParams: facetop: [0.0, 0.0]
01-05 12:13:37.920 14455 14631 D TAG : refreshParams: eyes_smiley: [0.0, 0.0]
01-05 12:13:37.920 14455 14631 D TAG : refreshParams: nose_bridge: [0.5, 0.5]
01-05 12:13:37.920 14455 14631 D TAG : refreshParams: nose_position: [0.5, 0.5]
01-05 12:13:37.986 14455 14631 E TAG : drawFace: rect ratio w: 0.55138886 ratio h: 0.49895835
01-05 12:13:37.986 14455 14631 E TAG : drawFace: texture ratio w: 0.55 ratio h: 0.49895832
01-05 12:13:37.992 14455 14631 D TAG : refreshParams: facetop: [0.0, 0.0]
01-05 12:13:37.992 14455 14631 D TAG : refreshParams: eyes_smiley: [0.0, 0.0]
01-05 12:13:37.992 14455 14631 D TAG : refreshParams: nose_bridge: [0.5, 0.5]
01-05 12:13:37.992 14455 14631 D TAG : refreshParams: nose_position: [0.5, 0.5]
01-05 12:13:38.046 14455 14631 E TAG : drawFace: rect ratio w: 0.55138886 ratio h: 0.49895832
01-05 12:13:38.046 14455 14631 E TAG : drawFace: texture ratio w: 0.55 ratio h: 0.49895832
01-05 12:13:38.050 14455 14631 D TAG : refreshParams: facetop: [0.0, 0.0]
01-05 12:13:38.050 14455 14631 D TAG : refreshParams: eyes_smiley: [0.0, 0.0]
01-05 12:13:38.050 14455 14631 D TAG : refreshParams: nose_bridge: [0.5, 0.5]
01-05 12:13:38.050 14455 14631 D TAG : refreshParams: nose_position: [0.5, 0.5]
01-05 12:13:38.106 14455 14631 E TAG : drawFace: rect ratio w: 0.55138886 ratio h: 0.50416666
01-05 12:13:38.106 14455 14631 E TAG : drawFace: texture ratio w: 0.55 ratio h: 0.50416666
01-05 12:13:38.112 14455 14631 D TAG : refreshParams: facetop: [0.0, 0.0]
01-05 12:13:38.112 14455 14631 D TAG : refreshParams: eyes_smiley: [0.0, 0.0]
01-05 12:13:38.112 14455 14631 D TAG : refreshParams: nose_bridge: [0.5, 0.5]
01-05 12:13:38.112 14455 14631 D TAG : refreshParams: nose_position: [0.5, 0.5]
01-05 12:13:38.169 14455 14631 E TAG : drawFace: rect ratio w: 0.55833334 ratio h: 0.49895835
01-05 12:13:38.169 14455 14631 E TAG : drawFace: texture ratio w: 0.55833334 ratio h: 0.49895832
01-05 12:13:38.176 14455 14631 D TAG : refreshParams: facetop: [0.0, 0.0]
01-05 12:13:38.176 14455 14631 D TAG : refreshParams: eyes_smiley: [0.0, 0.0]
01-05 12:13:38.176 14455 14631 D TAG : refreshParams: nose_bridge: [0.5, 0.5]
01-05 12:13:38.176 14455 14631 D TAG : refreshParams: nose_position: [0.5, 0.5]
01-05 12:13:38.231 14455 14631 E TAG : drawFace: rect ratio w: 0.55833334 ratio h: 0.49895835
01-05 12:13:38.231 14455 14631 E TAG : drawFace: texture ratio w: 0.55833334 ratio h: 0.49895832
01-05 12:13:38.235 14455 14631 D TAG : refreshParams: facetop: [0.0, 0.0]
01-05 12:13:38.235 14455 14631 D TAG : refreshParams: eyes_smiley: [0.0, 0.0]
01-05 12:13:38.235 14455 14631 D TAG : refreshParams: nose_bridge: [0.5, 0.5]
01-05 12:13:38.235 14455 14631 D TAG : refreshParams: nose_position: [0.5, 0.5]
01-05 12:13:38.267 14455 14455 I [LiveEventBus]: post: com.lightcone.beautycam.viewmodel.event.ResourceDownloadEvent@f9013ce with key: class com.lightcone.beautycam.viewmodel.event.ResourceDownloadEvent
01-05 12:13:38.267 14455 14455 I [LiveEventBus]: message received: com.lightcone.beautycam.viewmodel.event.ResourceDownloadEvent@f9013ce
01-05 12:13:38.267 14455 14455 I [LiveEventBus]: message received: com.lightcone.beautycam.viewmodel.event.ResourceDownloadEvent@f9013ce
01-05 12:13:38.289 14455 14631 E TAG : drawFace: rect ratio w: 0.55833334 ratio h: 0.49895835
01-05 12:13:38.289 14455 14631 E TAG : drawFace: texture ratio w: 0.55833334 ratio h: 0.49895832
01-05 12:13:38.293 14455 14631 D TAG : refreshParams: facetop: [0.0, 0.0]
01-05 12:13:38.293 14455 14631 D TAG : refreshParams: eyes_smiley: [0.0, 0.0]
01-05 12:13:38.293 14455 14631 D TAG : refreshParams: nose_bridge: [0.5, 0.5]
01-05 12:13:38.293 14455 14631 D TAG : refreshParams: nose_position: [0.5, 0.5]
01-05 12:13:38.346 14455 14631 E TAG : drawFace: rect ratio w: 0.55833334 ratio h: 0.50416666
01-05 12:13:38.347 14455 14631 E TAG : drawFace: texture ratio w: 0.55833334 ratio h: 0.50416666
01-05 12:13:38.353 14455 14631 D TAG : refreshParams: facetop: [0.0, 0.0]
01-05 12:13:38.353 14455 14631 D TAG : refreshParams: eyes_smiley: [0.0, 0.0]
01-05 12:13:38.353 14455 14631 D TAG : refreshParams: nose_bridge: [0.5, 0.5]
01-05 12:13:38.353 14455 14631 D TAG : refreshParams: nose_position: [0.5, 0.5]
01-05 12:13:38.404 14455 14631 E TAG : drawFace: rect ratio w: 0.5513889 ratio h: 0.50416666
01-05 12:13:38.404 14455 14631 E TAG : drawFace: texture ratio w: 0.55138886 ratio h: 0.50416666
01-05 12:13:38.410 14455 14631 D TAG : refreshParams: facetop: [0.0, 0.0]
01-05 12:13:38.410 14455 14631 D TAG : refreshParams: eyes_smiley: [0.0, 0.0]
01-05 12:13:38.410 14455 14631 D TAG : refreshParams: nose_bridge: [0.5, 0.5]
01-05 12:13:38.410 14455 14631 D TAG : refreshParams: nose_position: [0.5, 0.5]
01-05 12:13:38.414 14455 14455 I [LiveEventBus]: broadcast: com.lightcone.beautycam.viewmodel.event.SelectedFilterEvent@31b5dad foreground: false with key: class com.lightcone.beautycam.viewmodel.event.SelectedFilterEvent
01-05 12:13:38.416 14455 14455 I [LiveEventBus]: broadcast: com.lightcone.beautycam.viewmodel.event.FilterIntensityUpdateEvent@9ffc8e2 foreground: false with key: class com.lightcone.beautycam.viewmodel.event.FilterIntensityUpdateEvent
01-05 12:13:38.418 14455 14455 I [LiveEventBus]: post: com.lightcone.beautycam.viewmodel.event.ResourceDownloadEvent@1e99473 with key: class com.lightcone.beautycam.viewmodel.event.ResourceDownloadEvent
01-05 12:13:38.418 14455 14455 I [LiveEventBus]: message received: com.lightcone.beautycam.viewmodel.event.ResourceDownloadEvent@1e99473
01-05 12:13:38.418 14455 14455 I [LiveEventBus]: message received: com.lightcone.beautycam.viewmodel.event.ResourceDownloadEvent@1e99473
01-05 12:13:38.462 14455 14455 I [LiveEventBus]: post: com.lightcone.beautycam.viewmodel.event.SelectedFilterEvent@655912e with key: class com.lightcone.beautycam.viewmodel.event.SelectedFilterEvent
01-05 12:13:38.462 14455 14455 I [LiveEventBus]: message received: com.lightcone.beautycam.viewmodel.event.SelectedFilterEvent@655912e
01-05 12:13:38.465 14455 14455 I [LiveEventBus]: message received: com.lightcone.beautycam.viewmodel.event.SelectedFilterEvent@655912e
01-05 12:13:38.465 14455 14455 I [LiveEventBus]: message received: com.lightcone.beautycam.viewmodel.event.SelectedFilterEvent@655912e
01-05 12:13:38.465 14455 14455 I [LiveEventBus]: message received: com.lightcone.beautycam.viewmodel.event.SelectedFilterEvent@655912e
01-05 12:13:38.465 14455 14455 I [LiveEventBus]: message received: com.lightcone.beautycam.viewmodel.event.SelectedFilterEvent@655912e
01-05 12:13:38.466 14455 14455 W RecyclerView: An instance of a was started more than once. Each instance ofa is intended to only be used once. You should create a new instance for each use.
01-05 12:13:38.466 14455 14455 I [LiveEventBus]: message received: com.lightcone.beautycam.viewmodel.event.SelectedFilterEvent@655912e
01-05 12:13:38.467 14455 14455 I [LiveEventBus]: post: com.lightcone.beautycam.viewmodel.event.FilterIntensityUpdateEvent@b979565 with key: class com.lightcone.beautycam.viewmodel.event.FilterIntensityUpdateEvent
01-05 12:13:38.467 14455 14455 I [LiveEventBus]: message received: com.lightcone.beautycam.viewmodel.event.FilterIntensityUpdateEvent@b979565
01-05 12:13:38.468 14455 14455 I [LiveEventBus]: message received: com.lightcone.beautycam.viewmodel.event.FilterIntensityUpdateEvent@b979565
01-05 12:13:38.469 14455 14631 E TAG : drawFace: rect ratio w: 0.5513889 ratio h: 0.49895835
01-05 12:13:38.469 14455 14631 E TAG : drawFace: texture ratio w: 0.55138886 ratio h: 0.49895832
01-05 12:13:38.478 14455 14631 D TAG : refreshParams: facetop: [0.0, 0.0]
01-05 12:13:38.478 14455 14631 D TAG : refreshParams: eyes_smiley: [0.0, 0.0]
01-05 12:13:38.478 14455 14631 D TAG : refreshParams: nose_bridge: [0.5, 0.5]
01-05 12:13:38.478 14455 14631 D TAG : refreshParams: nose_position: [0.5, 0.5]
01-05 12:13:38.481 14455 14455 E TAG : bindData: https://src.guangzhuiyuan.com/a_kty0p5tvscposq0/image/filter/thumbnail/ feature02.webp
01-05 12:13:38.485 14455 14455 E TAG : bindData: https://src.guangzhuiyuan.com/a_kty0p5tvscposq0/image/filter/thumbnail/ feature03.webp
01-05 12:13:38.489 14455 14455 E TAG : bindData: https://src.guangzhuiyuan.com/a_kty0p5tvscposq0/image/filter/thumbnail/ feature04.webp
01-05 12:13:38.493 14455 14455 E TAG : bindData: https://src.guangzhuiyuan.com/a_kty0p5tvscposq0/image/filter/thumbnail/ feature05.webp
01-05 12:13:38.496 14455 14455 E TAG : bindData: https://src.guangzhuiyuan.com/a_kty0p5tvscposq0/image/filter/thumbnail/ feature06.webp
01-05 12:13:38.507 14455 14455 E TAG : bindData: https://src.guangzhuiyuan.com/a_kty0p5tvscposq0/image/filter/thumbnail/ feature07.webp
01-05 12:13:38.513 14455 14455 E TAG : bindData: https://src.guangzhuiyuan.com/a_kty0p5tvscposq0/image/filter/thumbnail/ snowfall01.webp
01-05 12:13:38.518 14455 14455 E TAG : bindData: https://src.guangzhuiyuan.com/a_kty0p5tvscposq0/image/filter/thumbnail/ snowfall02.webp
01-05 12:13:38.523 14455 14455 E TAG : bindData: https://src.guangzhuiyuan.com/a_kty0p5tvscposq0/image/filter/thumbnail/ snowfall03.webp
01-05 12:13:38.529 14455 14631 E TAG : drawFace: rect ratio w: 0.55833334 ratio h: 0.49895835
01-05 12:13:38.529 14455 14631 E TAG : drawFace: texture ratio w: 0.55833334 ratio h: 0.49895832
01-05 12:13:38.529 14455 14455 E TAG : bindData: https://src.guangzhuiyuan.com/a_kty0p5tvscposq0/image/filter/thumbnail/ snowfall04.webp
01-05 12:13:38.531 14455 14631 D TAG : refreshParams: facetop: [0.0, 0.0]
01-05 12:13:38.531 14455 14631 D TAG : refreshParams: eyes_smiley: [0.0, 0.0]
01-05 12:13:38.531 14455 14631 D TAG : refreshParams: nose_bridge: [0.5, 0.5]
01-05 12:13:38.531 14455 14631 D TAG : refreshParams: nose_position: [0.5, 0.5]
01-05 12:13:38.535 14455 14455 E TAG : bindData: https://src.guangzhuiyuan.com/a_kty0p5tvscposq0/image/filter/thumbnail/ snowfall05.webp
01-05 12:13:38.536 14455 14631 W Bitmap : Called getWidth() on a recycle()'d bitmap! This is undefined behavior!
01-05 12:13:38.536 14455 14631 W Bitmap : Called getHeight() on a recycle()'d bitmap! This is undefined behavior!
01-05 12:13:38.542 14455 14455 E TAG : bindData: https://src.guangzhuiyuan.com/a_kty0p5tvscposq0/image/filter/thumbnail/ snowfall06.webp
01-05 12:13:38.547 14455 14455 E TAG : bindData: https://src.guangzhuiyuan.com/a_kty0p5tvscposq0/image/filter/thumbnail/ snowfall07.webp
01-05 12:13:38.561 14455 14455 E TAG : bindData: https://src.guangzhuiyuan.com/a_kty0p5tvscposq0/image/filter/thumbnail/ feature02.webp
01-05 12:13:38.565 14455 14455 E TAG : bindData: https://src.guangzhuiyuan.com/a_kty0p5tvscposq0/image/filter/thumbnail/ feature03.webp
01-05 12:13:38.579 14455 14631 E TAG : drawFace: rect ratio w: 0.55833334 ratio h: 0.49895835
01-05 12:13:38.579 14455 14631 E TAG : drawFace: texture ratio w: 0.55833334 ratio h: 0.49895832
01-05 12:13:38.583 14455 14631 D TAG : refreshParams: facetop: [0.0, 0.0]
01-05 12:13:38.583 14455 14631 D TAG : refreshParams: eyes_smiley: [0.0, 0.0]
01-05 12:13:38.583 14455 14631 D TAG : refreshParams: nose_bridge: [0.5, 0.5]
01-05 12:13:38.583 14455 14631 D TAG : refreshParams: nose_position: [0.5, 0.5]
01-05 12:13:38.593 14455 14500 W RenderInspector: QueueBuffer time out on com.accarunit.beauty.camera.videocall/com.lightcone.beautycam.activity.BeautyCamera Activity, count=9, avg=11 ms, max=29 ms.
01-05 12:13:38.634 14455 14631 E TAG : drawFace: rect ratio w: 0.55833334 ratio h: 0.49374998
01-05 12:13:38.634 14455 14631 E TAG : drawFace: texture ratio w: 0.55833334 ratio h: 0.49270833
01-05 12:13:38.639 14455 14631 D TAG : refreshParams: facetop: [0.0, 0.0]
01-05 12:13:38.640 14455 14631 D TAG : refreshParams: eyes_smiley: [0.0, 0.0]
01-05 12:13:38.640 14455 14631 D TAG : refreshParams: nose_bridge: [0.5, 0.5]
01-05 12:13:38.640 14455 14631 D TAG : refreshParams: nose_position: [0.5, 0.5]
01-05 12:13:38.695 14455 14631 E TAG : drawFace: rect ratio w: 0.55833334 ratio h: 0.49374998
01-05 12:13:38.695 14455 14631 E TAG : drawFace: texture ratio w: 0.55833334 ratio h: 0.49270833
01-05 12:13:38.699 14455 14631 D TAG : refreshParams: facetop: [0.0, 0.0]
01-05 12:13:38.699 14455 14631 D TAG : refreshParams: eyes_smiley: [0.0, 0.0]
01-05 12:13:38.699 14455 14631 D TAG : refreshParams: nose_bridge: [0.5, 0.5]
01-05 12:13:38.699 14455 14631 D TAG : refreshParams: nose_position: [0.5, 0.5]
01-05 12:13:38.760 14455 14631 E TAG : drawFace: rect ratio w: 0.55833334 ratio h: 0.49374998
01-05 12:13:38.760 14455 14631 E TAG : drawFace: texture ratio w: 0.55833334 ratio h: 0.49270833
01-05 12:13:38.764 14455 14631 D TAG : refreshParams: facetop: [0.0, 0.0]
01-05 12:13:38.764 14455 14631 D TAG : refreshParams: eyes_smiley: [0.0, 0.0]
01-05 12:13:38.764 14455 14631 D TAG : refreshParams: nose_bridge: [0.5, 0.5]
01-05 12:13:38.764 14455 14631 D TAG : refreshParams: nose_position: [0.5, 0.5]
01-05 12:13:38.819 14455 14631 E TAG : drawFace: rect ratio w: 0.55833334 ratio h: 0.4875
01-05 12:13:38.819 14455 14631 E TAG : drawFace: texture ratio w: 0.55833334 ratio h: 0.4875
01-05 12:13:38.825 14455 14631 D TAG : refreshParams: facetop: [0.0, 0.0]
01-05 12:13:38.825 14455 14631 D TAG : refreshParams: eyes_smiley: [0.0, 0.0]
01-05 12:13:38.825 14455 14631 D TAG : refreshParams: nose_bridge: [0.5, 0.5]
01-05 12:13:38.825 14455 14631 D TAG : refreshParams: nose_position: [0.5, 0.5]
01-05 12:13:38.880 14455 14631 E TAG : drawFace: rect ratio w: 0.5652778 ratio h: 0.49374998
01-05 12:13:38.880 14455 14631 E TAG : drawFace: texture ratio w: 0.56527776 ratio h: 0.49270833
01-05 12:13:38.885 14455 14631 D TAG : refreshParams: facetop: [0.0, 0.0]
01-05 12:13:38.885 14455 14631 D TAG : refreshParams: eyes_smiley: [0.0, 0.0]
01-05 12:13:38.885 14455 14631 D TAG : refreshParams: nose_bridge: [0.5, 0.5]
01-05 12:13:38.885 14455 14631 D TAG : refreshParams: nose_position: [0.5, 0.5]
01-05 12:13:38.936 14455 14631 E TAG : drawFace: rect ratio w: 0.5652778 ratio h: 0.49374998
01-05 12:13:38.936 14455 14631 E TAG : drawFace: texture ratio w: 0.56527776 ratio h: 0.49270833
01-05 12:13:38.940 14455 14631 D TAG : refreshParams: facetop: [0.0, 0.0]
01-05 12:13:38.940 14455 14631 D TAG : refreshParams: eyes_smiley: [0.0, 0.0]
01-05 12:13:38.940 14455 14631 D TAG : refreshParams: nose_bridge: [0.5, 0.5]
01-05 12:13:38.940 14455 14631 D TAG : refreshParams: nose_position: [0.5, 0.5]
01-05 12:13:39.000 14455 14631 E TAG : drawFace: rect ratio w: 0.55833334 ratio h: 0.49374998
01-05 12:13:39.000 14455 14631 E TAG : drawFace: texture ratio w: 0.55833334 ratio h: 0.49270833
01-05 12:13:39.017 14455 14631 D TAG : refreshParams: facetop: [0.0, 0.0]
01-05 12:13:39.017 14455 14631 D TAG : refreshParams: eyes_smiley: [0.0, 0.0]
01-05 12:13:39.017 14455 14631 D TAG : refreshParams: nose_bridge: [0.5, 0.5]
01-05 12:13:39.017 14455 14631 D TAG : refreshParams: nose_position: [0.5, 0.5]
01-05 12:13:39.084 14455 14631 E TAG : drawFace: rect ratio w: 0.55833334 ratio h: 0.49374998
01-05 12:13:39.084 14455 14631 E TAG : drawFace: texture ratio w: 0.55833334 ratio h: 0.49270833
01-05 12:13:39.102 14455 14631 D TAG : refreshParams: facetop: [0.0, 0.0]
01-05 12:13:39.102 14455 14631 D TAG : refreshParams: eyes_smiley: [0.0, 0.0]
01-05 12:13:39.102 14455 14631 D TAG : refreshParams: nose_bridge: [0.5, 0.5]
01-05 12:13:39.102 14455 14631 D TAG : refreshParams: nose_position: [0.5, 0.5]
01-05 12:13:39.163 14455 14631 E TAG : drawFace: rect ratio w: 0.55833334 ratio h: 0.49374998
01-05 12:13:39.163 14455 14631 E TAG : drawFace: texture ratio w: 0.55833334 ratio h: 0.49270833
01-05 12:13:39.167 14455 14631 D TAG : refreshParams: facetop: [0.0, 0.0]
01-05 12:13:39.167 14455 14631 D TAG : refreshParams: eyes_smiley: [0.0, 0.0]
01-05 12:13:39.167 14455 14631 D TAG : refreshParams: nose_bridge: [0.5, 0.5]
01-05 12:13:39.167 14455 14631 D TAG : refreshParams: nose_position: [0.5, 0.5]
01-05 12:13:39.231 14455 14631 E TAG : drawFace: rect ratio w: 0.55833334 ratio h: 0.4875
01-05 12:13:39.231 14455 14631 E TAG : drawFace: texture ratio w: 0.55833334 ratio h: 0.4875
01-05 12:13:39.244 14455 14631 D TAG : refreshParams: facetop: [0.0, 0.0]
01-05 12:13:39.244 14455 14631 D TAG : refreshParams: eyes_smiley: [0.0, 0.0]
01-05 12:13:39.245 14455 14631 D TAG : refreshParams: nose_bridge: [0.5, 0.5]
01-05 12:13:39.245 14455 14631 D TAG : refreshParams: nose_position: [0.5, 0.5]
01-05 12:13:39.303 14455 14631 E TAG : drawFace: rect ratio w: 0.55833334 ratio h: 0.4875
01-05 12:13:39.303 14455 14631 E TAG : drawFace: texture ratio w: 0.55833334 ratio h: 0.4875
01-05 12:13:39.307 14455 14631 D TAG : refreshParams: facetop: [0.0, 0.0]
01-05 12:13:39.307 14455 14631 D TAG : refreshParams: eyes_smiley: [0.0, 0.0]
01-05 12:13:39.307 14455 14631 D TAG : refreshParams: nose_bridge: [0.5, 0.5]
01-05 12:13:39.307 14455 14631 D TAG : refreshParams: nose_position: [0.5, 0.5]
01-05 12:13:39.369 14455 14631 E TAG : drawFace: rect ratio w: 0.55833334 ratio h: 0.4875
01-05 12:13:39.369 14455 14631 E TAG : drawFace: texture ratio w: 0.55833334 ratio h: 0.4875
01-05 12:13:39.385 14455 14631 D TAG : refreshParams: facetop: [0.0, 0.0]
01-05 12:13:39.385 14455 14631 D TAG : refreshParams: eyes_smiley: [0.0, 0.0]
01-05 12:13:39.385 14455 14631 D TAG : refreshParams: nose_bridge: [0.5, 0.5]
01-05 12:13:39.385 14455 14631 D TAG : refreshParams: nose_position: [0.5, 0.5]
01-05 12:13:39.418 14455 14455 I [LiveEventBus]: post: com.lightcone.beautycam.viewmodel.event.ResourceDownloadEvent@8b2ff15 with key: class com.lightcone.beautycam.viewmodel.event.ResourceDownloadEvent
01-05 12:13:39.418 14455 14455 I [LiveEventBus]: message received: com.lightcone.beautycam.viewmodel.event.ResourceDownloadEvent@8b2ff15
01-05 12:13:39.419 14455 14455 I [LiveEventBus]: message received: com.lightcone.beautycam.viewmodel.event.ResourceDownloadEvent@8b2ff15
01-05 12:13:39.445 14455 14631 E TAG : drawFace: rect ratio w: 0.55833334 ratio h: 0.49374998
01-05 12:13:39.445 14455 14631 E TAG : drawFace: texture ratio w: 0.55833334 ratio h: 0.49270833
01-05 12:13:39.449 14455 14631 D TAG : refreshParams: facetop: [0.0, 0.0]
01-05 12:13:39.449 14455 14631 D TAG : refreshParams: eyes_smiley: [0.0, 0.0]
01-05 12:13:39.449 14455 14631 D TAG : refreshParams: nose_bridge: [0.5, 0.5]
01-05 12:13:39.449 14455 14631 D TAG : refreshParams: nose_position: [0.5, 0.5]
01-05 12:13:39.497 14455 14500 W RenderInspector: QueueBuffer time out on com.accarunit.beauty.camera.videocall/com.lightcone.beautycam.activity.BeautyCamera Activity, count=1, avg=28 ms, max=28 ms.
01-05 12:13:39.498 14455 14631 E TAG : drawFace: rect ratio w: 0.55138886 ratio h: 0.49375
01-05 12:13:39.498 14455 14631 E TAG : drawFace: texture ratio w: 0.55 ratio h: 0.49375
01-05 12:13:39.504 14455 14631 D TAG : refreshParams: facetop: [0.0, 0.0]
01-05 12:13:39.504 14455 14631 D TAG : refreshParams: eyes_smiley: [0.0, 0.0]
01-05 12:13:39.504 14455 14631 D TAG : refreshParams: nose_bridge: [0.5, 0.5]
01-05 12:13:39.504 14455 14631 D TAG : refreshParams: nose_position: [0.5, 0.5]
01-05 12:13:39.559 14455 14631 E TAG : drawFace: rect ratio w: 0.55833334 ratio h: 0.49375
01-05 12:13:39.559 14455 14631 E TAG : drawFace: texture ratio w: 0.55833334 ratio h: 0.49375
01-05 12:13:39.564 14455 14455 I [LiveEventBus]: broadcast: com.lightcone.beautycam.viewmodel.event.SelectedFilterEvent@52fb900 foreground: false with key: class com.lightcone.beautycam.viewmodel.event.SelectedFilterEvent
01-05 12:13:39.565 14455 14631 D TAG : refreshParams: facetop: [0.0, 0.0]
01-05 12:13:39.565 14455 14631 D TAG : refreshParams: eyes_smiley: [0.0, 0.0]
01-05 12:13:39.565 14455 14631 D TAG : refreshParams: nose_bridge: [0.5, 0.5]
01-05 12:13:39.565 14455 14631 D TAG : refreshParams: nose_position: [0.5, 0.5]
01-05 12:13:39.566 14455 14455 I [LiveEventBus]: broadcast: com.lightcone.beautycam.viewmodel.event.FilterIntensityUpdateEvent@5aff539 foreground: false with key: class com.lightcone.beautycam.viewmodel.event.FilterIntensityUpdateEvent
01-05 12:13:39.568 14455 14455 I [LiveEventBus]: post: com.lightcone.beautycam.viewmodel.event.ResourceDownloadEvent@bb8f77e with key: class com.lightcone.beautycam.viewmodel.event.ResourceDownloadEvent
01-05 12:13:39.569 14455 14455 I [LiveEventBus]: message received: com.lightcone.beautycam.viewmodel.event.ResourceDownloadEvent@bb8f77e
01-05 12:13:39.569 14455 14455 I [LiveEventBus]: message received: com.lightcone.beautycam.viewmodel.event.ResourceDownloadEvent@bb8f77e
01-05 12:13:39.616 14455 14455 I [LiveEventBus]: post: com.lightcone.beautycam.viewmodel.event.SelectedFilterEvent@f11abf5 with key: class com.lightcone.beautycam.viewmodel.event.SelectedFilterEvent
01-05 12:13:39.616 14455 14455 I [LiveEventBus]: message received: com.lightcone.beautycam.viewmodel.event.SelectedFilterEvent@f11abf5
01-05 12:13:39.619 14455 14455 I [LiveEventBus]: message received: com.lightcone.beautycam.viewmodel.event.SelectedFilterEvent@f11abf5
01-05 12:13:39.619 14455 14631 E TAG : drawFace: rect ratio w: 0.55833334 ratio h: 0.49375
01-05 12:13:39.619 14455 14455 I [LiveEventBus]: message received: com.lightcone.beautycam.viewmodel.event.SelectedFilterEvent@f11abf5
01-05 12:13:39.619 14455 14631 E TAG : drawFace: texture ratio w: 0.55833334 ratio h: 0.49375
01-05 12:13:39.620 14455 14455 I [LiveEventBus]: message received: com.lightcone.beautycam.viewmodel.event.SelectedFilterEvent@f11abf5
01-05 12:13:39.620 14455 14455 I [LiveEventBus]: message received: com.lightcone.beautycam.viewmodel.event.SelectedFilterEvent@f11abf5
01-05 12:13:39.620 14455 14455 W RecyclerView: An instance of a was started more than once. Each instance ofa is intended to only be used once. You should create a new instance for each use.
01-05 12:13:39.621 14455 14455 I [LiveEventBus]: message received: com.lightcone.beautycam.viewmodel.event.SelectedFilterEvent@f11abf5
01-05 12:13:39.622 14455 14455 I [LiveEventBus]: post: com.lightcone.beautycam.viewmodel.event.FilterIntensityUpdateEvent@f6ba818 with key: class com.lightcone.beautycam.viewmodel.event.FilterIntensityUpdateEvent
01-05 12:13:39.622 14455 14455 I [LiveEventBus]: message received: com.lightcone.beautycam.viewmodel.event.FilterIntensityUpdateEvent@f6ba818
01-05 12:13:39.622 14455 14455 I [LiveEventBus]: message received: com.lightcone.beautycam.viewmodel.event.FilterIntensityUpdateEvent@f6ba818
01-05 12:13:39.624 14455 14631 D TAG : refreshParams: facetop: [0.0, 0.0]
01-05 12:13:39.624 14455 14631 D TAG : refreshParams: eyes_smiley: [0.0, 0.0]
01-05 12:13:39.624 14455 14631 D TAG : refreshParams: nose_bridge: [0.5, 0.5]
01-05 12:13:39.624 14455 14631 D TAG : refreshParams: nose_position: [0.5, 0.5]
01-05 12:13:39.633 14455 14455 E TAG : bindData: https://src.guangzhuiyuan.com/a_kty0p5tvscposq0/image/filter/thumbnail/ feature03.webp
01-05 12:13:39.640 14455 14455 E TAG : bindData: https://src.guangzhuiyuan.com/a_kty0p5tvscposq0/image/filter/thumbnail/ feature04.webp
01-05 12:13:39.651 14455 14455 E TAG : bindData: https://src.guangzhuiyuan.com/a_kty0p5tvscposq0/image/filter/thumbnail/ feature05.webp
01-05 12:13:39.656 14455 14455 E TAG : bindData: https://src.guangzhuiyuan.com/a_kty0p5tvscposq0/image/filter/thumbnail/ feature06.webp
01-05 12:13:39.660 14455 14455 E TAG : bindData: https://src.guangzhuiyuan.com/a_kty0p5tvscposq0/image/filter/thumbnail/ feature07.webp
01-05 12:13:39.669 14455 14455 E TAG : bindData: https://src.guangzhuiyuan.com/a_kty0p5tvscposq0/image/filter/thumbnail/ snowfall01.webp
01-05 12:13:39.679 14455 14455 E TAG : bindData: https://src.guangzhuiyuan.com/a_kty0p5tvscposq0/image/filter/thumbnail/ snowfall02.webp
01-05 12:13:39.679 14455 14631 E TAG : drawFace: rect ratio w: 0.55833334 ratio h: 0.49375004
01-05 12:13:39.679 14455 14631 E TAG : drawFace: texture ratio w: 0.55833334 ratio h: 0.49375
01-05 12:13:39.682 14455 14631 D TAG : refreshParams: facetop: [0.0, 0.0]
01-05 12:13:39.682 14455 14631 D TAG : refreshParams: eyes_smiley: [0.0, 0.0]
01-05 12:13:39.682 14455 14631 D TAG : refreshParams: nose_bridge: [0.5, 0.5]
01-05 12:13:39.683 14455 14631 D TAG : refreshParams: nose_position: [0.5, 0.5]
01-05 12:13:39.688 14455 14455 E TAG : bindData: https://src.guangzhuiyuan.com/a_kty0p5tvscposq0/image/filter/thumbnail/ snowfall03.webp
01-05 12:13:39.689 14455 14631 W Bitmap : Called getWidth() on a recycle()'d bitmap! This is undefined behavior!
01-05 12:13:39.689 14455 14631 W Bitmap : Called getHeight() on a recycle()'d bitmap! This is undefined behavior!
01-05 12:13:39.697 14455 14455 E TAG : bindData: https://src.guangzhuiyuan.com/a_kty0p5tvscposq0/image/filter/thumbnail/ snowfall04.webp
01-05 12:13:39.705 14455 14455 E TAG : bindData: https://src.guangzhuiyuan.com/a_kty0p5tvscposq0/image/filter/thumbnail/ snowfall05.webp
01-05 12:13:39.712 14455 14455 E TAG : bindData: https://src.guangzhuiyuan.com/a_kty0p5tvscposq0/image/filter/thumbnail/ snowfall06.webp
01-05 12:13:39.720 14455 14455 E TAG : bindData: https://src.guangzhuiyuan.com/a_kty0p5tvscposq0/image/filter/thumbnail/ snowfall07.webp
01-05 12:13:39.728 14455 14455 E TAG : bindData: https://src.guangzhuiyuan.com/a_kty0p5tvscposq0/image/filter/thumbnail/ snowfall08.webp
01-05 12:13:39.732 14455 14631 E TAG : drawFace: rect ratio w: 0.55833334 ratio h: 0.49375004
01-05 12:13:39.732 14455 14631 E TAG : drawFace: texture ratio w: 0.55833334 ratio h: 0.49375
01-05 12:13:39.734 14455 14631 D TAG : refreshParams: facetop: [0.0, 0.0]
01-05 12:13:39.735 14455 14631 D TAG : refreshParams: eyes_smiley: [0.0, 0.0]
01-05 12:13:39.735 14455 14631 D TAG : refreshParams: nose_bridge: [0.5, 0.5]
01-05 12:13:39.735 14455 14631 D TAG : refreshParams: nose_position: [0.5, 0.5]
01-05 12:13:39.748 14455 14455 E TAG : bindData: https://src.guangzhuiyuan.com/a_kty0p5tvscposq0/image/filter/thumbnail/ feature03.webp
01-05 12:13:39.754 14455 14455 E TAG : bindData: https://src.guangzhuiyuan.com/a_kty0p5tvscposq0/image/filter/thumbnail/ feature04.webp
01-05 12:13:39.790 14455 14631 E TAG : drawFace: rect ratio w: 0.55833334 ratio h: 0.49375004
01-05 12:13:39.790 14455 14631 E TAG : drawFace: texture ratio w: 0.55833334 ratio h: 0.49375
01-05 12:13:39.794 14455 14631 D TAG : refreshParams: facetop: [0.0, 0.0]
01-05 12:13:39.794 14455 14631 D TAG : refreshParams: eyes_smiley: [0.0, 0.0]
01-05 12:13:39.794 14455 14631 D TAG : refreshParams: nose_bridge: [0.5, 0.5]
01-05 12:13:39.794 14455 14631 D TAG : refreshParams: nose_position: [0.5, 0.5]
01-05 12:13:39.848 14455 14631 E TAG : drawFace: rect ratio w: 0.55833334 ratio h: 0.49375004
01-05 12:13:39.848 14455 14631 E TAG : drawFace: texture ratio w: 0.55833334 ratio h: 0.49375
01-05 12:13:39.852 14455 14631 D TAG : refreshParams: facetop: [0.0, 0.0]
01-05 12:13:39.852 14455 14631 D TAG : refreshParams: eyes_smiley: [0.0, 0.0]
01-05 12:13:39.852 14455 14631 D TAG : refreshParams: nose_bridge: [0.5, 0.5]
01-05 12:13:39.852 14455 14631 D TAG : refreshParams: nose_position: [0.5, 0.5]
01-05 12:13:39.911 14455 14631 E TAG : drawFace: rect ratio w: 0.55833334 ratio h: 0.49375004
01-05 12:13:39.911 14455 14631 E TAG : drawFace: texture ratio w: 0.55833334 ratio h: 0.49375
01-05 12:13:39.915 14455 14631 D TAG : refreshParams: facetop: [0.0, 0.0]
01-05 12:13:39.915 14455 14631 D TAG : refreshParams: eyes_smiley: [0.0, 0.0]
01-05 12:13:39.915 14455 14631 D TAG : refreshParams: nose_bridge: [0.5, 0.5]
01-05 12:13:39.915 14455 14631 D TAG : refreshParams: nose_position: [0.5, 0.5]
01-05 12:13:39.976 14455 14631 E TAG : drawFace: rect ratio w: 0.5652778 ratio h: 0.49895835
01-05 12:13:39.976 14455 14631 E TAG : drawFace: texture ratio w: 0.56527776 ratio h: 0.49895832
01-05 12:13:40.001 14455 14631 D TAG : refreshParams: facetop: [0.0, 0.0]
01-05 12:13:40.001 14455 14631 D TAG : refreshParams: eyes_smiley: [0.0, 0.0]
01-05 12:13:40.001 14455 14631 D TAG : refreshParams: nose_bridge: [0.5, 0.5]
01-05 12:13:40.001 14455 14631 D TAG : refreshParams: nose_position: [0.5, 0.5]
01-05 12:13:40.062 14455 14631 E TAG : drawFace: rect ratio w: 0.5652778 ratio h: 0.49895835
01-05 12:13:40.062 14455 14631 E TAG : drawFace: texture ratio w: 0.56527776 ratio h: 0.49895832
01-05 12:13:40.066 14455 14631 D TAG : refreshParams: facetop: [0.0, 0.0]
01-05 12:13:40.066 14455 14631 D TAG : refreshParams: eyes_smiley: [0.0, 0.0]
01-05 12:13:40.066 14455 14631 D TAG : refreshParams: nose_bridge: [0.5, 0.5]
01-05 12:13:40.066 14455 14631 D TAG : refreshParams: nose_position: [0.5, 0.5]
01-05 12:13:40.122 14455 14631 E TAG : drawFace: rect ratio w: 0.5652778 ratio h: 0.49374998
01-05 12:13:40.122 14455 14631 E TAG : drawFace: texture ratio w: 0.56527776 ratio h: 0.49270833
01-05 12:13:40.128 14455 14631 D TAG : refreshParams: facetop: [0.0, 0.0]
01-05 12:13:40.128 14455 14631 D TAG : refreshParams: eyes_smiley: [0.0, 0.0]
01-05 12:13:40.128 14455 14631 D TAG : refreshParams: nose_bridge: [0.5, 0.5]
01-05 12:13:40.128 14455 14631 D TAG : refreshParams: nose_position: [0.5, 0.5]
01-05 12:13:40.182 14455 14631 E TAG : drawFace: rect ratio w: 0.55833334 ratio h: 0.49374998
01-05 12:13:40.182 14455 14631 E TAG : drawFace: texture ratio w: 0.55833334 ratio h: 0.49270833
01-05 12:13:40.192 14455 14631 D TAG : refreshParams: facetop: [0.0, 0.0]
01-05 12:13:40.192 14455 14631 D TAG : refreshParams: eyes_smiley: [0.0, 0.0]
01-05 12:13:40.192 14455 14631 D TAG : refreshParams: nose_bridge: [0.5, 0.5]
01-05 12:13:40.192 14455 14631 D TAG : refreshParams: nose_position: [0.5, 0.5]
01-05 12:13:40.254 14455 14631 E TAG : drawFace: rect ratio w: 0.55833334 ratio h: 0.49374998
01-05 12:13:40.254 14455 14631 E TAG : drawFace: texture ratio w: 0.55833334 ratio h: 0.49270833
01-05 12:13:40.258 14455 14631 D TAG : refreshParams: facetop: [0.0, 0.0]
01-05 12:13:40.258 14455 14631 D TAG : refreshParams: eyes_smiley: [0.0, 0.0]
01-05 12:13:40.258 14455 14631 D TAG : refreshParams: nose_bridge: [0.5, 0.5]
01-05 12:13:40.258 14455 14631 D TAG : refreshParams: nose_position: [0.5, 0.5]
01-05 12:13:40.322 14455 14631 E TAG : drawFace: rect ratio w: 0.55833334 ratio h: 0.49374998
01-05 12:13:40.322 14455 14631 E TAG : drawFace: texture ratio w: 0.55833334 ratio h: 0.49270833
01-05 12:13:40.339 14455 14631 D TAG : refreshParams: facetop: [0.0, 0.0]
01-05 12:13:40.340 14455 14631 D TAG : refreshParams: eyes_smiley: [0.0, 0.0]
01-05 12:13:40.340 14455 14631 D TAG : refreshParams: nose_bridge: [0.5, 0.5]
01-05 12:13:40.340 14455 14631 D TAG : refreshParams: nose_position: [0.5, 0.5]
01-05 12:13:40.406 14455 14631 E TAG : drawFace: rect ratio w: 0.55833334 ratio h: 0.49374998
01-05 12:13:40.406 14455 14631 E TAG : drawFace: texture ratio w: 0.55833334 ratio h: 0.49270833
01-05 12:13:40.411 14455 14631 D TAG : refreshParams: facetop: [0.0, 0.0]
01-05 12:13:40.411 14455 14631 D TAG : refreshParams: eyes_smiley: [0.0, 0.0]
01-05 12:13:40.411 14455 14631 D TAG : refreshParams: nose_bridge: [0.5, 0.5]
01-05 12:13:40.411 14455 14631 D TAG : refreshParams: nose_position: [0.5, 0.5]
01-05 12:13:40.450 14455 14466 I amera.videocall: Background concurrent copying GC freed 133343(3799KB) AllocSpace objects, 48(9476KB) LOS objects, 49% free, 12MB/24MB, paused 231us,90us total 109.511ms
01-05 12:13:40.467 14455 14631 E TAG : drawFace: rect ratio w: 0.55833334 ratio h: 0.49374998
01-05 12:13:40.467 14455 14631 E TAG : drawFace: texture ratio w: 0.55833334 ratio h: 0.49270833
01-05 12:13:40.471 14455 14631 D TAG : refreshParams: facetop: [0.0, 0.0]
01-05 12:13:40.471 14455 14631 D TAG : refreshParams: eyes_smiley: [0.0, 0.0]
01-05 12:13:40.471 14455 14631 D TAG : refreshParams: nose_bridge: [0.5, 0.5]
01-05 12:13:40.471 14455 14631 D TAG : refreshParams: nose_position: [0.5, 0.5]
01-05 12:13:40.529 14455 14631 E TAG : drawFace: rect ratio w: 0.55833334 ratio h: 0.49374998
01-05 12:13:40.529 14455 14631 E TAG : drawFace: texture ratio w: 0.55833334 ratio h: 0.49270833
01-05 12:13:40.533 14455 14631 D TAG : refreshParams: facetop: [0.0, 0.0]
01-05 12:13:40.533 14455 14631 D TAG : refreshParams: eyes_smiley: [0.0, 0.0]
01-05 12:13:40.533 14455 14631 D TAG : refreshParams: nose_bridge: [0.5, 0.5]
01-05 12:13:40.533 14455 14631 D TAG : refreshParams: nose_position: [0.5, 0.5]
01-05 12:13:40.590 14455 14631 E TAG : drawFace: rect ratio w: 0.55833334 ratio h: 0.49895835
01-05 12:13:40.590 14455 14631 E TAG : drawFace: texture ratio w: 0.55833334 ratio h: 0.49895832
01-05 12:13:40.596 14455 14631 D TAG : refreshParams: facetop: [0.0, 0.0]
01-05 12:13:40.596 14455 14631 D TAG : refreshParams: eyes_smiley: [0.0, 0.0]
01-05 12:13:40.596 14455 14631 D TAG : refreshParams: nose_bridge: [0.5, 0.5]
01-05 12:13:40.596 14455 14631 D TAG : refreshParams: nose_position: [0.5, 0.5]
01-05 12:13:40.648 14455 14631 E TAG : drawFace: rect ratio w: 0.55833334 ratio h: 0.5104167
01-05 12:13:40.648 14455 14631 E TAG : drawFace: texture ratio w: 0.55833334 ratio h: 0.5104167
01-05 12:13:40.654 14455 14631 D TAG : refreshParams: facetop: [0.0, 0.0]
01-05 12:13:40.654 14455 14631 D TAG : refreshParams: eyes_smiley: [0.0, 0.0]
01-05 12:13:40.654 14455 14631 D TAG : refreshParams: nose_bridge: [0.5, 0.5]
01-05 12:13:40.654 14455 14631 D TAG : refreshParams: nose_position: [0.5, 0.5]
01-05 12:13:40.709 14455 14631 E TAG : drawFace: rect ratio w: 0.5652778 ratio h: 0.49895835
01-05 12:13:40.710 14455 14631 E TAG : drawFace: texture ratio w: 0.56527776 ratio h: 0.49895832
01-05 12:13:40.715 14455 14631 D TAG : refreshParams: facetop: [0.0, 0.0]
01-05 12:13:40.715 14455 14631 D TAG : refreshParams: eyes_smiley: [0.0, 0.0]
01-05 12:13:40.715 14455 14631 D TAG : refreshParams: nose_bridge: [0.5, 0.5]
01-05 12:13:40.715 14455 14631 D TAG : refreshParams: nose_position: [0.5, 0.5]
01-05 12:13:40.781 14455 14631 E TAG : drawFace: rect ratio w: 0.57222223 ratio h: 0.50416666
01-05 12:13:40.781 14455 14631 E TAG : drawFace: texture ratio w: 0.57222223 ratio h: 0.50416666
01-05 12:13:40.802 14455 14631 D TAG : refreshParams: facetop: [0.0, 0.0]
01-05 12:13:40.803 14455 14631 D TAG : refreshParams: eyes_smiley: [0.0, 0.0]
01-05 12:13:40.803 14455 14631 D TAG : refreshParams: nose_bridge: [0.5, 0.5]
01-05 12:13:40.803 14455 14631 D TAG : refreshParams: nose_position: [0.5, 0.5]
01-05 12:13:40.865 14455 14455 I [LiveEventBus]: broadcast: com.lightcone.beautycam.viewmodel.event.DetectFaceEvent@fa42588 foreground: false with key: class com.lightcone.beautycam.viewmodel.event.DetectFaceEvent
01-05 12:13:40.873 14455 14455 I [LiveEventBus]: post: com.lightcone.beautycam.viewmodel.event.DetectFaceEvent@b839b21 with key: class com.lightcone.beautycam.viewmodel.event.DetectFaceEvent
01-05 12:13:40.874 14455 14455 I [LiveEventBus]: message received: com.lightcone.beautycam.viewmodel.event.DetectFaceEvent@b839b21
01-05 12:13:41.235 14455 14455 I [LiveEventBus]: post: com.lightcone.beautycam.viewmodel.event.ResourceDownloadEvent@50a9107 with key: class com.lightcone.beautycam.viewmodel.event.ResourceDownloadEvent
01-05 12:13:41.236 14455 14455 I [LiveEventBus]: message received: com.lightcone.beautycam.viewmodel.event.ResourceDownloadEvent@50a9107
01-05 12:13:41.237 14455 14455 I [LiveEventBus]: message received: com.lightcone.beautycam.viewmodel.event.ResourceDownloadEvent@50a9107
01-05 12:13:41.317 14455 14500 W RenderInspector: QueueBuffer time out on com.accarunit.beauty.camera.videocall/com.lightcone.beautycam.activity.BeautyCamera Activity, count=6, avg=14 ms, max=33 ms.
01-05 12:13:41.379 14455 14455 I [LiveEventBus]: broadcast: com.lightcone.beautycam.viewmodel.event.SelectedFilterEvent@9cb54da foreground: false with key: class com.lightcone.beautycam.viewmodel.event.SelectedFilterEvent
01-05 12:13:41.384 14455 14455 I [LiveEventBus]: broadcast: com.lightcone.beautycam.viewmodel.event.SelectedFilterGroupEvent@a09bd0b foreground: false with key: class com.lightcone.beautycam.viewmodel.event.SelectedFilterGroupEvent
01-05 12:13:41.385 14455 14455 I [LiveEventBus]: broadcast: com.lightcone.beautycam.viewmodel.event.FilterIntensityUpdateEvent@f4107e8 foreground: false with key: class com.lightcone.beautycam.viewmodel.event.FilterIntensityUpdateEvent
01-05 12:13:41.386 14455 14455 I [LiveEventBus]: post: com.lightcone.beautycam.viewmodel.event.ResourceDownloadEvent@4893e01 with key: class com.lightcone.beautycam.viewmodel.event.ResourceDownloadEvent
01-05 12:13:41.386 14455 14455 I [LiveEventBus]: message received: com.lightcone.beautycam.viewmodel.event.ResourceDownloadEvent@4893e01
01-05 12:13:41.386 14455 14455 I [LiveEventBus]: message received: com.lightcone.beautycam.viewmodel.event.ResourceDownloadEvent@4893e01
01-05 12:13:41.406 14455 14455 I [LiveEventBus]: post: com.lightcone.beautycam.viewmodel.event.SelectedFilterEvent@c12ba94 with key: class com.lightcone.beautycam.viewmodel.event.SelectedFilterEvent
01-05 12:13:41.406 14455 14455 I [LiveEventBus]: message received: com.lightcone.beautycam.viewmodel.event.SelectedFilterEvent@c12ba94
01-05 12:13:41.407 14455 14455 I [LiveEventBus]: message received: com.lightcone.beautycam.viewmodel.event.SelectedFilterEvent@c12ba94
01-05 12:13:41.407 14455 14455 I [LiveEventBus]: message received: com.lightcone.beautycam.viewmodel.event.SelectedFilterEvent@c12ba94
01-05 12:13:41.407 14455 14455 I [LiveEventBus]: message received: com.lightcone.beautycam.viewmodel.event.SelectedFilterEvent@c12ba94
01-05 12:13:41.407 14455 14455 I [LiveEventBus]: message received: com.lightcone.beautycam.viewmodel.event.SelectedFilterEvent@c12ba94
01-05 12:13:41.408 14455 14455 W RecyclerView: An instance of a was started more than once. Each instance ofa is intended to only be used once. You should create a new instance for each use.
01-05 12:13:41.408 14455 14455 I [LiveEventBus]: message received: com.lightcone.beautycam.viewmodel.event.SelectedFilterEvent@c12ba94
01-05 12:13:41.409 14455 14455 I [LiveEventBus]: post: com.lightcone.beautycam.viewmodel.event.SelectedFilterGroupEvent@b8ac283 with key: class com.lightcone.beautycam.viewmodel.event.SelectedFilterGroupEvent
01-05 12:13:41.409 14455 14455 I [LiveEventBus]: message received: com.lightcone.beautycam.viewmodel.event.SelectedFilterGroupEvent@b8ac283
01-05 12:13:41.409 14455 14455 I [LiveEventBus]: message received: com.lightcone.beautycam.viewmodel.event.SelectedFilterGroupEvent@b8ac283
01-05 12:13:41.409 14455 14455 I [LiveEventBus]: post: com.lightcone.beautycam.viewmodel.event.FilterIntensityUpdateEvent@5aeac39 with key: class com.lightcone.beautycam.viewmodel.event.FilterIntensityUpdateEvent
01-05 12:13:41.410 14455 14455 I [LiveEventBus]: message received: com.lightcone.beautycam.viewmodel.event.FilterIntensityUpdateEvent@5aeac39
01-05 12:13:41.410 14455 14455 I [LiveEventBus]: message received: com.lightcone.beautycam.viewmodel.event.FilterIntensityUpdateEvent@5aeac39
01-05 12:13:41.413 14455 14455 E TAG : bindData: https://src.guangzhuiyuan.com/a_kty0p5tvscposq0/image/filter/thumbnail/ feature04.webp
01-05 12:13:41.417 14455 14455 E TAG : bindData: https://src.guangzhuiyuan.com/a_kty0p5tvscposq0/image/filter/thumbnail/ feature05.webp
01-05 12:13:41.421 14455 14455 E TAG : bindData: https://src.guangzhuiyuan.com/a_kty0p5tvscposq0/image/filter/thumbnail/ feature06.webp
01-05 12:13:41.422 14455 14631 W Bitmap : Called getWidth() on a recycle()'d bitmap! This is undefined behavior!
01-05 12:13:41.423 14455 14631 W Bitmap : Called getHeight() on a recycle()'d bitmap! This is undefined behavior!
01-05 12:13:41.425 14455 14455 E TAG : bindData: https://src.guangzhuiyuan.com/a_kty0p5tvscposq0/image/filter/thumbnail/ feature07.webp
01-05 12:13:41.429 14455 14455 E TAG : bindData: https://src.guangzhuiyuan.com/a_kty0p5tvscposq0/image/filter/thumbnail/ snowfall01.webp
01-05 12:13:41.437 14455 14455 E TAG : bindData: https://src.guangzhuiyuan.com/a_kty0p5tvscposq0/image/filter/thumbnail/ snowfall02.webp
01-05 12:13:41.445 14455 14455 E TAG : bindData: https://src.guangzhuiyuan.com/a_kty0p5tvscposq0/image/filter/thumbnail/ snowfall03.webp
01-05 12:13:41.455 14455 14455 E TAG : bindData: https://src.guangzhuiyuan.com/a_kty0p5tvscposq0/image/filter/thumbnail/ snowfall04.webp
01-05 12:13:41.463 14455 14631 E TAG : drawFace: rect ratio w: 0.5652778 ratio h: 0.50416666
01-05 12:13:41.463 14455 14631 E TAG : drawFace: texture ratio w: 0.56527776 ratio h: 0.50416666
01-05 12:13:41.463 14455 14455 E TAG : bindData: https://src.guangzhuiyuan.com/a_kty0p5tvscposq0/image/filter/thumbnail/ snowfall05.webp
01-05 12:13:41.467 14455 14631 D TAG : refreshParams: facetop: [0.0, 0.0]
01-05 12:13:41.467 14455 14631 D TAG : refreshParams: eyes_smiley: [0.0, 0.0]
01-05 12:13:41.467 14455 14631 D TAG : refreshParams: nose_bridge: [0.5, 0.5]
01-05 12:13:41.467 14455 14631 D TAG : refreshParams: nose_position: [0.5, 0.5]
01-05 12:13:41.470 14455 14455 E TAG : bindData: https://src.guangzhuiyuan.com/a_kty0p5tvscposq0/image/filter/thumbnail/ snowfall06.webp
01-05 12:13:41.476 14455 14455 E TAG : bindData: https://src.guangzhuiyuan.com/a_kty0p5tvscposq0/image/filter/thumbnail/ snowfall07.webp
01-05 12:13:41.482 14455 14455 E TAG : bindData: https://src.guangzhuiyuan.com/a_kty0p5tvscposq0/image/filter/thumbnail/ snowfall08.webp
01-05 12:13:41.488 14455 14455 E TAG : bindData: https://src.guangzhuiyuan.com/a_kty0p5tvscposq0/image/filter/thumbnail/ snowfall09.webp
01-05 12:13:41.495 14455 14455 E RecyclerView: Smooth Scroll action is being updated too frequently. Make sure you are not changing it unless necessary
01-05 12:13:41.520 14455 14455 W RecyclerView: An instance of a was started more than once. Each instance ofa is intended to only be used once. You should create a new instance for each use.
01-05 12:13:41.520 14455 14455 I [LiveEventBus]: broadcast: com.lightcone.beautycam.viewmodel.event.DetectFaceEvent@7916317 foreground: false with key: class com.lightcone.beautycam.viewmodel.event.DetectFaceEvent
01-05 12:13:41.523 14455 14455 E TAG : bindData: https://src.guangzhuiyuan.com/a_kty0p5tvscposq0/image/filter/thumbnail/ feature04.webp
01-05 12:13:41.541 14455 14455 I [LiveEventBus]: post: com.lightcone.beautycam.viewmodel.event.DetectFaceEvent@da4ab70 with key: class com.lightcone.beautycam.viewmodel.event.DetectFaceEvent
01-05 12:13:41.541 14455 14455 I [LiveEventBus]: message received: com.lightcone.beautycam.viewmodel.event.DetectFaceEvent@da4ab70
01-05 12:13:41.542 14455 14455 E TAG : bindData: https://src.guangzhuiyuan.com/a_kty0p5tvscposq0/image/filter/thumbnail/ feature05.webp
01-05 12:13:41.545 14455 14631 E TAG : drawFace: rect ratio w: 0.5861111 ratio h: 0.50416666
01-05 12:13:41.545 14455 14631 E TAG : drawFace: texture ratio w: 0.5861111 ratio h: 0.50416666
01-05 12:13:41.549 14455 14631 D TAG : refreshParams: facetop: [0.0, 0.0]
01-05 12:13:41.549 14455 14631 D TAG : refreshParams: eyes_smiley: [0.0, 0.0]
01-05 12:13:41.549 14455 14631 D TAG : refreshParams: nose_bridge: [0.5, 0.5]
01-05 12:13:41.549 14455 14631 D TAG : refreshParams: nose_position: [0.5, 0.5]
01-05 12:13:41.575 14455 14631 E TAG : drawFace: rect ratio w: 0.59305555 ratio h: 0.50416666
01-05 12:13:41.575 14455 14631 E TAG : drawFace: texture ratio w: 0.59305555 ratio h: 0.50416666
01-05 12:13:41.578 14455 14631 D TAG : refreshParams: facetop: [0.0, 0.0]
01-05 12:13:41.578 14455 14631 D TAG : refreshParams: eyes_smiley: [0.0, 0.0]
01-05 12:13:41.578 14455 14631 D TAG : refreshParams: nose_bridge: [0.5, 0.5]
01-05 12:13:41.578 14455 14631 D TAG : refreshParams: nose_position: [0.5, 0.5]
01-05 12:13:41.622 14455 14631 E TAG : drawFace: rect ratio w: 0.59305555 ratio h: 0.49895835
01-05 12:13:41.623 14455 14631 E TAG : drawFace: texture ratio w: 0.59305555 ratio h: 0.49895832
01-05 12:13:41.628 14455 14631 D TAG : refreshParams: facetop: [0.0, 0.0]
01-05 12:13:41.629 14455 14631 D TAG : refreshParams: eyes_smiley: [0.0, 0.0]
01-05 12:13:41.629 14455 14631 D TAG : refreshParams: nose_bridge: [0.5, 0.5]
01-05 12:13:41.629 14455 14631 D TAG : refreshParams: nose_position: [0.5, 0.5]
01-05 12:13:41.670 14455 14631 E TAG : drawFace: rect ratio w: 0.6 ratio h: 0.49895835
01-05 12:13:41.670 14455 14631 E TAG : drawFace: texture ratio w: 0.6 ratio h: 0.49895832
01-05 12:13:41.675 14455 14631 D TAG : refreshParams: facetop: [0.0, 0.0]
01-05 12:13:41.676 14455 14631 D TAG : refreshParams: eyes_smiley: [0.0, 0.0]
01-05 12:13:41.676 14455 14631 D TAG : refreshParams: nose_bridge: [0.5, 0.5]
01-05 12:13:41.676 14455 14631 D TAG : refreshParams: nose_position: [0.5, 0.5]
01-05 12:13:41.728 14455 14631 E TAG : drawFace: rect ratio w: 0.5930556 ratio h: 0.50416666
01-05 12:13:41.728 14455 14631 E TAG : drawFace: texture ratio w: 0.59305555 ratio h: 0.50416666
01-05 12:13:41.732 14455 14631 D TAG : refreshParams: facetop: [0.0, 0.0]
01-05 12:13:41.732 14455 14631 D TAG : refreshParams: eyes_smiley: [0.0, 0.0]
01-05 12:13:41.732 14455 14631 D TAG : refreshParams: nose_bridge: [0.5, 0.5]
01-05 12:13:41.732 14455 14631 D TAG : refreshParams: nose_position: [0.5, 0.5]
01-05 12:13:41.789 14455 14631 E TAG : drawFace: rect ratio w: 0.5930556 ratio h: 0.50416666
01-05 12:13:41.789 14455 14631 E TAG : drawFace: texture ratio w: 0.59305555 ratio h: 0.50416666
01-05 12:13:41.793 14455 14631 D TAG : refreshParams: facetop: [0.0, 0.0]
01-05 12:13:41.793 14455 14631 D TAG : refreshParams: eyes_smiley: [0.0, 0.0]
01-05 12:13:41.793 14455 14631 D TAG : refreshParams: nose_bridge: [0.5, 0.5]
01-05 12:13:41.793 14455 14631 D TAG : refreshParams: nose_position: [0.5, 0.5]
01-05 12:13:41.841 14455 14631 E TAG : drawFace: rect ratio w: 0.59305555 ratio h: 0.50416666
01-05 12:13:41.841 14455 14631 E TAG : drawFace: texture ratio w: 0.59305555 ratio h: 0.50416666
01-05 12:13:41.845 14455 14631 D TAG : refreshParams: facetop: [0.0, 0.0]
01-05 12:13:41.845 14455 14631 D TAG : refreshParams: eyes_smiley: [0.0, 0.0]
01-05 12:13:41.845 14455 14631 D TAG : refreshParams: nose_bridge: [0.5, 0.5]
01-05 12:13:41.845 14455 14631 D TAG : refreshParams: nose_position: [0.5, 0.5]
01-05 12:13:41.901 14455 14631 E TAG : drawFace: rect ratio w: 0.6 ratio h: 0.50416666
01-05 12:13:41.901 14455 14631 E TAG : drawFace: texture ratio w: 0.6 ratio h: 0.50416666
01-05 12:13:41.921 14455 14631 D TAG : refreshParams: facetop: [0.0, 0.0]
01-05 12:13:41.922 14455 14631 D TAG : refreshParams: eyes_smiley: [0.0, 0.0]
01-05 12:13:41.922 14455 14631 D TAG : refreshParams: nose_bridge: [0.5, 0.5]
01-05 12:13:41.922 14455 14631 D TAG : refreshParams: nose_position: [0.5, 0.5]
01-05 12:13:41.975 14455 14631 E TAG : drawFace: rect ratio w: 0.59305555 ratio h: 0.50416666
