01-05 12:13:21.369 14455 14633 D Camera2CameraImpl: {Camera@7e4c4fa[id=1]} Opening camera.
01-05 12:13:21.370 14455 14633 D UseCaseAttachState: All use case: [androidx.camera.core.Preview-af530a02-ea03-41cf-989b-2ae3d2cbd8eb24471425, androidx.camera.core.ImageCapture-8332873f-c593-4a65-a295-63136630226055349286] for camera: 1
01-05 12:13:21.372 14455 14633 W libc : Access denied finding property "persist.vendor.camera.privapp.list"
01-05 12:13:21.372 14455 14633 D CameraExtImplXiaoMi: initCameraDevice: 1
01-05 12:13:21.375 14455 14633 I CameraManager: Open camera top activityName is com.lightcone.beautycam.activity.BeautyCameraActivity
01-05 12:13:21.380 14455 14455 D DecorView[BeautyCameraActivity]: getWindowModeFromSystem windowmode is 1
01-05 12:13:21.380 14455 14455 D DecorView[BeautyCameraActivity]: updateDecorCaptionStatus windowMode is 1
01-05 12:13:21.390 14455 14633 D Camera2CameraImpl: {Camera@7e4c4fa[id=1]} Use case Preview:androidx.camera.core.Preview-af530a02-ea03-41cf-989b-2ae3d2cbd8eb ACTIVE
01-05 12:13:21.390 14455 14633 D UseCaseAttachState: Active and attached use case: [androidx.camera.core.Preview-af530a02-ea03-41cf-989b-2ae3d2cbd8eb24471425] for camera: 1
01-05 12:13:21.391 14455 14633 D Camera2CameraImpl: {Camera@7e4c4fa[id=1]} Use case ImageCapture:androidx.camera.core.ImageCapture-8332873f-c593-4a65-a295-631366302260 ACTIVE
01-05 12:13:21.391 14455 14633 D UseCaseAttachState: Active and attached use case: [androidx.camera.core.Preview-af530a02-ea03-41cf-989b-2ae3d2cbd8eb24471425, androidx.camera.core.ImageCapture-8332873f-c593-4a65-a295-63136630226055349286] for camera: 1
01-05 12:13:21.391 14455 14633 D Camera2CameraImpl: {Camera@7e4c4fa[id=1]} CameraDevice.onOpened()
01-05 12:13:21.394 14455 14633 D Camera2CameraImpl: {Camera@7e4c4fa[id=1]} Transitioning camera internal state: OPENING --> OPENED
01-05 12:13:21.394 14455 14633 D CameraStateRegistry: Recalculating open cameras:
01-05 12:13:21.394 14455 14633 D CameraStateRegistry: Camera State
01-05 12:13:21.394 14455 14633 D CameraStateRegistry: -------------------------------------------------------------------
01-05 12:13:21.394 14455 14633 D CameraStateRegistry: Camera@dbe67f0[id=0] UNKNOWN
01-05 12:13:21.394 14455 14633 D CameraStateRegistry: Camera@7e4c4fa[id=1] OPEN
01-05 12:13:21.394 14455 14633 D CameraStateRegistry: -------------------------------------------------------------------
01-05 12:13:21.394 14455 14633 D CameraStateRegistry: Open count: 1 (Max allowed: 1)
01-05 12:13:21.394 14455 14633 D UseCaseAttachState: All use case: [androidx.camera.core.Preview-af530a02-ea03-41cf-989b-2ae3d2cbd8eb24471425, androidx.camera.core.ImageCapture-8332873f-c593-4a65-a295-63136630226055349286] for camera: 1
01-05 12:13:21.395 14455 14633 D UseCaseAttachState: Active and attached use case: [androidx.camera.core.Preview-af530a02-ea03-41cf-989b-2ae3d2cbd8eb24471425, androidx.camera.core.ImageCapture-8332873f-c593-4a65-a295-63136630226055349286] for camera: 1
01-05 12:13:21.396 14455 14633 D SyncCaptureSessionBase: [androidx.camera.camera2.internal.SynchronizedCaptureSessionBaseImpl@d1c142b] getSurface...done
01-05 12:13:21.396 14455 14633 D CaptureSession: Opening capture session.
01-05 12:13:21.396 14455 14631 E libEGL : eglDestroySurfaceImpl:852 error 300d (EGL_BAD_SURFACE)
01-05 12:13:21.397 14455 14633 D DeferrableSurface: New surface in use[total_surfaces=2, used_surfaces=1] (androidx.camera.core.SurfaceRequest$2@5cc395f}
01-05 12:13:21.397 14455 14633 D DeferrableSurface: use count+1, useCount=1 androidx.camera.core.SurfaceRequest$2@5cc395f
01-05 12:13:21.397 14455 14633 D DeferrableSurface: New surface in use[total_surfaces=2, used_surfaces=2] (androidx.camera.core.impl.ImmediateSurface@3a50c7b}
01-05 12:13:21.397 14455 14633 D DeferrableSurface: use count+1, useCount=1 androidx.camera.core.impl.ImmediateSurface@3a50c7b
01-05 12:13:21.397 14455 14633 D CameraDevice-JV-1: waitUntilIdle: E. id = 1
01-05 12:13:21.398 14455 14633 D CameraDevice-JV-1: waitUntilIdle: X
01-05 12:13:21.399 14455 14455 D VRI[BeautyCameraActivity]: vri.reportNextDraw android.view.ViewRootImpl.performTraversals:3878 android.view.ViewRootImpl.doTraversal:2610 android.view.ViewRootImpl$TraversalRunnable.run:9619 android.view.Choreographer$CallbackRecord.run:1491 android.view.Choreographer$CallbackRecord.run:1499
01-05 12:13:21.399 14455 14455 D SurfaceView: UPDATE Surface(name=SurfaceView[com.accarunit.beauty.camera.videocall/com.lightcone.beauty cam.activity.BeautyCameraActivity])/@0x3acfe46, mIsProjectionMode = false
01-05 12:13:21.399 14455 14455 D SurfaceControl: nativeSetScreenProjection ===> setScreenProjection
01-05 12:13:21.400 14455 14455 D SurfaceControl: nativeSetScreenProjection ===> setScreenProjection
01-05 12:13:21.400 14455 14455 D SurfaceControl: nativeSetScreenProjection ===> setScreenProjection
01-05 12:13:21.401 14455 14455 D VRI[BeautyCameraActivity]: vri.Setup new sync id=2 syncSeqId=0
01-05 12:13:21.401 14455 14455 E SurfaceSyncer: Failed to find sync for id=0
01-05 12:13:21.401 14455 14455 E SurfaceSyncer: Failed to find sync for id=1
01-05 12:13:21.449 14455 14455 D VRI[BeautyCameraActivity]: vri.reportDrawFinished syncSeqId=0 android.view.ViewRootImpl.lambda$createSyncIfNeeded$4$android-view- ViewRootImpl:3946 android.view.ViewRootImpl$$ExternalSyntheticLambda1.run:6 android.os.Handler.handleCallback:942 android.os.Handler.dispatchMessage:99 android.os.Looper.loopOnce:211
01-05 12:13:21.472 14455 14455 D VRI[BeautyCameraActivity]: vri.reportNextDraw android.view.ViewRootImpl.handleResized:1982 android.view.ViewRootImpl.-$ $Nest$mhandleResized:0 android.view.ViewRootImpl$ViewRootHandler.handleMessageImpl:6000 android.view.ViewRootImpl$ViewRootHandler.handleMessage:5969 android.os.Handler.dispatchMessage:106
01-05 12:13:21.482 14455 14455 D MiuiMultiWindowAdapter: MiuiMultiWindowAdapter::getFreeformVideoWhiteListInSystem::LIST_ABOUT_SUPPORT_LANDS CAPE_VIDEO = [com.hunantv.imgo.activity, com.tencent.qqlive, com.qiyi.video, com.hunantv.imgo.activity.inter, com.tencent.qqlivei18n, com.iqiyi.i18n, tv.danmaku.bili]
01-05 12:13:21.499 14455 14455 D IS_CTS_MODE: false
01-05 12:13:21.499 14455 14455 D MULTI_WINDOW_ENABLED: false
01-05 12:13:21.501 14455 14455 D DecorView[]: getWindowModeFromSystem windowmode is 1
01-05 12:13:21.518 14455 14455 D VRI[BeautyCameraActivity]: vri.Setup new sync id=3 syncSeqId=0
01-05 12:13:21.518 14455 14455 E SurfaceSyncer: Failed to find sync for id=0
01-05 12:13:21.518 14455 14455 E SurfaceSyncer: Failed to find sync for id=1
01-05 12:13:21.540 14455 14455 D VRI[LauncherActivity]: vri.reportNextDraw android.view.ViewRootImpl.performTraversals:3878 android.view.ViewRootImpl.doTraversal:2610 android.view.ViewRootImpl$TraversalRunnable.run:9619 android.view.Choreographer$CallbackRecord.run:1491 android.view.Choreographer$CallbackRecord.run:1499
01-05 12:13:21.540 14455 14455 D VRI[LauncherActivity]: vri.Setup new sync id=0 syncSeqId=0
01-05 12:13:21.550 14455 14500 E perf_hint: Session creation failed, mPreferredRateNanos: -1
01-05 12:13:21.551 14455 14455 D VRI[LauncherActivity]: vri.reportDrawFinished syncSeqId=0 android.view.ViewRootImpl.lambda$createSyncIfNeeded$4$android-view- ViewRootImpl:3946 android.view.ViewRootImpl$$ExternalSyntheticLambda1.run:6 android.os.Handler.handleCallback:942 android.os.Handler.dispatchMessage:99 android.os.Looper.loopOnce:211
01-05 12:13:21.552 14455 14455 D VRI[BeautyCameraActivity]: vri.reportDrawFinished syncSeqId=0 android.view.ViewRootImpl.lambda$createSyncIfNeeded$4$android-view- ViewRootImpl:3946 android.view.ViewRootImpl$$ExternalSyntheticLambda1.run:6 android.os.Handler.handleCallback:942 android.os.Handler.dispatchMessage:99 android.os.Looper.loopOnce:211
01-05 12:13:21.554 14455 14455 I GLContextOP: onSurfaceDestroyed
01-05 12:13:21.579 14455 14633 D Camera2CameraImpl: {Camera@7e4c4fa[id=1]} Use cases [Preview:androidx.camera.core.Preview-af530a02-ea03-41cf-989b-2ae3d2cbd8eb, ImageCapture:androidx.camera.core.ImageCapture-8332873f-c593-4a65-a295- 631366302260] now DETACHED for camera
01-05 12:13:21.579 14455 14633 D UseCaseAttachState: All use case: [] for camera: 1
01-05 12:13:21.580 14455 14633 D Camera2CameraImpl: {Camera@7e4c4fa[id=1]} Resetting Capture Session
01-05 12:13:21.580 14455 14633 D Camera2CameraImpl: {Camera@7e4c4fa[id=1]} Releasing session in state OPENED
01-05 12:13:21.580 14455 14633 D UseCaseAttachState: Active and attached use case: [] for camera: 1
01-05 12:13:21.580 14455 14633 D UseCaseAttachState: Active and attached use case: [] for camera: 1
01-05 12:13:21.581 14455 14633 D Camera2CameraImpl: {Camera@7e4c4fa[id=1]} Closing camera.
01-05 12:13:21.581 14455 14633 D Camera2CameraImpl: {Camera@7e4c4fa[id=1]} Transitioning camera internal state: OPENED --> CLOSING
01-05 12:13:21.581 14455 14633 D CameraStateRegistry: Recalculating open cameras:
01-05 12:13:21.581 14455 14633 D CameraStateRegistry: Camera State
01-05 12:13:21.581 14455 14633 D CameraStateRegistry: -------------------------------------------------------------------
01-05 12:13:21.581 14455 14633 D CameraStateRegistry: Camera@dbe67f0[id=0] UNKNOWN
01-05 12:13:21.581 14455 14633 D CameraStateRegistry: Camera@7e4c4fa[id=1] CLOSING
01-05 12:13:21.581 14455 14633 D CameraStateRegistry: -------------------------------------------------------------------
01-05 12:13:21.581 14455 14633 D CameraStateRegistry: Open count: 1 (Max allowed: 1)
01-05 12:13:21.581 14455 14633 D Camera2CameraImpl: {Camera@7e4c4fa[id=1]} Resetting Capture Session
01-05 12:13:21.581 14455 14633 D Camera2CameraImpl: {Camera@7e4c4fa[id=1]} Releasing session in state CLOSING
01-05 12:13:21.581 14455 14633 D CaptureSession: CameraCaptureSession.onConfigured() mState=RELEASING
01-05 12:13:21.582 14455 14633 D UseCaseAttachState: Active and attached use case: [] for camera: 1
01-05 12:13:21.582 14455 14633 D CaptureSession: CameraCaptureSession.onReady() RELEASING
01-05 12:13:21.582 14455 14633 D CaptureSession: onSessionFinished()
01-05 12:13:21.582 14455 14633 D CameraExtImplXiaoMi: releaseCameraDevice: 1
01-05 12:13:21.583 14455 14633 D CameraDevice-JV-1: close: E. id = 1
01-05 12:13:21.612 14455 14455 D DecorView[]: onWindowFocusChanged hasWindowFocus true
01-05 12:13:21.612 14455 14455 I HandWritingStubImpl: refreshLastKeyboardType: 1
01-05 12:13:21.612 14455 14455 I HandWritingStubImpl: getCurrentKeyboardType: 1
01-05 12:13:21.673 14455 14633 D CameraDevice-JV-1: close: X
01-05 12:13:21.674 14455 14633 D DeferrableSurface: use count-1, useCount=0 closed=false androidx.camera.core.SurfaceRequest$2@5cc395f
01-05 12:13:21.674 14455 14633 D DeferrableSurface: Surface no longer in use[total_surfaces=2, used_surfaces=1] (androidx.camera.core.SurfaceRequest$2@5cc395f}
01-05 12:13:21.674 14455 14633 D DeferrableSurface: use count-1, useCount=0 closed=false androidx.camera.core.impl.ImmediateSurface@3a50c7b
01-05 12:13:21.674 14455 14633 D DeferrableSurface: Surface no longer in use[total_surfaces=2, used_surfaces=0] (androidx.camera.core.impl.ImmediateSurface@3a50c7b}
01-05 12:13:21.674 14455 14633 D Camera2CameraImpl: {Camera@7e4c4fa[id=1]} CameraDevice.onClosed()
01-05 12:13:21.674 14455 14633 D Camera2CameraImpl: {Camera@7e4c4fa[id=1]} Transitioning camera internal state: CLOSING --> INITIALIZED
01-05 12:13:21.674 14455 14633 D CameraStateRegistry: Recalculating open cameras:
01-05 12:13:21.674 14455 14633 D CameraStateRegistry: Camera State
01-05 12:13:21.674 14455 14633 D CameraStateRegistry: -------------------------------------------------------------------
01-05 12:13:21.674 14455 14633 D CameraStateRegistry: Camera@dbe67f0[id=0] UNKNOWN
01-05 12:13:21.674 14455 14633 D CameraStateRegistry: Camera@7e4c4fa[id=1] CLOSED
01-05 12:13:21.674 14455 14633 D CameraStateRegistry: -------------------------------------------------------------------
01-05 12:13:21.674 14455 14633 D CameraStateRegistry: Open count: 0 (Max allowed: 1)
01-05 12:13:23.167 14455 14636 D UseCaseAttachState: Active and attached use case: [] for camera: 1
01-05 12:13:23.168 14455 14636 D Camera2CameraImpl: {Camera@7e4c4fa[id=1]} Use cases [Preview:androidx.camera.core.Preview-af530a02-ea03-41cf-989b-2ae3d2cbd8eb, ImageCapture:androidx.camera.core.ImageCapture-8332873f-c593-4a65-a295- 631366302260] now ATTACHED
01-05 12:13:23.168 14455 14636 D UseCaseAttachState: All use case: [androidx.camera.core.Preview-af530a02-ea03-41cf-989b-2ae3d2cbd8eb24471425, androidx.camera.core.ImageCapture-8332873f-c593-4a65-a295-63136630226055349286] for camera: 1
01-05 12:13:23.168 14455 14636 D Camera2CameraImpl: mMeteringRepeating is ATTACHED, SessionConfig Surfaces: 2, CaptureConfig Surfaces: 1
01-05 12:13:23.168 14455 14636 D UseCaseAttachState: Active and attached use case: [] for camera: 1
01-05 12:13:23.168 14455 14636 D Camera2CameraImpl: {Camera@7e4c4fa[id=1]} Resetting Capture Session
01-05 12:13:23.168 14455 14636 D Camera2CameraImpl: {Camera@7e4c4fa[id=1]} Releasing session in state INITIALIZED
01-05 12:13:23.168 14455 14636 D CameraStateRegistry: tryOpenCamera(Camera@7e4c4fa[id=1]) [Available Cameras: 1, Already Open: false (Previous state: CLOSED)] --> SUCCESS
01-05 12:13:23.168 14455 14636 D CameraStateRegistry: Recalculating open cameras:
01-05 12:13:23.168 14455 14636 D CameraStateRegistry: Camera State
01-05 12:13:23.168 14455 14636 D CameraStateRegistry: -------------------------------------------------------------------
01-05 12:13:23.168 14455 14636 D CameraStateRegistry: Camera@dbe67f0[id=0] UNKNOWN
01-05 12:13:23.168 14455 14636 D CameraStateRegistry: Camera@7e4c4fa[id=1] OPENING
01-05 12:13:23.168 14455 14636 D CameraStateRegistry: -------------------------------------------------------------------
01-05 12:13:23.168 14455 14636 D CameraStateRegistry: Open count: 1 (Max allowed: 1)
01-05 12:13:23.169 14455 14636 D Camera2CameraImpl: {Camera@7e4c4fa[id=1]} Transitioning camera internal state: INITIALIZED --> OPENING
01-05 12:13:23.169 14455 14636 D Camera2CameraImpl: {Camera@7e4c4fa[id=1]} Opening camera.
01-05 12:13:23.169 14455 14636 D UseCaseAttachState: All use case: [androidx.camera.core.Preview-af530a02-ea03-41cf-989b-2ae3d2cbd8eb24471425, androidx.camera.core.ImageCapture-8332873f-c593-4a65-a295-63136630226055349286] for camera: 1
01-05 12:13:23.172 14455 14636 W libc : Access denied finding property "persist.vendor.camera.privapp.list"
01-05 12:13:23.172 14455 14636 D CameraExtImplXiaoMi: initCameraDevice: 1
01-05 12:13:23.174 14455 14636 I CameraManager: Open camera top activityName is com.lightcone.beautycam.activity.BeautyCameraActivity
01-05 12:13:23.192 14455 14636 D Camera2CameraImpl: {Camera@7e4c4fa[id=1]} Use case Preview:androidx.camera.core.Preview-af530a02-ea03-41cf-989b-2ae3d2cbd8eb ACTIVE
01-05 12:13:23.192 14455 14636 D UseCaseAttachState: Active and attached use case: [androidx.camera.core.Preview-af530a02-ea03-41cf-989b-2ae3d2cbd8eb24471425] for camera: 1
01-05 12:13:23.192 14455 14636 D Camera2CameraImpl: {Camera@7e4c4fa[id=1]} Use case ImageCapture:androidx.camera.core.ImageCapture-8332873f-c593-4a65-a295-631366302260 ACTIVE
01-05 12:13:23.193 14455 14636 D UseCaseAttachState: Active and attached use case: [androidx.camera.core.Preview-af530a02-ea03-41cf-989b-2ae3d2cbd8eb24471425, androidx.camera.core.ImageCapture-8332873f-c593-4a65-a295-63136630226055349286] for camera: 1
01-05 12:13:23.193 14455 14636 D Camera2CameraImpl: {Camera@7e4c4fa[id=1]} CameraDevice.onOpened()
01-05 12:13:23.195 14455 14636 D Camera2CameraImpl: {Camera@7e4c4fa[id=1]} Transitioning camera internal state: OPENING --> OPENED
01-05 12:13:23.195 14455 14636 D CameraStateRegistry: Recalculating open cameras:
01-05 12:13:23.195 14455 14636 D CameraStateRegistry: Camera State
01-05 12:13:23.195 14455 14636 D CameraStateRegistry: -------------------------------------------------------------------
01-05 12:13:23.195 14455 14636 D CameraStateRegistry: Camera@dbe67f0[id=0] UNKNOWN
01-05 12:13:23.195 14455 14636 D CameraStateRegistry: Camera@7e4c4fa[id=1] OPEN
01-05 12:13:23.195 14455 14636 D CameraStateRegistry: -------------------------------------------------------------------
01-05 12:13:23.195 14455 14636 D CameraStateRegistry: Open count: 1 (Max allowed: 1)
01-05 12:13:23.197 14455 14636 D UseCaseAttachState: All use case: [androidx.camera.core.Preview-af530a02-ea03-41cf-989b-2ae3d2cbd8eb24471425, androidx.camera.core.ImageCapture-8332873f-c593-4a65-a295-63136630226055349286] for camera: 1
01-05 12:13:23.198 14455 14636 D UseCaseAttachState: Active and attached use case: [androidx.camera.core.Preview-af530a02-ea03-41cf-989b-2ae3d2cbd8eb24471425, androidx.camera.core.ImageCapture-8332873f-c593-4a65-a295-63136630226055349286] for camera: 1
01-05 12:13:23.198 14455 14636 D SyncCaptureSessionBase: [androidx.camera.camera2.internal.SynchronizedCaptureSessionBaseImpl@d7d33cb] getSurface...done
01-05 12:13:23.198 14455 14631 E libEGL : eglDestroySurfaceImpl:852 error 300d (EGL_BAD_SURFACE)
01-05 12:13:23.198 14455 14636 D CaptureSession: Opening capture session.
01-05 12:13:23.198 14455 14455 D VRI[BeautyCameraActivity]: vri.reportNextDraw android.view.ViewRootImpl.performTraversals:3878 android.view.ViewRootImpl.doTraversal:2610 android.view.ViewRootImpl$TraversalRunnable.run:9619 android.view.Choreographer$CallbackRecord.run:1491 android.view.Choreographer$CallbackRecord.run:1499
01-05 12:13:23.198 14455 14455 D SurfaceView: UPDATE Surface(name=SurfaceView[com.accarunit.beauty.camera.videocall/com.lightcone.beauty cam.activity.BeautyCameraActivity])/@0xcb1da66, mIsProjectionMode = false
01-05 12:13:23.199 14455 14455 D SurfaceControl: nativeSetScreenProjection ===> setScreenProjection
01-05 12:13:23.199 14455 14455 D SurfaceControl: nativeSetScreenProjection ===> setScreenProjection
01-05 12:13:23.199 14455 14636 D DeferrableSurface: New surface in use[total_surfaces=2, used_surfaces=1] (androidx.camera.core.SurfaceRequest$2@5cc395f}
01-05 12:13:23.199 14455 14636 D DeferrableSurface: use count+1, useCount=1 androidx.camera.core.SurfaceRequest$2@5cc395f
01-05 12:13:23.200 14455 14455 D SurfaceControl: nativeSetScreenProjection ===> setScreenProjection
01-05 12:13:23.200 14455 14636 D DeferrableSurface: New surface in use[total_surfaces=2, used_surfaces=2] (androidx.camera.core.impl.ImmediateSurface@3a50c7b}
01-05 12:13:23.200 14455 14636 D DeferrableSurface: use count+1, useCount=1 androidx.camera.core.impl.ImmediateSurface@3a50c7b
01-05 12:13:23.200 14455 14636 D CameraDevice-JV-1: waitUntilIdle: E. id = 1
01-05 12:13:23.200 14455 14455 D VRI[BeautyCameraActivity]: vri.Setup new sync id=4 syncSeqId=0
01-05 12:13:23.200 14455 14455 E SurfaceSyncer: Failed to find sync for id=0
01-05 12:13:23.200 14455 14455 E SurfaceSyncer: Failed to find sync for id=1
01-05 12:13:23.200 14455 14455 E SurfaceSyncer: Failed to find sync for id=2
01-05 12:13:23.200 14455 14636 D CameraDevice-JV-1: waitUntilIdle: X
01-05 12:13:23.210 14455 14455 D VRI[BeautyCameraActivity]: vri.reportDrawFinished syncSeqId=0 android.view.ViewRootImpl.lambda$createSyncIfNeeded$4$android-view- ViewRootImpl:3946 android.view.ViewRootImpl$$ExternalSyntheticLambda1.run:6 android.os.Handler.handleCallback:942 android.os.Handler.dispatchMessage:99 android.os.Looper.loopOnce:211
01-05 12:13:23.212 14455 14455 D VRI[BeautyCameraActivity]: vri.reportNextDraw android.view.ViewRootImpl.handleResized:1982 android.view.ViewRootImpl.-$ $Nest$mhandleResized:0 android.view.ViewRootImpl$ViewRootHandler.handleMessageImpl:6000 android.view.ViewRootImpl$ViewRootHandler.handleMessage:5969 android.os.Handler.dispatchMessage:106
01-05 12:13:23.213 14455 14455 D VRI[BeautyCameraActivity]: vri.Setup new sync id=5 syncSeqId=0
01-05 12:13:23.213 14455 14455 E SurfaceSyncer: Failed to find sync for id=0
01-05 12:13:23.213 14455 14455 E SurfaceSyncer: Failed to find sync for id=1
01-05 12:13:23.213 14455 14455 E SurfaceSyncer: Failed to find sync for id=2
01-05 12:13:23.214 14455 14455 D VRI[BeautyCameraActivity]: vri.reportDrawFinished syncSeqId=0 android.view.ViewRootImpl.lambda$createSyncIfNeeded$4$android-view- ViewRootImpl:3946 android.view.ViewRootImpl$$ExternalSyntheticLambda1.run:6 android.os.Handler.handleCallback:942 android.os.Handler.dispatchMessage:99 android.os.Looper.loopOnce:211
01-05 12:13:23.215 14455 14455 D VRI[BeautyCameraActivity]: vri.reportNextDraw android.view.ViewRootImpl.handleResized:1982 android.view.ViewRootImpl.-$ $Nest$mhandleResized:0 android.view.ViewRootImpl$ViewRootHandler.handleMessageImpl:6000 android.view.ViewRootImpl$ViewRootHandler.handleMessage:5969 android.os.Handler.dispatchMessage:106
01-05 12:13:23.215 14455 14455 D DecorView[]: onWindowFocusChanged hasWindowFocus false
01-05 12:13:23.227 14455 14455 D VRI[BeautyCameraActivity]: vri.Setup new sync id=6 syncSeqId=0
01-05 12:13:23.227 14455 14455 E SurfaceSyncer: Failed to find sync for id=0
01-05 12:13:23.227 14455 14455 E SurfaceSyncer: Failed to find sync for id=1
01-05 12:13:23.228 14455 14455 E SurfaceSyncer: Failed to find sync for id=2
01-05 12:13:23.236 14455 14455 D VRI[BeautyCameraActivity]: vri.reportDrawFinished syncSeqId=0 android.view.ViewRootImpl.lambda$createSyncIfNeeded$4$android-view- ViewRootImpl:3946 android.view.ViewRootImpl$$ExternalSyntheticLambda1.run:6 android.os.Handler.handleCallback:942 android.os.Handler.dispatchMessage:99 android.os.Looper.loopOnce:211
01-05 12:13:23.237 14455 14455 D DecorView[BeautyCameraActivity]: onWindowFocusChanged hasWindowFocus true
01-05 12:13:23.238 14455 14455 I HandWritingStubImpl: refreshLastKeyboardType: 1
01-05 12:13:23.238 14455 14455 I HandWritingStubImpl: getCurrentKeyboardType: 1
01-05 12:13:23.359 14455 14636 D CaptureSession: Attempting to send capture request onConfigured
01-05 12:13:23.359 14455 14636 D CaptureSession: Issuing request for session.
01-05 12:13:23.361 14455 14636 D CaptureSession: CameraCaptureSession.onConfigured() mState=OPENED
01-05 12:13:23.361 14455 14636 D CaptureSession: CameraCaptureSession.onReady() OPENED
01-05 12:13:23.577 14455 14631 I amera.videocall: createIfNeeded: Recreate new EGLImage since dataspace changed
01-05 12:13:23.598 14455 14455 I [LiveEventBus]: broadcast: com.lightcone.beautycam.viewmodel.event.DetectFaceEvent@6e61133 foreground: false with key: class com.lightcone.beautycam.viewmodel.event.DetectFaceEvent
01-05 12:13:23.600 14455 14455 I [LiveEventBus]: post: com.lightcone.beautycam.viewmodel.event.DetectFaceEvent@9a50cf0 with key: class com.lightcone.beautycam.viewmodel.event.DetectFaceEvent
01-05 12:13:23.600 14455 14455 I [LiveEventBus]: message received: com.lightcone.beautycam.viewmodel.event.DetectFaceEvent@9a50cf0
01-05 12:13:23.622 14455 14631 I amera.videocall: createIfNeeded: Recreate new EGLImage since dataspace changed
01-05 12:13:23.672 14455 14631 I amera.videocall: createIfNeeded: Recreate new EGLImage since dataspace changed
01-05 12:13:23.725 14455 14631 I amera.videocall: createIfNeeded: Recreate new EGLImage since dataspace changed
01-05 12:13:23.774 14455 14631 I amera.videocall: createIfNeeded: Recreate new EGLImage since dataspace changed
01-05 12:13:23.824 14455 14631 I amera.videocall: createIfNeeded: Recreate new EGLImage since dataspace changed
01-05 12:13:23.873 14455 14631 I amera.videocall: createIfNeeded: Recreate new EGLImage since dataspace changed
01-05 12:13:23.922 14455 14631 I amera.videocall: createIfNeeded: Recreate new EGLImage since dataspace changed
01-05 12:13:23.972 14455 14631 I amera.videocall: createIfNeeded: Recreate new EGLImage since dataspace changed
01-05 12:13:24.023 14455 14631 I amera.videocall: createIfNeeded: Recreate new EGLImage since dataspace changed
01-05 12:13:25.265 14455 14455 I [LiveEventBus]: broadcast: com.lightcone.beautycam.viewmodel.event.DetectFaceEvent@f668d8f foreground: false with key: class com.lightcone.beautycam.viewmodel.event.DetectFaceEvent
01-05 12:13:25.266 14455 14631 E TAG : drawFace: rect ratio w: 0.64166665 ratio h: 0.58958334
01-05 12:13:25.266 14455 14631 E TAG : drawFace: texture ratio w: 0.64166665 ratio h: 0.58958334
01-05 12:13:25.273 14455 14455 I [LiveEventBus]: post: com.lightcone.beautycam.viewmodel.event.DetectFaceEvent@966081c with key: class com.lightcone.beautycam.viewmodel.event.DetectFaceEvent
01-05 12:13:25.274 14455 14455 I [LiveEventBus]: message received: com.lightcone.beautycam.viewmodel.event.DetectFaceEvent@966081c
01-05 12:13:25.278 14455 14631 D TAG : refreshParams: facetop: [0.0, 0.0]
01-05 12:13:25.278 14455 14631 D TAG : refreshParams: eyes_smiley: [0.0, 0.0]
01-05 12:13:25.278 14455 14631 D TAG : refreshParams: nose_bridge: [0.5, 0.5]
01-05 12:13:25.278 14455 14631 D TAG : refreshParams: nose_position: [0.5, 0.5]
01-05 12:13:25.318 14455 14455 D VRI[PopupWindow:94e41fa]: vri.reportNextDraw android.view.ViewRootImpl.performTraversals:3878 android.view.ViewRootImpl.doTraversal:2610 android.view.ViewRootImpl$TraversalRunnable.run:9619 android.view.Choreographer$CallbackRecord.run:1491 android.view.Choreographer$CallbackRecord.run:1499
01-05 12:13:25.318 14455 14455 D VRI[PopupWindow:94e41fa]: vri.Setup new sync id=0 syncSeqId=0
01-05 12:13:25.321 14455 14500 E perf_hint: Session creation failed, mPreferredRateNanos: -1
01-05 12:13:25.321 14455 14455 D VRI[PopupWindow:94e41fa]: vri.reportDrawFinished syncSeqId=0 android.view.ViewRootImpl.lambda$createSyncIfNeeded$4$android-view- ViewRootImpl:3946 android.view.ViewRootImpl$$ExternalSyntheticLambda1.run:6 android.os.Handler.handleCallback:942 android.os.Handler.dispatchMessage:99 android.os.Looper.loopOnce:211
01-05 12:13:25.322 14455 14455 D VRI[PopupWindow:94e41fa]: vri.reportNextDraw android.view.ViewRootImpl.handleResized:1982 android.view.ViewRootImpl.-$ $Nest$mhandleResized:0 android.view.ViewRootImpl$ViewRootHandler.handleMessageImpl:6000 android.view.ViewRootImpl$ViewRootHandler.handleMessage:5969 android.os.Handler.dispatchMessage:106
01-05 12:13:25.326 14455 14455 D VRI[PopupWindow:94e41fa]: vri.Setup new sync id=1 syncSeqId=0
01-05 12:13:25.327 14455 14455 D VRI[PopupWindow:94e41fa]: vri.reportDrawFinished syncSeqId=0 android.view.ViewRootImpl.lambda$createSyncIfNeeded$4$android-view- ViewRootImpl:3946 android.view.ViewRootImpl$$ExternalSyntheticLambda1.run:6 android.os.Handler.handleCallback:942 android.os.Handler.dispatchMessage:99 android.os.Looper.loopOnce:211
01-05 12:13:25.355 14455 14631 E TAG : drawFace: rect ratio w: 0.66944444 ratio h: 0.58958334
01-05 12:13:25.355 14455 14631 E TAG : drawFace: texture ratio w: 0.66944444 ratio h: 0.58958334
01-05 12:13:25.364 14455 14631 D TAG : refreshParams: facetop: [0.0, 0.0]
01-05 12:13:25.364 14455 14631 D TAG : refreshParams: eyes_smiley: [0.0, 0.0]
01-05 12:13:25.364 14455 14631 D TAG : refreshParams: nose_bridge: [0.5, 0.5]
01-05 12:13:25.364 14455 14631 D TAG : refreshParams: nose_position: [0.5, 0.5]
01-05 12:13:25.399 14455 14631 E TAG : drawFace: rect ratio w: 0.68333334 ratio h: 0.58958334
01-05 12:13:25.399 14455 14631 E TAG : drawFace: texture ratio w: 0.68333334 ratio h: 0.58958334
01-05 12:13:25.407 14455 14631 D TAG : refreshParams: facetop: [0.0, 0.0]
01-05 12:13:25.410 14455 14631 D TAG : refreshParams: eyes_smiley: [0.0, 0.0]
01-05 12:13:25.410 14455 14631 D TAG : refreshParams: nose_bridge: [0.5, 0.5]
01-05 12:13:25.410 14455 14631 D TAG : refreshParams: nose_position: [0.5, 0.5]
01-05 12:13:25.411 14455 14455 I [LiveEventBus]: broadcast: com.lightcone.beautycam.viewmodel.event.FilterIntensityUpdateEvent@7cbf87f foreground: false with key: class com.lightcone.beautycam.viewmodel.event.FilterIntensityUpdateEvent
01-05 12:13:25.424 14455 14455 I [LiveEventBus]: post: com.lightcone.beautycam.viewmodel.event.FilterIntensityUpdateEvent@8c9b04c with key: class com.lightcone.beautycam.viewmodel.event.FilterIntensityUpdateEvent
01-05 12:13:25.424 14455 14455 I [LiveEventBus]: message received: com.lightcone.beautycam.viewmodel.event.FilterIntensityUpdateEvent@8c9b04c
01-05 12:13:25.425 14455 14455 I [LiveEventBus]: message received: com.lightcone.beautycam.viewmodel.event.FilterIntensityUpdateEvent@8c9b04c
01-05 12:13:25.446 14455 14631 E TAG : drawFace: rect ratio w: 0.68333334 ratio h: 0.6177083
01-05 12:13:25.446 14455 14631 E TAG : drawFace: texture ratio w: 0.68333334 ratio h: 0.6177083
01-05 12:13:25.457 14455 14631 D TAG : refreshParams: facetop: [0.0, 0.0]
01-05 12:13:25.457 14455 14631 D TAG : refreshParams: eyes_smiley: [0.0, 0.0]
01-05 12:13:25.457 14455 14631 D TAG : refreshParams: nose_bridge: [0.5, 0.5]
01-05 12:13:25.457 14455 14631 D TAG : refreshParams: nose_position: [0.5, 0.5]
01-05 12:13:25.462 14455 14455 I [LiveEventBus]: broadcast: com.lightcone.beautycam.viewmodel.event.FilterIntensityUpdateEvent@abb1daa foreground: false with key: class com.lightcone.beautycam.viewmodel.event.FilterIntensityUpdateEvent
01-05 12:13:25.474 14455 14455 I [LiveEventBus]: post: com.lightcone.beautycam.viewmodel.event.FilterIntensityUpdateEvent@319d9b with key: class com.lightcone.beautycam.viewmodel.event.FilterIntensityUpdateEvent
01-05 12:13:25.474 14455 14455 I [LiveEventBus]: message received: com.lightcone.beautycam.viewmodel.event.FilterIntensityUpdateEvent@319d9b
01-05 12:13:25.474 14455 14455 I [LiveEventBus]: message received: com.lightcone.beautycam.viewmodel.event.FilterIntensityUpdateEvent@319d9b
01-05 12:13:25.491 14455 14631 E TAG : drawFace: rect ratio w: 0.7013889 ratio h: 0.6489583
01-05 12:13:25.491 14455 14631 E TAG : drawFace: texture ratio w: 0.7013889 ratio h: 0.6489583
01-05 12:13:25.497 14455 14631 D TAG : refreshParams: facetop: [0.0, 0.0]
01-05 12:13:25.497 14455 14631 D TAG : refreshParams: eyes_smiley: [0.0, 0.0]
01-05 12:13:25.497 14455 14631 D TAG : refreshParams: nose_bridge: [0.5, 0.5]
01-05 12:13:25.497 14455 14631 D TAG : refreshParams: nose_position: [0.5, 0.5]
01-05 12:13:25.511 14455 14455 I [LiveEventBus]: broadcast: com.lightcone.beautycam.viewmodel.event.FilterIntensityUpdateEvent@31af911 foreground: false with key: class com.lightcone.beautycam.viewmodel.event.FilterIntensityUpdateEvent
01-05 12:13:25.518 14455 14455 I [LiveEventBus]: post: com.lightcone.beautycam.viewmodel.event.FilterIntensityUpdateEvent@e856a76 with key: class com.lightcone.beautycam.viewmodel.event.FilterIntensityUpdateEvent
01-05 12:13:25.519 14455 14455 I [LiveEventBus]: message received: com.lightcone.beautycam.viewmodel.event.FilterIntensityUpdateEvent@e856a76
01-05 12:13:25.519 14455 14455 I [LiveEventBus]: message received: com.lightcone.beautycam.viewmodel.event.FilterIntensityUpdateEvent@e856a76
01-05 12:13:25.540 14455 14631 E TAG : drawFace: rect ratio w: 0.7222222 ratio h: 0.6489583
01-05 12:13:25.540 14455 14631 E TAG : drawFace: texture ratio w: 0.7222222 ratio h: 0.6489583
01-05 12:13:25.546 14455 14631 D TAG : refreshParams: facetop: [0.0, 0.0]
01-05 12:13:25.546 14455 14631 D TAG : refreshParams: eyes_smiley: [0.0, 0.0]
01-05 12:13:25.546 14455 14631 D TAG : refreshParams: nose_bridge: [0.5, 0.5]
01-05 12:13:25.546 14455 14631 D TAG : refreshParams: nose_position: [0.5, 0.5]
01-05 12:13:25.561 14455 14455 I [LiveEventBus]: broadcast: com.lightcone.beautycam.viewmodel.event.FilterIntensityUpdateEvent@54bbce4 foreground: false with key: class com.lightcone.beautycam.viewmodel.event.FilterIntensityUpdateEvent
01-05 12:13:25.580 14455 14631 E TAG : drawFace: rect ratio w: 0.7152778 ratio h: 0.6333333
01-05 12:13:25.580 14455 14631 E TAG : drawFace: texture ratio w: 0.7152778 ratio h: 0.6333333
01-05 12:13:25.580 14455 14455 I [LiveEventBus]: post: com.lightcone.beautycam.viewmodel.event.FilterIntensityUpdateEvent@125154d with key: class com.lightcone.beautycam.viewmodel.event.FilterIntensityUpdateEvent
01-05 12:13:25.580 14455 14455 I [LiveEventBus]: message received: com.lightcone.beautycam.viewmodel.event.FilterIntensityUpdateEvent@125154d
01-05 12:13:25.580 14455 14455 I [LiveEventBus]: message received: com.lightcone.beautycam.viewmodel.event.FilterIntensityUpdateEvent@125154d
01-05 12:13:25.586 14455 14631 D TAG : refreshParams: facetop: [0.0, 0.0]
01-05 12:13:25.586 14455 14631 D TAG : refreshParams: eyes_smiley: [0.0, 0.0]
01-05 12:13:25.586 14455 14631 D TAG : refreshParams: nose_bridge: [0.5, 0.5]
01-05 12:13:25.586 14455 14631 D TAG : refreshParams: nose_position: [0.5, 0.5]
01-05 12:13:25.614 14455 14455 I [LiveEventBus]: broadcast: com.lightcone.beautycam.viewmodel.event.FilterIntensityUpdateEvent@f9c2513 foreground: false with key: class com.lightcone.beautycam.viewmodel.event.FilterIntensityUpdateEvent
01-05 12:13:25.625 14455 14631 E TAG : drawFace: rect ratio w: 0.7083333 ratio h: 0.6385417
01-05 12:13:25.625 14455 14631 E TAG : drawFace: texture ratio w: 0.7083333 ratio h: 0.63854164
01-05 12:13:25.630 14455 14631 D TAG : refreshParams: facetop: [0.0, 0.0]
01-05 12:13:25.631 14455 14631 D TAG : refreshParams: eyes_smiley: [0.0, 0.0]
01-05 12:13:25.631 14455 14631 D TAG : refreshParams: nose_bridge: [0.5, 0.5]
01-05 12:13:25.631 14455 14631 D TAG : refreshParams: nose_position: [0.5, 0.5]
01-05 12:13:25.631 14455 14455 I [LiveEventBus]: post: com.lightcone.beautycam.viewmodel.event.FilterIntensityUpdateEvent@879c350 with key: class com.lightcone.beautycam.viewmodel.event.FilterIntensityUpdateEvent
01-05 12:13:25.632 14455 14455 I [LiveEventBus]: message received: com.lightcone.beautycam.viewmodel.event.FilterIntensityUpdateEvent@879c350
01-05 12:13:25.632 14455 14455 I [LiveEventBus]: message received: com.lightcone.beautycam.viewmodel.event.FilterIntensityUpdateEvent@879c350
01-05 12:13:25.662 14455 14455 I [LiveEventBus]: broadcast: com.lightcone.beautycam.viewmodel.event.FilterIntensityUpdateEvent@5eb524e foreground: false with key: class com.lightcone.beautycam.viewmodel.event.FilterIntensityUpdateEvent
01-05 12:13:25.663 14455 14631 E TAG : drawFace: rect ratio w: 0.7013889 ratio h: 0.63854164
01-05 12:13:25.663 14455 14631 E TAG : drawFace: texture ratio w: 0.7013889 ratio h: 0.63854164
01-05 12:13:25.669 14455 14631 D TAG : refreshParams: facetop: [0.0, 0.0]
01-05 12:13:25.669 14455 14631 D TAG : refreshParams: eyes_smiley: [0.0, 0.0]
01-05 12:13:25.669 14455 14631 D TAG : refreshParams: nose_bridge: [0.5, 0.5]
01-05 12:13:25.669 14455 14631 D TAG : refreshParams: nose_position: [0.5, 0.5]
01-05 12:13:25.671 14455 14455 I [LiveEventBus]: post: com.lightcone.beautycam.viewmodel.event.FilterIntensityUpdateEvent@e99ff6f with key: class com.lightcone.beautycam.viewmodel.event.FilterIntensityUpdateEvent
01-05 12:13:25.671 14455 14455 I [LiveEventBus]: message received: com.lightcone.beautycam.viewmodel.event.FilterIntensityUpdateEvent@e99ff6f
01-05 12:13:25.671 14455 14455 I [LiveEventBus]: message received: com.lightcone.beautycam.viewmodel.event.FilterIntensityUpdateEvent@e99ff6f
01-05 12:13:25.711 14455 14455 I [LiveEventBus]: broadcast: com.lightcone.beautycam.viewmodel.event.FilterIntensityUpdateEvent@6eca105 foreground: false with key: class com.lightcone.beautycam.viewmodel.event.FilterIntensityUpdateEvent
01-05 12:13:25.711 14455 14631 E TAG : drawFace: rect ratio w: 0.6944444 ratio h: 0.64479166
01-05 12:13:25.711 14455 14631 E TAG : drawFace: texture ratio w: 0.69305557 ratio h: 0.64479166
01-05 12:13:25.717 14455 14631 D TAG : refreshParams: facetop: [0.0, 0.0]
01-05 12:13:25.717 14455 14631 D TAG : refreshParams: eyes_smiley: [0.0, 0.0]
01-05 12:13:25.717 14455 14631 D TAG : refreshParams: nose_bridge: [0.5, 0.5]
01-05 12:13:25.717 14455 14631 D TAG : refreshParams: nose_position: [0.5, 0.5]
01-05 12:13:25.721 14455 14455 I [LiveEventBus]: post: com.lightcone.beautycam.viewmodel.event.FilterIntensityUpdateEvent@aae455a with key: class com.lightcone.beautycam.viewmodel.event.FilterIntensityUpdateEvent
01-05 12:13:25.721 14455 14455 I [LiveEventBus]: message received: com.lightcone.beautycam.viewmodel.event.FilterIntensityUpdateEvent@aae455a
01-05 12:13:25.721 14455 14455 I [LiveEventBus]: message received: com.lightcone.beautycam.viewmodel.event.FilterIntensityUpdateEvent@aae455a
01-05 12:13:25.757 14455 14631 E TAG : drawFace: rect ratio w: 0.7013889 ratio h: 0.64479166
01-05 12:13:25.757 14455 14631 E TAG : drawFace: texture ratio w: 0.7013889 ratio h: 0.64479166
01-05 12:13:25.761 14455 14455 I [LiveEventBus]: broadcast: com.lightcone.beautycam.viewmodel.event.FilterIntensityUpdateEvent@202ac68 foreground: false with key: class com.lightcone.beautycam.viewmodel.event.FilterIntensityUpdateEvent
01-05 12:13:25.763 14455 14631 D TAG : refreshParams: facetop: [0.0, 0.0]
01-05 12:13:25.763 14455 14631 D TAG : refreshParams: eyes_smiley: [0.0, 0.0]
01-05 12:13:25.763 14455 14631 D TAG : refreshParams: nose_bridge: [0.5, 0.5]
01-05 12:13:25.763 14455 14631 D TAG : refreshParams: nose_position: [0.5, 0.5]
01-05 12:13:25.782 14455 14455 I [LiveEventBus]: post: com.lightcone.beautycam.viewmodel.event.FilterIntensityUpdateEvent@c1b4881 with key: class com.lightcone.beautycam.viewmodel.event.FilterIntensityUpdateEvent
01-05 12:13:25.782 14455 14455 I [LiveEventBus]: message received: com.lightcone.beautycam.viewmodel.event.FilterIntensityUpdateEvent@c1b4881
01-05 12:13:25.782 14455 14455 I [LiveEventBus]: message received: com.lightcone.beautycam.viewmodel.event.FilterIntensityUpdateEvent@c1b4881
01-05 12:13:25.806 14455 14631 E TAG : drawFace: rect ratio w: 0.7013889 ratio h: 0.6385417
01-05 12:13:25.806 14455 14631 E TAG : drawFace: texture ratio w: 0.7013889 ratio h: 0.63854164
01-05 12:13:25.809 14455 14631 D TAG : refreshParams: facetop: [0.0, 0.0]
01-05 12:13:25.810 14455 14631 D TAG : refreshParams: eyes_smiley: [0.0, 0.0]
01-05 12:13:25.810 14455 14631 D TAG : refreshParams: nose_bridge: [0.5, 0.5]
01-05 12:13:25.810 14455 14631 D TAG : refreshParams: nose_position: [0.5, 0.5]
01-05 12:13:25.816 14455 14455 I [LiveEventBus]: broadcast: com.lightcone.beautycam.viewmodel.event.FilterIntensityUpdateEvent@84c6d67 foreground: false with key: class com.lightcone.beautycam.viewmodel.event.FilterIntensityUpdateEvent
01-05 12:13:25.839 14455 14455 I [LiveEventBus]: post: com.lightcone.beautycam.viewmodel.event.FilterIntensityUpdateEvent@68a2714 with key: class com.lightcone.beautycam.viewmodel.event.FilterIntensityUpdateEvent
01-05 12:13:25.839 14455 14455 I [LiveEventBus]: message received: com.lightcone.beautycam.viewmodel.event.FilterIntensityUpdateEvent@68a2714
01-05 12:13:25.840 14455 14455 I [LiveEventBus]: message received: com.lightcone.beautycam.viewmodel.event.FilterIntensityUpdateEvent@68a2714
01-05 12:13:25.854 14455 14631 E TAG : drawFace: rect ratio w: 0.7013889 ratio h: 0.6385417
01-05 12:13:25.854 14455 14631 E TAG : drawFace: texture ratio w: 0.7013889 ratio h: 0.63854164
01-05 12:13:25.858 14455 14631 D TAG : refreshParams: facetop: [0.0, 0.0]
01-05 12:13:25.858 14455 14631 D TAG : refreshParams: eyes_smiley: [0.0, 0.0]
01-05 12:13:25.858 14455 14631 D TAG : refreshParams: nose_bridge: [0.5, 0.5]
01-05 12:13:25.858 14455 14631 D TAG : refreshParams: nose_position: [0.5, 0.5]
01-05 12:13:25.865 14455 14455 I [LiveEventBus]: broadcast: com.lightcone.beautycam.viewmodel.event.FilterIntensityUpdateEvent@b025b2 foreground: false with key: class com.lightcone.beautycam.viewmodel.event.FilterIntensityUpdateEvent
01-05 12:13:25.886 14455 14455 I [LiveEventBus]: post: com.lightcone.beautycam.viewmodel.event.FilterIntensityUpdateEvent@287903 with key: class com.lightcone.beautycam.viewmodel.event.FilterIntensityUpdateEvent
01-05 12:13:25.886 14455 14455 I [LiveEventBus]: message received: com.lightcone.beautycam.viewmodel.event.FilterIntensityUpdateEvent@287903
01-05 12:13:25.887 14455 14455 I [LiveEventBus]: message received: com.lightcone.beautycam.viewmodel.event.FilterIntensityUpdateEvent@287903
01-05 12:13:25.896 14455 14631 E TAG : drawFace: rect ratio w: 0.7083334 ratio h: 0.6385417
01-05 12:13:25.896 14455 14631 E TAG : drawFace: texture ratio w: 0.7083333 ratio h: 0.63854164
01-05 12:13:25.900 14455 14631 D TAG : refreshParams: facetop: [0.0, 0.0]
01-05 12:13:25.900 14455 14631 D TAG : refreshParams: eyes_smiley: [0.0, 0.0]
01-05 12:13:25.900 14455 14631 D TAG : refreshParams: nose_bridge: [0.5, 0.5]
01-05 12:13:25.900 14455 14631 D TAG : refreshParams: nose_position: [0.5, 0.5]
01-05 12:13:25.914 14455 14455 I [LiveEventBus]: broadcast: com.lightcone.beautycam.viewmodel.event.FilterIntensityUpdateEvent@72786b9 foreground: false with key: class com.lightcone.beautycam.viewmodel.event.FilterIntensityUpdateEvent
01-05 12:13:25.935 14455 14455 I [LiveEventBus]: post: com.lightcone.beautycam.viewmodel.event.FilterIntensityUpdateEvent@2f6eafe with key: class com.lightcone.beautycam.viewmodel.event.FilterIntensityUpdateEvent
01-05 12:13:25.935 14455 14455 I [LiveEventBus]: message received: com.lightcone.beautycam.viewmodel.event.FilterIntensityUpdateEvent@2f6eafe
01-05 12:13:25.935 14455 14455 I [LiveEventBus]: message received: com.lightcone.beautycam.viewmodel.event.FilterIntensityUpdateEvent@2f6eafe
01-05 12:13:25.947 14455 14631 E TAG : drawFace: rect ratio w: 0.7083334 ratio h: 0.64479166
01-05 12:13:25.947 14455 14631 E TAG : drawFace: texture ratio w: 0.7083333 ratio h: 0.64479166
01-05 12:13:25.951 14455 14631 D TAG : refreshParams: facetop: [0.0, 0.0]
01-05 12:13:25.951 14455 14631 D TAG : refreshParams: eyes_smiley: [0.0, 0.0]
01-05 12:13:25.951 14455 14631 D TAG : refreshParams: nose_bridge: [0.5, 0.5]
01-05 12:13:25.951 14455 14631 D TAG : refreshParams: nose_position: [0.5, 0.5]
01-05 12:13:25.980 14455 14455 I [LiveEventBus]: broadcast: com.lightcone.beautycam.viewmodel.event.FilterIntensityUpdateEvent@53b44ac foreground: false with key: class com.lightcone.beautycam.viewmodel.event.FilterIntensityUpdateEvent
01-05 12:13:25.989 14455 14455 I [LiveEventBus]: post: com.lightcone.beautycam.viewmodel.event.FilterIntensityUpdateEvent@230d575 with key: class com.lightcone.beautycam.viewmodel.event.FilterIntensityUpdateEvent
01-05 12:13:25.989 14455 14455 I [LiveEventBus]: message received: com.lightcone.beautycam.viewmodel.event.FilterIntensityUpdateEvent@230d575
01-05 12:13:25.990 14455 14455 I [LiveEventBus]: message received: com.lightcone.beautycam.viewmodel.event.FilterIntensityUpdateEvent@230d575
01-05 12:13:25.993 14455 14631 E TAG : drawFace: rect ratio w: 0.7083334 ratio h: 0.63854164
01-05 12:13:25.993 14455 14631 E TAG : drawFace: texture ratio w: 0.7083333 ratio h: 0.63854164
01-05 12:13:25.997 14455 14631 D TAG : refreshParams: facetop: [0.0, 0.0]
01-05 12:13:25.997 14455 14631 D TAG : refreshParams: eyes_smiley: [0.0, 0.0]
01-05 12:13:25.997 14455 14631 D TAG : refreshParams: nose_bridge: [0.5, 0.5]
01-05 12:13:25.997 14455 14631 D TAG : refreshParams: nose_position: [0.5, 0.5]
01-05 12:13:26.028 14455 14455 I [LiveEventBus]: broadcast: com.lightcone.beautycam.viewmodel.event.FilterIntensityUpdateEvent@856057b foreground: false with key: class com.lightcone.beautycam.viewmodel.event.FilterIntensityUpdateEvent
01-05 12:13:26.036 14455 14455 I [LiveEventBus]: post: com.lightcone.beautycam.viewmodel.event.FilterIntensityUpdateEvent@a6dff98 with key: class com.lightcone.beautycam.viewmodel.event.FilterIntensityUpdateEvent
01-05 12:13:26.036 14455 14455 I [LiveEventBus]: message received: com.lightcone.beautycam.viewmodel.event.FilterIntensityUpdateEvent@a6dff98
01-05 12:13:26.037 14455 14455 I [LiveEventBus]: message received: com.lightcone.beautycam.viewmodel.event.FilterIntensityUpdateEvent@a6dff98
01-05 12:13:26.039 14455 14631 E TAG : drawFace: rect ratio w: 0.7083334 ratio h: 0.63854164
01-05 12:13:26.039 14455 14631 E TAG : drawFace: texture ratio w: 0.7083333 ratio h: 0.63854164
01-05 12:13:26.042 14455 14631 D TAG : refreshParams: facetop: [0.0, 0.0]
01-05 12:13:26.042 14455 14631 D TAG : refreshParams: eyes_smiley: [0.0, 0.0]
01-05 12:13:26.042 14455 14631 D TAG : refreshParams: nose_bridge: [0.5, 0.5]
01-05 12:13:26.042 14455 14631 D TAG : refreshParams: nose_position: [0.5, 0.5]
01-05 12:13:26.078 14455 14455 I [LiveEventBus]: broadcast: com.lightcone.beautycam.viewmodel.event.FilterIntensityUpdateEvent@4eb5bd6 foreground: false with key: class com.lightcone.beautycam.viewmodel.event.FilterIntensityUpdateEvent
01-05 12:13:26.087 14455 14455 I [LiveEventBus]: post: com.lightcone.beautycam.viewmodel.event.FilterIntensityUpdateEvent@bb57e57 with key: class com.lightcone.beautycam.viewmodel.event.FilterIntensityUpdateEvent
01-05 12:13:26.087 14455 14455 I [LiveEventBus]: message received: com.lightcone.beautycam.viewmodel.event.FilterIntensityUpdateEvent@bb57e57
01-05 12:13:26.087 14455 14455 I [LiveEventBus]: message received: com.lightcone.beautycam.viewmodel.event.FilterIntensityUpdateEvent@bb57e57
01-05 12:13:26.088 14455 14631 E TAG : drawFace: rect ratio w: 0.7083334 ratio h: 0.63854164
01-05 12:13:26.088 14455 14631 E TAG : drawFace: texture ratio w: 0.7083333 ratio h: 0.63854164
01-05 12:13:26.092 14455 14631 D TAG : refreshParams: facetop: [0.0, 0.0]
01-05 12:13:26.092 14455 14631 D TAG : refreshParams: eyes_smiley: [0.0, 0.0]
01-05 12:13:26.092 14455 14631 D TAG : refreshParams: nose_bridge: [0.5, 0.5]
01-05 12:13:26.092 14455 14631 D TAG : refreshParams: nose_position: [0.5, 0.5]
01-05 12:13:26.128 14455 14455 I [LiveEventBus]: broadcast: com.lightcone.beautycam.viewmodel.event.FilterIntensityUpdateEvent@5b3e2d foreground: false with key: class com.lightcone.beautycam.viewmodel.event.FilterIntensityUpdateEvent
01-05 12:13:26.137 14455 14631 E TAG : drawFace: rect ratio w: 0.7083334 ratio h: 0.6333333
01-05 12:13:26.137 14455 14631 E TAG : drawFace: texture ratio w: 0.7083333 ratio h: 0.6333333
01-05 12:13:26.138 14455 14455 I [LiveEventBus]: post: com.lightcone.beautycam.viewmodel.event.FilterIntensityUpdateEvent@7995f62 with key: class com.lightcone.beautycam.viewmodel.event.FilterIntensityUpdateEvent
01-05 12:13:26.138 14455 14455 I [LiveEventBus]: message received: com.lightcone.beautycam.viewmodel.event.FilterIntensityUpdateEvent@7995f62
01-05 12:13:26.138 14455 14455 I [LiveEventBus]: message received: com.lightcone.beautycam.viewmodel.event.FilterIntensityUpdateEvent@7995f62
01-05 12:13:26.142 14455 14631 D TAG : refreshParams: facetop: [0.0, 0.0]
01-05 12:13:26.143 14455 14631 D TAG : refreshParams: eyes_smiley: [0.0, 0.0]
01-05 12:13:26.143 14455 14631 D TAG : refreshParams: nose_bridge: [0.5, 0.5]
01-05 12:13:26.143 14455 14631 D TAG : refreshParams: nose_position: [0.5, 0.5]
01-05 12:13:26.186 14455 14631 E TAG : drawFace: rect ratio w: 0.6944444 ratio h: 0.63854164
01-05 12:13:26.186 14455 14631 E TAG : drawFace: texture ratio w: 0.69305557 ratio h: 0.63854164
01-05 12:13:26.191 14455 14631 D TAG : refreshParams: facetop: [0.0, 0.0]
01-05 12:13:26.191 14455 14631 D TAG : refreshParams: eyes_smiley: [0.0, 0.0]
01-05 12:13:26.191 14455 14631 D TAG : refreshParams: nose_bridge: [0.5, 0.5]
01-05 12:13:26.191 14455 14631 D TAG : refreshParams: nose_position: [0.5, 0.5]
01-05 12:13:26.211 14455 14455 I [LiveEventBus]: broadcast: com.lightcone.beautycam.viewmodel.event.FilterIntensityUpdateEvent@52929b0 foreground: false with key: class com.lightcone.beautycam.viewmodel.event.FilterIntensityUpdateEvent
01-05 12:13:26.220 14455 14455 I [LiveEventBus]: post: com.lightcone.beautycam.viewmodel.event.FilterIntensityUpdateEvent@b5a9029 with key: class com.lightcone.beautycam.viewmodel.event.FilterIntensityUpdateEvent
01-05 12:13:26.220 14455 14455 I [LiveEventBus]: message received: com.lightcone.beautycam.viewmodel.event.FilterIntensityUpdateEvent@b5a9029
01-05 12:13:26.220 14455 14455 I [LiveEventBus]: message received: com.lightcone.beautycam.viewmodel.event.FilterIntensityUpdateEvent@b5a9029
01-05 12:13:26.238 14455 14631 E TAG : drawFace: rect ratio w: 0.7013889 ratio h: 0.621875
01-05 12:13:26.238 14455 14631 E TAG : drawFace: texture ratio w: 0.7013889 ratio h: 0.621875
01-05 12:13:26.242 14455 14631 D TAG : refreshParams: facetop: [0.0, 0.0]
01-05 12:13:26.242 14455 14631 D TAG : refreshParams: eyes_smiley: [0.0, 0.0]
01-05 12:13:26.242 14455 14631 D TAG : refreshParams: nose_bridge: [0.5, 0.5]
01-05 12:13:26.242 14455 14631 D TAG : refreshParams: nose_position: [0.5, 0.5]
01-05 12:13:26.261 14455 14455 I [LiveEventBus]: broadcast: com.lightcone.beautycam.viewmodel.event.FilterIntensityUpdateEvent@2abe14f foreground: false with key: class com.lightcone.beautycam.viewmodel.event.FilterIntensityUpdateEvent
01-05 12:13:26.270 14455 14455 I [LiveEventBus]: post: com.lightcone.beautycam.viewmodel.event.FilterIntensityUpdateEvent@3ef30dc with key: class com.lightcone.beautycam.viewmodel.event.FilterIntensityUpdateEvent
01-05 12:13:26.270 14455 14455 I [LiveEventBus]: message received: com.lightcone.beautycam.viewmodel.event.FilterIntensityUpdateEvent@3ef30dc
01-05 12:13:26.270 14455 14455 I [LiveEventBus]: message received: com.lightcone.beautycam.viewmodel.event.FilterIntensityUpdateEvent@3ef30dc
01-05 12:13:26.288 14455 14631 E TAG : drawFace: rect ratio w: 0.6944444 ratio h: 0.628125
01-05 12:13:26.288 14455 14631 E TAG : drawFace: texture ratio w: 0.69305557 ratio h: 0.628125
01-05 12:13:26.292 14455 14631 D TAG : refreshParams: facetop: [0.0, 0.0]
01-05 12:13:26.292 14455 14631 D TAG : refreshParams: eyes_smiley: [0.0, 0.0]
01-05 12:13:26.292 14455 14631 D TAG : refreshParams: nose_bridge: [0.5, 0.5]
01-05 12:13:26.293 14455 14631 D TAG : refreshParams: nose_position: [0.5, 0.5]
01-05 12:13:26.311 14455 14455 I [LiveEventBus]: broadcast: com.lightcone.beautycam.viewmodel.event.FilterIntensityUpdateEvent@79378ba foreground: false with key: class com.lightcone.beautycam.viewmodel.event.FilterIntensityUpdateEvent
01-05 12:13:26.320 14455 14455 I [LiveEventBus]: post: com.lightcone.beautycam.viewmodel.event.FilterIntensityUpdateEvent@26f436b with key: class com.lightcone.beautycam.viewmodel.event.FilterIntensityUpdateEvent
01-05 12:13:26.320 14455 14455 I [LiveEventBus]: message received: com.lightcone.beautycam.viewmodel.event.FilterIntensityUpdateEvent@26f436b
01-05 12:13:26.320 14455 14455 I [LiveEventBus]: message received: com.lightcone.beautycam.viewmodel.event.FilterIntensityUpdateEvent@26f436b
