The log file documents the startup process of an Android application. It shows the loading of remote and local modules, initialization of Firebase, and opening of MMKV storage. Errors are encountered trying to load a local configuration file and shader.
We take content rights seriously. If you suspect this is your content, claim it here.
Available Formats
Download as TXT, PDF, TXT or read online on Scribd
0 ratings0% found this document useful (0 votes)
27 views175 pages
Com - Accarunit.beauty - Camera.videocall Logcat
The log file documents the startup process of an Android application. It shows the loading of remote and local modules, initialization of Firebase, and opening of MMKV storage. Errors are encountered trying to load a local configuration file and shader.
We take content rights seriously. If you suspect this is your content, claim it here.
Available Formats
Download as TXT, PDF, TXT or read online on Scribd
You are on page 1/ 175
--------- beginning of main
01-05 12:12:51.415 14455 14480 I DynamiteModule: Considering local module
com.google.android.gms.measurement.dynamite:73 and remote module com.google.android.gms.measurement.dynamite:97
01-05 12:12:51.415 14455 14480 I DynamiteModule: Selected remote version of com.google.android.gms.measurement.dynamite, version >= 97
01-05 12:12:51.416 14455 14480 V DynamiteModule: Dynamite loader version >= 2, using loadModule2NoCrashUtils
01-05 12:12:51.416 14455 14455 I FirebaseInitProvider: FirebaseApp initialization successful
01-05 12:12:51.428 14455 14480 W System : ClassLoader referenced unknown path:
01-05 12:12:51.428 14455 14480 D nativeloader: Configuring clns-6 for other apk . target_sdk_version=34, uses_libraries=, library_path=/data/app/~~BPZMihdbHLfzJeS- 8cglLg==/com.google.android.gms-wenTHzGZxw4TwfSP6cau-Q==/lib/arm64:/data/app/ ~~BPZMihdbHLfzJeS-8cglLg==/com.google.android.gms-wenTHzGZxw4TwfSP6cau-Q==/ base.apk!/lib/arm64-v8a, permitted_path=/data:/mnt/expand:/data/user/0/com.google.android.gms
01-05 12:12:51.439 14455 14455 W Java7Support: Unable to load JDK7 types (annotations, java.nio.file.Path): no Java7 support added
01-05 12:12:51.440 14455 14480 W ziparchive: Unable to open '/data/user_de/0/com.google.android.gms/app_chimera/m/00000086/MeasurementDynamite. dm': No such file or directory
01-05 12:12:51.440 14455 14480 W ziparchive: Unable to open '/data/user_de/0/com.google.android.gms/app_chimera/m/00000086/MeasurementDynamite. dm': No such file or directory
01-05 12:12:51.464 14455 14494 D TrafficStats: tagSocket(102) with statsTag=0xffffffff, statsUid=-1
01-05 12:12:51.468 14455 14455 I MMKV : <native-bridge.cpp:103::JNI_OnLoad> current API level = 33
01-05 12:12:51.468 14455 14455 I MMKV : <MMKV.cpp:156::initialize> version v1.2.7 page size:4096
01-05 12:12:51.468 14455 14455 I MMKV : <MMKV.cpp:167::initialize> armv8 AES instructions is supported
01-05 12:12:51.468 14455 14455 I MMKV : <MMKV.cpp:175::initialize> armv8 CRC32 instructions is supported
01-05 12:12:51.468 14455 14455 I MMKV : <MMKV.cpp:198::initializeMMKV> root dir: /data/user/0/com.accarunit.beauty.camera.videocall/files/mmkv
01-05 12:12:51.468 14455 14455 I MMKV : <MMKV_IO.cpp:81::loadFromFile> loading [user_status] with 94 actual size, file size 4096, InterProcess 0, meta info version:3
01-05 12:12:51.468 14455 14455 I MMKV : <MMKV_IO.cpp:86::loadFromFile> loading [user_status] with crc 3068282577 sequence 1 version 3
01-05 12:12:51.468 14455 14455 I MMKV : <MMKV_IO.cpp:130::loadFromFile> loaded [user_status] with 1 key-values
01-05 12:12:51.469 14455 14455 E AnalysisModule: FirebaseAnalytics finished.
01-05 12:12:51.469 14455 14455 E AnalysisModule: AnalysisServiceImpl finished.
01-05 12:12:51.480 14455 14455 D MiuiMultiWindowAdapter: MiuiMultiWindowAdapter::getFreeformVideoWhiteListInSystem::LIST_ABOUT_SUPPORT_LANDS CAPE_VIDEO = [com.hunantv.imgo.activity, com.tencent.qqlive, com.qiyi.video, com.hunantv.imgo.activity.inter, com.tencent.qqlivei18n, com.iqiyi.i18n, tv.danmaku.bili]
01-05 12:12:51.488 14455 14499 I MMKV : <MMKV_IO.cpp:81::loadFromFile> loading [config_version] with 62 actual size, file size 4096, InterProcess 0, meta info version:3
01-05 12:12:51.488 14455 14499 I MMKV : <MMKV_IO.cpp:86::loadFromFile> loading [config_version] with crc 1583908298 sequence 1 version 3
01-05 12:12:51.488 14455 14499 I MMKV : <MMKV_IO.cpp:130::loadFromFile> loaded [config_version] with 3 key-values
01-05 12:12:51.488 14455 14504 D TrafficStats: tagSocket(114) with statsTag=0xffffffff, statsUid=-1
01-05 12:12:51.497 14455 14499 W System.err: java.io.FileNotFoundException: /storage/emulated/0/Android/data/com.accarunit.beauty.camera.videocall/files/ AppInnerFiles/.works/config/config.json: open failed: ENOENT (No such file or directory)
01-05 12:12:51.497 14455 14499 W System.err: at libcore.io.IoBridge.open(IoBridge.java:574)
01-05 12:12:51.497 14455 14499 W System.err: at java.io.FileInputStream.<init>(FileInputStream.java:160)
01-05 12:12:51.497 14455 14499 W System.err: at java.io.FileInputStream.<init>(FileInputStream.java:115)
01-05 12:12:51.497 14455 14499 W System.err: at com.lightcone.utils.EncryptShaderUtil.privateGetBinFromFullPath(EncryptShaderUtil.j ava:1)
01-05 12:12:51.497 14455 14499 W System.err: at com.lightcone.utils.EncryptShaderUtil.getShaderFromFullPath(EncryptShaderUtil.java: 1)
01-05 12:12:51.497 14455 14499 W System.err: at d.c.i.f.c.f(ConfigManager.java:1)
01-05 12:12:51.497 14455 14499 W System.err: at d.c.i.f.c.g(ConfigManager.java:4)
01-05 12:12:51.497 14455 14499 W System.err: at d.c.i.d.b.h.a(QualcommBoard.java:3)
01-05 12:12:51.497 14455 14499 W System.err: at d.c.i.b.a(DeviceInfoModule.java:18)
01-05 12:12:51.497 14455 14499 W System.err: at d.c.d.m.t0.e(DeviceConfigManger.java:4)
01-05 12:12:51.497 14455 14499 W System.err: at com.lightcone.beautycam.app.MyApplication.a(MyApplication.java:25)
01-05 12:12:51.497 14455 14499 W System.err: at com.lightcone.beautycam.app.MyApplication.c(MyApplication.java:1)
01-05 12:12:51.497 14455 14499 W System.err: at d.c.d.d.c.run(Unknown Source:2)
01-05 12:12:51.497 14455 14499 W System.err: at java.util.concurrent.ThreadPoolExecutor.runWorker(ThreadPoolExecutor.java:1145)
01-05 12:12:51.497 14455 14499 W System.err: at java.util.concurrent.ThreadPoolExecutor$Worker.run(ThreadPoolExecutor.java:644)
01-05 12:12:51.497 14455 14499 W System.err: at d.c.d.e.a.d$a.run(PriorityThreadFactory.java:4)
01-05 12:12:51.498 14455 14499 W System.err: at java.lang.Thread.run(Thread.java:1012)
01-05 12:12:51.498 14455 14499 W System.err: Caused by: android.system.ErrnoException: open failed: ENOENT (No such file or directory)
01-05 12:12:51.498 14455 14499 W System.err: at libcore.io.Linux.open(Native Method)
01-05 12:12:51.498 14455 14499 W System.err: at libcore.io.ForwardingOs.open(ForwardingOs.java:563)
01-05 12:12:51.498 14455 14499 W System.err: at libcore.io.BlockGuardOs.open(BlockGuardOs.java:274)
01-05 12:12:51.498 14455 14499 W System.err: at libcore.io.ForwardingOs.open(ForwardingOs.java:563)
01-05 12:12:51.498 14455 14499 W System.err: at android.app.ActivityThread$AndroidOs.open(ActivityThread.java:8288)
01-05 12:12:51.498 14455 14499 W System.err: at libcore.io.IoBridge.open(IoBridge.java:560)
01-05 12:12:51.498 14455 14499 W System.err: ... 16 more
01-05 12:12:51.498 14455 14499 W ConfigManager: loadLocalConfig:
01-05 12:12:51.498 14455 14499 W ConfigManager: java.lang.NullPointerException: Attempt to get length of null array
01-05 12:12:51.498 14455 14499 W ConfigManager: at java.lang.StringFactory.newStringFromBytes(StringFactory.java:79)
01-05 12:12:51.498 14455 14499 W ConfigManager: at com.lightcone.utils.EncryptShaderUtil.getShaderFromFullPath(EncryptShaderUtil.java: 2)
01-05 12:12:51.498 14455 14499 W ConfigManager: at d.c.i.f.c.f(ConfigManager.java:1)
01-05 12:12:51.498 14455 14499 W ConfigManager: at d.c.i.f.c.g(ConfigManager.java:4)
01-05 12:12:51.498 14455 14499 W ConfigManager: at d.c.i.d.b.h.a(QualcommBoard.java:3)
01-05 12:12:51.498 14455 14499 W ConfigManager: at d.c.i.b.a(DeviceInfoModule.java:18)
01-05 12:12:51.498 14455 14499 W ConfigManager: at d.c.d.m.t0.e(DeviceConfigManger.java:4)
01-05 12:12:51.498 14455 14499 W ConfigManager: at com.lightcone.beautycam.app.MyApplication.a(MyApplication.java:25)
01-05 12:12:51.498 14455 14499 W ConfigManager: at com.lightcone.beautycam.app.MyApplication.c(MyApplication.java:1)
01-05 12:12:51.498 14455 14499 W ConfigManager: at d.c.d.d.c.run(Unknown Source:2)
01-05 12:12:51.498 14455 14499 W ConfigManager: at java.util.concurrent.ThreadPoolExecutor.runWorker(ThreadPoolExecutor.java:1145)
01-05 12:12:51.498 14455 14499 W ConfigManager: at java.util.concurrent.ThreadPoolExecutor$Worker.run(ThreadPoolExecutor.java:644)
01-05 12:12:51.498 14455 14499 W ConfigManager: at d.c.d.e.a.d$a.run(PriorityThreadFactory.java:4)
01-05 12:12:51.498 14455 14499 W ConfigManager: at java.lang.Thread.run(Thread.java:1012)
01-05 12:12:51.507 14455 14506 D TrafficStats: tagSocket(115) with statsTag=0xffffffff, statsUid=-1
01-05 12:12:51.514 14455 14503 I FA : App measurement initialized, version: 82048
01-05 12:12:51.514 14455 14503 I FA : To enable debug logging run: adb shell setprop log.tag.FA VERBOSE
01-05 12:12:51.514 14455 14503 I FA : To enable faster debug mode event logging run:
01-05 12:12:51.514 14455 14503 I FA : adb shell setprop debug.firebase.analytics.app com.accarunit.beauty.camera.videocall
01-05 12:12:51.576 14455 14455 W libc : Access denied finding property "ro.vendor.df.effect.conflict"
01-05 12:12:51.582 14455 14455 D IS_CTS_MODE: false
01-05 12:12:51.582 14455 14455 D MULTI_WINDOW_ENABLED: false
01-05 12:12:51.584 14455 14455 D DecorView[]: getWindowModeFromSystem windowmode is 1
01-05 12:12:51.596 14455 14503 I FA : Tag Manager is not found and thus will not be used
01-05 12:12:51.615 14455 14455 D DecorView[]: getWindowModeFromSystem windowmode is 1
01-05 12:12:51.615 14455 14455 D DecorView[]: updateDecorCaptionStatus windowMode is 1 --------- beginning of system
01-05 12:12:51.619 14455 14455 W Looper : PerfMonitor looperActivity : package=com.accarunit.beauty.camera.videocall/com.lightcone.beautycam.activity.Spla shActivity time=0ms latency=436ms procState=-1 historyMsgCount=3 (msgIndex=2 wall=285ms seq=2 late=11ms h=android.app.ActivityThread$H w=110) (msgIndex=3 wall=148ms seq=3 late=288ms h=android.app.ActivityThread$H w=159)
01-05 12:12:51.626 14455 14455 D FramePredict: FramePredict init: false
01-05 12:12:51.629 14455 14455 D DecorView[SplashActivity]: getWindowModeFromSystem windowmode is 1
01-05 12:12:51.629 14455 14455 D DecorView[SplashActivity]: updateDecorCaptionStatus windowMode is 1
01-05 12:12:51.646 14455 14500 I AdrenoGLES-0: QUALCOMM build : 43fc279f3a, I58833f8ed4
01-05 12:12:51.646 14455 14500 I AdrenoGLES-0: Build Date : 03/24/23
01-05 12:12:51.646 14455 14500 I AdrenoGLES-0: OpenGL ES Shader Compiler Version: EV031.32.02.17
01-05 12:12:51.646 14455 14500 I AdrenoGLES-0: Local Branch :
01-05 12:12:51.646 14455 14500 I AdrenoGLES-0: Remote Branch :
01-05 12:12:51.646 14455 14500 I AdrenoGLES-0: Remote Branch :
01-05 12:12:51.646 14455 14500 I AdrenoGLES-0: Reconstruct Branch :
01-05 12:12:51.646 14455 14500 I AdrenoGLES-0: Build Config : S P 10.0.7 AArch64
01-05 12:12:51.646 14455 14500 I AdrenoGLES-0: Driver Path : /vendor/lib64/egl/libGLESv2_adreno.so
01-05 12:12:51.648 14455 14455 D VRI[SplashActivity]: vri.reportNextDraw android.view.ViewRootImpl.performTraversals:3878 android.view.ViewRootImpl.doTraversal:2610 android.view.ViewRootImpl$TraversalRunnable.run:9619 android.view.Choreographer$CallbackRecord.run:1491 android.view.Choreographer$CallbackRecord.run:1499
01-05 12:12:51.648 14455 14455 D VRI[SplashActivity]: vri.Setup new sync id=0 syncSeqId=0
01-05 12:12:51.651 14455 14500 I AdrenoGLES-0: PFP: 0x016ee197, ME: 0x00000000
01-05 12:12:51.664 14455 14500 W libc : Access denied finding property "vendor.migl.debug"
01-05 12:12:51.668 14455 14500 E libEGL : pre_cache appList: ,,,
01-05 12:12:51.674 14455 14500 D amera.videocall: MiuiProcessManagerServiceStub setSchedFifo
01-05 12:12:51.674 14455 14500 I MiuiProcessManagerImpl: setSchedFifo pid:14455, mode:3
01-05 12:12:51.686 14455 14500 E LB : fail to open file: No such file or directory
01-05 12:12:51.686 14455 14500 E LB : fail to open node: No such file or directory
01-05 12:12:51.688 14455 14500 E perf_hint: Session creation failed, mPreferredRateNanos: -1
01-05 12:12:51.689 14455 14455 D VRI[SplashActivity]: vri.reportDrawFinished syncSeqId=0 android.view.ViewRootImpl.lambda$createSyncIfNeeded$4$android-view- ViewRootImpl:3946 android.view.ViewRootImpl$$ExternalSyntheticLambda1.run:6 android.os.Handler.handleCallback:942 android.os.Handler.dispatchMessage:99 android.os.Looper.loopOnce:211
01-05 12:12:51.696 14455 14455 D VRI[SplashActivity]: vri.reportNextDraw android.view.ViewRootImpl.handleResized:1982 android.view.ViewRootImpl.-$ $Nest$mhandleResized:0 android.view.ViewRootImpl$ViewRootHandler.handleMessageImpl:6000 android.view.ViewRootImpl$ViewRootHandler.handleMessage:5969 android.os.Handler.dispatchMessage:106
01-05 12:12:51.710 14455 14455 D VRI[SplashActivity]: vri.Setup new sync id=1 syncSeqId=0
01-05 12:12:51.714 14455 14455 D VRI[SplashActivity]: vri.reportDrawFinished syncSeqId=0 android.view.ViewRootImpl.lambda$createSyncIfNeeded$4$android-view- ViewRootImpl:3946 android.view.ViewRootImpl$$ExternalSyntheticLambda1.run:6 android.os.Handler.handleCallback:942 android.os.Handler.dispatchMessage:99 android.os.Looper.loopOnce:211
01-05 12:12:51.715 14455 14455 D DecorView[SplashActivity]: onWindowFocusChanged hasWindowFocus true
01-05 12:12:51.715 14455 14455 I HandWritingStubImpl: refreshLastKeyboardType: 1
01-05 12:12:51.716 14455 14455 I HandWritingStubImpl: getCurrentKeyboardType: 1
01-05 12:12:51.732 14455 14455 I HandWritingStubImpl: getCurrentKeyboardType: 1
01-05 12:12:53.601 14455 14455 I MMKV : <MMKV_IO.cpp:81::loadFromFile> loading [KEY_SETTING_STATUS] with 0 actual size, file size 4096, InterProcess 0, meta info version:1
01-05 12:12:53.601 14455 14455 I MMKV : <MMKV_IO.cpp:130::loadFromFile> loaded [KEY_SETTING_STATUS] with 0 key-values
01-05 12:12:53.653 14455 14455 D MiuiMultiWindowAdapter: MiuiMultiWindowAdapter::getFreeformVideoWhiteListInSystem::LIST_ABOUT_SUPPORT_LANDS CAPE_VIDEO = [com.hunantv.imgo.activity, com.tencent.qqlive, com.qiyi.video, com.hunantv.imgo.activity.inter, com.tencent.qqlivei18n, com.iqiyi.i18n, tv.danmaku.bili]
01-05 12:12:53.692 13165 14427 D SystemCallProvider: call: VM, Bundle[mParcelledData.dataSize=84]
01-05 12:12:53.693 14455 14455 D BlackBoxCore: getService: package_manager, android.os.BinderProxy@1e96ad2
01-05 12:12:53.718 14455 14455 D IS_CTS_MODE: false
01-05 12:12:53.718 14455 14455 D MULTI_WINDOW_ENABLED: false
01-05 12:12:53.719 14455 14455 D DecorView[]: getWindowModeFromSystem windowmode is 1
01-05 12:12:53.764 14455 14455 D VRI[WhatsappDirectStartActivity]: vri.reportNextDraw android.view.ViewRootImpl.performTraversals:3878 android.view.ViewRootImpl.doTraversal:2610 android.view.ViewRootImpl$TraversalRunnable.run:9619 android.view.Choreographer$CallbackRecord.run:1491 android.view.Choreographer$CallbackRecord.run:1499
01-05 12:12:53.764 14455 14455 D VRI[WhatsappDirectStartActivity]: vri.Setup new sync id=0 syncSeqId=0
01-05 12:12:53.770 14455 14500 E perf_hint: Session creation failed, mPreferredRateNanos: -1
01-05 12:12:53.770 14455 14455 D VRI[WhatsappDirectStartActivity]: vri.reportDrawFinished syncSeqId=0 android.view.ViewRootImpl.lambda$createSyncIfNeeded$4$android-view- ViewRootImpl:3946 android.view.ViewRootImpl$$ExternalSyntheticLambda1.run:6 android.os.Handler.handleCallback:942 android.os.Handler.dispatchMessage:99 android.os.Looper.loopOnce:211
01-05 12:12:53.771 14455 14455 D DecorView[SplashActivity]: onWindowFocusChanged hasWindowFocus false
01-05 12:12:53.772 14455 14455 D MiuiMultiWindowAdapter: MiuiMultiWindowAdapter::getFreeformVideoWhiteListInSystem::LIST_ABOUT_SUPPORT_LANDS CAPE_VIDEO = [com.hunantv.imgo.activity, com.tencent.qqlive, com.qiyi.video, com.hunantv.imgo.activity.inter, com.tencent.qqlivei18n, com.iqiyi.i18n, tv.danmaku.bili]
01-05 12:12:53.780 14455 14455 W IconCustomizer: getCustomizedIconW 122
01-05 12:12:53.789 14455 14455 D IS_CTS_MODE: false
01-05 12:12:53.789 14455 14455 D MULTI_WINDOW_ENABLED: false
01-05 12:12:53.790 14455 14455 D DecorView[]: getWindowModeFromSystem windowmode is 1
01-05 12:12:53.792 13165 13177 D SystemCallProvider: call: VM, Bundle[mParcelledData.dataSize=88]
01-05 12:12:53.792 14455 14569 D BlackBoxCore: getService: activity_manager, android.os.BinderProxy@9180c65
01-05 12:12:53.818 14455 14455 D VRI[LauncherActivity]: vri.reportNextDraw android.view.ViewRootImpl.performTraversals:3878 android.view.ViewRootImpl.doTraversal:2610 android.view.ViewRootImpl$TraversalRunnable.run:9619 android.view.Choreographer$CallbackRecord.run:1491 android.view.Choreographer$CallbackRecord.run:1499
01-05 12:12:53.818 14455 14455 D VRI[LauncherActivity]: vri.Setup new sync id=0 syncSeqId=0
01-05 12:12:53.825 14455 14500 E perf_hint: Session creation failed, mPreferredRateNanos: -1
01-05 12:12:53.835 14455 14455 D VRI[LauncherActivity]: vri.reportDrawFinished syncSeqId=0 android.view.ViewRootImpl.lambda$createSyncIfNeeded$4$android-view- ViewRootImpl:3946 android.view.ViewRootImpl$$ExternalSyntheticLambda1.run:6 android.os.Handler.handleCallback:942 android.os.Handler.dispatchMessage:99 android.os.Looper.loopOnce:211
01-05 12:12:53.838 14455 14455 D VRI[LauncherActivity]: vri.reportNextDraw android.view.ViewRootImpl.handleResized:1982 android.view.ViewRootImpl.-$ $Nest$mhandleResized:0 android.view.ViewRootImpl$ViewRootHandler.handleMessageImpl:6000 android.view.ViewRootImpl$ViewRootHandler.handleMessage:5969 android.os.Handler.dispatchMessage:106
01-05 12:12:53.847 14455 14455 D VRI[LauncherActivity]: vri.Setup new sync id=1 syncSeqId=0
01-05 12:12:53.848 14455 14455 D VRI[LauncherActivity]: vri.reportDrawFinished syncSeqId=0 android.view.ViewRootImpl.lambda$createSyncIfNeeded$4$android-view- ViewRootImpl:3946 android.view.ViewRootImpl$$ExternalSyntheticLambda1.run:6 android.os.Handler.handleCallback:942 android.os.Handler.dispatchMessage:99 android.os.Looper.loopOnce:211
01-05 12:12:53.861 14455 14455 D DecorView[]: onWindowFocusChanged hasWindowFocus true
01-05 12:12:53.861 14455 14455 I HandWritingStubImpl: refreshLastKeyboardType: 1
01-05 12:12:53.861 14455 14455 I HandWritingStubImpl: getCurrentKeyboardType: 1
01-05 12:12:54.016 14455 14506 E ConfigManager: loadServerConfig:
01-05 12:12:54.016 14455 14506 E ConfigManager: com.fasterxml.jackson.core.JsonParseException: Unexpected character ('<' (code 60)): expected a valid value (number, String, array, object, 'true', 'false' or 'null')
01-05 12:12:54.016 14455 14506 E ConfigManager: at [Source: <html>
01-05 12:12:54.016 14455 14506 E ConfigManager: <head><title>404 Not Found</title></head>
01-05 12:12:54.016 14455 14506 E ConfigManager: <body bgcolor="white">
01-05 12:12:54.016 14455 14506 E ConfigManager: <center><h1>404 Not Found</h1></center>
01-05 12:12:54.016 14455 14506 E ConfigManager: <hr><center>nginx</center>
01-05 12:12:54.016 14455 14506 E ConfigManager: </body>
01-05 12:12:54.016 14455 14506 E ConfigManager: </html>
01-05 12:12:54.016 14455 14506 E ConfigManager: ; line: 1, column: 2]
01-05 12:12:54.016 14455 14506 E ConfigManager: at com.fasterxml.jackson.core.JsonParser._constructError(JsonParser.java:1)
01-05 12:12:54.016 14455 14506 E ConfigManager: at com.fasterxml.jackson.core.base.ParserMinimalBase._reportError(ParserMinimalBase.ja va:1)
01-05 12:12:54.016 14455 14506 E ConfigManager: at com.fasterxml.jackson.core.base.ParserMinimalBase._reportUnexpectedChar(ParserMinim alBase.java:4)
01-05 12:12:54.016 14455 14506 E ConfigManager: at com.fasterxml.jackson.core.json.ReaderBasedJsonParser._handleOddValue(ReaderBasedJs onParser.java:21)
01-05 12:12:54.016 14455 14506 E ConfigManager: at com.fasterxml.jackson.core.json.ReaderBasedJsonParser.nextToken(ReaderBasedJsonPars er.java:29)
01-05 12:12:54.016 14455 14506 E ConfigManager: at com.fasterxml.jackson.databind.ObjectMapper._initForReading(ObjectMapper.java:3)
01-05 12:12:54.016 14455 14506 E ConfigManager: at com.fasterxml.jackson.databind.ObjectMapper._readMapAndClose(ObjectMapper.java:1)
01-05 12:12:54.016 14455 14506 E ConfigManager: at com.fasterxml.jackson.databind.ObjectMapper.readValue(ObjectMapper.java:12)
01-05 12:12:54.016 14455 14506 E ConfigManager: at d.c.i.g.b.a(JsonUtil.java:2)
01-05 12:12:54.016 14455 14506 E ConfigManager: at d.c.i.f.c.c(ConfigManager.java:3)
01-05 12:12:54.016 14455 14506 E ConfigManager: at d.c.i.f.a.a(Unknown Source:6)
01-05 12:12:54.016 14455 14506 E ConfigManager: at d.c.i.e.b.onResponse(HttpUtil.java:14)
01-05 12:12:54.016 14455 14506 E ConfigManager: at okhttp3.RealCall$AsyncCall.execute(RealCall.java:4)
01-05 12:12:54.016 14455 14506 E ConfigManager: at okhttp3.internal.NamedRunnable.run(NamedRunnable.java:3)
01-05 12:12:54.016 14455 14506 E ConfigManager: at java.util.concurrent.ThreadPoolExecutor.runWorker(ThreadPoolExecutor.java:1145)
01-05 12:12:54.016 14455 14506 E ConfigManager: at java.util.concurrent.ThreadPoolExecutor$Worker.run(ThreadPoolExecutor.java:644)
01-05 12:12:54.016 14455 14506 E ConfigManager: at java.lang.Thread.run(Thread.java:1012)
01-05 12:12:55.788 14455 14455 D MiuiMultiWindowAdapter: MiuiMultiWindowAdapter::getFreeformVideoWhiteListInSystem::LIST_ABOUT_SUPPORT_LANDS CAPE_VIDEO = [com.hunantv.imgo.activity, com.tencent.qqlive, com.qiyi.video, com.hunantv.imgo.activity.inter, com.tencent.qqlivei18n, com.iqiyi.i18n, tv.danmaku.bili]
01-05 12:12:55.799 14455 14455 D IS_CTS_MODE: false
01-05 12:12:55.799 14455 14455 D MULTI_WINDOW_ENABLED: false
01-05 12:12:55.800 14455 14455 D DecorView[]: getWindowModeFromSystem windowmode is 1
01-05 12:12:55.940 14455 14455 D CompatibilityChangeReporter: Compat change id reported: 210923482; UID 10481; state: DISABLED
01-05 12:12:55.940 14455 14455 D CompatibilityChangeReporter: Compat change id reported: 37756858; UID 10481; state: ENABLED
01-05 12:12:55.984 14455 14455 I MMKV : <MMKV_IO.cpp:81::loadFromFile> loading [Flag] with 0 actual size, file size 4096, InterProcess 0, meta info version:1
01-05 12:12:55.984 14455 14455 I MMKV : <MMKV_IO.cpp:130::loadFromFile> loaded [Flag] with 0 key-values
01-05 12:12:55.986 14455 14455 I MMKV : <MMKV_IO.cpp:81::loadFromFile> loading [rate_us] with 70 actual size, file size 4096, InterProcess 0, meta info version:3
01-05 12:12:55.986 14455 14455 I MMKV : <MMKV_IO.cpp:86::loadFromFile> loading [rate_us] with crc 3185087582 sequence 1 version 3
01-05 12:12:55.986 14455 14455 I MMKV : <MMKV_IO.cpp:130::loadFromFile> loaded [rate_us] with 2 key-values
01-05 12:12:55.989 14455 14455 D DecorView[]: getWindowModeFromSystem windowmode is 1
01-05 12:12:55.989 14455 14455 D DecorView[]: updateDecorCaptionStatus windowMode is 1
01-05 12:12:56.081 14455 14455 D VRI[MainActivity]: vri.reportNextDraw android.view.ViewRootImpl.performTraversals:3878 android.view.ViewRootImpl.doTraversal:2610 android.view.ViewRootImpl$TraversalRunnable.run:9619 android.view.Choreographer$CallbackRecord.run:1491 android.view.Choreographer$CallbackRecord.run:1499
01-05 12:12:56.081 14455 14455 D SurfaceView: UPDATE null, mIsCastMode = false
01-05 12:12:56.087 14455 14455 V MediaPlayer: resetDrmState: mDrmInfo=null mDrmProvisioningThread=null mPrepareDrmInProgress=false mActiveDrmScheme=false
01-05 12:12:56.087 14455 14455 V MediaPlayer: cleanDrmObj: mDrmObj=null mDrmSessionId=null
01-05 12:12:56.098 14455 14455 D VRI[MainActivity]: vri.Setup new sync id=0 syncSeqId=0
01-05 12:12:56.098 14455 14455 E SurfaceSyncer: Failed to find sync for id=0
01-05 12:12:56.098 14455 14455 D SurfaceView: UPDATE Surface(name=SurfaceView[com.accarunit.beauty.camera.videocall/com.lightcone.beauty cam.activity.MainActivity])/@0x33bf532, mIsProjectionMode = false
01-05 12:12:56.098 14455 14455 D SurfaceControl: nativeSetScreenProjection ===> setScreenProjection
01-05 12:12:56.099 14455 14455 D SurfaceControl: nativeSetScreenProjection ===> setScreenProjection
01-05 12:12:56.099 14455 14455 D SurfaceControl: nativeSetScreenProjection ===> setScreenProjection
01-05 12:12:56.107 14455 14500 E perf_hint: Session creation failed, mPreferredRateNanos: -1
01-05 12:12:56.108 14455 14455 D VRI[MainActivity]: vri.reportDrawFinished syncSeqId=0 android.view.ViewRootImpl.lambda$createSyncIfNeeded$4$android-view- ViewRootImpl:3946 android.view.ViewRootImpl$$ExternalSyntheticLambda1.run:6 android.os.Handler.handleCallback:942 android.os.Handler.dispatchMessage:99 android.os.Looper.loopOnce:211
01-05 12:12:56.108 14455 14455 D DecorView[]: onWindowFocusChanged hasWindowFocus false
01-05 12:12:56.122 14455 14455 D VRI[MainActivity]: vri.reportNextDraw android.view.ViewRootImpl.handleResized:1982 android.view.ViewRootImpl.-$ $Nest$mhandleResized:0 android.view.ViewRootImpl$ViewRootHandler.handleMessageImpl:6000 android.view.ViewRootImpl$ViewRootHandler.handleMessage:5969 android.os.Handler.dispatchMessage:106
01-05 12:12:56.127 14455 14455 D VRI[MainActivity]: vri.Setup new sync id=1 syncSeqId=0
01-05 12:12:56.127 14455 14455 E SurfaceSyncer: Failed to find sync for id=0
01-05 12:12:56.127 14455 14455 E SurfaceSyncer: Failed to find sync for id=1
01-05 12:12:56.139 14455 14455 D VRI[MainActivity]: vri.reportDrawFinished syncSeqId=0 android.view.ViewRootImpl.lambda$createSyncIfNeeded$4$android-view- ViewRootImpl:3946 android.view.ViewRootImpl$$ExternalSyntheticLambda1.run:6 android.os.Handler.handleCallback:942 android.os.Handler.dispatchMessage:99 android.os.Looper.loopOnce:211
01-05 12:12:56.145 14455 14455 D DecorView[]: onWindowFocusChanged hasWindowFocus true
01-05 12:12:56.145 14455 14455 I HandWritingStubImpl: refreshLastKeyboardType: 1
01-05 12:12:56.145 14455 14455 I HandWritingStubImpl: getCurrentKeyboardType: 1
01-05 12:12:56.248 14455 14471 W MediaPlayerNative: info/warning (3, 0)
01-05 12:12:56.983 14455 14455 E MainActivity: onBannerTimerProcess: false
01-05 12:12:57.983 14455 14455 E MainActivity: onBannerTimerProcess: false
01-05 12:12:58.903 14455 14455 W MirrorManager: this model don't Support
01-05 12:12:59.005 14455 14455 E MainActivity: onBannerTimerProcess: false
01-05 12:12:59.044 14455 14455 D DecorView[]: onWindowFocusChanged hasWindowFocus false
01-05 12:12:59.985 14455 14455 E MainActivity: onBannerTimerProcess: false
01-05 12:13:00.716 14455 14455 D CompatibilityChangeReporter: Compat change id reported: 78294732; UID 10481; state: DISABLED
01-05 12:13:00.833 14455 14455 D DecorView[]: onWindowFocusChanged hasWindowFocus true
01-05 12:13:00.833 14455 14455 I HandWritingStubImpl: refreshLastKeyboardType: 1
01-05 12:13:00.833 14455 14455 I HandWritingStubImpl: getCurrentKeyboardType: 1
01-05 12:13:00.845 14455 14455 D DecorView[]: onWindowFocusChanged hasWindowFocus false
01-05 12:13:00.984 14455 14455 E MainActivity: onBannerTimerProcess: false
01-05 12:13:01.741 14455 14466 W amera.videocall: Cleared Reference was only reachable from finalizer (only reported once)
01-05 12:13:01.767 14455 14455 D DecorView[]: onWindowFocusChanged hasWindowFocus true
01-05 12:13:01.767 14455 14455 I HandWritingStubImpl: refreshLastKeyboardType: 1
01-05 12:13:01.767 14455 14455 I HandWritingStubImpl: getCurrentKeyboardType: 1
01-05 12:13:01.773 14455 14455 D MiuiMultiWindowAdapter: MiuiMultiWindowAdapter::getFreeformVideoWhiteListInSystem::LIST_ABOUT_SUPPORT_LANDS CAPE_VIDEO = [com.hunantv.imgo.activity, com.tencent.qqlive, com.qiyi.video, com.hunantv.imgo.activity.inter, com.tencent.qqlivei18n, com.iqiyi.i18n, tv.danmaku.bili]
01-05 12:13:01.782 14455 14455 I [LiveEventBus]: broadcast: com.lightcone.beautycam.viewmodel.event.DetectFaceEvent@998925a foreground: false with key: class com.lightcone.beautycam.viewmodel.event.DetectFaceEvent
01-05 12:13:01.784 14455 14455 I [LiveEventBus]: broadcast: com.lightcone.beautycam.viewmodel.event.DisableRenderEvent@14fb981 foreground: false with key: class com.lightcone.beautycam.viewmodel.event.DisableRenderEvent
01-05 12:13:01.788 14455 14455 I [LiveEventBus]: broadcast: com.lightcone.beautycam.viewmodel.event.DisableRenderEvent@3be1b5f foreground: false with key: class com.lightcone.beautycam.viewmodel.event.DisableRenderEvent
01-05 12:13:01.789 14455 14455 I [LiveEventBus]: broadcast: com.lightcone.beautycam.viewmodel.event.DisableRenderEvent@ec2c9ac foreground: false with key: class com.lightcone.beautycam.viewmodel.event.DisableRenderEvent
01-05 12:13:01.789 14455 14455 I [LiveEventBus]: broadcast: com.lightcone.beautycam.viewmodel.event.DisableRenderEvent@96a7675 foreground: false with key: class com.lightcone.beautycam.viewmodel.event.DisableRenderEvent
01-05 12:13:01.795 14455 14455 D IS_CTS_MODE: false
01-05 12:13:01.795 14455 14455 D MULTI_WINDOW_ENABLED: false
01-05 12:13:01.796 14455 14455 D DecorView[]: getWindowModeFromSystem windowmode is 1
01-05 12:13:01.826 14455 14455 I [LiveEventBus]: broadcast: com.lightcone.beautycam.viewmodel.event.SelectedEffectGroupEvent@b649c4b foreground: false with key: class com.lightcone.beautycam.viewmodel.event.SelectedEffectGroupEvent
01-05 12:13:01.829 14455 14455 I [LiveEventBus]: broadcast: com.lightcone.beautycam.viewmodel.event.SelectedShapeGroupEvent@39b4f41 foreground: false with key: class com.lightcone.beautycam.viewmodel.event.SelectedShapeGroupEvent
01-05 12:13:01.831 14455 14455 I [LiveEventBus]: broadcast: com.lightcone.beautycam.viewmodel.event.SelectedFilterGroupEvent@55eb227 foreground: false with key: class com.lightcone.beautycam.viewmodel.event.SelectedFilterGroupEvent
01-05 12:13:01.833 14455 14455 I [LiveEventBus]: broadcast: com.lightcone.beautycam.viewmodel.event.SelectedShapeEvent@98c9e7d foreground: false with key: class com.lightcone.beautycam.viewmodel.event.SelectedShapeEvent
01-05 12:13:01.834 14455 14455 I [LiveEventBus]: broadcast: com.lightcone.beautycam.viewmodel.event.ResourceDownloadEvent@afa49c3 foreground: false with key: class com.lightcone.beautycam.viewmodel.event.ResourceDownloadEvent
01-05 12:13:01.836 14455 14455 I [LiveEventBus]: broadcast: com.lightcone.beautycam.viewmodel.event.ResourceDownloadEvent@849a579 foreground: false with key: class com.lightcone.beautycam.viewmodel.event.ResourceDownloadEvent
01-05 12:13:01.836 14455 14455 I [LiveEventBus]: broadcast: com.lightcone.beautycam.viewmodel.event.ResourceDownloadEvent@c5c82be foreground: false with key: class com.lightcone.beautycam.viewmodel.event.ResourceDownloadEvent
01-05 12:13:01.837 14455 14455 I [LiveEventBus]: broadcast: com.lightcone.beautycam.viewmodel.event.ResourceDownloadEvent@2dbf1f foreground: false with key: class com.lightcone.beautycam.viewmodel.event.ResourceDownloadEvent
01-05 12:13:01.838 14455 14455 I [LiveEventBus]: post: com.lightcone.beautycam.viewmodel.event.SelectedShapeEvent@4b0026c with key: class com.lightcone.beautycam.viewmodel.event.SelectedShapeEvent
01-05 12:13:01.839 14455 14455 I [LiveEventBus]: observe sticky forever observer: com.jeremyliao.liveeventbus.core.LiveEventBusCore$ObserverWrapper@5263304(d.c.d.p.x .h1@b427317) with key: class com.lightcone.beautycam.viewmodel.event.SelectedTabChangeEvent
01-05 12:13:01.839 14455 14455 I [LiveEventBus]: observe sticky forever observer: com.jeremyliao.liveeventbus.core.LiveEventBusCore$ObserverWrapper@de720ed(d.c.d.p.x .h1@b427317) with key: class com.lightcone.beautycam.viewmodel.event.SelectedEffectGroupEvent
01-05 12:13:01.839 14455 14455 I [LiveEventBus]: observe sticky forever observer: com.jeremyliao.liveeventbus.core.LiveEventBusCore$ObserverWrapper@bbf6b22(d.c.d.p.x .h1@b427317) with key: class com.lightcone.beautycam.viewmodel.event.SelectedEffectEvent
01-05 12:13:01.839 14455 14455 I [LiveEventBus]: observe sticky forever observer: com.jeremyliao.liveeventbus.core.LiveEventBusCore$ObserverWrapper@17129b3(d.c.d.p.x .h1@b427317) with key: class com.lightcone.beautycam.viewmodel.event.SelectedBeautyEvent
01-05 12:13:01.839 14455 14455 I [LiveEventBus]: observe forever observer: com.jeremyliao.liveeventbus.core.LiveEventBusCore$ObserverWrapper@b557b70(d.c.d.p.x .h1@b427317) with key: class com.lightcone.beautycam.viewmodel.event.SelectedShapeGroupEvent
01-05 12:13:01.839 14455 14455 I [LiveEventBus]: observe forever observer: com.jeremyliao.liveeventbus.core.LiveEventBusCore$ObserverWrapper@7a1dee9(d.c.d.p.x .h1@b427317) with key: class com.lightcone.beautycam.viewmodel.event.SelectedShapeEvent
01-05 12:13:01.840 14455 14455 I [LiveEventBus]: observe sticky forever observer: com.jeremyliao.liveeventbus.core.LiveEventBusCore$ObserverWrapper@30d176e(d.c.d.p.x .h1@b427317) with key: class com.lightcone.beautycam.viewmodel.event.SelectedFilterEvent
01-05 12:13:01.886 14455 14455 W libc : Access denied finding property "qemu.hw.mainkeys"
01-05 12:13:01.889 14455 14455 I [LiveEventBus]: observe sticky forever observer: com.jeremyliao.liveeventbus.core.LiveEventBusCore$ObserverWrapper@60371d0(d.c.d.p.x .c2@49d7d93) with key: class com.lightcone.beautycam.viewmodel.event.RatioChangeEvent
01-05 12:13:01.889 14455 14455 I [LiveEventBus]: observe sticky forever observer: com.jeremyliao.liveeventbus.core.LiveEventBusCore$ObserverWrapper@35ce4ce(d.c.d.p.x .h2@30505c9) with key: class com.lightcone.beautycam.viewmodel.event.CameraRecordStateChangeEvent
01-05 12:13:01.889 14455 14455 I [LiveEventBus]: observe forever observer: com.jeremyliao.liveeventbus.core.LiveEventBusCore$ObserverWrapper@cf5dafc(d.c.d.p.x .a@1985fef) with key: class com.lightcone.beautycam.viewmodel.event.CameraModeChangeEvent
01-05 12:13:01.889 14455 14455 I [LiveEventBus]: observe forever observer: com.jeremyliao.liveeventbus.core.LiveEventBusCore$ObserverWrapper@5e67fda(d.c.d.p.x .f2@84f3585) with key: class com.lightcone.beautycam.viewmodel.event.CameraRecordStateChangeEvent
01-05 12:13:01.889 14455 14455 I [LiveEventBus]: observe forever observer: com.jeremyliao.liveeventbus.core.LiveEventBusCore$ObserverWrapper@443aae8(d.c.d.p.x .i2@ab50c0b) with key: class com.lightcone.beautycam.viewmodel.event.TotalVideoDurationChangeEvent
01-05 12:13:01.889 14455 14455 I [LiveEventBus]: observe forever observer: com.jeremyliao.liveeventbus.core.LiveEventBusCore$ObserverWrapper@fa65de7(d.c.d.p.x .g2@f3cbfa6) with key: class com.lightcone.beautycam.viewmodel.event.HighlightLastSegmentEvent
01-05 12:13:01.918 14455 14455 W libc : Access denied finding property "qemu.hw.mainkeys"
01-05 12:13:01.913 14455 14455 W amera.videocall: type=1400 audit(0.0:2301567): avc: denied { read } for name="u:object_r:qemu_hw_prop:s0" dev="tmpfs" ino=14567 scontext=u:r:untrusted_app_30:s0:c225,c257,c512,c768 tcontext=u:object_r:qemu_hw_prop:s0 tclass=file permissive=0 app=com.accarunit.beauty.camera.videocall
01-05 12:13:01.919 14455 14455 I [LiveEventBus]: observe forever observer: com.jeremyliao.liveeventbus.core.LiveEventBusCore$ObserverWrapper@9e2b7e1(d.c.d.p.x .b2@14ebd48) with key: class com.lightcone.beautycam.viewmodel.event.ShowRatioSubPanelEvent
01-05 12:13:01.919 14455 14455 I [LiveEventBus]: observe sticky forever observer: com.jeremyliao.liveeventbus.core.LiveEventBusCore$ObserverWrapper@2d8dbc7(d.c.d.p.x .e2@2950906) with key: class com.lightcone.beautycam.viewmodel.event.RatioChangeEvent
01-05 12:13:01.920 14455 14455 I [LiveEventBus]: observe sticky forever observer: com.jeremyliao.liveeventbus.core.LiveEventBusCore$ObserverWrapper@4f1f11d(d.c.d.p.x .y1@c3665f4) with key: class com.lightcone.beautycam.viewmodel.event.FlashModeChangeEvent
01-05 12:13:01.920 14455 14455 I [LiveEventBus]: observe forever observer: com.jeremyliao.liveeventbus.core.LiveEventBusCore$ObserverWrapper@47d6d63(d.c.d.p.x .b@be8af92) with key: class com.lightcone.beautycam.viewmodel.event.MediaTakenEvent
01-05 12:13:01.920 14455 14455 I [LiveEventBus]: observe forever observer: com.jeremyliao.liveeventbus.core.LiveEventBusCore$ObserverWrapper@dc18219(d.c.d.p.x .x1@e4ded60) with key: class com.lightcone.beautycam.viewmodel.event.CameraRecordStateChangeEvent
01-05 12:13:01.920 14455 14455 I [LiveEventBus]: observe forever observer: com.jeremyliao.liveeventbus.core.LiveEventBusCore$ObserverWrapper@64f7cbf(d.c.d.p.x .a2@95e32de) with key: class com.lightcone.beautycam.viewmodel.event.SelectedTabChangeEvent
01-05 12:13:01.920 14455 14455 I [LiveEventBus]: observe forever observer: com.jeremyliao.liveeventbus.core.LiveEventBusCore$ObserverWrapper@a5f26d5(d.c.d.b.f 3@2947f8c) with key: class com.lightcone.beautycam.viewmodel.event.ClickCloseBtnEvent
01-05 12:13:01.920 14455 14455 I [LiveEventBus]: observe forever observer: com.jeremyliao.liveeventbus.core.LiveEventBusCore$ObserverWrapper@f0925db(d.c.d.b.g @6169eea) with key: class com.lightcone.beautycam.viewmodel.event.ClickAlbumBtnEvent
01-05 12:13:01.920 14455 14455 I [LiveEventBus]: observe forever observer: com.jeremyliao.liveeventbus.core.LiveEventBusCore$ObserverWrapper@9f85b51(d.c.d.b.a 3@2d00878) with key: class com.lightcone.beautycam.viewmodel.event.ClickRatioSubPanelBtnEvent
01-05 12:13:01.920 14455 14455 I [LiveEventBus]: observe forever observer: com.jeremyliao.liveeventbus.core.LiveEventBusCore$ObserverWrapper@cea44b7(d.c.d.b.a @c37bfb6) with key: class com.lightcone.beautycam.viewmodel.event.SwitchCameraEvent
01-05 12:13:01.920 14455 14455 I [LiveEventBus]: observe forever observer: com.jeremyliao.liveeventbus.core.LiveEventBusCore$ObserverWrapper@7165b8d(d.c.d.b.d 3@d393424) with key: class com.lightcone.beautycam.viewmodel.event.RatioChangeEvent
01-05 12:13:01.921 14455 14455 I [LiveEventBus]: observe forever observer: com.jeremyliao.liveeventbus.core.LiveEventBusCore$ObserverWrapper@8547553(d.c.d.b.c 3@782142) with key: class com.lightcone.beautycam.viewmodel.event.FlashModeChangeEvent
01-05 12:13:01.921 14455 14455 I [LiveEventBus]: observe forever observer: com.jeremyliao.liveeventbus.core.LiveEventBusCore$ObserverWrapper@19a2389(d.c.d.b.e @8e76e90) with key: class com.lightcone.beautycam.viewmodel.event.SelectedTabChangeEvent
01-05 12:13:01.921 14455 14455 I [LiveEventBus]: observe forever observer: com.jeremyliao.liveeventbus.core.LiveEventBusCore$ObserverWrapper@42713af(d.c.d.b.g 3@a6b0f8e) with key: class com.lightcone.beautycam.viewmodel.event.CameraModeChangeEvent
01-05 12:13:01.921 14455 14455 I [LiveEventBus]: observe forever observer: com.jeremyliao.liveeventbus.core.LiveEventBusCore$ObserverWrapper@c786f45(d.c.d.b.m 1@4fce3bc) with key: class com.lightcone.beautycam.viewmodel.event.CameraRecordStateChangeEvent
01-05 12:13:01.921 14455 14455 I [LiveEventBus]: observe forever observer: com.jeremyliao.liveeventbus.core.LiveEventBusCore$ObserverWrapper@7db3bcb(d.c.d.b.o 1@58c969a) with key: class com.lightcone.beautycam.viewmodel.event.VideoSegmentListChangeEvent
01-05 12:13:01.921 14455 14455 I [LiveEventBus]: observe forever observer: com.jeremyliao.liveeventbus.core.LiveEventBusCore$ObserverWrapper@b35bac1(d.c.d.b.b 3@e927fa8) with key: class com.lightcone.beautycam.viewmodel.event.TotalVideoDurationChangeEvent
01-05 12:13:01.921 14455 14455 I [LiveEventBus]: observe forever observer: com.jeremyliao.liveeventbus.core.LiveEventBusCore$ObserverWrapper@f5fc9a7(d.c.d.b.d @70d8266) with key: class com.lightcone.beautycam.viewmodel.event.DetectFaceEvent
01-05 12:13:01.921 14455 14455 I [LiveEventBus]: observe forever observer: com.jeremyliao.liveeventbus.core.LiveEventBusCore$ObserverWrapper@b2241fd(d.c.d.b.x 2@963ee54) with key: class com.lightcone.beautycam.viewmodel.event.HighlightLastSegmentEvent
01-05 12:13:01.921 14455 14455 I [LiveEventBus]: observe forever observer: com.jeremyliao.liveeventbus.core.LiveEventBusCore$ObserverWrapper@cb55943(d.c.d.b.r @45f5ef2) with key: class com.lightcone.beautycam.viewmodel.event.ShowToastEvent
01-05 12:13:01.936 14455 14455 D DecorView[]: getWindowModeFromSystem windowmode is 1
01-05 12:13:01.936 14455 14455 D DecorView[]: updateDecorCaptionStatus windowMode is 1
01-05 12:13:01.941 14455 14455 I [LiveEventBus]: post: com.lightcone.beautycam.viewmodel.event.DetectFaceEvent@1ca7bab with key: class com.lightcone.beautycam.viewmodel.event.DetectFaceEvent
01-05 12:13:01.942 14455 14455 I [LiveEventBus]: message received: com.lightcone.beautycam.viewmodel.event.DetectFaceEvent@1ca7bab
01-05 12:13:01.943 14455 14455 I [LiveEventBus]: post: com.lightcone.beautycam.viewmodel.event.DisableRenderEvent@7e2bc6 with key: class com.lightcone.beautycam.viewmodel.event.DisableRenderEvent
01-05 12:13:01.943 14455 14455 I [LiveEventBus]: post: com.lightcone.beautycam.viewmodel.event.DisableRenderEvent@d3d26b4 with key: class com.lightcone.beautycam.viewmodel.event.DisableRenderEvent
01-05 12:13:01.944 14455 14455 I [LiveEventBus]: post: com.lightcone.beautycam.viewmodel.event.DisableRenderEvent@1213e52 with key: class com.lightcone.beautycam.viewmodel.event.DisableRenderEvent
01-05 12:13:01.944 14455 14455 I [LiveEventBus]: post: com.lightcone.beautycam.viewmodel.event.DisableRenderEvent@970ed9e with key: class com.lightcone.beautycam.viewmodel.event.DisableRenderEvent
01-05 12:13:01.945 14455 14455 I [LiveEventBus]: post: com.lightcone.beautycam.viewmodel.event.SelectedEffectGroupEvent@c1a984c with key: class com.lightcone.beautycam.viewmodel.event.SelectedEffectGroupEvent
01-05 12:13:01.945 14455 14455 I [LiveEventBus]: message received: com.lightcone.beautycam.viewmodel.event.SelectedEffectGroupEvent@c1a984c
01-05 12:13:01.947 14455 14455 I [LiveEventBus]: post: com.lightcone.beautycam.viewmodel.event.SelectedShapeGroupEvent@27a45aa with key: class com.lightcone.beautycam.viewmodel.event.SelectedShapeGroupEvent
01-05 12:13:01.947 14455 14455 I [LiveEventBus]: message received: com.lightcone.beautycam.viewmodel.event.SelectedShapeGroupEvent@27a45aa
01-05 12:13:01.951 14455 14455 I [LiveEventBus]: post: com.lightcone.beautycam.viewmodel.event.SelectedFilterGroupEvent@f7eed38 with key: class com.lightcone.beautycam.viewmodel.event.SelectedFilterGroupEvent
01-05 12:13:01.952 14455 14455 I [LiveEventBus]: post: com.lightcone.beautycam.viewmodel.event.SelectedShapeEvent@64f0077 with key: class com.lightcone.beautycam.viewmodel.event.SelectedShapeEvent
01-05 12:13:01.952 14455 14455 I [LiveEventBus]: message received: com.lightcone.beautycam.viewmodel.event.SelectedShapeEvent@64f0077
01-05 12:13:01.955 14455 14455 I [LiveEventBus]: post: com.lightcone.beautycam.viewmodel.event.ResourceDownloadEvent@9d8dd4d with key: class com.lightcone.beautycam.viewmodel.event.ResourceDownloadEvent
01-05 12:13:01.955 14455 14455 I [LiveEventBus]: post: com.lightcone.beautycam.viewmodel.event.ResourceDownloadEvent@7a92d13 with key: class com.lightcone.beautycam.viewmodel.event.ResourceDownloadEvent
01-05 12:13:01.955 14455 14455 I [LiveEventBus]: post: com.lightcone.beautycam.viewmodel.event.ResourceDownloadEvent@9630149 with key: class com.lightcone.beautycam.viewmodel.event.ResourceDownloadEvent
01-05 12:13:01.955 14455 14455 I [LiveEventBus]: post: com.lightcone.beautycam.viewmodel.event.ResourceDownloadEvent@e6f876f with key: class com.lightcone.beautycam.viewmodel.event.ResourceDownloadEvent
01-05 12:13:02.018 14455 14455 D DecorView[BeautyCameraActivity]: getWindowModeFromSystem windowmode is 1
01-05 12:13:02.018 14455 14455 D DecorView[BeautyCameraActivity]: updateDecorCaptionStatus windowMode is 1
01-05 12:13:02.065 14455 14455 D VRI[BeautyCameraActivity]: vri.reportNextDraw android.view.ViewRootImpl.performTraversals:3878 android.view.ViewRootImpl.doTraversal:2610 android.view.ViewRootImpl$TraversalRunnable.run:9619 android.view.Choreographer$CallbackRecord.run:1491 android.view.Choreographer$CallbackRecord.run:1499
01-05 12:13:02.065 14455 14455 D VRI[BeautyCameraActivity]: vri.Setup new sync id=0 syncSeqId=0
01-05 12:13:02.073 14455 14500 E perf_hint: Session creation failed, mPreferredRateNanos: -1
01-05 12:13:02.074 14455 14455 D VRI[BeautyCameraActivity]: vri.reportDrawFinished syncSeqId=0 android.view.ViewRootImpl.lambda$createSyncIfNeeded$4$android-view- ViewRootImpl:3946 android.view.ViewRootImpl$$ExternalSyntheticLambda1.run:6 android.os.Handler.handleCallback:942 android.os.Handler.dispatchMessage:99 android.os.Looper.loopOnce:211
01-05 12:13:02.074 14455 14455 I [LiveEventBus]: broadcast: com.lightcone.beautycam.viewmodel.event.FilterGroupListUpdateEvent@df20b30 foreground: false with key: class com.lightcone.beautycam.viewmodel.event.FilterGroupListUpdateEvent
01-05 12:13:02.097 14455 14455 I [LiveEventBus]: broadcast: com.lightcone.beautycam.viewmodel.event.FilterListUpdateEvent@9cd50cf foreground: false with key: class com.lightcone.beautycam.viewmodel.event.FilterListUpdateEvent
01-05 12:13:02.105 14455 14455 I [LiveEventBus]: broadcast: com.lightcone.beautycam.viewmodel.event.FavoriteFilterListUpdateEvent@cacc165 foreground: false with key: class com.lightcone.beautycam.viewmodel.event.FavoriteFilterListUpdateEvent
01-05 12:13:02.110 14455 14455 D DecorView[]: onWindowFocusChanged hasWindowFocus false
01-05 12:13:02.120 14455 14455 E MainActivity: onBannerTimerProcess: false
01-05 12:13:02.120 14455 14455 D VRI[BeautyCameraActivity]: vri.reportNextDraw android.view.ViewRootImpl.handleResized:1982 android.view.ViewRootImpl.-$ $Nest$mhandleResized:0 android.view.ViewRootImpl$ViewRootHandler.handleMessageImpl:6000 android.view.ViewRootImpl$ViewRootHandler.handleMessage:5969 android.os.Handler.dispatchMessage:106
01-05 12:13:02.121 14455 14455 D VRI[BeautyCameraActivity]: vri.reportNextDraw android.view.ViewRootImpl.handleResized:1982 android.view.ViewRootImpl.-$ $Nest$mhandleResized:0 android.view.ViewRootImpl$ViewRootHandler.handleMessageImpl:6000 android.view.ViewRootImpl$ViewRootHandler.handleMessage:5969 android.os.Handler.dispatchMessage:106
01-05 12:13:02.133 14455 14455 I [LiveEventBus]: post: com.lightcone.beautycam.viewmodel.event.FilterGroupListUpdateEvent@a5d0c63 with key: class com.lightcone.beautycam.viewmodel.event.FilterGroupListUpdateEvent
01-05 12:13:02.142 14455 14455 I [LiveEventBus]: post: com.lightcone.beautycam.viewmodel.event.FilterListUpdateEvent@a1fb919 with key: class com.lightcone.beautycam.viewmodel.event.FilterListUpdateEvent
01-05 12:13:02.144 14455 14455 I [LiveEventBus]: post: com.lightcone.beautycam.viewmodel.event.FavoriteFilterListUpdateEvent@40a0bbf with key: class com.lightcone.beautycam.viewmodel.event.FavoriteFilterListUpdateEvent
01-05 12:13:02.145 14455 14455 D DecorView[BeautyCameraActivity]: onWindowFocusChanged hasWindowFocus true
01-05 12:13:02.145 14455 14455 I HandWritingStubImpl: refreshLastKeyboardType: 1
01-05 12:13:02.145 14455 14455 I HandWritingStubImpl: getCurrentKeyboardType: 1
01-05 12:13:02.145 14455 14498 I MMKV : <MMKV_IO.cpp:81::loadFromFile> loading [debug_state] with 0 actual size, file size 4096, InterProcess 0, meta info version:0
01-05 12:13:02.145 14455 14498 I MMKV : <MMKV_IO.cpp:130::loadFromFile> loaded [debug_state] with 0 key-values
01-05 12:13:02.157 14455 14455 D SurfaceView: UPDATE null, mIsCastMode = false
01-05 12:13:02.161 14455 14455 D VRI[BeautyCameraActivity]: vri.Setup new sync id=1 syncSeqId=0
01-05 12:13:02.161 14455 14455 E SurfaceSyncer: Failed to find sync for id=0
01-05 12:13:02.161 14455 14455 D SurfaceView: UPDATE Surface(name=SurfaceView[com.accarunit.beauty.camera.videocall/com.lightcone.beauty cam.activity.BeautyCameraActivity])/@0x8398ab6, mIsProjectionMode = false
01-05 12:13:02.161 14455 14455 D SurfaceControl: nativeSetScreenProjection ===> setScreenProjection
01-05 12:13:02.161 14455 14455 D SurfaceControl: nativeSetScreenProjection ===> setScreenProjection
01-05 12:13:02.161 14455 14455 D SurfaceControl: nativeSetScreenProjection ===> setScreenProjection
01-05 12:13:02.166 14455 14631 D GLCore : EGLContext created, client version 3
01-05 12:13:02.166 14455 14455 D VRI[BeautyCameraActivity]: vri.reportDrawFinished syncSeqId=0 android.view.ViewRootImpl.lambda$createSyncIfNeeded$4$android-view- ViewRootImpl:3946 android.view.ViewRootImpl$$ExternalSyntheticLambda1.run:6 android.os.Handler.handleCallback:942 android.os.Handler.dispatchMessage:99 android.os.Looper.loopOnce:211
01-05 12:13:02.167 14455 14455 I [LiveEventBus]: post: com.lightcone.beautycam.viewmodel.event.EffectListUpdateEvent@787b3b7 with key: class com.lightcone.beautycam.viewmodel.event.EffectListUpdateEvent
01-05 12:13:02.167 14455 14455 I [LiveEventBus]: post: com.lightcone.beautycam.viewmodel.event.EffectGroupListUpdateEvent@46ee28d with key: class com.lightcone.beautycam.viewmodel.event.EffectGroupListUpdateEvent
01-05 12:13:02.167 14455 14455 I [LiveEventBus]: broadcast: com.lightcone.beautycam.viewmodel.event.FavoriteEffectListUpdateEvent@d9d453 foreground: false with key: class com.lightcone.beautycam.viewmodel.event.FavoriteEffectListUpdateEvent
01-05 12:13:02.171 14455 14631 D GLCore : EGLContext created, client version 3
01-05 12:13:02.180 14455 14455 I [LiveEventBus]: post: com.lightcone.beautycam.viewmodel.event.FavoriteEffectListUpdateEvent@77791c1 with key: class com.lightcone.beautycam.viewmodel.event.FavoriteEffectListUpdateEvent
01-05 12:13:02.180 14455 14455 I [LiveEventBus]: broadcast: com.lightcone.beautycam.viewmodel.event.BeautyIntensityUpdateEvent@fb6f8a7 foreground: false with key: class com.lightcone.beautycam.viewmodel.event.BeautyIntensityUpdateEvent
01-05 12:13:02.183 14455 14455 I [LiveEventBus]: broadcast: com.lightcone.beautycam.viewmodel.event.ShapeIntensityUpdateEvent@b8799f2 foreground: false with key: class com.lightcone.beautycam.viewmodel.event.ShapeIntensityUpdateEvent
01-05 12:13:02.185 14455 14633 I CameraManagerGlobal: Connecting to camera service
01-05 12:13:02.186 14455 14455 I [LiveEventBus]: post: com.lightcone.beautycam.viewmodel.event.SelectedShapeEvent@39cec0 with key: class com.lightcone.beautycam.viewmodel.event.SelectedShapeEvent
01-05 12:13:02.186 14455 14455 I [LiveEventBus]: message received: com.lightcone.beautycam.viewmodel.event.SelectedShapeEvent@39cec0
