01-05 12:13:41.975 14455 14631 E TAG : drawFace: texture ratio w: 0.59305555 ratio h: 0.50416666
01-05 12:13:41.980 14455 14631 D TAG : refreshParams: facetop: [0.0, 0.0]
01-05 12:13:41.980 14455 14631 D TAG : refreshParams: eyes_smiley: [0.0, 0.0]
01-05 12:13:41.980 14455 14631 D TAG : refreshParams: nose_bridge: [0.5, 0.5]
01-05 12:13:41.980 14455 14631 D TAG : refreshParams: nose_position: [0.5, 0.5]
01-05 12:13:42.030 14455 14631 E TAG : drawFace: rect ratio w: 0.5861111 ratio h: 0.49895835
01-05 12:13:42.030 14455 14631 E TAG : drawFace: texture ratio w: 0.5861111 ratio h: 0.49895832
01-05 12:13:42.040 14455 14631 D TAG : refreshParams: facetop: [0.0, 0.0]
01-05 12:13:42.040 14455 14631 D TAG : refreshParams: eyes_smiley: [0.0, 0.0]
01-05 12:13:42.040 14455 14631 D TAG : refreshParams: nose_bridge: [0.5, 0.5]
01-05 12:13:42.040 14455 14631 D TAG : refreshParams: nose_position: [0.5, 0.5]
01-05 12:13:42.080 14455 14631 E TAG : drawFace: rect ratio w: 0.5861111 ratio h: 0.50416666
01-05 12:13:42.080 14455 14631 E TAG : drawFace: texture ratio w: 0.5861111 ratio h: 0.50416666
01-05 12:13:42.085 14455 14631 D TAG : refreshParams: facetop: [0.0, 0.0]
01-05 12:13:42.085 14455 14631 D TAG : refreshParams: eyes_smiley: [0.0, 0.0]
01-05 12:13:42.085 14455 14631 D TAG : refreshParams: nose_bridge: [0.5, 0.5]
01-05 12:13:42.085 14455 14631 D TAG : refreshParams: nose_position: [0.5, 0.5]
01-05 12:13:42.133 14455 14631 E TAG : drawFace: rect ratio w: 0.59305555 ratio h: 0.50416666
01-05 12:13:42.133 14455 14631 E TAG : drawFace: texture ratio w: 0.59305555 ratio h: 0.50416666
01-05 12:13:42.137 14455 14631 D TAG : refreshParams: facetop: [0.0, 0.0]
01-05 12:13:42.137 14455 14631 D TAG : refreshParams: eyes_smiley: [0.0, 0.0]
01-05 12:13:42.137 14455 14631 D TAG : refreshParams: nose_bridge: [0.5, 0.5]
01-05 12:13:42.137 14455 14631 D TAG : refreshParams: nose_position: [0.5, 0.5]
01-05 12:13:42.184 14455 14631 E TAG : drawFace: rect ratio w: 0.58611107 ratio h: 0.50416666
01-05 12:13:42.185 14455 14631 E TAG : drawFace: texture ratio w: 0.5847222 ratio h: 0.50416666
01-05 12:13:42.190 14455 14631 D TAG : refreshParams: facetop: [0.0, 0.0]
01-05 12:13:42.190 14455 14631 D TAG : refreshParams: eyes_smiley: [0.0, 0.0]
01-05 12:13:42.190 14455 14631 D TAG : refreshParams: nose_bridge: [0.5, 0.5]
01-05 12:13:42.190 14455 14631 D TAG : refreshParams: nose_position: [0.5, 0.5]
01-05 12:13:42.238 14455 14631 E TAG : drawFace: rect ratio w: 0.5930556 ratio h: 0.50416666
01-05 12:13:42.238 14455 14631 E TAG : drawFace: texture ratio w: 0.59305555 ratio h: 0.50416666
01-05 12:13:42.242 14455 14631 D TAG : refreshParams: facetop: [0.0, 0.0]
01-05 12:13:42.242 14455 14631 D TAG : refreshParams: eyes_smiley: [0.0, 0.0]
01-05 12:13:42.242 14455 14631 D TAG : refreshParams: nose_bridge: [0.5, 0.5]
01-05 12:13:42.242 14455 14631 D TAG : refreshParams: nose_position: [0.5, 0.5]
01-05 12:13:42.292 14455 14631 E TAG : drawFace: rect ratio w: 0.58611107 ratio h: 0.50416666
01-05 12:13:42.292 14455 14631 E TAG : drawFace: texture ratio w: 0.5847222 ratio h: 0.50416666
01-05 12:13:42.306 14455 14631 D TAG : refreshParams: facetop: [0.0, 0.0]
01-05 12:13:42.306 14455 14631 D TAG : refreshParams: eyes_smiley: [0.0, 0.0]
01-05 12:13:42.306 14455 14631 D TAG : refreshParams: nose_bridge: [0.5, 0.5]
01-05 12:13:42.306 14455 14631 D TAG : refreshParams: nose_position: [0.5, 0.5]
01-05 12:13:42.364 14455 14631 E TAG : drawFace: rect ratio w: 0.59305555 ratio h: 0.5104166
01-05 12:13:42.365 14455 14631 E TAG : drawFace: texture ratio w: 0.59305555 ratio h: 0.509375
01-05 12:13:42.387 14455 14631 D TAG : refreshParams: facetop: [0.0, 0.0]
01-05 12:13:42.388 14455 14631 D TAG : refreshParams: eyes_smiley: [0.0, 0.0]
01-05 12:13:42.388 14455 14631 D TAG : refreshParams: nose_bridge: [0.5, 0.5]
01-05 12:13:42.388 14455 14631 D TAG : refreshParams: nose_position: [0.5, 0.5]
01-05 12:13:42.450 14455 14631 E TAG : drawFace: rect ratio w: 0.59305555 ratio h: 0.5104166
01-05 12:13:42.450 14455 14631 E TAG : drawFace: texture ratio w: 0.59305555 ratio h: 0.509375
01-05 12:13:42.464 14455 14631 D TAG : refreshParams: facetop: [0.0, 0.0]
01-05 12:13:42.464 14455 14631 D TAG : refreshParams: eyes_smiley: [0.0, 0.0]
01-05 12:13:42.464 14455 14631 D TAG : refreshParams: nose_bridge: [0.5, 0.5]
01-05 12:13:42.465 14455 14631 D TAG : refreshParams: nose_position: [0.5, 0.5]
01-05 12:13:42.528 14455 14631 E TAG : drawFace: rect ratio w: 0.5861111 ratio h: 0.5104167
01-05 12:13:42.530 14455 14631 E TAG : drawFace: texture ratio w: 0.5861111 ratio h: 0.5104167
01-05 12:13:42.558 14455 14631 D TAG : refreshParams: facetop: [0.0, 0.0]
01-05 12:13:42.558 14455 14631 D TAG : refreshParams: eyes_smiley: [0.0, 0.0]
01-05 12:13:42.558 14455 14631 D TAG : refreshParams: nose_bridge: [0.5, 0.5]
01-05 12:13:42.558 14455 14631 D TAG : refreshParams: nose_position: [0.5, 0.5]
01-05 12:13:42.620 14455 14631 E TAG : drawFace: rect ratio w: 0.5861111 ratio h: 0.50416666
01-05 12:13:42.620 14455 14631 E TAG : drawFace: texture ratio w: 0.5861111 ratio h: 0.50416666
01-05 12:13:42.649 14455 14631 D TAG : refreshParams: facetop: [0.0, 0.0]
01-05 12:13:42.649 14455 14631 D TAG : refreshParams: eyes_smiley: [0.0, 0.0]
01-05 12:13:42.649 14455 14631 D TAG : refreshParams: nose_bridge: [0.5, 0.5]
01-05 12:13:42.649 14455 14631 D TAG : refreshParams: nose_position: [0.5, 0.5]
01-05 12:13:42.716 14455 14631 E TAG : drawFace: rect ratio w: 0.57916665 ratio h: 0.50416666
01-05 12:13:42.716 14455 14631 E TAG : drawFace: texture ratio w: 0.57916665 ratio h: 0.50416666
01-05 12:13:42.742 14455 14631 D TAG : refreshParams: facetop: [0.0, 0.0]
01-05 12:13:42.742 14455 14631 D TAG : refreshParams: eyes_smiley: [0.0, 0.0]
01-05 12:13:42.742 14455 14631 D TAG : refreshParams: nose_bridge: [0.5, 0.5]
01-05 12:13:42.742 14455 14631 D TAG : refreshParams: nose_position: [0.5, 0.5]
01-05 12:13:42.802 14455 14631 E TAG : drawFace: rect ratio w: 0.57916665 ratio h: 0.50416666
01-05 12:13:42.802 14455 14631 E TAG : drawFace: texture ratio w: 0.57916665 ratio h: 0.50416666
01-05 12:13:42.819 14455 14631 D TAG : refreshParams: facetop: [0.0, 0.0]
01-05 12:13:42.819 14455 14631 D TAG : refreshParams: eyes_smiley: [0.0, 0.0]
01-05 12:13:42.819 14455 14631 D TAG : refreshParams: nose_bridge: [0.5, 0.5]
01-05 12:13:42.819 14455 14631 D TAG : refreshParams: nose_position: [0.5, 0.5]
01-05 12:13:42.890 14455 14631 E TAG : drawFace: rect ratio w: 0.57916665 ratio h: 0.49895835
01-05 12:13:42.890 14455 14631 E TAG : drawFace: texture ratio w: 0.57916665 ratio h: 0.49895832
01-05 12:13:42.913 14455 14631 D TAG : refreshParams: facetop: [0.0, 0.0]
01-05 12:13:42.913 14455 14631 D TAG : refreshParams: eyes_smiley: [0.0, 0.0]
01-05 12:13:42.913 14455 14631 D TAG : refreshParams: nose_bridge: [0.5, 0.5]
01-05 12:13:42.913 14455 14631 D TAG : refreshParams: nose_position: [0.5, 0.5]
01-05 12:13:42.967 14455 14631 E TAG : drawFace: rect ratio w: 0.57916665 ratio h: 0.50416666
01-05 12:13:42.967 14455 14631 E TAG : drawFace: texture ratio w: 0.57916665 ratio h: 0.50416666
01-05 12:13:42.967 14455 14455 I [LiveEventBus]: broadcast: com.lightcone.beautycam.viewmodel.event.SelectedFilterEvent@5e7888 foreground: false with key: class com.lightcone.beautycam.viewmodel.event.SelectedFilterEvent
01-05 12:13:42.970 14455 14455 I [LiveEventBus]: broadcast: com.lightcone.beautycam.viewmodel.event.FilterIntensityUpdateEvent@222f221 foreground: false with key: class com.lightcone.beautycam.viewmodel.event.FilterIntensityUpdateEvent
01-05 12:13:42.972 14455 14631 D TAG : refreshParams: facetop: [0.0, 0.0]
01-05 12:13:42.972 14455 14631 D TAG : refreshParams: eyes_smiley: [0.0, 0.0]
01-05 12:13:42.972 14455 14631 D TAG : refreshParams: nose_bridge: [0.5, 0.5]
01-05 12:13:42.972 14455 14631 D TAG : refreshParams: nose_position: [0.5, 0.5]
01-05 12:13:42.977 14455 14455 I [LiveEventBus]: post: com.lightcone.beautycam.viewmodel.event.SelectedFilterEvent@4bb4007 with key: class com.lightcone.beautycam.viewmodel.event.SelectedFilterEvent
01-05 12:13:42.977 14455 14455 I [LiveEventBus]: message received: com.lightcone.beautycam.viewmodel.event.SelectedFilterEvent@4bb4007
01-05 12:13:42.979 14455 14455 I [LiveEventBus]: message received: com.lightcone.beautycam.viewmodel.event.SelectedFilterEvent@4bb4007
01-05 12:13:42.980 14455 14455 I [LiveEventBus]: message received: com.lightcone.beautycam.viewmodel.event.SelectedFilterEvent@4bb4007
01-05 12:13:42.980 14455 14455 I [LiveEventBus]: message received: com.lightcone.beautycam.viewmodel.event.SelectedFilterEvent@4bb4007
01-05 12:13:42.980 14455 14455 I [LiveEventBus]: message received: com.lightcone.beautycam.viewmodel.event.SelectedFilterEvent@4bb4007
01-05 12:13:42.981 14455 14455 W RecyclerView: An instance of a was started more than once. Each instance ofa is intended to only be used once. You should create a new instance for each use.
01-05 12:13:42.981 14455 14455 I [LiveEventBus]: message received: com.lightcone.beautycam.viewmodel.event.SelectedFilterEvent@4bb4007
01-05 12:13:42.982 14455 14455 I [LiveEventBus]: post: com.lightcone.beautycam.viewmodel.event.FilterIntensityUpdateEvent@9b1d0a0 with key: class com.lightcone.beautycam.viewmodel.event.FilterIntensityUpdateEvent
01-05 12:13:42.982 14455 14455 I [LiveEventBus]: message received: com.lightcone.beautycam.viewmodel.event.FilterIntensityUpdateEvent@9b1d0a0
01-05 12:13:42.982 14455 14455 I [LiveEventBus]: message received: com.lightcone.beautycam.viewmodel.event.FilterIntensityUpdateEvent@9b1d0a0
01-05 12:13:42.998 14455 14455 E TAG : bindData: https://src.guangzhuiyuan.com/a_kty0p5tvscposq0/image/filter/thumbnail/ feature05.webp
01-05 12:13:43.003 14455 14455 E TAG : bindData: https://src.guangzhuiyuan.com/a_kty0p5tvscposq0/image/filter/thumbnail/ feature06.webp
01-05 12:13:43.008 14455 14455 E TAG : bindData: https://src.guangzhuiyuan.com/a_kty0p5tvscposq0/image/filter/thumbnail/ feature07.webp
01-05 12:13:43.013 14455 14455 E TAG : bindData: https://src.guangzhuiyuan.com/a_kty0p5tvscposq0/image/filter/thumbnail/ snowfall01.webp
01-05 12:13:43.018 14455 14455 E TAG : bindData: https://src.guangzhuiyuan.com/a_kty0p5tvscposq0/image/filter/thumbnail/ snowfall02.webp
01-05 12:13:43.030 14455 14631 E TAG : drawFace: rect ratio w: 0.57916665 ratio h: 0.49895835
01-05 12:13:43.031 14455 14631 E TAG : drawFace: texture ratio w: 0.57916665 ratio h: 0.49895832
01-05 12:13:43.033 14455 14455 E TAG : bindData: https://src.guangzhuiyuan.com/a_kty0p5tvscposq0/image/filter/thumbnail/ snowfall03.webp
01-05 12:13:43.036 14455 14631 D TAG : refreshParams: facetop: [0.0, 0.0]
01-05 12:13:43.036 14455 14631 D TAG : refreshParams: eyes_smiley: [0.0, 0.0]
01-05 12:13:43.036 14455 14631 D TAG : refreshParams: nose_bridge: [0.5, 0.5]
01-05 12:13:43.036 14455 14631 D TAG : refreshParams: nose_position: [0.5, 0.5]
01-05 12:13:43.045 14455 14631 W Bitmap : Called getWidth() on a recycle()'d bitmap! This is undefined behavior!
01-05 12:13:43.045 14455 14631 W Bitmap : Called getHeight() on a recycle()'d bitmap! This is undefined behavior!
01-05 12:13:43.047 14455 14455 E TAG : bindData: https://src.guangzhuiyuan.com/a_kty0p5tvscposq0/image/filter/thumbnail/ snowfall04.webp
01-05 12:13:43.058 14455 14455 E TAG : bindData: https://src.guangzhuiyuan.com/a_kty0p5tvscposq0/image/filter/thumbnail/ snowfall05.webp
01-05 12:13:43.069 14455 14455 E TAG : bindData: https://src.guangzhuiyuan.com/a_kty0p5tvscposq0/image/filter/thumbnail/ snowfall06.webp
01-05 12:13:43.074 14455 14455 E TAG : bindData: https://src.guangzhuiyuan.com/a_kty0p5tvscposq0/image/filter/thumbnail/ snowfall07.webp
01-05 12:13:43.079 14455 14455 E TAG : bindData: https://src.guangzhuiyuan.com/a_kty0p5tvscposq0/image/filter/thumbnail/ snowfall08.webp
01-05 12:13:43.084 14455 14455 E TAG : bindData: https://src.guangzhuiyuan.com/a_kty0p5tvscposq0/image/filter/thumbnail/ snowfall09.webp
01-05 12:13:43.089 14455 14455 E TAG : bindData: https://src.guangzhuiyuan.com/a_kty0p5tvscposq0/image/filter/thumbnail/ softpink01.webp
01-05 12:13:43.094 14455 14455 E RecyclerView: Smooth Scroll action is being updated too frequently. Make sure you are not changing it unless necessary
01-05 12:13:43.103 14455 14631 E TAG : drawFace: rect ratio w: 0.57916665 ratio h: 0.50416666
01-05 12:13:43.103 14455 14631 E TAG : drawFace: texture ratio w: 0.57916665 ratio h: 0.50416666
01-05 12:13:43.105 14455 14631 D TAG : refreshParams: facetop: [0.0, 0.0]
01-05 12:13:43.105 14455 14631 D TAG : refreshParams: eyes_smiley: [0.0, 0.0]
01-05 12:13:43.105 14455 14631 D TAG : refreshParams: nose_bridge: [0.5, 0.5]
01-05 12:13:43.105 14455 14631 D TAG : refreshParams: nose_position: [0.5, 0.5]
01-05 12:13:43.111 14455 14455 E TAG : bindData: https://src.guangzhuiyuan.com/a_kty0p5tvscposq0/image/filter/thumbnail/ feature05.webp
01-05 12:13:43.117 14455 14455 E TAG : bindData: https://src.guangzhuiyuan.com/a_kty0p5tvscposq0/image/filter/thumbnail/ feature06.webp
01-05 12:13:43.135 14455 14631 E TAG : drawFace: rect ratio w: 0.57916665 ratio h: 0.49895835
01-05 12:13:43.135 14455 14631 E TAG : drawFace: texture ratio w: 0.57916665 ratio h: 0.49895832
01-05 12:13:43.137 14455 14631 D TAG : refreshParams: facetop: [0.0, 0.0]
01-05 12:13:43.137 14455 14631 D TAG : refreshParams: eyes_smiley: [0.0, 0.0]
01-05 12:13:43.137 14455 14631 D TAG : refreshParams: nose_bridge: [0.5, 0.5]
01-05 12:13:43.137 14455 14631 D TAG : refreshParams: nose_position: [0.5, 0.5]
01-05 12:13:43.139 14455 14455 E TAG : bindData: https://src.guangzhuiyuan.com/a_kty0p5tvscposq0/image/filter/thumbnail/ feature07.webp
01-05 12:13:43.168 14455 14631 E TAG : drawFace: rect ratio w: 0.57916665 ratio h: 0.49895835
01-05 12:13:43.168 14455 14631 E TAG : drawFace: texture ratio w: 0.57916665 ratio h: 0.49895832
01-05 12:13:43.172 14455 14631 D TAG : refreshParams: facetop: [0.0, 0.0]
01-05 12:13:43.172 14455 14631 D TAG : refreshParams: eyes_smiley: [0.0, 0.0]
01-05 12:13:43.172 14455 14631 D TAG : refreshParams: nose_bridge: [0.5, 0.5]
01-05 12:13:43.172 14455 14631 D TAG : refreshParams: nose_position: [0.5, 0.5]
01-05 12:13:43.204 14455 14631 E TAG : drawFace: rect ratio w: 0.58611107 ratio h: 0.49895835
01-05 12:13:43.204 14455 14631 E TAG : drawFace: texture ratio w: 0.5847222 ratio h: 0.49895832
01-05 12:13:43.209 14455 14631 D TAG : refreshParams: facetop: [0.0, 0.0]
01-05 12:13:43.210 14455 14631 D TAG : refreshParams: eyes_smiley: [0.0, 0.0]
01-05 12:13:43.210 14455 14631 D TAG : refreshParams: nose_bridge: [0.5, 0.5]
01-05 12:13:43.210 14455 14631 D TAG : refreshParams: nose_position: [0.5, 0.5]
01-05 12:13:43.241 14455 14631 E TAG : drawFace: rect ratio w: 0.57916665 ratio h: 0.49895835
01-05 12:13:43.241 14455 14631 E TAG : drawFace: texture ratio w: 0.57916665 ratio h: 0.49895832
01-05 12:13:43.245 14455 14631 D TAG : refreshParams: facetop: [0.0, 0.0]
01-05 12:13:43.245 14455 14631 D TAG : refreshParams: eyes_smiley: [0.0, 0.0]
01-05 12:13:43.245 14455 14631 D TAG : refreshParams: nose_bridge: [0.5, 0.5]
01-05 12:13:43.245 14455 14631 D TAG : refreshParams: nose_position: [0.5, 0.5]
01-05 12:13:43.294 14455 14631 E TAG : drawFace: rect ratio w: 0.57916665 ratio h: 0.49895835
01-05 12:13:43.294 14455 14631 E TAG : drawFace: texture ratio w: 0.57916665 ratio h: 0.49895832
01-05 12:13:43.306 14455 14631 D TAG : refreshParams: facetop: [0.0, 0.0]
01-05 12:13:43.307 14455 14631 D TAG : refreshParams: eyes_smiley: [0.0, 0.0]
01-05 12:13:43.307 14455 14631 D TAG : refreshParams: nose_bridge: [0.5, 0.5]
01-05 12:13:43.307 14455 14631 D TAG : refreshParams: nose_position: [0.5, 0.5]
01-05 12:13:43.348 14455 14631 E TAG : drawFace: rect ratio w: 0.58611107 ratio h: 0.49895835
01-05 12:13:43.348 14455 14631 E TAG : drawFace: texture ratio w: 0.5847222 ratio h: 0.49895832
01-05 12:13:43.360 14455 14631 D TAG : refreshParams: facetop: [0.0, 0.0]
01-05 12:13:43.360 14455 14631 D TAG : refreshParams: eyes_smiley: [0.0, 0.0]
01-05 12:13:43.360 14455 14631 D TAG : refreshParams: nose_bridge: [0.5, 0.5]
01-05 12:13:43.360 14455 14631 D TAG : refreshParams: nose_position: [0.5, 0.5]
01-05 12:13:43.399 14455 14631 E TAG : drawFace: rect ratio w: 0.58611107 ratio h: 0.50416666
01-05 12:13:43.399 14455 14631 E TAG : drawFace: texture ratio w: 0.5847222 ratio h: 0.50416666
01-05 12:13:43.412 14455 14631 D TAG : refreshParams: facetop: [0.0, 0.0]
01-05 12:13:43.412 14455 14631 D TAG : refreshParams: eyes_smiley: [0.0, 0.0]
01-05 12:13:43.412 14455 14631 D TAG : refreshParams: nose_bridge: [0.5, 0.5]
01-05 12:13:43.412 14455 14631 D TAG : refreshParams: nose_position: [0.5, 0.5]
01-05 12:13:43.452 14455 14631 E TAG : drawFace: rect ratio w: 0.58611107 ratio h: 0.50416666
01-05 12:13:43.452 14455 14631 E TAG : drawFace: texture ratio w: 0.5847222 ratio h: 0.50416666
01-05 12:13:43.463 14455 14631 D TAG : refreshParams: facetop: [0.0, 0.0]
01-05 12:13:43.463 14455 14631 D TAG : refreshParams: eyes_smiley: [0.0, 0.0]
01-05 12:13:43.463 14455 14631 D TAG : refreshParams: nose_bridge: [0.5, 0.5]
01-05 12:13:43.463 14455 14631 D TAG : refreshParams: nose_position: [0.5, 0.5]
01-05 12:13:43.502 14455 14631 E TAG : drawFace: rect ratio w: 0.58611107 ratio h: 0.50416666
01-05 12:13:43.502 14455 14631 E TAG : drawFace: texture ratio w: 0.5847222 ratio h: 0.50416666
01-05 12:13:43.515 14455 14631 D TAG : refreshParams: facetop: [0.0, 0.0]
01-05 12:13:43.515 14455 14631 D TAG : refreshParams: eyes_smiley: [0.0, 0.0]
01-05 12:13:43.515 14455 14631 D TAG : refreshParams: nose_bridge: [0.5, 0.5]
01-05 12:13:43.515 14455 14631 D TAG : refreshParams: nose_position: [0.5, 0.5]
01-05 12:13:43.556 14455 14631 E TAG : drawFace: rect ratio w: 0.58611107 ratio h: 0.49895835
01-05 12:13:43.556 14455 14631 E TAG : drawFace: texture ratio w: 0.5847222 ratio h: 0.49895832
01-05 12:13:43.569 14455 14631 D TAG : refreshParams: facetop: [0.0, 0.0]
01-05 12:13:43.569 14455 14631 D TAG : refreshParams: eyes_smiley: [0.0, 0.0]
01-05 12:13:43.569 14455 14631 D TAG : refreshParams: nose_bridge: [0.5, 0.5]
01-05 12:13:43.569 14455 14631 D TAG : refreshParams: nose_position: [0.5, 0.5]
01-05 12:13:43.611 14455 14631 E TAG : drawFace: rect ratio w: 0.58611107 ratio h: 0.49895835
01-05 12:13:43.611 14455 14631 E TAG : drawFace: texture ratio w: 0.5847222 ratio h: 0.49895832
01-05 12:13:43.622 14455 14631 D TAG : refreshParams: facetop: [0.0, 0.0]
01-05 12:13:43.622 14455 14631 D TAG : refreshParams: eyes_smiley: [0.0, 0.0]
01-05 12:13:43.622 14455 14631 D TAG : refreshParams: nose_bridge: [0.5, 0.5]
01-05 12:13:43.622 14455 14631 D TAG : refreshParams: nose_position: [0.5, 0.5]
01-05 12:13:43.668 14455 14631 E TAG : drawFace: rect ratio w: 0.58611107 ratio h: 0.49895835
01-05 12:13:43.668 14455 14631 E TAG : drawFace: texture ratio w: 0.5847222 ratio h: 0.49895832
01-05 12:13:43.677 14455 14631 D TAG : refreshParams: facetop: [0.0, 0.0]
01-05 12:13:43.677 14455 14631 D TAG : refreshParams: eyes_smiley: [0.0, 0.0]
01-05 12:13:43.677 14455 14631 D TAG : refreshParams: nose_bridge: [0.5, 0.5]
01-05 12:13:43.677 14455 14631 D TAG : refreshParams: nose_position: [0.5, 0.5]
01-05 12:13:43.717 14455 14631 E TAG : drawFace: rect ratio w: 0.58611107 ratio h: 0.49895835
01-05 12:13:43.717 14455 14631 E TAG : drawFace: texture ratio w: 0.5847222 ratio h: 0.49895832
01-05 12:13:43.720 14455 14631 D TAG : refreshParams: facetop: [0.0, 0.0]
01-05 12:13:43.721 14455 14631 D TAG : refreshParams: eyes_smiley: [0.0, 0.0]
01-05 12:13:43.721 14455 14631 D TAG : refreshParams: nose_bridge: [0.5, 0.5]
01-05 12:13:43.721 14455 14631 D TAG : refreshParams: nose_position: [0.5, 0.5]
01-05 12:13:43.756 14455 14631 E TAG : drawFace: rect ratio w: 0.58611107 ratio h: 0.49895835
01-05 12:13:43.756 14455 14631 E TAG : drawFace: texture ratio w: 0.5847222 ratio h: 0.49895832
01-05 12:13:43.760 14455 14631 D TAG : refreshParams: facetop: [0.0, 0.0]
01-05 12:13:43.760 14455 14631 D TAG : refreshParams: eyes_smiley: [0.0, 0.0]
01-05 12:13:43.760 14455 14631 D TAG : refreshParams: nose_bridge: [0.5, 0.5]
01-05 12:13:43.760 14455 14631 D TAG : refreshParams: nose_position: [0.5, 0.5]
01-05 12:13:43.805 14455 14631 E TAG : drawFace: rect ratio w: 0.5930556 ratio h: 0.49895835
01-05 12:13:43.805 14455 14631 E TAG : drawFace: texture ratio w: 0.59305555 ratio h: 0.49895832
01-05 12:13:43.814 14455 14631 D TAG : refreshParams: facetop: [0.0, 0.0]
01-05 12:13:43.814 14455 14631 D TAG : refreshParams: eyes_smiley: [0.0, 0.0]
01-05 12:13:43.814 14455 14631 D TAG : refreshParams: nose_bridge: [0.5, 0.5]
01-05 12:13:43.814 14455 14631 D TAG : refreshParams: nose_position: [0.5, 0.5]
01-05 12:13:43.855 14455 14631 E TAG : drawFace: rect ratio w: 0.5930556 ratio h: 0.49895835
01-05 12:13:43.855 14455 14631 E TAG : drawFace: texture ratio w: 0.59305555 ratio h: 0.49895832
01-05 12:13:43.859 14455 14631 D TAG : refreshParams: facetop: [0.0, 0.0]
01-05 12:13:43.860 14455 14631 D TAG : refreshParams: eyes_smiley: [0.0, 0.0]
01-05 12:13:43.860 14455 14631 D TAG : refreshParams: nose_bridge: [0.5, 0.5]
01-05 12:13:43.860 14455 14631 D TAG : refreshParams: nose_position: [0.5, 0.5]
01-05 12:13:43.900 14455 14631 E TAG : drawFace: rect ratio w: 0.5930556 ratio h: 0.49895835
01-05 12:13:43.900 14455 14631 E TAG : drawFace: texture ratio w: 0.59305555 ratio h: 0.49895832
01-05 12:13:43.904 14455 14631 D TAG : refreshParams: facetop: [0.0, 0.0]
01-05 12:13:43.904 14455 14631 D TAG : refreshParams: eyes_smiley: [0.0, 0.0]
01-05 12:13:43.904 14455 14631 D TAG : refreshParams: nose_bridge: [0.5, 0.5]
01-05 12:13:43.904 14455 14631 D TAG : refreshParams: nose_position: [0.5, 0.5]
01-05 12:13:43.944 14455 14631 E TAG : drawFace: rect ratio w: 0.5930556 ratio h: 0.49895835
01-05 12:13:43.945 14455 14631 E TAG : drawFace: texture ratio w: 0.59305555 ratio h: 0.49895832
01-05 12:13:43.955 14455 14631 D TAG : refreshParams: facetop: [0.0, 0.0]
01-05 12:13:43.955 14455 14631 D TAG : refreshParams: eyes_smiley: [0.0, 0.0]
01-05 12:13:43.955 14455 14631 D TAG : refreshParams: nose_bridge: [0.5, 0.5]
01-05 12:13:43.955 14455 14631 D TAG : refreshParams: nose_position: [0.5, 0.5]
01-05 12:13:44.004 14455 14631 E TAG : drawFace: rect ratio w: 0.58611107 ratio h: 0.49895835
01-05 12:13:44.004 14455 14631 E TAG : drawFace: texture ratio w: 0.5847222 ratio h: 0.49895832
01-05 12:13:44.025 14455 14631 D TAG : refreshParams: facetop: [0.0, 0.0]
01-05 12:13:44.025 14455 14631 D TAG : refreshParams: eyes_smiley: [0.0, 0.0]
01-05 12:13:44.025 14455 14631 D TAG : refreshParams: nose_bridge: [0.5, 0.5]
01-05 12:13:44.025 14455 14631 D TAG : refreshParams: nose_position: [0.5, 0.5]
01-05 12:13:44.076 14455 14631 E TAG : drawFace: rect ratio w: 0.58611107 ratio h: 0.509375
01-05 12:13:44.077 14455 14631 E TAG : drawFace: texture ratio w: 0.5847222 ratio h: 0.5083333
01-05 12:13:44.099 14455 14631 D TAG : refreshParams: facetop: [0.0, 0.0]
01-05 12:13:44.100 14455 14631 D TAG : refreshParams: eyes_smiley: [0.0, 0.0]
01-05 12:13:44.100 14455 14631 D TAG : refreshParams: nose_bridge: [0.5, 0.5]
01-05 12:13:44.100 14455 14631 D TAG : refreshParams: nose_position: [0.5, 0.5]
01-05 12:13:44.153 14455 14631 E TAG : drawFace: rect ratio w: 0.58611107 ratio h: 0.50416666
01-05 12:13:44.154 14455 14631 E TAG : drawFace: texture ratio w: 0.5847222 ratio h: 0.50416666
01-05 12:13:44.172 14455 14631 D TAG : refreshParams: facetop: [0.0, 0.0]
01-05 12:13:44.172 14455 14631 D TAG : refreshParams: eyes_smiley: [0.0, 0.0]
01-05 12:13:44.172 14455 14631 D TAG : refreshParams: nose_bridge: [0.5, 0.5]
01-05 12:13:44.172 14455 14631 D TAG : refreshParams: nose_position: [0.5, 0.5]
01-05 12:13:44.225 14455 14631 E TAG : drawFace: rect ratio w: 0.58611107 ratio h: 0.49895832
01-05 12:13:44.225 14455 14631 E TAG : drawFace: texture ratio w: 0.5847222 ratio h: 0.49895832
01-05 12:13:44.241 14455 14631 D TAG : refreshParams: facetop: [0.0, 0.0]
01-05 12:13:44.241 14455 14631 D TAG : refreshParams: eyes_smiley: [0.0, 0.0]
01-05 12:13:44.241 14455 14631 D TAG : refreshParams: nose_bridge: [0.5, 0.5]
01-05 12:13:44.241 14455 14631 D TAG : refreshParams: nose_position: [0.5, 0.5]
01-05 12:13:44.293 14455 14631 E TAG : drawFace: rect ratio w: 0.57916665 ratio h: 0.50416666
01-05 12:13:44.293 14455 14631 E TAG : drawFace: texture ratio w: 0.57916665 ratio h: 0.50416666
01-05 12:13:44.316 14455 14631 D TAG : refreshParams: facetop: [0.0, 0.0]
01-05 12:13:44.316 14455 14631 D TAG : refreshParams: eyes_smiley: [0.0, 0.0]
01-05 12:13:44.316 14455 14631 D TAG : refreshParams: nose_bridge: [0.5, 0.5]
01-05 12:13:44.316 14455 14631 D TAG : refreshParams: nose_position: [0.5, 0.5]
01-05 12:13:44.366 14455 14631 E TAG : drawFace: rect ratio w: 0.57916665 ratio h: 0.50416666
01-05 12:13:44.366 14455 14631 E TAG : drawFace: texture ratio w: 0.57916665 ratio h: 0.50416666
01-05 12:13:44.382 14455 14631 D TAG : refreshParams: facetop: [0.0, 0.0]
01-05 12:13:44.382 14455 14631 D TAG : refreshParams: eyes_smiley: [0.0, 0.0]
01-05 12:13:44.382 14455 14631 D TAG : refreshParams: nose_bridge: [0.5, 0.5]
01-05 12:13:44.382 14455 14631 D TAG : refreshParams: nose_position: [0.5, 0.5]
01-05 12:13:44.402 14455 14455 I [LiveEventBus]: post: com.lightcone.beautycam.viewmodel.event.ResourceDownloadEvent@99691b1 with key: class com.lightcone.beautycam.viewmodel.event.ResourceDownloadEvent
01-05 12:13:44.403 14455 14455 I [LiveEventBus]: message received: com.lightcone.beautycam.viewmodel.event.ResourceDownloadEvent@99691b1
01-05 12:13:44.404 14455 14455 I [LiveEventBus]: message received: com.lightcone.beautycam.viewmodel.event.ResourceDownloadEvent@99691b1
01-05 12:13:44.427 14455 14631 E TAG : drawFace: rect ratio w: 0.57916665 ratio h: 0.50416666
01-05 12:13:44.427 14455 14631 E TAG : drawFace: texture ratio w: 0.57916665 ratio h: 0.50416666
01-05 12:13:44.431 14455 14631 D TAG : refreshParams: facetop: [0.0, 0.0]
01-05 12:13:44.431 14455 14631 D TAG : refreshParams: eyes_smiley: [0.0, 0.0]
01-05 12:13:44.431 14455 14631 D TAG : refreshParams: nose_bridge: [0.5, 0.5]
01-05 12:13:44.431 14455 14631 D TAG : refreshParams: nose_position: [0.5, 0.5]
01-05 12:13:44.472 14455 14631 E TAG : drawFace: rect ratio w: 0.57916665 ratio h: 0.49895832
01-05 12:13:44.472 14455 14631 E TAG : drawFace: texture ratio w: 0.57916665 ratio h: 0.49895832
01-05 12:13:44.478 14455 14631 D TAG : refreshParams: facetop: [0.0, 0.0]
01-05 12:13:44.478 14455 14631 D TAG : refreshParams: eyes_smiley: [0.0, 0.0]
01-05 12:13:44.478 14455 14631 D TAG : refreshParams: nose_bridge: [0.5, 0.5]
01-05 12:13:44.478 14455 14631 D TAG : refreshParams: nose_position: [0.5, 0.5]
01-05 12:13:44.524 14455 14631 E TAG : drawFace: rect ratio w: 0.5861111 ratio h: 0.50416666
01-05 12:13:44.524 14455 14631 E TAG : drawFace: texture ratio w: 0.5861111 ratio h: 0.50416666
01-05 12:13:44.528 14455 14455 I [LiveEventBus]: broadcast: com.lightcone.beautycam.viewmodel.event.SelectedFilterEvent@c1939cc foreground: false with key: class com.lightcone.beautycam.viewmodel.event.SelectedFilterEvent
01-05 12:13:44.530 14455 14631 D TAG : refreshParams: facetop: [0.0, 0.0]
01-05 12:13:44.530 14455 14631 D TAG : refreshParams: eyes_smiley: [0.0, 0.0]
01-05 12:13:44.530 14455 14631 D TAG : refreshParams: nose_bridge: [0.5, 0.5]
01-05 12:13:44.530 14455 14631 D TAG : refreshParams: nose_position: [0.5, 0.5]
01-05 12:13:44.531 14455 14455 I [LiveEventBus]: broadcast: com.lightcone.beautycam.viewmodel.event.FilterIntensityUpdateEvent@621f415 foreground: false with key: class com.lightcone.beautycam.viewmodel.event.FilterIntensityUpdateEvent
01-05 12:13:44.532 14455 14455 I [LiveEventBus]: post: com.lightcone.beautycam.viewmodel.event.ResourceDownloadEvent@211832a with key: class com.lightcone.beautycam.viewmodel.event.ResourceDownloadEvent
01-05 12:13:44.532 14455 14455 I [LiveEventBus]: message received: com.lightcone.beautycam.viewmodel.event.ResourceDownloadEvent@211832a
01-05 12:13:44.533 14455 14455 I [LiveEventBus]: message received: com.lightcone.beautycam.viewmodel.event.ResourceDownloadEvent@211832a
01-05 12:13:44.558 14455 14455 I [LiveEventBus]: post: com.lightcone.beautycam.viewmodel.event.SelectedFilterEvent@53abc91 with key: class com.lightcone.beautycam.viewmodel.event.SelectedFilterEvent
01-05 12:13:44.558 14455 14455 I [LiveEventBus]: message received: com.lightcone.beautycam.viewmodel.event.SelectedFilterEvent@53abc91
01-05 12:13:44.560 14455 14455 I [LiveEventBus]: message received: com.lightcone.beautycam.viewmodel.event.SelectedFilterEvent@53abc91
01-05 12:13:44.560 14455 14455 I [LiveEventBus]: message received: com.lightcone.beautycam.viewmodel.event.SelectedFilterEvent@53abc91
01-05 12:13:44.560 14455 14455 I [LiveEventBus]: message received: com.lightcone.beautycam.viewmodel.event.SelectedFilterEvent@53abc91
01-05 12:13:44.560 14455 14455 I [LiveEventBus]: message received: com.lightcone.beautycam.viewmodel.event.SelectedFilterEvent@53abc91
01-05 12:13:44.561 14455 14455 W RecyclerView: An instance of a was started more than once. Each instance ofa is intended to only be used once. You should create a new instance for each use.
01-05 12:13:44.561 14455 14455 I [LiveEventBus]: message received: com.lightcone.beautycam.viewmodel.event.SelectedFilterEvent@53abc91
01-05 12:13:44.562 14455 14455 I [LiveEventBus]: post: com.lightcone.beautycam.viewmodel.event.FilterIntensityUpdateEvent@ed2f664 with key: class com.lightcone.beautycam.viewmodel.event.FilterIntensityUpdateEvent
01-05 12:13:44.562 14455 14455 I [LiveEventBus]: message received: com.lightcone.beautycam.viewmodel.event.FilterIntensityUpdateEvent@ed2f664
01-05 12:13:44.562 14455 14455 I [LiveEventBus]: message received: com.lightcone.beautycam.viewmodel.event.FilterIntensityUpdateEvent@ed2f664
01-05 12:13:44.573 14455 14631 E TAG : drawFace: rect ratio w: 0.57916665 ratio h: 0.49895835
01-05 12:13:44.573 14455 14631 E TAG : drawFace: texture ratio w: 0.57916665 ratio h: 0.49895832
01-05 12:13:44.578 14455 14631 D TAG : refreshParams: facetop: [0.0, 0.0]
01-05 12:13:44.578 14455 14631 D TAG : refreshParams: eyes_smiley: [0.0, 0.0]
01-05 12:13:44.578 14455 14631 D TAG : refreshParams: nose_bridge: [0.5, 0.5]
01-05 12:13:44.578 14455 14631 D TAG : refreshParams: nose_position: [0.5, 0.5]
01-05 12:13:44.581 14455 14455 E TAG : bindData: https://src.guangzhuiyuan.com/a_kty0p5tvscposq0/image/filter/thumbnail/ feature07.webp
01-05 12:13:44.585 14455 14631 W Bitmap : Called getWidth() on a recycle()'d bitmap! This is undefined behavior!
01-05 12:13:44.585 14455 14631 W Bitmap : Called getHeight() on a recycle()'d bitmap! This is undefined behavior!
01-05 12:13:44.591 14455 14455 E TAG : bindData: https://src.guangzhuiyuan.com/a_kty0p5tvscposq0/image/filter/thumbnail/ snowfall01.webp
01-05 12:13:44.598 14455 14455 E TAG : bindData: https://src.guangzhuiyuan.com/a_kty0p5tvscposq0/image/filter/thumbnail/ snowfall02.webp
01-05 12:13:44.602 14455 14455 E TAG : bindData: https://src.guangzhuiyuan.com/a_kty0p5tvscposq0/image/filter/thumbnail/ snowfall03.webp
01-05 12:13:44.605 14455 14455 E TAG : bindData: https://src.guangzhuiyuan.com/a_kty0p5tvscposq0/image/filter/thumbnail/ snowfall04.webp
01-05 12:13:44.612 14455 14455 E TAG : bindData: https://src.guangzhuiyuan.com/a_kty0p5tvscposq0/image/filter/thumbnail/ snowfall05.webp
01-05 12:13:44.619 14455 14455 E TAG : bindData: https://src.guangzhuiyuan.com/a_kty0p5tvscposq0/image/filter/thumbnail/ snowfall06.webp
01-05 12:13:44.624 14455 14631 E TAG : drawFace: rect ratio w: 0.57916665 ratio h: 0.49375
01-05 12:13:44.624 14455 14631 E TAG : drawFace: texture ratio w: 0.57916665 ratio h: 0.49375
01-05 12:13:44.626 14455 14455 E TAG : bindData: https://src.guangzhuiyuan.com/a_kty0p5tvscposq0/image/filter/thumbnail/ snowfall07.webp
01-05 12:13:44.628 14455 14631 D TAG : refreshParams: facetop: [0.0, 0.0]
01-05 12:13:44.628 14455 14631 D TAG : refreshParams: eyes_smiley: [0.0, 0.0]
01-05 12:13:44.628 14455 14631 D TAG : refreshParams: nose_bridge: [0.5, 0.5]
01-05 12:13:44.628 14455 14631 D TAG : refreshParams: nose_position: [0.5, 0.5]
01-05 12:13:44.634 14455 14455 E TAG : bindData: https://src.guangzhuiyuan.com/a_kty0p5tvscposq0/image/filter/thumbnail/ snowfall08.webp
01-05 12:13:44.640 14455 14455 E TAG : bindData: https://src.guangzhuiyuan.com/a_kty0p5tvscposq0/image/filter/thumbnail/ snowfall09.webp
01-05 12:13:44.646 14455 14455 E TAG : bindData: https://src.guangzhuiyuan.com/a_kty0p5tvscposq0/image/filter/thumbnail/ softpink01.webp
01-05 12:13:44.651 14455 14455 E TAG : bindData: https://src.guangzhuiyuan.com/a_kty0p5tvscposq0/image/filter/thumbnail/ softpink02.webp
01-05 12:13:44.656 14455 14455 E TAG : bindData: https://src.guangzhuiyuan.com/a_kty0p5tvscposq0/image/filter/thumbnail/ softpink03.webp
01-05 12:13:44.661 14455 14455 E RecyclerView: Smooth Scroll action is being updated too frequently. Make sure you are not changing it unless necessary
01-05 12:13:44.667 14455 14631 E TAG : drawFace: rect ratio w: 0.57916665 ratio h: 0.49375
01-05 12:13:44.667 14455 14631 E TAG : drawFace: texture ratio w: 0.57916665 ratio h: 0.49375
01-05 12:13:44.669 14455 14631 D TAG : refreshParams: facetop: [0.0, 0.0]
01-05 12:13:44.669 14455 14631 D TAG : refreshParams: eyes_smiley: [0.0, 0.0]
01-05 12:13:44.669 14455 14631 D TAG : refreshParams: nose_bridge: [0.5, 0.5]
01-05 12:13:44.669 14455 14631 D TAG : refreshParams: nose_position: [0.5, 0.5]
01-05 12:13:44.671 14455 14500 W RenderInspector: QueueBuffer time out on com.accarunit.beauty.camera.videocall/com.lightcone.beautycam.activity.BeautyCamera Activity, count=1, avg=20 ms, max=20 ms.
01-05 12:13:44.677 14455 14455 E TAG : bindData: https://src.guangzhuiyuan.com/a_kty0p5tvscposq0/image/filter/thumbnail/ feature07.webp
01-05 12:13:44.682 14455 14455 E TAG : bindData: https://src.guangzhuiyuan.com/a_kty0p5tvscposq0/image/filter/thumbnail/ snowfall01.webp
01-05 12:13:44.714 14455 14631 E TAG : drawFace: rect ratio w: 0.5861111 ratio h: 0.49375
01-05 12:13:44.714 14455 14631 E TAG : drawFace: texture ratio w: 0.5861111 ratio h: 0.49375
01-05 12:13:44.715 14455 14455 E TAG : bindData: https://src.guangzhuiyuan.com/a_kty0p5tvscposq0/image/filter/thumbnail/ snowfall02.webp
01-05 12:13:44.719 14455 14631 D TAG : refreshParams: facetop: [0.0, 0.0]
01-05 12:13:44.719 14455 14631 D TAG : refreshParams: eyes_smiley: [0.0, 0.0]
01-05 12:13:44.719 14455 14631 D TAG : refreshParams: nose_bridge: [0.5, 0.5]
01-05 12:13:44.719 14455 14631 D TAG : refreshParams: nose_position: [0.5, 0.5]
01-05 12:13:44.764 14455 14631 E TAG : drawFace: rect ratio w: 0.5861111 ratio h: 0.49375
01-05 12:13:44.764 14455 14631 E TAG : drawFace: texture ratio w: 0.5861111 ratio h: 0.49375
01-05 12:13:44.768 14455 14631 D TAG : refreshParams: facetop: [0.0, 0.0]
01-05 12:13:44.769 14455 14631 D TAG : refreshParams: eyes_smiley: [0.0, 0.0]
01-05 12:13:44.769 14455 14631 D TAG : refreshParams: nose_bridge: [0.5, 0.5]
01-05 12:13:44.769 14455 14631 D TAG : refreshParams: nose_position: [0.5, 0.5]
01-05 12:13:44.819 14455 14631 E TAG : drawFace: rect ratio w: 0.5861111 ratio h: 0.49895835
01-05 12:13:44.819 14455 14631 E TAG : drawFace: texture ratio w: 0.5861111 ratio h: 0.49895832
01-05 12:13:44.825 14455 14631 D TAG : refreshParams: facetop: [0.0, 0.0]
01-05 12:13:44.825 14455 14631 D TAG : refreshParams: eyes_smiley: [0.0, 0.0]
01-05 12:13:44.825 14455 14631 D TAG : refreshParams: nose_bridge: [0.5, 0.5]
01-05 12:13:44.825 14455 14631 D TAG : refreshParams: nose_position: [0.5, 0.5]
01-05 12:13:44.830 14455 14500 W RenderInspector: QueueBuffer time out on com.accarunit.beauty.camera.videocall/com.lightcone.beautycam.activity.BeautyCamera Activity, count=1, avg=25 ms, max=25 ms.
01-05 12:13:44.870 14455 14631 E TAG : drawFace: rect ratio w: 0.5861111 ratio h: 0.49895835
01-05 12:13:44.870 14455 14631 E TAG : drawFace: texture ratio w: 0.5861111 ratio h: 0.49895832
01-05 12:13:44.874 14455 14631 D TAG : refreshParams: facetop: [0.0, 0.0]
01-05 12:13:44.874 14455 14631 D TAG : refreshParams: eyes_smiley: [0.0, 0.0]
01-05 12:13:44.875 14455 14631 D TAG : refreshParams: nose_bridge: [0.5, 0.5]
01-05 12:13:44.875 14455 14631 D TAG : refreshParams: nose_position: [0.5, 0.5]
01-05 12:13:44.916 14455 14631 E TAG : drawFace: rect ratio w: 0.5861111 ratio h: 0.49375
01-05 12:13:44.916 14455 14631 E TAG : drawFace: texture ratio w: 0.5861111 ratio h: 0.49375
01-05 12:13:44.920 14455 14631 D TAG : refreshParams: facetop: [0.0, 0.0]
01-05 12:13:44.921 14455 14631 D TAG : refreshParams: eyes_smiley: [0.0, 0.0]
01-05 12:13:44.921 14455 14631 D TAG : refreshParams: nose_bridge: [0.5, 0.5]
01-05 12:13:44.921 14455 14631 D TAG : refreshParams: nose_position: [0.5, 0.5]
01-05 12:13:44.964 14455 14631 E TAG : drawFace: rect ratio w: 0.5861111 ratio h: 0.49375
01-05 12:13:44.964 14455 14631 E TAG : drawFace: texture ratio w: 0.5861111 ratio h: 0.49375
01-05 12:13:44.968 14455 14631 D TAG : refreshParams: facetop: [0.0, 0.0]
01-05 12:13:44.968 14455 14631 D TAG : refreshParams: eyes_smiley: [0.0, 0.0]
01-05 12:13:44.968 14455 14631 D TAG : refreshParams: nose_bridge: [0.5, 0.5]
01-05 12:13:44.968 14455 14631 D TAG : refreshParams: nose_position: [0.5, 0.5]
01-05 12:13:45.014 14455 14631 E TAG : drawFace: rect ratio w: 0.57916665 ratio h: 0.49375
01-05 12:13:45.014 14455 14631 E TAG : drawFace: texture ratio w: 0.57916665 ratio h: 0.49375
01-05 12:13:45.018 14455 14631 D TAG : refreshParams: facetop: [0.0, 0.0]
01-05 12:13:45.018 14455 14631 D TAG : refreshParams: eyes_smiley: [0.0, 0.0]
01-05 12:13:45.018 14455 14631 D TAG : refreshParams: nose_bridge: [0.5, 0.5]
01-05 12:13:45.018 14455 14631 D TAG : refreshParams: nose_position: [0.5, 0.5]
01-05 12:13:45.065 14455 14631 E TAG : drawFace: rect ratio w: 0.57916665 ratio h: 0.49375
01-05 12:13:45.066 14455 14631 E TAG : drawFace: texture ratio w: 0.57916665 ratio h: 0.49375
01-05 12:13:45.077 14455 14631 D TAG : refreshParams: facetop: [0.0, 0.0]
01-05 12:13:45.077 14455 14631 D TAG : refreshParams: eyes_smiley: [0.0, 0.0]
01-05 12:13:45.077 14455 14631 D TAG : refreshParams: nose_bridge: [0.5, 0.5]
01-05 12:13:45.077 14455 14631 D TAG : refreshParams: nose_position: [0.5, 0.5]
01-05 12:13:45.140 14455 14631 E TAG : drawFace: rect ratio w: 0.57916665 ratio h: 0.49375
01-05 12:13:45.140 14455 14631 E TAG : drawFace: texture ratio w: 0.57916665 ratio h: 0.49375
01-05 12:13:45.158 14455 14631 D TAG : refreshParams: facetop: [0.0, 0.0]
01-05 12:13:45.158 14455 14631 D TAG : refreshParams: eyes_smiley: [0.0, 0.0]
01-05 12:13:45.158 14455 14631 D TAG : refreshParams: nose_bridge: [0.5, 0.5]
01-05 12:13:45.158 14455 14631 D TAG : refreshParams: nose_position: [0.5, 0.5]
01-05 12:13:45.209 14455 14631 E TAG : drawFace: rect ratio w: 0.5861111 ratio h: 0.49375004
01-05 12:13:45.209 14455 14631 E TAG : drawFace: texture ratio w: 0.5861111 ratio h: 0.49375
01-05 12:13:45.226 14455 14631 D TAG : refreshParams: facetop: [0.0, 0.0]
01-05 12:13:45.226 14455 14631 D TAG : refreshParams: eyes_smiley: [0.0, 0.0]
01-05 12:13:45.226 14455 14631 D TAG : refreshParams: nose_bridge: [0.5, 0.5]
01-05 12:13:45.226 14455 14631 D TAG : refreshParams: nose_position: [0.5, 0.5]
01-05 12:13:45.277 14455 14631 E TAG : drawFace: rect ratio w: 0.57916665 ratio h: 0.49375004
01-05 12:13:45.278 14455 14631 E TAG : drawFace: texture ratio w: 0.57916665 ratio h: 0.49375
01-05 12:13:45.281 14455 14631 D TAG : refreshParams: facetop: [0.0, 0.0]
01-05 12:13:45.282 14455 14631 D TAG : refreshParams: eyes_smiley: [0.0, 0.0]
01-05 12:13:45.282 14455 14631 D TAG : refreshParams: nose_bridge: [0.5, 0.5]
01-05 12:13:45.282 14455 14631 D TAG : refreshParams: nose_position: [0.5, 0.5]
01-05 12:13:45.327 14455 14631 E TAG : drawFace: rect ratio w: 0.5861111 ratio h: 0.49374998
01-05 12:13:45.327 14455 14631 E TAG : drawFace: texture ratio w: 0.5861111 ratio h: 0.49270833
01-05 12:13:45.333 14455 14631 D TAG : refreshParams: facetop: [0.0, 0.0]
01-05 12:13:45.333 14455 14631 D TAG : refreshParams: eyes_smiley: [0.0, 0.0]
01-05 12:13:45.333 14455 14631 D TAG : refreshParams: nose_bridge: [0.5, 0.5]
01-05 12:13:45.333 14455 14631 D TAG : refreshParams: nose_position: [0.5, 0.5]
01-05 12:13:45.381 14455 14631 E TAG : drawFace: rect ratio w: 0.5861111 ratio h: 0.49374998
01-05 12:13:45.381 14455 14631 E TAG : drawFace: texture ratio w: 0.5861111 ratio h: 0.49270833
01-05 12:13:45.386 14455 14631 D TAG : refreshParams: facetop: [0.0, 0.0]
01-05 12:13:45.386 14455 14631 D TAG : refreshParams: eyes_smiley: [0.0, 0.0]
01-05 12:13:45.386 14455 14631 D TAG : refreshParams: nose_bridge: [0.5, 0.5]
01-05 12:13:45.386 14455 14631 D TAG : refreshParams: nose_position: [0.5, 0.5]
01-05 12:13:45.449 14455 14631 E TAG : drawFace: rect ratio w: 0.57916665 ratio h: 0.49895835
01-05 12:13:45.449 14455 14631 E TAG : drawFace: texture ratio w: 0.57916665 ratio h: 0.49895832
01-05 12:13:45.469 14455 14631 D TAG : refreshParams: facetop: [0.0, 0.0]
01-05 12:13:45.469 14455 14631 D TAG : refreshParams: eyes_smiley: [0.0, 0.0]
01-05 12:13:45.469 14455 14631 D TAG : refreshParams: nose_bridge: [0.5, 0.5]
01-05 12:13:45.469 14455 14631 D TAG : refreshParams: nose_position: [0.5, 0.5]
01-05 12:13:45.527 14455 14631 E TAG : drawFace: rect ratio w: 0.58611107 ratio h: 0.49895835
01-05 12:13:45.527 14455 14631 E TAG : drawFace: texture ratio w: 0.5847222 ratio h: 0.49895832
01-05 12:13:45.534 14455 14631 D TAG : refreshParams: facetop: [0.0, 0.0]
01-05 12:13:45.534 14455 14631 D TAG : refreshParams: eyes_smiley: [0.0, 0.0]
01-05 12:13:45.534 14455 14631 D TAG : refreshParams: nose_bridge: [0.5, 0.5]
01-05 12:13:45.534 14455 14631 D TAG : refreshParams: nose_position: [0.5, 0.5]
01-05 12:13:45.550 14455 14455 I [LiveEventBus]: broadcast: com.lightcone.beautycam.viewmodel.event.SelectedFilterEvent@d7c9840 foreground: false with key: class com.lightcone.beautycam.viewmodel.event.SelectedFilterEvent
01-05 12:13:45.554 14455 14455 I [LiveEventBus]: broadcast: com.lightcone.beautycam.viewmodel.event.FilterIntensityUpdateEvent@5f08379 foreground: false with key: class com.lightcone.beautycam.viewmodel.event.FilterIntensityUpdateEvent
01-05 12:13:45.558 14455 14455 I [LiveEventBus]: post: com.lightcone.beautycam.viewmodel.event.SelectedFilterEvent@72acd1f with key: class com.lightcone.beautycam.viewmodel.event.SelectedFilterEvent
01-05 12:13:45.559 14455 14455 I [LiveEventBus]: message received: com.lightcone.beautycam.viewmodel.event.SelectedFilterEvent@72acd1f
01-05 12:13:45.560 14455 14455 I [LiveEventBus]: message received: com.lightcone.beautycam.viewmodel.event.SelectedFilterEvent@72acd1f
01-05 12:13:45.560 14455 14455 I [LiveEventBus]: message received: com.lightcone.beautycam.viewmodel.event.SelectedFilterEvent@72acd1f
01-05 12:13:45.560 14455 14455 I [LiveEventBus]: message received: com.lightcone.beautycam.viewmodel.event.SelectedFilterEvent@72acd1f
01-05 12:13:45.560 14455 14455 I [LiveEventBus]: message received: com.lightcone.beautycam.viewmodel.event.SelectedFilterEvent@72acd1f
01-05 12:13:45.560 14455 14455 W RecyclerView: An instance of a was started more than once. Each instance ofa is intended to only be used once. You should create a new instance for each use.
01-05 12:13:45.561 14455 14455 I [LiveEventBus]: message received: com.lightcone.beautycam.viewmodel.event.SelectedFilterEvent@72acd1f
01-05 12:13:45.561 14455 14455 I [LiveEventBus]: post: com.lightcone.beautycam.viewmodel.event.FilterIntensityUpdateEvent@20d2f58 with key: class com.lightcone.beautycam.viewmodel.event.FilterIntensityUpdateEvent
01-05 12:13:45.561 14455 14455 I [LiveEventBus]: message received: com.lightcone.beautycam.viewmodel.event.FilterIntensityUpdateEvent@20d2f58
01-05 12:13:45.561 14455 14455 I [LiveEventBus]: message received: com.lightcone.beautycam.viewmodel.event.FilterIntensityUpdateEvent@20d2f58
01-05 12:13:45.564 14455 14455 E TAG : bindData: https://src.guangzhuiyuan.com/a_kty0p5tvscposq0/image/filter/thumbnail/ snowfall02.webp
01-05 12:13:45.566 14455 14455 E TAG : bindData: https://src.guangzhuiyuan.com/a_kty0p5tvscposq0/image/filter/thumbnail/ snowfall03.webp
01-05 12:13:45.569 14455 14455 E TAG : bindData: https://src.guangzhuiyuan.com/a_kty0p5tvscposq0/image/filter/thumbnail/ snowfall04.webp
01-05 12:13:45.571 14455 14455 E TAG : bindData: https://src.guangzhuiyuan.com/a_kty0p5tvscposq0/image/filter/thumbnail/ snowfall05.webp
01-05 12:13:45.574 14455 14455 E TAG : bindData: https://src.guangzhuiyuan.com/a_kty0p5tvscposq0/image/filter/thumbnail/ snowfall06.webp
01-05 12:13:45.580 14455 14631 E TAG : drawFace: rect ratio w: 0.57916665 ratio h: 0.49895835
01-05 12:13:45.580 14455 14631 E TAG : drawFace: texture ratio w: 0.57916665 ratio h: 0.49895832
01-05 12:13:45.582 14455 14455 E TAG : bindData: https://src.guangzhuiyuan.com/a_kty0p5tvscposq0/image/filter/thumbnail/ snowfall07.webp
01-05 12:13:45.582 14455 14631 D TAG : refreshParams: facetop: [0.0, 0.0]
01-05 12:13:45.582 14455 14631 D TAG : refreshParams: eyes_smiley: [0.0, 0.0]
01-05 12:13:45.582 14455 14631 D TAG : refreshParams: nose_bridge: [0.5, 0.5]
01-05 12:13:45.582 14455 14631 D TAG : refreshParams: nose_position: [0.5, 0.5]
01-05 12:13:45.588 14455 14631 W Bitmap : Called getWidth() on a recycle()'d bitmap! This is undefined behavior!
01-05 12:13:45.588 14455 14631 W Bitmap : Called getHeight() on a recycle()'d bitmap! This is undefined behavior!
01-05 12:13:45.589 14455 14455 E TAG : bindData: https://src.guangzhuiyuan.com/a_kty0p5tvscposq0/image/filter/thumbnail/ snowfall08.webp
01-05 12:13:45.597 14455 14455 E TAG : bindData: https://src.guangzhuiyuan.com/a_kty0p5tvscposq0/image/filter/thumbnail/ snowfall09.webp
01-05 12:13:45.603 14455 14455 E TAG : bindData: https://src.guangzhuiyuan.com/a_kty0p5tvscposq0/image/filter/thumbnail/ softpink01.webp
01-05 12:13:45.608 14455 14455 E TAG : bindData: https://src.guangzhuiyuan.com/a_kty0p5tvscposq0/image/filter/thumbnail/ softpink02.webp
01-05 12:13:45.612 14455 14455 E TAG : bindData: https://src.guangzhuiyuan.com/a_kty0p5tvscposq0/image/filter/thumbnail/ softpink03.webp
01-05 12:13:45.617 14455 14455 E TAG : bindData: https://src.guangzhuiyuan.com/a_kty0p5tvscposq0/image/filter/thumbnail/ccd01.webp
01-05 12:13:45.624 14455 14455 E TAG : bindData: https://src.guangzhuiyuan.com/a_kty0p5tvscposq0/image/filter/thumbnail/ccd02.webp
01-05 12:13:45.629 14455 14631 E TAG : drawFace: rect ratio w: 0.57916665 ratio h: 0.49895835
01-05 12:13:45.629 14455 14631 E TAG : drawFace: texture ratio w: 0.57916665 ratio h: 0.49895832
01-05 12:13:45.631 14455 14631 D TAG : refreshParams: facetop: [0.0, 0.0]
01-05 12:13:45.631 14455 14631 D TAG : refreshParams: eyes_smiley: [0.0, 0.0]
01-05 12:13:45.631 14455 14631 D TAG : refreshParams: nose_bridge: [0.5, 0.5]
01-05 12:13:45.631 14455 14631 D TAG : refreshParams: nose_position: [0.5, 0.5]
01-05 12:13:45.631 14455 14455 E RecyclerView: Smooth Scroll action is being updated too frequently. Make sure you are not changing it unless necessary
01-05 12:13:45.644 14455 14455 E TAG : bindData: https://src.guangzhuiyuan.com/a_kty0p5tvscposq0/image/filter/thumbnail/ snowfall02.webp
01-05 12:13:45.649 14455 14455 E TAG : bindData: https://src.guangzhuiyuan.com/a_kty0p5tvscposq0/image/filter/thumbnail/ snowfall03.webp
01-05 12:13:45.668 14455 14500 W RenderInspector: DequeueBuffer time out on com.accarunit.beauty.camera.videocall/com.lightcone.beautycam.activity.BeautyCamera Activity, count=1, avg=17 ms, max=17 ms.
01-05 12:13:45.670 14455 14631 E TAG : drawFace: rect ratio w: 0.57916665 ratio h: 0.50416666
01-05 12:13:45.670 14455 14631 E TAG : drawFace: texture ratio w: 0.57916665 ratio h: 0.50416666
01-05 12:13:45.673 14455 14631 D TAG : refreshParams: facetop: [0.0, 0.0]
01-05 12:13:45.674 14455 14631 D TAG : refreshParams: eyes_smiley: [0.0, 0.0]
01-05 12:13:45.674 14455 14631 D TAG : refreshParams: nose_bridge: [0.5, 0.5]
01-05 12:13:45.674 14455 14631 D TAG : refreshParams: nose_position: [0.5, 0.5]
01-05 12:13:45.696 14455 14455 E TAG : bindData: https://src.guangzhuiyuan.com/a_kty0p5tvscposq0/image/filter/thumbnail/ snowfall04.webp
01-05 12:13:45.717 14455 14631 E TAG : drawFace: rect ratio w: 0.58611107 ratio h: 0.49895835
01-05 12:13:45.717 14455 14631 E TAG : drawFace: texture ratio w: 0.5847222 ratio h: 0.49895832
01-05 12:13:45.721 14455 14631 D TAG : refreshParams: facetop: [0.0, 0.0]
01-05 12:13:45.721 14455 14631 D TAG : refreshParams: eyes_smiley: [0.0, 0.0]
01-05 12:13:45.721 14455 14631 D TAG : refreshParams: nose_bridge: [0.5, 0.5]
01-05 12:13:45.721 14455 14631 D TAG : refreshParams: nose_position: [0.5, 0.5]
01-05 12:13:45.772 14455 14631 E TAG : drawFace: rect ratio w: 0.57916665 ratio h: 0.49375
01-05 12:13:45.772 14455 14631 E TAG : drawFace: texture ratio w: 0.57916665 ratio h: 0.49375
01-05 12:13:45.777 14455 14631 D TAG : refreshParams: facetop: [0.0, 0.0]
01-05 12:13:45.777 14455 14631 D TAG : refreshParams: eyes_smiley: [0.0, 0.0]
01-05 12:13:45.777 14455 14631 D TAG : refreshParams: nose_bridge: [0.5, 0.5]
01-05 12:13:45.777 14455 14631 D TAG : refreshParams: nose_position: [0.5, 0.5]
01-05 12:13:45.825 14455 14631 E TAG : drawFace: rect ratio w: 0.57916665 ratio h: 0.49375
01-05 12:13:45.825 14455 14631 E TAG : drawFace: texture ratio w: 0.57916665 ratio h: 0.49375
01-05 12:13:45.829 14455 14631 D TAG : refreshParams: facetop: [0.0, 0.0]
01-05 12:13:45.829 14455 14631 D TAG : refreshParams: eyes_smiley: [0.0, 0.0]
01-05 12:13:45.829 14455 14631 D TAG : refreshParams: nose_bridge: [0.5, 0.5]
01-05 12:13:45.829 14455 14631 D TAG : refreshParams: nose_position: [0.5, 0.5]
01-05 12:13:45.886 14455 14631 E TAG : drawFace: rect ratio w: 0.57916665 ratio h: 0.49375
01-05 12:13:45.886 14455 14631 E TAG : drawFace: texture ratio w: 0.57916665 ratio h: 0.49375
01-05 12:13:45.900 14455 14631 D TAG : refreshParams: facetop: [0.0, 0.0]
01-05 12:13:45.900 14455 14631 D TAG : refreshParams: eyes_smiley: [0.0, 0.0]
01-05 12:13:45.900 14455 14631 D TAG : refreshParams: nose_bridge: [0.5, 0.5]
