01-05 12:13:45.900 14455 14631 D TAG : refreshParams: nose_position: [0.5, 0.5]
01-05 12:13:45.951 14455 14631 E TAG : drawFace: rect ratio w: 0.57916665 ratio h: 0.49375
01-05 12:13:45.951 14455 14631 E TAG : drawFace: texture ratio w: 0.57916665 ratio h: 0.49375
01-05 12:13:45.957 14455 14631 D TAG : refreshParams: facetop: [0.0, 0.0]
01-05 12:13:45.957 14455 14631 D TAG : refreshParams: eyes_smiley: [0.0, 0.0]
01-05 12:13:45.957 14455 14631 D TAG : refreshParams: nose_bridge: [0.5, 0.5]
01-05 12:13:45.957 14455 14631 D TAG : refreshParams: nose_position: [0.5, 0.5]
01-05 12:13:46.004 14455 14631 E TAG : drawFace: rect ratio w: 0.57916665 ratio h: 0.49895835
01-05 12:13:46.004 14455 14631 E TAG : drawFace: texture ratio w: 0.57916665 ratio h: 0.49895832
01-05 12:13:46.009 14455 14631 D TAG : refreshParams: facetop: [0.0, 0.0]
01-05 12:13:46.009 14455 14631 D TAG : refreshParams: eyes_smiley: [0.0, 0.0]
01-05 12:13:46.009 14455 14631 D TAG : refreshParams: nose_bridge: [0.5, 0.5]
01-05 12:13:46.009 14455 14631 D TAG : refreshParams: nose_position: [0.5, 0.5]
01-05 12:13:46.055 14455 14631 E TAG : drawFace: rect ratio w: 0.57916665 ratio h: 0.49895835
01-05 12:13:46.056 14455 14631 E TAG : drawFace: texture ratio w: 0.57916665 ratio h: 0.49895832
01-05 12:13:46.060 14455 14631 D TAG : refreshParams: facetop: [0.0, 0.0]
01-05 12:13:46.060 14455 14631 D TAG : refreshParams: eyes_smiley: [0.0, 0.0]
01-05 12:13:46.060 14455 14631 D TAG : refreshParams: nose_bridge: [0.5, 0.5]
01-05 12:13:46.060 14455 14631 D TAG : refreshParams: nose_position: [0.5, 0.5]
01-05 12:13:46.112 14455 14631 E TAG : drawFace: rect ratio w: 0.57916665 ratio h: 0.49895835
01-05 12:13:46.113 14455 14631 E TAG : drawFace: texture ratio w: 0.57916665 ratio h: 0.49895832
01-05 12:13:46.122 14455 14631 D TAG : refreshParams: facetop: [0.0, 0.0]
01-05 12:13:46.122 14455 14631 D TAG : refreshParams: eyes_smiley: [0.0, 0.0]
01-05 12:13:46.122 14455 14631 D TAG : refreshParams: nose_bridge: [0.5, 0.5]
01-05 12:13:46.122 14455 14631 D TAG : refreshParams: nose_position: [0.5, 0.5]
01-05 12:13:46.175 14455 14631 E TAG : drawFace: rect ratio w: 0.58611107 ratio h: 0.49895835
01-05 12:13:46.175 14455 14631 E TAG : drawFace: texture ratio w: 0.5847222 ratio h: 0.49895832
01-05 12:13:46.193 14455 14631 D TAG : refreshParams: facetop: [0.0, 0.0]
01-05 12:13:46.193 14455 14631 D TAG : refreshParams: eyes_smiley: [0.0, 0.0]
01-05 12:13:46.193 14455 14631 D TAG : refreshParams: nose_bridge: [0.5, 0.5]
01-05 12:13:46.193 14455 14631 D TAG : refreshParams: nose_position: [0.5, 0.5]
01-05 12:13:46.249 14455 14631 E TAG : drawFace: rect ratio w: 0.58611107 ratio h: 0.49895835
01-05 12:13:46.249 14455 14631 E TAG : drawFace: texture ratio w: 0.5847222 ratio h: 0.49895832
01-05 12:13:46.265 14455 14631 D TAG : refreshParams: facetop: [0.0, 0.0]
01-05 12:13:46.265 14455 14631 D TAG : refreshParams: eyes_smiley: [0.0, 0.0]
01-05 12:13:46.265 14455 14631 D TAG : refreshParams: nose_bridge: [0.5, 0.5]
01-05 12:13:46.265 14455 14631 D TAG : refreshParams: nose_position: [0.5, 0.5]
01-05 12:13:46.318 14455 14631 E TAG : drawFace: rect ratio w: 0.57916665 ratio h: 0.49895835
01-05 12:13:46.318 14455 14631 E TAG : drawFace: texture ratio w: 0.57916665 ratio h: 0.49895832
01-05 12:13:46.322 14455 14631 D TAG : refreshParams: facetop: [0.0, 0.0]
01-05 12:13:46.322 14455 14631 D TAG : refreshParams: eyes_smiley: [0.0, 0.0]
01-05 12:13:46.322 14455 14631 D TAG : refreshParams: nose_bridge: [0.5, 0.5]
01-05 12:13:46.322 14455 14631 D TAG : refreshParams: nose_position: [0.5, 0.5]
01-05 12:13:46.386 14455 14631 E TAG : drawFace: rect ratio w: 0.57916665 ratio h: 0.49895835
01-05 12:13:46.386 14455 14631 E TAG : drawFace: texture ratio w: 0.57916665 ratio h: 0.49895832
01-05 12:13:46.399 14455 14631 D TAG : refreshParams: facetop: [0.0, 0.0]
01-05 12:13:46.399 14455 14631 D TAG : refreshParams: eyes_smiley: [0.0, 0.0]
01-05 12:13:46.399 14455 14631 D TAG : refreshParams: nose_bridge: [0.5, 0.5]
01-05 12:13:46.399 14455 14631 D TAG : refreshParams: nose_position: [0.5, 0.5]
01-05 12:13:46.459 14455 14631 E TAG : drawFace: rect ratio w: 0.57916665 ratio h: 0.49374998
01-05 12:13:46.459 14455 14631 E TAG : drawFace: texture ratio w: 0.57916665 ratio h: 0.49270833
01-05 12:13:46.482 14455 14631 D TAG : refreshParams: facetop: [0.0, 0.0]
01-05 12:13:46.482 14455 14631 D TAG : refreshParams: eyes_smiley: [0.0, 0.0]
01-05 12:13:46.482 14455 14631 D TAG : refreshParams: nose_bridge: [0.5, 0.5]
01-05 12:13:46.482 14455 14631 D TAG : refreshParams: nose_position: [0.5, 0.5]
01-05 12:13:46.544 14455 14631 E TAG : drawFace: rect ratio w: 0.57916665 ratio h: 0.49895835
01-05 12:13:46.545 14455 14631 E TAG : drawFace: texture ratio w: 0.57916665 ratio h: 0.49895832
01-05 12:13:46.564 14455 14631 D TAG : refreshParams: facetop: [0.0, 0.0]
01-05 12:13:46.564 14455 14631 D TAG : refreshParams: eyes_smiley: [0.0, 0.0]
01-05 12:13:46.564 14455 14631 D TAG : refreshParams: nose_bridge: [0.5, 0.5]
01-05 12:13:46.564 14455 14631 D TAG : refreshParams: nose_position: [0.5, 0.5]
01-05 12:13:46.618 14455 14631 E TAG : drawFace: rect ratio w: 0.57916665 ratio h: 0.49374998
01-05 12:13:46.619 14455 14631 E TAG : drawFace: texture ratio w: 0.57916665 ratio h: 0.49270833
01-05 12:13:46.636 14455 14631 D TAG : refreshParams: facetop: [0.0, 0.0]
01-05 12:13:46.636 14455 14631 D TAG : refreshParams: eyes_smiley: [0.0, 0.0]
01-05 12:13:46.636 14455 14631 D TAG : refreshParams: nose_bridge: [0.5, 0.5]
01-05 12:13:46.636 14455 14631 D TAG : refreshParams: nose_position: [0.5, 0.5]
01-05 12:13:46.699 14455 14631 E TAG : drawFace: rect ratio w: 0.57916665 ratio h: 0.49895835
01-05 12:13:46.699 14455 14631 E TAG : drawFace: texture ratio w: 0.57916665 ratio h: 0.49895832
01-05 12:13:46.701 14455 14455 I [LiveEventBus]: broadcast: com.lightcone.beautycam.viewmodel.event.SelectedFilterEvent@375be10 foreground: false with key: class com.lightcone.beautycam.viewmodel.event.SelectedFilterEvent
01-05 12:13:46.705 14455 14455 I [LiveEventBus]: broadcast: com.lightcone.beautycam.viewmodel.event.SelectedFilterGroupEvent@96afd09 foreground: false with key: class com.lightcone.beautycam.viewmodel.event.SelectedFilterGroupEvent
01-05 12:13:46.709 14455 14455 I [LiveEventBus]: broadcast: com.lightcone.beautycam.viewmodel.event.FilterIntensityUpdateEvent@99cab0e foreground: false with key: class com.lightcone.beautycam.viewmodel.event.FilterIntensityUpdateEvent
01-05 12:13:46.715 14455 14631 D TAG : refreshParams: facetop: [0.0, 0.0]
01-05 12:13:46.715 14455 14631 D TAG : refreshParams: eyes_smiley: [0.0, 0.0]
01-05 12:13:46.715 14455 14631 D TAG : refreshParams: nose_bridge: [0.5, 0.5]
01-05 12:13:46.716 14455 14631 D TAG : refreshParams: nose_position: [0.5, 0.5]
01-05 12:13:46.718 14455 14455 I [LiveEventBus]: post: com.lightcone.beautycam.viewmodel.event.SelectedFilterEvent@ea7492f with key: class com.lightcone.beautycam.viewmodel.event.SelectedFilterEvent
01-05 12:13:46.722 14455 14455 I [LiveEventBus]: message received: com.lightcone.beautycam.viewmodel.event.SelectedFilterEvent@ea7492f
01-05 12:13:46.725 14455 14455 I [LiveEventBus]: message received: com.lightcone.beautycam.viewmodel.event.SelectedFilterEvent@ea7492f
01-05 12:13:46.726 14455 14455 I [LiveEventBus]: message received: com.lightcone.beautycam.viewmodel.event.SelectedFilterEvent@ea7492f
01-05 12:13:46.726 14455 14455 I [LiveEventBus]: message received: com.lightcone.beautycam.viewmodel.event.SelectedFilterEvent@ea7492f
01-05 12:13:46.727 14455 14455 I [LiveEventBus]: message received: com.lightcone.beautycam.viewmodel.event.SelectedFilterEvent@ea7492f
01-05 12:13:46.728 14455 14455 W RecyclerView: An instance of a was started more than once. Each instance ofa is intended to only be used once. You should create a new instance for each use.
01-05 12:13:46.728 14455 14455 I [LiveEventBus]: message received: com.lightcone.beautycam.viewmodel.event.SelectedFilterEvent@ea7492f
01-05 12:13:46.730 14455 14455 I [LiveEventBus]: post: com.lightcone.beautycam.viewmodel.event.SelectedFilterGroupEvent@e184441 with key: class com.lightcone.beautycam.viewmodel.event.SelectedFilterGroupEvent
01-05 12:13:46.731 14455 14455 I [LiveEventBus]: message received: com.lightcone.beautycam.viewmodel.event.SelectedFilterGroupEvent@e184441
01-05 12:13:46.732 14455 14455 I [LiveEventBus]: message received: com.lightcone.beautycam.viewmodel.event.SelectedFilterGroupEvent@e184441
01-05 12:13:46.734 14455 14455 I [LiveEventBus]: post: com.lightcone.beautycam.viewmodel.event.FilterIntensityUpdateEvent@8012f27 with key: class com.lightcone.beautycam.viewmodel.event.FilterIntensityUpdateEvent
01-05 12:13:46.734 14455 14455 I [LiveEventBus]: message received: com.lightcone.beautycam.viewmodel.event.FilterIntensityUpdateEvent@8012f27
01-05 12:13:46.734 14455 14455 I [LiveEventBus]: message received: com.lightcone.beautycam.viewmodel.event.FilterIntensityUpdateEvent@8012f27
01-05 12:13:46.743 14455 14455 E TAG : bindData: https://src.guangzhuiyuan.com/a_kty0p5tvscposq0/image/filter/thumbnail/ snowfall04.webp
01-05 12:13:46.748 14455 14455 E TAG : bindData: https://src.guangzhuiyuan.com/a_kty0p5tvscposq0/image/filter/thumbnail/ snowfall05.webp
01-05 12:13:46.753 14455 14455 E TAG : bindData: https://src.guangzhuiyuan.com/a_kty0p5tvscposq0/image/filter/thumbnail/ snowfall06.webp
01-05 12:13:46.758 14455 14455 E TAG : bindData: https://src.guangzhuiyuan.com/a_kty0p5tvscposq0/image/filter/thumbnail/ snowfall07.webp
01-05 12:13:46.763 14455 14455 E TAG : bindData: https://src.guangzhuiyuan.com/a_kty0p5tvscposq0/image/filter/thumbnail/ snowfall08.webp
01-05 12:13:46.777 14455 14455 E TAG : bindData: https://src.guangzhuiyuan.com/a_kty0p5tvscposq0/image/filter/thumbnail/ snowfall09.webp
01-05 12:13:46.778 14455 14631 E TAG : drawFace: rect ratio w: 0.56527776 ratio h: 0.49895835
01-05 12:13:46.778 14455 14631 E TAG : drawFace: texture ratio w: 0.5638889 ratio h: 0.49895832
01-05 12:13:46.790 14455 14455 E TAG : bindData: https://src.guangzhuiyuan.com/a_kty0p5tvscposq0/image/filter/thumbnail/ softpink01.webp
01-05 12:13:46.790 14455 14631 D TAG : refreshParams: facetop: [0.0, 0.0]
01-05 12:13:46.790 14455 14631 D TAG : refreshParams: eyes_smiley: [0.0, 0.0]
01-05 12:13:46.790 14455 14631 D TAG : refreshParams: nose_bridge: [0.5, 0.5]
01-05 12:13:46.790 14455 14631 D TAG : refreshParams: nose_position: [0.5, 0.5]
01-05 12:13:46.805 14455 14455 E TAG : bindData: https://src.guangzhuiyuan.com/a_kty0p5tvscposq0/image/filter/thumbnail/ softpink02.webp
01-05 12:13:46.813 14455 14455 E TAG : bindData: https://src.guangzhuiyuan.com/a_kty0p5tvscposq0/image/filter/thumbnail/ softpink03.webp
01-05 12:13:46.819 14455 14455 E TAG : bindData: https://src.guangzhuiyuan.com/a_kty0p5tvscposq0/image/filter/thumbnail/ccd01.webp
01-05 12:13:46.825 14455 14455 E TAG : bindData: https://src.guangzhuiyuan.com/a_kty0p5tvscposq0/image/filter/thumbnail/ccd02.webp
01-05 12:13:46.832 14455 14455 E TAG : bindData: https://src.guangzhuiyuan.com/a_kty0p5tvscposq0/image/filter/thumbnail/ccd03.webp
01-05 12:13:46.839 14455 14455 E TAG : bindData: https://src.guangzhuiyuan.com/a_kty0p5tvscposq0/image/filter/thumbnail/ccd04.webp
01-05 12:13:46.840 14455 14631 E TAG : drawFace: rect ratio w: 0.56527776 ratio h: 0.50416666
01-05 12:13:46.840 14455 14631 E TAG : drawFace: texture ratio w: 0.5638889 ratio h: 0.50416666
01-05 12:13:46.844 14455 14631 D TAG : refreshParams: facetop: [0.0, 0.0]
01-05 12:13:46.844 14455 14631 D TAG : refreshParams: eyes_smiley: [0.0, 0.0]
01-05 12:13:46.844 14455 14631 D TAG : refreshParams: nose_bridge: [0.5, 0.5]
01-05 12:13:46.844 14455 14631 D TAG : refreshParams: nose_position: [0.5, 0.5]
01-05 12:13:46.849 14455 14631 W Bitmap : Called getWidth() on a recycle()'d bitmap! This is undefined behavior!
01-05 12:13:46.849 14455 14631 W Bitmap : Called getHeight() on a recycle()'d bitmap! This is undefined behavior!
01-05 12:13:46.851 14455 14455 E RecyclerView: Smooth Scroll action is being updated too frequently. Make sure you are not changing it unless necessary
01-05 12:13:46.853 14455 14631 W Bitmap : Called getWidth() on a recycle()'d bitmap! This is undefined behavior!
01-05 12:13:46.853 14455 14631 W Bitmap : Called getHeight() on a recycle()'d bitmap! This is undefined behavior!
01-05 12:13:46.880 14455 14455 W RecyclerView: An instance of a was started more than once. Each instance ofa is intended to only be used once. You should create a new instance for each use.
01-05 12:13:46.881 14455 14455 E TAG : bindData: https://src.guangzhuiyuan.com/a_kty0p5tvscposq0/image/filter/thumbnail/ snowfall04.webp
01-05 12:13:46.888 14455 14500 W RenderInspector: QueueBuffer time out on com.accarunit.beauty.camera.videocall/com.lightcone.beautycam.activity.BeautyCamera Activity, count=11, avg=9 ms, max=22 ms.
01-05 12:13:46.890 14455 14631 E TAG : drawFace: rect ratio w: 0.57222223 ratio h: 0.50416666
01-05 12:13:46.890 14455 14631 E TAG : drawFace: texture ratio w: 0.57222223 ratio h: 0.50416666
01-05 12:13:46.893 14455 14631 D TAG : refreshParams: facetop: [0.0, 0.0]
01-05 12:13:46.893 14455 14631 D TAG : refreshParams: eyes_smiley: [0.0, 0.0]
01-05 12:13:46.893 14455 14631 D TAG : refreshParams: nose_bridge: [0.5, 0.5]
01-05 12:13:46.893 14455 14631 D TAG : refreshParams: nose_position: [0.5, 0.5]
01-05 12:13:46.941 14455 14631 E TAG : drawFace: rect ratio w: 0.57222223 ratio h: 0.50416666
01-05 12:13:46.941 14455 14631 E TAG : drawFace: texture ratio w: 0.57222223 ratio h: 0.50416666
01-05 12:13:46.945 14455 14631 D TAG : refreshParams: facetop: [0.0, 0.0]
01-05 12:13:46.945 14455 14631 D TAG : refreshParams: eyes_smiley: [0.0, 0.0]
01-05 12:13:46.945 14455 14631 D TAG : refreshParams: nose_bridge: [0.5, 0.5]
01-05 12:13:46.946 14455 14631 D TAG : refreshParams: nose_position: [0.5, 0.5]
01-05 12:13:46.990 14455 14631 E TAG : drawFace: rect ratio w: 0.57916665 ratio h: 0.50416666
01-05 12:13:46.991 14455 14631 E TAG : drawFace: texture ratio w: 0.57916665 ratio h: 0.50416666
01-05 12:13:46.996 14455 14631 D TAG : refreshParams: facetop: [0.0, 0.0]
01-05 12:13:46.996 14455 14631 D TAG : refreshParams: eyes_smiley: [0.0, 0.0]
01-05 12:13:46.996 14455 14631 D TAG : refreshParams: nose_bridge: [0.5, 0.5]
01-05 12:13:46.996 14455 14631 D TAG : refreshParams: nose_position: [0.5, 0.5]
01-05 12:13:47.040 14455 14631 E TAG : drawFace: rect ratio w: 0.57916665 ratio h: 0.49895832
01-05 12:13:47.040 14455 14631 E TAG : drawFace: texture ratio w: 0.57916665 ratio h: 0.49895832
01-05 12:13:47.046 14455 14631 D TAG : refreshParams: facetop: [0.0, 0.0]
01-05 12:13:47.046 14455 14631 D TAG : refreshParams: eyes_smiley: [0.0, 0.0]
01-05 12:13:47.046 14455 14631 D TAG : refreshParams: nose_bridge: [0.5, 0.5]
01-05 12:13:47.046 14455 14631 D TAG : refreshParams: nose_position: [0.5, 0.5]
01-05 12:13:47.101 14455 14631 E TAG : drawFace: rect ratio w: 0.57222223 ratio h: 0.50416666
01-05 12:13:47.102 14455 14631 E TAG : drawFace: texture ratio w: 0.57222223 ratio h: 0.50416666
01-05 12:13:47.116 14455 14631 D TAG : refreshParams: facetop: [0.0, 0.0]
01-05 12:13:47.116 14455 14631 D TAG : refreshParams: eyes_smiley: [0.0, 0.0]
01-05 12:13:47.117 14455 14631 D TAG : refreshParams: nose_bridge: [0.5, 0.5]
01-05 12:13:47.117 14455 14631 D TAG : refreshParams: nose_position: [0.5, 0.5]
01-05 12:13:47.174 14455 14631 E TAG : drawFace: rect ratio w: 0.57222223 ratio h: 0.50416666
01-05 12:13:47.174 14455 14631 E TAG : drawFace: texture ratio w: 0.57222223 ratio h: 0.50416666
01-05 12:13:47.178 14455 14631 D TAG : refreshParams: facetop: [0.0, 0.0]
01-05 12:13:47.178 14455 14631 D TAG : refreshParams: eyes_smiley: [0.0, 0.0]
01-05 12:13:47.178 14455 14631 D TAG : refreshParams: nose_bridge: [0.5, 0.5]
01-05 12:13:47.178 14455 14631 D TAG : refreshParams: nose_position: [0.5, 0.5]
01-05 12:13:47.234 14455 14631 E TAG : drawFace: rect ratio w: 0.57916665 ratio h: 0.50416666
01-05 12:13:47.234 14455 14631 E TAG : drawFace: texture ratio w: 0.57916665 ratio h: 0.50416666
01-05 12:13:47.244 14455 14631 D TAG : refreshParams: facetop: [0.0, 0.0]
01-05 12:13:47.244 14455 14631 D TAG : refreshParams: eyes_smiley: [0.0, 0.0]
01-05 12:13:47.245 14455 14631 D TAG : refreshParams: nose_bridge: [0.5, 0.5]
01-05 12:13:47.245 14455 14631 D TAG : refreshParams: nose_position: [0.5, 0.5]
01-05 12:13:47.293 14455 14631 E TAG : drawFace: rect ratio w: 0.57916665 ratio h: 0.49895835
01-05 12:13:47.293 14455 14631 E TAG : drawFace: texture ratio w: 0.57916665 ratio h: 0.49895832
01-05 12:13:47.297 14455 14631 D TAG : refreshParams: facetop: [0.0, 0.0]
01-05 12:13:47.297 14455 14631 D TAG : refreshParams: eyes_smiley: [0.0, 0.0]
01-05 12:13:47.297 14455 14631 D TAG : refreshParams: nose_bridge: [0.5, 0.5]
01-05 12:13:47.297 14455 14631 D TAG : refreshParams: nose_position: [0.5, 0.5]
01-05 12:13:47.368 14455 14631 E TAG : drawFace: rect ratio w: 0.57916665 ratio h: 0.50416666
01-05 12:13:47.368 14455 14631 E TAG : drawFace: texture ratio w: 0.57916665 ratio h: 0.50416666
01-05 12:13:47.373 14455 14631 D TAG : refreshParams: facetop: [0.0, 0.0]
01-05 12:13:47.373 14455 14631 D TAG : refreshParams: eyes_smiley: [0.0, 0.0]
01-05 12:13:47.373 14455 14631 D TAG : refreshParams: nose_bridge: [0.5, 0.5]
01-05 12:13:47.373 14455 14631 D TAG : refreshParams: nose_position: [0.5, 0.5]
01-05 12:13:47.426 14455 14631 E TAG : drawFace: rect ratio w: 0.57916665 ratio h: 0.50416666
01-05 12:13:47.426 14455 14631 E TAG : drawFace: texture ratio w: 0.57916665 ratio h: 0.50416666
01-05 12:13:47.430 14455 14631 D TAG : refreshParams: facetop: [0.0, 0.0]
01-05 12:13:47.430 14455 14631 D TAG : refreshParams: eyes_smiley: [0.0, 0.0]
01-05 12:13:47.430 14455 14631 D TAG : refreshParams: nose_bridge: [0.5, 0.5]
01-05 12:13:47.430 14455 14631 D TAG : refreshParams: nose_position: [0.5, 0.5]
01-05 12:13:47.481 14455 14631 E TAG : drawFace: rect ratio w: 0.57916665 ratio h: 0.50416666
01-05 12:13:47.481 14455 14631 E TAG : drawFace: texture ratio w: 0.57916665 ratio h: 0.50416666
01-05 12:13:47.485 14455 14631 D TAG : refreshParams: facetop: [0.0, 0.0]
01-05 12:13:47.485 14455 14631 D TAG : refreshParams: eyes_smiley: [0.0, 0.0]
01-05 12:13:47.485 14455 14631 D TAG : refreshParams: nose_bridge: [0.5, 0.5]
01-05 12:13:47.485 14455 14631 D TAG : refreshParams: nose_position: [0.5, 0.5]
01-05 12:13:47.533 14455 14631 E TAG : drawFace: rect ratio w: 0.57916665 ratio h: 0.509375
01-05 12:13:47.533 14455 14631 E TAG : drawFace: texture ratio w: 0.57916665 ratio h: 0.5083333
01-05 12:13:47.539 14455 14631 D TAG : refreshParams: facetop: [0.0, 0.0]
01-05 12:13:47.539 14455 14631 D TAG : refreshParams: eyes_smiley: [0.0, 0.0]
01-05 12:13:47.539 14455 14631 D TAG : refreshParams: nose_bridge: [0.5, 0.5]
01-05 12:13:47.539 14455 14631 D TAG : refreshParams: nose_position: [0.5, 0.5]
01-05 12:13:47.588 14455 14631 E TAG : drawFace: rect ratio w: 0.57916665 ratio h: 0.50416666
01-05 12:13:47.588 14455 14631 E TAG : drawFace: texture ratio w: 0.57916665 ratio h: 0.50416666
01-05 12:13:47.601 14455 14631 D TAG : refreshParams: facetop: [0.0, 0.0]
01-05 12:13:47.602 14455 14631 D TAG : refreshParams: eyes_smiley: [0.0, 0.0]
01-05 12:13:47.602 14455 14631 D TAG : refreshParams: nose_bridge: [0.5, 0.5]
01-05 12:13:47.602 14455 14631 D TAG : refreshParams: nose_position: [0.5, 0.5]
01-05 12:13:47.654 14455 14631 E TAG : drawFace: rect ratio w: 0.57916665 ratio h: 0.49895835
01-05 12:13:47.654 14455 14631 E TAG : drawFace: texture ratio w: 0.57916665 ratio h: 0.49895832
01-05 12:13:47.673 14455 14631 D TAG : refreshParams: facetop: [0.0, 0.0]
01-05 12:13:47.673 14455 14631 D TAG : refreshParams: eyes_smiley: [0.0, 0.0]
01-05 12:13:47.673 14455 14631 D TAG : refreshParams: nose_bridge: [0.5, 0.5]
01-05 12:13:47.674 14455 14631 D TAG : refreshParams: nose_position: [0.5, 0.5]
01-05 12:13:47.736 14455 14631 E TAG : drawFace: rect ratio w: 0.57916665 ratio h: 0.49895835
01-05 12:13:47.736 14455 14631 E TAG : drawFace: texture ratio w: 0.57916665 ratio h: 0.49895832
01-05 12:13:47.754 14455 14631 D TAG : refreshParams: facetop: [0.0, 0.0]
01-05 12:13:47.755 14455 14631 D TAG : refreshParams: eyes_smiley: [0.0, 0.0]
01-05 12:13:47.755 14455 14631 D TAG : refreshParams: nose_bridge: [0.5, 0.5]
01-05 12:13:47.755 14455 14631 D TAG : refreshParams: nose_position: [0.5, 0.5]
01-05 12:13:47.804 14455 14455 I [LiveEventBus]: post: com.lightcone.beautycam.viewmodel.event.ResourceDownloadEvent@4c889e3 with key: class com.lightcone.beautycam.viewmodel.event.ResourceDownloadEvent
01-05 12:13:47.805 14455 14455 I [LiveEventBus]: message received: com.lightcone.beautycam.viewmodel.event.ResourceDownloadEvent@4c889e3
01-05 12:13:47.807 14455 14455 I [LiveEventBus]: message received: com.lightcone.beautycam.viewmodel.event.ResourceDownloadEvent@4c889e3
01-05 12:13:47.818 14455 14631 E TAG : drawFace: rect ratio w: 0.5861111 ratio h: 0.50416666
01-05 12:13:47.818 14455 14631 E TAG : drawFace: texture ratio w: 0.5861111 ratio h: 0.50416666
01-05 12:13:47.836 14455 14455 E TAG : bindData: https://src.guangzhuiyuan.com/a_kty0p5tvscposq0/image/filter/thumbnail/ snowfall05.webp
01-05 12:13:47.841 14455 14631 D TAG : refreshParams: facetop: [0.0, 0.0]
01-05 12:13:47.841 14455 14631 D TAG : refreshParams: eyes_smiley: [0.0, 0.0]
01-05 12:13:47.841 14455 14631 D TAG : refreshParams: nose_bridge: [0.5, 0.5]
01-05 12:13:47.841 14455 14631 D TAG : refreshParams: nose_position: [0.5, 0.5]
01-05 12:13:47.886 14455 14631 E TAG : drawFace: rect ratio w: 0.57916665 ratio h: 0.50416666
01-05 12:13:47.886 14455 14631 E TAG : drawFace: texture ratio w: 0.57916665 ratio h: 0.50416666
01-05 12:13:47.888 14455 14631 D TAG : refreshParams: facetop: [0.0, 0.0]
01-05 12:13:47.889 14455 14631 D TAG : refreshParams: eyes_smiley: [0.0, 0.0]
01-05 12:13:47.889 14455 14631 D TAG : refreshParams: nose_bridge: [0.5, 0.5]
01-05 12:13:47.889 14455 14631 D TAG : refreshParams: nose_position: [0.5, 0.5]
01-05 12:13:47.935 14455 14631 E TAG : drawFace: rect ratio w: 0.57916665 ratio h: 0.509375
01-05 12:13:47.935 14455 14631 E TAG : drawFace: texture ratio w: 0.57916665 ratio h: 0.5083333
01-05 12:13:47.941 14455 14631 D TAG : refreshParams: facetop: [0.0, 0.0]
01-05 12:13:47.941 14455 14631 D TAG : refreshParams: eyes_smiley: [0.0, 0.0]
01-05 12:13:47.941 14455 14631 D TAG : refreshParams: nose_bridge: [0.5, 0.5]
01-05 12:13:47.941 14455 14631 D TAG : refreshParams: nose_position: [0.5, 0.5]
01-05 12:13:47.946 14455 14500 W RenderInspector: QueueBuffer time out on com.accarunit.beauty.camera.videocall/com.lightcone.beautycam.activity.BeautyCamera Activity, count=3, avg=13 ms, max=19 ms.
01-05 12:13:47.987 14455 14455 I [LiveEventBus]: broadcast: com.lightcone.beautycam.viewmodel.event.SelectedFilterEvent@fc8b5c3 foreground: false with key: class com.lightcone.beautycam.viewmodel.event.SelectedFilterEvent
01-05 12:13:47.987 14455 14631 E TAG : drawFace: rect ratio w: 0.57916665 ratio h: 0.50416666
01-05 12:13:47.987 14455 14631 E TAG : drawFace: texture ratio w: 0.57916665 ratio h: 0.50416666
01-05 12:13:47.989 14455 14455 I [LiveEventBus]: broadcast: com.lightcone.beautycam.viewmodel.event.FilterIntensityUpdateEvent@7a8fe40 foreground: false with key: class com.lightcone.beautycam.viewmodel.event.FilterIntensityUpdateEvent
01-05 12:13:47.991 14455 14631 D TAG : refreshParams: facetop: [0.0, 0.0]
01-05 12:13:47.991 14455 14631 D TAG : refreshParams: eyes_smiley: [0.0, 0.0]
01-05 12:13:47.991 14455 14631 D TAG : refreshParams: nose_bridge: [0.5, 0.5]
01-05 12:13:47.991 14455 14631 D TAG : refreshParams: nose_position: [0.5, 0.5]
01-05 12:13:47.992 14455 14455 I [LiveEventBus]: post: com.lightcone.beautycam.viewmodel.event.ResourceDownloadEvent@5ebf179 with key: class com.lightcone.beautycam.viewmodel.event.ResourceDownloadEvent
01-05 12:13:47.992 14455 14455 I [LiveEventBus]: message received: com.lightcone.beautycam.viewmodel.event.ResourceDownloadEvent@5ebf179
01-05 12:13:47.992 14455 14455 I [LiveEventBus]: message received: com.lightcone.beautycam.viewmodel.event.ResourceDownloadEvent@5ebf179
01-05 12:13:48.012 14455 14455 I [LiveEventBus]: post: com.lightcone.beautycam.viewmodel.event.SelectedFilterEvent@43fbe6c with key: class com.lightcone.beautycam.viewmodel.event.SelectedFilterEvent
01-05 12:13:48.012 14455 14455 I [LiveEventBus]: message received: com.lightcone.beautycam.viewmodel.event.SelectedFilterEvent@43fbe6c
01-05 12:13:48.014 14455 14455 I [LiveEventBus]: message received: com.lightcone.beautycam.viewmodel.event.SelectedFilterEvent@43fbe6c
01-05 12:13:48.015 14455 14455 I [LiveEventBus]: message received: com.lightcone.beautycam.viewmodel.event.SelectedFilterEvent@43fbe6c
01-05 12:13:48.015 14455 14455 I [LiveEventBus]: message received: com.lightcone.beautycam.viewmodel.event.SelectedFilterEvent@43fbe6c
01-05 12:13:48.015 14455 14455 I [LiveEventBus]: message received: com.lightcone.beautycam.viewmodel.event.SelectedFilterEvent@43fbe6c
01-05 12:13:48.016 14455 14455 W RecyclerView: An instance of a was started more than once. Each instance ofa is intended to only be used once. You should create a new instance for each use.
01-05 12:13:48.016 14455 14455 I [LiveEventBus]: message received: com.lightcone.beautycam.viewmodel.event.SelectedFilterEvent@43fbe6c
01-05 12:13:48.017 14455 14455 I [LiveEventBus]: post: com.lightcone.beautycam.viewmodel.event.FilterIntensityUpdateEvent@2a91a3b with key: class com.lightcone.beautycam.viewmodel.event.FilterIntensityUpdateEvent
01-05 12:13:48.017 14455 14455 I [LiveEventBus]: message received: com.lightcone.beautycam.viewmodel.event.FilterIntensityUpdateEvent@2a91a3b
01-05 12:13:48.017 14455 14455 I [LiveEventBus]: message received: com.lightcone.beautycam.viewmodel.event.FilterIntensityUpdateEvent@2a91a3b
01-05 12:13:48.032 14455 14455 E TAG : bindData: https://src.guangzhuiyuan.com/a_kty0p5tvscposq0/image/filter/thumbnail/ snowfall05.webp
01-05 12:13:48.040 14455 14455 E TAG : bindData: https://src.guangzhuiyuan.com/a_kty0p5tvscposq0/image/filter/thumbnail/ snowfall06.webp
01-05 12:13:48.043 14455 14631 E TAG : drawFace: rect ratio w: 0.57916665 ratio h: 0.50416666
01-05 12:13:48.044 14455 14631 E TAG : drawFace: texture ratio w: 0.57916665 ratio h: 0.50416666
01-05 12:13:48.046 14455 14455 E TAG : bindData: https://src.guangzhuiyuan.com/a_kty0p5tvscposq0/image/filter/thumbnail/ snowfall07.webp
01-05 12:13:48.048 14455 14631 D TAG : refreshParams: facetop: [0.0, 0.0]
01-05 12:13:48.048 14455 14631 D TAG : refreshParams: eyes_smiley: [0.0, 0.0]
01-05 12:13:48.048 14455 14631 D TAG : refreshParams: nose_bridge: [0.5, 0.5]
01-05 12:13:48.048 14455 14631 D TAG : refreshParams: nose_position: [0.5, 0.5]
01-05 12:13:48.050 14455 14455 E TAG : bindData: https://src.guangzhuiyuan.com/a_kty0p5tvscposq0/image/filter/thumbnail/ snowfall08.webp
01-05 12:13:48.057 14455 14455 E TAG : bindData: https://src.guangzhuiyuan.com/a_kty0p5tvscposq0/image/filter/thumbnail/ snowfall09.webp
01-05 12:13:48.066 14455 14455 E TAG : bindData: https://src.guangzhuiyuan.com/a_kty0p5tvscposq0/image/filter/thumbnail/ softpink01.webp
01-05 12:13:48.073 14455 14455 E TAG : bindData: https://src.guangzhuiyuan.com/a_kty0p5tvscposq0/image/filter/thumbnail/ softpink02.webp
01-05 12:13:48.078 14455 14455 E TAG : bindData: https://src.guangzhuiyuan.com/a_kty0p5tvscposq0/image/filter/thumbnail/ softpink03.webp
01-05 12:13:48.083 14455 14455 E TAG : bindData: https://src.guangzhuiyuan.com/a_kty0p5tvscposq0/image/filter/thumbnail/ccd01.webp
01-05 12:13:48.088 14455 14455 E TAG : bindData: https://src.guangzhuiyuan.com/a_kty0p5tvscposq0/image/filter/thumbnail/ccd02.webp
01-05 12:13:48.093 14455 14631 E TAG : drawFace: rect ratio w: 0.57916665 ratio h: 0.49895835
01-05 12:13:48.093 14455 14631 E TAG : drawFace: texture ratio w: 0.57916665 ratio h: 0.49895832
01-05 12:13:48.095 14455 14455 E TAG : bindData: https://src.guangzhuiyuan.com/a_kty0p5tvscposq0/image/filter/thumbnail/ccd03.webp
01-05 12:13:48.097 14455 14631 D TAG : refreshParams: facetop: [0.0, 0.0]
01-05 12:13:48.097 14455 14631 D TAG : refreshParams: eyes_smiley: [0.0, 0.0]
01-05 12:13:48.097 14455 14631 D TAG : refreshParams: nose_bridge: [0.5, 0.5]
01-05 12:13:48.097 14455 14631 D TAG : refreshParams: nose_position: [0.5, 0.5]
01-05 12:13:48.101 14455 14455 E TAG : bindData: https://src.guangzhuiyuan.com/a_kty0p5tvscposq0/image/filter/thumbnail/ccd04.webp
01-05 12:13:48.102 14455 14631 W Bitmap : Called getWidth() on a recycle()'d bitmap! This is undefined behavior!
01-05 12:13:48.102 14455 14631 W Bitmap : Called getHeight() on a recycle()'d bitmap! This is undefined behavior!
01-05 12:13:48.106 14455 14631 W Bitmap : Called getWidth() on a recycle()'d bitmap! This is undefined behavior!
01-05 12:13:48.106 14455 14631 W Bitmap : Called getHeight() on a recycle()'d bitmap! This is undefined behavior!
01-05 12:13:48.107 14455 14455 E TAG : bindData: https://src.guangzhuiyuan.com/a_kty0p5tvscposq0/image/filter/thumbnail/ccd05.webp
01-05 12:13:48.113 14455 14455 E RecyclerView: Smooth Scroll action is being updated too frequently. Make sure you are not changing it unless necessary
01-05 12:13:48.127 14455 14455 E TAG : bindData: https://src.guangzhuiyuan.com/a_kty0p5tvscposq0/image/filter/thumbnail/ snowfall05.webp
01-05 12:13:48.133 14455 14455 E TAG : bindData: https://src.guangzhuiyuan.com/a_kty0p5tvscposq0/image/filter/thumbnail/ snowfall06.webp
01-05 12:13:48.136 14455 14631 E TAG : drawFace: rect ratio w: 0.57916665 ratio h: 0.49375
01-05 12:13:48.136 14455 14631 E TAG : drawFace: texture ratio w: 0.57916665 ratio h: 0.49375
01-05 12:13:48.140 14455 14631 D TAG : refreshParams: facetop: [0.0, 0.0]
01-05 12:13:48.140 14455 14631 D TAG : refreshParams: eyes_smiley: [0.0, 0.0]
01-05 12:13:48.140 14455 14631 D TAG : refreshParams: nose_bridge: [0.5, 0.5]
01-05 12:13:48.140 14455 14631 D TAG : refreshParams: nose_position: [0.5, 0.5]
01-05 12:13:48.183 14455 14631 E TAG : drawFace: rect ratio w: 0.57916665 ratio h: 0.49375
01-05 12:13:48.184 14455 14631 E TAG : drawFace: texture ratio w: 0.57916665 ratio h: 0.49375
01-05 12:13:48.187 14455 14631 D TAG : refreshParams: facetop: [0.0, 0.0]
01-05 12:13:48.187 14455 14631 D TAG : refreshParams: eyes_smiley: [0.0, 0.0]
01-05 12:13:48.188 14455 14631 D TAG : refreshParams: nose_bridge: [0.5, 0.5]
01-05 12:13:48.188 14455 14631 D TAG : refreshParams: nose_position: [0.5, 0.5]
01-05 12:13:48.232 14455 14631 E TAG : drawFace: rect ratio w: 0.5861111 ratio h: 0.49895832
01-05 12:13:48.232 14455 14631 E TAG : drawFace: texture ratio w: 0.5861111 ratio h: 0.49895832
01-05 12:13:48.238 14455 14631 D TAG : refreshParams: facetop: [0.0, 0.0]
01-05 12:13:48.238 14455 14631 D TAG : refreshParams: eyes_smiley: [0.0, 0.0]
01-05 12:13:48.238 14455 14631 D TAG : refreshParams: nose_bridge: [0.5, 0.5]
01-05 12:13:48.238 14455 14631 D TAG : refreshParams: nose_position: [0.5, 0.5]
01-05 12:13:48.283 14455 14631 E TAG : drawFace: rect ratio w: 0.5861111 ratio h: 0.50416666
01-05 12:13:48.283 14455 14631 E TAG : drawFace: texture ratio w: 0.5861111 ratio h: 0.50416666
01-05 12:13:48.290 14455 14631 D TAG : refreshParams: facetop: [0.0, 0.0]
01-05 12:13:48.290 14455 14631 D TAG : refreshParams: eyes_smiley: [0.0, 0.0]
01-05 12:13:48.290 14455 14631 D TAG : refreshParams: nose_bridge: [0.5, 0.5]
01-05 12:13:48.290 14455 14631 D TAG : refreshParams: nose_position: [0.5, 0.5]
01-05 12:13:48.338 14455 14631 E TAG : drawFace: rect ratio w: 0.5861111 ratio h: 0.50416666
01-05 12:13:48.338 14455 14631 E TAG : drawFace: texture ratio w: 0.5861111 ratio h: 0.50416666
01-05 12:13:48.342 14455 14631 D TAG : refreshParams: facetop: [0.0, 0.0]
01-05 12:13:48.342 14455 14631 D TAG : refreshParams: eyes_smiley: [0.0, 0.0]
01-05 12:13:48.342 14455 14631 D TAG : refreshParams: nose_bridge: [0.5, 0.5]
01-05 12:13:48.342 14455 14631 D TAG : refreshParams: nose_position: [0.5, 0.5]
01-05 12:13:48.387 14455 14631 E TAG : drawFace: rect ratio w: 0.58611107 ratio h: 0.49895835
01-05 12:13:48.387 14455 14631 E TAG : drawFace: texture ratio w: 0.5847222 ratio h: 0.49895832
01-05 12:13:48.392 14455 14631 D TAG : refreshParams: facetop: [0.0, 0.0]
01-05 12:13:48.392 14455 14631 D TAG : refreshParams: eyes_smiley: [0.0, 0.0]
01-05 12:13:48.392 14455 14631 D TAG : refreshParams: nose_bridge: [0.5, 0.5]
01-05 12:13:48.392 14455 14631 D TAG : refreshParams: nose_position: [0.5, 0.5]
01-05 12:13:48.449 14455 14631 E TAG : drawFace: rect ratio w: 0.58611107 ratio h: 0.50416666
01-05 12:13:48.449 14455 14631 E TAG : drawFace: texture ratio w: 0.5847222 ratio h: 0.50416666
01-05 12:13:48.460 14455 14631 D TAG : refreshParams: facetop: [0.0, 0.0]
01-05 12:13:48.460 14455 14631 D TAG : refreshParams: eyes_smiley: [0.0, 0.0]
01-05 12:13:48.460 14455 14631 D TAG : refreshParams: nose_bridge: [0.5, 0.5]
01-05 12:13:48.460 14455 14631 D TAG : refreshParams: nose_position: [0.5, 0.5]
01-05 12:13:48.508 14455 14631 E TAG : drawFace: rect ratio w: 0.58611107 ratio h: 0.50416666
01-05 12:13:48.508 14455 14631 E TAG : drawFace: texture ratio w: 0.5847222 ratio h: 0.50416666
01-05 12:13:48.511 14455 14631 D TAG : refreshParams: facetop: [0.0, 0.0]
01-05 12:13:48.511 14455 14631 D TAG : refreshParams: eyes_smiley: [0.0, 0.0]
01-05 12:13:48.511 14455 14631 D TAG : refreshParams: nose_bridge: [0.5, 0.5]
01-05 12:13:48.511 14455 14631 D TAG : refreshParams: nose_position: [0.5, 0.5]
01-05 12:13:48.556 14455 14631 E TAG : drawFace: rect ratio w: 0.5930556 ratio h: 0.50416666
01-05 12:13:48.556 14455 14631 E TAG : drawFace: texture ratio w: 0.59305555 ratio h: 0.50416666
01-05 12:13:48.561 14455 14631 D TAG : refreshParams: facetop: [0.0, 0.0]
01-05 12:13:48.561 14455 14631 D TAG : refreshParams: eyes_smiley: [0.0, 0.0]
01-05 12:13:48.561 14455 14631 D TAG : refreshParams: nose_bridge: [0.5, 0.5]
01-05 12:13:48.561 14455 14631 D TAG : refreshParams: nose_position: [0.5, 0.5]
01-05 12:13:48.606 14455 14631 E TAG : drawFace: rect ratio w: 0.58611107 ratio h: 0.50416666
01-05 12:13:48.606 14455 14631 E TAG : drawFace: texture ratio w: 0.5847222 ratio h: 0.50416666
01-05 12:13:48.610 14455 14631 D TAG : refreshParams: facetop: [0.0, 0.0]
01-05 12:13:48.610 14455 14631 D TAG : refreshParams: eyes_smiley: [0.0, 0.0]
01-05 12:13:48.610 14455 14631 D TAG : refreshParams: nose_bridge: [0.5, 0.5]
01-05 12:13:48.610 14455 14631 D TAG : refreshParams: nose_position: [0.5, 0.5]
01-05 12:13:48.658 14455 14631 E TAG : drawFace: rect ratio w: 0.58611107 ratio h: 0.50416666
01-05 12:13:48.659 14455 14631 E TAG : drawFace: texture ratio w: 0.5847222 ratio h: 0.50416666
01-05 12:13:48.663 14455 14631 D TAG : refreshParams: facetop: [0.0, 0.0]
01-05 12:13:48.663 14455 14631 D TAG : refreshParams: eyes_smiley: [0.0, 0.0]
01-05 12:13:48.663 14455 14631 D TAG : refreshParams: nose_bridge: [0.5, 0.5]
01-05 12:13:48.663 14455 14631 D TAG : refreshParams: nose_position: [0.5, 0.5]
01-05 12:13:48.720 14455 14631 E TAG : drawFace: rect ratio w: 0.58611107 ratio h: 0.50416666
01-05 12:13:48.720 14455 14631 E TAG : drawFace: texture ratio w: 0.5847222 ratio h: 0.50416666
01-05 12:13:48.737 14455 14631 D TAG : refreshParams: facetop: [0.0, 0.0]
01-05 12:13:48.737 14455 14631 D TAG : refreshParams: eyes_smiley: [0.0, 0.0]
01-05 12:13:48.738 14455 14631 D TAG : refreshParams: nose_bridge: [0.5, 0.5]
01-05 12:13:48.738 14455 14631 D TAG : refreshParams: nose_position: [0.5, 0.5]
01-05 12:13:48.797 14455 14631 E TAG : drawFace: rect ratio w: 0.57916665 ratio h: 0.509375
01-05 12:13:48.797 14455 14631 E TAG : drawFace: texture ratio w: 0.57916665 ratio h: 0.5083333
01-05 12:13:48.823 14455 14631 D TAG : refreshParams: facetop: [0.0, 0.0]
01-05 12:13:48.823 14455 14631 D TAG : refreshParams: eyes_smiley: [0.0, 0.0]
01-05 12:13:48.823 14455 14631 D TAG : refreshParams: nose_bridge: [0.5, 0.5]
01-05 12:13:48.823 14455 14631 D TAG : refreshParams: nose_position: [0.5, 0.5]
01-05 12:13:48.875 14455 14631 E TAG : drawFace: rect ratio w: 0.57916665 ratio h: 0.509375
01-05 12:13:48.875 14455 14631 E TAG : drawFace: texture ratio w: 0.57916665 ratio h: 0.5083333
01-05 12:13:48.893 14455 14631 D TAG : refreshParams: facetop: [0.0, 0.0]
01-05 12:13:48.893 14455 14631 D TAG : refreshParams: eyes_smiley: [0.0, 0.0]
01-05 12:13:48.894 14455 14631 D TAG : refreshParams: nose_bridge: [0.5, 0.5]
01-05 12:13:48.894 14455 14631 D TAG : refreshParams: nose_position: [0.5, 0.5]
01-05 12:13:48.949 14455 14631 E TAG : drawFace: rect ratio w: 0.5861111 ratio h: 0.50416666
01-05 12:13:48.949 14455 14631 E TAG : drawFace: texture ratio w: 0.5861111 ratio h: 0.50416666
01-05 12:13:48.954 14455 14631 D TAG : refreshParams: facetop: [0.0, 0.0]
01-05 12:13:48.954 14455 14631 D TAG : refreshParams: eyes_smiley: [0.0, 0.0]
01-05 12:13:48.954 14455 14631 D TAG : refreshParams: nose_bridge: [0.5, 0.5]
01-05 12:13:48.954 14455 14631 D TAG : refreshParams: nose_position: [0.5, 0.5]
01-05 12:13:48.984 14455 14631 E TAG : drawFace: rect ratio w: 0.57916665 ratio h: 0.50416666
01-05 12:13:48.984 14455 14631 E TAG : drawFace: texture ratio w: 0.57916665 ratio h: 0.50416666
01-05 12:13:48.989 14455 14631 D TAG : refreshParams: facetop: [0.0, 0.0]
01-05 12:13:48.989 14455 14631 D TAG : refreshParams: eyes_smiley: [0.0, 0.0]
01-05 12:13:48.989 14455 14631 D TAG : refreshParams: nose_bridge: [0.5, 0.5]
01-05 12:13:48.989 14455 14631 D TAG : refreshParams: nose_position: [0.5, 0.5]
01-05 12:13:49.018 14455 14631 E TAG : drawFace: rect ratio w: 0.5861111 ratio h: 0.49895835
01-05 12:13:49.018 14455 14631 E TAG : drawFace: texture ratio w: 0.5861111 ratio h: 0.49895832
01-05 12:13:49.024 14455 14631 D TAG : refreshParams: facetop: [0.0, 0.0]
01-05 12:13:49.024 14455 14631 D TAG : refreshParams: eyes_smiley: [0.0, 0.0]
01-05 12:13:49.024 14455 14631 D TAG : refreshParams: nose_bridge: [0.5, 0.5]
01-05 12:13:49.024 14455 14631 D TAG : refreshParams: nose_position: [0.5, 0.5]
01-05 12:13:49.029 14455 14500 W RenderInspector: QueueBuffer time out on com.accarunit.beauty.camera.videocall/com.lightcone.beautycam.activity.BeautyCamera Activity, count=8, avg=7 ms, max=23 ms.
01-05 12:13:49.082 14455 14455 I [LiveEventBus]: broadcast: com.lightcone.beautycam.viewmodel.event.DetectFaceEvent@2a0376b foreground: false with key: class com.lightcone.beautycam.viewmodel.event.DetectFaceEvent
01-05 12:13:49.098 14455 14455 I [LiveEventBus]: post: com.lightcone.beautycam.viewmodel.event.DetectFaceEvent@6dc62c8 with key: class com.lightcone.beautycam.viewmodel.event.DetectFaceEvent
01-05 12:13:49.098 14455 14455 I [LiveEventBus]: message received: com.lightcone.beautycam.viewmodel.event.DetectFaceEvent@6dc62c8
01-05 12:13:49.564 14455 14631 E TAG : drawFace: rect ratio w: 0.5652778 ratio h: 0.50416666
01-05 12:13:49.564 14455 14631 E TAG : drawFace: texture ratio w: 0.56527776 ratio h: 0.50416666
01-05 12:13:49.570 14455 14631 D TAG : refreshParams: facetop: [0.0, 0.0]
01-05 12:13:49.570 14455 14631 D TAG : refreshParams: eyes_smiley: [0.0, 0.0]
01-05 12:13:49.570 14455 14631 D TAG : refreshParams: nose_bridge: [0.5, 0.5]
01-05 12:13:49.570 14455 14631 D TAG : refreshParams: nose_position: [0.5, 0.5]
01-05 12:13:49.620 14455 14455 I [LiveEventBus]: broadcast: com.lightcone.beautycam.viewmodel.event.DetectFaceEvent@fed2912 foreground: false with key: class com.lightcone.beautycam.viewmodel.event.DetectFaceEvent
01-05 12:13:49.624 14455 14455 I [LiveEventBus]: post: com.lightcone.beautycam.viewmodel.event.DetectFaceEvent@6a28e3 with key: class com.lightcone.beautycam.viewmodel.event.DetectFaceEvent
01-05 12:13:49.624 14455 14455 I [LiveEventBus]: message received: com.lightcone.beautycam.viewmodel.event.DetectFaceEvent@6a28e3
01-05 12:13:49.635 14455 14631 E TAG : drawFace: rect ratio w: 0.57222223 ratio h: 0.50416666
01-05 12:13:49.636 14455 14631 E TAG : drawFace: texture ratio w: 0.57222223 ratio h: 0.50416666
01-05 12:13:49.640 14455 14631 D TAG : refreshParams: facetop: [0.0, 0.0]
01-05 12:13:49.640 14455 14631 D TAG : refreshParams: eyes_smiley: [0.0, 0.0]
01-05 12:13:49.640 14455 14631 D TAG : refreshParams: nose_bridge: [0.5, 0.5]
01-05 12:13:49.640 14455 14631 D TAG : refreshParams: nose_position: [0.5, 0.5]
01-05 12:13:49.673 14455 14500 W RenderInspector: QueueBuffer time out on com.accarunit.beauty.camera.videocall/com.lightcone.beautycam.activity.BeautyCamera Activity, count=1, avg=39 ms, max=39 ms.
01-05 12:13:49.677 14455 14631 E TAG : drawFace: rect ratio w: 0.57916665 ratio h: 0.49895835
01-05 12:13:49.677 14455 14631 E TAG : drawFace: texture ratio w: 0.57916665 ratio h: 0.49895832
01-05 12:13:49.683 14455 14631 D TAG : refreshParams: facetop: [0.0, 0.0]
01-05 12:13:49.683 14455 14631 D TAG : refreshParams: eyes_smiley: [0.0, 0.0]
01-05 12:13:49.683 14455 14631 D TAG : refreshParams: nose_bridge: [0.5, 0.5]
01-05 12:13:49.683 14455 14631 D TAG : refreshParams: nose_position: [0.5, 0.5]
01-05 12:13:49.736 14455 14631 E TAG : drawFace: rect ratio w: 0.57916665 ratio h: 0.49895835
01-05 12:13:49.736 14455 14631 E TAG : drawFace: texture ratio w: 0.57916665 ratio h: 0.49895832
01-05 12:13:49.739 14455 14631 D TAG : refreshParams: facetop: [0.0, 0.0]
01-05 12:13:49.739 14455 14631 D TAG : refreshParams: eyes_smiley: [0.0, 0.0]
01-05 12:13:49.739 14455 14631 D TAG : refreshParams: nose_bridge: [0.5, 0.5]
01-05 12:13:49.739 14455 14631 D TAG : refreshParams: nose_position: [0.5, 0.5]
01-05 12:13:49.775 14455 14500 W RenderInspector: QueueBuffer time out on com.accarunit.beauty.camera.videocall/com.lightcone.beautycam.activity.BeautyCamera Activity, count=1, avg=22 ms, max=22 ms.
01-05 12:13:49.780 14455 14631 E TAG : drawFace: rect ratio w: 0.5861111 ratio h: 0.49895835
01-05 12:13:49.780 14455 14631 E TAG : drawFace: texture ratio w: 0.5861111 ratio h: 0.49895832
01-05 12:13:49.786 14455 14631 D TAG : refreshParams: facetop: [0.0, 0.0]
01-05 12:13:49.786 14455 14631 D TAG : refreshParams: eyes_smiley: [0.0, 0.0]
01-05 12:13:49.786 14455 14631 D TAG : refreshParams: nose_bridge: [0.5, 0.5]
01-05 12:13:49.786 14455 14631 D TAG : refreshParams: nose_position: [0.5, 0.5]
01-05 12:13:49.840 14455 14631 E TAG : drawFace: rect ratio w: 0.5861111 ratio h: 0.50416666
01-05 12:13:49.840 14455 14631 E TAG : drawFace: texture ratio w: 0.5861111 ratio h: 0.50416666
01-05 12:13:49.845 14455 14631 D TAG : refreshParams: facetop: [0.0, 0.0]
01-05 12:13:49.846 14455 14631 D TAG : refreshParams: eyes_smiley: [0.0, 0.0]
01-05 12:13:49.846 14455 14631 D TAG : refreshParams: nose_bridge: [0.5, 0.5]
01-05 12:13:49.846 14455 14631 D TAG : refreshParams: nose_position: [0.5, 0.5]
01-05 12:13:49.884 14455 14631 E TAG : drawFace: rect ratio w: 0.5861111 ratio h: 0.50416666
01-05 12:13:49.884 14455 14631 E TAG : drawFace: texture ratio w: 0.5861111 ratio h: 0.50416666
01-05 12:13:49.887 14455 14631 D TAG : refreshParams: facetop: [0.0, 0.0]
01-05 12:13:49.888 14455 14631 D TAG : refreshParams: eyes_smiley: [0.0, 0.0]
01-05 12:13:49.888 14455 14631 D TAG : refreshParams: nose_bridge: [0.5, 0.5]
01-05 12:13:49.888 14455 14631 D TAG : refreshParams: nose_position: [0.5, 0.5]
01-05 12:13:49.930 14455 14631 E TAG : drawFace: rect ratio w: 0.5861111 ratio h: 0.50416666
01-05 12:13:49.930 14455 14631 E TAG : drawFace: texture ratio w: 0.5861111 ratio h: 0.50416666
01-05 12:13:49.934 14455 14631 D TAG : refreshParams: facetop: [0.0, 0.0]
01-05 12:13:49.934 14455 14631 D TAG : refreshParams: eyes_smiley: [0.0, 0.0]
01-05 12:13:49.934 14455 14631 D TAG : refreshParams: nose_bridge: [0.5, 0.5]
01-05 12:13:49.934 14455 14631 D TAG : refreshParams: nose_position: [0.5, 0.5]
01-05 12:13:49.982 14455 14631 E TAG : drawFace: rect ratio w: 0.59305555 ratio h: 0.50416666
01-05 12:13:49.982 14455 14631 E TAG : drawFace: texture ratio w: 0.59305555 ratio h: 0.50416666
01-05 12:13:49.987 14455 14631 D TAG : refreshParams: facetop: [0.0, 0.0]
01-05 12:13:49.987 14455 14631 D TAG : refreshParams: eyes_smiley: [0.0, 0.0]
01-05 12:13:49.987 14455 14631 D TAG : refreshParams: nose_bridge: [0.5, 0.5]
01-05 12:13:49.988 14455 14631 D TAG : refreshParams: nose_position: [0.5, 0.5]
01-05 12:13:50.053 14455 14631 E TAG : drawFace: rect ratio w: 0.59305555 ratio h: 0.50416666
01-05 12:13:50.053 14455 14631 E TAG : drawFace: texture ratio w: 0.59305555 ratio h: 0.50416666
01-05 12:13:50.056 14455 14631 D TAG : refreshParams: facetop: [0.0, 0.0]
01-05 12:13:50.056 14455 14631 D TAG : refreshParams: eyes_smiley: [0.0, 0.0]
01-05 12:13:50.056 14455 14631 D TAG : refreshParams: nose_bridge: [0.5, 0.5]
01-05 12:13:50.056 14455 14631 D TAG : refreshParams: nose_position: [0.5, 0.5]
01-05 12:13:50.085 14455 14631 E TAG : drawFace: rect ratio w: 0.59305555 ratio h: 0.49895835
01-05 12:13:50.085 14455 14631 E TAG : drawFace: texture ratio w: 0.59305555 ratio h: 0.49895832
01-05 12:13:50.090 14455 14631 D TAG : refreshParams: facetop: [0.0, 0.0]
01-05 12:13:50.090 14455 14631 D TAG : refreshParams: eyes_smiley: [0.0, 0.0]
01-05 12:13:50.090 14455 14631 D TAG : refreshParams: nose_bridge: [0.5, 0.5]
01-05 12:13:50.090 14455 14631 D TAG : refreshParams: nose_position: [0.5, 0.5]
01-05 12:13:50.119 14455 14631 E TAG : drawFace: rect ratio w: 0.57916665 ratio h: 0.52500004
01-05 12:13:50.119 14455 14631 E TAG : drawFace: texture ratio w: 0.57916665 ratio h: 0.525
01-05 12:13:50.124 14455 14631 D TAG : refreshParams: facetop: [0.0, 0.0]
01-05 12:13:50.124 14455 14631 D TAG : refreshParams: eyes_smiley: [0.0, 0.0]
01-05 12:13:50.124 14455 14631 D TAG : refreshParams: nose_bridge: [0.5, 0.5]
01-05 12:13:50.124 14455 14631 D TAG : refreshParams: nose_position: [0.5, 0.5]
01-05 12:13:50.159 14455 14631 E TAG : drawFace: rect ratio w: 0.5583333 ratio h: 0.5104167
01-05 12:13:50.160 14455 14631 E TAG : drawFace: texture ratio w: 0.55694443 ratio h: 0.5104167
01-05 12:13:50.164 14455 14631 D TAG : refreshParams: facetop: [0.0, 0.0]
01-05 12:13:50.164 14455 14631 D TAG : refreshParams: eyes_smiley: [0.0, 0.0]
01-05 12:13:50.164 14455 14631 D TAG : refreshParams: nose_bridge: [0.5, 0.5]
01-05 12:13:50.164 14455 14631 D TAG : refreshParams: nose_position: [0.5, 0.5]
01-05 12:13:50.202 14455 14631 E TAG : drawFace: rect ratio w: 0.57916665 ratio h: 0.50416666
01-05 12:13:50.202 14455 14631 E TAG : drawFace: texture ratio w: 0.57916665 ratio h: 0.50416666
01-05 12:13:50.207 14455 14631 D TAG : refreshParams: facetop: [0.0, 0.0]
01-05 12:13:50.207 14455 14631 D TAG : refreshParams: eyes_smiley: [0.0, 0.0]
01-05 12:13:50.207 14455 14631 D TAG : refreshParams: nose_bridge: [0.5, 0.5]
01-05 12:13:50.207 14455 14631 D TAG : refreshParams: nose_position: [0.5, 0.5]
01-05 12:13:50.249 14455 14631 E TAG : drawFace: rect ratio w: 0.57916665 ratio h: 0.50416666
01-05 12:13:50.249 14455 14631 E TAG : drawFace: texture ratio w: 0.57916665 ratio h: 0.50416666
01-05 12:13:50.252 14455 14631 D TAG : refreshParams: facetop: [0.0, 0.0]
01-05 12:13:50.252 14455 14631 D TAG : refreshParams: eyes_smiley: [0.0, 0.0]
01-05 12:13:50.252 14455 14631 D TAG : refreshParams: nose_bridge: [0.5, 0.5]
01-05 12:13:50.252 14455 14631 D TAG : refreshParams: nose_position: [0.5, 0.5]
01-05 12:13:50.296 14455 14631 E TAG : drawFace: rect ratio w: 0.57916665 ratio h: 0.49895835
01-05 12:13:50.296 14455 14631 E TAG : drawFace: texture ratio w: 0.57916665 ratio h: 0.49895832
01-05 12:13:50.299 14455 14631 D TAG : refreshParams: facetop: [0.0, 0.0]
01-05 12:13:50.299 14455 14631 D TAG : refreshParams: eyes_smiley: [0.0, 0.0]
01-05 12:13:50.299 14455 14631 D TAG : refreshParams: nose_bridge: [0.5, 0.5]
01-05 12:13:50.299 14455 14631 D TAG : refreshParams: nose_position: [0.5, 0.5]
01-05 12:13:50.348 14455 14631 E TAG : drawFace: rect ratio w: 0.58611107 ratio h: 0.49375004
01-05 12:13:50.348 14455 14631 E TAG : drawFace: texture ratio w: 0.5847222 ratio h: 0.49375
01-05 12:13:50.352 14455 14631 D TAG : refreshParams: facetop: [0.0, 0.0]
01-05 12:13:50.352 14455 14631 D TAG : refreshParams: eyes_smiley: [0.0, 0.0]
01-05 12:13:50.352 14455 14631 D TAG : refreshParams: nose_bridge: [0.5, 0.5]
01-05 12:13:50.352 14455 14631 D TAG : refreshParams: nose_position: [0.5, 0.5]
01-05 12:13:50.399 14455 14631 E TAG : drawFace: rect ratio w: 0.57916665 ratio h: 0.49895835
01-05 12:13:50.399 14455 14631 E TAG : drawFace: texture ratio w: 0.57916665 ratio h: 0.49895832
01-05 12:13:50.402 14455 14631 D TAG : refreshParams: facetop: [0.0, 0.0]
01-05 12:13:50.403 14455 14631 D TAG : refreshParams: eyes_smiley: [0.0, 0.0]
01-05 12:13:50.403 14455 14631 D TAG : refreshParams: nose_bridge: [0.5, 0.5]
01-05 12:13:50.403 14455 14631 D TAG : refreshParams: nose_position: [0.5, 0.5]
01-05 12:13:50.450 14455 14631 E TAG : drawFace: rect ratio w: 0.5861111 ratio h: 0.49895835
01-05 12:13:50.451 14455 14631 E TAG : drawFace: texture ratio w: 0.5861111 ratio h: 0.49895832
01-05 12:13:50.455 14455 14631 D TAG : refreshParams: facetop: [0.0, 0.0]
01-05 12:13:50.455 14455 14631 D TAG : refreshParams: eyes_smiley: [0.0, 0.0]
01-05 12:13:50.455 14455 14631 D TAG : refreshParams: nose_bridge: [0.5, 0.5]
01-05 12:13:50.455 14455 14631 D TAG : refreshParams: nose_position: [0.5, 0.5]
01-05 12:13:50.498 14455 14631 E TAG : drawFace: rect ratio w: 0.5861111 ratio h: 0.50416666
01-05 12:13:50.498 14455 14631 E TAG : drawFace: texture ratio w: 0.5861111 ratio h: 0.50416666
01-05 12:13:50.502 14455 14631 D TAG : refreshParams: facetop: [0.0, 0.0]
01-05 12:13:50.502 14455 14631 D TAG : refreshParams: eyes_smiley: [0.0, 0.0]
01-05 12:13:50.502 14455 14631 D TAG : refreshParams: nose_bridge: [0.5, 0.5]
01-05 12:13:50.502 14455 14631 D TAG : refreshParams: nose_position: [0.5, 0.5]
01-05 12:13:50.560 14455 14631 E TAG : drawFace: rect ratio w: 0.5861111 ratio h: 0.5104167
01-05 12:13:50.560 14455 14631 E TAG : drawFace: texture ratio w: 0.5861111 ratio h: 0.5104167
01-05 12:13:50.566 14455 14631 D TAG : refreshParams: facetop: [0.0, 0.0]
01-05 12:13:50.566 14455 14631 D TAG : refreshParams: eyes_smiley: [0.0, 0.0]
01-05 12:13:50.566 14455 14631 D TAG : refreshParams: nose_bridge: [0.5, 0.5]
