01-05 12:13:50.566 14455 14631 D TAG : refreshParams: nose_position: [0.5, 0.5]
01-05 12:13:50.618 14455 14631 E TAG : drawFace: rect ratio w: 0.57916665 ratio h: 0.5104167
01-05 12:13:50.618 14455 14631 E TAG : drawFace: texture ratio w: 0.57916665 ratio h: 0.5104167
01-05 12:13:50.623 14455 14631 D TAG : refreshParams: facetop: [0.0, 0.0]
01-05 12:13:50.623 14455 14631 D TAG : refreshParams: eyes_smiley: [0.0, 0.0]
01-05 12:13:50.623 14455 14631 D TAG : refreshParams: nose_bridge: [0.5, 0.5]
01-05 12:13:50.623 14455 14631 D TAG : refreshParams: nose_position: [0.5, 0.5]
01-05 12:13:50.674 14455 14631 E TAG : drawFace: rect ratio w: 0.5861111 ratio h: 0.5104167
01-05 12:13:50.674 14455 14631 E TAG : drawFace: texture ratio w: 0.5861111 ratio h: 0.5104167
01-05 12:13:50.678 14455 14631 D TAG : refreshParams: facetop: [0.0, 0.0]
01-05 12:13:50.678 14455 14631 D TAG : refreshParams: eyes_smiley: [0.0, 0.0]
01-05 12:13:50.678 14455 14631 D TAG : refreshParams: nose_bridge: [0.5, 0.5]
01-05 12:13:50.678 14455 14631 D TAG : refreshParams: nose_position: [0.5, 0.5]
01-05 12:13:50.745 14455 14631 E TAG : drawFace: rect ratio w: 0.59305555 ratio h: 0.5104167
01-05 12:13:50.745 14455 14631 E TAG : drawFace: texture ratio w: 0.59305555 ratio h: 0.5104167
01-05 12:13:50.750 14455 14631 D TAG : refreshParams: facetop: [0.0, 0.0]
01-05 12:13:50.751 14455 14631 D TAG : refreshParams: eyes_smiley: [0.0, 0.0]
01-05 12:13:50.751 14455 14631 D TAG : refreshParams: nose_bridge: [0.5, 0.5]
01-05 12:13:50.751 14455 14631 D TAG : refreshParams: nose_position: [0.5, 0.5]
01-05 12:13:50.767 14455 14455 I [LiveEventBus]: broadcast: com.lightcone.beautycam.viewmodel.event.ClickFilterGroupEvent@ef0c45e foreground: false with key: class com.lightcone.beautycam.viewmodel.event.ClickFilterGroupEvent
01-05 12:13:50.778 14455 14455 I [LiveEventBus]: broadcast: com.lightcone.beautycam.viewmodel.event.SelectedFilterGroupEvent@a392d0c foreground: false with key: class com.lightcone.beautycam.viewmodel.event.SelectedFilterGroupEvent
01-05 12:13:50.789 14455 14455 I [LiveEventBus]: post: com.lightcone.beautycam.viewmodel.event.ClickFilterGroupEvent@95a0655 with key: class com.lightcone.beautycam.viewmodel.event.ClickFilterGroupEvent
01-05 12:13:50.789 14455 14455 I [LiveEventBus]: message received: com.lightcone.beautycam.viewmodel.event.ClickFilterGroupEvent@95a0655
01-05 12:13:50.792 14455 14455 I [LiveEventBus]: post: com.lightcone.beautycam.viewmodel.event.SelectedFilterGroupEvent@d61d15b with key: class com.lightcone.beautycam.viewmodel.event.SelectedFilterGroupEvent
01-05 12:13:50.793 14455 14455 I [LiveEventBus]: message received: com.lightcone.beautycam.viewmodel.event.SelectedFilterGroupEvent@d61d15b
01-05 12:13:50.793 14455 14455 I [LiveEventBus]: message received: com.lightcone.beautycam.viewmodel.event.SelectedFilterGroupEvent@d61d15b
01-05 12:13:50.794 14455 14455 W RecyclerView: An instance of a was started more than once. Each instance ofa is intended to only be used once. You should create a new instance for each use.
01-05 12:13:50.805 14455 14631 E TAG : drawFace: rect ratio w: 0.5861111 ratio h: 0.50416666
01-05 12:13:50.805 14455 14631 E TAG : drawFace: texture ratio w: 0.5861111 ratio h: 0.50416666
01-05 12:13:50.809 14455 14631 D TAG : refreshParams: facetop: [0.0, 0.0]
01-05 12:13:50.809 14455 14631 D TAG : refreshParams: eyes_smiley: [0.0, 0.0]
01-05 12:13:50.809 14455 14631 D TAG : refreshParams: nose_bridge: [0.5, 0.5]
01-05 12:13:50.809 14455 14631 D TAG : refreshParams: nose_position: [0.5, 0.5]
01-05 12:13:50.845 14455 14455 E TAG : bindData: https://src.guangzhuiyuan.com/a_kty0p5tvscposq0/image/filter/thumbnail/ins03.webp
01-05 12:13:50.849 14455 14455 E TAG : bindData: https://src.guangzhuiyuan.com/a_kty0p5tvscposq0/image/filter/thumbnail/ins02.webp
01-05 12:13:50.853 14455 14455 E TAG : bindData: https://src.guangzhuiyuan.com/a_kty0p5tvscposq0/image/filter/thumbnail/ins01.webp
01-05 12:13:50.856 14455 14455 E TAG : bindData: https://src.guangzhuiyuan.com/a_kty0p5tvscposq0/image/filter/thumbnail/ vacation08.webp
01-05 12:13:50.860 14455 14455 E TAG : bindData: https://src.guangzhuiyuan.com/a_kty0p5tvscposq0/image/filter/thumbnail/ vacation07.webp
01-05 12:13:50.864 14455 14631 E TAG : drawFace: rect ratio w: 0.5861111 ratio h: 0.50416666
01-05 12:13:50.864 14455 14631 E TAG : drawFace: texture ratio w: 0.5861111 ratio h: 0.50416666
01-05 12:13:50.867 14455 14631 D TAG : refreshParams: facetop: [0.0, 0.0]
01-05 12:13:50.867 14455 14631 D TAG : refreshParams: eyes_smiley: [0.0, 0.0]
01-05 12:13:50.867 14455 14631 D TAG : refreshParams: nose_bridge: [0.5, 0.5]
01-05 12:13:50.867 14455 14631 D TAG : refreshParams: nose_position: [0.5, 0.5]
01-05 12:13:50.868 14455 14455 E TAG : bindData: https://src.guangzhuiyuan.com/a_kty0p5tvscposq0/image/filter/thumbnail/ vacation06.webp
01-05 12:13:50.876 14455 14455 E TAG : bindData: https://src.guangzhuiyuan.com/a_kty0p5tvscposq0/image/filter/thumbnail/ vacation05.webp
01-05 12:13:50.884 14455 14455 E TAG : bindData: https://src.guangzhuiyuan.com/a_kty0p5tvscposq0/image/filter/thumbnail/ins04.webp
01-05 12:13:50.892 14455 14455 E TAG : bindData: https://src.guangzhuiyuan.com/a_kty0p5tvscposq0/image/filter/thumbnail/ins05.webp
01-05 12:13:50.897 14455 14455 E TAG : bindData: https://src.guangzhuiyuan.com/a_kty0p5tvscposq0/image/filter/thumbnail/ins06.webp
01-05 12:13:50.902 14455 14455 E TAG : bindData: https://src.guangzhuiyuan.com/a_kty0p5tvscposq0/image/filter/thumbnail/ins07.webp
01-05 12:13:50.907 14455 14455 E TAG : bindData: https://src.guangzhuiyuan.com/a_kty0p5tvscposq0/image/filter/thumbnail/ins08.webp
01-05 12:13:50.913 14455 14455 E TAG : bindData: https://src.guangzhuiyuan.com/a_kty0p5tvscposq0/image/filter/thumbnail/filme01.webp
01-05 12:13:50.919 14455 14631 E TAG : drawFace: rect ratio w: 0.57916665 ratio h: 0.5208333
01-05 12:13:50.919 14455 14631 E TAG : drawFace: texture ratio w: 0.57916665 ratio h: 0.51979166
01-05 12:13:50.919 14455 14455 E TAG : bindData: https://src.guangzhuiyuan.com/a_kty0p5tvscposq0/image/filter/thumbnail/filme02.webp
01-05 12:13:50.922 14455 14631 D TAG : refreshParams: facetop: [0.0, 0.0]
01-05 12:13:50.922 14455 14631 D TAG : refreshParams: eyes_smiley: [0.0, 0.0]
01-05 12:13:50.922 14455 14631 D TAG : refreshParams: nose_bridge: [0.5, 0.5]
01-05 12:13:50.922 14455 14631 D TAG : refreshParams: nose_position: [0.5, 0.5]
01-05 12:13:50.927 14455 14455 E RecyclerView: Smooth Scroll action is being updated too frequently. Make sure you are not changing it unless necessary
01-05 12:13:50.930 14455 14455 W RecyclerView: An instance of a was started more than once. Each instance ofa is intended to only be used once. You should create a new instance for each use.
01-05 12:13:50.981 14455 14631 E TAG : drawFace: rect ratio w: 0.58611107 ratio h: 0.5208333
01-05 12:13:50.981 14455 14631 E TAG : drawFace: texture ratio w: 0.5847222 ratio h: 0.51979166
01-05 12:13:50.988 14455 14631 D TAG : refreshParams: facetop: [0.0, 0.0]
01-05 12:13:50.988 14455 14631 D TAG : refreshParams: eyes_smiley: [0.0, 0.0]
01-05 12:13:50.988 14455 14631 D TAG : refreshParams: nose_bridge: [0.5, 0.5]
01-05 12:13:50.988 14455 14631 D TAG : refreshParams: nose_position: [0.5, 0.5]
01-05 12:13:51.049 14455 14631 E TAG : drawFace: rect ratio w: 0.58611107 ratio h: 0.5104166
01-05 12:13:51.049 14455 14631 E TAG : drawFace: texture ratio w: 0.5847222 ratio h: 0.509375
01-05 12:13:51.058 14455 14631 D TAG : refreshParams: facetop: [0.0, 0.0]
01-05 12:13:51.058 14455 14631 D TAG : refreshParams: eyes_smiley: [0.0, 0.0]
01-05 12:13:51.058 14455 14631 D TAG : refreshParams: nose_bridge: [0.5, 0.5]
01-05 12:13:51.058 14455 14631 D TAG : refreshParams: nose_position: [0.5, 0.5]
01-05 12:13:51.119 14455 14631 E TAG : drawFace: rect ratio w: 0.58611107 ratio h: 0.5104166
01-05 12:13:51.119 14455 14631 E TAG : drawFace: texture ratio w: 0.5847222 ratio h: 0.509375
01-05 12:13:51.123 14455 14631 D TAG : refreshParams: facetop: [0.0, 0.0]
01-05 12:13:51.123 14455 14631 D TAG : refreshParams: eyes_smiley: [0.0, 0.0]
01-05 12:13:51.123 14455 14631 D TAG : refreshParams: nose_bridge: [0.5, 0.5]
01-05 12:13:51.123 14455 14631 D TAG : refreshParams: nose_position: [0.5, 0.5]
01-05 12:13:51.160 14455 14500 W RenderInspector: QueueBuffer time out on com.accarunit.beauty.camera.videocall/com.lightcone.beautycam.activity.BeautyCamera Activity, count=7, avg=15 ms, max=41 ms.
01-05 12:13:51.176 14455 14631 E TAG : drawFace: rect ratio w: 0.58611107 ratio h: 0.5104166
01-05 12:13:51.176 14455 14631 E TAG : drawFace: texture ratio w: 0.5847222 ratio h: 0.509375
01-05 12:13:51.181 14455 14631 D TAG : refreshParams: facetop: [0.0, 0.0]
01-05 12:13:51.181 14455 14631 D TAG : refreshParams: eyes_smiley: [0.0, 0.0]
01-05 12:13:51.181 14455 14631 D TAG : refreshParams: nose_bridge: [0.5, 0.5]
01-05 12:13:51.181 14455 14631 D TAG : refreshParams: nose_position: [0.5, 0.5]
01-05 12:13:51.238 14455 14631 E TAG : drawFace: rect ratio w: 0.58611107 ratio h: 0.50416666
01-05 12:13:51.238 14455 14631 E TAG : drawFace: texture ratio w: 0.5847222 ratio h: 0.50416666
01-05 12:13:51.244 14455 14631 D TAG : refreshParams: facetop: [0.0, 0.0]
01-05 12:13:51.244 14455 14631 D TAG : refreshParams: eyes_smiley: [0.0, 0.0]
01-05 12:13:51.244 14455 14631 D TAG : refreshParams: nose_bridge: [0.5, 0.5]
01-05 12:13:51.244 14455 14631 D TAG : refreshParams: nose_position: [0.5, 0.5]
01-05 12:13:51.301 14455 14631 E TAG : drawFace: rect ratio w: 0.5930556 ratio h: 0.50416666
01-05 12:13:51.301 14455 14631 E TAG : drawFace: texture ratio w: 0.59305555 ratio h: 0.50416666
01-05 12:13:51.307 14455 14631 D TAG : refreshParams: facetop: [0.0, 0.0]
01-05 12:13:51.307 14455 14631 D TAG : refreshParams: eyes_smiley: [0.0, 0.0]
01-05 12:13:51.307 14455 14631 D TAG : refreshParams: nose_bridge: [0.5, 0.5]
01-05 12:13:51.307 14455 14631 D TAG : refreshParams: nose_position: [0.5, 0.5]
01-05 12:13:51.363 14455 14631 E TAG : drawFace: rect ratio w: 0.6 ratio h: 0.50416666
01-05 12:13:51.364 14455 14631 E TAG : drawFace: texture ratio w: 0.6 ratio h: 0.50416666
01-05 12:13:51.370 14455 14631 D TAG : refreshParams: facetop: [0.0, 0.0]
01-05 12:13:51.370 14455 14631 D TAG : refreshParams: eyes_smiley: [0.0, 0.0]
01-05 12:13:51.370 14455 14631 D TAG : refreshParams: nose_bridge: [0.5, 0.5]
01-05 12:13:51.370 14455 14631 D TAG : refreshParams: nose_position: [0.5, 0.5]
01-05 12:13:51.427 14455 14631 E TAG : drawFace: rect ratio w: 0.59305555 ratio h: 0.5104166
01-05 12:13:51.427 14455 14631 E TAG : drawFace: texture ratio w: 0.59305555 ratio h: 0.509375
01-05 12:13:51.434 14455 14631 D TAG : refreshParams: facetop: [0.0, 0.0]
01-05 12:13:51.434 14455 14631 D TAG : refreshParams: eyes_smiley: [0.0, 0.0]
01-05 12:13:51.434 14455 14631 D TAG : refreshParams: nose_bridge: [0.5, 0.5]
01-05 12:13:51.434 14455 14631 D TAG : refreshParams: nose_position: [0.5, 0.5]
01-05 12:13:51.499 14455 14631 E TAG : drawFace: rect ratio w: 0.59305555 ratio h: 0.5104166
01-05 12:13:51.499 14455 14631 E TAG : drawFace: texture ratio w: 0.59305555 ratio h: 0.509375
01-05 12:13:51.517 14455 14631 D TAG : refreshParams: facetop: [0.0, 0.0]
01-05 12:13:51.517 14455 14631 D TAG : refreshParams: eyes_smiley: [0.0, 0.0]
01-05 12:13:51.517 14455 14631 D TAG : refreshParams: nose_bridge: [0.5, 0.5]
01-05 12:13:51.517 14455 14631 D TAG : refreshParams: nose_position: [0.5, 0.5]
01-05 12:13:51.589 14455 14631 E TAG : drawFace: rect ratio w: 0.6 ratio h: 0.5104166
01-05 12:13:51.589 14455 14631 E TAG : drawFace: texture ratio w: 0.6 ratio h: 0.509375
01-05 12:13:51.604 14455 14631 D TAG : refreshParams: facetop: [0.0, 0.0]
01-05 12:13:51.604 14455 14631 D TAG : refreshParams: eyes_smiley: [0.0, 0.0]
01-05 12:13:51.604 14455 14631 D TAG : refreshParams: nose_bridge: [0.5, 0.5]
01-05 12:13:51.604 14455 14631 D TAG : refreshParams: nose_position: [0.5, 0.5]
01-05 12:13:51.663 14455 14631 E TAG : drawFace: rect ratio w: 0.6 ratio h: 0.5104166
01-05 12:13:51.663 14455 14631 E TAG : drawFace: texture ratio w: 0.6 ratio h: 0.509375
01-05 12:13:51.667 14455 14631 D TAG : refreshParams: facetop: [0.0, 0.0]
01-05 12:13:51.667 14455 14631 D TAG : refreshParams: eyes_smiley: [0.0, 0.0]
01-05 12:13:51.667 14455 14631 D TAG : refreshParams: nose_bridge: [0.5, 0.5]
01-05 12:13:51.667 14455 14631 D TAG : refreshParams: nose_position: [0.5, 0.5]
01-05 12:13:51.729 14455 14631 E TAG : drawFace: rect ratio w: 0.5930556 ratio h: 0.51458335
01-05 12:13:51.729 14455 14631 E TAG : drawFace: texture ratio w: 0.59305555 ratio h: 0.51458335
01-05 12:13:51.736 14455 14631 D TAG : refreshParams: facetop: [0.0, 0.0]
01-05 12:13:51.736 14455 14631 D TAG : refreshParams: eyes_smiley: [0.0, 0.0]
01-05 12:13:51.736 14455 14631 D TAG : refreshParams: nose_bridge: [0.5, 0.5]
01-05 12:13:51.736 14455 14631 D TAG : refreshParams: nose_position: [0.5, 0.5]
01-05 12:13:51.795 14455 14631 E TAG : drawFace: rect ratio w: 0.5930556 ratio h: 0.51458335
01-05 12:13:51.795 14455 14631 E TAG : drawFace: texture ratio w: 0.59305555 ratio h: 0.51458335
01-05 12:13:51.799 14455 14631 D TAG : refreshParams: facetop: [0.0, 0.0]
01-05 12:13:51.799 14455 14631 D TAG : refreshParams: eyes_smiley: [0.0, 0.0]
01-05 12:13:51.799 14455 14631 D TAG : refreshParams: nose_bridge: [0.5, 0.5]
01-05 12:13:51.799 14455 14631 D TAG : refreshParams: nose_position: [0.5, 0.5]
01-05 12:13:51.857 14455 14631 E TAG : drawFace: rect ratio w: 0.5930556 ratio h: 0.51458335
01-05 12:13:51.857 14455 14631 E TAG : drawFace: texture ratio w: 0.59305555 ratio h: 0.51458335
01-05 12:13:51.861 14455 14631 D TAG : refreshParams: facetop: [0.0, 0.0]
01-05 12:13:51.861 14455 14631 D TAG : refreshParams: eyes_smiley: [0.0, 0.0]
01-05 12:13:51.861 14455 14631 D TAG : refreshParams: nose_bridge: [0.5, 0.5]
01-05 12:13:51.861 14455 14631 D TAG : refreshParams: nose_position: [0.5, 0.5]
01-05 12:13:51.921 14455 14631 E TAG : drawFace: rect ratio w: 0.5930556 ratio h: 0.50416666
01-05 12:13:51.922 14455 14631 E TAG : drawFace: texture ratio w: 0.59305555 ratio h: 0.50416666
01-05 12:13:51.930 14455 14631 D TAG : refreshParams: facetop: [0.0, 0.0]
01-05 12:13:51.930 14455 14631 D TAG : refreshParams: eyes_smiley: [0.0, 0.0]
01-05 12:13:51.930 14455 14631 D TAG : refreshParams: nose_bridge: [0.5, 0.5]
01-05 12:13:51.930 14455 14631 D TAG : refreshParams: nose_position: [0.5, 0.5]
01-05 12:13:51.952 14455 14455 I [LiveEventBus]: post: com.lightcone.beautycam.viewmodel.event.ResourceDownloadEvent@b24f66b with key: class com.lightcone.beautycam.viewmodel.event.ResourceDownloadEvent
01-05 12:13:51.952 14455 14455 I [LiveEventBus]: message received: com.lightcone.beautycam.viewmodel.event.ResourceDownloadEvent@b24f66b
01-05 12:13:51.953 14455 14455 I [LiveEventBus]: message received: com.lightcone.beautycam.viewmodel.event.ResourceDownloadEvent@b24f66b
01-05 12:13:51.971 14455 14455 E TAG : bindData: https://src.guangzhuiyuan.com/a_kty0p5tvscposq0/image/filter/thumbnail/ins05.webp
01-05 12:13:51.988 14455 14631 E TAG : drawFace: rect ratio w: 0.59305555 ratio h: 0.49895835
01-05 12:13:51.988 14455 14631 E TAG : drawFace: texture ratio w: 0.59305555 ratio h: 0.49895832
01-05 12:13:51.993 14455 14631 D TAG : refreshParams: facetop: [0.0, 0.0]
01-05 12:13:51.993 14455 14631 D TAG : refreshParams: eyes_smiley: [0.0, 0.0]
01-05 12:13:51.993 14455 14631 D TAG : refreshParams: nose_bridge: [0.5, 0.5]
01-05 12:13:51.993 14455 14631 D TAG : refreshParams: nose_position: [0.5, 0.5]
01-05 12:13:52.022 14455 14466 I amera.videocall: Background concurrent copying GC freed 147947(3826KB) AllocSpace objects, 39(9164KB) LOS objects, 49% free, 13MB/26MB, paused 263us,83us total 105.921ms
01-05 12:13:52.050 14455 14631 E TAG : drawFace: rect ratio w: 0.59305555 ratio h: 0.49375004
01-05 12:13:52.050 14455 14631 E TAG : drawFace: texture ratio w: 0.59305555 ratio h: 0.49375
01-05 12:13:52.055 14455 14631 D TAG : refreshParams: facetop: [0.0, 0.0]
01-05 12:13:52.055 14455 14631 D TAG : refreshParams: eyes_smiley: [0.0, 0.0]
01-05 12:13:52.055 14455 14631 D TAG : refreshParams: nose_bridge: [0.5, 0.5]
01-05 12:13:52.055 14455 14631 D TAG : refreshParams: nose_position: [0.5, 0.5]
01-05 12:13:52.101 14455 14455 I [LiveEventBus]: broadcast: com.lightcone.beautycam.viewmodel.event.SelectedFilterEvent@cecbc27 foreground: false with key: class com.lightcone.beautycam.viewmodel.event.SelectedFilterEvent
01-05 12:13:52.103 14455 14455 I [LiveEventBus]: broadcast: com.lightcone.beautycam.viewmodel.event.FilterIntensityUpdateEvent@f4a2ed4 foreground: false with key: class com.lightcone.beautycam.viewmodel.event.FilterIntensityUpdateEvent
01-05 12:13:52.105 14455 14455 I [LiveEventBus]: post: com.lightcone.beautycam.viewmodel.event.ResourceDownloadEvent@8d2b87d with key: class com.lightcone.beautycam.viewmodel.event.ResourceDownloadEvent
01-05 12:13:52.105 14455 14455 I [LiveEventBus]: message received: com.lightcone.beautycam.viewmodel.event.ResourceDownloadEvent@8d2b87d
01-05 12:13:52.106 14455 14455 I [LiveEventBus]: message received: com.lightcone.beautycam.viewmodel.event.ResourceDownloadEvent@8d2b87d
01-05 12:13:52.106 14455 14631 E TAG : drawFace: rect ratio w: 0.59305555 ratio h: 0.50416666
01-05 12:13:52.106 14455 14631 E TAG : drawFace: texture ratio w: 0.59305555 ratio h: 0.50416666
01-05 12:13:52.113 14455 14631 D TAG : refreshParams: facetop: [0.0, 0.0]
01-05 12:13:52.114 14455 14631 D TAG : refreshParams: eyes_smiley: [0.0, 0.0]
01-05 12:13:52.114 14455 14631 D TAG : refreshParams: nose_bridge: [0.5, 0.5]
01-05 12:13:52.114 14455 14631 D TAG : refreshParams: nose_position: [0.5, 0.5]
01-05 12:13:52.125 14455 14455 I [LiveEventBus]: post: com.lightcone.beautycam.viewmodel.event.SelectedFilterEvent@8856440 with key: class com.lightcone.beautycam.viewmodel.event.SelectedFilterEvent
01-05 12:13:52.125 14455 14455 I [LiveEventBus]: message received: com.lightcone.beautycam.viewmodel.event.SelectedFilterEvent@8856440
01-05 12:13:52.126 14455 14455 I [LiveEventBus]: message received: com.lightcone.beautycam.viewmodel.event.SelectedFilterEvent@8856440
01-05 12:13:52.127 14455 14455 I [LiveEventBus]: message received: com.lightcone.beautycam.viewmodel.event.SelectedFilterEvent@8856440
01-05 12:13:52.127 14455 14455 I [LiveEventBus]: message received: com.lightcone.beautycam.viewmodel.event.SelectedFilterEvent@8856440
01-05 12:13:52.127 14455 14455 I [LiveEventBus]: message received: com.lightcone.beautycam.viewmodel.event.SelectedFilterEvent@8856440
01-05 12:13:52.127 14455 14455 W RecyclerView: An instance of a was started more than once. Each instance ofa is intended to only be used once. You should create a new instance for each use.
01-05 12:13:52.127 14455 14455 I [LiveEventBus]: message received: com.lightcone.beautycam.viewmodel.event.SelectedFilterEvent@8856440
01-05 12:13:52.128 14455 14455 I [LiveEventBus]: post: com.lightcone.beautycam.viewmodel.event.FilterIntensityUpdateEvent@633091f with key: class com.lightcone.beautycam.viewmodel.event.FilterIntensityUpdateEvent
01-05 12:13:52.128 14455 14455 I [LiveEventBus]: message received: com.lightcone.beautycam.viewmodel.event.FilterIntensityUpdateEvent@633091f
01-05 12:13:52.128 14455 14455 I [LiveEventBus]: message received: com.lightcone.beautycam.viewmodel.event.FilterIntensityUpdateEvent@633091f
01-05 12:13:52.131 14455 14455 E TAG : bindData: https://src.guangzhuiyuan.com/a_kty0p5tvscposq0/image/filter/thumbnail/ins05.webp
01-05 12:13:52.136 14455 14455 E TAG : bindData: https://src.guangzhuiyuan.com/a_kty0p5tvscposq0/image/filter/thumbnail/ins06.webp
01-05 12:13:52.139 14455 14455 E TAG : bindData: https://src.guangzhuiyuan.com/a_kty0p5tvscposq0/image/filter/thumbnail/ins07.webp
01-05 12:13:52.141 14455 14455 E TAG : bindData: https://src.guangzhuiyuan.com/a_kty0p5tvscposq0/image/filter/thumbnail/ins08.webp
01-05 12:13:52.144 14455 14455 E TAG : bindData: https://src.guangzhuiyuan.com/a_kty0p5tvscposq0/image/filter/thumbnail/filme01.webp
01-05 12:13:52.150 14455 14455 E TAG : bindData: https://src.guangzhuiyuan.com/a_kty0p5tvscposq0/image/filter/thumbnail/filme02.webp
01-05 12:13:52.156 14455 14455 E TAG : bindData: https://src.guangzhuiyuan.com/a_kty0p5tvscposq0/image/filter/thumbnail/filme03.webp
01-05 12:13:52.163 14455 14455 E TAG : bindData: https://src.guangzhuiyuan.com/a_kty0p5tvscposq0/image/filter/thumbnail/filme04.webp
01-05 12:13:52.164 14455 14631 E TAG : drawFace: rect ratio w: 0.59305555 ratio h: 0.509375
01-05 12:13:52.164 14455 14631 E TAG : drawFace: texture ratio w: 0.59305555 ratio h: 0.5083333
01-05 12:13:52.169 14455 14631 D TAG : refreshParams: facetop: [0.0, 0.0]
01-05 12:13:52.169 14455 14631 D TAG : refreshParams: eyes_smiley: [0.0, 0.0]
01-05 12:13:52.169 14455 14631 D TAG : refreshParams: nose_bridge: [0.5, 0.5]
01-05 12:13:52.169 14455 14631 D TAG : refreshParams: nose_position: [0.5, 0.5]
01-05 12:13:52.170 14455 14455 E TAG : bindData: https://src.guangzhuiyuan.com/a_kty0p5tvscposq0/image/filter/thumbnail/filme05.webp
01-05 12:13:52.175 14455 14631 W Bitmap : Called getWidth() on a recycle()'d bitmap! This is undefined behavior!
01-05 12:13:52.175 14455 14631 W Bitmap : Called getHeight() on a recycle()'d bitmap! This is undefined behavior!
01-05 12:13:52.177 14455 14455 E TAG : bindData: https://src.guangzhuiyuan.com/a_kty0p5tvscposq0/image/filter/thumbnail/filme06.webp
01-05 12:13:52.184 14455 14455 E TAG : bindData: https://src.guangzhuiyuan.com/a_kty0p5tvscposq0/image/filter/thumbnail/filme07.webp
01-05 12:13:52.189 14455 14455 E TAG : bindData: https://src.guangzhuiyuan.com/a_kty0p5tvscposq0/image/filter/thumbnail/filme08.webp
01-05 12:13:52.193 14455 14455 E TAG : bindData: https://src.guangzhuiyuan.com/a_kty0p5tvscposq0/image/filter/thumbnail/otaru01.webp
01-05 12:13:52.199 14455 14455 E RecyclerView: Smooth Scroll action is being updated too frequently. Make sure you are not changing it unless necessary
01-05 12:13:52.214 14455 14455 E TAG : bindData: https://src.guangzhuiyuan.com/a_kty0p5tvscposq0/image/filter/thumbnail/ins06.webp
01-05 12:13:52.217 14455 14500 W RenderInspector: QueueBuffer time out on com.accarunit.beauty.camera.videocall/com.lightcone.beautycam.activity.BeautyCamera Activity, count=2, avg=27 ms, max=36 ms.
01-05 12:13:52.217 14455 14631 E TAG : drawFace: rect ratio w: 0.59305555 ratio h: 0.509375
01-05 12:13:52.217 14455 14631 E TAG : drawFace: texture ratio w: 0.59305555 ratio h: 0.5083333
01-05 12:13:52.220 14455 14631 D TAG : refreshParams: facetop: [0.0, 0.0]
01-05 12:13:52.220 14455 14631 D TAG : refreshParams: eyes_smiley: [0.0, 0.0]
01-05 12:13:52.220 14455 14631 D TAG : refreshParams: nose_bridge: [0.5, 0.5]
01-05 12:13:52.220 14455 14631 D TAG : refreshParams: nose_position: [0.5, 0.5]
01-05 12:13:52.270 14455 14631 E TAG : drawFace: rect ratio w: 0.5930556 ratio h: 0.51458335
01-05 12:13:52.270 14455 14631 E TAG : drawFace: texture ratio w: 0.59305555 ratio h: 0.51458335
01-05 12:13:52.275 14455 14631 D TAG : refreshParams: facetop: [0.0, 0.0]
01-05 12:13:52.275 14455 14631 D TAG : refreshParams: eyes_smiley: [0.0, 0.0]
01-05 12:13:52.275 14455 14631 D TAG : refreshParams: nose_bridge: [0.5, 0.5]
01-05 12:13:52.276 14455 14631 D TAG : refreshParams: nose_position: [0.5, 0.5]
01-05 12:13:52.331 14455 14631 E TAG : drawFace: rect ratio w: 0.5930556 ratio h: 0.509375
01-05 12:13:52.331 14455 14631 E TAG : drawFace: texture ratio w: 0.59305555 ratio h: 0.5083333
01-05 12:13:52.335 14455 14631 D TAG : refreshParams: facetop: [0.0, 0.0]
01-05 12:13:52.335 14455 14631 D TAG : refreshParams: eyes_smiley: [0.0, 0.0]
01-05 12:13:52.335 14455 14631 D TAG : refreshParams: nose_bridge: [0.5, 0.5]
01-05 12:13:52.335 14455 14631 D TAG : refreshParams: nose_position: [0.5, 0.5]
01-05 12:13:52.391 14455 14631 E TAG : drawFace: rect ratio w: 0.5930556 ratio h: 0.509375
01-05 12:13:52.391 14455 14631 E TAG : drawFace: texture ratio w: 0.59305555 ratio h: 0.5083333
01-05 12:13:52.395 14455 14631 D TAG : refreshParams: facetop: [0.0, 0.0]
01-05 12:13:52.395 14455 14631 D TAG : refreshParams: eyes_smiley: [0.0, 0.0]
01-05 12:13:52.395 14455 14631 D TAG : refreshParams: nose_bridge: [0.5, 0.5]
01-05 12:13:52.395 14455 14631 D TAG : refreshParams: nose_position: [0.5, 0.5]
01-05 12:13:52.452 14455 14631 E TAG : drawFace: rect ratio w: 0.5930556 ratio h: 0.509375
01-05 12:13:52.452 14455 14631 E TAG : drawFace: texture ratio w: 0.59305555 ratio h: 0.5083333
01-05 12:13:52.455 14455 14631 D TAG : refreshParams: facetop: [0.0, 0.0]
01-05 12:13:52.456 14455 14631 D TAG : refreshParams: eyes_smiley: [0.0, 0.0]
01-05 12:13:52.456 14455 14631 D TAG : refreshParams: nose_bridge: [0.5, 0.5]
01-05 12:13:52.456 14455 14631 D TAG : refreshParams: nose_position: [0.5, 0.5]
01-05 12:13:52.510 14455 14631 E TAG : drawFace: rect ratio w: 0.5930556 ratio h: 0.509375
01-05 12:13:52.510 14455 14631 E TAG : drawFace: texture ratio w: 0.59305555 ratio h: 0.5083333
01-05 12:13:52.514 14455 14631 D TAG : refreshParams: facetop: [0.0, 0.0]
01-05 12:13:52.514 14455 14631 D TAG : refreshParams: eyes_smiley: [0.0, 0.0]
01-05 12:13:52.514 14455 14631 D TAG : refreshParams: nose_bridge: [0.5, 0.5]
01-05 12:13:52.514 14455 14631 D TAG : refreshParams: nose_position: [0.5, 0.5]
01-05 12:13:52.574 14455 14631 E TAG : drawFace: rect ratio w: 0.5930556 ratio h: 0.509375
01-05 12:13:52.574 14455 14631 E TAG : drawFace: texture ratio w: 0.59305555 ratio h: 0.5083333
01-05 12:13:52.599 14455 14631 D TAG : refreshParams: facetop: [0.0, 0.0]
01-05 12:13:52.599 14455 14631 D TAG : refreshParams: eyes_smiley: [0.0, 0.0]
01-05 12:13:52.599 14455 14631 D TAG : refreshParams: nose_bridge: [0.5, 0.5]
01-05 12:13:52.599 14455 14631 D TAG : refreshParams: nose_position: [0.5, 0.5]
01-05 12:13:52.654 14455 14631 E TAG : drawFace: rect ratio w: 0.5930556 ratio h: 0.50416666
01-05 12:13:52.655 14455 14631 E TAG : drawFace: texture ratio w: 0.59305555 ratio h: 0.50416666
01-05 12:13:52.660 14455 14631 D TAG : refreshParams: facetop: [0.0, 0.0]
01-05 12:13:52.660 14455 14631 D TAG : refreshParams: eyes_smiley: [0.0, 0.0]
01-05 12:13:52.660 14455 14631 D TAG : refreshParams: nose_bridge: [0.5, 0.5]
01-05 12:13:52.660 14455 14631 D TAG : refreshParams: nose_position: [0.5, 0.5]
01-05 12:13:52.717 14455 14631 E TAG : drawFace: rect ratio w: 0.5930556 ratio h: 0.50416666
01-05 12:13:52.717 14455 14631 E TAG : drawFace: texture ratio w: 0.59305555 ratio h: 0.50416666
01-05 12:13:52.721 14455 14631 D TAG : refreshParams: facetop: [0.0, 0.0]
01-05 12:13:52.721 14455 14631 D TAG : refreshParams: eyes_smiley: [0.0, 0.0]
01-05 12:13:52.722 14455 14631 D TAG : refreshParams: nose_bridge: [0.5, 0.5]
01-05 12:13:52.722 14455 14631 D TAG : refreshParams: nose_position: [0.5, 0.5]
01-05 12:13:52.787 14455 14631 E TAG : drawFace: rect ratio w: 0.58611107 ratio h: 0.50416666
01-05 12:13:52.788 14455 14631 E TAG : drawFace: texture ratio w: 0.5847222 ratio h: 0.50416666
01-05 12:13:52.810 14455 14631 D TAG : refreshParams: facetop: [0.0, 0.0]
01-05 12:13:52.810 14455 14631 D TAG : refreshParams: eyes_smiley: [0.0, 0.0]
01-05 12:13:52.810 14455 14631 D TAG : refreshParams: nose_bridge: [0.5, 0.5]
01-05 12:13:52.810 14455 14631 D TAG : refreshParams: nose_position: [0.5, 0.5]
01-05 12:13:52.861 14455 14631 E TAG : drawFace: rect ratio w: 0.5861111 ratio h: 0.50416666
01-05 12:13:52.861 14455 14631 E TAG : drawFace: texture ratio w: 0.5861111 ratio h: 0.50416666
01-05 12:13:52.866 14455 14631 D TAG : refreshParams: facetop: [0.0, 0.0]
01-05 12:13:52.866 14455 14631 D TAG : refreshParams: eyes_smiley: [0.0, 0.0]
01-05 12:13:52.867 14455 14631 D TAG : refreshParams: nose_bridge: [0.5, 0.5]
01-05 12:13:52.867 14455 14631 D TAG : refreshParams: nose_position: [0.5, 0.5]
01-05 12:13:52.924 14455 14631 E TAG : drawFace: rect ratio w: 0.5861111 ratio h: 0.5104167
01-05 12:13:52.924 14455 14631 E TAG : drawFace: texture ratio w: 0.5861111 ratio h: 0.5104167
01-05 12:13:52.930 14455 14631 D TAG : refreshParams: facetop: [0.0, 0.0]
01-05 12:13:52.930 14455 14631 D TAG : refreshParams: eyes_smiley: [0.0, 0.0]
01-05 12:13:52.930 14455 14631 D TAG : refreshParams: nose_bridge: [0.5, 0.5]
01-05 12:13:52.930 14455 14631 D TAG : refreshParams: nose_position: [0.5, 0.5]
01-05 12:13:52.987 14455 14631 E TAG : drawFace: rect ratio w: 0.5861111 ratio h: 0.5104167
01-05 12:13:52.987 14455 14631 E TAG : drawFace: texture ratio w: 0.5861111 ratio h: 0.5104167
01-05 12:13:52.991 14455 14631 D TAG : refreshParams: facetop: [0.0, 0.0]
01-05 12:13:52.991 14455 14631 D TAG : refreshParams: eyes_smiley: [0.0, 0.0]
01-05 12:13:52.991 14455 14631 D TAG : refreshParams: nose_bridge: [0.5, 0.5]
01-05 12:13:52.991 14455 14631 D TAG : refreshParams: nose_position: [0.5, 0.5]
01-05 12:13:53.060 14455 14631 E TAG : drawFace: rect ratio w: 0.6 ratio h: 0.5104167
01-05 12:13:53.060 14455 14631 E TAG : drawFace: texture ratio w: 0.6 ratio h: 0.5104167
01-05 12:13:53.066 14455 14631 D TAG : refreshParams: facetop: [0.0, 0.0]
01-05 12:13:53.066 14455 14631 D TAG : refreshParams: eyes_smiley: [0.0, 0.0]
01-05 12:13:53.066 14455 14631 D TAG : refreshParams: nose_bridge: [0.5, 0.5]
01-05 12:13:53.066 14455 14631 D TAG : refreshParams: nose_position: [0.5, 0.5]
01-05 12:13:53.134 14455 14631 E TAG : drawFace: rect ratio w: 0.59305555 ratio h: 0.5104167
01-05 12:13:53.134 14455 14631 E TAG : drawFace: texture ratio w: 0.59305555 ratio h: 0.5104167
01-05 12:13:53.145 14455 14631 D TAG : refreshParams: facetop: [0.0, 0.0]
01-05 12:13:53.145 14455 14631 D TAG : refreshParams: eyes_smiley: [0.0, 0.0]
01-05 12:13:53.145 14455 14631 D TAG : refreshParams: nose_bridge: [0.5, 0.5]
01-05 12:13:53.145 14455 14631 D TAG : refreshParams: nose_position: [0.5, 0.5]
01-05 12:13:53.204 14455 14631 E TAG : drawFace: rect ratio w: 0.57916665 ratio h: 0.5104167
01-05 12:13:53.204 14455 14631 E TAG : drawFace: texture ratio w: 0.57916665 ratio h: 0.5104167
01-05 12:13:53.210 14455 14631 D TAG : refreshParams: facetop: [0.0, 0.0]
01-05 12:13:53.210 14455 14631 D TAG : refreshParams: eyes_smiley: [0.0, 0.0]
01-05 12:13:53.210 14455 14631 D TAG : refreshParams: nose_bridge: [0.5, 0.5]
01-05 12:13:53.210 14455 14631 D TAG : refreshParams: nose_position: [0.5, 0.5]
01-05 12:13:53.268 14455 14631 E TAG : drawFace: rect ratio w: 0.57916665 ratio h: 0.51458335
01-05 12:13:53.268 14455 14631 E TAG : drawFace: texture ratio w: 0.57916665 ratio h: 0.51458335
01-05 12:13:53.275 14455 14631 D TAG : refreshParams: facetop: [0.0, 0.0]
01-05 12:13:53.275 14455 14631 D TAG : refreshParams: eyes_smiley: [0.0, 0.0]
01-05 12:13:53.275 14455 14631 D TAG : refreshParams: nose_bridge: [0.5, 0.5]
01-05 12:13:53.275 14455 14631 D TAG : refreshParams: nose_position: [0.5, 0.5]
01-05 12:13:53.334 14455 14631 E TAG : drawFace: rect ratio w: 0.57916665 ratio h: 0.50416666
01-05 12:13:53.334 14455 14631 E TAG : drawFace: texture ratio w: 0.57916665 ratio h: 0.50416666
01-05 12:13:53.340 14455 14631 D TAG : refreshParams: facetop: [0.0, 0.0]
01-05 12:13:53.340 14455 14631 D TAG : refreshParams: eyes_smiley: [0.0, 0.0]
01-05 12:13:53.340 14455 14631 D TAG : refreshParams: nose_bridge: [0.5, 0.5]
01-05 12:13:53.340 14455 14631 D TAG : refreshParams: nose_position: [0.5, 0.5]
01-05 12:13:53.400 14455 14631 E TAG : drawFace: rect ratio w: 0.5861111 ratio h: 0.51458335
01-05 12:13:53.400 14455 14631 E TAG : drawFace: texture ratio w: 0.5861111 ratio h: 0.51458335
01-05 12:13:53.407 14455 14631 D TAG : refreshParams: facetop: [0.0, 0.0]
01-05 12:13:53.407 14455 14631 D TAG : refreshParams: eyes_smiley: [0.0, 0.0]
01-05 12:13:53.407 14455 14631 D TAG : refreshParams: nose_bridge: [0.5, 0.5]
01-05 12:13:53.407 14455 14631 D TAG : refreshParams: nose_position: [0.5, 0.5]
01-05 12:13:53.463 14455 14631 E TAG : drawFace: rect ratio w: 0.57916665 ratio h: 0.51458335
01-05 12:13:53.463 14455 14631 E TAG : drawFace: texture ratio w: 0.57916665 ratio h: 0.51458335
01-05 12:13:53.467 14455 14631 D TAG : refreshParams: facetop: [0.0, 0.0]
01-05 12:13:53.467 14455 14631 D TAG : refreshParams: eyes_smiley: [0.0, 0.0]
01-05 12:13:53.467 14455 14631 D TAG : refreshParams: nose_bridge: [0.5, 0.5]
01-05 12:13:53.467 14455 14631 D TAG : refreshParams: nose_position: [0.5, 0.5]
01-05 12:13:53.541 14455 14631 E TAG : drawFace: rect ratio w: 0.57916665 ratio h: 0.51458335
01-05 12:13:53.541 14455 14631 E TAG : drawFace: texture ratio w: 0.57916665 ratio h: 0.51458335
01-05 12:13:53.545 14455 14631 D TAG : refreshParams: facetop: [0.0, 0.0]
01-05 12:13:53.545 14455 14631 D TAG : refreshParams: eyes_smiley: [0.0, 0.0]
01-05 12:13:53.545 14455 14631 D TAG : refreshParams: nose_bridge: [0.5, 0.5]
01-05 12:13:53.545 14455 14631 D TAG : refreshParams: nose_position: [0.5, 0.5]
01-05 12:13:53.601 14455 14631 E TAG : drawFace: rect ratio w: 0.57916665 ratio h: 0.50416666
01-05 12:13:53.601 14455 14631 E TAG : drawFace: texture ratio w: 0.57916665 ratio h: 0.50416666
01-05 12:13:53.605 14455 14631 D TAG : refreshParams: facetop: [0.0, 0.0]
01-05 12:13:53.606 14455 14631 D TAG : refreshParams: eyes_smiley: [0.0, 0.0]
01-05 12:13:53.606 14455 14631 D TAG : refreshParams: nose_bridge: [0.5, 0.5]
01-05 12:13:53.606 14455 14631 D TAG : refreshParams: nose_position: [0.5, 0.5]
01-05 12:13:53.669 14455 14631 E TAG : drawFace: rect ratio w: 0.59305555 ratio h: 0.49375004
01-05 12:13:53.669 14455 14631 E TAG : drawFace: texture ratio w: 0.59305555 ratio h: 0.49375
01-05 12:13:53.683 14455 14631 D TAG : refreshParams: facetop: [0.0, 0.0]
01-05 12:13:53.683 14455 14631 D TAG : refreshParams: eyes_smiley: [0.0, 0.0]
01-05 12:13:53.683 14455 14631 D TAG : refreshParams: nose_bridge: [0.5, 0.5]
01-05 12:13:53.683 14455 14631 D TAG : refreshParams: nose_position: [0.5, 0.5]
01-05 12:13:53.739 14455 14631 E TAG : drawFace: rect ratio w: 0.57916665 ratio h: 0.50416666
01-05 12:13:53.739 14455 14631 E TAG : drawFace: texture ratio w: 0.57916665 ratio h: 0.50416666
01-05 12:13:53.743 14455 14631 D TAG : refreshParams: facetop: [0.0, 0.0]
01-05 12:13:53.743 14455 14631 D TAG : refreshParams: eyes_smiley: [0.0, 0.0]
01-05 12:13:53.743 14455 14631 D TAG : refreshParams: nose_bridge: [0.5, 0.5]
01-05 12:13:53.743 14455 14631 D TAG : refreshParams: nose_position: [0.5, 0.5]
01-05 12:13:53.800 14455 14455 I [LiveEventBus]: broadcast: com.lightcone.beautycam.viewmodel.event.DetectFaceEvent@39472ba foreground: false with key: class com.lightcone.beautycam.viewmodel.event.DetectFaceEvent
01-05 12:13:53.805 14455 14455 I [LiveEventBus]: post: com.lightcone.beautycam.viewmodel.event.DetectFaceEvent@705b56b with key: class com.lightcone.beautycam.viewmodel.event.DetectFaceEvent
01-05 12:13:53.806 14455 14455 I [LiveEventBus]: message received: com.lightcone.beautycam.viewmodel.event.DetectFaceEvent@705b56b
01-05 12:13:53.836 14455 14455 I [LiveEventBus]: post: com.lightcone.beautycam.viewmodel.event.ResourceDownloadEvent@80bdd61 with key: class com.lightcone.beautycam.viewmodel.event.ResourceDownloadEvent
01-05 12:13:53.836 14455 14455 I [LiveEventBus]: message received: com.lightcone.beautycam.viewmodel.event.ResourceDownloadEvent@80bdd61
01-05 12:13:53.837 14455 14455 I [LiveEventBus]: message received: com.lightcone.beautycam.viewmodel.event.ResourceDownloadEvent@80bdd61
01-05 12:13:53.898 14455 14500 W RenderInspector: QueueBuffer time out on com.accarunit.beauty.camera.videocall/com.lightcone.beautycam.activity.BeautyCamera Activity, count=1, avg=20 ms, max=20 ms.
01-05 12:13:53.961 14455 14455 I [LiveEventBus]: broadcast: com.lightcone.beautycam.viewmodel.event.SelectedFilterEvent@e9f373c foreground: false with key: class com.lightcone.beautycam.viewmodel.event.SelectedFilterEvent
01-05 12:13:53.963 14455 14455 I [LiveEventBus]: broadcast: com.lightcone.beautycam.viewmodel.event.SelectedFilterGroupEvent@106fcc5 foreground: false with key: class com.lightcone.beautycam.viewmodel.event.SelectedFilterGroupEvent
01-05 12:13:53.965 14455 14455 I [LiveEventBus]: broadcast: com.lightcone.beautycam.viewmodel.event.FilterIntensityUpdateEvent@65bd61a foreground: false with key: class com.lightcone.beautycam.viewmodel.event.FilterIntensityUpdateEvent
01-05 12:13:53.966 14455 14455 I [LiveEventBus]: post: com.lightcone.beautycam.viewmodel.event.ResourceDownloadEvent@272454b with key: class com.lightcone.beautycam.viewmodel.event.ResourceDownloadEvent
01-05 12:13:53.966 14455 14455 I [LiveEventBus]: message received: com.lightcone.beautycam.viewmodel.event.ResourceDownloadEvent@272454b
01-05 12:13:53.966 14455 14455 I [LiveEventBus]: message received: com.lightcone.beautycam.viewmodel.event.ResourceDownloadEvent@272454b
01-05 12:13:53.993 14455 14455 I [LiveEventBus]: post: com.lightcone.beautycam.viewmodel.event.SelectedFilterEvent@25139e6 with key: class com.lightcone.beautycam.viewmodel.event.SelectedFilterEvent
01-05 12:13:53.993 14455 14455 I [LiveEventBus]: message received: com.lightcone.beautycam.viewmodel.event.SelectedFilterEvent@25139e6
01-05 12:13:53.995 14455 14455 I [LiveEventBus]: message received: com.lightcone.beautycam.viewmodel.event.SelectedFilterEvent@25139e6
01-05 12:13:53.995 14455 14455 I [LiveEventBus]: message received: com.lightcone.beautycam.viewmodel.event.SelectedFilterEvent@25139e6
01-05 12:13:53.995 14455 14455 I [LiveEventBus]: message received: com.lightcone.beautycam.viewmodel.event.SelectedFilterEvent@25139e6
01-05 12:13:53.995 14455 14455 I [LiveEventBus]: message received: com.lightcone.beautycam.viewmodel.event.SelectedFilterEvent@25139e6
01-05 12:13:53.996 14455 14455 W RecyclerView: An instance of a was started more than once. Each instance ofa is intended to only be used once. You should create a new instance for each use.
01-05 12:13:53.996 14455 14455 I [LiveEventBus]: message received: com.lightcone.beautycam.viewmodel.event.SelectedFilterEvent@25139e6
01-05 12:13:53.997 14455 14455 I [LiveEventBus]: post: com.lightcone.beautycam.viewmodel.event.SelectedFilterGroupEvent@644ff7d with key: class com.lightcone.beautycam.viewmodel.event.SelectedFilterGroupEvent
01-05 12:13:53.997 14455 14455 I [LiveEventBus]: message received: com.lightcone.beautycam.viewmodel.event.SelectedFilterGroupEvent@644ff7d
01-05 12:13:53.997 14455 14455 I [LiveEventBus]: message received: com.lightcone.beautycam.viewmodel.event.SelectedFilterGroupEvent@644ff7d
01-05 12:13:53.998 14455 14455 I [LiveEventBus]: post: com.lightcone.beautycam.viewmodel.event.FilterIntensityUpdateEvent@ef412c3 with key: class com.lightcone.beautycam.viewmodel.event.FilterIntensityUpdateEvent
01-05 12:13:53.998 14455 14455 I [LiveEventBus]: message received: com.lightcone.beautycam.viewmodel.event.FilterIntensityUpdateEvent@ef412c3
01-05 12:13:53.998 14455 14455 I [LiveEventBus]: message received: com.lightcone.beautycam.viewmodel.event.FilterIntensityUpdateEvent@ef412c3
01-05 12:13:54.015 14455 14455 E TAG : bindData: https://src.guangzhuiyuan.com/a_kty0p5tvscposq0/image/filter/thumbnail/ins06.webp
01-05 12:13:54.015 14455 14631 W Bitmap : Called getWidth() on a recycle()'d bitmap! This is undefined behavior!
01-05 12:13:54.015 14455 14631 W Bitmap : Called getHeight() on a recycle()'d bitmap! This is undefined behavior!
01-05 12:13:54.018 14455 14455 E TAG : bindData: https://src.guangzhuiyuan.com/a_kty0p5tvscposq0/image/filter/thumbnail/ins07.webp
01-05 12:13:54.022 14455 14455 E TAG : bindData: https://src.guangzhuiyuan.com/a_kty0p5tvscposq0/image/filter/thumbnail/ins08.webp
01-05 12:13:54.025 14455 14455 E TAG : bindData: https://src.guangzhuiyuan.com/a_kty0p5tvscposq0/image/filter/thumbnail/filme01.webp
01-05 12:13:54.029 14455 14455 E TAG : bindData: https://src.guangzhuiyuan.com/a_kty0p5tvscposq0/image/filter/thumbnail/filme02.webp
01-05 12:13:54.037 14455 14455 E TAG : bindData: https://src.guangzhuiyuan.com/a_kty0p5tvscposq0/image/filter/thumbnail/filme03.webp
01-05 12:13:54.045 14455 14455 E TAG : bindData: https://src.guangzhuiyuan.com/a_kty0p5tvscposq0/image/filter/thumbnail/filme04.webp
01-05 12:13:54.054 14455 14455 E TAG : bindData: https://src.guangzhuiyuan.com/a_kty0p5tvscposq0/image/filter/thumbnail/filme05.webp
01-05 12:13:54.062 14455 14455 E TAG : bindData: https://src.guangzhuiyuan.com/a_kty0p5tvscposq0/image/filter/thumbnail/filme06.webp
01-05 12:13:54.069 14455 14455 E TAG : bindData: https://src.guangzhuiyuan.com/a_kty0p5tvscposq0/image/filter/thumbnail/filme07.webp
01-05 12:13:54.076 14455 14455 E TAG : bindData: https://src.guangzhuiyuan.com/a_kty0p5tvscposq0/image/filter/thumbnail/filme08.webp
01-05 12:13:54.083 14455 14455 E TAG : bindData: https://src.guangzhuiyuan.com/a_kty0p5tvscposq0/image/filter/thumbnail/otaru01.webp
01-05 12:13:54.090 14455 14455 E TAG : bindData: https://src.guangzhuiyuan.com/a_kty0p5tvscposq0/image/filter/thumbnail/otaru02.webp
01-05 12:13:54.096 14455 14455 E RecyclerView: Smooth Scroll action is being updated too frequently. Make sure you are not changing it unless necessary
01-05 12:13:54.120 14455 14455 W RecyclerView: An instance of a was started more than once. Each instance ofa is intended to only be used once. You should create a new instance for each use.
01-05 12:13:54.122 14455 14455 E TAG : bindData: https://src.guangzhuiyuan.com/a_kty0p5tvscposq0/image/filter/thumbnail/ vacation06.webp
01-05 12:13:54.138 14455 14455 E TAG : bindData: https://src.guangzhuiyuan.com/a_kty0p5tvscposq0/image/filter/thumbnail/ vacation05.webp
01-05 12:13:54.153 14455 14455 E TAG : bindData: https://src.guangzhuiyuan.com/a_kty0p5tvscposq0/image/filter/thumbnail/ vacation04.webp
01-05 12:13:54.224 14455 14455 I [LiveEventBus]: broadcast: com.lightcone.beautycam.viewmodel.event.DetectFaceEvent@cfe024f foreground: false with key: class com.lightcone.beautycam.viewmodel.event.DetectFaceEvent
01-05 12:13:54.224 14455 14631 E TAG : drawFace: rect ratio w: 0.5055555 ratio h: 0.49375
01-05 12:13:54.224 14455 14631 E TAG : drawFace: texture ratio w: 0.50416666 ratio h: 0.49375
01-05 12:13:54.227 14455 14455 I [LiveEventBus]: post: com.lightcone.beautycam.viewmodel.event.DetectFaceEvent@4f53ddc with key: class com.lightcone.beautycam.viewmodel.event.DetectFaceEvent
01-05 12:13:54.227 14455 14455 I [LiveEventBus]: message received: com.lightcone.beautycam.viewmodel.event.DetectFaceEvent@4f53ddc
01-05 12:13:54.231 14455 14631 D TAG : refreshParams: facetop: [0.0, 0.0]
01-05 12:13:54.231 14455 14631 D TAG : refreshParams: eyes_smiley: [0.0, 0.0]
01-05 12:13:54.231 14455 14631 D TAG : refreshParams: nose_bridge: [0.5, 0.5]
01-05 12:13:54.231 14455 14631 D TAG : refreshParams: nose_position: [0.5, 0.5]
01-05 12:13:54.316 14455 14631 E TAG : drawFace: rect ratio w: 0.51666665 ratio h: 0.51458335
01-05 12:13:54.316 14455 14631 E TAG : drawFace: texture ratio w: 0.51666665 ratio h: 0.51458335
01-05 12:13:54.322 14455 14631 D TAG : refreshParams: facetop: [0.0, 0.0]
01-05 12:13:54.322 14455 14631 D TAG : refreshParams: eyes_smiley: [0.0, 0.0]
01-05 12:13:54.322 14455 14631 D TAG : refreshParams: nose_bridge: [0.5, 0.5]
01-05 12:13:54.322 14455 14631 D TAG : refreshParams: nose_position: [0.5, 0.5]
01-05 12:13:54.351 14455 14631 E TAG : drawFace: rect ratio w: 0.53055555 ratio h: 0.525
01-05 12:13:54.351 14455 14631 E TAG : drawFace: texture ratio w: 0.53055555 ratio h: 0.5239583
01-05 12:13:54.357 14455 14631 D TAG : refreshParams: facetop: [0.0, 0.0]
01-05 12:13:54.357 14455 14631 D TAG : refreshParams: eyes_smiley: [0.0, 0.0]
01-05 12:13:54.357 14455 14631 D TAG : refreshParams: nose_bridge: [0.5, 0.5]
01-05 12:13:54.357 14455 14631 D TAG : refreshParams: nose_position: [0.5, 0.5]
01-05 12:13:54.386 14455 14631 E TAG : drawFace: rect ratio w: 0.55833334 ratio h: 0.53125
01-05 12:13:54.386 14455 14631 E TAG : drawFace: texture ratio w: 0.55833334 ratio h: 0.53125
01-05 12:13:54.391 14455 14631 D TAG : refreshParams: facetop: [0.0, 0.0]
01-05 12:13:54.392 14455 14631 D TAG : refreshParams: eyes_smiley: [0.0, 0.0]
01-05 12:13:54.392 14455 14631 D TAG : refreshParams: nose_bridge: [0.5, 0.5]
01-05 12:13:54.392 14455 14631 D TAG : refreshParams: nose_position: [0.5, 0.5]
01-05 12:13:54.423 14455 14631 E TAG : drawFace: rect ratio w: 0.57222223 ratio h: 0.5416667
01-05 12:13:54.423 14455 14631 E TAG : drawFace: texture ratio w: 0.57222223 ratio h: 0.5416667
01-05 12:13:54.429 14455 14631 D TAG : refreshParams: facetop: [0.0, 0.0]
01-05 12:13:54.429 14455 14631 D TAG : refreshParams: eyes_smiley: [0.0, 0.0]
01-05 12:13:54.429 14455 14631 D TAG : refreshParams: nose_bridge: [0.5, 0.5]
01-05 12:13:54.429 14455 14631 D TAG : refreshParams: nose_position: [0.5, 0.5]
01-05 12:13:54.472 14455 14631 E TAG : drawFace: rect ratio w: 0.59305555 ratio h: 0.53125
01-05 12:13:54.472 14455 14631 E TAG : drawFace: texture ratio w: 0.59305555 ratio h: 0.53125
01-05 12:13:54.478 14455 14631 D TAG : refreshParams: facetop: [0.0, 0.0]
01-05 12:13:54.478 14455 14631 D TAG : refreshParams: eyes_smiley: [0.0, 0.0]
01-05 12:13:54.478 14455 14631 D TAG : refreshParams: nose_bridge: [0.5, 0.5]
01-05 12:13:54.478 14455 14631 D TAG : refreshParams: nose_position: [0.5, 0.5]
01-05 12:13:54.531 14455 14631 E TAG : drawFace: rect ratio w: 0.59305555 ratio h: 0.5208333
01-05 12:13:54.531 14455 14631 E TAG : drawFace: texture ratio w: 0.59305555 ratio h: 0.51979166
01-05 12:13:54.551 14455 14631 D TAG : refreshParams: facetop: [0.0, 0.0]
01-05 12:13:54.551 14455 14631 D TAG : refreshParams: eyes_smiley: [0.0, 0.0]
01-05 12:13:54.551 14455 14631 D TAG : refreshParams: nose_bridge: [0.5, 0.5]
01-05 12:13:54.551 14455 14631 D TAG : refreshParams: nose_position: [0.5, 0.5]
01-05 12:13:54.600 14455 14631 E TAG : drawFace: rect ratio w: 0.59305555 ratio h: 0.5208333
01-05 12:13:54.600 14455 14631 E TAG : drawFace: texture ratio w: 0.59305555 ratio h: 0.51979166
01-05 12:13:54.618 14455 14631 D TAG : refreshParams: facetop: [0.0, 0.0]
01-05 12:13:54.618 14455 14631 D TAG : refreshParams: eyes_smiley: [0.0, 0.0]
01-05 12:13:54.618 14455 14631 D TAG : refreshParams: nose_bridge: [0.5, 0.5]
01-05 12:13:54.618 14455 14631 D TAG : refreshParams: nose_position: [0.5, 0.5]
01-05 12:13:54.673 14455 14631 E TAG : drawFace: rect ratio w: 0.5861111 ratio h: 0.525
01-05 12:13:54.673 14455 14631 E TAG : drawFace: texture ratio w: 0.5861111 ratio h: 0.5239583
01-05 12:13:54.679 14455 14631 D TAG : refreshParams: facetop: [0.0, 0.0]
01-05 12:13:54.679 14455 14631 D TAG : refreshParams: eyes_smiley: [0.0, 0.0]
01-05 12:13:54.679 14455 14631 D TAG : refreshParams: nose_bridge: [0.5, 0.5]
01-05 12:13:54.679 14455 14631 D TAG : refreshParams: nose_position: [0.5, 0.5]
01-05 12:13:54.729 14455 14631 E TAG : drawFace: rect ratio w: 0.5861111 ratio h: 0.525
01-05 12:13:54.729 14455 14631 E TAG : drawFace: texture ratio w: 0.5861111 ratio h: 0.5239583
01-05 12:13:54.733 14455 14631 D TAG : refreshParams: facetop: [0.0, 0.0]
01-05 12:13:54.733 14455 14631 D TAG : refreshParams: eyes_smiley: [0.0, 0.0]
01-05 12:13:54.733 14455 14631 D TAG : refreshParams: nose_bridge: [0.5, 0.5]
01-05 12:13:54.733 14455 14631 D TAG : refreshParams: nose_position: [0.5, 0.5]
01-05 12:13:54.791 14455 14631 E TAG : drawFace: rect ratio w: 0.57222223 ratio h: 0.51458335
01-05 12:13:54.791 14455 14631 E TAG : drawFace: texture ratio w: 0.57222223 ratio h: 0.51458335
01-05 12:13:54.811 14455 14631 D TAG : refreshParams: facetop: [0.0, 0.0]
01-05 12:13:54.812 14455 14631 D TAG : refreshParams: eyes_smiley: [0.0, 0.0]
01-05 12:13:54.812 14455 14631 D TAG : refreshParams: nose_bridge: [0.5, 0.5]
01-05 12:13:54.812 14455 14631 D TAG : refreshParams: nose_position: [0.5, 0.5]
01-05 12:13:54.873 14455 14455 I [LiveEventBus]: broadcast: com.lightcone.beautycam.viewmodel.event.DetectFaceEvent@f865bc8 foreground: false with key: class com.lightcone.beautycam.viewmodel.event.DetectFaceEvent
01-05 12:13:54.878 14455 14455 I [LiveEventBus]: post: com.lightcone.beautycam.viewmodel.event.DetectFaceEvent@dc3461 with key: class com.lightcone.beautycam.viewmodel.event.DetectFaceEvent
01-05 12:13:54.878 14455 14455 I [LiveEventBus]: message received: com.lightcone.beautycam.viewmodel.event.DetectFaceEvent@dc3461
01-05 12:13:55.830 14455 14455 D DecorView[BeautyCameraActivity]: onWindowFocusChanged hasWindowFocus false
01-05 12:13:56.256 14455 14631 E TAG : drawFace: rect ratio w: 0.5375 ratio h: 0.4510417
01-05 12:13:56.257 14455 14631 E TAG : drawFace: texture ratio w: 0.5375 ratio h: 0.45104167
01-05 12:13:56.262 14455 14631 D TAG : refreshParams: facetop: [0.0, 0.0]
01-05 12:13:56.263 14455 14631 D TAG : refreshParams: eyes_smiley: [0.0, 0.0]
01-05 12:13:56.263 14455 14631 D TAG : refreshParams: nose_bridge: [0.5, 0.5]
01-05 12:13:56.263 14455 14631 D TAG : refreshParams: nose_position: [0.5, 0.5]
01-05 12:13:56.313 14455 14455 I [LiveEventBus]: broadcast: com.lightcone.beautycam.viewmodel.event.DetectFaceEvent@cdf5a12 foreground: false with key: class com.lightcone.beautycam.viewmodel.event.DetectFaceEvent
01-05 12:13:56.326 14455 14455 I GLContextOP: onSurfaceDestroyed
01-05 12:13:56.338 14455 14631 E TAG : drawFace: rect ratio w: 0.5375 ratio h: 0.47708333
01-05 12:13:56.338 14455 14631 E TAG : drawFace: texture ratio w: 0.5375 ratio h: 0.47708333
01-05 12:13:56.342 14455 14631 D TAG : refreshParams: facetop: [0.0, 0.0]
01-05 12:13:56.342 14455 14631 D TAG : refreshParams: eyes_smiley: [0.0, 0.0]
01-05 12:13:56.342 14455 14631 D TAG : refreshParams: nose_bridge: [0.5, 0.5]
01-05 12:13:56.342 14455 14631 D TAG : refreshParams: nose_position: [0.5, 0.5]
01-05 12:13:56.345 14455 14631 E BufferQueueProducer: [SurfaceView[com.accarunit.beauty.camera.videocall/com.lightcone.beautycam.activity .BeautyCameraActivity]#11(BLAST Consumer)11](id:38770000000d,api:0,p:-1,c:14455) query: BufferQueue has been abandoned
01-05 12:13:56.345 14455 14631 E BufferQueueProducer: [SurfaceView[com.accarunit.beauty.camera.videocall/com.lightcone.beautycam.activity .BeautyCameraActivity]#11(BLAST Consumer)11](id:38770000000d,api:0,p:-1,c:14455) dequeueBuffer: BufferQueue has been abandoned
