01-05 12:13:10.961 14455 14631 E TAG : drawFace: rect ratio w: 0.7430556 ratio h: 0.66562504
01-05 12:13:10.961 14455 14631 E TAG : drawFace: texture ratio w: 0.7430556 ratio h: 0.665625
01-05 12:13:10.966 14455 14631 D TAG : refreshParams: facetop: [0.0, 0.0]
01-05 12:13:10.966 14455 14631 D TAG : refreshParams: eyes_smiley: [0.0, 0.0]
01-05 12:13:10.966 14455 14631 D TAG : refreshParams: nose_bridge: [0.5, 0.5]
01-05 12:13:10.966 14455 14631 D TAG : refreshParams: nose_position: [0.5, 0.5]
01-05 12:13:11.019 14455 14631 E TAG : drawFace: rect ratio w: 0.75 ratio h: 0.6760417
01-05 12:13:11.020 14455 14631 E TAG : drawFace: texture ratio w: 0.75 ratio h: 0.67604166
01-05 12:13:11.026 14455 14631 D TAG : refreshParams: facetop: [0.0, 0.0]
01-05 12:13:11.026 14455 14631 D TAG : refreshParams: eyes_smiley: [0.0, 0.0]
01-05 12:13:11.026 14455 14631 D TAG : refreshParams: nose_bridge: [0.5, 0.5]
01-05 12:13:11.026 14455 14631 D TAG : refreshParams: nose_position: [0.5, 0.5]
01-05 12:13:11.072 14455 14631 E TAG : drawFace: rect ratio w: 0.7430556 ratio h: 0.6760417
01-05 12:13:11.072 14455 14631 E TAG : drawFace: texture ratio w: 0.7430556 ratio h: 0.67604166
01-05 12:13:11.078 14455 14631 D TAG : refreshParams: facetop: [0.0, 0.0]
01-05 12:13:11.078 14455 14631 D TAG : refreshParams: eyes_smiley: [0.0, 0.0]
01-05 12:13:11.078 14455 14631 D TAG : refreshParams: nose_bridge: [0.5, 0.5]
01-05 12:13:11.078 14455 14631 D TAG : refreshParams: nose_position: [0.5, 0.5]
01-05 12:13:11.123 14455 14631 E TAG : drawFace: rect ratio w: 0.7430556 ratio h: 0.6760417
01-05 12:13:11.123 14455 14631 E TAG : drawFace: texture ratio w: 0.7430556 ratio h: 0.67604166
01-05 12:13:11.136 14455 14631 D TAG : refreshParams: facetop: [0.0, 0.0]
01-05 12:13:11.136 14455 14631 D TAG : refreshParams: eyes_smiley: [0.0, 0.0]
01-05 12:13:11.136 14455 14631 D TAG : refreshParams: nose_bridge: [0.5, 0.5]
01-05 12:13:11.136 14455 14631 D TAG : refreshParams: nose_position: [0.5, 0.5]
01-05 12:13:11.184 14455 14631 E TAG : drawFace: rect ratio w: 0.7430556 ratio h: 0.67083335
01-05 12:13:11.184 14455 14631 E TAG : drawFace: texture ratio w: 0.7430556 ratio h: 0.67083335
01-05 12:13:11.189 14455 14631 D TAG : refreshParams: facetop: [0.0, 0.0]
01-05 12:13:11.189 14455 14631 D TAG : refreshParams: eyes_smiley: [0.0, 0.0]
01-05 12:13:11.189 14455 14631 D TAG : refreshParams: nose_bridge: [0.5, 0.5]
01-05 12:13:11.189 14455 14631 D TAG : refreshParams: nose_position: [0.5, 0.5]
01-05 12:13:11.234 14455 14631 E TAG : drawFace: rect ratio w: 0.7430556 ratio h: 0.67083335
01-05 12:13:11.234 14455 14631 E TAG : drawFace: texture ratio w: 0.7430556 ratio h: 0.67083335
01-05 12:13:11.238 14455 14631 D TAG : refreshParams: facetop: [0.0, 0.0]
01-05 12:13:11.238 14455 14631 D TAG : refreshParams: eyes_smiley: [0.0, 0.0]
01-05 12:13:11.238 14455 14631 D TAG : refreshParams: nose_bridge: [0.5, 0.5]
01-05 12:13:11.238 14455 14631 D TAG : refreshParams: nose_position: [0.5, 0.5]
01-05 12:13:11.284 14455 14631 E TAG : drawFace: rect ratio w: 0.7361111 ratio h: 0.6864583
01-05 12:13:11.284 14455 14631 E TAG : drawFace: texture ratio w: 0.7361111 ratio h: 0.68541664
01-05 12:13:11.302 14455 14631 D TAG : refreshParams: facetop: [0.0, 0.0]
01-05 12:13:11.302 14455 14631 D TAG : refreshParams: eyes_smiley: [0.0, 0.0]
01-05 12:13:11.302 14455 14631 D TAG : refreshParams: nose_bridge: [0.5, 0.5]
01-05 12:13:11.302 14455 14631 D TAG : refreshParams: nose_position: [0.5, 0.5]
01-05 12:13:11.348 14455 14631 E TAG : drawFace: rect ratio w: 0.7430556 ratio h: 0.6864583
01-05 12:13:11.348 14455 14631 E TAG : drawFace: texture ratio w: 0.7430556 ratio h: 0.68541664
01-05 12:13:11.355 14455 14631 D TAG : refreshParams: facetop: [0.0, 0.0]
01-05 12:13:11.355 14455 14631 D TAG : refreshParams: eyes_smiley: [0.0, 0.0]
01-05 12:13:11.355 14455 14631 D TAG : refreshParams: nose_bridge: [0.5, 0.5]
01-05 12:13:11.355 14455 14631 D TAG : refreshParams: nose_position: [0.5, 0.5]
01-05 12:13:11.405 14455 14631 E TAG : drawFace: rect ratio w: 0.7430556 ratio h: 0.6927084
01-05 12:13:11.405 14455 14631 E TAG : drawFace: texture ratio w: 0.7430556 ratio h: 0.6927083
01-05 12:13:11.413 14455 14631 D TAG : refreshParams: facetop: [0.0, 0.0]
01-05 12:13:11.413 14455 14631 D TAG : refreshParams: eyes_smiley: [0.0, 0.0]
01-05 12:13:11.413 14455 14631 D TAG : refreshParams: nose_bridge: [0.5, 0.5]
01-05 12:13:11.413 14455 14631 D TAG : refreshParams: nose_position: [0.5, 0.5]
01-05 12:13:11.457 14455 14631 E TAG : drawFace: rect ratio w: 0.7430556 ratio h: 0.6979167
01-05 12:13:11.457 14455 14631 E TAG : drawFace: texture ratio w: 0.7430556 ratio h: 0.6979167
01-05 12:13:11.465 14455 14631 D TAG : refreshParams: facetop: [0.0, 0.0]
01-05 12:13:11.465 14455 14631 D TAG : refreshParams: eyes_smiley: [0.0, 0.0]
01-05 12:13:11.465 14455 14631 D TAG : refreshParams: nose_bridge: [0.5, 0.5]
01-05 12:13:11.465 14455 14631 D TAG : refreshParams: nose_position: [0.5, 0.5]
01-05 12:13:11.510 14455 14631 E TAG : drawFace: rect ratio w: 0.7361111 ratio h: 0.6979167
01-05 12:13:11.510 14455 14631 E TAG : drawFace: texture ratio w: 0.7361111 ratio h: 0.6979167
01-05 12:13:11.517 14455 14631 D TAG : refreshParams: facetop: [0.0, 0.0]
01-05 12:13:11.517 14455 14631 D TAG : refreshParams: eyes_smiley: [0.0, 0.0]
01-05 12:13:11.517 14455 14631 D TAG : refreshParams: nose_bridge: [0.5, 0.5]
01-05 12:13:11.518 14455 14631 D TAG : refreshParams: nose_position: [0.5, 0.5]
01-05 12:13:11.557 14455 14631 E TAG : drawFace: rect ratio w: 0.7361111 ratio h: 0.6979167
01-05 12:13:11.558 14455 14631 E TAG : drawFace: texture ratio w: 0.7361111 ratio h: 0.6979167
01-05 12:13:11.561 14455 14631 D TAG : refreshParams: facetop: [0.0, 0.0]
01-05 12:13:11.561 14455 14631 D TAG : refreshParams: eyes_smiley: [0.0, 0.0]
01-05 12:13:11.561 14455 14631 D TAG : refreshParams: nose_bridge: [0.5, 0.5]
01-05 12:13:11.561 14455 14631 D TAG : refreshParams: nose_position: [0.5, 0.5]
01-05 12:13:11.605 14455 14631 E TAG : drawFace: rect ratio w: 0.7430556 ratio h: 0.6979167
01-05 12:13:11.605 14455 14631 E TAG : drawFace: texture ratio w: 0.7430556 ratio h: 0.6979167
01-05 12:13:11.610 14455 14631 D TAG : refreshParams: facetop: [0.0, 0.0]
01-05 12:13:11.610 14455 14631 D TAG : refreshParams: eyes_smiley: [0.0, 0.0]
01-05 12:13:11.610 14455 14631 D TAG : refreshParams: nose_bridge: [0.5, 0.5]
01-05 12:13:11.610 14455 14631 D TAG : refreshParams: nose_position: [0.5, 0.5]
01-05 12:13:11.670 14455 14631 E TAG : drawFace: rect ratio w: 0.7430556 ratio h: 0.6979167
01-05 12:13:11.670 14455 14631 E TAG : drawFace: texture ratio w: 0.7430556 ratio h: 0.6979167
01-05 12:13:11.674 14455 14631 D TAG : refreshParams: facetop: [0.0, 0.0]
01-05 12:13:11.674 14455 14631 D TAG : refreshParams: eyes_smiley: [0.0, 0.0]
01-05 12:13:11.674 14455 14631 D TAG : refreshParams: nose_bridge: [0.5, 0.5]
01-05 12:13:11.675 14455 14631 D TAG : refreshParams: nose_position: [0.5, 0.5]
01-05 12:13:11.720 14455 14631 E TAG : drawFace: rect ratio w: 0.7430556 ratio h: 0.6979167
01-05 12:13:11.720 14455 14631 E TAG : drawFace: texture ratio w: 0.7430556 ratio h: 0.6979167
01-05 12:13:11.723 14455 14631 D TAG : refreshParams: facetop: [0.0, 0.0]
01-05 12:13:11.723 14455 14631 D TAG : refreshParams: eyes_smiley: [0.0, 0.0]
01-05 12:13:11.723 14455 14631 D TAG : refreshParams: nose_bridge: [0.5, 0.5]
01-05 12:13:11.723 14455 14631 D TAG : refreshParams: nose_position: [0.5, 0.5]
01-05 12:13:11.766 14455 14631 E TAG : drawFace: rect ratio w: 0.7430556 ratio h: 0.6979167
01-05 12:13:11.766 14455 14631 E TAG : drawFace: texture ratio w: 0.7430556 ratio h: 0.6979167
01-05 12:13:11.770 14455 14631 D TAG : refreshParams: facetop: [0.0, 0.0]
01-05 12:13:11.770 14455 14631 D TAG : refreshParams: eyes_smiley: [0.0, 0.0]
01-05 12:13:11.770 14455 14631 D TAG : refreshParams: nose_bridge: [0.5, 0.5]
01-05 12:13:11.770 14455 14631 D TAG : refreshParams: nose_position: [0.5, 0.5]
01-05 12:13:11.815 14455 14631 E TAG : drawFace: rect ratio w: 0.7430556 ratio h: 0.6979167
01-05 12:13:11.815 14455 14631 E TAG : drawFace: texture ratio w: 0.7430556 ratio h: 0.6979167
01-05 12:13:11.819 14455 14631 D TAG : refreshParams: facetop: [0.0, 0.0]
01-05 12:13:11.819 14455 14631 D TAG : refreshParams: eyes_smiley: [0.0, 0.0]
01-05 12:13:11.819 14455 14631 D TAG : refreshParams: nose_bridge: [0.5, 0.5]
01-05 12:13:11.819 14455 14631 D TAG : refreshParams: nose_position: [0.5, 0.5]
01-05 12:13:11.865 14455 14631 E TAG : drawFace: rect ratio w: 0.7430556 ratio h: 0.6979167
01-05 12:13:11.865 14455 14631 E TAG : drawFace: texture ratio w: 0.7430556 ratio h: 0.6979167
01-05 12:13:11.869 14455 14631 D TAG : refreshParams: facetop: [0.0, 0.0]
01-05 12:13:11.869 14455 14631 D TAG : refreshParams: eyes_smiley: [0.0, 0.0]
01-05 12:13:11.869 14455 14631 D TAG : refreshParams: nose_bridge: [0.5, 0.5]
01-05 12:13:11.869 14455 14631 D TAG : refreshParams: nose_position: [0.5, 0.5]
01-05 12:13:11.916 14455 14631 E TAG : drawFace: rect ratio w: 0.7430556 ratio h: 0.6979167
01-05 12:13:11.916 14455 14631 E TAG : drawFace: texture ratio w: 0.7430556 ratio h: 0.6979167
01-05 12:13:11.921 14455 14631 D TAG : refreshParams: facetop: [0.0, 0.0]
01-05 12:13:11.921 14455 14631 D TAG : refreshParams: eyes_smiley: [0.0, 0.0]
01-05 12:13:11.921 14455 14631 D TAG : refreshParams: nose_bridge: [0.5, 0.5]
01-05 12:13:11.921 14455 14631 D TAG : refreshParams: nose_position: [0.5, 0.5]
01-05 12:13:11.968 14455 14631 E TAG : drawFace: rect ratio w: 0.7361111 ratio h: 0.6979167
01-05 12:13:11.968 14455 14631 E TAG : drawFace: texture ratio w: 0.7361111 ratio h: 0.6979167
01-05 12:13:11.971 14455 14631 D TAG : refreshParams: facetop: [0.0, 0.0]
01-05 12:13:11.971 14455 14631 D TAG : refreshParams: eyes_smiley: [0.0, 0.0]
01-05 12:13:11.971 14455 14631 D TAG : refreshParams: nose_bridge: [0.5, 0.5]
01-05 12:13:11.971 14455 14631 D TAG : refreshParams: nose_position: [0.5, 0.5]
01-05 12:13:12.014 14455 14631 E TAG : drawFace: rect ratio w: 0.7361111 ratio h: 0.6927084
01-05 12:13:12.014 14455 14631 E TAG : drawFace: texture ratio w: 0.7361111 ratio h: 0.6927083
01-05 12:13:12.020 14455 14631 D TAG : refreshParams: facetop: [0.0, 0.0]
01-05 12:13:12.020 14455 14631 D TAG : refreshParams: eyes_smiley: [0.0, 0.0]
01-05 12:13:12.020 14455 14631 D TAG : refreshParams: nose_bridge: [0.5, 0.5]
01-05 12:13:12.020 14455 14631 D TAG : refreshParams: nose_position: [0.5, 0.5]
01-05 12:13:12.061 14455 14631 E TAG : drawFace: rect ratio w: 0.7291667 ratio h: 0.68645835
01-05 12:13:12.061 14455 14631 E TAG : drawFace: texture ratio w: 0.7291667 ratio h: 0.68645835
01-05 12:13:12.067 14455 14631 D TAG : refreshParams: facetop: [0.0, 0.0]
01-05 12:13:12.067 14455 14631 D TAG : refreshParams: eyes_smiley: [0.0, 0.0]
01-05 12:13:12.067 14455 14631 D TAG : refreshParams: nose_bridge: [0.5, 0.5]
01-05 12:13:12.067 14455 14631 D TAG : refreshParams: nose_position: [0.5, 0.5]
01-05 12:13:12.110 14455 14631 E TAG : drawFace: rect ratio w: 0.7361111 ratio h: 0.68645835
01-05 12:13:12.111 14455 14631 E TAG : drawFace: texture ratio w: 0.7361111 ratio h: 0.68645835
01-05 12:13:12.116 14455 14631 D TAG : refreshParams: facetop: [0.0, 0.0]
01-05 12:13:12.116 14455 14631 D TAG : refreshParams: eyes_smiley: [0.0, 0.0]
01-05 12:13:12.116 14455 14631 D TAG : refreshParams: nose_bridge: [0.5, 0.5]
01-05 12:13:12.116 14455 14631 D TAG : refreshParams: nose_position: [0.5, 0.5]
01-05 12:13:12.162 14455 14631 E TAG : drawFace: rect ratio w: 0.7361111 ratio h: 0.68645835
01-05 12:13:12.162 14455 14631 E TAG : drawFace: texture ratio w: 0.7361111 ratio h: 0.68645835
01-05 12:13:12.169 14455 14631 D TAG : refreshParams: facetop: [0.0, 0.0]
01-05 12:13:12.169 14455 14631 D TAG : refreshParams: eyes_smiley: [0.0, 0.0]
01-05 12:13:12.169 14455 14631 D TAG : refreshParams: nose_bridge: [0.5, 0.5]
01-05 12:13:12.169 14455 14631 D TAG : refreshParams: nose_position: [0.5, 0.5]
01-05 12:13:12.218 14455 14631 E TAG : drawFace: rect ratio w: 0.7361111 ratio h: 0.68645835
01-05 12:13:12.218 14455 14631 E TAG : drawFace: texture ratio w: 0.7361111 ratio h: 0.68645835
01-05 12:13:12.221 14455 14631 D TAG : refreshParams: facetop: [0.0, 0.0]
01-05 12:13:12.221 14455 14631 D TAG : refreshParams: eyes_smiley: [0.0, 0.0]
01-05 12:13:12.221 14455 14631 D TAG : refreshParams: nose_bridge: [0.5, 0.5]
01-05 12:13:12.221 14455 14631 D TAG : refreshParams: nose_position: [0.5, 0.5]
01-05 12:13:12.263 14455 14631 E TAG : drawFace: rect ratio w: 0.7361111 ratio h: 0.6927084
01-05 12:13:12.263 14455 14631 E TAG : drawFace: texture ratio w: 0.7361111 ratio h: 0.6927083
01-05 12:13:12.266 14455 14631 D TAG : refreshParams: facetop: [0.0, 0.0]
01-05 12:13:12.266 14455 14631 D TAG : refreshParams: eyes_smiley: [0.0, 0.0]
01-05 12:13:12.266 14455 14631 D TAG : refreshParams: nose_bridge: [0.5, 0.5]
01-05 12:13:12.266 14455 14631 D TAG : refreshParams: nose_position: [0.5, 0.5]
01-05 12:13:12.310 14455 14631 E TAG : drawFace: rect ratio w: 0.7430556 ratio h: 0.6927084
01-05 12:13:12.311 14455 14631 E TAG : drawFace: texture ratio w: 0.7430556 ratio h: 0.6927083
01-05 12:13:12.315 14455 14631 D TAG : refreshParams: facetop: [0.0, 0.0]
01-05 12:13:12.315 14455 14631 D TAG : refreshParams: eyes_smiley: [0.0, 0.0]
01-05 12:13:12.315 14455 14631 D TAG : refreshParams: nose_bridge: [0.5, 0.5]
01-05 12:13:12.316 14455 14631 D TAG : refreshParams: nose_position: [0.5, 0.5]
01-05 12:13:12.359 14455 14631 E TAG : drawFace: rect ratio w: 0.7361111 ratio h: 0.6927084
01-05 12:13:12.359 14455 14631 E TAG : drawFace: texture ratio w: 0.7361111 ratio h: 0.6927083
01-05 12:13:12.363 14455 14631 D TAG : refreshParams: facetop: [0.0, 0.0]
01-05 12:13:12.364 14455 14631 D TAG : refreshParams: eyes_smiley: [0.0, 0.0]
01-05 12:13:12.364 14455 14631 D TAG : refreshParams: nose_bridge: [0.5, 0.5]
01-05 12:13:12.364 14455 14631 D TAG : refreshParams: nose_position: [0.5, 0.5]
01-05 12:13:12.410 14455 14631 E TAG : drawFace: rect ratio w: 0.7361111 ratio h: 0.6927084
01-05 12:13:12.410 14455 14631 E TAG : drawFace: texture ratio w: 0.7361111 ratio h: 0.6927083
01-05 12:13:12.416 14455 14631 D TAG : refreshParams: facetop: [0.0, 0.0]
01-05 12:13:12.416 14455 14631 D TAG : refreshParams: eyes_smiley: [0.0, 0.0]
01-05 12:13:12.416 14455 14631 D TAG : refreshParams: nose_bridge: [0.5, 0.5]
01-05 12:13:12.416 14455 14631 D TAG : refreshParams: nose_position: [0.5, 0.5]
01-05 12:13:12.462 14455 14631 E TAG : drawFace: rect ratio w: 0.7361111 ratio h: 0.6979167
01-05 12:13:12.462 14455 14631 E TAG : drawFace: texture ratio w: 0.7361111 ratio h: 0.6979167
01-05 12:13:12.468 14455 14631 D TAG : refreshParams: facetop: [0.0, 0.0]
01-05 12:13:12.468 14455 14631 D TAG : refreshParams: eyes_smiley: [0.0, 0.0]
01-05 12:13:12.468 14455 14631 D TAG : refreshParams: nose_bridge: [0.5, 0.5]
01-05 12:13:12.468 14455 14631 D TAG : refreshParams: nose_position: [0.5, 0.5]
01-05 12:13:12.514 14455 14631 E TAG : drawFace: rect ratio w: 0.7361111 ratio h: 0.6927083
01-05 12:13:12.515 14455 14631 E TAG : drawFace: texture ratio w: 0.7361111 ratio h: 0.6927083
01-05 12:13:12.522 14455 14631 D TAG : refreshParams: facetop: [0.0, 0.0]
01-05 12:13:12.522 14455 14631 D TAG : refreshParams: eyes_smiley: [0.0, 0.0]
01-05 12:13:12.522 14455 14631 D TAG : refreshParams: nose_bridge: [0.5, 0.5]
01-05 12:13:12.522 14455 14631 D TAG : refreshParams: nose_position: [0.5, 0.5]
01-05 12:13:12.568 14455 14631 E TAG : drawFace: rect ratio w: 0.7361111 ratio h: 0.6927083
01-05 12:13:12.568 14455 14631 E TAG : drawFace: texture ratio w: 0.7361111 ratio h: 0.6927083
01-05 12:13:12.570 14455 14631 D TAG : refreshParams: facetop: [0.0, 0.0]
01-05 12:13:12.570 14455 14631 D TAG : refreshParams: eyes_smiley: [0.0, 0.0]
01-05 12:13:12.570 14455 14631 D TAG : refreshParams: nose_bridge: [0.5, 0.5]
01-05 12:13:12.570 14455 14631 D TAG : refreshParams: nose_position: [0.5, 0.5]
01-05 12:13:12.624 14455 14631 E TAG : drawFace: rect ratio w: 0.7430556 ratio h: 0.6927083
01-05 12:13:12.624 14455 14631 E TAG : drawFace: texture ratio w: 0.7430556 ratio h: 0.6927083
01-05 12:13:12.629 14455 14631 D TAG : refreshParams: facetop: [0.0, 0.0]
01-05 12:13:12.629 14455 14631 D TAG : refreshParams: eyes_smiley: [0.0, 0.0]
01-05 12:13:12.629 14455 14631 D TAG : refreshParams: nose_bridge: [0.5, 0.5]
01-05 12:13:12.629 14455 14631 D TAG : refreshParams: nose_position: [0.5, 0.5]
01-05 12:13:12.670 14455 14631 E TAG : drawFace: rect ratio w: 0.73611116 ratio h: 0.6927083
01-05 12:13:12.670 14455 14631 E TAG : drawFace: texture ratio w: 0.7361111 ratio h: 0.6927083
01-05 12:13:12.673 14455 14631 D TAG : refreshParams: facetop: [0.0, 0.0]
01-05 12:13:12.673 14455 14631 D TAG : refreshParams: eyes_smiley: [0.0, 0.0]
01-05 12:13:12.673 14455 14631 D TAG : refreshParams: nose_bridge: [0.5, 0.5]
01-05 12:13:12.673 14455 14631 D TAG : refreshParams: nose_position: [0.5, 0.5]
01-05 12:13:12.713 14455 14631 E TAG : drawFace: rect ratio w: 0.73611116 ratio h: 0.6979167
01-05 12:13:12.713 14455 14631 E TAG : drawFace: texture ratio w: 0.7361111 ratio h: 0.6979167
01-05 12:13:12.719 14455 14631 D TAG : refreshParams: facetop: [0.0, 0.0]
01-05 12:13:12.719 14455 14631 D TAG : refreshParams: eyes_smiley: [0.0, 0.0]
01-05 12:13:12.719 14455 14631 D TAG : refreshParams: nose_bridge: [0.5, 0.5]
01-05 12:13:12.719 14455 14631 D TAG : refreshParams: nose_position: [0.5, 0.5]
01-05 12:13:12.760 14455 14631 E TAG : drawFace: rect ratio w: 0.7430556 ratio h: 0.703125
01-05 12:13:12.760 14455 14631 E TAG : drawFace: texture ratio w: 0.7430556 ratio h: 0.703125
01-05 12:13:12.767 14455 14631 D TAG : refreshParams: facetop: [0.0, 0.0]
01-05 12:13:12.767 14455 14631 D TAG : refreshParams: eyes_smiley: [0.0, 0.0]
01-05 12:13:12.767 14455 14631 D TAG : refreshParams: nose_bridge: [0.5, 0.5]
01-05 12:13:12.767 14455 14631 D TAG : refreshParams: nose_position: [0.5, 0.5]
01-05 12:13:12.814 14455 14631 E TAG : drawFace: rect ratio w: 0.7430556 ratio h: 0.7083334
01-05 12:13:12.814 14455 14631 E TAG : drawFace: texture ratio w: 0.7430556 ratio h: 0.7083333
01-05 12:13:12.821 14455 14631 D TAG : refreshParams: facetop: [0.0, 0.0]
01-05 12:13:12.822 14455 14631 D TAG : refreshParams: eyes_smiley: [0.0, 0.0]
01-05 12:13:12.822 14455 14631 D TAG : refreshParams: nose_bridge: [0.5, 0.5]
01-05 12:13:12.822 14455 14631 D TAG : refreshParams: nose_position: [0.5, 0.5]
01-05 12:13:12.849 14455 14455 I [LiveEventBus]: broadcast: com.lightcone.beautycam.viewmodel.event.SelectedTabChangeEvent@663c629 foreground: false with key: class com.lightcone.beautycam.viewmodel.event.SelectedTabChangeEvent
01-05 12:13:12.853 14455 14455 I [LiveEventBus]: post: com.lightcone.beautycam.viewmodel.event.SelectedTabChangeEvent@b920dae with key: class com.lightcone.beautycam.viewmodel.event.SelectedTabChangeEvent
01-05 12:13:12.853 14455 14455 I [LiveEventBus]: message received: com.lightcone.beautycam.viewmodel.event.SelectedTabChangeEvent@b920dae
01-05 12:13:12.855 14455 14455 I [LiveEventBus]: message received: com.lightcone.beautycam.viewmodel.event.SelectedTabChangeEvent@b920dae
01-05 12:13:12.855 14455 14455 I [LiveEventBus]: message received: com.lightcone.beautycam.viewmodel.event.SelectedTabChangeEvent@b920dae
01-05 12:13:12.869 14455 14455 I [LiveEventBus]: message received: com.lightcone.beautycam.viewmodel.event.FilterGroupListUpdateEvent@a5d0c63
01-05 12:13:12.869 14455 14455 I [LiveEventBus]: observe sticky forever observer: com.jeremyliao.liveeventbus.core.LiveEventBusCore$ObserverWrapper@411ad74(d.c.d.c.r 0@27e9147) with key: class com.lightcone.beautycam.viewmodel.event.FilterGroupListUpdateEvent
01-05 12:13:12.869 14455 14455 I [LiveEventBus]: message received: com.lightcone.beautycam.viewmodel.event.SelectedFilterGroupEvent@f7eed38
01-05 12:13:12.869 14455 14455 I [LiveEventBus]: observe sticky forever observer: com.jeremyliao.liveeventbus.core.LiveEventBusCore$ObserverWrapper@cdc0312(d.c.d.c.n 0@a18629d) with key: class com.lightcone.beautycam.viewmodel.event.SelectedFilterGroupEvent
01-05 12:13:12.870 14455 14455 I [LiveEventBus]: message received: com.lightcone.beautycam.viewmodel.event.FilterListUpdateEvent@a1fb919
01-05 12:13:12.870 14455 14455 I [LiveEventBus]: observe sticky forever observer: com.jeremyliao.liveeventbus.core.LiveEventBusCore$ObserverWrapper@9562ce0(d.c.d.c.l 0@488fae3) with key: class com.lightcone.beautycam.viewmodel.event.FilterListUpdateEvent
01-05 12:13:12.870 14455 14455 I [LiveEventBus]: observe sticky forever observer: com.jeremyliao.liveeventbus.core.LiveEventBusCore$ObserverWrapper@4f33e5e(d.c.d.c.k 0@9d8b99) with key: class com.lightcone.beautycam.viewmodel.event.SelectedFilterEvent
01-05 12:13:12.870 14455 14455 I [LiveEventBus]: message received: com.lightcone.beautycam.viewmodel.event.ResourceDownloadEvent@e6f876f
01-05 12:13:12.870 14455 14455 I [LiveEventBus]: observe sticky forever observer: com.jeremyliao.liveeventbus.core.LiveEventBusCore$ObserverWrapper@2a1370c(d.c.d.c.j 0@346623f) with key: class com.lightcone.beautycam.viewmodel.event.ResourceDownloadEvent
01-05 12:13:12.870 14455 14455 I [LiveEventBus]: message received: com.lightcone.beautycam.viewmodel.event.FavoriteFilterListUpdateEvent@40a0bbf
01-05 12:13:12.871 14455 14455 I [LiveEventBus]: observe sticky forever observer: com.jeremyliao.liveeventbus.core.LiveEventBusCore$ObserverWrapper@b0e26a(d.c.d.c.m0 @cb24855) with key: class com.lightcone.beautycam.viewmodel.event.FavoriteFilterListUpdateEvent
01-05 12:13:12.871 14455 14455 I [LiveEventBus]: observe forever observer: com.jeremyliao.liveeventbus.core.LiveEventBusCore$ObserverWrapper@fb0b7f8(d.c.d.c.g 0@848e35b) with key: class com.lightcone.beautycam.viewmodel.event.AddRemoveFavoriteFilterEvent
01-05 12:13:12.871 14455 14455 I [LiveEventBus]: observe sticky forever observer: com.jeremyliao.liveeventbus.core.LiveEventBusCore$ObserverWrapper@cf2bb36(d.c.d.c.c 0@81c14d1) with key: class com.lightcone.beautycam.viewmodel.event.SelectedFilterEvent
01-05 12:13:12.871 14455 14455 I [LiveEventBus]: message received: com.lightcone.beautycam.viewmodel.event.ResourceDownloadEvent@e6f876f
01-05 12:13:12.871 14455 14455 I [LiveEventBus]: observe sticky forever observer: com.jeremyliao.liveeventbus.core.LiveEventBusCore$ObserverWrapper@c355ba4(d.c.d.c.e 0@a285a37) with key: class com.lightcone.beautycam.viewmodel.event.ResourceDownloadEvent
01-05 12:13:12.871 14455 14455 I [LiveEventBus]: message received: com.lightcone.beautycam.viewmodel.event.FavoriteFilterListUpdateEvent@40a0bbf
01-05 12:13:12.872 14455 14455 I [LiveEventBus]: observe sticky forever observer: com.jeremyliao.liveeventbus.core.LiveEventBusCore$ObserverWrapper@4a754c2(d.c.d.c.d 0@97c2d0d) with key: class com.lightcone.beautycam.viewmodel.event.FavoriteFilterListUpdateEvent
01-05 12:13:12.872 14455 14455 I [LiveEventBus]: observe forever observer: com.jeremyliao.liveeventbus.core.LiveEventBusCore$ObserverWrapper@c3e8e10(d.c.d.c.f 0@71e62d3) with key: class com.lightcone.beautycam.viewmodel.event.AddRemoveFavoriteFilterEvent
01-05 12:13:12.872 14455 14455 I [LiveEventBus]: observe forever observer: com.jeremyliao.liveeventbus.core.LiveEventBusCore$ObserverWrapper@119fb0e(d.c.d.p.x .u@64b8d09) with key: class com.lightcone.beautycam.viewmodel.event.ClickFilterGroupEvent
01-05 12:13:12.872 14455 14631 E TAG : drawFace: rect ratio w: 0.7430556 ratio h: 0.703125
01-05 12:13:12.872 14455 14455 I [LiveEventBus]: message received: com.lightcone.beautycam.viewmodel.event.SelectedFilterGroupEvent@f7eed38
01-05 12:13:12.872 14455 14455 I [LiveEventBus]: observe sticky forever observer: com.jeremyliao.liveeventbus.core.LiveEventBusCore$ObserverWrapper@3667b3c(d.c.d.p.x .s@d62592f) with key: class com.lightcone.beautycam.viewmodel.event.SelectedFilterGroupEvent
01-05 12:13:12.872 14455 14455 I [LiveEventBus]: observe sticky forever observer: com.jeremyliao.liveeventbus.core.LiveEventBusCore$ObserverWrapper@2feba1a(d.c.d.p.x .w@896f0c5) with key: class com.lightcone.beautycam.viewmodel.event.SelectedFilterEvent
01-05 12:13:12.872 14455 14455 I [LiveEventBus]: observe forever observer: com.jeremyliao.liveeventbus.core.LiveEventBusCore$ObserverWrapper@2be0f28(d.c.d.p.x .v@d45594b) with key: class com.lightcone.beautycam.viewmodel.event.AddRemoveFavoriteFilterEvent
01-05 12:13:12.873 14455 14631 E TAG : drawFace: texture ratio w: 0.7430556 ratio h: 0.703125
01-05 12:13:12.877 14455 14455 W amera.videocall: type=1400 audit(0.0:2301672): avc: denied { read } for name="u:object_r:qemu_hw_prop:s0" dev="tmpfs" ino=14567 scontext=u:r:untrusted_app_30:s0:c225,c257,c512,c768 tcontext=u:object_r:qemu_hw_prop:s0 tclass=file permissive=0 app=com.accarunit.beauty.camera.videocall
01-05 12:13:12.882 14455 14455 W libc : Access denied finding property "qemu.hw.mainkeys"
01-05 12:13:12.882 14455 14631 D TAG : refreshParams: facetop: [0.0, 0.0]
01-05 12:13:12.882 14455 14631 D TAG : refreshParams: eyes_smiley: [0.0, 0.0]
01-05 12:13:12.882 14455 14631 D TAG : refreshParams: nose_bridge: [0.5, 0.5]
01-05 12:13:12.882 14455 14631 D TAG : refreshParams: nose_position: [0.5, 0.5]
01-05 12:13:12.886 14455 14455 I [LiveEventBus]: observe sticky forever observer: com.jeremyliao.liveeventbus.core.LiveEventBusCore$ObserverWrapper@6a1ec1f(d.c.d.p.x .z1@28143be) with key: class com.lightcone.beautycam.viewmodel.event.RatioChangeEvent
01-05 12:13:12.886 14455 14455 I [LiveEventBus]: observe sticky forever observer: com.jeremyliao.liveeventbus.core.LiveEventBusCore$ObserverWrapper@dee9535(d.c.d.p.x .g1@7dd2b6c) with key: class com.lightcone.beautycam.viewmodel.event.SelectedFilterEvent
01-05 12:13:12.887 14455 14455 I [LiveEventBus]: observe forever observer: com.jeremyliao.liveeventbus.core.LiveEventBusCore$ObserverWrapper@6032b3b(d.c.d.p.x .f1@c09ddca) with key: class com.lightcone.beautycam.viewmodel.event.FilterIntensityUpdateEvent
01-05 12:13:12.928 14455 14631 E TAG : drawFace: rect ratio w: 0.75 ratio h: 0.7083334
01-05 12:13:12.928 14455 14631 E TAG : drawFace: texture ratio w: 0.75 ratio h: 0.7083333
01-05 12:13:12.934 14455 14631 D TAG : refreshParams: facetop: [0.0, 0.0]
01-05 12:13:12.934 14455 14631 D TAG : refreshParams: eyes_smiley: [0.0, 0.0]
01-05 12:13:12.935 14455 14631 D TAG : refreshParams: nose_bridge: [0.5, 0.5]
01-05 12:13:12.935 14455 14631 D TAG : refreshParams: nose_position: [0.5, 0.5]
01-05 12:13:12.979 14455 14631 E TAG : drawFace: rect ratio w: 0.7430556 ratio h: 0.7083334
01-05 12:13:12.979 14455 14631 E TAG : drawFace: texture ratio w: 0.7430556 ratio h: 0.7083333
01-05 12:13:12.982 14455 14631 D TAG : refreshParams: facetop: [0.0, 0.0]
01-05 12:13:12.982 14455 14631 D TAG : refreshParams: eyes_smiley: [0.0, 0.0]
01-05 12:13:12.982 14455 14631 D TAG : refreshParams: nose_bridge: [0.5, 0.5]
01-05 12:13:12.982 14455 14631 D TAG : refreshParams: nose_position: [0.5, 0.5]
01-05 12:13:12.999 14455 14455 E TAG : bindData: https://src.guangzhuiyuan.com/a_kty0p5tvscposq0/image/filter/thumbnail/ vacation02.webp
01-05 12:13:13.011 14455 14455 E TAG : bindData: https://src.guangzhuiyuan.com/a_kty0p5tvscposq0/image/filter/thumbnail/ feature03.webp
01-05 12:13:13.012 14455 14780 D TrafficStats: tagSocket(178) with statsTag=0xffffffff, statsUid=-1
01-05 12:13:13.014 14455 14784 D TrafficStats: tagSocket(188) with statsTag=0xffffffff, statsUid=-1
01-05 12:13:13.017 14455 14455 E TAG : bindData: https://src.guangzhuiyuan.com/a_kty0p5tvscposq0/image/filter/thumbnail/ snowfall01.webp
01-05 12:13:13.021 14455 14786 D TrafficStats: tagSocket(201) with statsTag=0xffffffff, statsUid=-1
01-05 12:13:13.023 14455 14455 E TAG : bindData: https://src.guangzhuiyuan.com/a_kty0p5tvscposq0/image/filter/thumbnail/ softpink01.webp
01-05 12:13:13.027 14455 14788 D TrafficStats: tagSocket(206) with statsTag=0xffffffff, statsUid=-1
01-05 12:13:13.029 14455 14631 E TAG : drawFace: rect ratio w: 0.7430556 ratio h: 0.7135416
01-05 12:13:13.029 14455 14631 E TAG : drawFace: texture ratio w: 0.7430556 ratio h: 0.7125
01-05 12:13:13.032 14455 14455 E TAG : bindData: https://src.guangzhuiyuan.com/a_kty0p5tvscposq0/image/filter/thumbnail/pearl04.webp
01-05 12:13:13.033 14455 14631 D TAG : refreshParams: facetop: [0.0, 0.0]
01-05 12:13:13.033 14455 14631 D TAG : refreshParams: eyes_smiley: [0.0, 0.0]
01-05 12:13:13.033 14455 14631 D TAG : refreshParams: nose_bridge: [0.5, 0.5]
01-05 12:13:13.033 14455 14631 D TAG : refreshParams: nose_position: [0.5, 0.5]
01-05 12:13:13.038 14455 14789 D TrafficStats: tagSocket(211) with statsTag=0xffffffff, statsUid=-1
01-05 12:13:13.040 14455 14455 E TAG : bindData: https://src.guangzhuiyuan.com/a_kty0p5tvscposq0/image/filter/thumbnail/ vacation05.webp
01-05 12:13:13.045 14455 14455 E TAG : bindData: https://src.guangzhuiyuan.com/a_kty0p5tvscposq0/image/filter/thumbnail/ feature07.webp
01-05 12:13:13.073 14455 14631 E TAG : drawFace: rect ratio w: 0.7430556 ratio h: 0.6979167
01-05 12:13:13.073 14455 14631 E TAG : drawFace: texture ratio w: 0.7430556 ratio h: 0.6979167
01-05 12:13:13.078 14455 14631 D TAG : refreshParams: facetop: [0.0, 0.0]
01-05 12:13:13.078 14455 14631 D TAG : refreshParams: eyes_smiley: [0.0, 0.0]
01-05 12:13:13.078 14455 14631 D TAG : refreshParams: nose_bridge: [0.5, 0.5]
01-05 12:13:13.078 14455 14631 D TAG : refreshParams: nose_position: [0.5, 0.5]
01-05 12:13:13.119 14455 14631 E TAG : drawFace: rect ratio w: 0.7430556 ratio h: 0.6979167
01-05 12:13:13.119 14455 14631 E TAG : drawFace: texture ratio w: 0.7430556 ratio h: 0.6979167
01-05 12:13:13.121 14455 14631 D TAG : refreshParams: facetop: [0.0, 0.0]
01-05 12:13:13.121 14455 14631 D TAG : refreshParams: eyes_smiley: [0.0, 0.0]
01-05 12:13:13.121 14455 14631 D TAG : refreshParams: nose_bridge: [0.5, 0.5]
01-05 12:13:13.121 14455 14631 D TAG : refreshParams: nose_position: [0.5, 0.5]
01-05 12:13:13.162 14455 14631 E TAG : drawFace: rect ratio w: 0.7430556 ratio h: 0.703125
01-05 12:13:13.163 14455 14631 E TAG : drawFace: texture ratio w: 0.7430556 ratio h: 0.703125
01-05 12:13:13.178 14455 14631 D TAG : refreshParams: facetop: [0.0, 0.0]
01-05 12:13:13.178 14455 14631 D TAG : refreshParams: eyes_smiley: [0.0, 0.0]
01-05 12:13:13.178 14455 14631 D TAG : refreshParams: nose_bridge: [0.5, 0.5]
01-05 12:13:13.179 14455 14631 D TAG : refreshParams: nose_position: [0.5, 0.5]
01-05 12:13:13.223 14455 14631 E TAG : drawFace: rect ratio w: 0.7430556 ratio h: 0.703125
01-05 12:13:13.223 14455 14631 E TAG : drawFace: texture ratio w: 0.7430556 ratio h: 0.703125
01-05 12:13:13.229 14455 14631 D TAG : refreshParams: facetop: [0.0, 0.0]
01-05 12:13:13.229 14455 14631 D TAG : refreshParams: eyes_smiley: [0.0, 0.0]
01-05 12:13:13.229 14455 14631 D TAG : refreshParams: nose_bridge: [0.5, 0.5]
01-05 12:13:13.229 14455 14631 D TAG : refreshParams: nose_position: [0.5, 0.5]
01-05 12:13:13.276 14455 14631 E TAG : drawFace: rect ratio w: 0.7430556 ratio h: 0.6979167
01-05 12:13:13.276 14455 14631 E TAG : drawFace: texture ratio w: 0.7430556 ratio h: 0.6979167
01-05 12:13:13.279 14455 14631 D TAG : refreshParams: facetop: [0.0, 0.0]
01-05 12:13:13.279 14455 14631 D TAG : refreshParams: eyes_smiley: [0.0, 0.0]
01-05 12:13:13.279 14455 14631 D TAG : refreshParams: nose_bridge: [0.5, 0.5]
01-05 12:13:13.279 14455 14631 D TAG : refreshParams: nose_position: [0.5, 0.5]
01-05 12:13:13.319 14455 14631 E TAG : drawFace: rect ratio w: 0.7430556 ratio h: 0.6864583
01-05 12:13:13.319 14455 14631 E TAG : drawFace: texture ratio w: 0.7430556 ratio h: 0.68541664
01-05 12:13:13.322 14455 14631 D TAG : refreshParams: facetop: [0.0, 0.0]
01-05 12:13:13.322 14455 14631 D TAG : refreshParams: eyes_smiley: [0.0, 0.0]
01-05 12:13:13.322 14455 14631 D TAG : refreshParams: nose_bridge: [0.5, 0.5]
01-05 12:13:13.322 14455 14631 D TAG : refreshParams: nose_position: [0.5, 0.5]
01-05 12:13:13.364 14455 14631 E TAG : drawFace: rect ratio w: 0.7430556 ratio h: 0.6822917
01-05 12:13:13.364 14455 14631 E TAG : drawFace: texture ratio w: 0.7430556 ratio h: 0.6822917
01-05 12:13:13.372 14455 14631 D TAG : refreshParams: facetop: [0.0, 0.0]
01-05 12:13:13.372 14455 14631 D TAG : refreshParams: eyes_smiley: [0.0, 0.0]
01-05 12:13:13.372 14455 14631 D TAG : refreshParams: nose_bridge: [0.5, 0.5]
01-05 12:13:13.372 14455 14631 D TAG : refreshParams: nose_position: [0.5, 0.5]
01-05 12:13:13.415 14455 14631 E TAG : drawFace: rect ratio w: 0.7430556 ratio h: 0.68645835
01-05 12:13:13.415 14455 14631 E TAG : drawFace: texture ratio w: 0.7430556 ratio h: 0.68645835
01-05 12:13:13.422 14455 14631 D TAG : refreshParams: facetop: [0.0, 0.0]
01-05 12:13:13.422 14455 14631 D TAG : refreshParams: eyes_smiley: [0.0, 0.0]
01-05 12:13:13.422 14455 14631 D TAG : refreshParams: nose_bridge: [0.5, 0.5]
01-05 12:13:13.422 14455 14631 D TAG : refreshParams: nose_position: [0.5, 0.5]
01-05 12:13:13.465 14455 14631 E TAG : drawFace: rect ratio w: 0.7430556 ratio h: 0.68645835
01-05 12:13:13.465 14455 14631 E TAG : drawFace: texture ratio w: 0.7430556 ratio h: 0.68645835
01-05 12:13:13.469 14455 14631 D TAG : refreshParams: facetop: [0.0, 0.0]
01-05 12:13:13.469 14455 14631 D TAG : refreshParams: eyes_smiley: [0.0, 0.0]
01-05 12:13:13.469 14455 14631 D TAG : refreshParams: nose_bridge: [0.5, 0.5]
01-05 12:13:13.469 14455 14631 D TAG : refreshParams: nose_position: [0.5, 0.5]
01-05 12:13:13.513 14455 14631 E TAG : drawFace: rect ratio w: 0.7430556 ratio h: 0.6822917
01-05 12:13:13.513 14455 14631 E TAG : drawFace: texture ratio w: 0.7430556 ratio h: 0.6822917
01-05 12:13:13.517 14455 14631 D TAG : refreshParams: facetop: [0.0, 0.0]
01-05 12:13:13.517 14455 14631 D TAG : refreshParams: eyes_smiley: [0.0, 0.0]
01-05 12:13:13.517 14455 14631 D TAG : refreshParams: nose_bridge: [0.5, 0.5]
01-05 12:13:13.517 14455 14631 D TAG : refreshParams: nose_position: [0.5, 0.5]
01-05 12:13:13.579 14455 14631 E TAG : drawFace: rect ratio w: 0.7430556 ratio h: 0.6822917
01-05 12:13:13.579 14455 14631 E TAG : drawFace: texture ratio w: 0.7430556 ratio h: 0.6822917
01-05 12:13:13.584 14455 14631 D TAG : refreshParams: facetop: [0.0, 0.0]
01-05 12:13:13.584 14455 14631 D TAG : refreshParams: eyes_smiley: [0.0, 0.0]
01-05 12:13:13.584 14455 14631 D TAG : refreshParams: nose_bridge: [0.5, 0.5]
01-05 12:13:13.584 14455 14631 D TAG : refreshParams: nose_position: [0.5, 0.5]
01-05 12:13:13.632 14455 14631 E TAG : drawFace: rect ratio w: 0.7430556 ratio h: 0.68645835
01-05 12:13:13.632 14455 14631 E TAG : drawFace: texture ratio w: 0.7430556 ratio h: 0.68645835
01-05 12:13:13.636 14455 14631 D TAG : refreshParams: facetop: [0.0, 0.0]
01-05 12:13:13.636 14455 14631 D TAG : refreshParams: eyes_smiley: [0.0, 0.0]
01-05 12:13:13.636 14455 14631 D TAG : refreshParams: nose_bridge: [0.5, 0.5]
01-05 12:13:13.636 14455 14631 D TAG : refreshParams: nose_position: [0.5, 0.5]
01-05 12:13:13.681 14455 14631 E TAG : drawFace: rect ratio w: 0.7430556 ratio h: 0.67604166
01-05 12:13:13.681 14455 14631 E TAG : drawFace: texture ratio w: 0.7430556 ratio h: 0.67604166
01-05 12:13:13.687 14455 14631 D TAG : refreshParams: facetop: [0.0, 0.0]
01-05 12:13:13.687 14455 14631 D TAG : refreshParams: eyes_smiley: [0.0, 0.0]
01-05 12:13:13.688 14455 14631 D TAG : refreshParams: nose_bridge: [0.5, 0.5]
01-05 12:13:13.688 14455 14631 D TAG : refreshParams: nose_position: [0.5, 0.5]
01-05 12:13:13.727 14455 14500 W RenderInspector: QueueBuffer time out on com.accarunit.beauty.camera.videocall/com.lightcone.beautycam.activity.BeautyCamera Activity, count=1, avg=27 ms, max=27 ms.
01-05 12:13:13.730 14455 14631 E TAG : drawFace: rect ratio w: 0.7430556 ratio h: 0.6822916
01-05 12:13:13.730 14455 14631 E TAG : drawFace: texture ratio w: 0.7430556 ratio h: 0.68125
01-05 12:13:13.733 14455 14631 D TAG : refreshParams: facetop: [0.0, 0.0]
01-05 12:13:13.733 14455 14631 D TAG : refreshParams: eyes_smiley: [0.0, 0.0]
01-05 12:13:13.733 14455 14631 D TAG : refreshParams: nose_bridge: [0.5, 0.5]
01-05 12:13:13.733 14455 14631 D TAG : refreshParams: nose_position: [0.5, 0.5]
01-05 12:13:13.777 14455 14631 E TAG : drawFace: rect ratio w: 0.7430556 ratio h: 0.67604166
01-05 12:13:13.778 14455 14631 E TAG : drawFace: texture ratio w: 0.7430556 ratio h: 0.67604166
01-05 12:13:13.782 14455 14631 D TAG : refreshParams: facetop: [0.0, 0.0]
01-05 12:13:13.782 14455 14631 D TAG : refreshParams: eyes_smiley: [0.0, 0.0]
01-05 12:13:13.782 14455 14631 D TAG : refreshParams: nose_bridge: [0.5, 0.5]
01-05 12:13:13.782 14455 14631 D TAG : refreshParams: nose_position: [0.5, 0.5]
01-05 12:13:13.825 14455 14631 E TAG : drawFace: rect ratio w: 0.7430556 ratio h: 0.67604166
01-05 12:13:13.825 14455 14631 E TAG : drawFace: texture ratio w: 0.7430556 ratio h: 0.67604166
01-05 12:13:13.830 14455 14631 D TAG : refreshParams: facetop: [0.0, 0.0]
01-05 12:13:13.830 14455 14631 D TAG : refreshParams: eyes_smiley: [0.0, 0.0]
01-05 12:13:13.830 14455 14631 D TAG : refreshParams: nose_bridge: [0.5, 0.5]
01-05 12:13:13.830 14455 14631 D TAG : refreshParams: nose_position: [0.5, 0.5]
01-05 12:13:13.877 14455 14631 E TAG : drawFace: rect ratio w: 0.7361111 ratio h: 0.67083335
01-05 12:13:13.878 14455 14631 E TAG : drawFace: texture ratio w: 0.7361111 ratio h: 0.67083335
01-05 12:13:13.884 14455 14631 D TAG : refreshParams: facetop: [0.0, 0.0]
01-05 12:13:13.884 14455 14631 D TAG : refreshParams: eyes_smiley: [0.0, 0.0]
01-05 12:13:13.884 14455 14631 D TAG : refreshParams: nose_bridge: [0.5, 0.5]
01-05 12:13:13.884 14455 14631 D TAG : refreshParams: nose_position: [0.5, 0.5]
01-05 12:13:13.933 14455 14631 E TAG : drawFace: rect ratio w: 0.7361111 ratio h: 0.67604166
01-05 12:13:13.933 14455 14631 E TAG : drawFace: texture ratio w: 0.7361111 ratio h: 0.67604166
01-05 12:13:13.939 14455 14631 D TAG : refreshParams: facetop: [0.0, 0.0]
01-05 12:13:13.939 14455 14631 D TAG : refreshParams: eyes_smiley: [0.0, 0.0]
01-05 12:13:13.939 14455 14631 D TAG : refreshParams: nose_bridge: [0.5, 0.5]
01-05 12:13:13.939 14455 14631 D TAG : refreshParams: nose_position: [0.5, 0.5]
01-05 12:13:13.989 14455 14631 E TAG : drawFace: rect ratio w: 0.73611116 ratio h: 0.67604166
01-05 12:13:13.989 14455 14631 E TAG : drawFace: texture ratio w: 0.7361111 ratio h: 0.67604166
01-05 12:13:13.994 14455 14631 D TAG : refreshParams: facetop: [0.0, 0.0]
01-05 12:13:13.994 14455 14631 D TAG : refreshParams: eyes_smiley: [0.0, 0.0]
01-05 12:13:13.994 14455 14631 D TAG : refreshParams: nose_bridge: [0.5, 0.5]
01-05 12:13:13.994 14455 14631 D TAG : refreshParams: nose_position: [0.5, 0.5]
01-05 12:13:14.040 14455 14631 E TAG : drawFace: rect ratio w: 0.7361111 ratio h: 0.665625
01-05 12:13:14.040 14455 14631 E TAG : drawFace: texture ratio w: 0.7361111 ratio h: 0.665625
01-05 12:13:14.046 14455 14631 D TAG : refreshParams: facetop: [0.0, 0.0]
01-05 12:13:14.046 14455 14631 D TAG : refreshParams: eyes_smiley: [0.0, 0.0]
01-05 12:13:14.046 14455 14631 D TAG : refreshParams: nose_bridge: [0.5, 0.5]
01-05 12:13:14.046 14455 14631 D TAG : refreshParams: nose_position: [0.5, 0.5]
01-05 12:13:14.098 14455 14631 E TAG : drawFace: rect ratio w: 0.7361111 ratio h: 0.665625
01-05 12:13:14.098 14455 14631 E TAG : drawFace: texture ratio w: 0.7361111 ratio h: 0.665625
01-05 12:13:14.119 14455 14631 D TAG : refreshParams: facetop: [0.0, 0.0]
01-05 12:13:14.120 14455 14631 D TAG : refreshParams: eyes_smiley: [0.0, 0.0]
01-05 12:13:14.120 14455 14631 D TAG : refreshParams: nose_bridge: [0.5, 0.5]
01-05 12:13:14.120 14455 14631 D TAG : refreshParams: nose_position: [0.5, 0.5]
01-05 12:13:14.170 14455 14631 E TAG : drawFace: rect ratio w: 0.7430556 ratio h: 0.665625
01-05 12:13:14.170 14455 14631 E TAG : drawFace: texture ratio w: 0.7430556 ratio h: 0.665625
01-05 12:13:14.175 14455 14631 D TAG : refreshParams: facetop: [0.0, 0.0]
01-05 12:13:14.175 14455 14631 D TAG : refreshParams: eyes_smiley: [0.0, 0.0]
01-05 12:13:14.175 14455 14631 D TAG : refreshParams: nose_bridge: [0.5, 0.5]
01-05 12:13:14.175 14455 14631 D TAG : refreshParams: nose_position: [0.5, 0.5]
01-05 12:13:14.225 14455 14631 E TAG : drawFace: rect ratio w: 0.7430556 ratio h: 0.659375
01-05 12:13:14.225 14455 14631 E TAG : drawFace: texture ratio w: 0.7430556 ratio h: 0.659375
01-05 12:13:14.231 14455 14631 D TAG : refreshParams: facetop: [0.0, 0.0]
01-05 12:13:14.231 14455 14631 D TAG : refreshParams: eyes_smiley: [0.0, 0.0]
01-05 12:13:14.231 14455 14631 D TAG : refreshParams: nose_bridge: [0.5, 0.5]
01-05 12:13:14.231 14455 14631 D TAG : refreshParams: nose_position: [0.5, 0.5]
01-05 12:13:14.288 14455 14631 E TAG : drawFace: rect ratio w: 0.7430556 ratio h: 0.67083335
01-05 12:13:14.289 14455 14631 E TAG : drawFace: texture ratio w: 0.7430556 ratio h: 0.67083335
01-05 12:13:14.322 14455 14631 D TAG : refreshParams: facetop: [0.0, 0.0]
01-05 12:13:14.322 14455 14631 D TAG : refreshParams: eyes_smiley: [0.0, 0.0]
01-05 12:13:14.322 14455 14631 D TAG : refreshParams: nose_bridge: [0.5, 0.5]
01-05 12:13:14.322 14455 14631 D TAG : refreshParams: nose_position: [0.5, 0.5]
01-05 12:13:14.375 14455 14631 E TAG : drawFace: rect ratio w: 0.75 ratio h: 0.67083335
01-05 12:13:14.375 14455 14631 E TAG : drawFace: texture ratio w: 0.75 ratio h: 0.67083335
01-05 12:13:14.382 14455 14631 D TAG : refreshParams: facetop: [0.0, 0.0]
01-05 12:13:14.382 14455 14631 D TAG : refreshParams: eyes_smiley: [0.0, 0.0]
01-05 12:13:14.382 14455 14631 D TAG : refreshParams: nose_bridge: [0.5, 0.5]
01-05 12:13:14.382 14455 14631 D TAG : refreshParams: nose_position: [0.5, 0.5]
01-05 12:13:14.431 14455 14631 E TAG : drawFace: rect ratio w: 0.75 ratio h: 0.67083335
01-05 12:13:14.431 14455 14631 E TAG : drawFace: texture ratio w: 0.75 ratio h: 0.67083335
01-05 12:13:14.436 14455 14631 D TAG : refreshParams: facetop: [0.0, 0.0]
01-05 12:13:14.436 14455 14631 D TAG : refreshParams: eyes_smiley: [0.0, 0.0]
01-05 12:13:14.436 14455 14631 D TAG : refreshParams: nose_bridge: [0.5, 0.5]
01-05 12:13:14.436 14455 14631 D TAG : refreshParams: nose_position: [0.5, 0.5]
01-05 12:13:14.493 14455 14631 E TAG : drawFace: rect ratio w: 0.7569444 ratio h: 0.67604166
01-05 12:13:14.495 14455 14631 E TAG : drawFace: texture ratio w: 0.7569444 ratio h: 0.67604166
01-05 12:13:14.503 14455 14631 D TAG : refreshParams: facetop: [0.0, 0.0]
01-05 12:13:14.504 14455 14631 D TAG : refreshParams: eyes_smiley: [0.0, 0.0]
01-05 12:13:14.504 14455 14631 D TAG : refreshParams: nose_bridge: [0.5, 0.5]
01-05 12:13:14.504 14455 14631 D TAG : refreshParams: nose_position: [0.5, 0.5]
01-05 12:13:14.552 14455 14631 E TAG : drawFace: rect ratio w: 0.7777778 ratio h: 0.67604166
01-05 12:13:14.552 14455 14631 E TAG : drawFace: texture ratio w: 0.7777778 ratio h: 0.67604166
01-05 12:13:14.558 14455 14631 D TAG : refreshParams: facetop: [0.0, 0.0]
01-05 12:13:14.558 14455 14631 D TAG : refreshParams: eyes_smiley: [0.0, 0.0]
01-05 12:13:14.558 14455 14631 D TAG : refreshParams: nose_bridge: [0.5, 0.5]
01-05 12:13:14.558 14455 14631 D TAG : refreshParams: nose_position: [0.5, 0.5]
01-05 12:13:14.611 14455 14631 E TAG : drawFace: rect ratio w: 0.8055556 ratio h: 0.659375
01-05 12:13:14.611 14455 14631 E TAG : drawFace: texture ratio w: 0.8055556 ratio h: 0.659375
01-05 12:13:14.619 14455 14631 D TAG : refreshParams: facetop: [0.0, 0.0]
01-05 12:13:14.619 14455 14631 D TAG : refreshParams: eyes_smiley: [0.0, 0.0]
01-05 12:13:14.619 14455 14631 D TAG : refreshParams: nose_bridge: [0.5, 0.5]
01-05 12:13:14.619 14455 14631 D TAG : refreshParams: nose_position: [0.5, 0.5]
01-05 12:13:14.672 14455 14631 E TAG : drawFace: rect ratio w: 0.7486111 ratio h: 0.67604166
01-05 12:13:14.673 14455 14631 E TAG : drawFace: texture ratio w: 0.7486111 ratio h: 0.67604166
01-05 12:13:14.678 14455 14631 D TAG : refreshParams: facetop: [0.0, 0.0]
01-05 12:13:14.678 14455 14631 D TAG : refreshParams: eyes_smiley: [0.0, 0.0]
01-05 12:13:14.678 14455 14631 D TAG : refreshParams: nose_bridge: [0.5, 0.5]
01-05 12:13:14.678 14455 14631 D TAG : refreshParams: nose_position: [0.5, 0.5]
01-05 12:13:14.728 14455 14631 E TAG : drawFace: rect ratio w: 0.74583334 ratio h: 0.64375
01-05 12:13:14.728 14455 14631 E TAG : drawFace: texture ratio w: 0.74583334 ratio h: 0.64375
01-05 12:13:14.735 14455 14631 D TAG : refreshParams: facetop: [0.0, 0.0]
01-05 12:13:14.735 14455 14631 D TAG : refreshParams: eyes_smiley: [0.0, 0.0]
01-05 12:13:14.735 14455 14631 D TAG : refreshParams: nose_bridge: [0.5, 0.5]
01-05 12:13:14.735 14455 14631 D TAG : refreshParams: nose_position: [0.5, 0.5]
01-05 12:13:14.768 14455 14455 I [LiveEventBus]: post: com.lightcone.beautycam.viewmodel.event.ResourceDownloadEvent@800b7 with key: class com.lightcone.beautycam.viewmodel.event.ResourceDownloadEvent
01-05 12:13:14.768 14455 14455 I [LiveEventBus]: message received: com.lightcone.beautycam.viewmodel.event.ResourceDownloadEvent@800b7
01-05 12:13:14.769 14455 14455 I [LiveEventBus]: message received: com.lightcone.beautycam.viewmodel.event.ResourceDownloadEvent@800b7
01-05 12:13:14.787 14455 14631 E TAG : drawFace: rect ratio w: 0.68333334 ratio h: 0.659375
01-05 12:13:14.787 14455 14631 E TAG : drawFace: texture ratio w: 0.68333334 ratio h: 0.659375
01-05 12:13:14.799 14455 14631 D TAG : refreshParams: facetop: [0.0, 0.0]
01-05 12:13:14.799 14455 14631 D TAG : refreshParams: eyes_smiley: [0.0, 0.0]
01-05 12:13:14.799 14455 14631 D TAG : refreshParams: nose_bridge: [0.5, 0.5]
01-05 12:13:14.799 14455 14631 D TAG : refreshParams: nose_position: [0.5, 0.5]
01-05 12:13:14.801 14455 14455 E TAG : bindData: https://src.guangzhuiyuan.com/a_kty0p5tvscposq0/image/filter/thumbnail/otaru02.webp
01-05 12:13:14.842 14455 14631 E TAG : drawFace: rect ratio w: 0.6861111 ratio h: 0.65520835
01-05 12:13:14.842 14455 14631 E TAG : drawFace: texture ratio w: 0.6861111 ratio h: 0.65520835
01-05 12:13:14.847 14455 14631 D TAG : refreshParams: facetop: [0.0, 0.0]
01-05 12:13:14.847 14455 14631 D TAG : refreshParams: eyes_smiley: [0.0, 0.0]
01-05 12:13:14.847 14455 14631 D TAG : refreshParams: nose_bridge: [0.5, 0.5]
01-05 12:13:14.847 14455 14631 D TAG : refreshParams: nose_position: [0.5, 0.5]
01-05 12:13:14.889 14455 14631 E TAG : drawFace: rect ratio w: 0.6861111 ratio h: 0.665625
01-05 12:13:14.889 14455 14631 E TAG : drawFace: texture ratio w: 0.6861111 ratio h: 0.665625
01-05 12:13:14.896 14455 14631 D TAG : refreshParams: facetop: [0.0, 0.0]
01-05 12:13:14.896 14455 14631 D TAG : refreshParams: eyes_smiley: [0.0, 0.0]
01-05 12:13:14.896 14455 14631 D TAG : refreshParams: nose_bridge: [0.5, 0.5]
01-05 12:13:14.896 14455 14631 D TAG : refreshParams: nose_position: [0.5, 0.5]
01-05 12:13:14.939 14455 14631 E TAG : drawFace: rect ratio w: 0.68194443 ratio h: 0.6822917
01-05 12:13:14.940 14455 14631 E TAG : drawFace: texture ratio w: 0.68194443 ratio h: 0.6822917
01-05 12:13:14.952 14455 14631 D TAG : refreshParams: facetop: [0.0, 0.0]
01-05 12:13:14.952 14455 14631 D TAG : refreshParams: eyes_smiley: [0.0, 0.0]
01-05 12:13:14.952 14455 14631 D TAG : refreshParams: nose_bridge: [0.5, 0.5]
01-05 12:13:14.952 14455 14631 D TAG : refreshParams: nose_position: [0.5, 0.5]
01-05 12:13:14.997 14455 14631 E TAG : drawFace: rect ratio w: 0.6875 ratio h: 0.6822917
01-05 12:13:14.997 14455 14631 E TAG : drawFace: texture ratio w: 0.6875 ratio h: 0.6822917
01-05 12:13:15.004 14455 14631 D TAG : refreshParams: facetop: [0.0, 0.0]
01-05 12:13:15.004 14455 14631 D TAG : refreshParams: eyes_smiley: [0.0, 0.0]
01-05 12:13:15.004 14455 14631 D TAG : refreshParams: nose_bridge: [0.5, 0.5]
01-05 12:13:15.004 14455 14631 D TAG : refreshParams: nose_position: [0.5, 0.5]
01-05 12:13:15.047 14455 14500 W RenderInspector: QueueBuffer time out on com.accarunit.beauty.camera.videocall/com.lightcone.beautycam.activity.BeautyCamera Activity, count=7, avg=9 ms, max=26 ms.
01-05 12:13:15.047 14455 14631 E TAG : drawFace: rect ratio w: 0.69722223 ratio h: 0.6822917
01-05 12:13:15.047 14455 14631 E TAG : drawFace: texture ratio w: 0.69722223 ratio h: 0.6822917
01-05 12:13:15.053 14455 14631 D TAG : refreshParams: facetop: [0.0, 0.0]
01-05 12:13:15.053 14455 14631 D TAG : refreshParams: eyes_smiley: [0.0, 0.0]
01-05 12:13:15.053 14455 14631 D TAG : refreshParams: nose_bridge: [0.5, 0.5]
01-05 12:13:15.053 14455 14631 D TAG : refreshParams: nose_position: [0.5, 0.5]
01-05 12:13:15.097 14455 14631 E TAG : drawFace: rect ratio w: 0.6958333 ratio h: 0.6822917
01-05 12:13:15.097 14455 14631 E TAG : drawFace: texture ratio w: 0.6958333 ratio h: 0.6822917
01-05 12:13:15.102 14455 14631 D TAG : refreshParams: facetop: [0.0, 0.0]
01-05 12:13:15.102 14455 14631 D TAG : refreshParams: eyes_smiley: [0.0, 0.0]
01-05 12:13:15.103 14455 14631 D TAG : refreshParams: nose_bridge: [0.5, 0.5]
01-05 12:13:15.103 14455 14631 D TAG : refreshParams: nose_position: [0.5, 0.5]
01-05 12:13:15.144 14455 14631 E TAG : drawFace: rect ratio w: 0.7013889 ratio h: 0.67604166
01-05 12:13:15.144 14455 14631 E TAG : drawFace: texture ratio w: 0.7013889 ratio h: 0.67604166
01-05 12:13:15.149 14455 14631 D TAG : refreshParams: facetop: [0.0, 0.0]
01-05 12:13:15.149 14455 14631 D TAG : refreshParams: eyes_smiley: [0.0, 0.0]
01-05 12:13:15.149 14455 14631 D TAG : refreshParams: nose_bridge: [0.5, 0.5]
01-05 12:13:15.149 14455 14631 D TAG : refreshParams: nose_position: [0.5, 0.5]
01-05 12:13:15.190 14455 14631 E TAG : drawFace: rect ratio w: 0.70416665 ratio h: 0.671875
01-05 12:13:15.191 14455 14631 E TAG : drawFace: texture ratio w: 0.70416665 ratio h: 0.671875
01-05 12:13:15.196 14455 14500 W RenderInspector: DequeueBuffer time out on com.accarunit.beauty.camera.videocall/com.lightcone.beautycam.activity.BeautyCamera Activity, count=1, avg=18 ms, max=18 ms.
01-05 12:13:15.196 14455 14631 D TAG : refreshParams: facetop: [0.0, 0.0]
01-05 12:13:15.196 14455 14631 D TAG : refreshParams: eyes_smiley: [0.0, 0.0]
01-05 12:13:15.196 14455 14631 D TAG : refreshParams: nose_bridge: [0.5, 0.5]
01-05 12:13:15.196 14455 14631 D TAG : refreshParams: nose_position: [0.5, 0.5]
