01-05 12:13:26.339 14455 14631 E TAG : drawFace: rect ratio w: 0.7013889 ratio h: 0.621875
01-05 12:13:26.339 14455 14631 E TAG : drawFace: texture ratio w: 0.7013889 ratio h: 0.621875
01-05 12:13:26.342 14455 14631 D TAG : refreshParams: facetop: [0.0, 0.0]
01-05 12:13:26.342 14455 14631 D TAG : refreshParams: eyes_smiley: [0.0, 0.0]
01-05 12:13:26.342 14455 14631 D TAG : refreshParams: nose_bridge: [0.5, 0.5]
01-05 12:13:26.342 14455 14631 D TAG : refreshParams: nose_position: [0.5, 0.5]
01-05 12:13:26.361 14455 14455 I [LiveEventBus]: broadcast: com.lightcone.beautycam.viewmodel.event.FilterIntensityUpdateEvent@1c31b61 foreground: false with key: class com.lightcone.beautycam.viewmodel.event.FilterIntensityUpdateEvent
01-05 12:13:26.370 14455 14455 I [LiveEventBus]: post: com.lightcone.beautycam.viewmodel.event.FilterIntensityUpdateEvent@706686 with key: class com.lightcone.beautycam.viewmodel.event.FilterIntensityUpdateEvent
01-05 12:13:26.370 14455 14455 I [LiveEventBus]: message received: com.lightcone.beautycam.viewmodel.event.FilterIntensityUpdateEvent@706686
01-05 12:13:26.370 14455 14455 I [LiveEventBus]: message received: com.lightcone.beautycam.viewmodel.event.FilterIntensityUpdateEvent@706686
01-05 12:13:26.390 14455 14631 E TAG : drawFace: rect ratio w: 0.7152778 ratio h: 0.621875
01-05 12:13:26.390 14455 14631 E TAG : drawFace: texture ratio w: 0.7152778 ratio h: 0.621875
01-05 12:13:26.395 14455 14631 D TAG : refreshParams: facetop: [0.0, 0.0]
01-05 12:13:26.395 14455 14631 D TAG : refreshParams: eyes_smiley: [0.0, 0.0]
01-05 12:13:26.395 14455 14631 D TAG : refreshParams: nose_bridge: [0.5, 0.5]
01-05 12:13:26.395 14455 14631 D TAG : refreshParams: nose_position: [0.5, 0.5]
01-05 12:13:26.411 14455 14455 I [LiveEventBus]: broadcast: com.lightcone.beautycam.viewmodel.event.FilterIntensityUpdateEvent@c6ebf74 foreground: false with key: class com.lightcone.beautycam.viewmodel.event.FilterIntensityUpdateEvent
01-05 12:13:26.423 14455 14455 I [LiveEventBus]: post: com.lightcone.beautycam.viewmodel.event.FilterIntensityUpdateEvent@1350c9d with key: class com.lightcone.beautycam.viewmodel.event.FilterIntensityUpdateEvent
01-05 12:13:26.423 14455 14455 I [LiveEventBus]: message received: com.lightcone.beautycam.viewmodel.event.FilterIntensityUpdateEvent@1350c9d
01-05 12:13:26.424 14455 14455 I [LiveEventBus]: message received: com.lightcone.beautycam.viewmodel.event.FilterIntensityUpdateEvent@1350c9d
01-05 12:13:26.442 14455 14631 E TAG : drawFace: rect ratio w: 0.70138884 ratio h: 0.6385417
01-05 12:13:26.442 14455 14631 E TAG : drawFace: texture ratio w: 0.7 ratio h: 0.63854164
01-05 12:13:26.447 14455 14631 D TAG : refreshParams: facetop: [0.0, 0.0]
01-05 12:13:26.447 14455 14631 D TAG : refreshParams: eyes_smiley: [0.0, 0.0]
01-05 12:13:26.447 14455 14631 D TAG : refreshParams: nose_bridge: [0.5, 0.5]
01-05 12:13:26.447 14455 14631 D TAG : refreshParams: nose_position: [0.5, 0.5]
01-05 12:13:26.461 14455 14455 I [LiveEventBus]: broadcast: com.lightcone.beautycam.viewmodel.event.FilterIntensityUpdateEvent@18eb4e3 foreground: false with key: class com.lightcone.beautycam.viewmodel.event.FilterIntensityUpdateEvent
01-05 12:13:26.467 14455 14455 I [LiveEventBus]: post: com.lightcone.beautycam.viewmodel.event.FilterIntensityUpdateEvent@f725ee0 with key: class com.lightcone.beautycam.viewmodel.event.FilterIntensityUpdateEvent
01-05 12:13:26.467 14455 14455 I [LiveEventBus]: message received: com.lightcone.beautycam.viewmodel.event.FilterIntensityUpdateEvent@f725ee0
01-05 12:13:26.467 14455 14455 I [LiveEventBus]: message received: com.lightcone.beautycam.viewmodel.event.FilterIntensityUpdateEvent@f725ee0
01-05 12:13:26.488 14455 14631 E TAG : drawFace: rect ratio w: 0.7083334 ratio h: 0.64479166
01-05 12:13:26.488 14455 14631 E TAG : drawFace: texture ratio w: 0.7083333 ratio h: 0.64479166
01-05 12:13:26.492 14455 14631 D TAG : refreshParams: facetop: [0.0, 0.0]
01-05 12:13:26.492 14455 14631 D TAG : refreshParams: eyes_smiley: [0.0, 0.0]
01-05 12:13:26.492 14455 14631 D TAG : refreshParams: nose_bridge: [0.5, 0.5]
01-05 12:13:26.492 14455 14631 D TAG : refreshParams: nose_position: [0.5, 0.5]
01-05 12:13:26.511 14455 14455 I [LiveEventBus]: broadcast: com.lightcone.beautycam.viewmodel.event.FilterIntensityUpdateEvent@97c05e foreground: false with key: class com.lightcone.beautycam.viewmodel.event.FilterIntensityUpdateEvent
01-05 12:13:26.516 14455 14455 I [LiveEventBus]: post: com.lightcone.beautycam.viewmodel.event.FilterIntensityUpdateEvent@3edbc3f with key: class com.lightcone.beautycam.viewmodel.event.FilterIntensityUpdateEvent
01-05 12:13:26.516 14455 14455 I [LiveEventBus]: message received: com.lightcone.beautycam.viewmodel.event.FilterIntensityUpdateEvent@3edbc3f
01-05 12:13:26.517 14455 14455 I [LiveEventBus]: message received: com.lightcone.beautycam.viewmodel.event.FilterIntensityUpdateEvent@3edbc3f
01-05 12:13:26.538 14455 14631 E TAG : drawFace: rect ratio w: 0.7083333 ratio h: 0.64479166
01-05 12:13:26.539 14455 14631 E TAG : drawFace: texture ratio w: 0.7083333 ratio h: 0.64479166
01-05 12:13:26.542 14455 14631 D TAG : refreshParams: facetop: [0.0, 0.0]
01-05 12:13:26.542 14455 14631 D TAG : refreshParams: eyes_smiley: [0.0, 0.0]
01-05 12:13:26.542 14455 14631 D TAG : refreshParams: nose_bridge: [0.5, 0.5]
01-05 12:13:26.542 14455 14631 D TAG : refreshParams: nose_position: [0.5, 0.5]
01-05 12:13:26.561 14455 14455 I [LiveEventBus]: broadcast: com.lightcone.beautycam.viewmodel.event.FilterIntensityUpdateEvent@17a3255 foreground: false with key: class com.lightcone.beautycam.viewmodel.event.FilterIntensityUpdateEvent
01-05 12:13:26.566 14455 14455 I [LiveEventBus]: post: com.lightcone.beautycam.viewmodel.event.FilterIntensityUpdateEvent@f1b846a with key: class com.lightcone.beautycam.viewmodel.event.FilterIntensityUpdateEvent
01-05 12:13:26.566 14455 14455 I [LiveEventBus]: message received: com.lightcone.beautycam.viewmodel.event.FilterIntensityUpdateEvent@f1b846a
01-05 12:13:26.566 14455 14455 I [LiveEventBus]: message received: com.lightcone.beautycam.viewmodel.event.FilterIntensityUpdateEvent@f1b846a
01-05 12:13:26.582 14455 14455 I [LiveEventBus]: broadcast: com.lightcone.beautycam.viewmodel.event.FilterIntensityUpdateEvent@2e129f8 foreground: false with key: class com.lightcone.beautycam.viewmodel.event.FilterIntensityUpdateEvent
01-05 12:13:26.587 14455 14631 E TAG : drawFace: rect ratio w: 0.7083334 ratio h: 0.64479166
01-05 12:13:26.587 14455 14631 E TAG : drawFace: texture ratio w: 0.7083333 ratio h: 0.64479166
01-05 12:13:26.590 14455 14631 D TAG : refreshParams: facetop: [0.0, 0.0]
01-05 12:13:26.590 14455 14631 D TAG : refreshParams: eyes_smiley: [0.0, 0.0]
01-05 12:13:26.590 14455 14631 D TAG : refreshParams: nose_bridge: [0.5, 0.5]
01-05 12:13:26.590 14455 14631 D TAG : refreshParams: nose_position: [0.5, 0.5]
01-05 12:13:26.597 14455 14455 I [LiveEventBus]: post: com.lightcone.beautycam.viewmodel.event.FilterIntensityUpdateEvent@4657d36 with key: class com.lightcone.beautycam.viewmodel.event.FilterIntensityUpdateEvent
01-05 12:13:26.597 14455 14455 I [LiveEventBus]: message received: com.lightcone.beautycam.viewmodel.event.FilterIntensityUpdateEvent@4657d36
01-05 12:13:26.597 14455 14455 I [LiveEventBus]: message received: com.lightcone.beautycam.viewmodel.event.FilterIntensityUpdateEvent@4657d36
01-05 12:13:26.638 14455 14631 E TAG : drawFace: rect ratio w: 0.6944444 ratio h: 0.6385417
01-05 12:13:26.638 14455 14631 E TAG : drawFace: texture ratio w: 0.69305557 ratio h: 0.63854164
01-05 12:13:26.642 14455 14631 D TAG : refreshParams: facetop: [0.0, 0.0]
01-05 12:13:26.642 14455 14631 D TAG : refreshParams: eyes_smiley: [0.0, 0.0]
01-05 12:13:26.642 14455 14631 D TAG : refreshParams: nose_bridge: [0.5, 0.5]
01-05 12:13:26.642 14455 14631 D TAG : refreshParams: nose_position: [0.5, 0.5]
01-05 12:13:26.694 14455 14631 E TAG : drawFace: rect ratio w: 0.7013889 ratio h: 0.6489583
01-05 12:13:26.694 14455 14631 E TAG : drawFace: texture ratio w: 0.7013889 ratio h: 0.6489583
01-05 12:13:26.699 14455 14631 D TAG : refreshParams: facetop: [0.0, 0.0]
01-05 12:13:26.700 14455 14631 D TAG : refreshParams: eyes_smiley: [0.0, 0.0]
01-05 12:13:26.700 14455 14631 D TAG : refreshParams: nose_bridge: [0.5, 0.5]
01-05 12:13:26.700 14455 14631 D TAG : refreshParams: nose_position: [0.5, 0.5]
01-05 12:13:26.754 14455 14631 E TAG : drawFace: rect ratio w: 0.7083334 ratio h: 0.64479166
01-05 12:13:26.754 14455 14631 E TAG : drawFace: texture ratio w: 0.7083333 ratio h: 0.64479166
01-05 12:13:26.764 14455 14631 D TAG : refreshParams: facetop: [0.0, 0.0]
01-05 12:13:26.764 14455 14631 D TAG : refreshParams: eyes_smiley: [0.0, 0.0]
01-05 12:13:26.764 14455 14631 D TAG : refreshParams: nose_bridge: [0.5, 0.5]
01-05 12:13:26.764 14455 14631 D TAG : refreshParams: nose_position: [0.5, 0.5]
01-05 12:13:26.816 14455 14631 E TAG : drawFace: rect ratio w: 0.7083334 ratio h: 0.64479166
01-05 12:13:26.816 14455 14631 E TAG : drawFace: texture ratio w: 0.7083333 ratio h: 0.64479166
01-05 12:13:26.820 14455 14631 D TAG : refreshParams: facetop: [0.0, 0.0]
01-05 12:13:26.820 14455 14631 D TAG : refreshParams: eyes_smiley: [0.0, 0.0]
01-05 12:13:26.820 14455 14631 D TAG : refreshParams: nose_bridge: [0.5, 0.5]
01-05 12:13:26.820 14455 14631 D TAG : refreshParams: nose_position: [0.5, 0.5]
01-05 12:13:26.870 14455 14631 E TAG : drawFace: rect ratio w: 0.7013889 ratio h: 0.64479166
01-05 12:13:26.870 14455 14631 E TAG : drawFace: texture ratio w: 0.7013889 ratio h: 0.64479166
01-05 12:13:26.875 14455 14631 D TAG : refreshParams: facetop: [0.0, 0.0]
01-05 12:13:26.875 14455 14631 D TAG : refreshParams: eyes_smiley: [0.0, 0.0]
01-05 12:13:26.875 14455 14631 D TAG : refreshParams: nose_bridge: [0.5, 0.5]
01-05 12:13:26.875 14455 14631 D TAG : refreshParams: nose_position: [0.5, 0.5]
01-05 12:13:26.917 14455 14631 E TAG : drawFace: rect ratio w: 0.7083333 ratio h: 0.6385417
01-05 12:13:26.917 14455 14631 E TAG : drawFace: texture ratio w: 0.7083333 ratio h: 0.63854164
01-05 12:13:26.922 14455 14631 D TAG : refreshParams: facetop: [0.0, 0.0]
01-05 12:13:26.923 14455 14631 D TAG : refreshParams: eyes_smiley: [0.0, 0.0]
01-05 12:13:26.923 14455 14631 D TAG : refreshParams: nose_bridge: [0.5, 0.5]
01-05 12:13:26.923 14455 14631 D TAG : refreshParams: nose_position: [0.5, 0.5]
01-05 12:13:26.981 14455 14631 E TAG : drawFace: rect ratio w: 0.7152778 ratio h: 0.628125
01-05 12:13:26.981 14455 14631 E TAG : drawFace: texture ratio w: 0.7152778 ratio h: 0.628125
01-05 12:13:26.986 14455 14631 D TAG : refreshParams: facetop: [0.0, 0.0]
01-05 12:13:26.986 14455 14631 D TAG : refreshParams: eyes_smiley: [0.0, 0.0]
01-05 12:13:26.986 14455 14631 D TAG : refreshParams: nose_bridge: [0.5, 0.5]
01-05 12:13:26.986 14455 14631 D TAG : refreshParams: nose_position: [0.5, 0.5]
01-05 12:13:27.032 14455 14631 E TAG : drawFace: rect ratio w: 0.7152778 ratio h: 0.628125
01-05 12:13:27.032 14455 14631 E TAG : drawFace: texture ratio w: 0.7152778 ratio h: 0.628125
01-05 12:13:27.036 14455 14631 D TAG : refreshParams: facetop: [0.0, 0.0]
01-05 12:13:27.036 14455 14631 D TAG : refreshParams: eyes_smiley: [0.0, 0.0]
01-05 12:13:27.036 14455 14631 D TAG : refreshParams: nose_bridge: [0.5, 0.5]
01-05 12:13:27.036 14455 14631 D TAG : refreshParams: nose_position: [0.5, 0.5]
01-05 12:13:27.090 14455 14631 E TAG : drawFace: rect ratio w: 0.7013889 ratio h: 0.6385417
01-05 12:13:27.094 14455 14631 E TAG : drawFace: texture ratio w: 0.7013889 ratio h: 0.63854164
01-05 12:13:27.115 14455 14631 D TAG : refreshParams: facetop: [0.0, 0.0]
01-05 12:13:27.115 14455 14631 D TAG : refreshParams: eyes_smiley: [0.0, 0.0]
01-05 12:13:27.115 14455 14631 D TAG : refreshParams: nose_bridge: [0.5, 0.5]
01-05 12:13:27.115 14455 14631 D TAG : refreshParams: nose_position: [0.5, 0.5]
01-05 12:13:27.163 14455 14631 E TAG : drawFace: rect ratio w: 0.7013889 ratio h: 0.6489583
01-05 12:13:27.163 14455 14631 E TAG : drawFace: texture ratio w: 0.7013889 ratio h: 0.6489583
01-05 12:13:27.169 14455 14631 D TAG : refreshParams: facetop: [0.0, 0.0]
01-05 12:13:27.169 14455 14631 D TAG : refreshParams: eyes_smiley: [0.0, 0.0]
01-05 12:13:27.169 14455 14631 D TAG : refreshParams: nose_bridge: [0.5, 0.5]
01-05 12:13:27.169 14455 14631 D TAG : refreshParams: nose_position: [0.5, 0.5]
01-05 12:13:27.217 14455 14631 E TAG : drawFace: rect ratio w: 0.7083333 ratio h: 0.6489583
01-05 12:13:27.217 14455 14631 E TAG : drawFace: texture ratio w: 0.7083333 ratio h: 0.6489583
01-05 12:13:27.224 14455 14631 D TAG : refreshParams: facetop: [0.0, 0.0]
01-05 12:13:27.224 14455 14631 D TAG : refreshParams: eyes_smiley: [0.0, 0.0]
01-05 12:13:27.224 14455 14631 D TAG : refreshParams: nose_bridge: [0.5, 0.5]
01-05 12:13:27.224 14455 14631 D TAG : refreshParams: nose_position: [0.5, 0.5]
01-05 12:13:27.288 14455 14631 E TAG : drawFace: rect ratio w: 0.7083333 ratio h: 0.64479166
01-05 12:13:27.288 14455 14631 E TAG : drawFace: texture ratio w: 0.7083333 ratio h: 0.64479166
01-05 12:13:27.312 14455 14631 D TAG : refreshParams: facetop: [0.0, 0.0]
01-05 12:13:27.312 14455 14631 D TAG : refreshParams: eyes_smiley: [0.0, 0.0]
01-05 12:13:27.312 14455 14631 D TAG : refreshParams: nose_bridge: [0.5, 0.5]
01-05 12:13:27.313 14455 14631 D TAG : refreshParams: nose_position: [0.5, 0.5]
01-05 12:13:27.364 14455 14631 E TAG : drawFace: rect ratio w: 0.7083333 ratio h: 0.64479166
01-05 12:13:27.364 14455 14631 E TAG : drawFace: texture ratio w: 0.7083333 ratio h: 0.64479166
01-05 12:13:27.367 14455 14631 D TAG : refreshParams: facetop: [0.0, 0.0]
01-05 12:13:27.367 14455 14631 D TAG : refreshParams: eyes_smiley: [0.0, 0.0]
01-05 12:13:27.367 14455 14631 D TAG : refreshParams: nose_bridge: [0.5, 0.5]
01-05 12:13:27.367 14455 14631 D TAG : refreshParams: nose_position: [0.5, 0.5]
01-05 12:13:27.415 14455 14631 E TAG : drawFace: rect ratio w: 0.6944444 ratio h: 0.6385417
01-05 12:13:27.415 14455 14631 E TAG : drawFace: texture ratio w: 0.69305557 ratio h: 0.63854164
01-05 12:13:27.421 14455 14631 D TAG : refreshParams: facetop: [0.0, 0.0]
01-05 12:13:27.421 14455 14631 D TAG : refreshParams: eyes_smiley: [0.0, 0.0]
01-05 12:13:27.421 14455 14631 D TAG : refreshParams: nose_bridge: [0.5, 0.5]
01-05 12:13:27.421 14455 14631 D TAG : refreshParams: nose_position: [0.5, 0.5]
01-05 12:13:27.465 14455 14455 I [LiveEventBus]: broadcast: com.lightcone.beautycam.viewmodel.event.DetectFaceEvent@e17570d foreground: false with key: class com.lightcone.beautycam.viewmodel.event.DetectFaceEvent
01-05 12:13:27.468 14455 14455 I [LiveEventBus]: post: com.lightcone.beautycam.viewmodel.event.DetectFaceEvent@d8436c2 with key: class com.lightcone.beautycam.viewmodel.event.DetectFaceEvent
01-05 12:13:27.468 14455 14455 I [LiveEventBus]: message received: com.lightcone.beautycam.viewmodel.event.DetectFaceEvent@d8436c2
01-05 12:13:29.766 14455 14455 I [LiveEventBus]: post: com.lightcone.beautycam.viewmodel.event.ResourceDownloadEvent@2cb4010 with key: class com.lightcone.beautycam.viewmodel.event.ResourceDownloadEvent
01-05 12:13:29.767 14455 14455 I [LiveEventBus]: message received: com.lightcone.beautycam.viewmodel.event.ResourceDownloadEvent@2cb4010
01-05 12:13:29.767 14455 14455 I [LiveEventBus]: message received: com.lightcone.beautycam.viewmodel.event.ResourceDownloadEvent@2cb4010
01-05 12:13:29.790 14455 14455 E TAG : bindData: https://src.guangzhuiyuan.com/a_kty0p5tvscposq0/image/filter/thumbnail/otaru02.webp
01-05 12:13:29.897 14455 14455 I [LiveEventBus]: broadcast: com.lightcone.beautycam.viewmodel.event.SelectedFilterEvent@780670 foreground: false with key: class com.lightcone.beautycam.viewmodel.event.SelectedFilterEvent
01-05 12:13:29.900 14455 14455 I [LiveEventBus]: broadcast: com.lightcone.beautycam.viewmodel.event.FilterIntensityUpdateEvent@fb10de9 foreground: false with key: class com.lightcone.beautycam.viewmodel.event.FilterIntensityUpdateEvent
01-05 12:13:29.902 14455 14455 I [LiveEventBus]: post: com.lightcone.beautycam.viewmodel.event.ResourceDownloadEvent@bd61a6e with key: class com.lightcone.beautycam.viewmodel.event.ResourceDownloadEvent
01-05 12:13:29.902 14455 14455 I [LiveEventBus]: message received: com.lightcone.beautycam.viewmodel.event.ResourceDownloadEvent@bd61a6e
01-05 12:13:29.903 14455 14455 I [LiveEventBus]: message received: com.lightcone.beautycam.viewmodel.event.ResourceDownloadEvent@bd61a6e
01-05 12:13:29.928 14455 14455 I [LiveEventBus]: post: com.lightcone.beautycam.viewmodel.event.SelectedFilterEvent@8839fa5 with key: class com.lightcone.beautycam.viewmodel.event.SelectedFilterEvent
01-05 12:13:29.928 14455 14455 I [LiveEventBus]: message received: com.lightcone.beautycam.viewmodel.event.SelectedFilterEvent@8839fa5
01-05 12:13:29.930 14455 14455 I [LiveEventBus]: message received: com.lightcone.beautycam.viewmodel.event.SelectedFilterEvent@8839fa5
01-05 12:13:29.930 14455 14455 I [LiveEventBus]: message received: com.lightcone.beautycam.viewmodel.event.SelectedFilterEvent@8839fa5
01-05 12:13:29.930 14455 14455 I [LiveEventBus]: message received: com.lightcone.beautycam.viewmodel.event.SelectedFilterEvent@8839fa5
01-05 12:13:29.930 14455 14455 I [LiveEventBus]: message received: com.lightcone.beautycam.viewmodel.event.SelectedFilterEvent@8839fa5
01-05 12:13:29.931 14455 14455 W RecyclerView: An instance of a was started more than once. Each instance ofa is intended to only be used once. You should create a new instance for each use.
01-05 12:13:29.931 14455 14455 I [LiveEventBus]: message received: com.lightcone.beautycam.viewmodel.event.SelectedFilterEvent@8839fa5
01-05 12:13:29.932 14455 14455 I [LiveEventBus]: post: com.lightcone.beautycam.viewmodel.event.FilterIntensityUpdateEvent@7339121 with key: class com.lightcone.beautycam.viewmodel.event.FilterIntensityUpdateEvent
01-05 12:13:29.932 14455 14455 I [LiveEventBus]: message received: com.lightcone.beautycam.viewmodel.event.FilterIntensityUpdateEvent@7339121
01-05 12:13:29.932 14455 14455 I [LiveEventBus]: message received: com.lightcone.beautycam.viewmodel.event.FilterIntensityUpdateEvent@7339121
01-05 12:13:29.948 14455 14455 E TAG : bindData: https://src.guangzhuiyuan.com/a_kty0p5tvscposq0/image/filter/thumbnail/otaru02.webp
01-05 12:13:29.956 14455 14455 E TAG : bindData: https://src.guangzhuiyuan.com/a_kty0p5tvscposq0/image/filter/thumbnail/indie07.webp
01-05 12:13:29.962 14455 14455 E TAG : bindData: https://src.guangzhuiyuan.com/a_kty0p5tvscposq0/image/filter/thumbnail/filme04.webp
01-05 12:13:29.965 14455 14631 W Bitmap : Called getWidth() on a recycle()'d bitmap! This is undefined behavior!
01-05 12:13:29.965 14455 14631 W Bitmap : Called getHeight() on a recycle()'d bitmap! This is undefined behavior!
01-05 12:13:29.967 14455 14455 E TAG : bindData: https://src.guangzhuiyuan.com/a_kty0p5tvscposq0/image/filter/thumbnail/ artistic01.webp
01-05 12:13:29.972 14455 14455 E TAG : bindData: https://src.guangzhuiyuan.com/a_kty0p5tvscposq0/image/filter/thumbnail/ feature01.webp
01-05 12:13:29.982 14455 14455 E TAG : bindData: https://src.guangzhuiyuan.com/a_kty0p5tvscposq0/image/filter/thumbnail/ feature02.webp
01-05 12:13:29.991 14455 14455 E TAG : bindData: https://src.guangzhuiyuan.com/a_kty0p5tvscposq0/image/filter/thumbnail/ feature03.webp
01-05 12:13:30.020 14455 14455 E TAG : bindData: https://src.guangzhuiyuan.com/a_kty0p5tvscposq0/image/filter/thumbnail/otaru02.webp
01-05 12:13:30.505 14455 14466 I amera.videocall: Background concurrent copying GC freed 19182(1163KB) AllocSpace objects, 54(10MB) LOS objects, 49% free, 12MB/24MB, paused 340us,240us total 107.940ms
01-05 12:13:30.814 14455 14455 I [LiveEventBus]: broadcast: com.lightcone.beautycam.viewmodel.event.DetectFaceEvent@46c3860 foreground: false with key: class com.lightcone.beautycam.viewmodel.event.DetectFaceEvent
01-05 12:13:30.815 14455 14631 E TAG : drawFace: rect ratio w: 0.57222223 ratio h: 0.49375004
01-05 12:13:30.815 14455 14631 E TAG : drawFace: texture ratio w: 0.57222223 ratio h: 0.49375
01-05 12:13:30.819 14455 14455 I [LiveEventBus]: post: com.lightcone.beautycam.viewmodel.event.ResourceDownloadEvent@5817119 with key: class com.lightcone.beautycam.viewmodel.event.ResourceDownloadEvent
01-05 12:13:30.820 14455 14455 I [LiveEventBus]: message received: com.lightcone.beautycam.viewmodel.event.ResourceDownloadEvent@5817119
01-05 12:13:30.820 14455 14455 I [LiveEventBus]: message received: com.lightcone.beautycam.viewmodel.event.ResourceDownloadEvent@5817119
01-05 12:13:30.824 14455 14631 D TAG : refreshParams: facetop: [0.0, 0.0]
01-05 12:13:30.824 14455 14631 D TAG : refreshParams: eyes_smiley: [0.0, 0.0]
01-05 12:13:30.824 14455 14631 D TAG : refreshParams: nose_bridge: [0.5, 0.5]
01-05 12:13:30.824 14455 14631 D TAG : refreshParams: nose_position: [0.5, 0.5]
01-05 12:13:30.844 14455 14455 I [LiveEventBus]: post: com.lightcone.beautycam.viewmodel.event.DetectFaceEvent@632bb7 with key: class com.lightcone.beautycam.viewmodel.event.DetectFaceEvent
01-05 12:13:30.845 14455 14455 I [LiveEventBus]: message received: com.lightcone.beautycam.viewmodel.event.DetectFaceEvent@632bb7
01-05 12:13:30.900 14455 14631 E TAG : drawFace: rect ratio w: 0.56527776 ratio h: 0.471875
01-05 12:13:30.901 14455 14631 E TAG : drawFace: texture ratio w: 0.5638889 ratio h: 0.471875
01-05 12:13:30.904 14455 14631 D TAG : refreshParams: facetop: [0.0, 0.0]
01-05 12:13:30.904 14455 14631 D TAG : refreshParams: eyes_smiley: [0.0, 0.0]
01-05 12:13:30.904 14455 14631 D TAG : refreshParams: nose_bridge: [0.5, 0.5]
01-05 12:13:30.904 14455 14631 D TAG : refreshParams: nose_position: [0.5, 0.5]
01-05 12:13:30.932 14455 14631 E TAG : drawFace: rect ratio w: 0.54444444 ratio h: 0.48229167
01-05 12:13:30.932 14455 14631 E TAG : drawFace: texture ratio w: 0.54444444 ratio h: 0.48229167
01-05 12:13:30.937 14455 14631 D TAG : refreshParams: facetop: [0.0, 0.0]
01-05 12:13:30.937 14455 14631 D TAG : refreshParams: eyes_smiley: [0.0, 0.0]
01-05 12:13:30.937 14455 14631 D TAG : refreshParams: nose_bridge: [0.5, 0.5]
01-05 12:13:30.937 14455 14631 D TAG : refreshParams: nose_position: [0.5, 0.5]
01-05 12:13:30.946 14455 14500 W RenderInspector: QueueBuffer time out on com.accarunit.beauty.camera.videocall/com.lightcone.beautycam.activity.BeautyCamera Activity, count=1, avg=36 ms, max=36 ms.
01-05 12:13:30.970 14455 14631 E TAG : drawFace: rect ratio w: 0.5375 ratio h: 0.49895832
01-05 12:13:30.970 14455 14631 E TAG : drawFace: texture ratio w: 0.5375 ratio h: 0.49895832
01-05 12:13:30.977 14455 14631 D TAG : refreshParams: facetop: [0.0, 0.0]
01-05 12:13:30.977 14455 14631 D TAG : refreshParams: eyes_smiley: [0.0, 0.0]
01-05 12:13:30.977 14455 14631 D TAG : refreshParams: nose_bridge: [0.5, 0.5]
01-05 12:13:30.977 14455 14631 D TAG : refreshParams: nose_position: [0.5, 0.5]
01-05 12:13:31.011 14455 14631 E TAG : drawFace: rect ratio w: 0.55138886 ratio h: 0.47708333
01-05 12:13:31.011 14455 14631 E TAG : drawFace: texture ratio w: 0.55 ratio h: 0.47708333
01-05 12:13:31.017 14455 14631 D TAG : refreshParams: facetop: [0.0, 0.0]
01-05 12:13:31.017 14455 14631 D TAG : refreshParams: eyes_smiley: [0.0, 0.0]
01-05 12:13:31.017 14455 14631 D TAG : refreshParams: nose_bridge: [0.5, 0.5]
01-05 12:13:31.017 14455 14631 D TAG : refreshParams: nose_position: [0.5, 0.5]
01-05 12:13:31.064 14455 14631 E TAG : drawFace: rect ratio w: 0.55833334 ratio h: 0.47708333
01-05 12:13:31.064 14455 14631 E TAG : drawFace: texture ratio w: 0.55833334 ratio h: 0.47708333
01-05 12:13:31.070 14455 14631 D TAG : refreshParams: facetop: [0.0, 0.0]
01-05 12:13:31.070 14455 14631 D TAG : refreshParams: eyes_smiley: [0.0, 0.0]
01-05 12:13:31.070 14455 14631 D TAG : refreshParams: nose_bridge: [0.5, 0.5]
01-05 12:13:31.070 14455 14631 D TAG : refreshParams: nose_position: [0.5, 0.5]
01-05 12:13:31.112 14455 14631 E TAG : drawFace: rect ratio w: 0.55833334 ratio h: 0.471875
01-05 12:13:31.112 14455 14631 E TAG : drawFace: texture ratio w: 0.55833334 ratio h: 0.471875
01-05 12:13:31.118 14455 14631 D TAG : refreshParams: facetop: [0.0, 0.0]
01-05 12:13:31.118 14455 14631 D TAG : refreshParams: eyes_smiley: [0.0, 0.0]
01-05 12:13:31.118 14455 14631 D TAG : refreshParams: nose_bridge: [0.5, 0.5]
01-05 12:13:31.118 14455 14631 D TAG : refreshParams: nose_position: [0.5, 0.5]
01-05 12:13:31.162 14455 14631 E TAG : drawFace: rect ratio w: 0.55833334 ratio h: 0.48333335
01-05 12:13:31.162 14455 14631 E TAG : drawFace: texture ratio w: 0.55833334 ratio h: 0.48333332
01-05 12:13:31.168 14455 14631 D TAG : refreshParams: facetop: [0.0, 0.0]
01-05 12:13:31.168 14455 14631 D TAG : refreshParams: eyes_smiley: [0.0, 0.0]
01-05 12:13:31.168 14455 14631 D TAG : refreshParams: nose_bridge: [0.5, 0.5]
01-05 12:13:31.168 14455 14631 D TAG : refreshParams: nose_position: [0.5, 0.5]
01-05 12:13:31.213 14455 14631 E TAG : drawFace: rect ratio w: 0.54444444 ratio h: 0.4875
01-05 12:13:31.213 14455 14631 E TAG : drawFace: texture ratio w: 0.54444444 ratio h: 0.4875
01-05 12:13:31.219 14455 14631 D TAG : refreshParams: facetop: [0.0, 0.0]
01-05 12:13:31.219 14455 14631 D TAG : refreshParams: eyes_smiley: [0.0, 0.0]
01-05 12:13:31.219 14455 14631 D TAG : refreshParams: nose_bridge: [0.5, 0.5]
01-05 12:13:31.219 14455 14631 D TAG : refreshParams: nose_position: [0.5, 0.5]
01-05 12:13:31.263 14455 14631 E TAG : drawFace: rect ratio w: 0.55833334 ratio h: 0.471875
01-05 12:13:31.263 14455 14631 E TAG : drawFace: texture ratio w: 0.55833334 ratio h: 0.471875
01-05 12:13:31.267 14455 14631 D TAG : refreshParams: facetop: [0.0, 0.0]
01-05 12:13:31.267 14455 14631 D TAG : refreshParams: eyes_smiley: [0.0, 0.0]
01-05 12:13:31.267 14455 14631 D TAG : refreshParams: nose_bridge: [0.5, 0.5]
01-05 12:13:31.267 14455 14631 D TAG : refreshParams: nose_position: [0.5, 0.5]
01-05 12:13:31.321 14455 14631 E TAG : drawFace: rect ratio w: 0.55833334 ratio h: 0.47708333
01-05 12:13:31.322 14455 14631 E TAG : drawFace: texture ratio w: 0.55833334 ratio h: 0.47708333
01-05 12:13:31.331 14455 14631 D TAG : refreshParams: facetop: [0.0, 0.0]
01-05 12:13:31.331 14455 14631 D TAG : refreshParams: eyes_smiley: [0.0, 0.0]
01-05 12:13:31.331 14455 14631 D TAG : refreshParams: nose_bridge: [0.5, 0.5]
01-05 12:13:31.331 14455 14631 D TAG : refreshParams: nose_position: [0.5, 0.5]
01-05 12:13:31.375 14455 14631 E TAG : drawFace: rect ratio w: 0.55833334 ratio h: 0.4875
01-05 12:13:31.375 14455 14631 E TAG : drawFace: texture ratio w: 0.55833334 ratio h: 0.4875
01-05 12:13:31.381 14455 14631 D TAG : refreshParams: facetop: [0.0, 0.0]
01-05 12:13:31.382 14455 14631 D TAG : refreshParams: eyes_smiley: [0.0, 0.0]
01-05 12:13:31.382 14455 14631 D TAG : refreshParams: nose_bridge: [0.5, 0.5]
01-05 12:13:31.382 14455 14631 D TAG : refreshParams: nose_position: [0.5, 0.5]
01-05 12:13:31.423 14455 14631 E TAG : drawFace: rect ratio w: 0.5652778 ratio h: 0.48333335
01-05 12:13:31.423 14455 14631 E TAG : drawFace: texture ratio w: 0.56527776 ratio h: 0.48333332
01-05 12:13:31.429 14455 14631 D TAG : refreshParams: facetop: [0.0, 0.0]
01-05 12:13:31.429 14455 14631 D TAG : refreshParams: eyes_smiley: [0.0, 0.0]
01-05 12:13:31.429 14455 14631 D TAG : refreshParams: nose_bridge: [0.5, 0.5]
01-05 12:13:31.429 14455 14631 D TAG : refreshParams: nose_position: [0.5, 0.5]
01-05 12:13:31.466 14455 14500 W RenderInspector: QueueBuffer time out on com.accarunit.beauty.camera.videocall/com.lightcone.beautycam.activity.BeautyCamera Activity, count=8, avg=7 ms, max=18 ms.
01-05 12:13:31.468 14455 14455 I [LiveEventBus]: broadcast: com.lightcone.beautycam.viewmodel.event.SelectedFilterEvent@97971f2 foreground: false with key: class com.lightcone.beautycam.viewmodel.event.SelectedFilterEvent
01-05 12:13:31.468 14455 14631 E TAG : drawFace: rect ratio w: 0.55833334 ratio h: 0.48333335
01-05 12:13:31.468 14455 14631 E TAG : drawFace: texture ratio w: 0.55833334 ratio h: 0.48333332
01-05 12:13:31.470 14455 14455 I [LiveEventBus]: broadcast: com.lightcone.beautycam.viewmodel.event.FilterIntensityUpdateEvent@c997043 foreground: false with key: class com.lightcone.beautycam.viewmodel.event.FilterIntensityUpdateEvent
01-05 12:13:31.472 14455 14455 I [LiveEventBus]: post: com.lightcone.beautycam.viewmodel.event.ResourceDownloadEvent@45b66c0 with key: class com.lightcone.beautycam.viewmodel.event.ResourceDownloadEvent
01-05 12:13:31.472 14455 14455 I [LiveEventBus]: message received: com.lightcone.beautycam.viewmodel.event.ResourceDownloadEvent@45b66c0
01-05 12:13:31.472 14455 14455 I [LiveEventBus]: message received: com.lightcone.beautycam.viewmodel.event.ResourceDownloadEvent@45b66c0
01-05 12:13:31.474 14455 14631 D TAG : refreshParams: facetop: [0.0, 0.0]
01-05 12:13:31.475 14455 14631 D TAG : refreshParams: eyes_smiley: [0.0, 0.0]
01-05 12:13:31.475 14455 14631 D TAG : refreshParams: nose_bridge: [0.5, 0.5]
01-05 12:13:31.475 14455 14631 D TAG : refreshParams: nose_position: [0.5, 0.5]
01-05 12:13:31.498 14455 14455 I [LiveEventBus]: post: com.lightcone.beautycam.viewmodel.event.SelectedFilterEvent@6d8cd9f with key: class com.lightcone.beautycam.viewmodel.event.SelectedFilterEvent
01-05 12:13:31.498 14455 14455 I [LiveEventBus]: message received: com.lightcone.beautycam.viewmodel.event.SelectedFilterEvent@6d8cd9f
01-05 12:13:31.500 14455 14455 I [LiveEventBus]: message received: com.lightcone.beautycam.viewmodel.event.SelectedFilterEvent@6d8cd9f
01-05 12:13:31.501 14455 14455 I [LiveEventBus]: message received: com.lightcone.beautycam.viewmodel.event.SelectedFilterEvent@6d8cd9f
01-05 12:13:31.501 14455 14455 I [LiveEventBus]: message received: com.lightcone.beautycam.viewmodel.event.SelectedFilterEvent@6d8cd9f
01-05 12:13:31.501 14455 14455 I [LiveEventBus]: message received: com.lightcone.beautycam.viewmodel.event.SelectedFilterEvent@6d8cd9f
01-05 12:13:31.502 14455 14455 W RecyclerView: An instance of a was started more than once. Each instance ofa is intended to only be used once. You should create a new instance for each use.
01-05 12:13:31.502 14455 14455 I [LiveEventBus]: message received: com.lightcone.beautycam.viewmodel.event.SelectedFilterEvent@6d8cd9f
01-05 12:13:31.503 14455 14455 I [LiveEventBus]: post: com.lightcone.beautycam.viewmodel.event.FilterIntensityUpdateEvent@c86a4bb with key: class com.lightcone.beautycam.viewmodel.event.FilterIntensityUpdateEvent
01-05 12:13:31.503 14455 14455 I [LiveEventBus]: message received: com.lightcone.beautycam.viewmodel.event.FilterIntensityUpdateEvent@c86a4bb
01-05 12:13:31.503 14455 14455 I [LiveEventBus]: message received: com.lightcone.beautycam.viewmodel.event.FilterIntensityUpdateEvent@c86a4bb
01-05 12:13:31.515 14455 14455 E TAG : bindData: https://src.guangzhuiyuan.com/a_kty0p5tvscposq0/image/filter/thumbnail/indie07.webp
01-05 12:13:31.521 14455 14455 E TAG : bindData: https://src.guangzhuiyuan.com/a_kty0p5tvscposq0/image/filter/thumbnail/filme04.webp
01-05 12:13:31.525 14455 14631 W Bitmap : Called getWidth() on a recycle()'d bitmap! This is undefined behavior!
01-05 12:13:31.525 14455 14631 W Bitmap : Called getHeight() on a recycle()'d bitmap! This is undefined behavior!
01-05 12:13:31.527 14455 14455 E TAG : bindData: https://src.guangzhuiyuan.com/a_kty0p5tvscposq0/image/filter/thumbnail/ artistic01.webp
01-05 12:13:31.533 14455 14455 E TAG : bindData: https://src.guangzhuiyuan.com/a_kty0p5tvscposq0/image/filter/thumbnail/ feature01.webp
01-05 12:13:31.538 14455 14631 E TAG : drawFace: rect ratio w: 0.55138886 ratio h: 0.48229167
01-05 12:13:31.538 14455 14631 E TAG : drawFace: texture ratio w: 0.55 ratio h: 0.48229167
01-05 12:13:31.538 14455 14455 E TAG : bindData: https://src.guangzhuiyuan.com/a_kty0p5tvscposq0/image/filter/thumbnail/ feature02.webp
01-05 12:13:31.545 14455 14631 D TAG : refreshParams: facetop: [0.0, 0.0]
01-05 12:13:31.545 14455 14631 D TAG : refreshParams: eyes_smiley: [0.0, 0.0]
01-05 12:13:31.545 14455 14631 D TAG : refreshParams: nose_bridge: [0.5, 0.5]
01-05 12:13:31.545 14455 14631 D TAG : refreshParams: nose_position: [0.5, 0.5]
01-05 12:13:31.550 14455 14455 E TAG : bindData: https://src.guangzhuiyuan.com/a_kty0p5tvscposq0/image/filter/thumbnail/ feature03.webp
01-05 12:13:31.559 14455 14455 E TAG : bindData: https://src.guangzhuiyuan.com/a_kty0p5tvscposq0/image/filter/thumbnail/ feature04.webp
01-05 12:13:31.567 14455 14455 E TAG : bindData: https://src.guangzhuiyuan.com/a_kty0p5tvscposq0/image/filter/thumbnail/ feature05.webp
01-05 12:13:31.575 14455 14455 E TAG : bindData: https://src.guangzhuiyuan.com/a_kty0p5tvscposq0/image/filter/thumbnail/ feature06.webp
01-05 12:13:31.583 14455 14455 E TAG : bindData: https://src.guangzhuiyuan.com/a_kty0p5tvscposq0/image/filter/thumbnail/ feature07.webp
01-05 12:13:31.583 14455 14631 E TAG : drawFace: rect ratio w: 0.55833334 ratio h: 0.471875
01-05 12:13:31.583 14455 14631 E TAG : drawFace: texture ratio w: 0.55833334 ratio h: 0.471875
01-05 12:13:31.587 14455 14631 D TAG : refreshParams: facetop: [0.0, 0.0]
01-05 12:13:31.587 14455 14631 D TAG : refreshParams: eyes_smiley: [0.0, 0.0]
01-05 12:13:31.587 14455 14631 D TAG : refreshParams: nose_bridge: [0.5, 0.5]
01-05 12:13:31.587 14455 14631 D TAG : refreshParams: nose_position: [0.5, 0.5]
01-05 12:13:31.591 14455 14455 E TAG : bindData: https://src.guangzhuiyuan.com/a_kty0p5tvscposq0/image/filter/thumbnail/ snowfall01.webp
01-05 12:13:31.597 14455 14455 E TAG : bindData: https://src.guangzhuiyuan.com/a_kty0p5tvscposq0/image/filter/thumbnail/ snowfall02.webp
01-05 12:13:31.603 14455 14455 E TAG : bindData: https://src.guangzhuiyuan.com/a_kty0p5tvscposq0/image/filter/thumbnail/ snowfall03.webp
01-05 12:13:31.620 14455 14455 E TAG : bindData: https://src.guangzhuiyuan.com/a_kty0p5tvscposq0/image/filter/thumbnail/indie07.webp
01-05 12:13:31.622 14455 14631 E TAG : drawFace: rect ratio w: 0.55833334 ratio h: 0.47708333
01-05 12:13:31.622 14455 14631 E TAG : drawFace: texture ratio w: 0.55833334 ratio h: 0.47708333
01-05 12:13:31.626 14455 14455 E TAG : bindData: https://src.guangzhuiyuan.com/a_kty0p5tvscposq0/image/filter/thumbnail/filme04.webp
01-05 12:13:31.626 14455 14631 D TAG : refreshParams: facetop: [0.0, 0.0]
01-05 12:13:31.626 14455 14631 D TAG : refreshParams: eyes_smiley: [0.0, 0.0]
01-05 12:13:31.626 14455 14631 D TAG : refreshParams: nose_bridge: [0.5, 0.5]
01-05 12:13:31.626 14455 14631 D TAG : refreshParams: nose_position: [0.5, 0.5]
01-05 12:13:31.674 14455 14631 E TAG : drawFace: rect ratio w: 0.55833334 ratio h: 0.48333335
01-05 12:13:31.674 14455 14631 E TAG : drawFace: texture ratio w: 0.55833334 ratio h: 0.48333332
01-05 12:13:31.678 14455 14631 D TAG : refreshParams: facetop: [0.0, 0.0]
01-05 12:13:31.678 14455 14631 D TAG : refreshParams: eyes_smiley: [0.0, 0.0]
01-05 12:13:31.678 14455 14631 D TAG : refreshParams: nose_bridge: [0.5, 0.5]
01-05 12:13:31.678 14455 14631 D TAG : refreshParams: nose_position: [0.5, 0.5]
01-05 12:13:31.716 14455 14631 E TAG : drawFace: rect ratio w: 0.55138886 ratio h: 0.48333332
01-05 12:13:31.716 14455 14631 E TAG : drawFace: texture ratio w: 0.55 ratio h: 0.48333332
01-05 12:13:31.722 14455 14631 D TAG : refreshParams: facetop: [0.0, 0.0]
01-05 12:13:31.722 14455 14631 D TAG : refreshParams: eyes_smiley: [0.0, 0.0]
01-05 12:13:31.722 14455 14631 D TAG : refreshParams: nose_bridge: [0.5, 0.5]
01-05 12:13:31.722 14455 14631 D TAG : refreshParams: nose_position: [0.5, 0.5]
01-05 12:13:31.771 14455 14631 E TAG : drawFace: rect ratio w: 0.55138886 ratio h: 0.49375
01-05 12:13:31.771 14455 14631 E TAG : drawFace: texture ratio w: 0.55 ratio h: 0.49375
01-05 12:13:31.777 14455 14631 D TAG : refreshParams: facetop: [0.0, 0.0]
01-05 12:13:31.777 14455 14631 D TAG : refreshParams: eyes_smiley: [0.0, 0.0]
01-05 12:13:31.777 14455 14631 D TAG : refreshParams: nose_bridge: [0.5, 0.5]
01-05 12:13:31.777 14455 14631 D TAG : refreshParams: nose_position: [0.5, 0.5]
01-05 12:13:31.821 14455 14631 E TAG : drawFace: rect ratio w: 0.55138886 ratio h: 0.47708333
01-05 12:13:31.821 14455 14631 E TAG : drawFace: texture ratio w: 0.55 ratio h: 0.47708333
01-05 12:13:31.839 14455 14631 D TAG : refreshParams: facetop: [0.0, 0.0]
01-05 12:13:31.839 14455 14631 D TAG : refreshParams: eyes_smiley: [0.0, 0.0]
01-05 12:13:31.839 14455 14631 D TAG : refreshParams: nose_bridge: [0.5, 0.5]
01-05 12:13:31.839 14455 14631 D TAG : refreshParams: nose_position: [0.5, 0.5]
01-05 12:13:31.887 14455 14631 E TAG : drawFace: rect ratio w: 0.55138886 ratio h: 0.48333335
01-05 12:13:31.887 14455 14631 E TAG : drawFace: texture ratio w: 0.55 ratio h: 0.48333332
01-05 12:13:31.903 14455 14631 D TAG : refreshParams: facetop: [0.0, 0.0]
01-05 12:13:31.903 14455 14631 D TAG : refreshParams: eyes_smiley: [0.0, 0.0]
01-05 12:13:31.903 14455 14631 D TAG : refreshParams: nose_bridge: [0.5, 0.5]
01-05 12:13:31.903 14455 14631 D TAG : refreshParams: nose_position: [0.5, 0.5]
01-05 12:13:31.948 14455 14631 E TAG : drawFace: rect ratio w: 0.55138886 ratio h: 0.48333335
01-05 12:13:31.948 14455 14631 E TAG : drawFace: texture ratio w: 0.55 ratio h: 0.48333332
01-05 12:13:31.952 14455 14631 D TAG : refreshParams: facetop: [0.0, 0.0]
01-05 12:13:31.953 14455 14631 D TAG : refreshParams: eyes_smiley: [0.0, 0.0]
01-05 12:13:31.953 14455 14631 D TAG : refreshParams: nose_bridge: [0.5, 0.5]
01-05 12:13:31.953 14455 14631 D TAG : refreshParams: nose_position: [0.5, 0.5]
01-05 12:13:31.997 14455 14631 E TAG : drawFace: rect ratio w: 0.55138886 ratio h: 0.48333335
01-05 12:13:31.997 14455 14631 E TAG : drawFace: texture ratio w: 0.55 ratio h: 0.48333332
01-05 12:13:32.001 14455 14631 D TAG : refreshParams: facetop: [0.0, 0.0]
01-05 12:13:32.001 14455 14631 D TAG : refreshParams: eyes_smiley: [0.0, 0.0]
01-05 12:13:32.001 14455 14631 D TAG : refreshParams: nose_bridge: [0.5, 0.5]
01-05 12:13:32.001 14455 14631 D TAG : refreshParams: nose_position: [0.5, 0.5]
01-05 12:13:32.016 14455 14466 I amera.videocall: Background concurrent copying GC freed 138436(3823KB) AllocSpace objects, 49(9780KB) LOS objects, 49% free, 12MB/24MB, paused 285us,191us total 102.771ms
01-05 12:13:32.037 14455 14631 E TAG : drawFace: rect ratio w: 0.55138886 ratio h: 0.4875
01-05 12:13:32.037 14455 14631 E TAG : drawFace: texture ratio w: 0.55 ratio h: 0.4875
01-05 12:13:32.042 14455 14631 D TAG : refreshParams: facetop: [0.0, 0.0]
01-05 12:13:32.042 14455 14631 D TAG : refreshParams: eyes_smiley: [0.0, 0.0]
01-05 12:13:32.042 14455 14631 D TAG : refreshParams: nose_bridge: [0.5, 0.5]
01-05 12:13:32.042 14455 14631 D TAG : refreshParams: nose_position: [0.5, 0.5]
01-05 12:13:32.081 14455 14631 E TAG : drawFace: rect ratio w: 0.55138886 ratio h: 0.4875
01-05 12:13:32.081 14455 14631 E TAG : drawFace: texture ratio w: 0.55 ratio h: 0.4875
01-05 12:13:32.085 14455 14631 D TAG : refreshParams: facetop: [0.0, 0.0]
01-05 12:13:32.085 14455 14631 D TAG : refreshParams: eyes_smiley: [0.0, 0.0]
01-05 12:13:32.085 14455 14631 D TAG : refreshParams: nose_bridge: [0.5, 0.5]
01-05 12:13:32.085 14455 14631 D TAG : refreshParams: nose_position: [0.5, 0.5]
01-05 12:13:32.122 14455 14631 E TAG : drawFace: rect ratio w: 0.55138886 ratio h: 0.48229167
01-05 12:13:32.122 14455 14631 E TAG : drawFace: texture ratio w: 0.55 ratio h: 0.48229167
01-05 12:13:32.127 14455 14631 D TAG : refreshParams: facetop: [0.0, 0.0]
01-05 12:13:32.127 14455 14631 D TAG : refreshParams: eyes_smiley: [0.0, 0.0]
01-05 12:13:32.127 14455 14631 D TAG : refreshParams: nose_bridge: [0.5, 0.5]
01-05 12:13:32.127 14455 14631 D TAG : refreshParams: nose_position: [0.5, 0.5]
01-05 12:13:32.174 14455 14631 E TAG : drawFace: rect ratio w: 0.55138886 ratio h: 0.48229167
01-05 12:13:32.174 14455 14631 E TAG : drawFace: texture ratio w: 0.55 ratio h: 0.48229167
01-05 12:13:32.190 14455 14631 D TAG : refreshParams: facetop: [0.0, 0.0]
01-05 12:13:32.190 14455 14631 D TAG : refreshParams: eyes_smiley: [0.0, 0.0]
01-05 12:13:32.190 14455 14631 D TAG : refreshParams: nose_bridge: [0.5, 0.5]
01-05 12:13:32.190 14455 14631 D TAG : refreshParams: nose_position: [0.5, 0.5]
01-05 12:13:32.242 14455 14631 E TAG : drawFace: rect ratio w: 0.55833334 ratio h: 0.49374998
01-05 12:13:32.243 14455 14631 E TAG : drawFace: texture ratio w: 0.55833334 ratio h: 0.49270833
01-05 12:13:32.265 14455 14631 D TAG : refreshParams: facetop: [0.0, 0.0]
01-05 12:13:32.265 14455 14631 D TAG : refreshParams: eyes_smiley: [0.0, 0.0]
01-05 12:13:32.265 14455 14631 D TAG : refreshParams: nose_bridge: [0.5, 0.5]
01-05 12:13:32.265 14455 14631 D TAG : refreshParams: nose_position: [0.5, 0.5]
01-05 12:13:32.317 14455 14631 E TAG : drawFace: rect ratio w: 0.55833334 ratio h: 0.4875
01-05 12:13:32.317 14455 14631 E TAG : drawFace: texture ratio w: 0.55833334 ratio h: 0.4875
01-05 12:13:32.341 14455 14631 D TAG : refreshParams: facetop: [0.0, 0.0]
01-05 12:13:32.341 14455 14631 D TAG : refreshParams: eyes_smiley: [0.0, 0.0]
01-05 12:13:32.341 14455 14631 D TAG : refreshParams: nose_bridge: [0.5, 0.5]
01-05 12:13:32.341 14455 14631 D TAG : refreshParams: nose_position: [0.5, 0.5]
01-05 12:13:32.395 14455 14631 E TAG : drawFace: rect ratio w: 0.55833334 ratio h: 0.49375
01-05 12:13:32.395 14455 14631 E TAG : drawFace: texture ratio w: 0.55833334 ratio h: 0.49375
01-05 12:13:32.414 14455 14631 D TAG : refreshParams: facetop: [0.0, 0.0]
01-05 12:13:32.414 14455 14631 D TAG : refreshParams: eyes_smiley: [0.0, 0.0]
01-05 12:13:32.414 14455 14631 D TAG : refreshParams: nose_bridge: [0.5, 0.5]
01-05 12:13:32.414 14455 14631 D TAG : refreshParams: nose_position: [0.5, 0.5]
01-05 12:13:32.466 14455 14631 E TAG : drawFace: rect ratio w: 0.55833334 ratio h: 0.4875
01-05 12:13:32.475 14455 14631 E TAG : drawFace: texture ratio w: 0.55833334 ratio h: 0.4875
01-05 12:13:32.491 14455 14631 D TAG : refreshParams: facetop: [0.0, 0.0]
01-05 12:13:32.491 14455 14631 D TAG : refreshParams: eyes_smiley: [0.0, 0.0]
01-05 12:13:32.491 14455 14631 D TAG : refreshParams: nose_bridge: [0.5, 0.5]
01-05 12:13:32.491 14455 14631 D TAG : refreshParams: nose_position: [0.5, 0.5]
01-05 12:13:32.541 14455 14631 E TAG : drawFace: rect ratio w: 0.55833334 ratio h: 0.48749998
01-05 12:13:32.541 14455 14631 E TAG : drawFace: texture ratio w: 0.55833334 ratio h: 0.48645833
01-05 12:13:32.553 14455 14631 D TAG : refreshParams: facetop: [0.0, 0.0]
01-05 12:13:32.553 14455 14631 D TAG : refreshParams: eyes_smiley: [0.0, 0.0]
01-05 12:13:32.553 14455 14631 D TAG : refreshParams: nose_bridge: [0.5, 0.5]
01-05 12:13:32.553 14455 14631 D TAG : refreshParams: nose_position: [0.5, 0.5]
01-05 12:13:32.604 14455 14631 E TAG : drawFace: rect ratio w: 0.55138886 ratio h: 0.48749998
01-05 12:13:32.604 14455 14631 E TAG : drawFace: texture ratio w: 0.55 ratio h: 0.48645833
01-05 12:13:32.628 14455 14631 D TAG : refreshParams: facetop: [0.0, 0.0]
01-05 12:13:32.628 14455 14631 D TAG : refreshParams: eyes_smiley: [0.0, 0.0]
01-05 12:13:32.628 14455 14631 D TAG : refreshParams: nose_bridge: [0.5, 0.5]
01-05 12:13:32.628 14455 14631 D TAG : refreshParams: nose_position: [0.5, 0.5]
01-05 12:13:32.690 14455 14631 E TAG : drawFace: rect ratio w: 0.55138886 ratio h: 0.48749998
01-05 12:13:32.691 14455 14631 E TAG : drawFace: texture ratio w: 0.55 ratio h: 0.48645833
01-05 12:13:32.703 14455 14631 D TAG : refreshParams: facetop: [0.0, 0.0]
01-05 12:13:32.703 14455 14631 D TAG : refreshParams: eyes_smiley: [0.0, 0.0]
01-05 12:13:32.703 14455 14631 D TAG : refreshParams: nose_bridge: [0.5, 0.5]
01-05 12:13:32.703 14455 14631 D TAG : refreshParams: nose_position: [0.5, 0.5]
01-05 12:13:32.753 14455 14455 I [LiveEventBus]: post: com.lightcone.beautycam.viewmodel.event.ResourceDownloadEvent@606813a with key: class com.lightcone.beautycam.viewmodel.event.ResourceDownloadEvent
01-05 12:13:32.753 14455 14455 I [LiveEventBus]: message received: com.lightcone.beautycam.viewmodel.event.ResourceDownloadEvent@606813a
01-05 12:13:32.755 14455 14455 I [LiveEventBus]: message received: com.lightcone.beautycam.viewmodel.event.ResourceDownloadEvent@606813a
01-05 12:13:32.756 14455 14631 E TAG : drawFace: rect ratio w: 0.5513889 ratio h: 0.48749998
01-05 12:13:32.756 14455 14631 E TAG : drawFace: texture ratio w: 0.55138886 ratio h: 0.48645833
01-05 12:13:32.790 14455 14631 D TAG : refreshParams: facetop: [0.0, 0.0]
01-05 12:13:32.791 14455 14631 D TAG : refreshParams: eyes_smiley: [0.0, 0.0]
01-05 12:13:32.791 14455 14631 D TAG : refreshParams: nose_bridge: [0.5, 0.5]
01-05 12:13:32.791 14455 14631 D TAG : refreshParams: nose_position: [0.5, 0.5]
01-05 12:13:32.853 14455 14631 E TAG : drawFace: rect ratio w: 0.5513889 ratio h: 0.48749998
01-05 12:13:32.853 14455 14631 E TAG : drawFace: texture ratio w: 0.55138886 ratio h: 0.48645833
01-05 12:13:32.857 14455 14631 D TAG : refreshParams: facetop: [0.0, 0.0]
01-05 12:13:32.857 14455 14631 D TAG : refreshParams: eyes_smiley: [0.0, 0.0]
01-05 12:13:32.857 14455 14631 D TAG : refreshParams: nose_bridge: [0.5, 0.5]
01-05 12:13:32.857 14455 14631 D TAG : refreshParams: nose_position: [0.5, 0.5]
01-05 12:13:32.912 14455 14455 I [LiveEventBus]: broadcast: com.lightcone.beautycam.viewmodel.event.SelectedFilterEvent@1a9c989 foreground: false with key: class com.lightcone.beautycam.viewmodel.event.SelectedFilterEvent
01-05 12:13:32.912 14455 14631 E TAG : drawFace: rect ratio w: 0.5513889 ratio h: 0.49375
01-05 12:13:32.912 14455 14631 E TAG : drawFace: texture ratio w: 0.55138886 ratio h: 0.49375
01-05 12:13:32.915 14455 14455 I [LiveEventBus]: broadcast: com.lightcone.beautycam.viewmodel.event.FilterIntensityUpdateEvent@9a8bd8e foreground: false with key: class com.lightcone.beautycam.viewmodel.event.FilterIntensityUpdateEvent
01-05 12:13:32.917 14455 14455 I [LiveEventBus]: post: com.lightcone.beautycam.viewmodel.event.ResourceDownloadEvent@6e29af with key: class com.lightcone.beautycam.viewmodel.event.ResourceDownloadEvent
01-05 12:13:32.917 14455 14455 I [LiveEventBus]: message received: com.lightcone.beautycam.viewmodel.event.ResourceDownloadEvent@6e29af
01-05 12:13:32.917 14455 14455 I [LiveEventBus]: message received: com.lightcone.beautycam.viewmodel.event.ResourceDownloadEvent@6e29af
01-05 12:13:32.919 14455 14631 D TAG : refreshParams: facetop: [0.0, 0.0]
01-05 12:13:32.919 14455 14631 D TAG : refreshParams: eyes_smiley: [0.0, 0.0]
01-05 12:13:32.919 14455 14631 D TAG : refreshParams: nose_bridge: [0.5, 0.5]
01-05 12:13:32.919 14455 14631 D TAG : refreshParams: nose_position: [0.5, 0.5]
01-05 12:13:32.925 14455 14631 I amera.videocall: createIfNeeded: Recreate new EGLImage since dataspace changed
01-05 12:13:32.937 14455 14455 I [LiveEventBus]: post: com.lightcone.beautycam.viewmodel.event.SelectedFilterEvent@5f7249a with key: class com.lightcone.beautycam.viewmodel.event.SelectedFilterEvent
01-05 12:13:32.937 14455 14455 I [LiveEventBus]: message received: com.lightcone.beautycam.viewmodel.event.SelectedFilterEvent@5f7249a
01-05 12:13:32.940 14455 14455 I [LiveEventBus]: message received: com.lightcone.beautycam.viewmodel.event.SelectedFilterEvent@5f7249a
01-05 12:13:32.941 14455 14455 I [LiveEventBus]: message received: com.lightcone.beautycam.viewmodel.event.SelectedFilterEvent@5f7249a
01-05 12:13:32.941 14455 14455 I [LiveEventBus]: message received: com.lightcone.beautycam.viewmodel.event.SelectedFilterEvent@5f7249a
01-05 12:13:32.941 14455 14455 I [LiveEventBus]: message received: com.lightcone.beautycam.viewmodel.event.SelectedFilterEvent@5f7249a
01-05 12:13:32.942 14455 14455 W RecyclerView: An instance of a was started more than once. Each instance ofa is intended to only be used once. You should create a new instance for each use.
01-05 12:13:32.942 14455 14455 I [LiveEventBus]: message received: com.lightcone.beautycam.viewmodel.event.SelectedFilterEvent@5f7249a
01-05 12:13:32.943 14455 14455 I [LiveEventBus]: post: com.lightcone.beautycam.viewmodel.event.FilterIntensityUpdateEvent@e92f066 with key: class com.lightcone.beautycam.viewmodel.event.FilterIntensityUpdateEvent
01-05 12:13:32.943 14455 14455 I [LiveEventBus]: message received: com.lightcone.beautycam.viewmodel.event.FilterIntensityUpdateEvent@e92f066
01-05 12:13:32.943 14455 14455 I [LiveEventBus]: message received: com.lightcone.beautycam.viewmodel.event.FilterIntensityUpdateEvent@e92f066
01-05 12:13:32.948 14455 14455 E TAG : bindData: https://src.guangzhuiyuan.com/a_kty0p5tvscposq0/image/filter/thumbnail/filme04.webp
01-05 12:13:32.952 14455 14455 E TAG : bindData: https://src.guangzhuiyuan.com/a_kty0p5tvscposq0/image/filter/thumbnail/ artistic01.webp
01-05 12:13:32.956 14455 14455 E TAG : bindData: https://src.guangzhuiyuan.com/a_kty0p5tvscposq0/image/filter/thumbnail/ feature01.webp
01-05 12:13:32.960 14455 14455 E TAG : bindData: https://src.guangzhuiyuan.com/a_kty0p5tvscposq0/image/filter/thumbnail/ feature02.webp
01-05 12:13:32.969 14455 14455 E TAG : bindData: https://src.guangzhuiyuan.com/a_kty0p5tvscposq0/image/filter/thumbnail/ feature03.webp
01-05 12:13:32.981 14455 14631 E TAG : drawFace: rect ratio w: 0.5513889 ratio h: 0.49375
01-05 12:13:32.981 14455 14631 E TAG : drawFace: texture ratio w: 0.55138886 ratio h: 0.49375
01-05 12:13:32.986 14455 14631 D TAG : refreshParams: facetop: [0.0, 0.0]
01-05 12:13:32.986 14455 14631 D TAG : refreshParams: eyes_smiley: [0.0, 0.0]
01-05 12:13:32.986 14455 14631 D TAG : refreshParams: nose_bridge: [0.5, 0.5]
01-05 12:13:32.986 14455 14631 D TAG : refreshParams: nose_position: [0.5, 0.5]
01-05 12:13:32.987 14455 14455 E TAG : bindData: https://src.guangzhuiyuan.com/a_kty0p5tvscposq0/image/filter/thumbnail/ feature04.webp
01-05 12:13:33.001 14455 14631 W Bitmap : Called getWidth() on a recycle()'d bitmap! This is undefined behavior!
01-05 12:13:33.001 14455 14631 W Bitmap : Called getHeight() on a recycle()'d bitmap! This is undefined behavior!
01-05 12:13:33.008 14455 14455 E TAG : bindData: https://src.guangzhuiyuan.com/a_kty0p5tvscposq0/image/filter/thumbnail/ feature05.webp
