01-05 12:13:56.345 14455 14631 I Adreno : DequeueBuffer: dequeueBuffer failed
01-05 12:13:56.346 14455 14631 E libEGL : eglSwapBuffersWithDamageKHRImpl:1325 error 300d (EGL_BAD_SURFACE)
01-05 12:13:56.346 14455 14631 D GLSurface: WARNING: swapBuffers() failed
01-05 12:13:56.379 14455 14633 D UseCaseAttachState: Active and attached use case: [androidx.camera.core.Preview-af530a02-ea03-41cf-989b-2ae3d2cbd8eb24471425, androidx.camera.core.ImageCapture-8332873f-c593-4a65-a295-63136630226055349286] for camera: 1
01-05 12:13:56.380 14455 14633 D CaptureSession: Attempting to submit CaptureRequest after setting
01-05 12:13:56.380 14455 14633 D CaptureSession: Issuing request for session.
01-05 12:13:56.384 14455 14633 D Camera2CameraImpl: {Camera@7e4c4fa[id=1]} Use cases [Preview:androidx.camera.core.Preview-af530a02-ea03-41cf-989b-2ae3d2cbd8eb, ImageCapture:androidx.camera.core.ImageCapture-8332873f-c593-4a65-a295- 631366302260] now DETACHED for camera
01-05 12:13:56.384 14455 14633 D UseCaseAttachState: All use case: [] for camera: 1
01-05 12:13:56.384 14455 14633 D Camera2CameraImpl: {Camera@7e4c4fa[id=1]} Resetting Capture Session
01-05 12:13:56.385 14455 14633 D Camera2CameraImpl: {Camera@7e4c4fa[id=1]} Releasing session in state OPENED
01-05 12:13:56.385 14455 14633 D UseCaseAttachState: Active and attached use case: [] for camera: 1
01-05 12:13:56.386 14455 14633 D UseCaseAttachState: Active and attached use case: [] for camera: 1
01-05 12:13:56.386 14455 14633 D Camera2CameraImpl: {Camera@7e4c4fa[id=1]} Closing camera.
01-05 12:13:56.386 14455 14633 D Camera2CameraImpl: {Camera@7e4c4fa[id=1]} Transitioning camera internal state: OPENED --> CLOSING
01-05 12:13:56.386 14455 14633 D CameraStateRegistry: Recalculating open cameras:
01-05 12:13:56.386 14455 14633 D CameraStateRegistry: Camera State
01-05 12:13:56.386 14455 14633 D CameraStateRegistry: -------------------------------------------------------------------
01-05 12:13:56.386 14455 14633 D CameraStateRegistry: Camera@dbe67f0[id=0] UNKNOWN
01-05 12:13:56.386 14455 14633 D CameraStateRegistry: Camera@7e4c4fa[id=1] CLOSING
01-05 12:13:56.386 14455 14633 D CameraStateRegistry: -------------------------------------------------------------------
01-05 12:13:56.386 14455 14633 D CameraStateRegistry: Open count: 1 (Max allowed: 1)
01-05 12:13:56.386 14455 14633 D Camera2CameraImpl: {Camera@7e4c4fa[id=1]} Resetting Capture Session
01-05 12:13:56.386 14455 14633 D Camera2CameraImpl: {Camera@7e4c4fa[id=1]} Releasing session in state CLOSING
01-05 12:13:56.387 14455 14633 D CaptureSession: onSessionFinished()
01-05 12:13:56.387 14455 14633 D CameraExtImplXiaoMi: releaseCameraDevice: 1
01-05 12:13:56.388 14455 14633 D CameraDevice-JV-1: close: E. id = 1
01-05 12:13:56.406 14455 14455 I [LiveEventBus]: post: com.lightcone.beautycam.viewmodel.event.DetectFaceEvent@32f63c5 with key: class com.lightcone.beautycam.viewmodel.event.DetectFaceEvent
01-05 12:13:56.407 14455 14455 I [LiveEventBus]: message received: com.lightcone.beautycam.viewmodel.event.DetectFaceEvent@32f63c5
01-05 12:13:56.428 14455 14631 E TAG : drawFace: rect ratio w: 0.5652778 ratio h: 0.46145833
01-05 12:13:56.429 14455 14631 E TAG : drawFace: texture ratio w: 0.56527776 ratio h: 0.46145833
01-05 12:13:56.433 14455 14631 D TAG : refreshParams: facetop: [0.0, 0.0]
01-05 12:13:56.433 14455 14631 D TAG : refreshParams: eyes_smiley: [0.0, 0.0]
01-05 12:13:56.433 14455 14631 D TAG : refreshParams: nose_bridge: [0.5, 0.5]
01-05 12:13:56.433 14455 14631 D TAG : refreshParams: nose_position: [0.5, 0.5]
01-05 12:13:56.440 14455 14631 E libEGL : eglSwapBuffersWithDamageKHRImpl:1325 error 300d (EGL_BAD_SURFACE)
01-05 12:13:56.440 14455 14631 D GLSurface: WARNING: swapBuffers() failed
01-05 12:13:56.462 14455 14455 D VRI[BeautyCameraActivity]: vri.reportNextDraw android.view.ViewRootImpl.performTraversals:3878 android.view.ViewRootImpl.doTraversal:2610 android.view.ViewRootImpl$TraversalRunnable.run:9619 android.view.Choreographer$CallbackRecord.run:1491 android.view.Choreographer$CallbackRecord.run:1499
01-05 12:13:56.462 14455 14455 D SurfaceView: UPDATE Surface(name=SurfaceView[com.accarunit.beauty.camera.videocall/com.lightcone.beauty cam.activity.BeautyCameraActivity])/@0xb528abe, mIsProjectionMode = false
01-05 12:13:56.462 14455 14455 D SurfaceControl: nativeSetScreenProjection ===> setScreenProjection
01-05 12:13:56.462 14455 14455 D SurfaceControl: nativeSetScreenProjection ===> setScreenProjection
01-05 12:13:56.463 14455 14455 D SurfaceControl: nativeSetScreenProjection ===> setScreenProjection
01-05 12:13:56.463 14455 14455 D VRI[BeautyCameraActivity]: vri.Setup new sync id=7 syncSeqId=0
01-05 12:13:56.463 14455 14455 E SurfaceSyncer: Failed to find sync for id=0
01-05 12:13:56.463 14455 14455 E SurfaceSyncer: Failed to find sync for id=1
01-05 12:13:56.463 14455 14455 E SurfaceSyncer: Failed to find sync for id=2
01-05 12:13:56.463 14455 14455 E SurfaceSyncer: Failed to find sync for id=3
01-05 12:13:56.484 14455 14631 E TAG : drawFace: rect ratio w: 0.55833334 ratio h: 0.434375
01-05 12:13:56.484 14455 14631 E TAG : drawFace: texture ratio w: 0.55833334 ratio h: 0.434375
01-05 12:13:56.499 14455 14631 D TAG : refreshParams: facetop: [0.0, 0.0]
01-05 12:13:56.500 14455 14631 D TAG : refreshParams: eyes_smiley: [0.0, 0.0]
01-05 12:13:56.500 14455 14631 D TAG : refreshParams: nose_bridge: [0.5, 0.5]
01-05 12:13:56.500 14455 14631 D TAG : refreshParams: nose_position: [0.5, 0.5]
01-05 12:13:56.504 14455 14631 E libEGL : eglSwapBuffersWithDamageKHRImpl:1325 error 300d (EGL_BAD_SURFACE)
01-05 12:13:56.504 14455 14631 D GLSurface: WARNING: swapBuffers() failed
01-05 12:13:56.504 14455 14631 E libEGL : eglDestroySurfaceImpl:852 error 300d (EGL_BAD_SURFACE)
01-05 12:13:56.505 14455 14455 D VRI[BeautyCameraActivity]: vri.reportDrawFinished syncSeqId=0 android.view.ViewRootImpl.lambda$createSyncIfNeeded$4$android-view- ViewRootImpl:3946 android.view.ViewRootImpl$$ExternalSyntheticLambda1.run:6 android.os.Handler.handleCallback:942 android.os.Handler.dispatchMessage:99 android.os.Looper.loopOnce:211
01-05 12:13:56.514 14455 14455 D VRI[BeautyCameraActivity]: vri.reportNextDraw android.view.ViewRootImpl.handleResized:1982 android.view.ViewRootImpl.-$ $Nest$mhandleResized:0 android.view.ViewRootImpl$ViewRootHandler.handleMessageImpl:6000 android.view.ViewRootImpl$ViewRootHandler.handleMessage:5969 android.os.Handler.dispatchMessage:106
01-05 12:13:56.527 14455 14455 D VRI[BeautyCameraActivity]: vri.Setup new sync id=8 syncSeqId=0
01-05 12:13:56.527 14455 14455 E SurfaceSyncer: Failed to find sync for id=0
01-05 12:13:56.527 14455 14455 E SurfaceSyncer: Failed to find sync for id=1
01-05 12:13:56.527 14455 14455 E SurfaceSyncer: Failed to find sync for id=2
01-05 12:13:56.527 14455 14455 E SurfaceSyncer: Failed to find sync for id=3
01-05 12:13:56.534 14455 14455 D VRI[BeautyCameraActivity]: vri.reportDrawFinished syncSeqId=0 android.view.ViewRootImpl.lambda$createSyncIfNeeded$4$android-view- ViewRootImpl:3946 android.view.ViewRootImpl$$ExternalSyntheticLambda1.run:6 android.os.Handler.handleCallback:942 android.os.Handler.dispatchMessage:99 android.os.Looper.loopOnce:211
01-05 12:13:56.579 14455 14455 D DecorView[BeautyCameraActivity]: onWindowFocusChanged hasWindowFocus true
01-05 12:13:56.580 14455 14455 I HandWritingStubImpl: refreshLastKeyboardType: 1
01-05 12:13:56.580 14455 14455 I HandWritingStubImpl: getCurrentKeyboardType: 1
01-05 12:13:56.648 14455 14633 W BpBinder: PerfMonitor binderTransact : time=259ms interface=android.hardware.camera2.ICameraDeviceUser code=1
01-05 12:13:56.648 14455 14633 D CameraDevice-JV-1: close: X
01-05 12:13:56.649 14455 14472 W amera.videocall: Long monitor contention with owner CameraX-core_camera_0 (14633) at void android.hardware.camera2.impl.CameraDeviceImpl.close()(CameraDeviceImpl.java:1532) waiters=0 in void android.hardware.camera2.impl.CameraDeviceImpl$CameraDeviceCallbacks.onCaptureStart ed(android.hardware.camera2.impl.CaptureResultExtras, long) for 235ms
01-05 12:13:56.650 14455 14633 D UseCaseAttachState: Active and attached use case: [] for camera: 1
01-05 12:13:56.650 14455 14472 W CameraDevice-JV-1: Device error received, code 4, frame number 663, request ID 0, subseq ID 0
01-05 12:13:56.650 14455 14633 D Camera2CameraImpl: {Camera@7e4c4fa[id=1]} Use cases [Preview:androidx.camera.core.Preview-af530a02-ea03-41cf-989b-2ae3d2cbd8eb, ImageCapture:androidx.camera.core.ImageCapture-8332873f-c593-4a65-a295- 631366302260] now ATTACHED
01-05 12:13:56.650 14455 14472 W CameraDevice-JV-1: Device error received, code 4, frame number 659, request ID 0, subseq ID 0
01-05 12:13:56.650 14455 14633 D UseCaseAttachState: All use case: [androidx.camera.core.Preview-af530a02-ea03-41cf-989b-2ae3d2cbd8eb24471425, androidx.camera.core.ImageCapture-8332873f-c593-4a65-a295-63136630226055349286] for camera: 1
01-05 12:13:56.650 14455 14472 W CameraDevice-JV-1: Device error received, code 4, frame number 658, request ID 0, subseq ID 0
01-05 12:13:56.650 14455 14633 D Camera2CameraImpl: mMeteringRepeating is ATTACHED, SessionConfig Surfaces: 2, CaptureConfig Surfaces: 1
01-05 12:13:56.650 14455 14633 D UseCaseAttachState: Active and attached use case: [] for camera: 1
01-05 12:13:56.650 14455 14633 D Camera2CameraImpl: {Camera@7e4c4fa[id=1]} Resetting Capture Session
01-05 12:13:56.650 14455 14516 W CameraDevice-JV-1: Device error received, code 4, frame number 657, request ID 0, subseq ID 0
01-05 12:13:56.650 14455 14633 D Camera2CameraImpl: {Camera@7e4c4fa[id=1]} Releasing session in state CLOSING
01-05 12:13:56.651 14455 14633 D Camera2CameraImpl: {Camera@7e4c4fa[id=1]} Transitioning camera internal state: CLOSING --> REOPENING
01-05 12:13:56.651 14455 14633 D CameraStateRegistry: Recalculating open cameras:
01-05 12:13:56.651 14455 14633 D CameraStateRegistry: Camera State
01-05 12:13:56.651 14455 14633 D CameraStateRegistry: -------------------------------------------------------------------
01-05 12:13:56.651 14455 14633 D CameraStateRegistry: Camera@dbe67f0[id=0] UNKNOWN
01-05 12:13:56.651 14455 14633 D CameraStateRegistry: Camera@7e4c4fa[id=1] OPENING
01-05 12:13:56.651 14455 14633 D CameraStateRegistry: -------------------------------------------------------------------
01-05 12:13:56.651 14455 14633 D CameraStateRegistry: Open count: 1 (Max allowed: 1)
01-05 12:13:56.651 14455 14472 W CameraDevice-JV-1: Device error received, code 5, frame number 657, request ID 0, subseq ID 0
01-05 12:13:56.651 14455 14633 D Camera2CameraImpl: {Camera@7e4c4fa[id=1]} Use case Preview:androidx.camera.core.Preview-af530a02-ea03-41cf-989b-2ae3d2cbd8eb ACTIVE
01-05 12:13:56.651 14455 14472 W CameraDevice-JV-1: Device error received, code 5, frame number 663, request ID 0, subseq ID 0
01-05 12:13:56.651 14455 14633 D UseCaseAttachState: Active and attached use case: [androidx.camera.core.Preview-af530a02-ea03-41cf-989b-2ae3d2cbd8eb24471425] for camera: 1
01-05 12:13:56.651 14455 14472 W CameraDevice-JV-1: Device error received, code 5, frame number 658, request ID 0, subseq ID 0
01-05 12:13:56.652 14455 14472 W CameraDevice-JV-1: Device error received, code 5, frame number 659, request ID 0, subseq ID 0
01-05 12:13:56.652 14455 14633 D Camera2CameraImpl: {Camera@7e4c4fa[id=1]} Use case ImageCapture:androidx.camera.core.ImageCapture-8332873f-c593-4a65-a295-631366302260 ACTIVE
01-05 12:13:56.652 14455 14472 W CameraDevice-JV-1: Device error received, code 4, frame number 662, request ID 0, subseq ID 0
01-05 12:13:56.652 14455 14472 W CameraDevice-JV-1: Device error received, code 4, frame number 660, request ID 0, subseq ID 0
01-05 12:13:56.652 14455 14633 D UseCaseAttachState: Active and attached use case: [androidx.camera.core.Preview-af530a02-ea03-41cf-989b-2ae3d2cbd8eb24471425, androidx.camera.core.ImageCapture-8332873f-c593-4a65-a295-63136630226055349286] for camera: 1
01-05 12:13:56.652 14455 14472 W CameraDevice-JV-1: Device error received, code 5, frame number 660, request ID 0, subseq ID 0
01-05 12:13:56.652 14455 14472 W CameraDevice-JV-1: Device error received, code 4, frame number 661, request ID 0, subseq ID 0
01-05 12:13:56.652 14455 14472 W CameraDevice-JV-1: Device error received, code 5, frame number 661, request ID 0, subseq ID 0
01-05 12:13:56.652 14455 14633 D DeferrableSurface: use count-1, useCount=0 closed=false androidx.camera.core.SurfaceRequest$2@5cc395f
01-05 12:13:56.652 14455 14633 D DeferrableSurface: Surface no longer in use[total_surfaces=2, used_surfaces=1] (androidx.camera.core.SurfaceRequest$2@5cc395f}
01-05 12:13:56.652 14455 14633 D DeferrableSurface: use count-1, useCount=0 closed=false androidx.camera.core.impl.ImmediateSurface@3a50c7b
01-05 12:13:56.652 14455 14633 D DeferrableSurface: Surface no longer in use[total_surfaces=2, used_surfaces=0] (androidx.camera.core.impl.ImmediateSurface@3a50c7b}
01-05 12:13:56.652 14455 14472 W CameraDevice-JV-1: Device error received, code 5, frame number 662, request ID 0, subseq ID 0
01-05 12:13:56.652 14455 14633 D Camera2CameraImpl: {Camera@7e4c4fa[id=1]} CameraDevice.onClosed()
01-05 12:13:56.652 14455 14633 D CameraStateRegistry: tryOpenCamera(Camera@7e4c4fa[id=1]) [Available Cameras: 0, Already Open: true (Previous state: OPENING)] --> SUCCESS
01-05 12:13:56.652 14455 14633 D CameraStateRegistry: Recalculating open cameras:
01-05 12:13:56.652 14455 14633 D CameraStateRegistry: Camera State
01-05 12:13:56.652 14455 14633 D CameraStateRegistry: -------------------------------------------------------------------
01-05 12:13:56.652 14455 14633 D CameraStateRegistry: Camera@dbe67f0[id=0] UNKNOWN
01-05 12:13:56.652 14455 14633 D CameraStateRegistry: Camera@7e4c4fa[id=1] OPENING
01-05 12:13:56.652 14455 14633 D CameraStateRegistry: -------------------------------------------------------------------
01-05 12:13:56.652 14455 14633 D CameraStateRegistry: Open count: 1 (Max allowed: 1)
01-05 12:13:56.653 14455 14633 D Camera2CameraImpl: {Camera@7e4c4fa[id=1]} Transitioning camera internal state: REOPENING --> OPENING
01-05 12:13:56.653 14455 14633 D Camera2CameraImpl: {Camera@7e4c4fa[id=1]} Opening camera.
01-05 12:13:56.653 14455 14633 D UseCaseAttachState: All use case: [androidx.camera.core.Preview-af530a02-ea03-41cf-989b-2ae3d2cbd8eb24471425, androidx.camera.core.ImageCapture-8332873f-c593-4a65-a295-63136630226055349286] for camera: 1
01-05 12:13:56.654 14455 14633 W libc : Access denied finding property "persist.vendor.camera.privapp.list"
01-05 12:13:56.654 14455 14633 D CameraExtImplXiaoMi: initCameraDevice: 1
01-05 12:13:56.657 14455 14633 I CameraManager: Open camera top activityName is com.lightcone.beautycam.activity.BeautyCameraActivity
01-05 12:13:56.672 14455 14633 D Camera2CameraImpl: {Camera@7e4c4fa[id=1]} CameraDevice.onOpened()
01-05 12:13:56.673 14455 14633 D Camera2CameraImpl: {Camera@7e4c4fa[id=1]} Transitioning camera internal state: OPENING --> OPENED
01-05 12:13:56.673 14455 14633 D CameraStateRegistry: Recalculating open cameras:
01-05 12:13:56.673 14455 14633 D CameraStateRegistry: Camera State
01-05 12:13:56.673 14455 14633 D CameraStateRegistry: -------------------------------------------------------------------
01-05 12:13:56.673 14455 14633 D CameraStateRegistry: Camera@dbe67f0[id=0] UNKNOWN
01-05 12:13:56.673 14455 14633 D CameraStateRegistry: Camera@7e4c4fa[id=1] OPEN
01-05 12:13:56.673 14455 14633 D CameraStateRegistry: -------------------------------------------------------------------
01-05 12:13:56.673 14455 14633 D CameraStateRegistry: Open count: 1 (Max allowed: 1)
01-05 12:13:56.674 14455 14633 D UseCaseAttachState: All use case: [androidx.camera.core.Preview-af530a02-ea03-41cf-989b-2ae3d2cbd8eb24471425, androidx.camera.core.ImageCapture-8332873f-c593-4a65-a295-63136630226055349286] for camera: 1
01-05 12:13:56.674 14455 14633 D UseCaseAttachState: Active and attached use case: [androidx.camera.core.Preview-af530a02-ea03-41cf-989b-2ae3d2cbd8eb24471425, androidx.camera.core.ImageCapture-8332873f-c593-4a65-a295-63136630226055349286] for camera: 1
01-05 12:13:56.675 14455 14633 D SyncCaptureSessionBase: [androidx.camera.camera2.internal.SynchronizedCaptureSessionBaseImpl@b3aad34] getSurface...done
01-05 12:13:56.675 14455 14633 D CaptureSession: Opening capture session.
01-05 12:13:56.678 14455 14633 D DeferrableSurface: New surface in use[total_surfaces=2, used_surfaces=1] (androidx.camera.core.SurfaceRequest$2@5cc395f}
01-05 12:13:56.678 14455 14633 D DeferrableSurface: use count+1, useCount=1 androidx.camera.core.SurfaceRequest$2@5cc395f
01-05 12:13:56.679 14455 14633 D DeferrableSurface: New surface in use[total_surfaces=2, used_surfaces=2] (androidx.camera.core.impl.ImmediateSurface@3a50c7b}
01-05 12:13:56.679 14455 14633 D DeferrableSurface: use count+1, useCount=1 androidx.camera.core.impl.ImmediateSurface@3a50c7b
01-05 12:13:56.679 14455 14633 D CameraDevice-JV-1: waitUntilIdle: E. id = 1
01-05 12:13:56.681 14455 14633 D CameraDevice-JV-1: waitUntilIdle: X
01-05 12:13:56.860 14455 14633 D CaptureSession: Attempting to send capture request onConfigured
01-05 12:13:56.861 14455 14633 D CaptureSession: Issuing request for session.
01-05 12:13:56.864 14455 14633 D CaptureSession: CameraCaptureSession.onConfigured() mState=OPENED
01-05 12:13:56.864 14455 14633 D CaptureSession: CameraCaptureSession.onReady() OPENED
01-05 12:13:57.086 14455 14631 I amera.videocall: createIfNeeded: Recreate new EGLImage since dataspace changed
01-05 12:13:57.097 14455 14455 I [LiveEventBus]: broadcast: com.lightcone.beautycam.viewmodel.event.DetectFaceEvent@5107c59 foreground: false with key: class com.lightcone.beautycam.viewmodel.event.DetectFaceEvent
01-05 12:13:57.099 14455 14455 I [LiveEventBus]: post: com.lightcone.beautycam.viewmodel.event.DetectFaceEvent@3be401e with key: class com.lightcone.beautycam.viewmodel.event.DetectFaceEvent
01-05 12:13:57.099 14455 14455 I [LiveEventBus]: message received: com.lightcone.beautycam.viewmodel.event.DetectFaceEvent@3be401e
01-05 12:13:57.127 14455 14631 I amera.videocall: createIfNeeded: Recreate new EGLImage since dataspace changed
01-05 12:13:57.177 14455 14631 I amera.videocall: createIfNeeded: Recreate new EGLImage since dataspace changed
01-05 12:13:57.227 14455 14631 I amera.videocall: createIfNeeded: Recreate new EGLImage since dataspace changed
01-05 12:13:57.276 14455 14631 I amera.videocall: createIfNeeded: Recreate new EGLImage since dataspace changed
01-05 12:13:57.326 14455 14631 I amera.videocall: createIfNeeded: Recreate new EGLImage since dataspace changed
01-05 12:13:57.376 14455 14631 I amera.videocall: createIfNeeded: Recreate new EGLImage since dataspace changed
01-05 12:13:57.425 14455 14631 I amera.videocall: createIfNeeded: Recreate new EGLImage since dataspace changed
01-05 12:13:57.475 14455 14631 I amera.videocall: createIfNeeded: Recreate new EGLImage since dataspace changed
01-05 12:13:57.525 14455 14631 I amera.videocall: createIfNeeded: Recreate new EGLImage since dataspace changed
01-05 12:14:14.969 14455 14466 I amera.videocall: Background concurrent copying GC freed 3259(166KB) AllocSpace objects, 45(13MB) LOS objects, 49% free, 12MB/24MB, paused 160us,94us total 110.906ms
01-05 12:14:19.946 14455 14455 I [LiveEventBus]: broadcast: com.lightcone.beautycam.viewmodel.event.DetectFaceEvent@e726ecc foreground: false with key: class com.lightcone.beautycam.viewmodel.event.DetectFaceEvent
01-05 12:14:19.947 14455 14631 E TAG : drawFace: rect ratio w: 0.52361107 ratio h: 0.48749998
01-05 12:14:19.953 14455 14631 E TAG : drawFace: texture ratio w: 0.5222222 ratio h: 0.48645833
01-05 12:14:19.953 14455 14455 I [LiveEventBus]: post: com.lightcone.beautycam.viewmodel.event.DetectFaceEvent@2438515 with key: class com.lightcone.beautycam.viewmodel.event.DetectFaceEvent
01-05 12:14:19.954 14455 14455 I [LiveEventBus]: message received: com.lightcone.beautycam.viewmodel.event.DetectFaceEvent@2438515
01-05 12:14:19.979 14455 14631 D TAG : refreshParams: facetop: [0.0, 0.0]
01-05 12:14:19.979 14455 14631 D TAG : refreshParams: eyes_smiley: [0.0, 0.0]
01-05 12:14:19.979 14455 14631 D TAG : refreshParams: nose_bridge: [0.5, 0.5]
01-05 12:14:19.979 14455 14631 D TAG : refreshParams: nose_position: [0.5, 0.5]
01-05 12:14:20.055 14455 14631 E TAG : drawFace: rect ratio w: 0.55138886 ratio h: 0.49375
01-05 12:14:20.056 14455 14631 E TAG : drawFace: texture ratio w: 0.55 ratio h: 0.49375
01-05 12:14:20.061 14455 14631 D TAG : refreshParams: facetop: [0.0, 0.0]
01-05 12:14:20.061 14455 14631 D TAG : refreshParams: eyes_smiley: [0.0, 0.0]
01-05 12:14:20.061 14455 14631 D TAG : refreshParams: nose_bridge: [0.5, 0.5]
01-05 12:14:20.061 14455 14631 D TAG : refreshParams: nose_position: [0.5, 0.5]
01-05 12:14:20.094 14455 14631 E TAG : drawFace: rect ratio w: 0.54444444 ratio h: 0.47708333
01-05 12:14:20.094 14455 14631 E TAG : drawFace: texture ratio w: 0.54444444 ratio h: 0.47708333
01-05 12:14:20.106 14455 14631 D TAG : refreshParams: facetop: [0.0, 0.0]
01-05 12:14:20.106 14455 14631 D TAG : refreshParams: eyes_smiley: [0.0, 0.0]
01-05 12:14:20.106 14455 14631 D TAG : refreshParams: nose_bridge: [0.5, 0.5]
01-05 12:14:20.106 14455 14631 D TAG : refreshParams: nose_position: [0.5, 0.5]
01-05 12:14:20.136 14455 14631 E TAG : drawFace: rect ratio w: 0.55138886 ratio h: 0.48333332
01-05 12:14:20.136 14455 14631 E TAG : drawFace: texture ratio w: 0.55 ratio h: 0.48333332
01-05 12:14:20.142 14455 14631 D TAG : refreshParams: facetop: [0.0, 0.0]
01-05 12:14:20.142 14455 14631 D TAG : refreshParams: eyes_smiley: [0.0, 0.0]
01-05 12:14:20.142 14455 14631 D TAG : refreshParams: nose_bridge: [0.5, 0.5]
01-05 12:14:20.142 14455 14631 D TAG : refreshParams: nose_position: [0.5, 0.5]
01-05 12:14:20.172 14455 14631 E TAG : drawFace: rect ratio w: 0.54444444 ratio h: 0.47708333
01-05 12:14:20.172 14455 14631 E TAG : drawFace: texture ratio w: 0.54444444 ratio h: 0.47708333
01-05 12:14:20.175 14455 14631 D TAG : refreshParams: facetop: [0.0, 0.0]
01-05 12:14:20.176 14455 14631 D TAG : refreshParams: eyes_smiley: [0.0, 0.0]
01-05 12:14:20.176 14455 14631 D TAG : refreshParams: nose_bridge: [0.5, 0.5]
01-05 12:14:20.176 14455 14631 D TAG : refreshParams: nose_position: [0.5, 0.5]
01-05 12:14:20.216 14455 14631 E TAG : drawFace: rect ratio w: 0.55138886 ratio h: 0.48333335
01-05 12:14:20.216 14455 14631 E TAG : drawFace: texture ratio w: 0.55 ratio h: 0.48333332
01-05 12:14:20.219 14455 14631 D TAG : refreshParams: facetop: [0.0, 0.0]
01-05 12:14:20.219 14455 14631 D TAG : refreshParams: eyes_smiley: [0.0, 0.0]
01-05 12:14:20.219 14455 14631 D TAG : refreshParams: nose_bridge: [0.5, 0.5]
01-05 12:14:20.219 14455 14631 D TAG : refreshParams: nose_position: [0.5, 0.5]
01-05 12:14:20.269 14455 14455 I [LiveEventBus]: broadcast: com.lightcone.beautycam.viewmodel.event.DetectFaceEvent@e64e1b foreground: false with key: class com.lightcone.beautycam.viewmodel.event.DetectFaceEvent
01-05 12:14:20.275 14455 14455 I [LiveEventBus]: post: com.lightcone.beautycam.viewmodel.event.DetectFaceEvent@1bdabb8 with key: class com.lightcone.beautycam.viewmodel.event.DetectFaceEvent
01-05 12:14:20.275 14455 14455 I [LiveEventBus]: message received: com.lightcone.beautycam.viewmodel.event.DetectFaceEvent@1bdabb8
01-05 12:14:20.448 14455 14631 I amera.videocall: createIfNeeded: Recreate new EGLImage since dataspace changed
01-05 12:14:21.496 14455 14455 D DecorView[BeautyCameraActivity]: onWindowFocusChanged hasWindowFocus false
01-05 12:14:21.956 14455 14455 I [LiveEventBus]: broadcast: com.lightcone.beautycam.viewmodel.event.DetectFaceEvent@e6434f6 foreground: false with key: class com.lightcone.beautycam.viewmodel.event.DetectFaceEvent
01-05 12:14:21.957 14455 14631 E TAG : drawFace: rect ratio w: 0.48472223 ratio h: 0.46145836
01-05 12:14:21.957 14455 14631 E TAG : drawFace: texture ratio w: 0.48472223 ratio h: 0.46145833
01-05 12:14:21.962 14455 14631 D TAG : refreshParams: facetop: [0.0, 0.0]
01-05 12:14:21.962 14455 14631 D TAG : refreshParams: eyes_smiley: [0.0, 0.0]
01-05 12:14:21.962 14455 14631 D TAG : refreshParams: nose_bridge: [0.5, 0.5]
01-05 12:14:21.963 14455 14631 D TAG : refreshParams: nose_position: [0.5, 0.5]
01-05 12:14:22.001 14455 14455 I [LiveEventBus]: post: com.lightcone.beautycam.viewmodel.event.DetectFaceEvent@511b0f7 with key: class com.lightcone.beautycam.viewmodel.event.DetectFaceEvent
01-05 12:14:22.002 14455 14455 I [LiveEventBus]: message received: com.lightcone.beautycam.viewmodel.event.DetectFaceEvent@511b0f7
01-05 12:14:22.004 14455 14636 D UseCaseAttachState: Active and attached use case: [androidx.camera.core.Preview-af530a02-ea03-41cf-989b-2ae3d2cbd8eb24471425, androidx.camera.core.ImageCapture-8332873f-c593-4a65-a295-63136630226055349286] for camera: 1
01-05 12:14:22.005 14455 14636 D CaptureSession: Attempting to submit CaptureRequest after setting
01-05 12:14:22.005 14455 14636 D CaptureSession: Issuing request for session.
01-05 12:14:22.008 14455 14636 D Camera2CameraImpl: {Camera@7e4c4fa[id=1]} Use cases [Preview:androidx.camera.core.Preview-af530a02-ea03-41cf-989b-2ae3d2cbd8eb, ImageCapture:androidx.camera.core.ImageCapture-8332873f-c593-4a65-a295- 631366302260] now DETACHED for camera
01-05 12:14:22.008 14455 14636 D UseCaseAttachState: All use case: [] for camera: 1
01-05 12:14:22.008 14455 14636 D Camera2CameraImpl: {Camera@7e4c4fa[id=1]} Resetting Capture Session
01-05 12:14:22.008 14455 14455 I GLContextOP: onSurfaceDestroyed
01-05 12:14:22.009 14455 14636 D Camera2CameraImpl: {Camera@7e4c4fa[id=1]} Releasing session in state OPENED
01-05 12:14:22.011 14455 14636 D UseCaseAttachState: Active and attached use case: [] for camera: 1
01-05 12:14:22.013 14455 14636 D UseCaseAttachState: Active and attached use case: [] for camera: 1
01-05 12:14:22.014 14455 14636 D Camera2CameraImpl: {Camera@7e4c4fa[id=1]} Closing camera.
01-05 12:14:22.014 14455 14636 D Camera2CameraImpl: {Camera@7e4c4fa[id=1]} Transitioning camera internal state: OPENED --> CLOSING
01-05 12:14:22.014 14455 14636 D CameraStateRegistry: Recalculating open cameras:
01-05 12:14:22.014 14455 14636 D CameraStateRegistry: Camera State
01-05 12:14:22.014 14455 14636 D CameraStateRegistry: -------------------------------------------------------------------
01-05 12:14:22.014 14455 14636 D CameraStateRegistry: Camera@dbe67f0[id=0] UNKNOWN
01-05 12:14:22.014 14455 14636 D CameraStateRegistry: Camera@7e4c4fa[id=1] CLOSING
01-05 12:14:22.014 14455 14636 D CameraStateRegistry: -------------------------------------------------------------------
01-05 12:14:22.014 14455 14636 D CameraStateRegistry: Open count: 1 (Max allowed: 1)
01-05 12:14:22.014 14455 14636 D Camera2CameraImpl: {Camera@7e4c4fa[id=1]} Resetting Capture Session
01-05 12:14:22.014 14455 14636 D Camera2CameraImpl: {Camera@7e4c4fa[id=1]} Releasing session in state CLOSING
01-05 12:14:22.014 14455 14636 D CaptureSession: onSessionFinished()
01-05 12:14:22.014 14455 14636 D CameraExtImplXiaoMi: releaseCameraDevice: 1
01-05 12:14:22.020 14455 14636 D CameraDevice-JV-1: close: E. id = 1
01-05 12:14:22.047 14455 14770 W CameraDevice-JV-1: Device error received, code 4, frame number 505, request ID 0, subseq ID 0
01-05 12:14:22.058 14455 14631 E BufferQueueProducer: [SurfaceView[com.accarunit.beauty.camera.videocall/com.lightcone.beautycam.activity .BeautyCameraActivity]#14(BLAST Consumer)14](id:387700000010,api:0,p:-1,c:14455) query: BufferQueue has been abandoned
01-05 12:14:22.058 14455 14631 E BufferQueueProducer: [SurfaceView[com.accarunit.beauty.camera.videocall/com.lightcone.beautycam.activity .BeautyCameraActivity]#14(BLAST Consumer)14](id:387700000010,api:0,p:-1,c:14455) dequeueBuffer: BufferQueue has been abandoned
01-05 12:14:22.058 14455 14631 I Adreno : DequeueBuffer: dequeueBuffer failed
01-05 12:14:22.058 14455 14631 E libEGL : eglSwapBuffersWithDamageKHRImpl:1325 error 300d (EGL_BAD_SURFACE)
01-05 12:14:22.059 14455 14631 D GLSurface: WARNING: swapBuffers() failed
01-05 12:14:22.066 14455 14455 I [LiveEventBus]: broadcast: com.lightcone.beautycam.viewmodel.event.DetectFaceEvent@8651b8a foreground: false with key: class com.lightcone.beautycam.viewmodel.event.DetectFaceEvent
01-05 12:14:22.068 14455 14631 E libEGL : eglSwapBuffersWithDamageKHRImpl:1325 error 300d (EGL_BAD_SURFACE)
01-05 12:14:22.068 14455 14631 D GLSurface: WARNING: swapBuffers() failed
01-05 12:14:22.086 14455 14455 I [LiveEventBus]: post: com.lightcone.beautycam.viewmodel.event.DetectFaceEvent@91bf871 with key: class com.lightcone.beautycam.viewmodel.event.DetectFaceEvent
01-05 12:14:22.086 14455 14455 I [LiveEventBus]: message received: com.lightcone.beautycam.viewmodel.event.DetectFaceEvent@91bf871
01-05 12:14:22.224 14455 14636 W BpBinder: PerfMonitor binderTransact : time=204ms interface=android.hardware.camera2.ICameraDeviceUser code=1
01-05 12:14:22.224 14455 14636 D CameraDevice-JV-1: close: X
01-05 12:14:22.226 14455 14636 D DeferrableSurface: use count-1, useCount=0 closed=false androidx.camera.core.SurfaceRequest$2@5cc395f
01-05 12:14:22.227 14455 14636 D DeferrableSurface: Surface no longer in use[total_surfaces=2, used_surfaces=1] (androidx.camera.core.SurfaceRequest$2@5cc395f}
01-05 12:14:22.227 14455 14636 D DeferrableSurface: use count-1, useCount=0 closed=false androidx.camera.core.impl.ImmediateSurface@3a50c7b
01-05 12:14:22.227 14455 14636 D DeferrableSurface: Surface no longer in use[total_surfaces=2, used_surfaces=0] (androidx.camera.core.impl.ImmediateSurface@3a50c7b}
01-05 12:14:22.227 14455 14636 D Camera2CameraImpl: {Camera@7e4c4fa[id=1]} CameraDevice.onClosed()
01-05 12:14:22.228 14455 14636 D Camera2CameraImpl: {Camera@7e4c4fa[id=1]} Transitioning camera internal state: CLOSING --> INITIALIZED
01-05 12:14:22.228 14455 14636 D CameraStateRegistry: Recalculating open cameras:
01-05 12:14:22.228 14455 14636 D CameraStateRegistry: Camera State
01-05 12:14:22.228 14455 14636 D CameraStateRegistry: -------------------------------------------------------------------
01-05 12:14:22.228 14455 14636 D CameraStateRegistry: Camera@dbe67f0[id=0] UNKNOWN
01-05 12:14:22.228 14455 14636 D CameraStateRegistry: Camera@7e4c4fa[id=1] CLOSED
01-05 12:14:22.228 14455 14636 D CameraStateRegistry: -------------------------------------------------------------------
01-05 12:14:22.228 14455 14636 D CameraState