01-05 12:13:02.186 14455 14455 I [LiveEventBus]: broadcast: com.lightcone.beautycam.viewmodel.event.ShapeModeUpdateEvent@771633e foreground: false with key: class com.lightcone.beautycam.viewmodel.event.ShapeModeUpdateEvent
01-05 12:13:02.189 14455 14633 D CameraExtStub: init android.hardware.camera2.impl.CameraExtImplXiaoMi
01-05 12:13:02.189 14455 14633 D CameraInjector: waitForResult:
01-05 12:13:02.189 14455 14635 D CameraInjector: updateCloudCameraControllerInfoAsync: E
01-05 12:13:02.191 14455 14455 I [LiveEventBus]: post: com.lightcone.beautycam.viewmodel.event.BeautyIntensityUpdateEvent@4d16ec with key: class com.lightcone.beautycam.viewmodel.event.BeautyIntensityUpdateEvent
01-05 12:13:02.193 14455 14455 I [LiveEventBus]: post: com.lightcone.beautycam.viewmodel.event.ShapeIntensityUpdateEvent@c9c754a with key: class com.lightcone.beautycam.viewmodel.event.ShapeIntensityUpdateEvent
01-05 12:13:02.198 14455 14455 I [LiveEventBus]: post: com.lightcone.beautycam.viewmodel.event.ShapeModeUpdateEvent@b6ab5d8 with key: class com.lightcone.beautycam.viewmodel.event.ShapeModeUpdateEvent
01-05 12:13:02.216 14455 14635 D CameraInjector: updateCloudCameraControllerInfoAsync: X
01-05 12:13:02.216 14455 14633 W libc : Access denied finding property "vendor.camera.aux.packagelist"
01-05 12:13:02.216 14455 14633 W libc : Access denied finding property "vendor.camera.aux.packagelistext"
01-05 12:13:02.216 14455 14633 W CameraManagerGlobal: [soar.cts] ignore the status update of camera: 2
01-05 12:13:02.217 14455 14633 D CameraInjector: updateCloudCameraControllerInfoAsync: has aleardy start update task.
01-05 12:13:02.217 14455 14633 D CameraInjector: waitForResult:
01-05 12:13:02.217 14455 14633 W libc : Access denied finding property "vendor.camera.aux.packagelist"
01-05 12:13:02.217 14455 14633 W libc : Access denied finding property "vendor.camera.aux.packagelistext"
01-05 12:13:02.217 14455 14633 W CameraManagerGlobal: [soar.cts] ignore the status update of camera: 3
01-05 12:13:02.217 14455 14633 D CameraInjector: updateCloudCameraControllerInfoAsync: has aleardy start update task.
01-05 12:13:02.217 14455 14633 D CameraInjector: waitForResult:
01-05 12:13:02.217 14455 14633 W libc : Access denied finding property "vendor.camera.aux.packagelist"
01-05 12:13:02.217 14455 14633 W libc : Access denied finding property "vendor.camera.aux.packagelistext"
01-05 12:13:02.217 14455 14633 W CameraManagerGlobal: [soar.cts] ignore the status update of camera: 4
01-05 12:13:02.217 14455 14633 D CameraInjector: updateCloudCameraControllerInfoAsync: has aleardy start update task.
01-05 12:13:02.217 14455 14633 D CameraInjector: waitForResult:
01-05 12:13:02.217 14455 14633 W libc : Access denied finding property "vendor.camera.aux.packagelist"
01-05 12:13:02.217 14455 14633 W libc : Access denied finding property "vendor.camera.aux.packagelistext"
01-05 12:13:02.217 14455 14633 W CameraManagerGlobal: [soar.cts] ignore the status update of camera: 5
01-05 12:13:02.217 14455 14633 D CameraInjector: updateCloudCameraControllerInfoAsync: has aleardy start update task.
01-05 12:13:02.217 14455 14633 D CameraInjector: waitForResult:
01-05 12:13:02.217 14455 14633 W libc : Access denied finding property "vendor.camera.aux.packagelist"
01-05 12:13:02.217 14455 14633 W libc : Access denied finding property "vendor.camera.aux.packagelistext"
01-05 12:13:02.218 14455 14471 D CameraInjector: updateCloudCameraControllerInfoAsync: has aleardy start update task.
01-05 12:13:02.218 14455 14471 D CameraInjector: waitForResult:
01-05 12:13:02.218 14455 14471 W libc : Access denied finding property "vendor.camera.aux.packagelist"
01-05 12:13:02.218 14455 14471 W libc : Access denied finding property "vendor.camera.aux.packagelistext"
01-05 12:13:02.218 14455 14471 W CameraManagerGlobal: ignore the torch status update of camera: 3
01-05 12:13:02.218 14455 14471 D CameraInjector: updateCloudCameraControllerInfoAsync: has aleardy start update task.
01-05 12:13:02.218 14455 14471 D CameraInjector: waitForResult:
01-05 12:13:02.218 14455 14471 W libc : Access denied finding property "vendor.camera.aux.packagelist"
01-05 12:13:02.218 14455 14471 W libc : Access denied finding property "vendor.camera.aux.packagelistext"
01-05 12:13:02.218 14455 14471 W CameraManagerGlobal: ignore the torch status update of camera: 4
01-05 12:13:02.222 14455 14633 D CameraRepository: Added camera: 0
01-05 12:13:02.228 14455 14633 I Camera2CameraInfo: Device Level: INFO_SUPPORTED_HARDWARE_LEVEL_3
01-05 12:13:02.228 14455 14633 D CameraRepository: Added camera: 1
01-05 12:13:02.229 14455 14636 D UseCaseAttachState: Active and attached use case: [] for camera: 0
01-05 12:13:02.229 14455 14633 I Camera2CameraInfo: Device Level: INFO_SUPPORTED_HARDWARE_LEVEL_3
01-05 12:13:02.229 14455 14636 D UseCaseAttachState: Active and attached use case: [] for camera: 1
01-05 12:13:02.230 14455 14455 I [LiveEventBus]: observe sticky forever observer: com.jeremyliao.liveeventbus.core.LiveEventBusCore$ObserverWrapper@42a36c6(d.c.d.q.g @a7d04a1) with key: class com.lightcone.beautycam.viewmodel.event.SelectedFilterEvent
01-05 12:13:02.231 14455 14455 I [LiveEventBus]: message received: com.lightcone.beautycam.viewmodel.event.DisableRenderEvent@970ed9e
01-05 12:13:02.231 14455 14455 I [LiveEventBus]: observe sticky forever observer: com.jeremyliao.liveeventbus.core.LiveEventBusCore$ObserverWrapper@36ba9b4(d.c.d.q.j @5cdd687) with key: class com.lightcone.beautycam.viewmodel.event.DisableRenderEvent
01-05 12:13:02.231 14455 14455 I [LiveEventBus]: observe sticky forever observer: com.jeremyliao.liveeventbus.core.LiveEventBusCore$ObserverWrapper@b02f952(d.c.d.q.e @7c449dd) with key: class com.lightcone.beautycam.viewmodel.event.SelectedEffectEvent
01-05 12:13:02.231 14455 14455 I [LiveEventBus]: observe sticky forever observer: com.jeremyliao.liveeventbus.core.LiveEventBusCore$ObserverWrapper@bf3ad20(d.c.d.q.l @fa75423) with key: class com.lightcone.beautycam.viewmodel.event.FilterIntensityUpdateEvent
01-05 12:13:02.231 14455 14455 I [LiveEventBus]: message received: com.lightcone.beautycam.viewmodel.event.ShapeModeUpdateEvent@b6ab5d8
01-05 12:13:02.231 14455 14455 I [LiveEventBus]: observe sticky forever observer: com.jeremyliao.liveeventbus.core.LiveEventBusCore$ObserverWrapper@f33589e(d.c.d.q.i @c40a6d9) with key: class com.lightcone.beautycam.viewmodel.event.ShapeModeUpdateEvent
01-05 12:13:02.231 14455 14455 I [LiveEventBus]: message received: com.lightcone.beautycam.viewmodel.event.ShapeIntensityUpdateEvent@c9c754a
01-05 12:13:02.231 14455 14631 I GLContextOP: EGLEnv config success.
01-05 12:13:02.231 14455 14455 I [LiveEventBus]: observe sticky forever observer: com.jeremyliao.liveeventbus.core.LiveEventBusCore$ObserverWrapper@97860aa(d.c.d.q.m @8bd795) with key: class com.lightcone.beautycam.viewmodel.event.ShapeIntensityUpdateEvent
01-05 12:13:02.231 14455 14455 I [LiveEventBus]: message received: com.lightcone.beautycam.viewmodel.event.BeautyIntensityUpdateEvent@4d16ec
01-05 12:13:02.231 14455 14455 I [LiveEventBus]: observe sticky forever observer: com.jeremyliao.liveeventbus.core.LiveEventBusCore$ObserverWrapper@ff60038(d.c.d.q.h @331249b) with key: class com.lightcone.beautycam.viewmodel.event.BeautyIntensityUpdateEvent
01-05 12:13:02.232 14455 14455 I [LiveEventBus]: observe sticky forever observer: com.jeremyliao.liveeventbus.core.LiveEventBusCore$ObserverWrapper@f53dd76(d.c.d.q.k @31f5811) with key: class com.lightcone.beautycam.viewmodel.event.EffectIntensityUpdateEvent
01-05 12:13:02.232 14455 14455 I [LiveEventBus]: observe forever observer: com.jeremyliao.liveeventbus.core.LiveEventBusCore$ObserverWrapper@126e7e4(d.c.d.q.f @3736f77) with key: class com.lightcone.beautycam.viewmodel.event.ViewPortChangeEvent
01-05 12:13:02.232 14455 14455 I [LiveEventBus]: broadcast: com.lightcone.beautycam.viewmodel.event.ViewPortChangeEvent@a985b02 foreground: false with key: class com.lightcone.beautycam.viewmodel.event.ViewPortChangeEvent
01-05 12:13:02.232 14455 14631 E libEGL : pre_cache appList: ,,,
01-05 12:13:02.254 14455 14455 D DeferrableSurface: Surface created[total_surfaces=1, used_surfaces=0] (androidx.camera.core.SurfaceRequest$2@5cc395f}
01-05 12:13:02.255 14455 14455 D CameraOrientationUtil: getRelativeImageRotation: destRotationDegrees=0, sourceRotationDegrees=270, isOppositeFacing=false, result=270
01-05 12:13:02.258 14455 14455 D DeferrableSurface: Surface created[total_surfaces=2, used_surfaces=0] (androidx.camera.core.impl.ImmediateSurface@3a50c7b}
01-05 12:13:02.259 14455 14633 D Camera2CameraImpl: {Camera@7e4c4fa[id=1]} Use case ImageCapture:androidx.camera.core.ImageCapture-8332873f-c593-4a65-a295-631366302260 ACTIVE
01-05 12:13:02.259 14455 14633 D UseCaseAttachState: Active and attached use case: [] for camera: 1
01-05 12:13:02.260 14455 14633 D Camera2CameraImpl: {Camera@7e4c4fa[id=1]} Use case Preview:androidx.camera.core.Preview-af530a02-ea03-41cf-989b-2ae3d2cbd8eb ACTIVE
01-05 12:13:02.260 14455 14633 D UseCaseAttachState: Active and attached use case: [] for camera: 1
01-05 12:13:02.260 14455 14633 D Camera2CameraImpl: {Camera@7e4c4fa[id=1]} Use case ImageCapture:androidx.camera.core.ImageCapture-8332873f-c593-4a65-a295-631366302260 ACTIVE
01-05 12:13:02.260 14455 14633 D UseCaseAttachState: Active and attached use case: [] for camera: 1
01-05 12:13:02.261 14455 14633 D UseCaseAttachState: Active and attached use case: [] for camera: 1
01-05 12:13:02.261 14455 14455 I [LiveEventBus]: broadcast: com.lightcone.beautycam.viewmodel.event.BeautyIntensityUpdateEvent@2698262 foreground: false with key: class com.lightcone.beautycam.viewmodel.event.BeautyIntensityUpdateEvent
01-05 12:13:02.261 14455 14633 D Camera2CameraImpl: {Camera@7e4c4fa[id=1]} Use cases [Preview:androidx.camera.core.Preview-af530a02-ea03-41cf-989b-2ae3d2cbd8eb, ImageCapture:androidx.camera.core.ImageCapture-8332873f-c593-4a65-a295- 631366302260] now ATTACHED
01-05 12:13:02.261 14455 14633 D UseCaseAttachState: All use case: [androidx.camera.core.Preview-af530a02-ea03-41cf-989b-2ae3d2cbd8eb24471425, androidx.camera.core.ImageCapture-8332873f-c593-4a65-a295-63136630226055349286] for camera: 1
01-05 12:13:02.261 14455 14633 D Camera2CameraImpl: mMeteringRepeating is ATTACHED, SessionConfig Surfaces: 2, CaptureConfig Surfaces: 1
01-05 12:13:02.261 14455 14633 D UseCaseAttachState: Active and attached use case: [androidx.camera.core.Preview-af530a02-ea03-41cf-989b-2ae3d2cbd8eb24471425, androidx.camera.core.ImageCapture-8332873f-c593-4a65-a295-63136630226055349286] for camera: 1
01-05 12:13:02.262 14455 14633 D Camera2CameraImpl: {Camera@7e4c4fa[id=1]} Resetting Capture Session
01-05 12:13:02.262 14455 14633 D Camera2CameraImpl: {Camera@7e4c4fa[id=1]} Releasing session in state INITIALIZED
01-05 12:13:02.262 14455 14633 D CameraStateRegistry: tryOpenCamera(Camera@7e4c4fa[id=1]) [Available Cameras: 1, Already Open: false (Previous state: null)] --> SUCCESS
01-05 12:13:02.262 14455 14633 D CameraStateRegistry: Recalculating open cameras:
01-05 12:13:02.262 14455 14633 D CameraStateRegistry: Camera State
01-05 12:13:02.262 14455 14633 D CameraStateRegistry: -------------------------------------------------------------------
01-05 12:13:02.262 14455 14633 D CameraStateRegistry: Camera@dbe67f0[id=0] UNKNOWN
01-05 12:13:02.262 14455 14633 D CameraStateRegistry: Camera@7e4c4fa[id=1] OPENING
01-05 12:13:02.262 14455 14633 D CameraStateRegistry: -------------------------------------------------------------------
01-05 12:13:02.262 14455 14633 D CameraStateRegistry: Open count: 1 (Max allowed: 1)
01-05 12:13:02.262 14455 14633 D Camera2CameraImpl: {Camera@7e4c4fa[id=1]} Transitioning camera internal state: INITIALIZED --> OPENING
01-05 12:13:02.263 14455 14455 I [LiveEventBus]: broadcast: com.lightcone.beautycam.viewmodel.event.ShapeIntensityUpdateEvent@1374f29 foreground: false with key: class com.lightcone.beautycam.viewmodel.event.ShapeIntensityUpdateEvent
01-05 12:13:02.263 14455 14633 D Camera2CameraImpl: {Camera@7e4c4fa[id=1]} Opening camera.
01-05 12:13:02.264 14455 14633 D UseCaseAttachState: All use case: [androidx.camera.core.Preview-af530a02-ea03-41cf-989b-2ae3d2cbd8eb24471425, androidx.camera.core.ImageCapture-8332873f-c593-4a65-a295-63136630226055349286] for camera: 1
01-05 12:13:02.265 14455 14455 I [LiveEventBus]: broadcast: com.lightcone.beautycam.viewmodel.event.ShapeModeUpdateEvent@8463bdc foreground: false with key: class com.lightcone.beautycam.viewmodel.event.ShapeModeUpdateEvent
01-05 12:13:02.268 14455 14633 W libc : Access denied finding property "persist.vendor.camera.privapp.list"
01-05 12:13:02.268 14455 14455 I [LiveEventBus]: post: com.lightcone.beautycam.viewmodel.event.ViewPortChangeEvent@44cb4e5 with key: class com.lightcone.beautycam.viewmodel.event.ViewPortChangeEvent
01-05 12:13:02.268 14455 14633 D CameraExtImplXiaoMi: initCameraDevice: 1
01-05 12:13:02.269 14455 14455 I [LiveEventBus]: message received: com.lightcone.beautycam.viewmodel.event.ViewPortChangeEvent@44cb4e5
01-05 12:13:02.270 14455 14638 D CameraXController: camerax size=1024x768
01-05 12:13:02.270 14455 14455 I [LiveEventBus]: post: com.lightcone.beautycam.viewmodel.event.BeautyIntensityUpdateEvent@1d71986 with key: class com.lightcone.beautycam.viewmodel.event.BeautyIntensityUpdateEvent
01-05 12:13:02.270 14455 14455 I [LiveEventBus]: message received: com.lightcone.beautycam.viewmodel.event.BeautyIntensityUpdateEvent@1d71986
01-05 12:13:02.271 14455 14455 I [LiveEventBus]: post: com.lightcone.beautycam.viewmodel.event.ShapeIntensityUpdateEvent@d3c2a74 with key: class com.lightcone.beautycam.viewmodel.event.ShapeIntensityUpdateEvent
01-05 12:13:02.271 14455 14455 I [LiveEventBus]: message received: com.lightcone.beautycam.viewmodel.event.ShapeIntensityUpdateEvent@d3c2a74
01-05 12:13:02.271 14455 14455 I [LiveEventBus]: post: com.lightcone.beautycam.viewmodel.event.ShapeModeUpdateEvent@87b4812 with key: class com.lightcone.beautycam.viewmodel.event.ShapeModeUpdateEvent
01-05 12:13:02.271 14455 14455 I [LiveEventBus]: message received: com.lightcone.beautycam.viewmodel.event.ShapeModeUpdateEvent@87b4812
01-05 12:13:02.273 14455 14633 D MiuiMultiWindowUtils: freeform resolution args raw data:{ "liuqin": { "freeform_args": { "vertical_portrait": {"aspect_ratio":0.5625, "original_ratio":0.3334,"original_scale":0.835,"top_margin":0.049,"left_margin":0.2 775}, "horizontal_portrait":{"aspect_ratio":0.5625, "original_ratio":0.3334,"original_scale":0.835,"top_margin":- 1,"left_margin":0.6525}, "vertical_landscape":{"aspect_ratio":-1, "original_ratio":1,"original_scale":0.468,"top_margin":0.049,"left_margin":-1}, "horizontal_landscape":{"aspect_ratio":-1, "original_ratio":1,"original_scale":0.468,"top_margin":- 1,"left_margin":0.4976} }, "mini_freeform_args":{ "vertical_portrait": {"aspect_ratio":0.5625, "original_ratio":0.1278}, "horizontal_portrait": {"aspect_ratio":0.5625, "original_ratio":0.1278}, "vertical_landscape": {"aspect_ratio":-1, "original_ratio":0.1778}, "horizontal_landscape": {"aspect_ratio":-1, "original_ratio":0.1778} } }, "pipa": { "freeform_args": { "vertical_portrait":{"aspect_ratio":0.5625, "original_ratio":0.3334,"original_scale":0.835,"top_margin":0.049,"left_margin":0.2 775}, "horizontal_portrait":{"aspect_ratio":0.5625, "original_ratio":0.3334,"original_scale":0.835,"top_margin":- 1,"left_margin":0.6525}, "vertical_landscape":{"aspect_ratio":-1, "original_ratio":1,"original_scale":0.468,"top_margin":0.049,"left_margin":-1}, "horizontal_landscape":{"aspect_ratio":-1, "original_ratio":1,"original_scale":0.468,"top_margin":- 1,"left_margin":0.4976} }, "mini_freeform_args":{ "vertical_portrait": {"aspect_ratio":0.5625, "original_ratio":0.1278}, "horizontal_portrait": {"aspect_ratio":0.5625, "original_ratio":0.1278}, "vertical_landscape": {"aspect_ratio":-1, "original_ratio":0.1778}, "horizontal_landscape": {"aspect_ratio":-1, "original_ratio":0.1778} } }, "yunluo": { "freeform_args": { "vertical_portrait":{"aspect_ratio":0.5625, "original_ratio":0.48,"original_scale":0.6133,"top_margin":0.049,"left_margin":0.27 75}, "horizontal_portrait":{"aspect_ratio":0.5625, "original_ratio":0.48,"original_scale":0.6133,"top_margin":- 1,"left_margin":0.6525}, "vertical_landscape":{"aspect_ratio":-1, "original_ratio":1,"original_scale":0.468,"top_margin":0.049,"left_margin":-1}, "horizontal_landscape":{"aspect_ratio":-1, "original_ratio":1,"original_scale":0.468,"top_margin":- 1,"left_margin":0.4976} }, "mini_freeform_args":{ "vertical_portrait": {"aspect_ratio":0.5625, "original_ratio":0.1917}, "horizontal_portrait": {"aspect_ratio":0.5625, "original_ratio":0.1917}, "vertical_landscape": {"aspect_ratio":-1, "original_ratio":0.2667}, "horizontal_landscape": {"aspect_ratio":-1, "original_ratio":0.2667} } }, "zizhan": { "freeform_args": { "inner":{ "vertical_portrait": {"aspect_ratio":0.626, "original_ratio":0.5643,"original_scale":0.74,"top_margin":0.168,"left_margin":0.48 4}, "horizontal_portrait":{"aspect_ratio":0.626, "original_ratio":0.5643,"original_scale":0.74,"top_margin":0.1222,"left_margin":0.5 9745}, "vertical_landscape":{"aspect_ratio":1.6, "original_ratio":1,"original_scale":0.604,"top_margin":0.2596,"left_margin":0.2624} , "horizontal_landscape":{"aspect_ratio":1.6, "original_ratio":1,"original_scale":0.604,"top_margin":0.213,"left_margin":0.3758} }, "outer":{ "vertical_portrait":{"aspect_ratio":0.626, "original_ratio":1,"original_scale":0.74,"top_margin":0.0753,"left_margin":-1}, "horizontal_portrait":{"aspect_ratio":0.626, "original_ratio":1,"original_scale":0.5756,"top_margin":-1,"left_margin":0.0753}, "vertical_landscape":{"aspect_ratio":1.6, "original_ratio":0.6847,"original_scale":0.587,"top_margin":0.0753,"left_margin":- 1}, "horizontal_landscape":{"aspect_ratio":1.6, "original_ratio":0.6847,"original_scale":0.587,"top_margin":- 1,"left_margin":0.0753}} }, "mini_freeform_args":{ "inner": { "vertical_portrait":{"aspect_ratio":0.626, "original_ratio":0.147}, "horizontal_portrait":{
01-05 12:13:02.273 14455 14633 E MiuiMultiWindowUtils: initFreeFormResolutionArgs failed, device is fog
01-05 12:13:02.274 14455 14633 D IS_CTS_MODE: false
01-05 12:13:02.274 14455 14633 D MULTI_WINDOW_SWITCH_ENABLED: false
01-05 12:13:02.277 14455 14633 I CameraManager: Open camera top activityName is com.lightcone.beautycam.activity.BeautyCameraActivity
01-05 12:13:02.292 14455 14641 W libc : Access denied finding property "ro.hardware.chipname"
01-05 12:13:02.297 14455 14633 D Camera2CameraImpl: {Camera@7e4c4fa[id=1]} Use case Preview:androidx.camera.core.Preview-af530a02-ea03-41cf-989b-2ae3d2cbd8eb ACTIVE
01-05 12:13:02.298 14455 14633 D UseCaseAttachState: Active and attached use case: [androidx.camera.core.Preview-af530a02-ea03-41cf-989b-2ae3d2cbd8eb24471425, androidx.camera.core.ImageCapture-8332873f-c593-4a65-a295-63136630226055349286] for camera: 1
01-05 12:13:02.298 14455 14633 D Camera2CameraImpl: {Camera@7e4c4fa[id=1]} Use case ImageCapture:androidx.camera.core.ImageCapture-8332873f-c593-4a65-a295-631366302260 ACTIVE
01-05 12:13:02.299 14455 14633 D UseCaseAttachState: Active and attached use case: [androidx.camera.core.Preview-af530a02-ea03-41cf-989b-2ae3d2cbd8eb24471425, androidx.camera.core.ImageCapture-8332873f-c593-4a65-a295-63136630226055349286] for camera: 1
01-05 12:13:02.299 14455 14633 D Camera2CameraImpl: {Camera@7e4c4fa[id=1]} CameraDevice.onOpened()
01-05 12:13:02.301 14455 14633 D Camera2CameraImpl: {Camera@7e4c4fa[id=1]} Transitioning camera internal state: OPENING --> OPENED
01-05 12:13:02.302 14455 14633 D CameraStateRegistry: Recalculating open cameras:
01-05 12:13:02.302 14455 14633 D CameraStateRegistry: Camera State
01-05 12:13:02.302 14455 14633 D CameraStateRegistry: -------------------------------------------------------------------
01-05 12:13:02.302 14455 14633 D CameraStateRegistry: Camera@dbe67f0[id=0] UNKNOWN
01-05 12:13:02.302 14455 14633 D CameraStateRegistry: Camera@7e4c4fa[id=1] OPEN
01-05 12:13:02.302 14455 14633 D CameraStateRegistry: -------------------------------------------------------------------
01-05 12:13:02.302 14455 14633 D CameraStateRegistry: Open count: 1 (Max allowed: 1)
01-05 12:13:02.302 14455 14633 D UseCaseAttachState: All use case: [androidx.camera.core.Preview-af530a02-ea03-41cf-989b-2ae3d2cbd8eb24471425, androidx.camera.core.ImageCapture-8332873f-c593-4a65-a295-63136630226055349286] for camera: 1
01-05 12:13:02.304 14455 14633 D UseCaseAttachState: Active and attached use case: [androidx.camera.core.Preview-af530a02-ea03-41cf-989b-2ae3d2cbd8eb24471425, androidx.camera.core.ImageCapture-8332873f-c593-4a65-a295-63136630226055349286] for camera: 1
01-05 12:13:02.305 14455 14633 D SyncCaptureSessionBase: [androidx.camera.camera2.internal.SynchronizedCaptureSessionBaseImpl@d73fdd1] getSurface...done
01-05 12:13:02.305 14455 14633 D CaptureSession: Opening capture session.
01-05 12:13:02.307 14455 14633 D DeferrableSurface: New surface in use[total_surfaces=2, used_surfaces=1] (androidx.camera.core.SurfaceRequest$2@5cc395f}
01-05 12:13:02.307 14455 14633 D DeferrableSurface: use count+1, useCount=1 androidx.camera.core.SurfaceRequest$2@5cc395f
01-05 12:13:02.307 14455 14633 D DeferrableSurface: New surface in use[total_surfaces=2, used_surfaces=2] (androidx.camera.core.impl.ImmediateSurface@3a50c7b}
01-05 12:13:02.307 14455 14633 D DeferrableSurface: use count+1, useCount=1 androidx.camera.core.impl.ImmediateSurface@3a50c7b
01-05 12:13:02.308 14455 14633 D CameraDevice-JV-1: waitUntilIdle: E. id = 1
01-05 12:13:02.308 14455 14633 D CameraDevice-JV-1: waitUntilIdle: X
01-05 12:13:02.487 14455 14633 D CaptureSession: Attempting to send capture request onConfigured
01-05 12:13:02.487 14455 14633 D CaptureSession: Issuing request for session.
01-05 12:13:02.489 14455 14633 D CaptureSession: CameraCaptureSession.onConfigured() mState=OPENED
01-05 12:13:02.489 14455 14633 D CaptureSession: CameraCaptureSession.onReady() OPENED
01-05 12:13:02.613 14455 14455 V MediaPlayer: resetDrmState: mDrmInfo=null mDrmProvisioningThread=null mPrepareDrmInProgress=false mActiveDrmScheme=false
01-05 12:13:02.613 14455 14455 V MediaPlayer: cleanDrmObj: mDrmObj=null mDrmSessionId=null
01-05 12:13:02.637 14455 14455 E BLASTBufferQueue: [VRI[MainActivity]#3](f:0,a:1) Applying pending transactions on dtor 1
01-05 12:13:02.711 14455 14631 I amera.videocall: createIfNeeded: Recreate new EGLImage since dataspace changed
01-05 12:13:02.734 14455 14455 I [LiveEventBus]: broadcast: com.lightcone.beautycam.viewmodel.event.DetectFaceEvent@73087c3 foreground: false with key: class com.lightcone.beautycam.viewmodel.event.DetectFaceEvent
01-05 12:13:02.735 14455 14455 I [LiveEventBus]: post: com.lightcone.beautycam.viewmodel.event.DetectFaceEvent@a3e58be with key: class com.lightcone.beautycam.viewmodel.event.DetectFaceEvent
01-05 12:13:02.735 14455 14455 I [LiveEventBus]: message received: com.lightcone.beautycam.viewmodel.event.DetectFaceEvent@a3e58be
01-05 12:13:03.059 14455 14631 E TAG : drawFace: rect ratio w: 0.7083334 ratio h: 0.6979167
01-05 12:13:03.059 14455 14631 E TAG : drawFace: texture ratio w: 0.7083333 ratio h: 0.6979167
01-05 12:13:03.389 14455 14631 D TAG : refreshParams: facetop: [0.0, 0.0]
01-05 12:13:03.389 14455 14631 D TAG : refreshParams: eyes_smiley: [0.0, 0.0]
01-05 12:13:03.389 14455 14631 D TAG : refreshParams: nose_bridge: [0.5, 0.5]
01-05 12:13:03.389 14455 14631 D TAG : refreshParams: nose_position: [0.5, 0.5]
01-05 12:13:03.405 14455 14631 I amera.videocall: createIfNeeded: Recreate new EGLImage since dataspace changed
01-05 12:13:03.458 14455 14631 E TAG : drawFace: rect ratio w: 0.70138884 ratio h: 0.7135417
01-05 12:13:03.458 14455 14631 E TAG : drawFace: texture ratio w: 0.7 ratio h: 0.7135417
01-05 12:13:03.474 14455 14631 D TAG : refreshParams: facetop: [0.0, 0.0]
01-05 12:13:03.474 14455 14631 D TAG : refreshParams: eyes_smiley: [0.0, 0.0]
01-05 12:13:03.474 14455 14631 D TAG : refreshParams: nose_bridge: [0.5, 0.5]
01-05 12:13:03.474 14455 14631 D TAG : refreshParams: nose_position: [0.5, 0.5]
01-05 12:13:03.510 14455 14631 I amera.videocall: createIfNeeded: Recreate new EGLImage since dataspace changed
01-05 12:13:03.518 14455 14631 E TAG : drawFace: rect ratio w: 0.7222222 ratio h: 0.67604166
01-05 12:13:03.518 14455 14631 E TAG : drawFace: texture ratio w: 0.7222222 ratio h: 0.67604166
01-05 12:13:03.526 14455 14631 D TAG : refreshParams: facetop: [0.0, 0.0]
01-05 12:13:03.526 14455 14631 D TAG : refreshParams: eyes_smiley: [0.0, 0.0]
01-05 12:13:03.526 14455 14631 D TAG : refreshParams: nose_bridge: [0.5, 0.5]
01-05 12:13:03.526 14455 14631 D TAG : refreshParams: nose_position: [0.5, 0.5]
01-05 12:13:03.532 14455 14631 I amera.videocall: createIfNeeded: Recreate new EGLImage since dataspace changed
01-05 12:13:03.566 14455 14631 E TAG : drawFace: rect ratio w: 0.7083333 ratio h: 0.68645835
01-05 12:13:03.566 14455 14631 E TAG : drawFace: texture ratio w: 0.7083333 ratio h: 0.68645835
01-05 12:13:03.575 14455 14631 D TAG : refreshParams: facetop: [0.0, 0.0]
01-05 12:13:03.575 14455 14631 D TAG : refreshParams: eyes_smiley: [0.0, 0.0]
01-05 12:13:03.575 14455 14631 D TAG : refreshParams: nose_bridge: [0.5, 0.5]
01-05 12:13:03.575 14455 14631 D TAG : refreshParams: nose_position: [0.5, 0.5]
01-05 12:13:03.579 14455 14631 I amera.videocall: createIfNeeded: Recreate new EGLImage since dataspace changed
01-05 12:13:03.616 14455 14631 E TAG : drawFace: rect ratio w: 0.7083333 ratio h: 0.659375
01-05 12:13:03.616 14455 14631 E TAG : drawFace: texture ratio w: 0.7083333 ratio h: 0.659375
01-05 12:13:03.625 14455 14631 D TAG : refreshParams: facetop: [0.0, 0.0]
01-05 12:13:03.625 14455 14631 D TAG : refreshParams: eyes_smiley: [0.0, 0.0]
01-05 12:13:03.625 14455 14631 D TAG : refreshParams: nose_bridge: [0.5, 0.5]
01-05 12:13:03.625 14455 14631 D TAG : refreshParams: nose_position: [0.5, 0.5]
01-05 12:13:03.631 14455 14631 I amera.videocall: createIfNeeded: Recreate new EGLImage since dataspace changed
01-05 12:13:03.664 14455 14631 E TAG : drawFace: rect ratio w: 0.7083333 ratio h: 0.659375
01-05 12:13:03.664 14455 14631 E TAG : drawFace: texture ratio w: 0.7083333 ratio h: 0.659375
01-05 12:13:03.669 14455 14631 D TAG : refreshParams: facetop: [0.0, 0.0]
01-05 12:13:03.669 14455 14631 D TAG : refreshParams: eyes_smiley: [0.0, 0.0]
01-05 12:13:03.669 14455 14631 D TAG : refreshParams: nose_bridge: [0.5, 0.5]
01-05 12:13:03.669 14455 14631 D TAG : refreshParams: nose_position: [0.5, 0.5]
01-05 12:13:03.674 14455 14631 I amera.videocall: createIfNeeded: Recreate new EGLImage since dataspace changed
01-05 12:13:03.711 14455 14631 E TAG : drawFace: rect ratio w: 0.7083333 ratio h: 0.65520835
01-05 12:13:03.711 14455 14631 E TAG : drawFace: texture ratio w: 0.7083333 ratio h: 0.65520835
01-05 12:13:03.718 14455 14631 D TAG : refreshParams: facetop: [0.0, 0.0]
01-05 12:13:03.718 14455 14631 D TAG : refreshParams: eyes_smiley: [0.0, 0.0]
01-05 12:13:03.718 14455 14631 D TAG : refreshParams: nose_bridge: [0.5, 0.5]
01-05 12:13:03.718 14455 14631 D TAG : refreshParams: nose_position: [0.5, 0.5]
01-05 12:13:03.723 14455 14631 I amera.videocall: createIfNeeded: Recreate new EGLImage since dataspace changed
01-05 12:13:03.756 14455 14631 E TAG : drawFace: rect ratio w: 0.7083334 ratio h: 0.65520835
01-05 12:13:03.756 14455 14631 E TAG : drawFace: texture ratio w: 0.7083333 ratio h: 0.65520835
01-05 12:13:03.761 14455 14631 D TAG : refreshParams: facetop: [0.0, 0.0]
01-05 12:13:03.761 14455 14631 D TAG : refreshParams: eyes_smiley: [0.0, 0.0]
01-05 12:13:03.761 14455 14631 D TAG : refreshParams: nose_bridge: [0.5, 0.5]
01-05 12:13:03.761 14455 14631 D TAG : refreshParams: nose_position: [0.5, 0.5]
01-05 12:13:03.766 14455 14631 I amera.videocall: createIfNeeded: Recreate new EGLImage since dataspace changed
01-05 12:13:03.799 14455 14631 E TAG : drawFace: rect ratio w: 0.7152778 ratio h: 0.665625
01-05 12:13:03.799 14455 14631 E TAG : drawFace: texture ratio w: 0.7152778 ratio h: 0.665625
01-05 12:13:03.804 14455 14631 D TAG : refreshParams: facetop: [0.0, 0.0]
01-05 12:13:03.804 14455 14631 D TAG : refreshParams: eyes_smiley: [0.0, 0.0]
01-05 12:13:03.804 14455 14631 D TAG : refreshParams: nose_bridge: [0.5, 0.5]
01-05 12:13:03.804 14455 14631 D TAG : refreshParams: nose_position: [0.5, 0.5]
01-05 12:13:03.816 14455 14631 I amera.videocall: createIfNeeded: Recreate new EGLImage since dataspace changed
01-05 12:13:03.845 14455 14631 E TAG : drawFace: rect ratio w: 0.7152778 ratio h: 0.665625
01-05 12:13:03.845 14455 14631 E TAG : drawFace: texture ratio w: 0.7152778 ratio h: 0.665625
01-05 12:13:03.849 14455 14631 D TAG : refreshParams: facetop: [0.0, 0.0]
01-05 12:13:03.849 14455 14631 D TAG : refreshParams: eyes_smiley: [0.0, 0.0]
01-05 12:13:03.850 14455 14631 D TAG : refreshParams: nose_bridge: [0.5, 0.5]
01-05 12:13:03.850 14455 14631 D TAG : refreshParams: nose_position: [0.5, 0.5]
01-05 12:13:03.895 14455 14631 E TAG : drawFace: rect ratio w: 0.7152778 ratio h: 0.665625
01-05 12:13:03.895 14455 14631 E TAG : drawFace: texture ratio w: 0.7152778 ratio h: 0.665625
01-05 12:13:03.899 14455 14631 D TAG : refreshParams: facetop: [0.0, 0.0]
01-05 12:13:03.899 14455 14631 D TAG : refreshParams: eyes_smiley: [0.0, 0.0]
01-05 12:13:03.899 14455 14631 D TAG : refreshParams: nose_bridge: [0.5, 0.5]
01-05 12:13:03.899 14455 14631 D TAG : refreshParams: nose_position: [0.5, 0.5]
01-05 12:13:03.937 14455 14631 I amera.videocall: createIfNeeded: Recreate new EGLImage since dataspace changed
01-05 12:13:03.944 14455 14631 E TAG : drawFace: rect ratio w: 0.7083333 ratio h: 0.671875
01-05 12:13:03.944 14455 14631 E TAG : drawFace: texture ratio w: 0.7083333 ratio h: 0.671875
01-05 12:13:03.950 14455 14631 D TAG : refreshParams: facetop: [0.0, 0.0]
01-05 12:13:03.950 14455 14631 D TAG : refreshParams: eyes_smiley: [0.0, 0.0]
01-05 12:13:03.950 14455 14631 D TAG : refreshParams: nose_bridge: [0.5, 0.5]
01-05 12:13:03.950 14455 14631 D TAG : refreshParams: nose_position: [0.5, 0.5]
01-05 12:13:03.993 14455 14631 E TAG : drawFace: rect ratio w: 0.7083333 ratio h: 0.665625
01-05 12:13:03.993 14455 14631 E TAG : drawFace: texture ratio w: 0.7083333 ratio h: 0.665625
01-05 12:13:03.999 14455 14631 D TAG : refreshParams: facetop: [0.0, 0.0]
01-05 12:13:03.999 14455 14631 D TAG : refreshParams: eyes_smiley: [0.0, 0.0]
01-05 12:13:03.999 14455 14631 D TAG : refreshParams: nose_bridge: [0.5, 0.5]
01-05 12:13:03.999 14455 14631 D TAG : refreshParams: nose_position: [0.5, 0.5]
01-05 12:13:04.044 14455 14631 E TAG : drawFace: rect ratio w: 0.7083333 ratio h: 0.659375
01-05 12:13:04.045 14455 14631 E TAG : drawFace: texture ratio w: 0.7083333 ratio h: 0.659375
01-05 12:13:04.050 14455 14631 D TAG : refreshParams: facetop: [0.0, 0.0]
01-05 12:13:04.050 14455 14631 D TAG : refreshParams: eyes_smiley: [0.0, 0.0]
01-05 12:13:04.051 14455 14631 D TAG : refreshParams: nose_bridge: [0.5, 0.5]
01-05 12:13:04.051 14455 14631 D TAG : refreshParams: nose_position: [0.5, 0.5]
01-05 12:13:04.094 14455 14631 E TAG : drawFace: rect ratio w: 0.7083333 ratio h: 0.659375
01-05 12:13:04.094 14455 14631 E TAG : drawFace: texture ratio w: 0.7083333 ratio h: 0.659375
01-05 12:13:04.098 14455 14631 D TAG : refreshParams: facetop: [0.0, 0.0]
01-05 12:13:04.098 14455 14631 D TAG : refreshParams: eyes_smiley: [0.0, 0.0]
01-05 12:13:04.098 14455 14631 D TAG : refreshParams: nose_bridge: [0.5, 0.5]
01-05 12:13:04.098 14455 14631 D TAG : refreshParams: nose_position: [0.5, 0.5]
01-05 12:13:04.144 14455 14631 E TAG : drawFace: rect ratio w: 0.7013889 ratio h: 0.659375
01-05 12:13:04.144 14455 14631 E TAG : drawFace: texture ratio w: 0.7013889 ratio h: 0.659375
01-05 12:13:04.149 14455 14631 D TAG : refreshParams: facetop: [0.0, 0.0]
01-05 12:13:04.149 14455 14631 D TAG : refreshParams: eyes_smiley: [0.0, 0.0]
01-05 12:13:04.149 14455 14631 D TAG : refreshParams: nose_bridge: [0.5, 0.5]
01-05 12:13:04.149 14455 14631 D TAG : refreshParams: nose_position: [0.5, 0.5]
01-05 12:13:04.198 14455 14631 E TAG : drawFace: rect ratio w: 0.7083334 ratio h: 0.6489583
01-05 12:13:04.198 14455 14631 E TAG : drawFace: texture ratio w: 0.7083333 ratio h: 0.6489583
01-05 12:13:04.209 14455 14631 D TAG : refreshParams: facetop: [0.0, 0.0]
01-05 12:13:04.210 14455 14631 D TAG : refreshParams: eyes_smiley: [0.0, 0.0]
01-05 12:13:04.210 14455 14631 D TAG : refreshParams: nose_bridge: [0.5, 0.5]
01-05 12:13:04.210 14455 14631 D TAG : refreshParams: nose_position: [0.5, 0.5]
01-05 12:13:04.252 14455 14631 E TAG : drawFace: rect ratio w: 0.7083334 ratio h: 0.64479166
01-05 12:13:04.252 14455 14631 E TAG : drawFace: texture ratio w: 0.7083333 ratio h: 0.64479166
01-05 12:13:04.258 14455 14631 D TAG : refreshParams: facetop: [0.0, 0.0]
01-05 12:13:04.258 14455 14631 D TAG : refreshParams: eyes_smiley: [0.0, 0.0]
01-05 12:13:04.258 14455 14631 D TAG : refreshParams: nose_bridge: [0.5, 0.5]
01-05 12:13:04.258 14455 14631 D TAG : refreshParams: nose_position: [0.5, 0.5]
01-05 12:13:04.297 14455 14631 E TAG : drawFace: rect ratio w: 0.6944444 ratio h: 0.6489583
01-05 12:13:04.297 14455 14631 E TAG : drawFace: texture ratio w: 0.69305557 ratio h: 0.6489583
01-05 12:13:04.302 14455 14631 D TAG : refreshParams: facetop: [0.0, 0.0]
01-05 12:13:04.302 14455 14631 D TAG : refreshParams: eyes_smiley: [0.0, 0.0]
01-05 12:13:04.302 14455 14631 D TAG : refreshParams: nose_bridge: [0.5, 0.5]
01-05 12:13:04.302 14455 14631 D TAG : refreshParams: nose_position: [0.5, 0.5]
01-05 12:13:04.355 14455 14631 E TAG : drawFace: rect ratio w: 0.7013889 ratio h: 0.659375
01-05 12:13:04.355 14455 14631 E TAG : drawFace: texture ratio w: 0.7013889 ratio h: 0.659375
01-05 12:13:04.360 14455 14631 D TAG : refreshParams: facetop: [0.0, 0.0]
01-05 12:13:04.360 14455 14631 D TAG : refreshParams: eyes_smiley: [0.0, 0.0]
01-05 12:13:04.360 14455 14631 D TAG : refreshParams: nose_bridge: [0.5, 0.5]
01-05 12:13:04.360 14455 14631 D TAG : refreshParams: nose_position: [0.5, 0.5]
01-05 12:13:04.403 14455 14631 E TAG : drawFace: rect ratio w: 0.7430556 ratio h: 0.6447917
01-05 12:13:04.403 14455 14631 E TAG : drawFace: texture ratio w: 0.7430556 ratio h: 0.64479166
01-05 12:13:04.410 14455 14631 D TAG : refreshParams: facetop: [0.0, 0.0]
01-05 12:13:04.410 14455 14631 D TAG : refreshParams: eyes_smiley: [0.0, 0.0]
01-05 12:13:04.410 14455 14631 D TAG : refreshParams: nose_bridge: [0.5, 0.5]
01-05 12:13:04.410 14455 14631 D TAG : refreshParams: nose_position: [0.5, 0.5]
01-05 12:13:04.456 14455 14631 E TAG : drawFace: rect ratio w: 0.7361111 ratio h: 0.63854164
01-05 12:13:04.457 14455 14631 E TAG : drawFace: texture ratio w: 0.7361111 ratio h: 0.63854164
01-05 12:13:04.465 14455 14631 D TAG : refreshParams: facetop: [0.0, 0.0]
01-05 12:13:04.465 14455 14631 D TAG : refreshParams: eyes_smiley: [0.0, 0.0]
01-05 12:13:04.465 14455 14631 D TAG : refreshParams: nose_bridge: [0.5, 0.5]
01-05 12:13:04.465 14455 14631 D TAG : refreshParams: nose_position: [0.5, 0.5]
01-05 12:13:04.509 14455 14631 E TAG : drawFace: rect ratio w: 0.7083334 ratio h: 0.64479166
01-05 12:13:04.509 14455 14631 E TAG : drawFace: texture ratio w: 0.7083333 ratio h: 0.64479166
01-05 12:13:04.519 14455 14631 D TAG : refreshParams: facetop: [0.0, 0.0]
01-05 12:13:04.519 14455 14631 D TAG : refreshParams: eyes_smiley: [0.0, 0.0]
01-05 12:13:04.519 14455 14631 D TAG : refreshParams: nose_bridge: [0.5, 0.5]
01-05 12:13:04.519 14455 14631 D TAG : refreshParams: nose_position: [0.5, 0.5]
01-05 12:13:04.560 14455 14631 E TAG : drawFace: rect ratio w: 0.7083334 ratio h: 0.659375
01-05 12:13:04.560 14455 14631 E TAG : drawFace: texture ratio w: 0.7083333 ratio h: 0.659375
01-05 12:13:04.571 14455 14631 D TAG : refreshParams: facetop: [0.0, 0.0]
01-05 12:13:04.571 14455 14631 D TAG : refreshParams: eyes_smiley: [0.0, 0.0]
01-05 12:13:04.571 14455 14631 D TAG : refreshParams: nose_bridge: [0.5, 0.5]
01-05 12:13:04.571 14455 14631 D TAG : refreshParams: nose_position: [0.5, 0.5]
01-05 12:13:04.619 14455 14631 E TAG : drawFace: rect ratio w: 0.7291666 ratio h: 0.65520835
01-05 12:13:04.619 14455 14631 E TAG : drawFace: texture ratio w: 0.7291667 ratio h: 0.65520835
01-05 12:13:04.626 14455 14631 D TAG : refreshParams: facetop: [0.0, 0.0]
01-05 12:13:04.626 14455 14631 D TAG : refreshParams: eyes_smiley: [0.0, 0.0]
01-05 12:13:04.626 14455 14631 D TAG : refreshParams: nose_bridge: [0.5, 0.5]
01-05 12:13:04.626 14455 14631 D TAG : refreshParams: nose_position: [0.5, 0.5]
01-05 12:13:04.673 14455 14631 E TAG : drawFace: rect ratio w: 0.7222222 ratio h: 0.65520835
01-05 12:13:04.673 14455 14631 E TAG : drawFace: texture ratio w: 0.7222222 ratio h: 0.65520835
01-05 12:13:04.680 14455 14631 D TAG : refreshParams: facetop: [0.0, 0.0]
01-05 12:13:04.680 14455 14631 D TAG : refreshParams: eyes_smiley: [0.0, 0.0]
01-05 12:13:04.680 14455 14631 D TAG : refreshParams: nose_bridge: [0.5, 0.5]
01-05 12:13:04.680 14455 14631 D TAG : refreshParams: nose_position: [0.5, 0.5]
01-05 12:13:04.725 14455 14631 E TAG : drawFace: rect ratio w: 0.7152778 ratio h: 0.64374995
01-05 12:13:04.725 14455 14631 E TAG : drawFace: texture ratio w: 0.7152778 ratio h: 0.64270836
01-05 12:13:04.733 14455 14631 D TAG : refreshParams: facetop: [0.0, 0.0]
01-05 12:13:04.733 14455 14631 D TAG : refreshParams: eyes_smiley: [0.0, 0.0]
01-05 12:13:04.733 14455 14631 D TAG : refreshParams: nose_bridge: [0.5, 0.5]
01-05 12:13:04.733 14455 14631 D TAG : refreshParams: nose_position: [0.5, 0.5]
01-05 12:13:04.779 14455 14631 E TAG : drawFace: rect ratio w: 0.7291666 ratio h: 0.6114583
01-05 12:13:04.779 14455 14631 E TAG : drawFace: texture ratio w: 0.7291667 ratio h: 0.61145836
01-05 12:13:04.787 14455 14631 D TAG : refreshParams: facetop: [0.0, 0.0]
01-05 12:13:04.787 14455 14631 D TAG : refreshParams: eyes_smiley: [0.0, 0.0]
01-05 12:13:04.787 14455 14631 D TAG : refreshParams: nose_bridge: [0.5, 0.5]
01-05 12:13:04.787 14455 14631 D TAG : refreshParams: nose_position: [0.5, 0.5]
01-05 12:13:04.832 14455 14631 E TAG : drawFace: rect ratio w: 0.7152778 ratio h: 0.621875
01-05 12:13:04.832 14455 14631 E TAG : drawFace: texture ratio w: 0.7152778 ratio h: 0.621875
01-05 12:13:04.841 14455 14631 D TAG : refreshParams: facetop: [0.0, 0.0]
01-05 12:13:04.842 14455 14631 D TAG : refreshParams: eyes_smiley: [0.0, 0.0]
01-05 12:13:04.842 14455 14631 D TAG : refreshParams: nose_bridge: [0.5, 0.5]
01-05 12:13:04.842 14455 14631 D TAG : refreshParams: nose_position: [0.5, 0.5]
01-05 12:13:04.885 14455 14631 E TAG : drawFace: rect ratio w: 0.7083334 ratio h: 0.6177083
01-05 12:13:04.885 14455 14631 E TAG : drawFace: texture ratio w: 0.7083333 ratio h: 0.6177083
01-05 12:13:04.896 14455 14631 D TAG : refreshParams: facetop: [0.0, 0.0]
01-05 12:13:04.896 14455 14631 D TAG : refreshParams: eyes_smiley: [0.0, 0.0]
01-05 12:13:04.896 14455 14631 D TAG : refreshParams: nose_bridge: [0.5, 0.5]
01-05 12:13:04.896 14455 14631 D TAG : refreshParams: nose_position: [0.5, 0.5]
01-05 12:13:04.939 14455 14631 E TAG : drawFace: rect ratio w: 0.70138884 ratio h: 0.6177083
01-05 12:13:04.939 14455 14631 E TAG : drawFace: texture ratio w: 0.7 ratio h: 0.6177083
01-05 12:13:04.949 14455 14631 D TAG : refreshParams: facetop: [0.0, 0.0]
01-05 12:13:04.949 14455 14631 D TAG : refreshParams: eyes_smiley: [0.0, 0.0]
01-05 12:13:04.949 14455 14631 D TAG : refreshParams: nose_bridge: [0.5, 0.5]
01-05 12:13:04.949 14455 14631 D TAG : refreshParams: nose_position: [0.5, 0.5]
01-05 12:13:05.002 14455 14631 E TAG : drawFace: rect ratio w: 0.6944444 ratio h: 0.6114583
01-05 12:13:05.002 14455 14631 E TAG : drawFace: texture ratio w: 0.69305557 ratio h: 0.61145836
01-05 12:13:05.013 14455 14631 D TAG : refreshParams: facetop: [0.0, 0.0]
01-05 12:13:05.013 14455 14631 D TAG : refreshParams: eyes_smiley: [0.0, 0.0]
01-05 12:13:05.014 14455 14631 D TAG : refreshParams: nose_bridge: [0.5, 0.5]
01-05 12:13:05.014 14455 14631 D TAG : refreshParams: nose_position: [0.5, 0.5]
01-05 12:13:05.057 14455 14631 E TAG : drawFace: rect ratio w: 0.6944444 ratio h: 0.60625005
01-05 12:13:05.057 14455 14631 E TAG : drawFace: texture ratio w: 0.69305557 ratio h: 0.60625
01-05 12:13:05.066 14455 14631 D TAG : refreshParams: facetop: [0.0, 0.0]
01-05 12:13:05.066 14455 14631 D TAG : refreshParams: eyes_smiley: [0.0, 0.0]
01-05 12:13:05.066 14455 14631 D TAG : refreshParams: nose_bridge: [0.5, 0.5]
01-05 12:13:05.066 14455 14631 D TAG : refreshParams: nose_position: [0.5, 0.5]
01-05 12:13:05.107 14455 14631 E TAG : drawFace: rect ratio w: 0.6875 ratio h: 0.5854167
01-05 12:13:05.107 14455 14631 E TAG : drawFace: texture ratio w: 0.6875 ratio h: 0.5854167
01-05 12:13:05.112 14455 14631 D TAG : refreshParams: facetop: [0.0, 0.0]
01-05 12:13:05.113 14455 14631 D TAG : refreshParams: eyes_smiley: [0.0, 0.0]
01-05 12:13:05.113 14455 14631 D TAG : refreshParams: nose_bridge: [0.5, 0.5]
01-05 12:13:05.113 14455 14631 D TAG : refreshParams: nose_position: [0.5, 0.5]
01-05 12:13:05.154 14455 14631 E TAG : drawFace: rect ratio w: 0.7013889 ratio h: 0.59583336
01-05 12:13:05.154 14455 14631 E TAG : drawFace: texture ratio w: 0.7013889 ratio h: 0.59583336
01-05 12:13:05.165 14455 14631 D TAG : refreshParams: facetop: [0.0, 0.0]
01-05 12:13:05.166 14455 14631 D TAG : refreshParams: eyes_smiley: [0.0, 0.0]
01-05 12:13:05.166 14455 14631 D TAG : refreshParams: nose_bridge: [0.5, 0.5]
01-05 12:13:05.166 14455 14631 D TAG : refreshParams: nose_position: [0.5, 0.5]
01-05 12:13:05.209 14455 14631 E TAG : drawFace: rect ratio w: 0.7013889 ratio h: 0.6010417
01-05 12:13:05.209 14455 14631 E TAG : drawFace: texture ratio w: 0.7013889 ratio h: 0.6010417
01-05 12:13:05.217 14455 14631 D TAG : refreshParams: facetop: [0.0, 0.0]
01-05 12:13:05.217 14455 14631 D TAG : refreshParams: eyes_smiley: [0.0, 0.0]
01-05 12:13:05.217 14455 14631 D TAG : refreshParams: nose_bridge: [0.5, 0.5]
01-05 12:13:05.217 14455 14631 D TAG : refreshParams: nose_position: [0.5, 0.5]
01-05 12:13:05.260 14455 14631 E TAG : drawFace: rect ratio w: 0.6944444 ratio h: 0.6177083
01-05 12:13:05.260 14455 14631 E TAG : drawFace: texture ratio w: 0.69305557 ratio h: 0.6177083
01-05 12:13:05.266 14455 14631 D TAG : refreshParams: facetop: [0.0, 0.0]
01-05 12:13:05.267 14455 14631 D TAG : refreshParams: eyes_smiley: [0.0, 0.0]
01-05 12:13:05.267 14455 14631 D TAG : refreshParams: nose_bridge: [0.5, 0.5]
01-05 12:13:05.267 14455 14631 D TAG : refreshParams: nose_position: [0.5, 0.5]
01-05 12:13:05.313 14455 14631 E TAG : drawFace: rect ratio w: 0.7152778 ratio h: 0.6010417
01-05 12:13:05.314 14455 14631 E TAG : drawFace: texture ratio w: 0.7152778 ratio h: 0.6010417
01-05 12:13:05.321 14455 14631 D TAG : refreshParams: facetop: [0.0, 0.0]
01-05 12:13:05.321 14455 14631 D TAG : refreshParams: eyes_smiley: [0.0, 0.0]
01-05 12:13:05.321 14455 14631 D TAG : refreshParams: nose_bridge: [0.5, 0.5]
01-05 12:13:05.321 14455 14631 D TAG : refreshParams: nose_position: [0.5, 0.5]
01-05 12:13:05.362 14455 14631 E TAG : drawFace: rect ratio w: 0.7083333 ratio h: 0.6010417
01-05 12:13:05.362 14455 14631 E TAG : drawFace: texture ratio w: 0.7083333 ratio h: 0.6010417
01-05 12:13:05.367 14455 14631 D TAG : refreshParams: facetop: [0.0, 0.0]
01-05 12:13:05.368 14455 14631 D TAG : refreshParams: eyes_smiley: [0.0, 0.0]
01-05 12:13:05.368 14455 14631 D TAG : refreshParams: nose_bridge: [0.5, 0.5]
01-05 12:13:05.368 14455 14631 D TAG : refreshParams: nose_position: [0.5, 0.5]
01-05 12:13:05.410 14455 14631 E TAG : drawFace: rect ratio w: 0.67083335 ratio h: 0.6177083
01-05 12:13:05.410 14455 14631 E TAG : drawFace: texture ratio w: 0.67083335 ratio h: 0.6177083
01-05 12:13:05.417 14455 14631 D TAG : refreshParams: facetop: [0.0, 0.0]
01-05 12:13:05.417 14455 14631 D TAG : refreshParams: eyes_smiley: [0.0, 0.0]
01-05 12:13:05.417 14455 14631 D TAG : refreshParams: nose_bridge: [0.5, 0.5]
01-05 12:13:05.417 14455 14631 D TAG : refreshParams: nose_position: [0.5, 0.5]
01-05 12:13:05.461 14455 14631 E TAG : drawFace: rect ratio w: 0.6736111 ratio h: 0.60625
01-05 12:13:05.461 14455 14631 E TAG : drawFace: texture ratio w: 0.6736111 ratio h: 0.60625
01-05 12:13:05.469 14455 14631 D TAG : refreshParams: facetop: [0.0, 0.0]
01-05 12:13:05.470 14455 14631 D TAG : refreshParams: eyes_smiley: [0.0, 0.0]
01-05 12:13:05.470 14455 14631 D TAG : refreshParams: nose_bridge: [0.5, 0.5]
01-05 12:13:05.470 14455 14631 D TAG : refreshParams: nose_position: [0.5, 0.5]
01-05 12:13:05.499 14455 14455 I [LiveEventBus]: broadcast: com.lightcone.beautycam.viewmodel.event.SelectedTabChangeEvent@a5c35da foreground: false with key: class com.lightcone.beautycam.viewmodel.event.SelectedTabChangeEvent
01-05 12:13:05.506 14455 14455 I [LiveEventBus]: post: com.lightcone.beautycam.viewmodel.event.SelectedTabChangeEvent@40750e8 with key: class com.lightcone.beautycam.viewmodel.event.SelectedTabChangeEvent
01-05 12:13:05.506 14455 14455 I [LiveEventBus]: message received: com.lightcone.beautycam.viewmodel.event.SelectedTabChangeEvent@40750e8
01-05 12:13:05.508 14455 14455 I [LiveEventBus]: message received: com.lightcone.beautycam.viewmodel.event.SelectedTabChangeEvent@40750e8
01-05 12:13:05.509 14455 14455 I [LiveEventBus]: message received: com.lightcone.beautycam.viewmodel.event.SelectedTabChangeEvent@40750e8
01-05 12:13:05.510 14455 14455 I [LiveEventBus]: observe sticky forever observer: com.jeremyliao.liveeventbus.core.LiveEventBusCore$ObserverWrapper@c121e3d(d.c.d.p.g @1749394) with key: class com.lightcone.beautycam.viewmodel.event.SelectedBeautyEvent
01-05 12:13:05.518 14455 14631 E TAG : drawFace: rect ratio w: 0.6472222 ratio h: 0.628125
01-05 12:13:05.518 14455 14631 E TAG : drawFace: texture ratio w: 0.6472222 ratio h: 0.628125
01-05 12:13:05.519 14455 14455 I [LiveEventBus]: observe sticky forever observer: com.jeremyliao.liveeventbus.core.LiveEventBusCore$ObserverWrapper@b7140df(d.c.d.c.l @9d9f37e) with key: class com.lightcone.beautycam.viewmodel.event.SelectedBeautyEvent
01-05 12:13:05.519 14455 14455 I [LiveEventBus]: message received: com.lightcone.beautycam.viewmodel.event.BeautyIntensityUpdateEvent@1d71986
01-05 12:13:05.520 14455 14455 I [LiveEventBus]: observe sticky forever observer: com.jeremyliao.liveeventbus.core.LiveEventBusCore$ObserverWrapper@173d7f5(d.c.d.c.j @c76c12c) with key: class com.lightcone.beautycam.viewmodel.event.BeautyIntensityUpdateEvent
01-05 12:13:05.520 14455 14455 I [LiveEventBus]: observe sticky forever observer: com.jeremyliao.liveeventbus.core.LiveEventBusCore$ObserverWrapper@f530bfb(d.c.d.p.x .c@69dc98a) with key: class com.lightcone.beautycam.viewmodel.event.SelectedBeautyEvent
01-05 12:13:05.530 14455 14631 D TAG : refreshParams: facetop: [0.0, 0.0]
01-05 12:13:05.530 14455 14631 D TAG : refreshParams: eyes_smiley: [0.0, 0.0]
01-05 12:13:05.530 14455 14631 D TAG : refreshParams: nose_bridge: [0.5, 0.5]
01-05 12:13:05.530 14455 14631 D TAG : refreshParams: nose_position: [0.5, 0.5]
01-05 12:13:05.525 14455 14455 W amera.videocall: type=1400 audit(0.0:2301671): avc: denied { read } for name="u:object_r:qemu_hw_prop:s0" dev="tmpfs" ino=14567 scontext=u:r:untrusted_app_30:s0:c225,c257,c512,c768 tcontext=u:object_r:qemu_hw_prop:s0 tclass=file permissive=0 app=com.accarunit.beauty.camera.videocall
01-05 12:13:05.530 14455 14455 W libc : Access denied finding property "qemu.hw.mainkeys"
01-05 12:13:05.531 14455 14455 I [LiveEventBus]: observe sticky forever observer: com.jeremyliao.liveeventbus.core.LiveEventBusCore$ObserverWrapper@d2ba865(d.c.d.p.x .d2@942cd5c) with key: class com.lightcone.beautycam.viewmodel.event.RatioChangeEvent
01-05 12:13:05.532 14455 14455 I [LiveEventBus]: observe sticky forever observer: com.jeremyliao.liveeventbus.core.LiveEventBusCore$ObserverWrapper@7fae9eb(d.c.d.p.x .s0@c03a93a) with key: class com.lightcone.beautycam.viewmodel.event.SelectedBeautyEvent
01-05 12:13:05.532 14455 14455 I [LiveEventBus]: observe forever observer: com.jeremyliao.liveeventbus.core.LiveEventBusCore$ObserverWrapper@73365e1(d.c.d.p.x .t0@fdd6348) with key: class com.lightcone.beautycam.viewmodel.event.BeautyIntensityUpdateEvent
01-05 12:13:05.572 14455 14631 E TAG : drawFace: rect ratio w: 0.63611114 ratio h: 0.6333333
01-05 12:13:05.572 14455 14631 E TAG : drawFace: texture ratio w: 0.63611114 ratio h: 0.6333333
01-05 12:13:05.590 14455 14631 D TAG : refreshParams: facetop: [0.0, 0.0]
01-05 12:13:05.590 14455 14631 D TAG : refreshParams: eyes_smiley: [0.0, 0.0]
01-05 12:13:05.590 14455 14631 D TAG : refreshParams: nose_bridge: [0.5, 0.5]
01-05 12:13:05.590 14455 14631 D TAG : refreshParams: nose_position: [0.5, 0.5]
01-05 12:13:05.628 14455 14631 E TAG : drawFace: rect ratio w: 0.65555555 ratio h: 0.6333333
01-05 12:13:05.628 14455 14631 E TAG : drawFace: texture ratio w: 0.65555555 ratio h: 0.6333333
01-05 12:13:05.633 14455 14631 D TAG : refreshParams: facetop: [0.0, 0.0]
01-05 12:13:05.633 14455 14631 D TAG : refreshParams: eyes_smiley: [0.0, 0.0]
01-05 12:13:05.634 14455 14631 D TAG : refreshParams: nose_bridge: [0.5, 0.5]
01-05 12:13:05.634 14455 14631 D TAG : refreshParams: nose_position: [0.5, 0.5]
01-05 12:13:05.673 14455 14631 E TAG : drawFace: rect ratio w: 0.6597222 ratio h: 0.64479166
01-05 12:13:05.673 14455 14631 E TAG : drawFace: texture ratio w: 0.6597222 ratio h: 0.64479166
01-05 12:13:05.680 14455 14631 D TAG : refreshParams: facetop: [0.0, 0.0]
01-05 12:13:05.680 14455 14631 D TAG : refreshParams: eyes_smiley: [0.0, 0.0]
01-05 12:13:05.680 14455 14631 D TAG : refreshParams: nose_bridge: [0.5, 0.5]
01-05 12:13:05.680 14455 14631 D TAG : refreshParams: nose_position: [0.5, 0.5]
01-05 12:13:05.719 14455 14631 E TAG : drawFace: rect ratio w: 0.66944444 ratio h: 0.6385417
01-05 12:13:05.719 14455 14631 E TAG : drawFace: texture ratio w: 0.66944444 ratio h: 0.63854164
01-05 12:13:05.723 14455 14631 D TAG : refreshParams: facetop: [0.0, 0.0]
