02-20 19:13:14.941 6467 6467 I [LiveEventBus]: message received: com.lightcone.beautycam.viewmodel.event.BeautyIntensityUpdateEvent@e1c74b1
02-20 19:13:14.942 6467 6467 I [LiveEventBus]: post: com.lightcone.beautycam.viewmodel.event.ShapeIntensityUpdateEvent@5bc6d17 with key: class com.lightcone.beautycam.viewmodel.event.ShapeIntensityUpdateEvent
02-20 19:13:14.942 6467 6467 I [LiveEventBus]: message received: com.lightcone.beautycam.viewmodel.event.ShapeIntensityUpdateEvent@5bc6d17
02-20 19:13:14.942 6467 6467 I [LiveEventBus]: message received: com.lightcone.beautycam.viewmodel.event.ShapeIntensityUpdateEvent@5bc6d17
02-20 19:13:14.943 6467 6467 I [LiveEventBus]: post: com.lightcone.beautycam.viewmodel.event.SelectedShapeEvent@e52aaed with key: class com.lightcone.beautycam.viewmodel.event.SelectedShapeEvent
02-20 19:13:14.943 6467 6467 I [LiveEventBus]: message received: com.lightcone.beautycam.viewmodel.event.SelectedShapeEvent@e52aaed
02-20 19:13:14.944 6467 6467 I [LiveEventBus]: post: com.lightcone.beautycam.viewmodel.event.ShapeModeUpdateEvent@290c3b3 with key: class com.lightcone.beautycam.viewmodel.event.ShapeModeUpdateEvent
02-20 19:13:14.944 6467 6467 I [LiveEventBus]: message received: com.lightcone.beautycam.viewmodel.event.ShapeModeUpdateEvent@290c3b3
02-20 19:13:15.006 6467 6533 E IMGMapper: set:488 set: Unset optional value from type SMPTE2086
02-20 19:13:15.006 6467 6533 E IMGMapper: set:488 set: Unset optional value from type CTA861_3
02-20 19:13:15.036 6467 6864 I CameraManagerGlobal: Camera 1 facing CAMERA_FACING_FRONT state now CAMERA_STATE_OPEN for client com.accarunit.beauty.camera.videocall API Level 2
02-20 19:13:15.041 6467 6847 D Camera2CameraImpl: {Camera@888415b[id=1]} Use case Preview:androidx.camera.core.Preview-eec902dc-1e05-4a82-afa6-7607d0a70935 ACTIVE
02-20 19:13:15.042 6467 6847 D UseCaseAttachState: Active and attached use case: [androidx.camera.core.Preview-eec902dc-1e05-4a82-afa6-7607d0a70935129281194, androidx.camera.core.ImageCapture-86067bd8-96ab-4ffe-b3fa-b64f897e0f3b168132763] for camera: 1
02-20 19:13:15.044 6467 6847 D Camera2CameraImpl: {Camera@888415b[id=1]} Use case ImageCapture:androidx.camera.core.ImageCapture-86067bd8-96ab-4ffe-b3fa-b64f897e0f3b ACTIVE
02-20 19:13:15.045 6467 6847 D UseCaseAttachState: Active and attached use case: [androidx.camera.core.Preview-eec902dc-1e05-4a82-afa6-7607d0a70935129281194, androidx.camera.core.ImageCapture-86067bd8-96ab-4ffe-b3fa-b64f897e0f3b168132763] for camera: 1
02-20 19:13:15.047 6467 6847 D Camera2CameraImpl: {Camera@888415b[id=1]} CameraDevice.onOpened()
02-20 19:13:15.074 6467 6477 D InputTransport: Input channel destroyed: 'ClientS', fd=298
02-20 19:13:15.075 6467 6478 V MediaPlayer-JNI: native_finalize
02-20 19:13:15.075 6467 6478 V MediaPlayer-JNI: release
02-20 19:13:15.076 6467 6847 D Camera2CameraImpl: {Camera@888415b[id=1]} Transitioning camera internal state: OPENING --> OPENED
02-20 19:13:15.076 6467 6847 D CameraStateRegistry: Recalculating open cameras:
02-20 19:13:15.076 6467 6847 D CameraStateRegistry: Camera State
02-20 19:13:15.076 6467 6847 D CameraStateRegistry: -------------------------------------------------------------------
02-20 19:13:15.076 6467 6847 D CameraStateRegistry: Camera@888415b[id=1] OPEN
02-20 19:13:15.076 6467 6847 D CameraStateRegistry: Camera@1a7f45e[id=0] UNKNOWN
02-20 19:13:15.076 6467 6847 D CameraStateRegistry: -------------------------------------------------------------------
02-20 19:13:15.076 6467 6847 D CameraStateRegistry: Open count: 1 (Max allowed: 1)
02-20 19:13:15.077 6467 6847 D UseCaseAttachState: All use case: [androidx.camera.core.Preview-eec902dc-1e05-4a82-afa6-7607d0a70935129281194, androidx.camera.core.ImageCapture-86067bd8-96ab-4ffe-b3fa-b64f897e0f3b168132763] for camera: 1
02-20 19:13:15.083 6467 6847 D UseCaseAttachState: Active and attached use case: [androidx.camera.core.Preview-eec902dc-1e05-4a82-afa6-7607d0a70935129281194, androidx.camera.core.ImageCapture-86067bd8-96ab-4ffe-b3fa-b64f897e0f3b168132763] for camera: 1
02-20 19:13:15.084 6467 6847 D SyncCaptureSessionBase: [androidx.camera.camera2.internal.SynchronizedCaptureSessionBaseImpl@cc2ec21] getSurface...done
02-20 19:13:15.085 6467 6847 D CaptureSession: Opening capture session.
02-20 19:13:15.092 6467 6847 D DeferrableSurface: New surface in use[total_surfaces=2, used_surfaces=1] (androidx.camera.core.SurfaceRequest$2@ca9945a}
02-20 19:13:15.092 6467 6847 D DeferrableSurface: use count+1, useCount=1 androidx.camera.core.SurfaceRequest$2@ca9945a
02-20 19:13:15.092 6467 6847 D DeferrableSurface: New surface in use[total_surfaces=2, used_surfaces=2] (androidx.camera.core.impl.ImmediateSurface@3ce2381}
02-20 19:13:15.092 6467 6847 D DeferrableSurface: use count+1, useCount=1 androidx.camera.core.impl.ImmediateSurface@3ce2381
02-20 19:13:15.321 6467 6847 D BufferQueueProducer: [ImageReader-1280x720f21m2- 6467-0](id:194300000009,api:4,p:915,c:6467) connect: api=4 producerControlledByApp=false
02-20 19:13:15.324 6467 6847 D BufferQueueProducer: [SurfaceTexture-1-6467-0] (id:194300000008,api:4,p:915,c:6467) connect: api=4 producerControlledByApp=true
02-20 19:13:15.340 6467 6847 D CaptureSession: Attempting to send capture request onConfigured
02-20 19:13:15.340 6467 6847 D CaptureSession: Issuing request for session.
02-20 19:13:15.348 6467 6847 D CaptureSession: CameraCaptureSession.onConfigured() mState=OPENED
02-20 19:13:15.349 6467 6847 D CaptureSession: CameraCaptureSession.onReady() OPENED
02-20 19:13:15.353 6467 6659 I CameraManagerGlobal: Camera 1 facing CAMERA_FACING_FRONT state now CAMERA_STATE_ACTIVE for client com.accarunit.beauty.camera.videocall API Level 2
02-20 19:13:16.014 6467 6659 I ViewRootImpl@89cf70a[BeautyLooksActivity]: Resizing android.view.ViewRootImpl@e2d5d62: frame = [0,0][720,1600] reportDraw = false forceLayout = false syncSeqId = 0
02-20 19:13:16.015 6467 6467 D InsetsController: onStateChanged: InsetsState: {mDisplayFrame=Rect(0, 0 - 720, 1600), mDisplayCutout=DisplayCutout{insets=Rect(0, 45 - 0, 0) waterfall=Insets{left=0, top=0, right=0, bottom=0} boundingRect={Bounds=[Rect(0, 0 - 0, 0), Rect(272, 0 - 448, 45), Rect(0, 0 - 0, 0), Rect(0, 0 - 0, 0)]} cutoutPathParserInfo={CutoutPathParserInfo{displayWidth=720 displayHeight=1600 physicalDisplayWidth=720 physicalDisplayHeight=1600 density={1.875} cutoutSpec={M 0,0 H -46.93333333333333 V 24 H 46.93333333333333 V 0 H 0 Z @dp} rotation={0} scale={1.0} physicalPixelDisplaySizeRatio={1.0}}}}, mRoundedCorners=RoundedCorners{[RoundedCorner{position=TopLeft, radius=60, center=Point(60, 60)}, RoundedCorner{position=TopRight, radius=60, center=Point(660, 60)}, RoundedCorner{position=BottomRight, radius=60, center=Point(660, 1540)}, RoundedCorner{position=BottomLeft, radius=60, center=Point(60, 1540)}]} mRoundedCornerFrame=Rect(0, 0 - 720, 1600), mPrivacyIndicatorBounds=PrivacyIndicatorBounds {static bounds=Rect(637, 0 - 720, 49) rotation=0}, mSources= { InsetsSource: {mType=ITYPE_STATUS_BAR, mFrame=[0,0] [720,49], mVisible=true, mInsetsRoundedCornerFrame=false}, InsetsSource: {mType=ITYPE_NAVIGATION_BAR, mFrame=[0,1572][720,1600], mVisible=true, mInsetsRoundedCornerFrame=false}, InsetsSource: {mType=ITYPE_LEFT_GESTURES, mFrame=[0,0][56,1600], mVisible=true, mInsetsRoundedCornerFrame=false}, InsetsSource: {mType=ITYPE_RIGHT_GESTURES, mFrame=[664,0][720,1600], mVisible=true, mInsetsRoundedCornerFrame=false}, InsetsSource: {mType=ITYPE_TOP_MANDATORY_GESTURES, mFrame=[0,0][720,68], mVisible=true, mInsetsRoundedCornerFrame=false}, InsetsSource: {mType=ITYPE_BOTTOM_MANDATORY_GESTURES, mFrame=[0,1540][720,1600], mVisible=true, mInsetsRoundedCornerFrame=false}, InsetsSource: {mType=ITYPE_LEFT_DISPLAY_CUTOUT, mFrame=[0,0][-100000,1600], mVisible=true, mInsetsRoundedCornerFrame=false}, InsetsSource: {mType=ITYPE_TOP_DISPLAY_CUTOUT, mFrame=[0,0][720,45], mVisible=true, mInsetsRoundedCornerFrame=false}, InsetsSource: {mType=ITYPE_RIGHT_DISPLAY_CUTOUT, mFrame=[100000,0][720,1600], mVisible=true, mInsetsRoundedCornerFrame=false}, InsetsSource: {mType=ITYPE_BOTTOM_DISPLAY_CUTOUT, mFrame=[0,100000][720,1600], mVisible=true, mInsetsRoundedCornerFrame=false}, InsetsSource: {mType=ITYPE_TOP_TAPPABLE_ELEMENT, mFrame=[0,0][720,49], mVisible=true, mInsetsRoundedCornerFrame=false}, InsetsSource: {mType=ITYPE_BOTTOM_TAPPABLE_ELEMENT, mFrame=[0,0][0,0], mVisible=true, mInsetsRoundedCornerFrame=false}, InsetsSource: {mType=ITYPE_IME, mFrame=[0,0] [0,0], mVisibleFrame=[0,928][720,1600], mVisible=false, mInsetsRoundedCornerFrame=false} } host=com.accarunit.beauty.camera.videocall/com.lightcone.beautycam.activity.BeautyL ooksActivity from=android.view.ViewRootImpl$ViewRootHandler.handleMessageImpl:6727
02-20 19:13:16.016 6467 6467 I ViewRootImpl@89cf70a[BeautyLooksActivity]: handleResized, msg = 4 frames=ClientWindowFrames{frame=[0,0][720,1600] display=[0,0][720,1600] parentFrame=[0,0][0,0] parentClippedByDisplayCutout=false} forceNextWindowRelayout=false displayId=0 resizeMode=-1 frameChanged=false displayFrameChanged=false configChanged=false displayChanged=false
02-20 19:13:16.191 6467 6467 I ViewRootImpl@89cf70a[BeautyLooksActivity]: ViewPostIme pointer 0
02-20 19:13:16.265 6467 6467 I ViewRootImpl@89cf70a[BeautyLooksActivity]: ViewPostIme pointer 1
02-20 19:13:16.542 6467 6845 E IMGMapper: set:488 set: Unset optional value from type SMPTE2086
02-20 19:13:16.542 6467 6845 E IMGMapper: set:488 set: Unset optional value from type CTA861_3
02-20 19:13:16.543 6467 6845 I BLASTBufferQueue: [SurfaceView[com.accarunit.beauty.camera.videocall/com.lightcone.beautycam.activity .BeautyLooksActivity]@0#7](f:0,a:0) onFrameAvailable the first frame is available
02-20 19:13:16.543 6467 6845 D BLASTBufferQueue: [SurfaceView[com.accarunit.beauty.camera.videocall/com.lightcone.beautycam.activity .BeautyLooksActivity]@0#7](f:0,a:1) acquireNextBufferLocked size=720x1572 mFrameNumber=1 applyTransaction=true mTimestamp=113890616476554(auto) mPendingTransactions.size=0 graphicBufferId=27775553503300 transform=0
02-20 19:13:16.589 6467 6845 E IMGMapper: set:488 set: Unset optional value from type SMPTE2086
02-20 19:13:16.589 6467 6845 E IMGMapper: set:488 set: Unset optional value from type CTA861_3
02-20 19:13:16.606 6467 6845 E IMGMapper: set:488 set: Unset optional value from type SMPTE2086
02-20 19:13:16.606 6467 6845 E IMGMapper: set:488 set: Unset optional value from type CTA861_3
02-20 19:13:16.699 6467 6845 E IMGMapper: set:488 set: Unset optional value from type SMPTE2086
02-20 19:13:16.699 6467 6845 E IMGMapper: set:488 set: Unset optional value from type CTA861_3
02-20 19:13:16.799 6467 6845 E IMGMapper: set:488 set: Unset optional value from type SMPTE2086
02-20 19:13:16.799 6467 6845 E IMGMapper: set:488 set: Unset optional value from type CTA861_3
02-20 19:13:16.923 6467 6845 E IMGMapper: set:488 set: Unset optional value from type SMPTE2086
02-20 19:13:16.923 6467 6845 E IMGMapper: set:488 set: Unset optional value from type CTA861_3
02-20 19:13:17.030 6467 6845 E IMGMapper: set:488 set: Unset optional value from type SMPTE2086
02-20 19:13:17.030 6467 6845 E IMGMapper: set:488 set: Unset optional value from type CTA861_3
02-20 19:13:17.127 6467 6845 E IMGMapper: set:488 set: Unset optional value from type SMPTE2086
02-20 19:13:17.127 6467 6845 E IMGMapper: set:488 set: Unset optional value from type CTA861_3
02-20 19:13:17.212 6467 6845 E IMGMapper: set:488 set: Unset optional value from type SMPTE2086
02-20 19:13:17.212 6467 6845 E IMGMapper: set:488 set: Unset optional value from type CTA861_3
02-20 19:13:17.320 6467 6845 E IMGMapper: set:488 set: Unset optional value from type SMPTE2086
02-20 19:13:17.320 6467 6845 E IMGMapper: set:488 set: Unset optional value from type CTA861_3
02-20 19:13:17.416 6467 6845 E IMGMapper: set:488 set: Unset optional value from type SMPTE2086
02-20 19:13:17.417 6467 6845 E IMGMapper: set:488 set: Unset optional value from type CTA861_3
02-20 19:13:17.510 6467 6845 E IMGMapper: set:488 set: Unset optional value from type SMPTE2086
02-20 19:13:17.511 6467 6845 E IMGMapper: set:488 set: Unset optional value from type CTA861_3
02-20 19:13:17.609 6467 6845 E IMGMapper: set:488 set: Unset optional value from type SMPTE2086
02-20 19:13:17.611 6467 6845 E IMGMapper: set:488 set: Unset optional value from type CTA861_3
02-20 19:13:17.707 6467 6845 E IMGMapper: set:488 set: Unset optional value from type SMPTE2086
02-20 19:13:17.707 6467 6845 E IMGMapper: set:488 set: Unset optional value from type CTA861_3
02-20 19:13:17.810 6467 6845 E IMGMapper: set:488 set: Unset optional value from type SMPTE2086
02-20 19:13:17.811 6467 6845 E IMGMapper: set:488 set: Unset optional value from type CTA861_3
02-20 19:13:17.917 6467 6845 E IMGMapper: set:488 set: Unset optional value from type SMPTE2086
02-20 19:13:17.918 6467 6845 E IMGMapper: set:488 set: Unset optional value from type CTA861_3
02-20 19:13:17.924 6467 6467 D InsetsController: onStateChanged: InsetsState: {mDisplayFrame=Rect(0, 0 - 720, 1600), mDisplayCutout=DisplayCutout{insets=Rect(0, 45 - 0, 0) waterfall=Insets{left=0, top=0, right=0, bottom=0} boundingRect={Bounds=[Rect(0, 0 - 0, 0), Rect(272, 0 - 448, 45), Rect(0, 0 - 0, 0), Rect(0, 0 - 0, 0)]} cutoutPathParserInfo={CutoutPathParserInfo{displayWidth=720 displayHeight=1600 physicalDisplayWidth=720 physicalDisplayHeight=1600 density={1.875} cutoutSpec={M 0,0 H -46.93333333333333 V 24 H 46.93333333333333 V 0 H 0 Z @dp} rotation={0} scale={1.0} physicalPixelDisplaySizeRatio={1.0}}}}, mRoundedCorners=RoundedCorners{[RoundedCorner{position=TopLeft, radius=60, center=Point(60, 60)}, RoundedCorner{position=TopRight, radius=60, center=Point(660, 60)}, RoundedCorner{position=BottomRight, radius=60, center=Point(660, 1540)}, RoundedCorner{position=BottomLeft, radius=60, center=Point(60, 1540)}]} mRoundedCornerFrame=Rect(0, 0 - 720, 1600), mPrivacyIndicatorBounds=PrivacyIndicatorBounds {static bounds=Rect(637, 0 - 720, 49) rotation=0}, mSources= { InsetsSource: {mType=ITYPE_STATUS_BAR, mFrame=[0,0] [720,49], mVisible=true, mInsetsRoundedCornerFrame=false}, InsetsSource: {mType=ITYPE_NAVIGATION_BAR, mFrame=[0,1572][720,1600], mVisible=true, mInsetsRoundedCornerFrame=false}, InsetsSource: {mType=ITYPE_LEFT_GESTURES, mFrame=[0,0][56,1600], mVisible=true, mInsetsRoundedCornerFrame=false}, InsetsSource: {mType=ITYPE_RIGHT_GESTURES, mFrame=[664,0][720,1600], mVisible=true, mInsetsRoundedCornerFrame=false}, InsetsSource: {mType=ITYPE_TOP_MANDATORY_GESTURES, mFrame=[0,0][720,68], mVisible=true, mInsetsRoundedCornerFrame=false}, InsetsSource: {mType=ITYPE_BOTTOM_MANDATORY_GESTURES, mFrame=[0,1540][720,1600], mVisible=true, mInsetsRoundedCornerFrame=false}, InsetsSource: {mType=ITYPE_LEFT_DISPLAY_CUTOUT, mFrame=[0,0][-100000,1600], mVisible=true, mInsetsRoundedCornerFrame=false}, InsetsSource: {mType=ITYPE_TOP_DISPLAY_CUTOUT, mFrame=[0,0][720,45], mVisible=true, mInsetsRoundedCornerFrame=false}, InsetsSource: {mType=ITYPE_RIGHT_DISPLAY_CUTOUT, mFrame=[100000,0][720,1600], mVisible=true, mInsetsRoundedCornerFrame=false}, InsetsSource: {mType=ITYPE_BOTTOM_DISPLAY_CUTOUT, mFrame=[0,100000][720,1600], mVisible=true, mInsetsRoundedCornerFrame=false}, InsetsSource: {mType=ITYPE_TOP_TAPPABLE_ELEMENT, mFrame=[0,0][720,49], mVisible=true, mInsetsRoundedCornerFrame=false}, InsetsSource: {mType=ITYPE_BOTTOM_TAPPABLE_ELEMENT, mFrame=[0,0][0,0], mVisible=true, mInsetsRoundedCornerFrame=false}, InsetsSource: {mType=ITYPE_IME, mFrame=[0,0] [0,0], mVisibleFrame=[0,928][720,1600], mVisible=false, mInsetsRoundedCornerFrame=false} } host=com.accarunit.beauty.camera.videocall/com.lightcone.beautycam.activity.BeautyL ooksActivity from=android.view.ViewRootImpl$ViewRootHandler.handleMessageImpl:6740
02-20 19:13:17.937 6467 6864 I ViewRootImpl@89cf70a[BeautyLooksActivity]: Resizing android.view.ViewRootImpl@e2d5d62: frame = [0,0][720,1600] reportDraw = false forceLayout = false syncSeqId = 0
02-20 19:13:17.939 6467 6467 D InsetsController: onStateChanged: InsetsState: {mDisplayFrame=Rect(0, 0 - 720, 1600), mDisplayCutout=DisplayCutout{insets=Rect(0, 45 - 0, 0) waterfall=Insets{left=0, top=0, right=0, bottom=0} boundingRect={Bounds=[Rect(0, 0 - 0, 0), Rect(272, 0 - 448, 45), Rect(0, 0 - 0, 0), Rect(0, 0 - 0, 0)]} cutoutPathParserInfo={CutoutPathParserInfo{displayWidth=720 displayHeight=1600 physicalDisplayWidth=720 physicalDisplayHeight=1600 density={1.875} cutoutSpec={M 0,0 H -46.93333333333333 V 24 H 46.93333333333333 V 0 H 0 Z @dp} rotation={0} scale={1.0} physicalPixelDisplaySizeRatio={1.0}}}}, mRoundedCorners=RoundedCorners{[RoundedCorner{position=TopLeft, radius=60, center=Point(60, 60)}, RoundedCorner{position=TopRight, radius=60, center=Point(660, 60)}, RoundedCorner{position=BottomRight, radius=60, center=Point(660, 1540)}, RoundedCorner{position=BottomLeft, radius=60, center=Point(60, 1540)}]} mRoundedCornerFrame=Rect(0, 0 - 720, 1600), mPrivacyIndicatorBounds=PrivacyIndicatorBounds {static bounds=Rect(637, 0 - 720, 49) rotation=0}, mSources= { InsetsSource: {mType=ITYPE_STATUS_BAR, mFrame=[0,0] [720,49], mVisible=false, mInsetsRoundedCornerFrame=false}, InsetsSource: {mType=ITYPE_NAVIGATION_BAR, mFrame=[0,1572][720,1600], mVisible=true, mInsetsRoundedCornerFrame=false}, InsetsSource: {mType=ITYPE_LEFT_GESTURES, mFrame=[0,0][56,1600], mVisible=true, mInsetsRoundedCornerFrame=false}, InsetsSource: {mType=ITYPE_RIGHT_GESTURES, mFrame=[664,0][720,1600], mVisible=true, mInsetsRoundedCornerFrame=false}, InsetsSource: {mType=ITYPE_TOP_MANDATORY_GESTURES, mFrame=[0,0][720,68], mVisible=true, mInsetsRoundedCornerFrame=false}, InsetsSource: {mType=ITYPE_BOTTOM_MANDATORY_GESTURES, mFrame=[0,1540][720,1600], mVisible=true, mInsetsRoundedCornerFrame=false}, InsetsSource: {mType=ITYPE_LEFT_DISPLAY_CUTOUT, mFrame=[0,0][-100000,1600], mVisible=true, mInsetsRoundedCornerFrame=false}, InsetsSource: {mType=ITYPE_TOP_DISPLAY_CUTOUT, mFrame=[0,0][720,45], mVisible=true, mInsetsRoundedCornerFrame=false}, InsetsSource: {mType=ITYPE_RIGHT_DISPLAY_CUTOUT, mFrame=[100000,0][720,1600], mVisible=true, mInsetsRoundedCornerFrame=false}, InsetsSource: {mType=ITYPE_BOTTOM_DISPLAY_CUTOUT, mFrame=[0,100000][720,1600], mVisible=true, mInsetsRoundedCornerFrame=false}, InsetsSource: {mType=ITYPE_TOP_TAPPABLE_ELEMENT, mFrame=[0,0][720,49], mVisible=true, mInsetsRoundedCornerFrame=false}, InsetsSource: {mType=ITYPE_BOTTOM_TAPPABLE_ELEMENT, mFrame=[0,0][0,0], mVisible=true, mInsetsRoundedCornerFrame=false}, InsetsSource: {mType=ITYPE_IME, mFrame=[0,0] [0,0], mVisibleFrame=[0,928][720,1600], mVisible=false, mInsetsRoundedCornerFrame=false} } host=com.accarunit.beauty.camera.videocall/com.lightcone.beautycam.activity.BeautyL ooksActivity from=android.view.ViewRootImpl$ViewRootHandler.handleMessageImpl:6727
02-20 19:13:17.940 6467 6467 I ViewRootImpl@89cf70a[BeautyLooksActivity]: handleResized, msg = 4 frames=ClientWindowFrames{frame=[0,0][720,1600] display=[0,0][720,1600] parentFrame=[0,0][0,0] parentClippedByDisplayCutout=false} forceNextWindowRelayout=false displayId=0 resizeMode=-1 frameChanged=false displayFrameChanged=false configChanged=false displayChanged=false
02-20 19:13:18.012 6467 6845 E IMGMapper: set:488 set: Unset optional value from type SMPTE2086
02-20 19:13:18.013 6467 6845 E IMGMapper: set:488 set: Unset optional value from type CTA861_3
02-20 19:13:18.126 6467 6845 E IMGMapper: set:488 set: Unset optional value from type SMPTE2086
02-20 19:13:18.126 6467 6845 E IMGMapper: set:488 set: Unset optional value from type CTA861_3
02-20 19:13:18.229 6467 6845 E IMGMapper: set:488 set: Unset optional value from type SMPTE2086
02-20 19:13:18.229 6467 6845 E IMGMapper: set:488 set: Unset optional value from type CTA861_3
02-20 19:13:18.327 6467 6845 E IMGMapper: set:488 set: Unset optional value from type SMPTE2086
02-20 19:13:18.327 6467 6845 E IMGMapper: set:488 set: Unset optional value from type CTA861_3
02-20 19:13:18.405 6467 6845 E IMGMapper: set:488 set: Unset optional value from type SMPTE2086
02-20 19:13:18.405 6467 6845 E IMGMapper: set:488 set: Unset optional value from type CTA861_3
02-20 19:13:18.480 6467 6845 E IMGMapper: set:488 set: Unset optional value from type SMPTE2086
02-20 19:13:18.480 6467 6845 E IMGMapper: set:488 set: Unset optional value from type CTA861_3
02-20 19:13:18.558 6467 6845 E IMGMapper: set:488 set: Unset optional value from type SMPTE2086
02-20 19:13:18.558 6467 6845 E IMGMapper: set:488 set: Unset optional value from type CTA861_3
02-20 19:13:18.641 6467 6845 E IMGMapper: set:488 set: Unset optional value from type SMPTE2086
02-20 19:13:18.642 6467 6845 E IMGMapper: set:488 set: Unset optional value from type CTA861_3
02-20 19:13:18.725 6467 6845 E IMGMapper: set:488 set: Unset optional value from type SMPTE2086
02-20 19:13:18.726 6467 6845 E IMGMapper: set:488 set: Unset optional value from type CTA861_3
02-20 19:13:18.808 6467 6845 E IMGMapper: set:488 set: Unset optional value from type SMPTE2086
02-20 19:13:18.808 6467 6845 E IMGMapper: set:488 set: Unset optional value from type CTA861_3
02-20 19:13:18.887 6467 6845 E IMGMapper: set:488 set: Unset optional value from type SMPTE2086
02-20 19:13:18.887 6467 6845 E IMGMapper: set:488 set: Unset optional value from type CTA861_3
02-20 19:13:18.969 6467 6845 E IMGMapper: set:488 set: Unset optional value from type SMPTE2086
02-20 19:13:18.970 6467 6845 E IMGMapper: set:488 set: Unset optional value from type CTA861_3
02-20 19:13:18.992 6467 6467 I ViewRootImpl@89cf70a[BeautyLooksActivity]: ViewPostIme pointer 0
02-20 19:13:19.020 6467 6845 E IMGMapper: set:488 set: Unset optional value from type SMPTE2086
02-20 19:13:19.020 6467 6845 E IMGMapper: set:488 set: Unset optional value from type CTA861_3
02-20 19:13:19.097 6467 6845 E IMGMapper: set:488 set: Unset optional value from type SMPTE2086
02-20 19:13:19.097 6467 6845 E IMGMapper: set:488 set: Unset optional value from type CTA861_3
02-20 19:13:19.116 6467 6467 I ViewRootImpl@89cf70a[BeautyLooksActivity]: ViewPostIme pointer 1
02-20 19:13:19.178 6467 6845 E IMGMapper: set:488 set: Unset optional value from type SMPTE2086
02-20 19:13:19.178 6467 6845 E IMGMapper: set:488 set: Unset optional value from type CTA861_3
02-20 19:13:19.256 6467 6845 E IMGMapper: set:488 set: Unset optional value from type SMPTE2086
02-20 19:13:19.256 6467 6845 E IMGMapper: set:488 set: Unset optional value from type CTA861_3
02-20 19:13:19.349 6467 6845 E IMGMapper: set:488 set: Unset optional value from type SMPTE2086
02-20 19:13:19.349 6467 6845 E IMGMapper: set:488 set: Unset optional value from type CTA861_3
02-20 19:13:19.418 6467 6845 E IMGMapper: set:488 set: Unset optional value from type SMPTE2086
02-20 19:13:19.418 6467 6845 E IMGMapper: set:488 set: Unset optional value from type CTA861_3
02-20 19:13:19.497 6467 6845 E IMGMapper: set:488 set: Unset optional value from type SMPTE2086
02-20 19:13:19.497 6467 6845 E IMGMapper: set:488 set: Unset optional value from type CTA861_3
02-20 19:13:19.578 6467 6845 E IMGMapper: set:488 set: Unset optional value from type SMPTE2086
02-20 19:13:19.578 6467 6845 E IMGMapper: set:488 set: Unset optional value from type CTA861_3
02-20 19:13:19.662 6467 6845 E IMGMapper: set:488 set: Unset optional value from type SMPTE2086
02-20 19:13:19.662 6467 6845 E IMGMapper: set:488 set: Unset optional value from type CTA861_3
02-20 19:13:19.748 6467 6845 E IMGMapper: set:488 set: Unset optional value from type SMPTE2086
02-20 19:13:19.749 6467 6845 E IMGMapper: set:488 set: Unset optional value from type CTA861_3
02-20 19:13:19.827 6467 6845 E IMGMapper: set:488 set: Unset optional value from type SMPTE2086
02-20 19:13:19.828 6467 6845 E IMGMapper: set:488 set: Unset optional value from type CTA861_3
02-20 19:13:19.880 6467 6467 I ViewRootImpl@89cf70a[BeautyLooksActivity]: ViewPostIme pointer 0
02-20 19:13:19.902 6467 6845 E IMGMapper: set:488 set: Unset optional value from type SMPTE2086
02-20 19:13:19.902 6467 6845 E IMGMapper: set:488 set: Unset optional value from type CTA861_3
02-20 19:13:19.976 6467 6845 E IMGMapper: set:488 set: Unset optional value from type SMPTE2086
02-20 19:13:19.977 6467 6845 E IMGMapper: set:488 set: Unset optional value from type CTA861_3
02-20 19:13:20.022 6467 6467 I ViewRootImpl@89cf70a[BeautyLooksActivity]: ViewPostIme pointer 1
02-20 19:13:20.050 6467 6845 E IMGMapper: set:488 set: Unset optional value from type SMPTE2086
02-20 19:13:20.050 6467 6845 E IMGMapper: set:488 set: Unset optional value from type CTA861_3
02-20 19:13:20.129 6467 6467 I [LiveEventBus]: broadcast: com.lightcone.beautycam.viewmodel.event.DetectFaceEvent@765c6ce foreground: false with key: class com.lightcone.beautycam.viewmodel.event.DetectFaceEvent
02-20 19:13:20.132 6467 6467 I [LiveEventBus]: post: com.lightcone.beautycam.viewmodel.event.DetectFaceEvent@28eff85 with key: class com.lightcone.beautycam.viewmodel.event.DetectFaceEvent
02-20 19:13:20.132 6467 6467 I [LiveEventBus]: message received: com.lightcone.beautycam.viewmodel.event.DetectFaceEvent@28eff85
02-20 19:13:20.151 6467 6533 E IMGMapper: set:488 set: Unset optional value from type SMPTE2086
02-20 19:13:20.151 6467 6533 E IMGMapper: set:488 set: Unset optional value from type CTA861_3
02-20 19:13:20.205 6467 6845 D skia : SkJpegCodec::onGetPixels +
02-20 19:13:20.214 6467 6845 D skia : SkJpegCodec::onGetPixels -
02-20 19:13:20.557 6467 6845 E TAG : drawFace: rect ratio w: 0.99696046 ratio h: 0.60138893
02-20 19:13:20.557 6467 6845 E TAG : drawFace: texture ratio w: 0.99696046 ratio h: 0.6013889
02-20 19:13:20.633 6467 6845 D TAG : refreshParams: facetop: [0.0, 0.0]
02-20 19:13:20.633 6467 6845 D TAG : refreshParams: eyes_smiley: [0.0, 0.0]
02-20 19:13:20.633 6467 6845 D TAG : refreshParams: nose_bridge: [0.5, 0.5]
02-20 19:13:20.633 6467 6845 D TAG : refreshParams: nose_position: [0.5, 0.5]
02-20 19:13:20.661 6467 6845 E IMGMapper: set:488 set: Unset optional value from type SMPTE2086
02-20 19:13:20.661 6467 6845 E IMGMapper: set:488 set: Unset optional value from type CTA861_3
02-20 19:13:20.682 6467 6845 E TAG : drawFace: rect ratio w: 0.99696046 ratio h: 0.59444445
02-20 19:13:20.682 6467 6845 E TAG : drawFace: texture ratio w: 0.99696046 ratio h: 0.59444445
02-20 19:13:20.705 6467 6845 D TAG : refreshParams: facetop: [0.0, 0.0]
02-20 19:13:20.705 6467 6845 D TAG : refreshParams: eyes_smiley: [0.0, 0.0]
02-20 19:13:20.705 6467 6845 D TAG : refreshParams: nose_bridge: [0.5, 0.5]
02-20 19:13:20.705 6467 6845 D TAG : refreshParams: nose_position: [0.5, 0.5]
02-20 19:13:20.719 6467 6845 E IMGMapper: set:488 set: Unset optional value from type SMPTE2086
02-20 19:13:20.719 6467 6845 E IMGMapper: set:488 set: Unset optional value from type CTA861_3
02-20 19:13:20.744 6467 6845 E TAG : drawFace: rect ratio w: 0.99696046 ratio h: 0.5944444
02-20 19:13:20.745 6467 6845 E TAG : drawFace: texture ratio w: 0.99696046 ratio h: 0.59305555
02-20 19:13:20.768 6467 6845 D TAG : refreshParams: facetop: [0.0, 0.0]
02-20 19:13:20.769 6467 6845 D TAG : refreshParams: eyes_smiley: [0.0, 0.0]
02-20 19:13:20.769 6467 6845 D TAG : refreshParams: nose_bridge: [0.5, 0.5]
02-20 19:13:20.769 6467 6845 D TAG : refreshParams: nose_position: [0.5, 0.5]
02-20 19:13:20.784 6467 6845 E IMGMapper: set:488 set: Unset optional value from type SMPTE2086
02-20 19:13:20.784 6467 6845 E IMGMapper: set:488 set: Unset optional value from type CTA861_3
02-20 19:13:20.808 6467 6845 E TAG : drawFace: rect ratio w: 0.99696046 ratio h: 0.5944444
02-20 19:13:20.808 6467 6845 E TAG : drawFace: texture ratio w: 0.99696046 ratio h: 0.59305555
02-20 19:13:20.827 6467 6845 D TAG : refreshParams: facetop: [0.0, 0.0]
02-20 19:13:20.827 6467 6845 D TAG : refreshParams: eyes_smiley: [0.0, 0.0]
02-20 19:13:20.827 6467 6845 D TAG : refreshParams: nose_bridge: [0.5, 0.5]
02-20 19:13:20.827 6467 6845 D TAG : refreshParams: nose_position: [0.5, 0.5]
02-20 19:13:20.840 6467 6845 E IMGMapper: set:488 set: Unset optional value from type SMPTE2086
02-20 19:13:20.840 6467 6845 E IMGMapper: set:488 set: Unset optional value from type CTA861_3
02-20 19:13:20.868 6467 6845 E TAG : drawFace: rect ratio w: 0.99696046 ratio h: 0.6
02-20 19:13:20.868 6467 6845 E TAG : drawFace: texture ratio w: 0.99696046 ratio h: 0.6
02-20 19:13:20.889 6467 6845 D TAG : refreshParams: facetop: [0.0, 0.0]
02-20 19:13:20.889 6467 6845 D TAG : refreshParams: eyes_smiley: [0.0, 0.0]
02-20 19:13:20.889 6467 6845 D TAG : refreshParams: nose_bridge: [0.5, 0.5]
02-20 19:13:20.890 6467 6845 D TAG : refreshParams: nose_position: [0.5, 0.5]
02-20 19:13:20.903 6467 6845 E IMGMapper: set:488 set: Unset optional value from type SMPTE2086
02-20 19:13:20.903 6467 6845 E IMGMapper: set:488 set: Unset optional value from type CTA861_3
02-20 19:13:20.930 6467 6845 E TAG : drawFace: rect ratio w: 0.99696046 ratio h: 0.60138893
02-20 19:13:20.930 6467 6845 E TAG : drawFace: texture ratio w: 0.99696046 ratio h: 0.6013889
02-20 19:13:20.956 6467 6845 D TAG : refreshParams: facetop: [0.0, 0.0]
02-20 19:13:20.956 6467 6845 D TAG : refreshParams: eyes_smiley: [0.0, 0.0]
02-20 19:13:20.956 6467 6845 D TAG : refreshParams: nose_bridge: [0.5, 0.5]
02-20 19:13:20.956 6467 6845 D TAG : refreshParams: nose_position: [0.5, 0.5]
02-20 19:13:20.969 6467 6845 E IMGMapper: set:488 set: Unset optional value from type SMPTE2086
02-20 19:13:20.970 6467 6845 E IMGMapper: set:488 set: Unset optional value from type CTA861_3
02-20 19:13:20.995 6467 6845 E TAG : drawFace: rect ratio w: 0.99696046 ratio h: 0.59444445
02-20 19:13:20.995 6467 6845 E TAG : drawFace: texture ratio w: 0.99696046 ratio h: 0.59444445
02-20 19:13:21.028 6467 6845 D TAG : refreshParams: facetop: [0.0, 0.0]
02-20 19:13:21.028 6467 6845 D TAG : refreshParams: eyes_smiley: [0.0, 0.0]
02-20 19:13:21.028 6467 6845 D TAG : refreshParams: nose_bridge: [0.5, 0.5]
02-20 19:13:21.028 6467 6845 D TAG : refreshParams: nose_position: [0.5, 0.5]
02-20 19:13:21.041 6467 6845 E IMGMapper: set:488 set: Unset optional value from type SMPTE2086
02-20 19:13:21.041 6467 6845 E IMGMapper: set:488 set: Unset optional value from type CTA861_3
02-20 19:13:21.067 6467 6845 E TAG : drawFace: rect ratio w: 0.99696046 ratio h: 0.5888889
02-20 19:13:21.067 6467 6845 E TAG : drawFace: texture ratio w: 0.99696046 ratio h: 0.5888889
02-20 19:13:21.103 6467 6845 D TAG : refreshParams: facetop: [0.0, 0.0]
02-20 19:13:21.103 6467 6845 D TAG : refreshParams: eyes_smiley: [0.0, 0.0]
02-20 19:13:21.103 6467 6845 D TAG : refreshParams: nose_bridge: [0.5, 0.5]
02-20 19:13:21.103 6467 6845 D TAG : refreshParams: nose_position: [0.5, 0.5]
02-20 19:13:21.119 6467 6845 E IMGMapper: set:488 set: Unset optional value from type SMPTE2086
02-20 19:13:21.119 6467 6845 E IMGMapper: set:488 set: Unset optional value from type CTA861_3
02-20 19:13:21.142 6467 6845 E TAG : drawFace: rect ratio w: 0.99696046 ratio h: 0.59444445
02-20 19:13:21.143 6467 6845 E TAG : drawFace: texture ratio w: 0.99696046 ratio h: 0.59444445
02-20 19:13:21.169 6467 6845 D TAG : refreshParams: facetop: [0.0, 0.0]
02-20 19:13:21.169 6467 6845 D TAG : refreshParams: eyes_smiley: [0.0, 0.0]
02-20 19:13:21.169 6467 6845 D TAG : refreshParams: nose_bridge: [0.5, 0.5]
02-20 19:13:21.169 6467 6845 D TAG : refreshParams: nose_position: [0.5, 0.5]
02-20 19:13:21.185 6467 6845 E IMGMapper: set:488 set: Unset optional value from type SMPTE2086
02-20 19:13:21.186 6467 6845 E IMGMapper: set:488 set: Unset optional value from type CTA861_3
02-20 19:13:21.209 6467 6845 E TAG : drawFace: rect ratio w: 0.99696046 ratio h: 0.6013889
02-20 19:13:21.210 6467 6845 E TAG : drawFace: texture ratio w: 0.99696046 ratio h: 0.6013889
02-20 19:13:21.230 6467 6845 D TAG : refreshParams: facetop: [0.0, 0.0]
02-20 19:13:21.230 6467 6845 D TAG : refreshParams: eyes_smiley: [0.0, 0.0]
02-20 19:13:21.230 6467 6845 D TAG : refreshParams: nose_bridge: [0.5, 0.5]
02-20 19:13:21.230 6467 6845 D TAG : refreshParams: nose_position: [0.5, 0.5]
02-20 19:13:21.247 6467 6845 E IMGMapper: set:488 set: Unset optional value from type SMPTE2086
02-20 19:13:21.247 6467 6845 E IMGMapper: set:488 set: Unset optional value from type CTA861_3
02-20 19:13:21.270 6467 6845 E TAG : drawFace: rect ratio w: 0.99696046 ratio h: 0.60555553
02-20 19:13:21.270 6467 6845 E TAG : drawFace: texture ratio w: 0.99696046 ratio h: 0.60555553
02-20 19:13:21.294 6467 6845 D TAG : refreshParams: facetop: [0.0, 0.0]
02-20 19:13:21.295 6467 6845 D TAG : refreshParams: eyes_smiley: [0.0, 0.0]
02-20 19:13:21.295 6467 6845 D TAG : refreshParams: nose_bridge: [0.5, 0.5]
02-20 19:13:21.295 6467 6845 D TAG : refreshParams: nose_position: [0.5, 0.5]
02-20 19:13:21.310 6467 6845 E IMGMapper: set:488 set: Unset optional value from type SMPTE2086
02-20 19:13:21.310 6467 6845 E IMGMapper: set:488 set: Unset optional value from type CTA861_3
02-20 19:13:21.335 6467 6845 E TAG : drawFace: rect ratio w: 0.99696046 ratio h: 0.60694444
02-20 19:13:21.335 6467 6845 E TAG : drawFace: texture ratio w: 0.99696046 ratio h: 0.60694444
02-20 19:13:21.357 6467 6845 D TAG : refreshParams: facetop: [0.0, 0.0]
02-20 19:13:21.357 6467 6845 D TAG : refreshParams: eyes_smiley: [0.0, 0.0]
02-20 19:13:21.357 6467 6845 D TAG : refreshParams: nose_bridge: [0.5, 0.5]
02-20 19:13:21.357 6467 6845 D TAG : refreshParams: nose_position: [0.5, 0.5]
02-20 19:13:21.370 6467 6845 E IMGMapper: set:488 set: Unset optional value from type SMPTE2086
02-20 19:13:21.370 6467 6845 E IMGMapper: set:488 set: Unset optional value from type CTA861_3
02-20 19:13:21.407 6467 6845 E TAG : drawFace: rect ratio w: 0.99696046 ratio h: 0.60694444
02-20 19:13:21.407 6467 6845 E TAG : drawFace: texture ratio w: 0.99696046 ratio h: 0.60694444
02-20 19:13:21.436 6467 6845 D TAG : refreshParams: facetop: [0.0, 0.0]
02-20 19:13:21.436 6467 6845 D TAG : refreshParams: eyes_smiley: [0.0, 0.0]
02-20 19:13:21.436 6467 6845 D TAG : refreshParams: nose_bridge: [0.5, 0.5]
02-20 19:13:21.436 6467 6845 D TAG : refreshParams: nose_position: [0.5, 0.5]
02-20 19:13:21.454 6467 6845 E IMGMapper: set:488 set: Unset optional value from type SMPTE2086
02-20 19:13:21.454 6467 6845 E IMGMapper: set:488 set: Unset optional value from type CTA861_3
02-20 19:13:21.478 6467 6845 E TAG : drawFace: rect ratio w: 0.99696046 ratio h: 0.6111111
02-20 19:13:21.478 6467 6845 E TAG : drawFace: texture ratio w: 0.99696046 ratio h: 0.6111111
02-20 19:13:21.510 6467 6845 D TAG : refreshParams: facetop: [0.0, 0.0]
02-20 19:13:21.510 6467 6845 D TAG : refreshParams: eyes_smiley: [0.0, 0.0]
02-20 19:13:21.510 6467 6845 D TAG : refreshParams: nose_bridge: [0.5, 0.5]
02-20 19:13:21.510 6467 6845 D TAG : refreshParams: nose_position: [0.5, 0.5]
02-20 19:13:21.522 6467 6845 E IMGMapper: set:488 set: Unset optional value from type SMPTE2086
02-20 19:13:21.522 6467 6845 E IMGMapper: set:488 set: Unset optional value from type CTA861_3
02-20 19:13:21.548 6467 6845 E TAG : drawFace: rect ratio w: 0.99696046 ratio h: 0.6125
02-20 19:13:21.549 6467 6845 E TAG : drawFace: texture ratio w: 0.99696046 ratio h: 0.6125
02-20 19:13:21.580 6467 6845 D TAG : refreshParams: facetop: [0.0, 0.0]
02-20 19:13:21.580 6467 6845 D TAG : refreshParams: eyes_smiley: [0.0, 0.0]
02-20 19:13:21.580 6467 6845 D TAG : refreshParams: nose_bridge: [0.5, 0.5]
02-20 19:13:21.580 6467 6845 D TAG : refreshParams: nose_position: [0.5, 0.5]
02-20 19:13:21.596 6467 6845 E IMGMapper: set:488 set: Unset optional value from type SMPTE2086
02-20 19:13:21.596 6467 6845 E IMGMapper: set:488 set: Unset optional value from type CTA861_3
02-20 19:13:21.620 6467 6845 E TAG : drawFace: rect ratio w: 0.99696046 ratio h: 0.60555553
02-20 19:13:21.620 6467 6845 E TAG : drawFace: texture ratio w: 0.99696046 ratio h: 0.60555553
02-20 19:13:21.639 6467 6845 D TAG : refreshParams: facetop: [0.0, 0.0]
02-20 19:13:21.639 6467 6845 D TAG : refreshParams: eyes_smiley: [0.0, 0.0]
02-20 19:13:21.639 6467 6845 D TAG : refreshParams: nose_bridge: [0.5, 0.5]
02-20 19:13:21.639 6467 6845 D TAG : refreshParams: nose_position: [0.5, 0.5]
02-20 19:13:21.652 6467 6845 E IMGMapper: set:488 set: Unset optional value from type SMPTE2086
02-20 19:13:21.652 6467 6845 E IMGMapper: set:488 set: Unset optional value from type CTA861_3
02-20 19:13:21.688 6467 6845 E TAG : drawFace: rect ratio w: 0.99696046 ratio h: 0.60555553
02-20 19:13:21.688 6467 6845 E TAG : drawFace: texture ratio w: 0.99696046 ratio h: 0.60555553
02-20 19:13:21.704 6467 6845 D TAG : refreshParams: facetop: [0.0, 0.0]
02-20 19:13:21.704 6467 6845 D TAG : refreshParams: eyes_smiley: [0.0, 0.0]
02-20 19:13:21.704 6467 6845 D TAG : refreshParams: nose_bridge: [0.5, 0.5]
02-20 19:13:21.704 6467 6845 D TAG : refreshParams: nose_position: [0.5, 0.5]
02-20 19:13:21.717 6467 6845 E IMGMapper: set:488 set: Unset optional value from type SMPTE2086
02-20 19:13:21.717 6467 6845 E IMGMapper: set:488 set: Unset optional value from type CTA861_3
02-20 19:13:21.759 6467 6845 E TAG : drawFace: rect ratio w: 0.99696046 ratio h: 0.6
02-20 19:13:21.760 6467 6845 E TAG : drawFace: texture ratio w: 0.99696046 ratio h: 0.6
02-20 19:13:21.787 6467 6845 D TAG : refreshParams: facetop: [0.0, 0.0]
02-20 19:13:21.787 6467 6845 D TAG : refreshParams: eyes_smiley: [0.0, 0.0]
02-20 19:13:21.787 6467 6845 D TAG : refreshParams: nose_bridge: [0.5, 0.5]
02-20 19:13:21.787 6467 6845 D TAG : refreshParams: nose_position: [0.5, 0.5]
02-20 19:13:21.806 6467 6845 E IMGMapper: set:488 set: Unset optional value from type SMPTE2086
02-20 19:13:21.806 6467 6845 E IMGMapper: set:488 set: Unset optional value from type CTA861_3
02-20 19:13:21.830 6467 6845 E TAG : drawFace: rect ratio w: 0.99696046 ratio h: 0.6
02-20 19:13:21.830 6467 6845 E TAG : drawFace: texture ratio w: 0.99696046 ratio h: 0.6
02-20 19:13:21.853 6467 6845 D TAG : refreshParams: facetop: [0.0, 0.0]
02-20 19:13:21.853 6467 6845 D TAG : refreshParams: eyes_smiley: [0.0, 0.0]
02-20 19:13:21.853 6467 6845 D TAG : refreshParams: nose_bridge: [0.5, 0.5]
02-20 19:13:21.853 6467 6845 D TAG : refreshParams: nose_position: [0.5, 0.5]
02-20 19:13:21.869 6467 6845 E IMGMapper: set:488 set: Unset optional value from type SMPTE2086
02-20 19:13:21.869 6467 6845 E IMGMapper: set:488 set: Unset optional value from type CTA861_3
02-20 19:13:21.900 6467 6845 E TAG : drawFace: rect ratio w: 0.99696046 ratio h: 0.5958333
02-20 19:13:21.900 6467 6845 E TAG : drawFace: texture ratio w: 0.99696046 ratio h: 0.59444445
02-20 19:13:21.924 6467 6845 D TAG : refreshParams: facetop: [0.0, 0.0]
02-20 19:13:21.924 6467 6845 D TAG : refreshParams: eyes_smiley: [0.0, 0.0]
02-20 19:13:21.924 6467 6845 D TAG : refreshParams: nose_bridge: [0.5, 0.5]
02-20 19:13:21.924 6467 6845 D TAG : refreshParams: nose_position: [0.5, 0.5]
02-20 19:13:21.937 6467 6845 E IMGMapper: set:488 set: Unset optional value from type SMPTE2086
02-20 19:13:21.937 6467 6845 E IMGMapper: set:488 set: Unset optional value from type CTA861_3
02-20 19:13:21.974 6467 6845 E TAG : drawFace: rect ratio w: 0.99696046 ratio h: 0.5958333
02-20 19:13:21.974 6467 6845 E TAG : drawFace: texture ratio w: 0.99696046 ratio h: 0.59444445
02-20 19:13:21.995 6467 6845 D TAG : refreshParams: facetop: [0.0, 0.0]
02-20 19:13:21.995 6467 6845 D TAG : refreshParams: eyes_smiley: [0.0, 0.0]
02-20 19:13:21.995 6467 6845 D TAG : refreshParams: nose_bridge: [0.5, 0.5]
02-20 19:13:21.995 6467 6845 D TAG : refreshParams: nose_position: [0.5, 0.5]
02-20 19:13:22.008 6467 6845 E IMGMapper: set:488 set: Unset optional value from type SMPTE2086
02-20 19:13:22.008 6467 6845 E IMGMapper: set:488 set: Unset optional value from type CTA861_3
02-20 19:13:22.040 6467 6845 E TAG : drawFace: rect ratio w: 0.99696046 ratio h: 0.5958333
02-20 19:13:22.040 6467 6845 E TAG : drawFace: texture ratio w: 0.99696046 ratio h: 0.59444445
02-20 19:13:22.059 6467 6845 D TAG : refreshParams: facetop: [0.0, 0.0]
02-20 19:13:22.059 6467 6845 D TAG : refreshParams: eyes_smiley: [0.0, 0.0]
02-20 19:13:22.059 6467 6845 D TAG : refreshParams: nose_bridge: [0.5, 0.5]
02-20 19:13:22.059 6467 6845 D TAG : refreshParams: nose_position: [0.5, 0.5]
02-20 19:13:22.070 6467 6845 E IMGMapper: set:488 set: Unset optional value from type SMPTE2086
02-20 19:13:22.070 6467 6845 E IMGMapper: set:488 set: Unset optional value from type CTA861_3
02-20 19:13:22.110 6467 6845 E TAG : drawFace: rect ratio w: 0.99696046 ratio h: 0.5888889
02-20 19:13:22.111 6467 6845 E TAG : drawFace: texture ratio w: 0.99696046 ratio h: 0.5888889
02-20 19:13:22.137 6467 6845 D TAG : refreshParams: facetop: [0.0, 0.0]
02-20 19:13:22.137 6467 6845 D TAG : refreshParams: eyes_smiley: [0.0, 0.0]
02-20 19:13:22.137 6467 6845 D TAG : refreshParams: nose_bridge: [0.5, 0.5]
02-20 19:13:22.137 6467 6845 D TAG : refreshParams: nose_position: [0.5, 0.5]
02-20 19:13:22.153 6467 6845 E IMGMapper: set:488 set: Unset optional value from type SMPTE2086
02-20 19:13:22.153 6467 6845 E IMGMapper: set:488 set: Unset optional value from type CTA861_3
02-20 19:13:22.182 6467 6845 E TAG : drawFace: rect ratio w: 0.99696046 ratio h: 0.60694444
02-20 19:13:22.182 6467 6845 E TAG : drawFace: texture ratio w: 0.99696046 ratio h: 0.60694444
02-20 19:13:22.209 6467 6845 D TAG : refreshParams: facetop: [0.0, 0.0]
02-20 19:13:22.209 6467 6845 D TAG : refreshParams: eyes_smiley: [0.0, 0.0]
02-20 19:13:22.209 6467 6845 D TAG : refreshParams: nose_bridge: [0.5, 0.5]
02-20 19:13:22.209 6467 6845 D TAG : refreshParams: nose_position: [0.5, 0.5]
02-20 19:13:22.223 6467 6845 E IMGMapper: set:488 set: Unset optional value from type SMPTE2086
02-20 19:13:22.223 6467 6845 E IMGMapper: set:488 set: Unset optional value from type CTA861_3
02-20 19:13:22.249 6467 6845 E TAG : drawFace: rect ratio w: 0.99696046 ratio h: 0.5958333
02-20 19:13:22.249 6467 6845 E TAG : drawFace: texture ratio w: 0.99696046 ratio h: 0.59444445
02-20 19:13:22.266 6467 6845 D TAG : refreshParams: facetop: [0.0, 0.0]
02-20 19:13:22.266 6467 6845 D TAG : refreshParams: eyes_smiley: [0.0, 0.0]
02-20 19:13:22.266 6467 6845 D TAG : refreshParams: nose_bridge: [0.5, 0.5]
02-20 19:13:22.266 6467 6845 D TAG : refreshParams: nose_position: [0.5, 0.5]
02-20 19:13:22.279 6467 6845 E IMGMapper: set:488 set: Unset optional value from type SMPTE2086
02-20 19:13:22.279 6467 6845 E IMGMapper: set:488 set: Unset optional value from type CTA861_3
02-20 19:13:22.322 6467 6845 E TAG : drawFace: rect ratio w: 0.99696046 ratio h: 0.59444445
02-20 19:13:22.322 6467 6845 E TAG : drawFace: texture ratio w: 0.99696046 ratio h: 0.59444445
02-20 19:13:22.340 6467 6845 D TAG : refreshParams: facetop: [0.0, 0.0]
02-20 19:13:22.340 6467 6845 D TAG : refreshParams: eyes_smiley: [0.0, 0.0]
02-20 19:13:22.340 6467 6845 D TAG : refreshParams: nose_bridge: [0.5, 0.5]
02-20 19:13:22.340 6467 6845 D TAG : refreshParams: nose_position: [0.5, 0.5]
02-20 19:13:22.352 6467 6845 E IMGMapper: set:488 set: Unset optional value from type SMPTE2086
02-20 19:13:22.352 6467 6845 E IMGMapper: set:488 set: Unset optional value from type CTA861_3
02-20 19:13:22.392 6467 6845 E TAG : drawFace: rect ratio w: 0.99696046 ratio h: 0.59444445
02-20 19:13:22.392 6467 6845 E TAG : drawFace: texture ratio w: 0.99696046 ratio h: 0.59444445
02-20 19:13:22.406 6467 6845 D TAG : refreshParams: facetop: [0.0, 0.0]
02-20 19:13:22.406 6467 6845 D TAG : refreshParams: eyes_smiley: [0.0, 0.0]
02-20 19:13:22.406 6467 6845 D TAG : refreshParams: nose_bridge: [0.5, 0.5]
02-20 19:13:22.406 6467 6845 D TAG : refreshParams: nose_position: [0.5, 0.5]
02-20 19:13:22.419 6467 6845 E IMGMapper: set:488 set: Unset optional value from type SMPTE2086
02-20 19:13:22.419 6467 6845 E IMGMapper: set:488 set: Unset optional value from type CTA861_3
02-20 19:13:22.465 6467 6845 E TAG : drawFace: rect ratio w: 0.99696046 ratio h: 0.59444445
02-20 19:13:22.465 6467 6845 E TAG : drawFace: texture ratio w: 0.99696046 ratio h: 0.59444445
02-20 19:13:22.479 6467 6845 D TAG : refreshParams: facetop: [0.0, 0.0]
02-20 19:13:22.479 6467 6845 D TAG : refreshParams: eyes_smiley: [0.0, 0.0]
02-20 19:13:22.479 6467 6845 D TAG : refreshParams: nose_bridge: [0.5, 0.5]
02-20 19:13:22.479 6467 6845 D TAG : refreshParams: nose_position: [0.5, 0.5]
02-20 19:13:22.490 6467 6845 E IMGMapper: set:488 set: Unset optional value from type SMPTE2086
02-20 19:13:22.491 6467 6845 E IMGMapper: set:488 set: Unset optional value from type CTA861_3
02-20 19:13:22.531 6467 6845 E TAG : drawFace: rect ratio w: 0.99696046 ratio h: 0.59444445
02-20 19:13:22.531 6467 6845 E TAG : drawFace: texture ratio w: 0.99696046 ratio h: 0.59444445
02-20 19:13:22.546 6467 6845 D TAG : refreshParams: facetop: [0.0, 0.0]
02-20 19:13:22.546 6467 6845 D TAG : refreshParams: eyes_smiley: [0.0, 0.0]
02-20 19:13:22.546 6467 6845 D TAG : refreshParams: nose_bridge: [0.5, 0.5]
02-20 19:13:22.546 6467 6845 D TAG : refreshParams: nose_position: [0.5, 0.5]
02-20 19:13:22.558 6467 6845 E IMGMapper: set:488 set: Unset optional value from type SMPTE2086
02-20 19:13:22.558 6467 6845 E IMGMapper: set:488 set: Unset optional value from type CTA861_3
02-20 19:13:22.602 6467 6845 E TAG : drawFace: rect ratio w: 0.99696046 ratio h: 0.59444445
02-20 19:13:22.603 6467 6845 E TAG : drawFace: texture ratio w: 0.99696046 ratio h: 0.59444445
02-20 19:13:22.616 6467 6845 D TAG : refreshParams: facetop: [0.0, 0.0]
02-20 19:13:22.616 6467 6845 D TAG : refreshParams: eyes_smiley: [0.0, 0.0]
02-20 19:13:22.616 6467 6845 D TAG : refreshParams: nose_bridge: [0.5, 0.5]
02-20 19:13:22.616 6467 6845 D TAG : refreshParams: nose_position: [0.5, 0.5]
02-20 19:13:22.628 6467 6845 E IMGMapper: set:488 set: Unset optional value from type SMPTE2086
02-20 19:13:22.628 6467 6845 E IMGMapper: set:488 set: Unset optional value from type CTA861_3
02-20 19:13:22.673 6467 6845 E TAG : drawFace: rect ratio w: 0.99696046 ratio h: 0.5902778
02-20 19:13:22.673 6467 6845 E TAG : drawFace: texture ratio w: 0.99696046 ratio h: 0.5902778
02-20 19:13:22.695 6467 6845 D TAG : refreshParams: facetop: [0.0, 0.0]
02-20 19:13:22.695 6467 6845 D TAG : refreshParams: eyes_smiley: [0.0, 0.0]
02-20 19:13:22.695 6467 6845 D TAG : refreshParams: nose_bridge: [0.5, 0.5]
02-20 19:13:22.695 6467 6845 D TAG : refreshParams: nose_position: [0.5, 0.5]
02-20 19:13:22.706 6467 6845 E IMGMapper: set:488 set: Unset optional value from type SMPTE2086
02-20 19:13:22.706 6467 6845 E IMGMapper: set:488 set: Unset optional value from type CTA861_3
02-20 19:13:22.745 6467 6845 E TAG : drawFace: rect ratio w: 0.99696046 ratio h: 0.5847222
02-20 19:13:22.745 6467 6845 E TAG : drawFace: texture ratio w: 0.99696046 ratio h: 0.5847222
02-20 19:13:22.769 6467 6845 D TAG : refreshParams: facetop: [0.0, 0.0]
02-20 19:13:22.769 6467 6845 D TAG : refreshParams: eyes_smiley: [0.0, 0.0]
02-20 19:13:22.769 6467 6845 D TAG : refreshParams: nose_bridge: [0.5, 0.5]
02-20 19:13:22.769 6467 6845 D TAG : refreshParams: nose_position: [0.5, 0.5]
02-20 19:13:22.781 6467 6845 E IMGMapper: set:488 set: Unset optional value from type SMPTE2086
02-20 19:13:22.781 6467 6845 E IMGMapper: set:488 set: Unset optional value from type CTA861_3
02-20 19:13:22.815 6467 6845 E TAG : drawFace: rect ratio w: 0.99696046 ratio h: 0.5888889
02-20 19:13:22.815 6467 6845 E TAG : drawFace: texture ratio w: 0.99696046 ratio h: 0.5888889
02-20 19:13:22.837 6467 6845 D TAG : refreshParams: facetop: [0.0, 0.0]
02-20 19:13:22.837 6467 6845 D TAG : refreshParams: eyes_smiley: [0.0, 0.0]
02-20 19:13:22.837 6467 6845 D TAG : refreshParams: nose_bridge: [0.5, 0.5]
02-20 19:13:22.837 6467 6845 D TAG : refreshParams: nose_position: [0.5, 0.5]
02-20 19:13:22.849 6467 6845 E IMGMapper: set:488 set: Unset optional value from type SMPTE2086
02-20 19:13:22.849 6467 6845 E IMGMapper: set:488 set: Unset optional value from type CTA861_3
02-20 19:13:22.884 6467 6845 E TAG : drawFace: rect ratio w: 0.99696046 ratio h: 0.5847222
02-20 19:13:22.884 6467 6845 E TAG : drawFace: texture ratio w: 0.99696046 ratio h: 0.5847222
02-20 19:13:22.898 6467 6845 D TAG : refreshParams: facetop: [0.0, 0.0]
02-20 19:13:22.898 6467 6845 D TAG : refreshParams: eyes_smiley: [0.0, 0.0]
02-20 19:13:22.898 6467 6845 D TAG : refreshParams: nose_bridge: [0.5, 0.5]
02-20 19:13:22.898 6467 6845 D TAG : refreshParams: nose_position: [0.5, 0.5]
02-20 19:13:22.912 6467 6845 E IMGMapper: set:488 set: Unset optional value from type SMPTE2086
02-20 19:13:22.912 6467 6845 E IMGMapper: set:488 set: Unset optional value from type CTA861_3
02-20 19:13:22.961 6467 6845 E TAG : drawFace: rect ratio w: 0.99696046 ratio h: 0.5847222
02-20 19:13:22.962 6467 6845 E TAG : drawFace: texture ratio w: 0.99696046 ratio h: 0.5847222
02-20 19:13:22.976 6467 6845 D TAG : refreshParams: facetop: [0.0, 0.0]
02-20 19:13:22.976 6467 6845 D TAG : refreshParams: eyes_smiley: [0.0, 0.0]
02-20 19:13:22.976 6467 6845 D TAG : refreshParams: nose_bridge: [0.5, 0.5]
02-20 19:13:22.976 6467 6845 D TAG : refreshParams: nose_position: [0.5, 0.5]
02-20 19:13:22.990 6467 6845 E IMGMapper: set:488 set: Unset optional value from type SMPTE2086
02-20 19:13:22.990 6467 6845 E IMGMapper: set:488 set: Unset optional value from type CTA861_3
02-20 19:13:23.036 6467 6845 E TAG : drawFace: rect ratio w: 0.99696046 ratio h: 0.5847222
02-20 19:13:23.036 6467 6845 E TAG : drawFace: texture ratio w: 0.99696046 ratio h: 0.5847222
02-20 19:13:23.052 6467 6845 D TAG : refreshParams: facetop: [0.0, 0.0]
02-20 19:13:23.052 6467 6845 D TAG : refreshParams: eyes_smiley: [0.0, 0.0]
02-20 19:13:23.053 6467 6845 D TAG : refreshParams: nose_bridge: [0.5, 0.5]
02-20 19:13:23.053 6467 6845 D TAG : refreshParams: nose_position: [0.5, 0.5]
02-20 19:13:23.065 6467 6845 E IMGMapper: set:488 set: Unset optional value from type SMPTE2086
02-20 19:13:23.065 6467 6845 E IMGMapper: set:488 set: Unset optional value from type CTA861_3
02-20 19:13:23.112 6467 6845 E TAG : drawFace: rect ratio w: 0.99696046 ratio h: 0.5847222
02-20 19:13:23.113 6467 6845 E TAG : drawFace: texture ratio w: 0.99696046 ratio h: 0.5847222
