02-20 19:13:04.431 6467 6659 D BufferQueueProducer: [SurfaceView[com.accarunit.beauty.camera.videocall/com.lightcone.beautycam.activity .MainActivity]@0#3(BLAST Consumer)3](id:194300000003,api:3,p:938,c:6467) waitForFreeSlotThenRelock TIMED_OUT 0 dequeuedCount=20, acquiredCount=2, mMaxAcquiredBufferCount=1, mMaxDequeuedBufferCount=21
02-20 19:13:04.442 6467 6659 D BufferQueueProducer: [SurfaceView[com.accarunit.beauty.camera.videocall/com.lightcone.beautycam.activity .MainActivity]@0#3(BLAST Consumer)3](id:194300000003,api:3,p:938,c:6467) waitForFreeSlotThenRelock TIMED_OUT 0 dequeuedCount=20, acquiredCount=2, mMaxAcquiredBufferCount=1, mMaxDequeuedBufferCount=21
02-20 19:13:04.453 6467 6659 D BufferQueueProducer: [SurfaceView[com.accarunit.beauty.camera.videocall/com.lightcone.beautycam.activity .MainActivity]@0#3(BLAST Consumer)3](id:194300000003,api:3,p:938,c:6467) waitForFreeSlotThenRelock TIMED_OUT 0 dequeuedCount=19, acquiredCount=3, mMaxAcquiredBufferCount=1, mMaxDequeuedBufferCount=21
02-20 19:13:04.466 6467 6659 D BufferQueueProducer: [SurfaceView[com.accarunit.beauty.camera.videocall/com.lightcone.beautycam.activity .MainActivity]@0#3(BLAST Consumer)3](id:194300000003,api:3,p:938,c:6467) waitForFreeSlotThenRelock TIMED_OUT 0 dequeuedCount=20, acquiredCount=2, mMaxAcquiredBufferCount=1, mMaxDequeuedBufferCount=21
02-20 19:13:04.481 6467 6659 D BufferQueueProducer: [SurfaceView[com.accarunit.beauty.camera.videocall/com.lightcone.beautycam.activity .MainActivity]@0#3(BLAST Consumer)3](id:194300000003,api:3,p:938,c:6467) waitForFreeSlotThenRelock TIMED_OUT 0 dequeuedCount=20, acquiredCount=2, mMaxAcquiredBufferCount=1, mMaxDequeuedBufferCount=21
02-20 19:13:04.494 6467 6482 D BufferQueueProducer: [SurfaceView[com.accarunit.beauty.camera.videocall/com.lightcone.beautycam.activity .MainActivity]@0#3(BLAST Consumer)3](id:194300000003,api:3,p:938,c:6467) waitForFreeSlotThenRelock TIMED_OUT 0 dequeuedCount=19, acquiredCount=3, mMaxAcquiredBufferCount=1, mMaxDequeuedBufferCount=21
02-20 19:13:04.505 6467 6482 D BufferQueueProducer: [SurfaceView[com.accarunit.beauty.camera.videocall/com.lightcone.beautycam.activity .MainActivity]@0#3(BLAST Consumer)3](id:194300000003,api:3,p:938,c:6467) waitForFreeSlotThenRelock TIMED_OUT 0 dequeuedCount=20, acquiredCount=2, mMaxAcquiredBufferCount=1, mMaxDequeuedBufferCount=21
02-20 19:13:04.516 6467 6659 D BufferQueueProducer: [SurfaceView[com.accarunit.beauty.camera.videocall/com.lightcone.beautycam.activity .MainActivity]@0#3(BLAST Consumer)3](id:194300000003,api:3,p:938,c:6467) waitForFreeSlotThenRelock TIMED_OUT 0 dequeuedCount=20, acquiredCount=2, mMaxAcquiredBufferCount=1, mMaxDequeuedBufferCount=21
02-20 19:13:04.529 6467 6659 D BufferQueueProducer: [SurfaceView[com.accarunit.beauty.camera.videocall/com.lightcone.beautycam.activity .MainActivity]@0#3(BLAST Consumer)3](id:194300000003,api:3,p:938,c:6467) waitForFreeSlotThenRelock TIMED_OUT 0 dequeuedCount=20, acquiredCount=2, mMaxAcquiredBufferCount=1, mMaxDequeuedBufferCount=21
02-20 19:13:04.540 6467 6659 D BufferQueueProducer: [SurfaceView[com.accarunit.beauty.camera.videocall/com.lightcone.beautycam.activity .MainActivity]@0#3(BLAST Consumer)3](id:194300000003,api:3,p:938,c:6467) waitForFreeSlotThenRelock TIMED_OUT 0 dequeuedCount=20, acquiredCount=2, mMaxAcquiredBufferCount=1, mMaxDequeuedBufferCount=21
02-20 19:13:04.551 6467 6659 D BufferQueueProducer: [SurfaceView[com.accarunit.beauty.camera.videocall/com.lightcone.beautycam.activity .MainActivity]@0#3(BLAST Consumer)3](id:194300000003,api:3,p:938,c:6467) waitForFreeSlotThenRelock TIMED_OUT 0 dequeuedCount=19, acquiredCount=3, mMaxAcquiredBufferCount=1, mMaxDequeuedBufferCount=21
02-20 19:13:04.562 6467 6659 D BufferQueueProducer: [SurfaceView[com.accarunit.beauty.camera.videocall/com.lightcone.beautycam.activity .MainActivity]@0#3(BLAST Consumer)3](id:194300000003,api:3,p:938,c:6467) waitForFreeSlotThenRelock TIMED_OUT 0 dequeuedCount=19, acquiredCount=3, mMaxAcquiredBufferCount=1, mMaxDequeuedBufferCount=21
02-20 19:13:04.573 6467 6641 D BufferQueueProducer: [SurfaceView[com.accarunit.beauty.camera.videocall/com.lightcone.beautycam.activity .MainActivity]@0#3(BLAST Consumer)3](id:194300000003,api:3,p:938,c:6467) waitForFreeSlotThenRelock TIMED_OUT 0 dequeuedCount=20, acquiredCount=2, mMaxAcquiredBufferCount=1, mMaxDequeuedBufferCount=21
02-20 19:13:04.585 6467 6659 D BufferQueueProducer: [SurfaceView[com.accarunit.beauty.camera.videocall/com.lightcone.beautycam.activity .MainActivity]@0#3(BLAST Consumer)3](id:194300000003,api:3,p:938,c:6467) waitForFreeSlotThenRelock TIMED_OUT 0 dequeuedCount=19, acquiredCount=3, mMaxAcquiredBufferCount=1, mMaxDequeuedBufferCount=21
02-20 19:13:04.597 6467 6659 D BufferQueueProducer: [SurfaceView[com.accarunit.beauty.camera.videocall/com.lightcone.beautycam.activity .MainActivity]@0#3(BLAST Consumer)3](id:194300000003,api:3,p:938,c:6467) waitForFreeSlotThenRelock TIMED_OUT 0 dequeuedCount=19, acquiredCount=3, mMaxAcquiredBufferCount=1, mMaxDequeuedBufferCount=21
02-20 19:13:04.608 6467 6641 D BufferQueueProducer: [SurfaceView[com.accarunit.beauty.camera.videocall/com.lightcone.beautycam.activity .MainActivity]@0#3(BLAST Consumer)3](id:194300000003,api:3,p:938,c:6467) waitForFreeSlotThenRelock TIMED_OUT 0 dequeuedCount=20, acquiredCount=2, mMaxAcquiredBufferCount=1, mMaxDequeuedBufferCount=21
02-20 19:13:04.619 6467 6641 D BufferQueueProducer: [SurfaceView[com.accarunit.beauty.camera.videocall/com.lightcone.beautycam.activity .MainActivity]@0#3(BLAST Consumer)3](id:194300000003,api:3,p:938,c:6467) waitForFreeSlotThenRelock TIMED_OUT 0 dequeuedCount=19, acquiredCount=3, mMaxAcquiredBufferCount=1, mMaxDequeuedBufferCount=21
02-20 19:13:04.633 6467 6641 D BufferQueueProducer: [SurfaceView[com.accarunit.beauty.camera.videocall/com.lightcone.beautycam.activity .MainActivity]@0#3(BLAST Consumer)3](id:194300000003,api:3,p:938,c:6467) waitForFreeSlotThenRelock TIMED_OUT 0 dequeuedCount=20, acquiredCount=2, mMaxAcquiredBufferCount=1, mMaxDequeuedBufferCount=21
02-20 19:13:04.643 6467 6641 D BufferQueueProducer: [SurfaceView[com.accarunit.beauty.camera.videocall/com.lightcone.beautycam.activity .MainActivity]@0#3(BLAST Consumer)3](id:194300000003,api:3,p:938,c:6467) waitForFreeSlotThenRelock TIMED_OUT 0 dequeuedCount=20, acquiredCount=2, mMaxAcquiredBufferCount=1, mMaxDequeuedBufferCount=21
02-20 19:13:04.654 6467 6641 D BufferQueueProducer: [SurfaceView[com.accarunit.beauty.camera.videocall/com.lightcone.beautycam.activity .MainActivity]@0#3(BLAST Consumer)3](id:194300000003,api:3,p:938,c:6467) waitForFreeSlotThenRelock TIMED_OUT 0 dequeuedCount=19, acquiredCount=3, mMaxAcquiredBufferCount=1, mMaxDequeuedBufferCount=21
02-20 19:13:04.666 6467 6641 D BufferQueueProducer: [SurfaceView[com.accarunit.beauty.camera.videocall/com.lightcone.beautycam.activity .MainActivity]@0#3(BLAST Consumer)3](id:194300000003,api:3,p:938,c:6467) waitForFreeSlotThenRelock TIMED_OUT 0 dequeuedCount=20, acquiredCount=2, mMaxAcquiredBufferCount=1, mMaxDequeuedBufferCount=21
02-20 19:13:04.668 6467 6467 D InsetsController: cancelAnimation of types: 2, animType: 1, host: com.accarunit.beauty.camera.videocall/com.lightcone.beautycam.activity.MainActivity , from:android.view.InsetsController.notifyFinished:1375 android.view.InsetsAnimationThreadControlRunner$1.lambda$notifyFinished$0$android- view-InsetsAnimationThreadControlRunner$1:84 android.view.InsetsAnimationThreadControlRunner$1$$ExternalSyntheticLambda1.run:4
02-20 19:13:04.677 6467 6641 D BufferQueueProducer: [SurfaceView[com.accarunit.beauty.camera.videocall/com.lightcone.beautycam.activity .MainActivity]@0#3(BLAST Consumer)3](id:194300000003,api:3,p:938,c:6467) waitForFreeSlotThenRelock TIMED_OUT 0 dequeuedCount=20, acquiredCount=2, mMaxAcquiredBufferCount=1, mMaxDequeuedBufferCount=21
02-20 19:13:04.688 6467 6641 D BufferQueueProducer: [SurfaceView[com.accarunit.beauty.camera.videocall/com.lightcone.beautycam.activity .MainActivity]@0#3(BLAST Consumer)3](id:194300000003,api:3,p:938,c:6467) waitForFreeSlotThenRelock TIMED_OUT 0 dequeuedCount=19, acquiredCount=3, mMaxAcquiredBufferCount=1, mMaxDequeuedBufferCount=21
02-20 19:13:04.699 6467 6659 D BufferQueueProducer: [SurfaceView[com.accarunit.beauty.camera.videocall/com.lightcone.beautycam.activity .MainActivity]@0#3(BLAST Consumer)3](id:194300000003,api:3,p:938,c:6467) waitForFreeSlotThenRelock TIMED_OUT 0 dequeuedCount=20, acquiredCount=2, mMaxAcquiredBufferCount=1, mMaxDequeuedBufferCount=21
02-20 19:13:04.711 6467 6659 D BufferQueueProducer: [SurfaceView[com.accarunit.beauty.camera.videocall/com.lightcone.beautycam.activity .MainActivity]@0#3(BLAST Consumer)3](id:194300000003,api:3,p:938,c:6467) waitForFreeSlotThenRelock TIMED_OUT 0 dequeuedCount=20, acquiredCount=2, mMaxAcquiredBufferCount=1, mMaxDequeuedBufferCount=21
02-20 19:13:04.722 6467 6659 D BufferQueueProducer: [SurfaceView[com.accarunit.beauty.camera.videocall/com.lightcone.beautycam.activity .MainActivity]@0#3(BLAST Consumer)3](id:194300000003,api:3,p:938,c:6467) waitForFreeSlotThenRelock TIMED_OUT 0 dequeuedCount=19, acquiredCount=3, mMaxAcquiredBufferCount=1, mMaxDequeuedBufferCount=21
02-20 19:13:04.734 6467 6659 D BufferQueueProducer: [SurfaceView[com.accarunit.beauty.camera.videocall/com.lightcone.beautycam.activity .MainActivity]@0#3(BLAST Consumer)3](id:194300000003,api:3,p:938,c:6467) waitForFreeSlotThenRelock TIMED_OUT 0 dequeuedCount=20, acquiredCount=2, mMaxAcquiredBufferCount=1, mMaxDequeuedBufferCount=21
02-20 19:13:04.745 6467 6659 D BufferQueueProducer: [SurfaceView[com.accarunit.beauty.camera.videocall/com.lightcone.beautycam.activity .MainActivity]@0#3(BLAST Consumer)3](id:194300000003,api:3,p:938,c:6467) waitForFreeSlotThenRelock TIMED_OUT 0 dequeuedCount=20, acquiredCount=2, mMaxAcquiredBufferCount=1, mMaxDequeuedBufferCount=21
02-20 19:13:04.756 6467 6659 D BufferQueueProducer: [SurfaceView[com.accarunit.beauty.camera.videocall/com.lightcone.beautycam.activity .MainActivity]@0#3(BLAST Consumer)3](id:194300000003,api:3,p:938,c:6467) waitForFreeSlotThenRelock TIMED_OUT 0 dequeuedCount=19, acquiredCount=3, mMaxAcquiredBufferCount=1, mMaxDequeuedBufferCount=21
02-20 19:13:04.768 6467 6641 D BufferQueueProducer: [SurfaceView[com.accarunit.beauty.camera.videocall/com.lightcone.beautycam.activity .MainActivity]@0#3(BLAST Consumer)3](id:194300000003,api:3,p:938,c:6467) waitForFreeSlotThenRelock TIMED_OUT 0 dequeuedCount=20, acquiredCount=2, mMaxAcquiredBufferCount=1, mMaxDequeuedBufferCount=21
02-20 19:13:04.778 6467 6659 D BufferQueueProducer: [SurfaceView[com.accarunit.beauty.camera.videocall/com.lightcone.beautycam.activity .MainActivity]@0#3(BLAST Consumer)3](id:194300000003,api:3,p:938,c:6467) waitForFreeSlotThenRelock TIMED_OUT 0 dequeuedCount=20, acquiredCount=2, mMaxAcquiredBufferCount=1, mMaxDequeuedBufferCount=21
02-20 19:13:04.785 6467 6467 E MainActivity: onBannerTimerProcess: false
02-20 19:13:04.789 6467 6659 D BufferQueueProducer: [SurfaceView[com.accarunit.beauty.camera.videocall/com.lightcone.beautycam.activity .MainActivity]@0#3(BLAST Consumer)3](id:194300000003,api:3,p:938,c:6467) waitForFreeSlotThenRelock TIMED_OUT 0 dequeuedCount=19, acquiredCount=3, mMaxAcquiredBufferCount=1, mMaxDequeuedBufferCount=21
02-20 19:13:04.801 6467 6641 D BufferQueueProducer: [SurfaceView[com.accarunit.beauty.camera.videocall/com.lightcone.beautycam.activity .MainActivity]@0#3(BLAST Consumer)3](id:194300000003,api:3,p:938,c:6467) waitForFreeSlotThenRelock TIMED_OUT 0 dequeuedCount=20, acquiredCount=2, mMaxAcquiredBufferCount=1, mMaxDequeuedBufferCount=21
02-20 19:13:04.811 6467 6659 D BufferQueueProducer: [SurfaceView[com.accarunit.beauty.camera.videocall/com.lightcone.beautycam.activity .MainActivity]@0#3(BLAST Consumer)3](id:194300000003,api:3,p:938,c:6467) waitForFreeSlotThenRelock TIMED_OUT 0 dequeuedCount=20, acquiredCount=2, mMaxAcquiredBufferCount=1, mMaxDequeuedBufferCount=21
02-20 19:13:04.822 6467 6659 D BufferQueueProducer: [SurfaceView[com.accarunit.beauty.camera.videocall/com.lightcone.beautycam.activity .MainActivity]@0#3(BLAST Consumer)3](id:194300000003,api:3,p:938,c:6467) waitForFreeSlotThenRelock TIMED_OUT 0 dequeuedCount=19, acquiredCount=3, mMaxAcquiredBufferCount=1, mMaxDequeuedBufferCount=21
02-20 19:13:04.835 6467 6659 D BufferQueueProducer: [SurfaceView[com.accarunit.beauty.camera.videocall/com.lightcone.beautycam.activity .MainActivity]@0#3(BLAST Consumer)3](id:194300000003,api:3,p:938,c:6467) waitForFreeSlotThenRelock TIMED_OUT 0 dequeuedCount=20, acquiredCount=2, mMaxAcquiredBufferCount=1, mMaxDequeuedBufferCount=21
02-20 19:13:04.846 6467 6659 D BufferQueueProducer: [SurfaceView[com.accarunit.beauty.camera.videocall/com.lightcone.beautycam.activity .MainActivity]@0#3(BLAST Consumer)3](id:194300000003,api:3,p:938,c:6467) waitForFreeSlotThenRelock TIMED_OUT 0 dequeuedCount=20, acquiredCount=2, mMaxAcquiredBufferCount=1, mMaxDequeuedBufferCount=21
02-20 19:13:04.856 6467 6659 D BufferQueueProducer: [SurfaceView[com.accarunit.beauty.camera.videocall/com.lightcone.beautycam.activity .MainActivity]@0#3(BLAST Consumer)3](id:194300000003,api:3,p:938,c:6467) waitForFreeSlotThenRelock TIMED_OUT 0 dequeuedCount=19, acquiredCount=3, mMaxAcquiredBufferCount=1, mMaxDequeuedBufferCount=21
02-20 19:13:04.868 6467 6659 D BufferQueueProducer: [SurfaceView[com.accarunit.beauty.camera.videocall/com.lightcone.beautycam.activity .MainActivity]@0#3(BLAST Consumer)3](id:194300000003,api:3,p:938,c:6467) waitForFreeSlotThenRelock TIMED_OUT 0 dequeuedCount=20, acquiredCount=2, mMaxAcquiredBufferCount=1, mMaxDequeuedBufferCount=21
02-20 19:13:04.879 6467 6659 D BufferQueueProducer: [SurfaceView[com.accarunit.beauty.camera.videocall/com.lightcone.beautycam.activity .MainActivity]@0#3(BLAST Consumer)3](id:194300000003,api:3,p:938,c:6467) waitForFreeSlotThenRelock TIMED_OUT 0 dequeuedCount=20, acquiredCount=2, mMaxAcquiredBufferCount=1, mMaxDequeuedBufferCount=21
02-20 19:13:04.890 6467 6641 D BufferQueueProducer: [SurfaceView[com.accarunit.beauty.camera.videocall/com.lightcone.beautycam.activity .MainActivity]@0#3(BLAST Consumer)3](id:194300000003,api:3,p:938,c:6467) waitForFreeSlotThenRelock TIMED_OUT 0 dequeuedCount=19, acquiredCount=3, mMaxAcquiredBufferCount=1, mMaxDequeuedBufferCount=21
02-20 19:13:04.903 6467 6659 D BufferQueueProducer: [SurfaceView[com.accarunit.beauty.camera.videocall/com.lightcone.beautycam.activity .MainActivity]@0#3(BLAST Consumer)3](id:194300000003,api:3,p:938,c:6467) waitForFreeSlotThenRelock TIMED_OUT 0 dequeuedCount=20, acquiredCount=2, mMaxAcquiredBufferCount=1, mMaxDequeuedBufferCount=21
02-20 19:13:04.915 6467 6659 D BufferQueueProducer: [SurfaceView[com.accarunit.beauty.camera.videocall/com.lightcone.beautycam.activity .MainActivity]@0#3(BLAST Consumer)3](id:194300000003,api:3,p:938,c:6467) waitForFreeSlotThenRelock TIMED_OUT 0 dequeuedCount=20, acquiredCount=2, mMaxAcquiredBufferCount=1, mMaxDequeuedBufferCount=21
02-20 19:13:04.921 6467 6467 I ViewRootImpl@64221ef[MainActivity]: handleAppVisibility mAppVisible = true visible = false
02-20 19:13:04.926 6467 6659 D BufferQueueProducer: [SurfaceView[com.accarunit.beauty.camera.videocall/com.lightcone.beautycam.activity .MainActivity]@0#3(BLAST Consumer)3](id:194300000003,api:3,p:938,c:6467) waitForFreeSlotThenRelock TIMED_OUT 0 dequeuedCount=19, acquiredCount=3, mMaxAcquiredBufferCount=1, mMaxDequeuedBufferCount=21
02-20 19:13:04.934 6467 6467 I SurfaceView@7d7c31d: onWindowVisibilityChanged(8) false android.view.SurfaceView{7d7c31d V.E...... ........ 0,0-720,819 #7f09027d app:id/surface_view} of ViewRootImpl@64221ef[MainActivity]
02-20 19:13:04.935 6467 6467 I SurfaceView@7d7c31d: Changes: creating=false format=false size=false visible=true alpha=false hint=false mUseAlpha=false visible=true left=false top=false
02-20 19:13:04.935 6467 6467 I SurfaceView@7d7c31d: 131580701 Cur surface: Surface(name=null)/@0x769fb05
02-20 19:13:04.935 6467 6467 I SurfaceView@7d7c31d: applyTransactionOnVriDraw: vri = ViewRootImpl@64221ef[MainActivity] fRS = false t = 0xb4000070e083af00 android.view.SurfaceView.performSurfaceTransaction:959 android.view.SurfaceView.updateSurface:1105 android.view.SurfaceView.onWindowVisibilityChanged:371
02-20 19:13:04.936 6467 6467 I ViewRootImpl@64221ef[MainActivity]: applyTransactionOnDraw: mRemoved = false isHardwareEnabled = true t = 0xb4000070e083af00android.view.SurfaceView.applyTransactionOnVriDraw:2048 android.view.SurfaceView.performSurfaceTransaction:959 android.view.SurfaceView.updateSurface:1105 android.view.SurfaceView.onWindowVisibilityChanged:371 android.view.View.dispatchWindowVisibilityChanged:15943
02-20 19:13:04.936 6467 6467 I SurfaceView@7d7c31d: surfaceDestroyed
02-20 19:13:04.936 6467 6467 I SurfaceView@7d7c31d: surfaceDestroyed callback.size 1 #2 android.view.SurfaceView{7d7c31d V.E...... ........ 0,0-720,819 #7f09027d app:id/surface_view}
02-20 19:13:04.936 6467 6467 V MediaPlayer-JNI: stop
02-20 19:13:04.936 6467 6467 V MediaPlayerNative: stop
02-20 19:13:04.937 6467 6659 V MediaPlayerNative: message received msg=8, ext1=0, ext2=0
02-20 19:13:04.938 6467 6467 V MediaPlayer: resetDrmState: mDrmInfo=null mDrmProvisioningThread=null mPrepareDrmInProgress=false mActiveDrmScheme=false
02-20 19:13:04.938 6467 6467 V MediaPlayer: cleanDrmObj: mDrmObj=null mDrmSessionId=null
02-20 19:13:04.938 6467 6467 V MediaPlayer-JNI: release
02-20 19:13:04.938 6467 6467 V MediaPlayerNative: setListener
02-20 19:13:04.938 6467 6467 V MediaPlayerNative: disconnect
02-20 19:13:04.939 6467 6641 V MediaPlayerNative: message received msg=211, ext1=0, ext2=0
02-20 19:13:04.939 6467 6641 V MediaPlayerNative: notify(211, 0, 0) callback on disconnected mediaplayer
02-20 19:13:04.941 6467 6659 D BufferQueueProducer: [SurfaceView[com.accarunit.beauty.camera.videocall/com.lightcone.beautycam.activity .MainActivity]@0#3(BLAST Consumer)3](id:194300000003,api:3,p:938,c:6467) waitForFreeSlotThenRelock TIMED_OUT 0 dequeuedCount=20, acquiredCount=2, mMaxAcquiredBufferCount=1, mMaxDequeuedBufferCount=21
02-20 19:13:04.982 6467 6659 W BufferQueueProducer: [SurfaceView[com.accarunit.beauty.camera.videocall/com.lightcone.beautycam.activity .MainActivity]@0#3(BLAST Consumer)3](id:194300000003,api:3,p:938,c:6467) detachBuffer: slot 5 is not owned by the producer (state = FREE)
02-20 19:13:04.986 6467 6659 W BufferQueueProducer: [SurfaceView[com.accarunit.beauty.camera.videocall/com.lightcone.beautycam.activity .MainActivity]@0#3(BLAST Consumer)3](id:194300000003,api:3,p:938,c:6467) detachBuffer: slot 9 is not owned by the producer (state = FREE)
02-20 19:13:04.987 6467 6659 W BufferQueueProducer: [SurfaceView[com.accarunit.beauty.camera.videocall/com.lightcone.beautycam.activity .MainActivity]@0#3(BLAST Consumer)3](id:194300000003,api:3,p:938,c:6467) detachBuffer: slot 10 is not owned by the producer (state = FREE)
02-20 19:13:04.988 6467 6659 W BufferQueueProducer: [SurfaceView[com.accarunit.beauty.camera.videocall/com.lightcone.beautycam.activity .MainActivity]@0#3(BLAST Consumer)3](id:194300000003,api:3,p:938,c:6467) detachBuffer: slot 12 is not owned by the producer (state = FREE)
02-20 19:13:04.991 6467 6659 W BufferQueueProducer: [SurfaceView[com.accarunit.beauty.camera.videocall/com.lightcone.beautycam.activity .MainActivity]@0#3(BLAST Consumer)3](id:194300000003,api:3,p:938,c:6467) detachBuffer: slot 16 is not owned by the producer (state = FREE)
02-20 19:13:04.993 6467 6659 W BufferQueueProducer: [SurfaceView[com.accarunit.beauty.camera.videocall/com.lightcone.beautycam.activity .MainActivity]@0#3(BLAST Consumer)3](id:194300000003,api:3,p:938,c:6467) detachBuffer: slot 18 is not owned by the producer (state = FREE)
02-20 19:13:04.994 6467 6659 W BufferQueueProducer: [SurfaceView[com.accarunit.beauty.camera.videocall/com.lightcone.beautycam.activity .MainActivity]@0#3(BLAST Consumer)3](id:194300000003,api:3,p:938,c:6467) detachBuffer: slot 20 is not owned by the producer (state = ACQUIRED)
02-20 19:13:04.995 6467 6659 W BufferQueueProducer: [SurfaceView[com.accarunit.beauty.camera.videocall/com.lightcone.beautycam.activity .MainActivity]@0#3(BLAST Consumer)3](id:194300000003,api:3,p:938,c:6467) detachBuffer: slot 21 is not owned by the producer (state = FREE)
02-20 19:13:04.995 6467 6659 W BufferQueueProducer: [SurfaceView[com.accarunit.beauty.camera.videocall/com.lightcone.beautycam.activity .MainActivity]@0#3(BLAST Consumer)3](id:194300000003,api:3,p:938,c:6467) detachBuffer: slot 22 is not owned by the producer (state = FREE)
02-20 19:13:04.995 6467 6659 W BufferQueueProducer: [SurfaceView[com.accarunit.beauty.camera.videocall/com.lightcone.beautycam.activity .MainActivity]@0#3(BLAST Consumer)3](id:194300000003,api:3,p:938,c:6467) detachBuffer: slot 23 is not owned by the producer (state = FREE)
02-20 19:13:04.995 6467 6659 W BufferQueueProducer: [SurfaceView[com.accarunit.beauty.camera.videocall/com.lightcone.beautycam.activity .MainActivity]@0#3(BLAST Consumer)3](id:194300000003,api:3,p:938,c:6467) detachBuffer: slot 24 is not owned by the producer (state = FREE)
02-20 19:13:04.995 6467 6659 W BufferQueueProducer: [SurfaceView[com.accarunit.beauty.camera.videocall/com.lightcone.beautycam.activity .MainActivity]@0#3(BLAST Consumer)3](id:194300000003,api:3,p:938,c:6467) detachBuffer: slot 25 is not owned by the producer (state = FREE)
02-20 19:13:04.996 6467 6481 W BufferQueueProducer: [SurfaceView[com.accarunit.beauty.camera.videocall/com.lightcone.beautycam.activity .MainActivity]@0#3(BLAST Consumer)3](id:194300000003,api:3,p:938,c:6467) detachBuffer: slot 26 is not owned by the producer (state = FREE)
02-20 19:13:04.996 6467 6641 W BufferQueueProducer: [SurfaceView[com.accarunit.beauty.camera.videocall/com.lightcone.beautycam.activity .MainActivity]@0#3(BLAST Consumer)3](id:194300000003,api:3,p:938,c:6467) detachBuffer: slot 27 is not owned by the producer (state = FREE)
02-20 19:13:04.996 6467 6740 W BufferQueueProducer: [SurfaceView[com.accarunit.beauty.camera.videocall/com.lightcone.beautycam.activity .MainActivity]@0#3(BLAST Consumer)3](id:194300000003,api:3,p:938,c:6467) detachBuffer: slot 28 is not owned by the producer (state = FREE)
02-20 19:13:04.996 6467 6740 W BufferQueueProducer: [SurfaceView[com.accarunit.beauty.camera.videocall/com.lightcone.beautycam.activity .MainActivity]@0#3(BLAST Consumer)3](id:194300000003,api:3,p:938,c:6467) detachBuffer: slot 29 is not owned by the producer (state = FREE)
02-20 19:13:04.996 6467 6740 W BufferQueueProducer: [SurfaceView[com.accarunit.beauty.camera.videocall/com.lightcone.beautycam.activity .MainActivity]@0#3(BLAST Consumer)3](id:194300000003,api:3,p:938,c:6467) detachBuffer: slot 30 is not owned by the producer (state = FREE)
02-20 19:13:04.997 6467 6740 W BufferQueueProducer: [SurfaceView[com.accarunit.beauty.camera.videocall/com.lightcone.beautycam.activity .MainActivity]@0#3(BLAST Consumer)3](id:194300000003,api:3,p:938,c:6467) detachBuffer: slot 31 is not owned by the producer (state = FREE)
02-20 19:13:04.997 6467 6740 W BufferQueueProducer: [SurfaceView[com.accarunit.beauty.camera.videocall/com.lightcone.beautycam.activity .MainActivity]@0#3(BLAST Consumer)3](id:194300000003,api:3,p:938,c:6467) detachBuffer: slot 32 is not owned by the producer (state = FREE)
02-20 19:13:04.997 6467 6740 W BufferQueueProducer: [SurfaceView[com.accarunit.beauty.camera.videocall/com.lightcone.beautycam.activity .MainActivity]@0#3(BLAST Consumer)3](id:194300000003,api:3,p:938,c:6467) detachBuffer: slot 33 is not owned by the producer (state = FREE)
02-20 19:13:04.997 6467 6740 W BufferQueueProducer: [SurfaceView[com.accarunit.beauty.camera.videocall/com.lightcone.beautycam.activity .MainActivity]@0#3(BLAST Consumer)3](id:194300000003,api:3,p:938,c:6467) detachBuffer: slot 34 is not owned by the producer (state = FREE)
02-20 19:13:04.997 6467 6740 W BufferQueueProducer: [SurfaceView[com.accarunit.beauty.camera.videocall/com.lightcone.beautycam.activity .MainActivity]@0#3(BLAST Consumer)3](id:194300000003,api:3,p:938,c:6467) detachBuffer: slot 35 is not owned by the producer (state = FREE)
02-20 19:13:04.998 6467 6740 W BufferQueueProducer: [SurfaceView[com.accarunit.beauty.camera.videocall/com.lightcone.beautycam.activity .MainActivity]@0#3(BLAST Consumer)3](id:194300000003,api:3,p:938,c:6467) detachBuffer: slot 36 is not owned by the producer (state = FREE)
02-20 19:13:04.998 6467 6740 W BufferQueueProducer: [SurfaceView[com.accarunit.beauty.camera.videocall/com.lightcone.beautycam.activity .MainActivity]@0#3(BLAST Consumer)3](id:194300000003,api:3,p:938,c:6467) detachBuffer: slot 37 is not owned by the producer (state = FREE)
02-20 19:13:04.998 6467 6740 W BufferQueueProducer: [SurfaceView[com.accarunit.beauty.camera.videocall/com.lightcone.beautycam.activity .MainActivity]@0#3(BLAST Consumer)3](id:194300000003,api:3,p:938,c:6467) detachBuffer: slot 38 is not owned by the producer (state = FREE)
02-20 19:13:04.998 6467 6740 W BufferQueueProducer: [SurfaceView[com.accarunit.beauty.camera.videocall/com.lightcone.beautycam.activity .MainActivity]@0#3(BLAST Consumer)3](id:194300000003,api:3,p:938,c:6467) detachBuffer: slot 39 is not owned by the producer (state = FREE)
02-20 19:13:04.998 6467 6740 W BufferQueueProducer: [SurfaceView[com.accarunit.beauty.camera.videocall/com.lightcone.beautycam.activity .MainActivity]@0#3(BLAST Consumer)3](id:194300000003,api:3,p:938,c:6467) detachBuffer: slot 40 is not owned by the producer (state = FREE)
02-20 19:13:04.999 6467 6740 W BufferQueueProducer: [SurfaceView[com.accarunit.beauty.camera.videocall/com.lightcone.beautycam.activity .MainActivity]@0#3(BLAST Consumer)3](id:194300000003,api:3,p:938,c:6467) detachBuffer: slot 41 is not owned by the producer (state = FREE)
02-20 19:13:04.999 6467 6740 W BufferQueueProducer: [SurfaceView[com.accarunit.beauty.camera.videocall/com.lightcone.beautycam.activity .MainActivity]@0#3(BLAST Consumer)3](id:194300000003,api:3,p:938,c:6467) detachBuffer: slot 42 is not owned by the producer (state = FREE)
02-20 19:13:04.999 6467 6740 W BufferQueueProducer: [SurfaceView[com.accarunit.beauty.camera.videocall/com.lightcone.beautycam.activity .MainActivity]@0#3(BLAST Consumer)3](id:194300000003,api:3,p:938,c:6467) detachBuffer: slot 43 is not owned by the producer (state = FREE)
02-20 19:13:04.999 6467 6740 W BufferQueueProducer: [SurfaceView[com.accarunit.beauty.camera.videocall/com.lightcone.beautycam.activity .MainActivity]@0#3(BLAST Consumer)3](id:194300000003,api:3,p:938,c:6467) detachBuffer: slot 44 is not owned by the producer (state = FREE)
02-20 19:13:04.999 6467 6740 W BufferQueueProducer: [SurfaceView[com.accarunit.beauty.camera.videocall/com.lightcone.beautycam.activity .MainActivity]@0#3(BLAST Consumer)3](id:194300000003,api:3,p:938,c:6467) detachBuffer: slot 45 is not owned by the producer (state = FREE)
02-20 19:13:04.999 6467 6740 W BufferQueueProducer: [SurfaceView[com.accarunit.beauty.camera.videocall/com.lightcone.beautycam.activity .MainActivity]@0#3(BLAST Consumer)3](id:194300000003,api:3,p:938,c:6467) detachBuffer: slot 46 is not owned by the producer (state = FREE)
02-20 19:13:05.000 6467 6740 W BufferQueueProducer: [SurfaceView[com.accarunit.beauty.camera.videocall/com.lightcone.beautycam.activity .MainActivity]@0#3(BLAST Consumer)3](id:194300000003,api:3,p:938,c:6467) detachBuffer: slot 47 is not owned by the producer (state = FREE)
02-20 19:13:05.000 6467 6740 W BufferQueueProducer: [SurfaceView[com.accarunit.beauty.camera.videocall/com.lightcone.beautycam.activity .MainActivity]@0#3(BLAST Consumer)3](id:194300000003,api:3,p:938,c:6467) detachBuffer: slot 48 is not owned by the producer (state = FREE)
02-20 19:13:05.000 6467 6740 W BufferQueueProducer: [SurfaceView[com.accarunit.beauty.camera.videocall/com.lightcone.beautycam.activity .MainActivity]@0#3(BLAST Consumer)3](id:194300000003,api:3,p:938,c:6467) detachBuffer: slot 49 is not owned by the producer (state = FREE)
02-20 19:13:05.001 6467 6740 W BufferQueueProducer: [SurfaceView[com.accarunit.beauty.camera.videocall/com.lightcone.beautycam.activity .MainActivity]@0#3(BLAST Consumer)3](id:194300000003,api:3,p:938,c:6467) detachBuffer: slot 50 is not owned by the producer (state = FREE)
02-20 19:13:05.001 6467 6740 W BufferQueueProducer: [SurfaceView[com.accarunit.beauty.camera.videocall/com.lightcone.beautycam.activity .MainActivity]@0#3(BLAST Consumer)3](id:194300000003,api:3,p:938,c:6467) detachBuffer: slot 51 is not owned by the producer (state = FREE)
02-20 19:13:05.001 6467 6641 W BufferQueueProducer: [SurfaceView[com.accarunit.beauty.camera.videocall/com.lightcone.beautycam.activity .MainActivity]@0#3(BLAST Consumer)3](id:194300000003,api:3,p:938,c:6467) detachBuffer: slot 52 is not owned by the producer (state = FREE)
02-20 19:13:05.001 6467 6481 W BufferQueueProducer: [SurfaceView[com.accarunit.beauty.camera.videocall/com.lightcone.beautycam.activity .MainActivity]@0#3(BLAST Consumer)3](id:194300000003,api:3,p:938,c:6467) detachBuffer: slot 53 is not owned by the producer (state = FREE)
02-20 19:13:05.002 6467 6659 W BufferQueueProducer: [SurfaceView[com.accarunit.beauty.camera.videocall/com.lightcone.beautycam.activity .MainActivity]@0#3(BLAST Consumer)3](id:194300000003,api:3,p:938,c:6467) detachBuffer: slot 54 is not owned by the producer (state = FREE)
02-20 19:13:05.002 6467 6482 W BufferQueueProducer: [SurfaceView[com.accarunit.beauty.camera.videocall/com.lightcone.beautycam.activity .MainActivity]@0#3(BLAST Consumer)3](id:194300000003,api:3,p:938,c:6467) detachBuffer: slot 55 is not owned by the producer (state = FREE)
02-20 19:13:05.002 6467 6480 W BufferQueueProducer: [SurfaceView[com.accarunit.beauty.camera.videocall/com.lightcone.beautycam.activity .MainActivity]@0#3(BLAST Consumer)3](id:194300000003,api:3,p:938,c:6467) detachBuffer: slot 56 is not owned by the producer (state = FREE)
02-20 19:13:05.003 6467 6740 W BufferQueueProducer: [SurfaceView[com.accarunit.beauty.camera.videocall/com.lightcone.beautycam.activity .MainActivity]@0#3(BLAST Consumer)3](id:194300000003,api:3,p:938,c:6467) detachBuffer: slot 57 is not owned by the producer (state = FREE)
02-20 19:13:05.003 6467 6740 W BufferQueueProducer: [SurfaceView[com.accarunit.beauty.camera.videocall/com.lightcone.beautycam.activity .MainActivity]@0#3(BLAST Consumer)3](id:194300000003,api:3,p:938,c:6467) detachBuffer: slot 58 is not owned by the producer (state = FREE)
02-20 19:13:05.004 6467 6740 W BufferQueueProducer: [SurfaceView[com.accarunit.beauty.camera.videocall/com.lightcone.beautycam.activity .MainActivity]@0#3(BLAST Consumer)3](id:194300000003,api:3,p:938,c:6467) detachBuffer: slot 59 is not owned by the producer (state = FREE)
02-20 19:13:05.004 6467 6740 W BufferQueueProducer: [SurfaceView[com.accarunit.beauty.camera.videocall/com.lightcone.beautycam.activity .MainActivity]@0#3(BLAST Consumer)3](id:194300000003,api:3,p:938,c:6467) detachBuffer: slot 60 is not owned by the producer (state = FREE)
02-20 19:13:05.005 6467 6740 W BufferQueueProducer: [SurfaceView[com.accarunit.beauty.camera.videocall/com.lightcone.beautycam.activity .MainActivity]@0#3(BLAST Consumer)3](id:194300000003,api:3,p:938,c:6467) detachBuffer: slot 61 is not owned by the producer (state = FREE)
02-20 19:13:05.005 6467 6740 W BufferQueueProducer: [SurfaceView[com.accarunit.beauty.camera.videocall/com.lightcone.beautycam.activity .MainActivity]@0#3(BLAST Consumer)3](id:194300000003,api:3,p:938,c:6467) detachBuffer: slot 62 is not owned by the producer (state = FREE)
02-20 19:13:05.006 6467 6740 W BufferQueueProducer: [SurfaceView[com.accarunit.beauty.camera.videocall/com.lightcone.beautycam.activity .MainActivity]@0#3(BLAST Consumer)3](id:194300000003,api:3,p:938,c:6467) detachBuffer: slot 63 is not owned by the producer (state = FREE)
02-20 19:13:05.008 6467 6743 D BufferQueueProducer: [SurfaceView[com.accarunit.beauty.camera.videocall/com.lightcone.beautycam.activity .MainActivity]@0#3(BLAST Consumer)3](id:194300000003,api:3,p:938,c:6467) disconnect: api 3
02-20 19:13:05.012 6467 6740 E BufferQueueProducer: [SurfaceView[com.accarunit.beauty.camera.videocall/com.lightcone.beautycam.activity .MainActivity]@0#3(BLAST Consumer)3](id:194300000003,api:0,p:-1,c:6467) cancelBuffer: BufferQueue has no connected producer
02-20 19:13:05.013 6467 6740 E BufferQueueProducer: [SurfaceView[com.accarunit.beauty.camera.videocall/com.lightcone.beautycam.activity .MainActivity]@0#3(BLAST Consumer)3](id:194300000003,api:0,p:-1,c:6467) cancelBuffer: BufferQueue has no connected producer
02-20 19:13:05.013 6467 6743 E BufferQueueProducer: [SurfaceView[com.accarunit.beauty.camera.videocall/com.lightcone.beautycam.activity .MainActivity]@0#3(BLAST Consumer)3](id:194300000003,api:0,p:-1,c:6467) cancelBuffer: BufferQueue has no connected producer
02-20 19:13:05.014 6467 6740 E BufferQueueProducer: [SurfaceView[com.accarunit.beauty.camera.videocall/com.lightcone.beautycam.activity .MainActivity]@0#3(BLAST Consumer)3](id:194300000003,api:0,p:-1,c:6467) cancelBuffer: BufferQueue has no connected producer
02-20 19:13:05.015 6467 6740 E BufferQueueProducer: [SurfaceView[com.accarunit.beauty.camera.videocall/com.lightcone.beautycam.activity .MainActivity]@0#3(BLAST Consumer)3](id:194300000003,api:0,p:-1,c:6467) cancelBuffer: BufferQueue has no connected producer
02-20 19:13:05.015 6467 6740 E BufferQueueProducer: [SurfaceView[com.accarunit.beauty.camera.videocall/com.lightcone.beautycam.activity .MainActivity]@0#3(BLAST Consumer)3](id:194300000003,api:0,p:-1,c:6467) cancelBuffer: BufferQueue has no connected producer
02-20 19:13:05.016 6467 6740 E BufferQueueProducer: [SurfaceView[com.accarunit.beauty.camera.videocall/com.lightcone.beautycam.activity .MainActivity]@0#3(BLAST Consumer)3](id:194300000003,api:0,p:-1,c:6467) cancelBuffer: BufferQueue has no connected producer
02-20 19:13:05.017 6467 6480 E BufferQueueProducer: [SurfaceView[com.accarunit.beauty.camera.videocall/com.lightcone.beautycam.activity .MainActivity]@0#3(BLAST Consumer)3](id:194300000003,api:0,p:-1,c:6467) cancelBuffer: BufferQueue has no connected producer
02-20 19:13:05.018 6467 6480 E BufferQueueProducer: [SurfaceView[com.accarunit.beauty.camera.videocall/com.lightcone.beautycam.activity .MainActivity]@0#3(BLAST Consumer)3](id:194300000003,api:0,p:-1,c:6467) cancelBuffer: BufferQueue has no connected producer
02-20 19:13:05.019 6467 6480 E BufferQueueProducer: [SurfaceView[com.accarunit.beauty.camera.videocall/com.lightcone.beautycam.activity .MainActivity]@0#3(BLAST Consumer)3](id:194300000003,api:0,p:-1,c:6467) cancelBuffer: BufferQueue has no connected producer
02-20 19:13:05.019 6467 6740 D BufferQueueProducer: [SurfaceView[com.accarunit.beauty.camera.videocall/com.lightcone.beautycam.activity .MainActivity]@0#3(BLAST Consumer)3](id:194300000003,api:3,p:938,c:6467) connect: api=3 producerControlledByApp=true
02-20 19:13:05.019 6467 6480 E BufferQueueProducer: [SurfaceView[com.accarunit.beauty.camera.videocall/com.lightcone.beautycam.activity .MainActivity]@0#3(BLAST Consumer)3](id:194300000003,api:3,p:938,c:6467) cancelBuffer: slot 3 is not owned by the producer (state = FREE)
02-20 19:13:05.020 6467 6740 E BufferQueueProducer: [SurfaceView[com.accarunit.beauty.camera.videocall/com.lightcone.beautycam.activity .MainActivity]@0#3(BLAST Consumer)3](id:194300000003,api:3,p:938,c:6467) cancelBuffer: slot 4 is not owned by the producer (state = FREE)
02-20 19:13:05.020 6467 6740 E BufferQueueProducer: [SurfaceView[com.accarunit.beauty.camera.videocall/com.lightcone.beautycam.activity .MainActivity]@0#3(BLAST Consumer)3](id:194300000003,api:3,p:938,c:6467) cancelBuffer: slot 7 is not owned by the producer (state = FREE)
02-20 19:13:05.021 6467 6740 E BufferQueueProducer: [SurfaceView[com.accarunit.beauty.camera.videocall/com.lightcone.beautycam.activity .MainActivity]@0#3(BLAST Consumer)3](id:194300000003,api:3,p:938,c:6467) cancelBuffer: slot 14 is not owned by the producer (state = FREE)
02-20 19:13:05.024 6467 6467 D BufferQueueProducer: [SurfaceView[com.accarunit.beauty.camera.videocall/com.lightcone.beautycam.activity .MainActivity]@0#3(BLAST Consumer)3](id:194300000003,api:3,p:938,c:6467) disconnect: api 3
02-20 19:13:05.026 6467 6467 V MediaPlayerNative: destructor
02-20 19:13:05.028 6467 6467 V MediaPlayerNative: disconnect
02-20 19:13:05.029 6467 6467 D BufferQueueProducer: [SurfaceView[com.accarunit.beauty.camera.videocall/com.lightcone.beautycam.activity .MainActivity]@0#3(BLAST Consumer)3](id:194300000003,api:0,p:-1,c:6467) disconnect: api -1
02-20 19:13:05.030 6467 6467 I SurfaceView@7d7c31d: updateSurface: mVisible = false mSurface.isValid() = true
02-20 19:13:05.030 6467 6467 D BLASTBufferQueue: [SurfaceView[com.accarunit.beauty.camera.videocall/com.lightcone.beautycam.activity .MainActivity]@0#3](f:0,a:1) destructor()
02-20 19:13:05.030 6467 6467 D BufferQueueConsumer: [SurfaceView[com.accarunit.beauty.camera.videocall/com.lightcone.beautycam.activity .MainActivity]@0#3(BLAST Consumer)3](id:194300000003,api:0,p:-1,c:6467) disconnect
02-20 19:13:05.031 6467 6467 I SurfaceView@7d7c31d: releaseSurfaces: viewRoot = ViewRootImpl@64221ef[MainActivity]
02-20 19:13:05.033 6467 6467 I SurfaceView@7d7c31d: applyTransactionOnVriDraw: vri = ViewRootImpl@64221ef[MainActivity] fRS = true t = 0xb4000070d8397600 android.view.SurfaceView.releaseSurfaces:858 android.view.SurfaceView.updateSurface:1172 android.view.SurfaceView.onWindowVisibilityChanged:371
02-20 19:13:05.033 6467 6467 I SurfaceView@7d7c31d: applyTransactionOnVriDraw: viewRoot.applyTransactionOnDrawFromReleaseSurfaces
02-20 19:13:05.033 6467 6467 I ViewRootImpl@64221ef[MainActivity]: from releaseSurfaces t.apply t = 0xb4000070d8397600
02-20 19:13:05.036 6467 6467 V SurfaceView@7d7c31d: Layout: x=0 y=0 w=720 h=819, frame=Rect(0, 0 - 720, 819)
02-20 19:13:05.036 6467 6533 D SurfaceView@7d7c31d: windowPositionLost, frameNr = 0
02-20 19:13:05.037 6467 6533 D OpenGLRenderer: setSurface called with nullptr
02-20 19:13:05.037 6467 6533 D OpenGLRenderer: setSurface() destroyed EGLSurface
02-20 19:13:05.037 6467 6533 D OpenGLRenderer: destroyEglSurface
02-20 19:13:05.037 6467 6533 D BufferQueueProducer: [ViewRootImpl@64221ef[MainActivity]#2(BLAST Consumer)2] (id:194300000002,api:1,p:6467,c:6467) disconnect: api 1
02-20 19:13:05.041 6467 6467 I ViewRootImpl@64221ef[MainActivity]: performTraversals mFirst=false windowShouldResize=false viewVisibilityChanged=true mForceNextWindowRelayout=false params=null
02-20 19:13:05.048 6467 6467 D BLASTBufferQueue: [ViewRootImpl@64221ef[MainActivity]#2](f:0,a:1) destructor()
02-20 19:13:05.049 6467 6467 D BufferQueueConsumer: [ViewRootImpl@64221ef[MainActivity]#2(BLAST Consumer)2](id:194300000002,api:0,p:- 1,c:6467) disconnect
02-20 19:13:05.050 6467 6467 I ViewRootImpl@64221ef[MainActivity]: Relayout returned: old=(0,0,720,1600) new=(0,0,720,1600) req=(720,1600)8 dur=7 res=0x2 s={false 0x0} ch=true seqId=0
02-20 19:13:05.052 6467 6467 D SurfaceView@7d7c31d: updateSurface: surface is not valid
02-20 19:13:05.052 6467 6467 I SurfaceView@7d7c31d: releaseSurfaces: viewRoot = ViewRootImpl@64221ef[MainActivity]
02-20 19:13:05.053 6467 6467 I SurfaceView@7d7c31d: applyTransactionOnVriDraw: vri = ViewRootImpl@64221ef[MainActivity] fRS = true t = 0xb4000070df013200 android.view.SurfaceView.releaseSurfaces:858 android.view.SurfaceView.updateSurface:998 android.view.SurfaceView.setFrame:525
02-20 19:13:05.054 6467 6467 I SurfaceView@7d7c31d: applyTransactionOnVriDraw: viewRoot.applyTransactionOnDrawFromReleaseSurfaces
02-20 19:13:05.054 6467 6467 I ViewRootImpl@64221ef[MainActivity]: from releaseSurfaces t.apply t = 0xb4000070df013200
02-20 19:13:05.055 6467 6467 I SurfaceView@7d7c31d: windowStopped(true) false android.view.SurfaceView{7d7c31d V.E...... ........ 0,0-720,819 #7f09027d app:id/surface_view} of ViewRootImpl@64221ef[MainActivity]
02-20 19:13:05.055 6467 6467 D SurfaceView@7d7c31d: updateSurface: surface is not valid
02-20 19:13:05.055 6467 6467 I SurfaceView@7d7c31d: releaseSurfaces: viewRoot = ViewRootImpl@64221ef[MainActivity]
02-20 19:13:05.056 6467 6467 I SurfaceView@7d7c31d: applyTransactionOnVriDraw: vri = ViewRootImpl@64221ef[MainActivity] fRS = true t = 0xb4000070df013300 android.view.SurfaceView.releaseSurfaces:858 android.view.SurfaceView.updateSurface:998 android.view.SurfaceView.setWindowStopped:335
02-20 19:13:05.056 6467 6467 I SurfaceView@7d7c31d: applyTransactionOnVriDraw: viewRoot.applyTransactionOnDrawFromReleaseSurfaces
02-20 19:13:05.056 6467 6467 I ViewRootImpl@64221ef[MainActivity]: from releaseSurfaces t.apply t = 0xb4000070df013300
02-20 19:13:05.056 6467 6467 D SurfaceView@7d7c31d: updateSurface: surface is not valid
02-20 19:13:05.056 6467 6467 I SurfaceView@7d7c31d: releaseSurfaces: viewRoot = ViewRootImpl@64221ef[MainActivity]
02-20 19:13:05.057 6467 6467 I SurfaceView@7d7c31d: applyTransactionOnVriDraw: vri = ViewRootImpl@64221ef[MainActivity] fRS = true t = 0xb4000070d7e0c700 android.view.SurfaceView.releaseSurfaces:858 android.view.SurfaceView.updateSurface:998 android.view.SurfaceView.lambda$new$0$android-view-SurfaceView:200
02-20 19:13:05.057 6467 6467 I SurfaceView@7d7c31d: applyTransactionOnVriDraw: viewRoot.applyTransactionOnDrawFromReleaseSurfaces
02-20 19:13:05.057 6467 6467 I ViewRootImpl@64221ef[MainActivity]: from releaseSurfaces t.apply t = 0xb4000070d7e0c700
02-20 19:13:05.058 6467 6467 W MediaPlayer: mediaplayer went away with unhandled events
02-20 19:13:05.059 6467 6467 D SurfaceView@7d7c31d: updateSurface: surface is not valid
02-20 19:13:05.059 6467 6467 I SurfaceView@7d7c31d: releaseSurfaces: viewRoot = ViewRootImpl@64221ef[MainActivity]
02-20 19:13:05.059 6467 6467 I SurfaceView@7d7c31d: applyTransactionOnVriDraw: vri = ViewRootImpl@64221ef[MainActivity] fRS = true t = 0xb4000070d8397400 android.view.SurfaceView.releaseSurfaces:858 android.view.SurfaceView.updateSurface:998 android.view.SurfaceView.lambda$new$0$android-view-SurfaceView:200
02-20 19:13:05.059 6467 6467 I SurfaceView@7d7c31d: applyTransactionOnVriDraw: viewRoot.applyTransactionOnDrawFromReleaseSurfaces
02-20 19:13:05.059 6467 6467 I ViewRootImpl@64221ef[MainActivity]: from releaseSurfaces t.apply t = 0xb4000070d8397400
02-20 19:13:05.786 6467 6467 E MainActivity: onBannerTimerProcess: false
02-20 19:13:06.267 6467 6467 I ViewRootImpl@64221ef[MainActivity]: stopped(true) old = false
02-20 19:13:06.267 6467 6467 I ViewRootImpl@64221ef[MainActivity]: WindowStopped on com.accarunit.beauty.camera.videocall/com.lightcone.beautycam.activity.MainActivity set to true
02-20 19:13:06.287 6467 6467 I MSHandlerLifeCycle: removeMultiSplitHandler: no exist. decor=DecorView@ccf8f37[MainActivity]
02-20 19:13:06.299 6467 6467 I ViewRootImpl@64221ef[MainActivity]: performTraversals mFirst=false windowShouldResize=false viewVisibilityChanged=false mForceNextWindowRelayout=false params={(0,0)(fillxfill) sim={adjust=pan} ty=BASE_APPLICATION fmt=TRANSLUCENT wanim=0x1030309
02-20 19:13:06.299 6467 6467 I ViewRootImpl@64221ef[MainActivity]: fl=81810100
02-20 19:13:06.299 6467 6467 I ViewRootImpl@64221ef[MainActivity]: pfl=1a020040
02-20 19:13:06.299 6467 6467 I ViewRootImpl@64221ef[MainActivity]: vsysui=3502
02-20 19:13:06.299 6467 6467 I ViewRootImpl@64221ef[MainActivity]: apr=LIGHT_STATUS_BARS
02-20 19:13:06.299 6467 6467 I ViewRootImpl@64221ef[MainActivity]: bhv=SHOW_TRANSIENT_BARS_BY_SWIPE
02-20 19:13:06.299 6467 6467 I ViewRootImpl@64221ef[MainActivity]: fitSides= naviIconColor=0
02-20 19:13:06.299 6467 6467 I ViewRootImpl@64221ef[MainActivity]: sfl=100000}
02-20 19:13:06.311 6467 6467 I ViewRootImpl@64221ef[MainActivity]: Relayout returned: old=(0,0,720,1600) new=(0,0,720,1600) req=(720,1600)8 dur=12 res=0x2 s={false 0x0} ch=false seqId=0
02-20 19:13:06.311 6467 6467 D SurfaceView@7d7c31d: updateSurface: surface is not valid
02-20 19:13:06.311 6467 6467 I SurfaceView@7d7c31d: releaseSurfaces: viewRoot = ViewRootImpl@64221ef[MainActivity]
02-20 19:13:06.312 6467 6467 I SurfaceView@7d7c31d: applyTransactionOnVriDraw: vri = ViewRootImpl@64221ef[MainActivity] fRS = true t = 0xb4000070d83fe100 android.view.SurfaceView.releaseSurfaces:858 android.view.SurfaceView.updateSurface:998 android.view.SurfaceView.lambda$new$0$android-view-SurfaceView:200
02-20 19:13:06.312 6467 6467 I SurfaceView@7d7c31d: applyTransactionOnVriDraw: viewRoot.applyTransactionOnDrawFromReleaseSurfaces
02-20 19:13:06.312 6467 6467 I ViewRootImpl@64221ef[MainActivity]: from releaseSurfaces t.apply t = 0xb4000070d83fe100
02-20 19:13:06.320 6467 6467 D InputTransport: Input channel destroyed: 'ClientS', fd=203
02-20 19:13:06.365 6467 6518 I FA : Application backgrounded at: timestamp_millis: 1708477984359
02-20 19:13:06.532 6467 6476 W amera.videocall: Cleared Reference was only reachable from finalizer (only reported once)
02-20 19:13:06.541 6467 6533 D OpenGLRenderer: setSurface called with nullptr
02-20 19:13:06.542 6467 6533 D OpenGLRenderer: setSurface called with nullptr
02-20 19:13:06.549 6467 6478 V MediaPlayer-JNI: native_finalize
02-20 19:13:06.549 6467 6478 V MediaPlayer-JNI: release
02-20 19:13:06.859 6467 6467 I ViewRootImpl@64221ef[MainActivity]: handleAppVisibility mAppVisible = false visible = true
02-20 19:13:06.871 6467 6467 I ViewRootImpl@64221ef[MainActivity]: stopped(false) old = true
02-20 19:13:06.871 6467 6467 I ViewRootImpl@64221ef[MainActivity]: WindowStopped on com.accarunit.beauty.camera.videocall/com.lightcone.beautycam.activity.MainActivity set to false
02-20 19:13:06.881 6467 6467 I MSHandlerLifeCycle: removeMultiSplitHandler: no exist. decor=DecorView@ccf8f37[MainActivity]
02-20 19:13:06.882 6467 6467 I ViewRootImpl@64221ef[MainActivity]: stopped(false) old = false
02-20 19:13:06.885 6467 6467 I MSHandlerLifeCycle: removeMultiSplitHandler: no exist. decor=DecorView@ccf8f37[MainActivity]
02-20 19:13:06.886 6467 6467 I SurfaceView@7d7c31d: onWindowVisibilityChanged(0) false android.view.SurfaceView{7d7c31d V.E...... ........ 0,0-720,819 #7f09027d app:id/surface_view} of ViewRootImpl@64221ef[MainActivity]
02-20 19:13:06.886 6467 6467 D SurfaceView@7d7c31d: updateSurface: surface is not valid
02-20 19:13:06.886 6467 6467 I SurfaceView@7d7c31d: releaseSurfaces: viewRoot = ViewRootImpl@64221ef[MainActivity]
02-20 19:13:06.886 6467 6467 I SurfaceView@7d7c31d: applyTransactionOnVriDraw: vri = ViewRootImpl@64221ef[MainActivity] fRS = true t = 0xb4000070d83fe200 android.view.SurfaceView.releaseSurfaces:858 android.view.SurfaceView.updateSurface:998 android.view.SurfaceView.onWindowVisibilityChanged:371
02-20 19:13:06.886 6467 6467 I SurfaceView@7d7c31d: applyTransactionOnVriDraw: viewRoot.applyTransactionOnDrawFromReleaseSurfaces
02-20 19:13:06.887 6467 6467 I ViewRootImpl@64221ef[MainActivity]: applyTransactionOnDraw: mRemoved = false isHardwareEnabled = false t = 0xb4000070d83fe200android.view.ViewRootImpl.applyTransactionOnDrawFromReleaseSurfac es:12850 android.view.SurfaceView.applyTransactionOnVriDraw:2046 android.view.SurfaceView.releaseSurfaces:858 android.view.SurfaceView.updateSurface:998 android.view.SurfaceView.onWindowVisibilityChanged:371
02-20 19:13:06.889 6467 6467 I ViewRootImpl@64221ef[MainActivity]: performTraversals mFirst=false windowShouldResize=false viewVisibilityChanged=true mForceNextWindowRelayout=false params={(0,0)(fillxfill) sim={adjust=resize} ty=BASE_APPLICATION fmt=TRANSLUCENT wanim=0x1030309
02-20 19:13:06.889 6467 6467 I ViewRootImpl@64221ef[MainActivity]: fl=81810100
02-20 19:13:06.889 6467 6467 I ViewRootImpl@64221ef[MainActivity]: pfl=1a020040
02-20 19:13:06.889 6467 6467 I ViewRootImpl@64221ef[MainActivity]: vsysui=3502
02-20 19:13:06.889 6467 6467 I ViewRootImpl@64221ef[MainActivity]: apr=LIGHT_STATUS_BARS
02-20 19:13:06.889 6467 6467 I ViewRootImpl@64221ef[MainActivity]: bhv=SHOW_TRANSIENT_BARS_BY_SWIPE
02-20 19:13:06.889 6467 6467 I ViewRootImpl@64221ef[MainActivity]: fitSides= naviIconColor=0
02-20 19:13:06.889 6467 6467 I ViewRootImpl@64221ef[MainActivity]: sfl=100000}
