02-20 19:14:21.338 7283 7283 I [LiveEventBus]: post: com.lightcone.beautycam.viewmodel.event.SelectedFilterEvent@d236dfb with key: class com.lightcone.beautycam.viewmodel.event.SelectedFilterEvent
02-20 19:14:21.338 7283 7395 D Pine : handleCall for method public android.os.Parcelable android.os.Bundle.getParcelable(java.lang.String)
02-20 19:14:21.338 7283 7283 I [LiveEventBus]: message received: com.lightcone.beautycam.viewmodel.event.SelectedFilterEvent@d236dfb
02-20 19:14:21.339 7283 7283 I [LiveEventBus]: post: com.lightcone.beautycam.viewmodel.event.FilterIntensityUpdateEvent@730eed7 with key: class com.lightcone.beautycam.viewmodel.event.FilterIntensityUpdateEvent
02-20 19:14:21.339 7283 7283 I [LiveEventBus]: message received: com.lightcone.beautycam.viewmodel.event.FilterIntensityUpdateEvent@730eed7
02-20 19:14:21.340 7283 7283 I [LiveEventBus]: post: com.lightcone.beautycam.viewmodel.event.BeautyIntensityUpdateEvent@8a962ad with key: class com.lightcone.beautycam.viewmodel.event.BeautyIntensityUpdateEvent
02-20 19:14:21.340 7283 7283 I [LiveEventBus]: message received: com.lightcone.beautycam.viewmodel.event.BeautyIntensityUpdateEvent@8a962ad
02-20 19:14:21.340 7283 7283 I [LiveEventBus]: post: com.lightcone.beautycam.viewmodel.event.ShapeIntensityUpdateEvent@22ba173 with key: class com.lightcone.beautycam.viewmodel.event.ShapeIntensityUpdateEvent
02-20 19:14:21.340 7283 7283 I [LiveEventBus]: message received: com.lightcone.beautycam.viewmodel.event.ShapeIntensityUpdateEvent@22ba173
02-20 19:14:21.340 7283 7283 I [LiveEventBus]: post: com.lightcone.beautycam.viewmodel.event.ShapeModeUpdateEvent@7a67ca9 with key: class com.lightcone.beautycam.viewmodel.event.ShapeModeUpdateEvent
02-20 19:14:21.340 7283 7283 I [LiveEventBus]: message received: com.lightcone.beautycam.viewmodel.event.ShapeModeUpdateEvent@7a67ca9
02-20 19:14:21.368 7283 7283 I Pine : handleBridge: artMethod=0x7116d018 originExtras=0xb4000071765e2200 extras=0xb400007176529e60 sp=0x7ff6d178e0
02-20 19:14:21.368 7283 7283 D Pine : handleCall for method public java.lang.String android.app.ContextImpl.getOpPackageName()
02-20 19:14:21.369 7283 7283 D ActivityManagerStub: call11 checkPermission
02-20 19:14:21.370 7283 7283 E ActivityManagerStub: checkPermission: android.permission.READ_DEVICE_CONFIG -1
02-20 19:14:21.376 7283 7283 I Pine : handleBridge: artMethod=0x712bf4c0 originExtras=0xb4000071765e2500 extras=0xb400007176529ec0 sp=0x7ff6d171f0
02-20 19:14:21.376 7283 7283 D Pine : handleCall for method public android.os.Parcelable android.os.Bundle.getParcelable(java.lang.String)
02-20 19:14:21.394 7283 7283 I Pine : handleBridge: artMethod=0x7116d018 originExtras=0xb4000071765e2200 extras=0xb400007176529ec0 sp=0x7ff6d17820
02-20 19:14:21.394 7283 7283 D Pine : handleCall for method public java.lang.String android.app.ContextImpl.getOpPackageName()
02-20 19:14:21.396 7283 7283 I Pine : handleBridge: artMethod=0x7116d018 originExtras=0xb4000071765e2200 extras=0xb400007176529ec0 sp=0x7ff6d17820
02-20 19:14:21.396 7283 7283 D Pine : handleCall for method public java.lang.String android.app.ContextImpl.getOpPackageName()
02-20 19:14:21.404 7283 7283 I Pine : handleBridge: artMethod=0x7116d018 originExtras=0xb4000071765e2200 extras=0xb40000717652aca0 sp=0x7ff6d178e0
02-20 19:14:21.404 7283 7283 D Pine : handleCall for method public java.lang.String android.app.ContextImpl.getOpPackageName()
02-20 19:14:21.407 7283 7283 I Pine : handleBridge: artMethod=0x7116d018 originExtras=0xb4000071765e2200 extras=0xb40000717652aca0 sp=0x7ff6d17820
02-20 19:14:21.407 7283 7283 D Pine : handleCall for method public java.lang.String android.app.ContextImpl.getOpPackageName()
02-20 19:14:21.409 7283 7283 I Pine : handleBridge: artMethod=0x7116d018 originExtras=0xb4000071765e2200 extras=0xb40000717652aca0 sp=0x7ff6d17820
02-20 19:14:21.409 7283 7283 D Pine : handleCall for method public java.lang.String android.app.ContextImpl.getOpPackageName()
02-20 19:14:21.413 7283 7283 I Pine : handleBridge: artMethod=0x7116d018 originExtras=0xb4000071765e2200 extras=0xb40000717652ad60 sp=0x7ff6d178e0
02-20 19:14:21.414 7283 7283 D Pine : handleCall for method public java.lang.String android.app.ContextImpl.getOpPackageName()
02-20 19:14:21.417 7283 7283 I Pine : handleBridge: artMethod=0x7116d018 originExtras=0xb4000071765e2200 extras=0xb40000717652ad60 sp=0x7ff6d17820
02-20 19:14:21.417 7283 7283 D Pine : handleCall for method public java.lang.String android.app.ContextImpl.getOpPackageName()
02-20 19:14:21.419 7283 7283 I Pine : handleBridge: artMethod=0x7116d018 originExtras=0xb4000071765e2200 extras=0xb40000717652ad60 sp=0x7ff6d17820
02-20 19:14:21.419 7283 7283 D Pine : handleCall for method public java.lang.String android.app.ContextImpl.getOpPackageName()
02-20 19:14:21.424 7283 7283 I Pine : handleBridge: artMethod=0x7116d018 originExtras=0xb4000071765e2200 extras=0xb40000717652ae20 sp=0x7ff6d178e0
02-20 19:14:21.425 7283 7283 D Pine : handleCall for method public java.lang.String android.app.ContextImpl.getOpPackageName()
02-20 19:14:21.428 7283 7283 I Pine : handleBridge: artMethod=0x7116d018 originExtras=0xb4000071765e2200 extras=0xb40000717652ae20 sp=0x7ff6d17820
02-20 19:14:21.428 7283 7283 D Pine : handleCall for method public java.lang.String android.app.ContextImpl.getOpPackageName()
02-20 19:14:21.431 7283 7283 I Pine : handleBridge: artMethod=0x7116d018 originExtras=0xb4000071765e2200 extras=0xb40000717652ae20 sp=0x7ff6d17820
02-20 19:14:21.431 7283 7283 D Pine : handleCall for method public java.lang.String android.app.ContextImpl.getOpPackageName()
02-20 19:14:21.444 7283 7283 I Pine : handleBridge: artMethod=0x7116d018 originExtras=0xb4000071765e2200 extras=0xb40000717652afa0 sp=0x7ff6d178e0
02-20 19:14:21.444 7283 7283 D Pine : handleCall for method public java.lang.String android.app.ContextImpl.getOpPackageName()
02-20 19:14:21.447 7283 7283 I Pine : handleBridge: artMethod=0x7116d018 originExtras=0xb4000071765e2200 extras=0xb40000717652afa0 sp=0x7ff6d17820
02-20 19:14:21.447 7283 7283 D Pine : handleCall for method public java.lang.String android.app.ContextImpl.getOpPackageName()
02-20 19:14:21.449 7283 7283 I Pine : handleBridge: artMethod=0x7116d018 originExtras=0xb4000071765e2200 extras=0xb40000717652afa0 sp=0x7ff6d17820
02-20 19:14:21.449 7283 7283 D Pine : handleCall for method public java.lang.String android.app.ContextImpl.getOpPackageName()
02-20 19:14:21.459 7283 7283 I Pine : handleBridge: artMethod=0x7116d018 originExtras=0xb4000071765e2200 extras=0xb4000071765e1180 sp=0x7ff6d178e0
02-20 19:14:21.459 7283 7283 D Pine : handleCall for method public java.lang.String android.app.ContextImpl.getOpPackageName()
02-20 19:14:21.461 7283 7283 I Pine : handleBridge: artMethod=0x7116d018 originExtras=0xb4000071765e2200 extras=0xb4000071765e1180 sp=0x7ff6d17820
02-20 19:14:21.462 7283 7283 D Pine : handleCall for method public java.lang.String android.app.ContextImpl.getOpPackageName()
02-20 19:14:21.464 7283 7283 I Pine : handleBridge: artMethod=0x7116d018 originExtras=0xb4000071765e2200 extras=0xb4000071765e1180 sp=0x7ff6d17820
02-20 19:14:21.464 7283 7283 D Pine : handleCall for method public java.lang.String android.app.ContextImpl.getOpPackageName()
02-20 19:14:21.470 7283 7283 I Pine : handleBridge: artMethod=0x7116d018 originExtras=0xb4000071765e2200 extras=0xb4000071765e1300 sp=0x7ff6d178e0
02-20 19:14:21.471 7283 7283 D Pine : handleCall for method public java.lang.String android.app.ContextImpl.getOpPackageName()
02-20 19:14:21.474 7283 7283 I Pine : handleBridge: artMethod=0x7116d018 originExtras=0xb4000071765e2200 extras=0xb4000071765e1300 sp=0x7ff6d17820
02-20 19:14:21.474 7283 7283 D Pine : handleCall for method public java.lang.String android.app.ContextImpl.getOpPackageName()
02-20 19:14:21.476 7283 7283 I Pine : handleBridge: artMethod=0x7116d018 originExtras=0xb4000071765e2200 extras=0xb4000071765e1300 sp=0x7ff6d17820
02-20 19:14:21.476 7283 7283 D Pine : handleCall for method public java.lang.String android.app.ContextImpl.getOpPackageName()
02-20 19:14:21.489 7283 7283 I Pine : handleBridge: artMethod=0x7116d018 originExtras=0xb4000071765e2200 extras=0xb40000716cf505a0 sp=0x7ff6d178e0
02-20 19:14:21.489 7283 7283 D Pine : handleCall for method public java.lang.String android.app.ContextImpl.getOpPackageName()
02-20 19:14:21.492 7283 7283 I Pine : handleBridge: artMethod=0x7116d018 originExtras=0xb4000071765e2200 extras=0xb40000716cf505a0 sp=0x7ff6d17820
02-20 19:14:21.493 7283 7283 D Pine : handleCall for method public java.lang.String android.app.ContextImpl.getOpPackageName()
02-20 19:14:21.495 7283 7283 I Pine : handleBridge: artMethod=0x7116d018 originExtras=0xb4000071765e2200 extras=0xb40000716cf505a0 sp=0x7ff6d17820
02-20 19:14:21.495 7283 7283 D Pine : handleCall for method public java.lang.String android.app.ContextImpl.getOpPackageName()
02-20 19:14:21.501 7283 7283 I Pine : handleBridge: artMethod=0x7116d018 originExtras=0xb4000071765e2200 extras=0xb40000716cf506c0 sp=0x7ff6d178e0
02-20 19:14:21.502 7283 7283 D Pine : handleCall for method public java.lang.String android.app.ContextImpl.getOpPackageName()
02-20 19:14:21.506 7283 7283 I Pine : handleBridge: artMethod=0x7116d018 originExtras=0xb4000071765e2200 extras=0xb40000716cf506c0 sp=0x7ff6d17820
02-20 19:14:21.506 7283 7283 D Pine : handleCall for method public java.lang.String android.app.ContextImpl.getOpPackageName()
02-20 19:14:21.509 7283 7283 I Pine : handleBridge: artMethod=0x7116d018 originExtras=0xb4000071765e2200 extras=0xb40000716cf506c0 sp=0x7ff6d17820
02-20 19:14:21.509 7283 7283 D Pine : handleCall for method public java.lang.String android.app.ContextImpl.getOpPackageName()
02-20 19:14:21.514 7283 7283 I Pine : handleBridge: artMethod=0x7116d018 originExtras=0xb4000071765e2200 extras=0xb40000716cf50780 sp=0x7ff6d178e0
02-20 19:14:21.514 7283 7283 D Pine : handleCall for method public java.lang.String android.app.ContextImpl.getOpPackageName()
02-20 19:14:21.517 7283 7283 I Pine : handleBridge: artMethod=0x7116d018 originExtras=0xb4000071765e2200 extras=0xb40000716cf50780 sp=0x7ff6d17820
02-20 19:14:21.517 7283 7283 D Pine : handleCall for method public java.lang.String android.app.ContextImpl.getOpPackageName()
02-20 19:14:21.519 7283 7283 I Pine : handleBridge: artMethod=0x7116d018 originExtras=0xb4000071765e2200 extras=0xb40000716cf50780 sp=0x7ff6d17820
02-20 19:14:21.520 7283 7283 D Pine : handleCall for method public java.lang.String android.app.ContextImpl.getOpPackageName()
02-20 19:14:21.545 7283 7283 I Pine : handleBridge: artMethod=0x7116d018 originExtras=0xb4000071765e2200 extras=0xb40000716cf50ea0 sp=0x7ff6d178e0
02-20 19:14:21.545 7283 7283 D Pine : handleCall for method public java.lang.String android.app.ContextImpl.getOpPackageName()
02-20 19:14:21.547 7283 7283 I Pine : handleBridge: artMethod=0x7116d018 originExtras=0xb4000071765e2200 extras=0xb40000716cf50ea0 sp=0x7ff6d17820
02-20 19:14:21.548 7283 7283 D Pine : handleCall for method public java.lang.String android.app.ContextImpl.getOpPackageName()
02-20 19:14:21.549 7283 7283 I Pine : handleBridge: artMethod=0x7116d018 originExtras=0xb4000071765e2200 extras=0xb40000716cf50ea0 sp=0x7ff6d17820
02-20 19:14:21.549 7283 7283 D Pine : handleCall for method public java.lang.String android.app.ContextImpl.getOpPackageName()
02-20 19:14:21.560 7283 7283 I Pine : handleBridge: artMethod=0x7116d018 originExtras=0xb4000071765e2200 extras=0xb40000716cf51020 sp=0x7ff6d178e0
02-20 19:14:21.560 7283 7283 D Pine : handleCall for method public java.lang.String android.app.ContextImpl.getOpPackageName()
02-20 19:14:21.563 7283 7283 I Pine : handleBridge: artMethod=0x7116d018 originExtras=0xb4000071765e2200 extras=0xb40000716cf51020 sp=0x7ff6d17820
02-20 19:14:21.563 7283 7283 D Pine : handleCall for method public java.lang.String android.app.ContextImpl.getOpPackageName()
02-20 19:14:21.565 7283 7283 I Pine : handleBridge: artMethod=0x7116d018 originExtras=0xb4000071765e2200 extras=0xb40000716cf51020 sp=0x7ff6d17820
02-20 19:14:21.565 7283 7283 D Pine : handleCall for method public java.lang.String android.app.ContextImpl.getOpPackageName()
02-20 19:14:21.579 7283 7283 I ViewRootImpl@8f87623[EULA]: performTraversals params={(0,0)(fillxfill) sim={adjust=pan forwardNavigation} ty=BASE_APPLICATION wanim=0x1030309
02-20 19:14:21.579 7283 7283 I ViewRootImpl@8f87623[EULA]: fl=81810100
02-20 19:14:21.579 7283 7283 I ViewRootImpl@8f87623[EULA]: pfl=12020040
02-20 19:14:21.579 7283 7283 I ViewRootImpl@8f87623[EULA]: vsysui=2010
02-20 19:14:21.579 7283 7283 I ViewRootImpl@8f87623[EULA]: apr=LIGHT_STATUS_BARS LIGHT_NAVIGATION_BARS
02-20 19:14:21.579 7283 7283 I ViewRootImpl@8f87623[EULA]: bhv=DEFAULT
02-20 19:14:21.579 7283 7283 I ViewRootImpl@8f87623[EULA]: fitSides= naviIconColor=0}
02-20 19:14:21.583 7283 7283 I ViewRootImpl@8f87623[EULA]: performTraversals mFirst=true windowShouldResize=true viewVisibilityChanged=false mForceNextWindowRelayout=false params={(0,0)(fillxfill) sim={adjust=pan forwardNavigation} ty=BASE_APPLICATION wanim=0x1030309
02-20 19:14:21.583 7283 7283 I ViewRootImpl@8f87623[EULA]: fl=81810100
02-20 19:14:21.583 7283 7283 I ViewRootImpl@8f87623[EULA]: pfl=12020040
02-20 19:14:21.583 7283 7283 I ViewRootImpl@8f87623[EULA]: vsysui=2010
02-20 19:14:21.583 7283 7283 I ViewRootImpl@8f87623[EULA]: apr=LIGHT_STATUS_BARS LIGHT_NAVIGATION_BARS
02-20 19:14:21.583 7283 7283 I ViewRootImpl@8f87623[EULA]: bhv=DEFAULT
02-20 19:14:21.583 7283 7283 I ViewRootImpl@8f87623[EULA]: fitSides= naviIconColor=0}
02-20 19:14:21.600 7283 7283 D InsetsController: onStateChanged: InsetsState: {mDisplayFrame=Rect(0, 0 - 720, 1600), mDisplayCutout=DisplayCutout{insets=Rect(0, 45 - 0, 0) waterfall=Insets{left=0, top=0, right=0, bottom=0} boundingRect={Bounds=[Rect(0, 0 - 0, 0), Rect(272, 0 - 448, 45), Rect(0, 0 - 0, 0), Rect(0, 0 - 0, 0)]} cutoutPathParserInfo={CutoutPathParserInfo{displayWidth=720 displayHeight=1600 physicalDisplayWidth=720 physicalDisplayHeight=1600 density={1.875} cutoutSpec={M 0,0 H -46.93333333333333 V 24 H 46.93333333333333 V 0 H 0 Z @dp} rotation={0} scale={1.0} physicalPixelDisplaySizeRatio={1.0}}}}, mRoundedCorners=RoundedCorners{[RoundedCorner{position=TopLeft, radius=60, center=Point(60, 60)}, RoundedCorner{position=TopRight, radius=60, center=Point(660, 60)}, RoundedCorner{position=BottomRight, radius=60, center=Point(660, 1540)}, RoundedCorner{position=BottomLeft, radius=60, center=Point(60, 1540)}]} mRoundedCornerFrame=Rect(0, 0 - 720, 1600), mPrivacyIndicatorBounds=PrivacyIndicatorBounds {static bounds=Rect(637, 0 - 720, 49) rotation=0}, mSources= { InsetsSource: {mType=ITYPE_STATUS_BAR, mFrame=[0,0] [720,49], mVisible=true, mInsetsRoundedCornerFrame=false}, InsetsSource: {mType=ITYPE_NAVIGATION_BAR, mFrame=[0,1572][720,1600], mVisible=true, mInsetsRoundedCornerFrame=false}, InsetsSource: {mType=ITYPE_LEFT_GESTURES, mFrame=[0,0][56,1600], mVisible=true, mInsetsRoundedCornerFrame=false}, InsetsSource: {mType=ITYPE_RIGHT_GESTURES, mFrame=[664,0][720,1600], mVisible=true, mInsetsRoundedCornerFrame=false}, InsetsSource: {mType=ITYPE_TOP_MANDATORY_GESTURES, mFrame=[0,0][720,68], mVisible=true, mInsetsRoundedCornerFrame=false}, InsetsSource: {mType=ITYPE_BOTTOM_MANDATORY_GESTURES, mFrame=[0,1540][720,1600], mVisible=true, mInsetsRoundedCornerFrame=false}, InsetsSource: {mType=ITYPE_LEFT_DISPLAY_CUTOUT, mFrame=[0,0][-100000,1600], mVisible=true, mInsetsRoundedCornerFrame=false}, InsetsSource: {mType=ITYPE_TOP_DISPLAY_CUTOUT, mFrame=[0,0][720,45], mVisible=true, mInsetsRoundedCornerFrame=false}, InsetsSource: {mType=ITYPE_RIGHT_DISPLAY_CUTOUT, mFrame=[100000,0][720,1600], mVisible=true, mInsetsRoundedCornerFrame=false}, InsetsSource: {mType=ITYPE_BOTTOM_DISPLAY_CUTOUT, mFrame=[0,100000][720,1600], mVisible=true, mInsetsRoundedCornerFrame=false}, InsetsSource: {mType=ITYPE_TOP_TAPPABLE_ELEMENT, mFrame=[0,0][720,49], mVisible=true, mInsetsRoundedCornerFrame=false}, InsetsSource: {mType=ITYPE_BOTTOM_TAPPABLE_ELEMENT, mFrame=[0,0][0,0], mVisible=true, mInsetsRoundedCornerFrame=false}, InsetsSource: {mType=ITYPE_IME, mFrame=[0,0] [0,0], mVisibleFrame=[0,928][720,1600], mVisible=false, mInsetsRoundedCornerFrame=false} } host=com.whatsapp/com.whatsapp.registration.EULA from=android.view.ViewRootImpl.relayoutWindow:9802
02-20 19:14:21.602 7283 7283 I ViewRootImpl@8f87623[EULA]: updateBlastSurfaceIfNeeded mBlastBufferQueue=null isSameSurfaceControl=false
02-20 19:14:21.603 7283 7283 D BufferQueueConsumer: [](id:1c7300000001,api:0,p:- 1,c:7283) connect: controlledByApp=false
02-20 19:14:21.606 7283 7283 I BLASTBufferQueue: new BLASTBufferQueue, mName= ViewRootImpl@8f87623[EULA] mNativeObject= 0xb4000070cddfe900 sc.mNativeObject= 0xb40000716cf74020 caller= android.view.ViewRootImpl.updateBlastSurfaceIfNeeded:2909 android.view.ViewRootImpl.relayoutWindow:9847 android.view.ViewRootImpl.performTraversals:3884 android.view.ViewRootImpl.doTraversal:3116 android.view.ViewRootImpl$TraversalRunnable.run:10885 android.view.Choreographer$CallbackRecord.run:1301 android.view.Choreographer$CallbackRecord.run:1309 android.view.Choreographer.doCallbacks:923 android.view.Choreographer.doFrame:852 android.view.Choreographer$FrameDisplayEventReceiver.run:1283
02-20 19:14:21.606 7283 7283 I BLASTBufferQueue: update, w= 720 h= 1600 mName = ViewRootImpl@8f87623[EULA] mNativeObject= 0xb4000070cddfe900 sc.mNativeObject= 0xb40000716cf74020 format= -1 caller= android.graphics.BLASTBufferQueue.<init>:84 android.view.ViewRootImpl.updateBlastSurfaceIfNeeded:2909 android.view.ViewRootImpl.relayoutWindow:9847 android.view.ViewRootImpl.performTraversals:3884 android.view.ViewRootImpl.doTraversal:3116 android.view.ViewRootImpl$TraversalRunnable.run:10885
02-20 19:14:21.607 7283 7283 I ViewRootImpl@8f87623[EULA]: Relayout returned: old=(0,0,720,1600) new=(0,0,720,1600) req=(720,1600)0 dur=19 res=0x3 s={true 0xb4000070cde8f800} ch=true seqId=0
02-20 19:14:21.608 7283 7283 I ViewRootImpl@8f87623[EULA]: mThreadedRenderer.initialize() mSurface={isValid=true 0xb4000070cde8f800} hwInitialized=true
02-20 19:14:21.609 7283 7283 I Pine : handleBridge: artMethod=0x7116d018 originExtras=0xb4000071765e2200 extras=0xb40000716cf511a0 sp=0x7ff6d17960
02-20 19:14:21.610 7283 7283 D Pine : handleCall for method public java.lang.String android.app.ContextImpl.getOpPackageName()
02-20 19:14:21.610 7283 7391 D BufferQueueProducer: [ViewRootImpl@8f87623[EULA]#0(BLAST Consumer)0] (id:1c7300000001,api:1,p:7283,c:7283) connect: api=1 producerControlledByApp=true
02-20 19:14:21.611 7283 7391 D OpenGLRenderer: eglCreateWindowSurface
02-20 19:14:21.613 7283 7283 I Pine : handleBridge: artMethod=0x7116d018 originExtras=0xb4000071765e2200 extras=0xb40000716cf511a0 sp=0x7ff6d178a0
02-20 19:14:21.613 7283 7283 D Pine : handleCall for method public java.lang.String android.app.ContextImpl.getOpPackageName()
02-20 19:14:21.615 7283 7283 I Pine : handleBridge: artMethod=0x7116d018 originExtras=0xb4000071765e2200 extras=0xb40000716cf511a0 sp=0x7ff6d178a0
02-20 19:14:21.615 7283 7283 D Pine : handleCall for method public java.lang.String android.app.ContextImpl.getOpPackageName()
02-20 19:14:21.620 7283 7283 I Pine : handleBridge: artMethod=0x7116d018 originExtras=0xb4000071765e2200 extras=0xb40000716cf511a0 sp=0x7ff6d17960
02-20 19:14:21.620 7283 7283 D Pine : handleCall for method public java.lang.String android.app.ContextImpl.getOpPackageName()
02-20 19:14:21.622 7283 7424 E ion : ioctl c0044901 failed with code -1: Invalid argument
02-20 19:14:21.624 7283 7283 I Pine : handleBridge: artMethod=0x7116d018 originExtras=0xb4000071765e2200 extras=0xb40000716cf511a0 sp=0x7ff6d178a0
02-20 19:14:21.624 7283 7283 D Pine : handleCall for method public java.lang.String android.app.ContextImpl.getOpPackageName()
02-20 19:14:21.626 7283 7283 I Pine : handleBridge: artMethod=0x7116d018 originExtras=0xb4000071765e2200 extras=0xb40000716cf511a0 sp=0x7ff6d178a0
02-20 19:14:21.626 7283 7283 D Pine : handleCall for method public java.lang.String android.app.ContextImpl.getOpPackageName()
02-20 19:14:21.630 7283 7283 I Pine : handleBridge: artMethod=0x7116d018 originExtras=0xb4000071765e2200 extras=0xb40000716cf511a0 sp=0x7ff6d17960
02-20 19:14:21.630 7283 7283 D Pine : handleCall for method public java.lang.String android.app.ContextImpl.getOpPackageName()
02-20 19:14:21.633 7283 7283 I Pine : handleBridge: artMethod=0x7116d018 originExtras=0xb4000071765e2200 extras=0xb40000716cf511a0 sp=0x7ff6d178a0
02-20 19:14:21.633 7283 7283 D Pine : handleCall for method public java.lang.String android.app.ContextImpl.getOpPackageName()
02-20 19:14:21.635 7283 7283 I Pine : handleBridge: artMethod=0x7116d018 originExtras=0xb4000071765e2200 extras=0xb40000716cf511a0 sp=0x7ff6d178a0
02-20 19:14:21.635 7283 7283 D Pine : handleCall for method public java.lang.String android.app.ContextImpl.getOpPackageName()
02-20 19:14:21.639 7283 7283 I Pine : handleBridge: artMethod=0x7116d018 originExtras=0xb4000071765e2200 extras=0xb40000716cf511a0 sp=0x7ff6d17960
02-20 19:14:21.639 7283 7283 D Pine : handleCall for method public java.lang.String android.app.ContextImpl.getOpPackageName()
02-20 19:14:21.642 7283 7283 I Pine : handleBridge: artMethod=0x7116d018 originExtras=0xb4000071765e2200 extras=0xb40000716cf511a0 sp=0x7ff6d178a0
02-20 19:14:21.642 7283 7283 D Pine : handleCall for method public java.lang.String android.app.ContextImpl.getOpPackageName()
02-20 19:14:21.644 7283 7283 I Pine : handleBridge: artMethod=0x7116d018 originExtras=0xb4000071765e2200 extras=0xb40000716cf511a0 sp=0x7ff6d178a0
02-20 19:14:21.644 7283 7283 D Pine : handleCall for method public java.lang.String android.app.ContextImpl.getOpPackageName()
02-20 19:14:21.647 7283 7283 I Pine : handleBridge: artMethod=0x7116d018 originExtras=0xb4000071765e2200 extras=0xb40000716cf511a0 sp=0x7ff6d17960
02-20 19:14:21.648 7283 7283 D Pine : handleCall for method public java.lang.String android.app.ContextImpl.getOpPackageName()
02-20 19:14:21.650 7283 7283 I Pine : handleBridge: artMethod=0x7116d018 originExtras=0xb4000071765e2200 extras=0xb40000716cf511a0 sp=0x7ff6d178a0
02-20 19:14:21.650 7283 7283 D Pine : handleCall for method public java.lang.String android.app.ContextImpl.getOpPackageName()
02-20 19:14:21.652 7283 7283 I Pine : handleBridge: artMethod=0x7116d018 originExtras=0xb4000071765e2200 extras=0xb40000716cf511a0 sp=0x7ff6d178a0
02-20 19:14:21.652 7283 7283 D Pine : handleCall for method public java.lang.String android.app.ContextImpl.getOpPackageName()
02-20 19:14:21.656 7283 7283 I Pine : handleBridge: artMethod=0x7116d018 originExtras=0xb4000071765e2200 extras=0xb40000716cf511a0 sp=0x7ff6d17960
02-20 19:14:21.656 7283 7283 D Pine : handleCall for method public java.lang.String android.app.ContextImpl.getOpPackageName()
02-20 19:14:21.659 7283 7283 I Pine : handleBridge: artMethod=0x7116d018 originExtras=0xb4000071765e2200 extras=0xb40000716cf511a0 sp=0x7ff6d178a0
02-20 19:14:21.659 7283 7283 D Pine : handleCall for method public java.lang.String android.app.ContextImpl.getOpPackageName()
02-20 19:14:21.661 7283 7283 I Pine : handleBridge: artMethod=0x7116d018 originExtras=0xb4000071765e2200 extras=0xb40000716cf511a0 sp=0x7ff6d178a0
02-20 19:14:21.661 7283 7283 D Pine : handleCall for method public java.lang.String android.app.ContextImpl.getOpPackageName()
02-20 19:14:21.665 7283 7283 I Pine : handleBridge: artMethod=0x7116d018 originExtras=0xb4000071765e2200 extras=0xb40000716cf511a0 sp=0x7ff6d17960
02-20 19:14:21.665 7283 7283 D Pine : handleCall for method public java.lang.String android.app.ContextImpl.getOpPackageName()
02-20 19:14:21.668 7283 7283 I Pine : handleBridge: artMethod=0x7116d018 originExtras=0xb4000071765e2200 extras=0xb40000716cf511a0 sp=0x7ff6d178a0
02-20 19:14:21.668 7283 7283 D Pine : handleCall for method public java.lang.String android.app.ContextImpl.getOpPackageName()
02-20 19:14:21.670 7283 7283 I Pine : handleBridge: artMethod=0x7116d018 originExtras=0xb4000071765e2200 extras=0xb40000716cf511a0 sp=0x7ff6d178a0
02-20 19:14:21.670 7283 7283 D Pine : handleCall for method public java.lang.String android.app.ContextImpl.getOpPackageName()
02-20 19:14:21.673 7283 7283 I Pine : handleBridge: artMethod=0x7116d018 originExtras=0xb4000071765e2200 extras=0xb40000716cf511a0 sp=0x7ff6d17960
02-20 19:14:21.674 7283 7283 D Pine : handleCall for method public java.lang.String android.app.ContextImpl.getOpPackageName()
02-20 19:14:21.676 7283 7283 I Pine : handleBridge: artMethod=0x7116d018 originExtras=0xb4000071765e2200 extras=0xb40000716cf511a0 sp=0x7ff6d178a0
02-20 19:14:21.676 7283 7283 D Pine : handleCall for method public java.lang.String android.app.ContextImpl.getOpPackageName()
02-20 19:14:21.678 7283 7283 I Pine : handleBridge: artMethod=0x7116d018 originExtras=0xb4000071765e2200 extras=0xb40000716cf511a0 sp=0x7ff6d178a0
02-20 19:14:21.678 7283 7283 D Pine : handleCall for method public java.lang.String android.app.ContextImpl.getOpPackageName()
02-20 19:14:21.682 7283 7283 I Pine : handleBridge: artMethod=0x7116d018 originExtras=0xb4000071765e2200 extras=0xb40000716cf511a0 sp=0x7ff6d17960
02-20 19:14:21.682 7283 7283 D Pine : handleCall for method public java.lang.String android.app.ContextImpl.getOpPackageName()
02-20 19:14:21.685 7283 7283 I Pine : handleBridge: artMethod=0x7116d018 originExtras=0xb4000071765e2200 extras=0xb40000716cf511a0 sp=0x7ff6d178a0
02-20 19:14:21.685 7283 7283 D Pine : handleCall for method public java.lang.String android.app.ContextImpl.getOpPackageName()
02-20 19:14:21.687 7283 7283 I Pine : handleBridge: artMethod=0x7116d018 originExtras=0xb4000071765e2200 extras=0xb40000716cf511a0 sp=0x7ff6d178a0
02-20 19:14:21.687 7283 7283 D Pine : handleCall for method public java.lang.String android.app.ContextImpl.getOpPackageName()
02-20 19:14:21.690 7283 7283 I Pine : handleBridge: artMethod=0x7116d018 originExtras=0xb4000071765e2200 extras=0xb40000716cf511a0 sp=0x7ff6d17960
02-20 19:14:21.691 7283 7283 D Pine : handleCall for method public java.lang.String android.app.ContextImpl.getOpPackageName()
02-20 19:14:21.693 7283 7283 I Pine : handleBridge: artMethod=0x7116d018 originExtras=0xb4000071765e2200 extras=0xb40000716cf511a0 sp=0x7ff6d178a0
02-20 19:14:21.693 7283 7283 D Pine : handleCall for method public java.lang.String android.app.ContextImpl.getOpPackageName()
02-20 19:14:21.695 7283 7283 I Pine : handleBridge: artMethod=0x7116d018 originExtras=0xb4000071765e2200 extras=0xb40000716cf511a0 sp=0x7ff6d178a0
02-20 19:14:21.695 7283 7283 D Pine : handleCall for method public java.lang.String android.app.ContextImpl.getOpPackageName()
02-20 19:14:21.699 7283 7283 I Pine : handleBridge: artMethod=0x7116d018 originExtras=0xb4000071765e2200 extras=0xb40000716cf511a0 sp=0x7ff6d17960
02-20 19:14:21.699 7283 7283 D Pine : handleCall for method public java.lang.String android.app.ContextImpl.getOpPackageName()
02-20 19:14:21.702 7283 7283 I Pine : handleBridge: artMethod=0x7116d018 originExtras=0xb4000071765e2200 extras=0xb40000716cf511a0 sp=0x7ff6d178a0
02-20 19:14:21.702 7283 7283 D Pine : handleCall for method public java.lang.String android.app.ContextImpl.getOpPackageName()
02-20 19:14:21.704 7283 7283 I Pine : handleBridge: artMethod=0x7116d018 originExtras=0xb4000071765e2200 extras=0xb40000716cf511a0 sp=0x7ff6d178a0
02-20 19:14:21.704 7283 7283 D Pine : handleCall for method public java.lang.String android.app.ContextImpl.getOpPackageName()
02-20 19:14:21.708 7283 7283 I Pine : handleBridge: artMethod=0x7116d018 originExtras=0xb4000071765e2200 extras=0xb40000716cf511a0 sp=0x7ff6d17960
02-20 19:14:21.708 7283 7283 D Pine : handleCall for method public java.lang.String android.app.ContextImpl.getOpPackageName()
02-20 19:14:21.711 7283 7283 I Pine : handleBridge: artMethod=0x7116d018 originExtras=0xb4000071765e2200 extras=0xb40000716cf511a0 sp=0x7ff6d178a0
02-20 19:14:21.711 7283 7283 D Pine : handleCall for method public java.lang.String android.app.ContextImpl.getOpPackageName()
02-20 19:14:21.713 7283 7283 I Pine : handleBridge: artMethod=0x7116d018 originExtras=0xb4000071765e2200 extras=0xb40000716cf511a0 sp=0x7ff6d178a0
02-20 19:14:21.713 7283 7283 D Pine : handleCall for method public java.lang.String android.app.ContextImpl.getOpPackageName()
02-20 19:14:21.731 7283 7283 I Pine : handleBridge: artMethod=0x7116d018 originExtras=0xb4000071765e2200 extras=0xb40000716cf52b20 sp=0x7ff6d17830
02-20 19:14:21.731 7283 7283 D Pine : handleCall for method public java.lang.String android.app.ContextImpl.getOpPackageName()
02-20 19:14:21.734 7283 7283 I Pine : handleBridge: artMethod=0x7116d018 originExtras=0xb4000071765e2200 extras=0xb40000716cf52b20 sp=0x7ff6d17770
02-20 19:14:21.734 7283 7283 D Pine : handleCall for method public java.lang.String android.app.ContextImpl.getOpPackageName()
02-20 19:14:21.736 7283 7283 I Pine : handleBridge: artMethod=0x7116d018 originExtras=0xb4000071765e2200 extras=0xb40000716cf52b20 sp=0x7ff6d17770
02-20 19:14:21.736 7283 7283 D Pine : handleCall for method public java.lang.String android.app.ContextImpl.getOpPackageName()
02-20 19:14:21.745 7283 7283 I Pine : handleBridge: artMethod=0x7116d018 originExtras=0xb4000071765e2200 extras=0xb4000070dda68960 sp=0x7ff6d17830
02-20 19:14:21.745 7283 7283 D Pine : handleCall for method public java.lang.String android.app.ContextImpl.getOpPackageName()
02-20 19:14:21.748 7283 7283 I Pine : handleBridge: artMethod=0x7116d018 originExtras=0xb4000071765e2200 extras=0xb4000070dda68960 sp=0x7ff6d17770
02-20 19:14:21.748 7283 7283 D Pine : handleCall for method public java.lang.String android.app.ContextImpl.getOpPackageName()
02-20 19:14:21.751 7283 7283 I Pine : handleBridge: artMethod=0x7116d018 originExtras=0xb4000071765e2200 extras=0xb4000070dda68960 sp=0x7ff6d17770
02-20 19:14:21.751 7283 7283 D Pine : handleCall for method public java.lang.String android.app.ContextImpl.getOpPackageName()
02-20 19:14:21.754 7283 7283 I Pine : handleBridge: artMethod=0x7116d018 originExtras=0xb4000071765e2200 extras=0xb4000070dda68b40 sp=0x7ff6d17830
02-20 19:14:21.754 7283 7283 D Pine : handleCall for method public java.lang.String android.app.ContextImpl.getOpPackageName()
02-20 19:14:21.757 7283 7283 I Pine : handleBridge: artMethod=0x7116d018 originExtras=0xb4000071765e2200 extras=0xb4000070dda68b40 sp=0x7ff6d17770
02-20 19:14:21.758 7283 7283 D Pine : handleCall for method public java.lang.String android.app.ContextImpl.getOpPackageName()
02-20 19:14:21.759 7283 7283 I Pine : handleBridge: artMethod=0x7116d018 originExtras=0xb4000071765e2200 extras=0xb4000070dda68b40 sp=0x7ff6d17770
02-20 19:14:21.760 7283 7283 D Pine : handleCall for method public java.lang.String android.app.ContextImpl.getOpPackageName()
02-20 19:14:21.763 7283 7283 I Pine : handleBridge: artMethod=0x7116d018 originExtras=0xb4000071765e2200 extras=0xb4000070dda68d20 sp=0x7ff6d17830
02-20 19:14:21.764 7283 7283 D Pine : handleCall for method public java.lang.String android.app.ContextImpl.getOpPackageName()
02-20 19:14:21.766 7283 7283 I Pine : handleBridge: artMethod=0x7116d018 originExtras=0xb4000071765e2200 extras=0xb4000070dda68d20 sp=0x7ff6d17770
02-20 19:14:21.767 7283 7283 D Pine : handleCall for method public java.lang.String android.app.ContextImpl.getOpPackageName()
02-20 19:14:21.768 7283 7283 I Pine : handleBridge: artMethod=0x7116d018 originExtras=0xb4000071765e2200 extras=0xb4000070dda68d20 sp=0x7ff6d17770
02-20 19:14:21.768 7283 7283 D Pine : handleCall for method public java.lang.String android.app.ContextImpl.getOpPackageName()
02-20 19:14:21.773 7283 7283 I Pine : handleBridge: artMethod=0x7116d018 originExtras=0xb4000071765e2200 extras=0xb4000070dda68f00 sp=0x7ff6d17830
02-20 19:14:21.773 7283 7283 D Pine : handleCall for method public java.lang.String android.app.ContextImpl.getOpPackageName()
02-20 19:14:21.776 7283 7283 I Pine : handleBridge: artMethod=0x7116d018 originExtras=0xb4000071765e2200 extras=0xb4000070dda68f00 sp=0x7ff6d17770
02-20 19:14:21.776 7283 7283 D Pine : handleCall for method public java.lang.String android.app.ContextImpl.getOpPackageName()
02-20 19:14:21.778 7283 7283 I Pine : handleBridge: artMethod=0x7116d018 originExtras=0xb4000071765e2200 extras=0xb4000070dda68f00 sp=0x7ff6d17770
02-20 19:14:21.778 7283 7283 D Pine : handleCall for method public java.lang.String android.app.ContextImpl.getOpPackageName()
02-20 19:14:21.782 7283 7283 I Pine : handleBridge: artMethod=0x7116d018 originExtras=0xb4000071765e2200 extras=0xb4000070dda690e0 sp=0x7ff6d17830
02-20 19:14:21.782 7283 7283 D Pine : handleCall for method public java.lang.String android.app.ContextImpl.getOpPackageName()
02-20 19:14:21.785 7283 7283 I Pine : handleBridge: artMethod=0x7116d018 originExtras=0xb4000071765e2200 extras=0xb4000070dda690e0 sp=0x7ff6d17770
02-20 19:14:21.786 7283 7283 D Pine : handleCall for method public java.lang.String android.app.ContextImpl.getOpPackageName()
02-20 19:14:21.787 7283 7283 I Pine : handleBridge: artMethod=0x7116d018 originExtras=0xb4000071765e2200 extras=0xb4000070dda690e0 sp=0x7ff6d17770
02-20 19:14:21.788 7283 7283 D Pine : handleCall for method public java.lang.String android.app.ContextImpl.getOpPackageName()
02-20 19:14:21.791 7283 7283 I Pine : handleBridge: artMethod=0x7116d018 originExtras=0xb4000071765e2200 extras=0xb4000070dda692c0 sp=0x7ff6d17830
02-20 19:14:21.792 7283 7283 D Pine : handleCall for method public java.lang.String android.app.ContextImpl.getOpPackageName()
02-20 19:14:21.794 7283 7283 I Pine : handleBridge: artMethod=0x7116d018 originExtras=0xb4000071765e2200 extras=0xb4000070dda692c0 sp=0x7ff6d17770
02-20 19:14:21.794 7283 7283 D Pine : handleCall for method public java.lang.String android.app.ContextImpl.getOpPackageName()
02-20 19:14:21.796 7283 7283 I Pine : handleBridge: artMethod=0x7116d018 originExtras=0xb4000071765e2200 extras=0xb4000070dda692c0 sp=0x7ff6d17770
02-20 19:14:21.796 7283 7283 D Pine : handleCall for method public java.lang.String android.app.ContextImpl.getOpPackageName()
02-20 19:14:21.800 7283 7283 I Pine : handleBridge: artMethod=0x7116d018 originExtras=0xb4000071765e2200 extras=0xb4000070dda694a0 sp=0x7ff6d17830
02-20 19:14:21.800 7283 7283 D Pine : handleCall for method public java.lang.String android.app.ContextImpl.getOpPackageName()
02-20 19:14:21.803 7283 7283 I Pine : handleBridge: artMethod=0x7116d018 originExtras=0xb4000071765e2200 extras=0xb4000070dda694a0 sp=0x7ff6d17770
02-20 19:14:21.803 7283 7283 D Pine : handleCall for method public java.lang.String android.app.ContextImpl.getOpPackageName()
02-20 19:14:21.805 7283 7283 I Pine : handleBridge: artMethod=0x7116d018 originExtras=0xb4000071765e2200 extras=0xb4000070dda694a0 sp=0x7ff6d17770
02-20 19:14:21.805 7283 7283 D Pine : handleCall for method public java.lang.String android.app.ContextImpl.getOpPackageName()
02-20 19:14:21.808 7283 7283 D AbsListView: in onLayout changed
02-20 19:14:21.811 7283 7283 I ViewRootImpl@8f87623[EULA]: reportNextDraw android.view.ViewRootImpl.performTraversals:4438 android.view.ViewRootImpl.doTraversal:3116 android.view.ViewRootImpl$TraversalRunnable.run:10885 android.view.Choreographer$CallbackRecord.run:1301 android.view.Choreographer$CallbackRecord.run:1309
02-20 19:14:21.811 7283 7283 I ViewRootImpl@8f87623[EULA]: Setup new sync id=0
02-20 19:14:21.811 7283 7283 I ViewRootImpl@8f87623[EULA]: Setting syncFrameCallback
02-20 19:14:21.812 7283 7283 I ViewRootImpl@8f87623[EULA]: registerCallbacksForSync syncBuffer=false
02-20 19:14:21.832 7283 7425 I ViewRootImpl@8f87623[EULA]: Received frameDrawingCallback syncResult=0 frameNum=1.
02-20 19:14:21.832 7283 7425 I ViewRootImpl@8f87623[EULA]: Setting up sync and frameCommitCallback
02-20 19:14:21.971 7283 7400 E ConfigManager: loadServerConfig:
02-20 19:14:21.971 7283 7400 E ConfigManager: com.fasterxml.jackson.core.JsonParseException: Unexpected character ('<' (code 60)): expected a valid value (number, String, array, object, 'true', 'false' or 'null')
02-20 19:14:21.971 7283 7400 E ConfigManager: at [Source: <html>
02-20 19:14:21.971 7283 7400 E ConfigManager: <head><title>404 Not Found</title></head>
02-20 19:14:21.971 7283 7400 E ConfigManager: <body bgcolor="white">
02-20 19:14:21.971 7283 7400 E ConfigManager: <center><h1>404 Not Found</h1></center>
02-20 19:14:21.971 7283 7400 E ConfigManager: <hr><center>nginx</center>
02-20 19:14:21.971 7283 7400 E ConfigManager: </body>
02-20 19:14:21.971 7283 7400 E ConfigManager: </html>
02-20 19:14:21.971 7283 7400 E ConfigManager: ; line: 1, column: 2]
02-20 19:14:21.971 7283 7400 E ConfigManager: at com.fasterxml.jackson.core.JsonParser._constructError(JsonParser.java:1)
02-20 19:14:21.971 7283 7400 E ConfigManager: at com.fasterxml.jackson.core.base.ParserMinimalBase._reportError(ParserMinimalBase.ja va:1)
02-20 19:14:21.971 7283 7400 E ConfigManager: at com.fasterxml.jackson.core.base.ParserMinimalBase._reportUnexpectedChar(ParserMinim alBase.java:4)
02-20 19:14:21.971 7283 7400 E ConfigManager: at com.fasterxml.jackson.core.json.ReaderBasedJsonParser._handleOddValue(ReaderBasedJs onParser.java:21)
02-20 19:14:21.971 7283 7400 E ConfigManager: at com.fasterxml.jackson.core.json.ReaderBasedJsonParser.nextToken(ReaderBasedJsonPars er.java:29)
02-20 19:14:21.971 7283 7400 E ConfigManager: at com.fasterxml.jackson.databind.ObjectMapper._initForReading(ObjectMapper.java:3)
02-20 19:14:21.971 7283 7400 E ConfigManager: at com.fasterxml.jackson.databind.ObjectMapper._readMapAndClose(ObjectMapper.java:1)
02-20 19:14:21.971 7283 7400 E ConfigManager: at com.fasterxml.jackson.databind.ObjectMapper.readValue(ObjectMapper.java:12)
02-20 19:14:21.971 7283 7400 E ConfigManager: at d.c.i.g.b.a(JsonUtil.java:2)
02-20 19:14:21.971 7283 7400 E ConfigManager: at d.c.i.f.c.c(ConfigManager.java:3)
02-20 19:14:21.971 7283 7400 E ConfigManager: at d.c.i.f.a.a(Unknown Source:6)
02-20 19:14:21.971 7283 7400 E ConfigManager: at d.c.i.e.b.onResponse(HttpUtil.java:14)
02-20 19:14:21.971 7283 7400 E ConfigManager: at okhttp3.RealCall$AsyncCall.execute(RealCall.java:4)
02-20 19:14:21.971 7283 7400 E ConfigManager: at okhttp3.internal.NamedRunnable.run(NamedRunnable.java:3)
02-20 19:14:21.971 7283 7400 E ConfigManager: at java.util.concurrent.ThreadPoolExecutor.runWorker(ThreadPoolExecutor.java:1137)
02-20 19:14:21.971 7283 7400 E ConfigManager: at java.util.concurrent.ThreadPoolExecutor$Worker.run(ThreadPoolExecutor.java:637)
02-20 19:14:21.971 7283 7400 E ConfigManager: at java.lang.Thread.run(Thread.java:1012)
02-20 19:14:21.996 7283 7391 E IMGMapper: set:488 set: Unset optional value from type SMPTE2086
02-20 19:14:21.996 7283 7391 E IMGMapper: set:488 set: Unset optional value from type CTA861_3
02-20 19:14:21.996 7283 7391 I BLASTBufferQueue: [ViewRootImpl@8f87623[EULA]#0] (f:0,a:0) onFrameAvailable the first frame is available
02-20 19:14:21.997 7283 7391 D BLASTBufferQueue: [ViewRootImpl@8f87623[EULA]#0] (f:0,a:1) acquireNextBufferLocked size=720x1600 mFrameNumber=1 applyTransaction=true mTimestamp=113956070137481(auto) mPendingTransactions.size=0 graphicBufferId=31280246816771 transform=0
02-20 19:14:21.998 7283 7391 I ViewRootImpl@8f87623[EULA]: Received frameCommittedCallback lastAttemptedDrawFrameNum=1 didProduceBuffer=true
02-20 19:14:21.999 7283 7391 D OpenGLRenderer: CFMS:: SetUp Pid : 7283 Tid : 7391
02-20 19:14:22.002 7283 7391 W Parcel : Expecting binder but got null!
02-20 19:14:22.003 7283 7283 I ViewRootImpl@8f87623[EULA]: onSyncComplete
02-20 19:14:22.004 7283 7283 I ViewRootImpl@8f87623[EULA]: setupSync seqId=0 mSyncId=0 fn=1 caller=android.view.ViewRootImpl$$ExternalSyntheticLambda11.accept:6 android.window.SurfaceSyncer.lambda$setupSync$1$android-window-SurfaceSyncer:128 android.window.SurfaceSyncer$$ExternalSyntheticLambda1.accept:8 android.window.SurfaceSyncer$SyncSet.checkIfSyncIsComplete:382 android.window.SurfaceSyncer$SyncSet.markSyncReady:359 android.window.SurfaceSyncer.markSyncReady:151 android.view.ViewRootImpl.performTraversals:4503
02-20 19:14:22.004 7283 7283 I ViewRootImpl@8f87623[EULA]: reportDrawFinished seqId=0 mSyncId=-1 fn=1 mSurfaceChangedTransaction=0xb4000070cd5c4d00
02-20 19:14:22.004 7283 7283 I Choreographer: Skipped 37 frames! The application may be doing too much work on its main thread.
02-20 19:14:22.006 7283 7283 D ActivityManagerStub: call11 registerReceiverWithFeature
02-20 19:14:22.012 7283 7283 D ActivityManagerStub: call11 registerReceiverWithFeature
02-20 19:14:22.016 7283 7408 I OpenGLRenderer: Davey! duration=1039ms; Flags=1, FrameTimelineVsyncId=37549714, IntendedVsync=113955030736969, Vsync=113955414070310, InputEventId=0, HandleInputStart=113955415136789, AnimationStart=113955415138558, PerformTraversalsStart=113955415139481, DrawStart=113955886260404, FrameDeadline=113955047403636, FrameInterval=113955415053558, FrameStartTime=16666667, SyncQueued=113955901479481, SyncStart=113955904920097, IssueDrawCommandsStart=113955905751789, SwapBuffers=113956069158558, FrameCompleted=113956074057866, DequeueBufferDuration=0, QueueBufferDuration=1092077, GpuCompleted=113956074057866, SwapBuffersCompleted=113956072110866, DisplayPresentTime=0, CommandSubmissionCompleted=113956069158558,
02-20 19:14:22.017 7283 7283 D ConnectivityManager: StackLog: [android.net.ConnectivityManager.sendRequestForNetwork(ConnectivityManager.java:430 0)] [android.net.ConnectivityManager.registerDefaultNetworkCallbackForUid(ConnectivityM anager.java:4864)] [android.net.ConnectivityManager.registerDefaultNetworkCallback(ConnectivityManager .java:4831)] [X.0vv.Bpo(:28)] [X.0vl.handleMessage(:115)]
02-20 19:14:22.018 7283 7283 I Pine : handleBridge: artMethod=0x7116d018 originExtras=0xb4000071765e2200 extras=0xb4000070dda69860 sp=0x7ff6d198d0
02-20 19:14:22.018 7283 7283 D Pine : handleCall for method public java.lang.String android.app.ContextImpl.getOpPackageName()
02-20 19:14:22.022 7283 7431 I Pine : handleBridge: artMethod=0x712bf4c0 originExtras=0xb4000071765e2500 extras=0xb4000070cb99cb20 sp=0x7088941590
02-20 19:14:22.022 7283 7431 D Pine : handleCall for method public android.os.Parcelable android.os.Bundle.getParcelable(java.lang.String)
02-20 19:14:22.023 7283 7283 I [LiveEventBus]: post: com.lightcone.beautycam.viewmodel.event.SelectedEffectGroupEvent@d68d036 with key: class com.lightcone.beautycam.viewmodel.event.SelectedEffectGroupEvent
02-20 19:14:22.023 7283 7431 I Pine : handleBridge: artMethod=0x712bf4c0 originExtras=0xb4000071765e2500 extras=0xb4000070cb99cb20 sp=0x7088941590
02-20 19:14:22.023 7283 7431 D Pine : handleCall for method public android.os.Parcelable android.os.Bundle.getParcelable(java.lang.String)
02-20 19:14:22.024 7283 7431 I Pine : handleBridge: artMethod=0x712bf4c0 originExtras=0xb4000071765e2500 extras=0xb4000070cb99cb20 sp=0x7088941590
02-20 19:14:22.024 7283 7431 D Pine : handleCall for method public android.os.Parcelable android.os.Bundle.getParcelable(java.lang.String)
02-20 19:14:22.024 7283 7283 I [LiveEventBus]: post: com.lightcone.beautycam.viewmodel.event.SelectedShapeGroupEvent@f45f8a4 with key: class com.lightcone.beautycam.viewmodel.event.SelectedShapeGroupEvent
02-20 19:14:22.025 7283 7283 I [LiveEventBus]: post: com.lightcone.beautycam.viewmodel.event.SelectedFilterGroupEvent@ee9b9c2 with key: class com.lightcone.beautycam.viewmodel.event.SelectedFilterGroupEvent
02-20 19:14:22.026 7283 7283 I [LiveEventBus]: post: com.lightcone.beautycam.viewmodel.event.SelectedShapeEvent@c3bfb10 with key: class com.lightcone.beautycam.viewmodel.event.SelectedShapeEvent
02-20 19:14:22.027 7283 7283 I [LiveEventBus]: post: com.lightcone.beautycam.viewmodel.event.ResourceDownloadEvent@9c6a2f with key: class com.lightcone.beautycam.viewmodel.event.ResourceDownloadEvent
02-20 19:14:22.027 7283 7283 I [LiveEventBus]: post: com.lightcone.beautycam.viewmodel.event.ResourceDownloadEvent@ba1e9c5 with key: class com.lightcone.beautycam.viewmodel.event.ResourceDownloadEvent
02-20 19:14:22.028 7283 7283 I [LiveEventBus]: post: com.lightcone.beautycam.viewmodel.event.ResourceDownloadEvent@88f7a4b with key: class com.lightcone.beautycam.viewmodel.event.ResourceDownloadEvent
02-20 19:14:22.028 7283 7283 I [LiveEventBus]: post: com.lightcone.beautycam.viewmodel.event.ResourceDownloadEvent@fbc5d41 with key: class com.lightcone.beautycam.viewmodel.event.ResourceDownloadEvent
02-20 19:14:22.028 7283 7431 I Pine : handleBridge: artMethod=0x712bf4c0 originExtras=0xb4000071765e2500 extras=0xb4000070cb99cb20 sp=0x7088941590
02-20 19:14:22.029 7283 7431 D Pine : handleCall for method public android.os.Parcelable android.os.Bundle.getParcelable(java.lang.String)
02-20 19:14:22.029 7283 7283 I [LiveEventBus]: broadcast: com.lightcone.beautycam.viewmodel.event.FilterGroupListUpdateEvent@d597027 foreground: false with key: class com.lightcone.beautycam.viewmodel.event.FilterGroupListUpdateEvent
02-20 19:14:22.034 7283 7431 I Pine : handleBridge: artMethod=0x7116d018 originExtras=0xb4000071765e2200 extras=0xb4000070cb99cb20 sp=0x7088941160
02-20 19:14:22.034 7283 7431 D Pine : handleCall for method public java.lang.String android.app.ContextImpl.getOpPackageName()
02-20 19:14:22.037 7283 7431 I Pine : handleBridge: artMethod=0x7117ba48 originExtras=0xb40000717640c3a0 extras=0xb4000070cb99cb20 sp=0x7088940950
02-20 19:14:22.038 7283 7431 D Pine : handleCall for method private static void android.app.PendingIntent.checkFlags(int,java.lang.String)
02-20 19:14:22.038 7283 7431 D ActivityManagerStub: call11 getIntentSenderWithFeature
02-20 19:14:22.047 7283 7283 D ActivityManagerStub: call11 broadcastIntentWithFeature
02-20 19:14:22.052 7283 7283 I [LiveEventBus]: broadcast: com.lightcone.beautycam.viewmodel.event.FilterListUpdateEvent@8a81772 foreground: false with key: class com.lightcone.beautycam.viewmodel.event.FilterListUpdateEvent
02-20 19:14:22.053 7283 7408 I Pine : handleBridge: artMethod=0x712bf4c0 originExtras=0xb4000071765e2500 extras=0xb400007176528900 sp=0x7098cf3ed0
02-20 19:14:22.054 7283 7408 D Pine : handleCall for method public android.os.Parcelable android.os.Bundle.getParcelable(java.lang.String)
02-20 19:14:22.063 7283 7283 D ActivityManagerStub: call11 broadcastIntentWithFeature
02-20 19:14:22.066 7283 7283 I [LiveEventBus]: broadcast: com.lightcone.beautycam.viewmodel.event.FavoriteFilterListUpdateEvent@90c4840 foreground: false with key: class com.lightcone.beautycam.viewmodel.event.FavoriteFilterListUpdateEvent
02-20 19:14:22.069 7283 7408 I Pine : handleBridge: artMethod=0x712bf4c0 originExtras=0xb4000071765e2500 extras=0xb400007176528900 sp=0x7098cf3ed0
02-20 19:14:22.069 7283 7408 D Pine : handleCall for method public android.os.Parcelable android.os.Bundle.getParcelable(java.lang.String)
02-20 19:14:22.073 7283 7283 D ActivityManagerStub: call11 broadcastIntentWithFeature
02-20 19:14:22.075 7283 7408 I Pine : handleBridge: artMethod=0x712bf4c0 originExtras=0xb4000071765e2500 extras=0xb400007176528900 sp=0x7098cf3ed0
02-20 19:14:22.075 7283 7408 D Pine : handleCall for method public android.os.Parcelable android.os.Bundle.getParcelable(java.lang.String)
02-20 19:14:22.076 7283 7283 I [LiveEventBus]: post: com.lightcone.beautycam.viewmodel.event.EffectListUpdateEvent@29f22ca with key: class com.lightcone.beautycam.viewmodel.event.EffectListUpdateEvent
02-20 19:14:22.076 7283 7283 I [LiveEventBus]: post: com.lightcone.beautycam.viewmodel.event.EffectGroupListUpdateEvent@9e2df58 with key: class com.lightcone.beautycam.viewmodel.event.EffectGroupListUpdateEvent
02-20 19:14:22.076 7283 7283 I [LiveEventBus]: broadcast: com.lightcone.beautycam.viewmodel.event.FavoriteEffectListUpdateEvent@1f4a196 foreground: false with key: class com.lightcone.beautycam.viewmodel.event.FavoriteEffectListUpdateEvent
02-20 19:14:22.078 7283 7283 D ActivityManagerStub: call11 broadcastIntentWithFeature
02-20 19:14:22.081 7283 7408 I Pine : handleBridge: artMethod=0x712bf4c0 originExtras=0xb4000071765e2500 extras=0xb400007176528900 sp=0x7098cf3ed0
02-20 19:14:22.081 7283 7408 D Pine : handleCall for method public android.os.Parcelable android.os.Bundle.getParcelable(java.lang.String)
02-20 19:14:22.093 7283 7283 I [LiveEventBus]: post: com.lightcone.beautycam.viewmodel.event.FilterGroupListUpdateEvent@5e28eed with key: class com.lightcone.beautycam.viewmodel.event.FilterGroupListUpdateEvent
02-20 19:14:22.101 7283 7283 I [LiveEventBus]: post: com.lightcone.beautycam.viewmodel.event.FilterListUpdateEvent@3bd47b3 with key: class com.lightcone.beautycam.viewmodel.event.FilterListUpdateEvent
02-20 19:14:22.103 7283 7283 I [LiveEventBus]: post: com.lightcone.beautycam.viewmodel.event.FavoriteFilterListUpdateEvent@ee62ce9 with key: class com.lightcone.beautycam.viewmodel.event.FavoriteFilterListUpdateEvent
02-20 19:14:22.103 7283 7283 I [LiveEventBus]: broadcast: com.lightcone.beautycam.viewmodel.event.EffectIntensityUpdateEvent@4baac0f foreground: false with key: class com.lightcone.beautycam.viewmodel.event.EffectIntensityUpdateEvent
02-20 19:14:22.105 7283 7283 D ActivityManagerStub: call11 broadcastIntentWithFeature
02-20 19:14:22.108 7283 7283 I [LiveEventBus]: broadcast: com.lightcone.beautycam.viewmodel.event.FilterIntensityUpdateEvent@f6baea5 foreground: false with key: class com.lightcone.beautycam.viewmodel.event.FilterIntensityUpdateEvent
02-20 19:14:22.109 7283 7408 I Pine : handleBridge: artMethod=0x712bf4c0 originExtras=0xb4000071765e2500 extras=0xb400007176528900 sp=0x7098cf3ed0
02-20 19:14:22.109 7283 7408 D Pine : handleCall for method public android.os.Parcelable android.os.Bundle.getParcelable(java.lang.String)
02-20 19:14:22.110 7283 7283 D ActivityManagerStub: call11 broadcastIntentWithFeature
02-20 19:14:22.112 7283 7283 I [LiveEventBus]: broadcast: com.lightcone.beautycam.viewmodel.event.BeautyIntensityUpdateEvent@c7ffa2b foreground: false with key: class com.lightcone.beautycam.viewmodel.event.BeautyIntensityUpdateEvent
