02-20 19:13:13.281 6467 6743 D BufferQueueProducer: [SurfaceView[com.accarunit.beauty.camera.videocall/com.lightcone.beautycam.activity .MainActivity]@0#5(BLAST Consumer)5](id:194300000005,api:3,p:938,c:6467) waitForFreeSlotThenRelock TIMED_OUT 0 dequeuedCount=20, acquiredCount=2, mMaxAcquiredBufferCount=1, mMaxDequeuedBufferCount=21
02-20 19:13:13.292 6467 6743 D BufferQueueProducer: [SurfaceView[com.accarunit.beauty.camera.videocall/com.lightcone.beautycam.activity .MainActivity]@0#5(BLAST Consumer)5](id:194300000005,api:3,p:938,c:6467) waitForFreeSlotThenRelock TIMED_OUT 0 dequeuedCount=20, acquiredCount=2, mMaxAcquiredBufferCount=1, mMaxDequeuedBufferCount=21
02-20 19:13:13.302 6467 6743 D BufferQueueProducer: [SurfaceView[com.accarunit.beauty.camera.videocall/com.lightcone.beautycam.activity .MainActivity]@0#5(BLAST Consumer)5](id:194300000005,api:3,p:938,c:6467) waitForFreeSlotThenRelock TIMED_OUT 0 dequeuedCount=20, acquiredCount=2, mMaxAcquiredBufferCount=1, mMaxDequeuedBufferCount=21
02-20 19:13:13.314 6467 6659 D BufferQueueProducer: [SurfaceView[com.accarunit.beauty.camera.videocall/com.lightcone.beautycam.activity .MainActivity]@0#5(BLAST Consumer)5](id:194300000005,api:3,p:938,c:6467) waitForFreeSlotThenRelock TIMED_OUT 0 dequeuedCount=20, acquiredCount=2, mMaxAcquiredBufferCount=1, mMaxDequeuedBufferCount=21
02-20 19:13:13.325 6467 6743 D BufferQueueProducer: [SurfaceView[com.accarunit.beauty.camera.videocall/com.lightcone.beautycam.activity .MainActivity]@0#5(BLAST Consumer)5](id:194300000005,api:3,p:938,c:6467) waitForFreeSlotThenRelock TIMED_OUT 0 dequeuedCount=20, acquiredCount=2, mMaxAcquiredBufferCount=1, mMaxDequeuedBufferCount=21
02-20 19:13:13.326 6467 6467 D CompatibilityChangeReporter: Compat change id reported: 78294732; UID 10254; state: DISABLED
02-20 19:13:13.335 6467 6659 D BufferQueueProducer: [SurfaceView[com.accarunit.beauty.camera.videocall/com.lightcone.beautycam.activity .MainActivity]@0#5(BLAST Consumer)5](id:194300000005,api:3,p:938,c:6467) waitForFreeSlotThenRelock TIMED_OUT 0 dequeuedCount=20, acquiredCount=2, mMaxAcquiredBufferCount=1, mMaxDequeuedBufferCount=21
02-20 19:13:13.347 6467 6743 D BufferQueueProducer: [SurfaceView[com.accarunit.beauty.camera.videocall/com.lightcone.beautycam.activity .MainActivity]@0#5(BLAST Consumer)5](id:194300000005,api:3,p:938,c:6467) waitForFreeSlotThenRelock TIMED_OUT 0 dequeuedCount=20, acquiredCount=2, mMaxAcquiredBufferCount=1, mMaxDequeuedBufferCount=21
02-20 19:13:13.351 6467 6659 I ViewRootImpl@64221ef[MainActivity]: Resizing android.view.ViewRootImpl@9d8623d: frame = [0,0][720,1600] reportDraw = false forceLayout = false syncSeqId = 0
02-20 19:13:13.357 6467 6659 D BufferQueueProducer: [SurfaceView[com.accarunit.beauty.camera.videocall/com.lightcone.beautycam.activity .MainActivity]@0#5(BLAST Consumer)5](id:194300000005,api:3,p:938,c:6467) waitForFreeSlotThenRelock TIMED_OUT 0 dequeuedCount=20, acquiredCount=2, mMaxAcquiredBufferCount=1, mMaxDequeuedBufferCount=21
02-20 19:13:13.368 6467 6659 D BufferQueueProducer: [SurfaceView[com.accarunit.beauty.camera.videocall/com.lightcone.beautycam.activity .MainActivity]@0#5(BLAST Consumer)5](id:194300000005,api:3,p:938,c:6467) waitForFreeSlotThenRelock TIMED_OUT 0 dequeuedCount=20, acquiredCount=2, mMaxAcquiredBufferCount=1, mMaxDequeuedBufferCount=21
02-20 19:13:13.371 6467 6467 I ViewRootImpl@64221ef[MainActivity]: stopped(false) old = false
02-20 19:13:13.376 6467 6467 I DecorView: notifyKeepScreenOnChanged: keepScreenOn=false
02-20 19:13:13.380 6467 6740 D BufferQueueProducer: [SurfaceView[com.accarunit.beauty.camera.videocall/com.lightcone.beautycam.activity .MainActivity]@0#5(BLAST Consumer)5](id:194300000005,api:3,p:938,c:6467) waitForFreeSlotThenRelock TIMED_OUT 0 dequeuedCount=20, acquiredCount=2, mMaxAcquiredBufferCount=1, mMaxDequeuedBufferCount=21
02-20 19:13:13.381 6467 6467 I MSHandlerLifeCycle: removeMultiSplitHandler: no exist. decor=DecorView@ccf8f37[MainActivity]
02-20 19:13:13.383 6467 6467 D InsetsController: controlAnimationUnchecked: Added types=2 animType=1 host=com.accarunit.beauty.camera.videocall/com.lightcone.beautycam.activity.MainAct ivity from=android.view.InsetsController.applyAnimation:1576 android.view.InsetsController.applyAnimation:1557 android.view.InsetsController.onControlsChanged:995
02-20 19:13:13.384 6467 6467 D InsetsController: onStateChanged: InsetsState: {mDisplayFrame=Rect(0, 0 - 720, 1600), mDisplayCutout=DisplayCutout{insets=Rect(0, 45 - 0, 0) waterfall=Insets{left=0, top=0, right=0, bottom=0} boundingRect={Bounds=[Rect(0, 0 - 0, 0), Rect(272, 0 - 448, 45), Rect(0, 0 - 0, 0), Rect(0, 0 - 0, 0)]} cutoutPathParserInfo={CutoutPathParserInfo{displayWidth=720 displayHeight=1600 physicalDisplayWidth=720 physicalDisplayHeight=1600 density={1.875} cutoutSpec={M 0,0 H -46.93333333333333 V 24 H 46.93333333333333 V 0 H 0 Z @dp} rotation={0} scale={1.0} physicalPixelDisplaySizeRatio={1.0}}}}, mRoundedCorners=RoundedCorners{[RoundedCorner{position=TopLeft, radius=60, center=Point(60, 60)}, RoundedCorner{position=TopRight, radius=60, center=Point(660, 60)}, RoundedCorner{position=BottomRight, radius=60, center=Point(660, 1540)}, RoundedCorner{position=BottomLeft, radius=60, center=Point(60, 1540)}]} mRoundedCornerFrame=Rect(0, 0 - 720, 1600), mPrivacyIndicatorBounds=PrivacyIndicatorBounds {static bounds=Rect(637, 0 - 720, 49) rotation=0}, mSources= { InsetsSource: {mType=ITYPE_STATUS_BAR, mFrame=[0,0] [720,49], mVisible=true, mInsetsRoundedCornerFrame=false}, InsetsSource: {mType=ITYPE_NAVIGATION_BAR, mFrame=[0,1572][720,1600], mVisible=false, mInsetsRoundedCornerFrame=false}, InsetsSource: {mType=ITYPE_LEFT_GESTURES, mFrame=[0,0][56,1600], mVisible=true, mInsetsRoundedCornerFrame=false}, InsetsSource: {mType=ITYPE_RIGHT_GESTURES, mFrame=[664,0][720,1600], mVisible=true, mInsetsRoundedCornerFrame=false}, InsetsSource: {mType=ITYPE_TOP_MANDATORY_GESTURES, mFrame=[0,0][720,68], mVisible=true, mInsetsRoundedCornerFrame=false}, InsetsSource: {mType=ITYPE_BOTTOM_MANDATORY_GESTURES, mFrame=[0,1540][720,1600], mVisible=true, mInsetsRoundedCornerFrame=false}, InsetsSource: {mType=ITYPE_LEFT_DISPLAY_CUTOUT, mFrame=[0,0][-100000,1600], mVisible=true, mInsetsRoundedCornerFrame=false}, InsetsSource: {mType=ITYPE_TOP_DISPLAY_CUTOUT, mFrame=[0,0][720,45], mVisible=true, mInsetsRoundedCornerFrame=false}, InsetsSource: {mType=ITYPE_RIGHT_DISPLAY_CUTOUT, mFrame=[100000,0][720,1600], mVisible=true, mInsetsRoundedCornerFrame=false}, InsetsSource: {mType=ITYPE_BOTTOM_DISPLAY_CUTOUT, mFrame=[0,100000][720,1600], mVisible=true, mInsetsRoundedCornerFrame=false}, InsetsSource: {mType=ITYPE_TOP_TAPPABLE_ELEMENT, mFrame=[0,0][720,49], mVisible=true, mInsetsRoundedCornerFrame=false}, InsetsSource: {mType=ITYPE_BOTTOM_TAPPABLE_ELEMENT, mFrame=[0,0][0,0], mVisible=true, mInsetsRoundedCornerFrame=false}, InsetsSource: {mType=ITYPE_IME, mFrame=[0,0] [0,0], mVisibleFrame=[0,928][720,1600], mVisible=false, mInsetsRoundedCornerFrame=false} } host=com.accarunit.beauty.camera.videocall/com.lightcone.beautycam.activity.MainAct ivity from=android.view.ViewRootImpl$ViewRootHandler.handleMessageImpl:6727
02-20 19:13:13.384 6467 6467 I ViewRootImpl@64221ef[MainActivity]: handleResized, msg = 4 frames=ClientWindowFrames{frame=[0,0][720,1600] display=[0,0][720,1600] parentFrame=[0,0][0,0] parentClippedByDisplayCutout=false} forceNextWindowRelayout=false displayId=0 resizeMode=-1 frameChanged=false displayFrameChanged=false configChanged=false displayChanged=false
02-20 19:13:13.391 6467 6740 D BufferQueueProducer: [SurfaceView[com.accarunit.beauty.camera.videocall/com.lightcone.beautycam.activity .MainActivity]@0#5(BLAST Consumer)5](id:194300000005,api:3,p:938,c:6467) waitForFreeSlotThenRelock TIMED_OUT 0 dequeuedCount=20, acquiredCount=2, mMaxAcquiredBufferCount=1, mMaxDequeuedBufferCount=21
02-20 19:13:13.401 6467 6740 D BufferQueueProducer: [SurfaceView[com.accarunit.beauty.camera.videocall/com.lightcone.beautycam.activity .MainActivity]@0#5(BLAST Consumer)5](id:194300000005,api:3,p:938,c:6467) waitForFreeSlotThenRelock TIMED_OUT 0 dequeuedCount=20, acquiredCount=2, mMaxAcquiredBufferCount=1, mMaxDequeuedBufferCount=21
02-20 19:13:13.411 6467 6467 I ViewRootImpl@64221ef[MainActivity]: performTraversals params={(0,0)(fillxfill) sim={adjust=resize forwardNavigation} ty=BASE_APPLICATION fmt=TRANSLUCENT wanim=0x1030309
02-20 19:13:13.411 6467 6467 I ViewRootImpl@64221ef[MainActivity]: fl=81810100
02-20 19:13:13.411 6467 6467 I ViewRootImpl@64221ef[MainActivity]: pfl=1a020040
02-20 19:13:13.411 6467 6467 I ViewRootImpl@64221ef[MainActivity]: vsysui=3502
02-20 19:13:13.411 6467 6467 I ViewRootImpl@64221ef[MainActivity]: apr=LIGHT_STATUS_BARS
02-20 19:13:13.411 6467 6467 I ViewRootImpl@64221ef[MainActivity]: bhv=SHOW_TRANSIENT_BARS_BY_SWIPE
02-20 19:13:13.411 6467 6467 I ViewRootImpl@64221ef[MainActivity]: fitSides= naviIconColor=0
02-20 19:13:13.411 6467 6467 I ViewRootImpl@64221ef[MainActivity]: sfl=100000}
02-20 19:13:13.413 6467 6467 I ViewRootImpl@64221ef[MainActivity]: performTraversals mFirst=false windowShouldResize=false viewVisibilityChanged=false mForceNextWindowRelayout=false params={(0,0)(fillxfill) sim={adjust=resize forwardNavigation} ty=BASE_APPLICATION fmt=TRANSLUCENT wanim=0x1030309
02-20 19:13:13.413 6467 6467 I ViewRootImpl@64221ef[MainActivity]: fl=81810100
02-20 19:13:13.413 6467 6467 I ViewRootImpl@64221ef[MainActivity]: pfl=1a020040
02-20 19:13:13.413 6467 6467 I ViewRootImpl@64221ef[MainActivity]: vsysui=3502
02-20 19:13:13.413 6467 6467 I ViewRootImpl@64221ef[MainActivity]: apr=LIGHT_STATUS_BARS
02-20 19:13:13.413 6467 6467 I ViewRootImpl@64221ef[MainActivity]: bhv=SHOW_TRANSIENT_BARS_BY_SWIPE
02-20 19:13:13.413 6467 6467 I ViewRootImpl@64221ef[MainActivity]: fitSides= naviIconColor=0
02-20 19:13:13.413 6467 6467 I ViewRootImpl@64221ef[MainActivity]: sfl=100000}
02-20 19:13:13.416 6467 6743 D BufferQueueProducer: [SurfaceView[com.accarunit.beauty.camera.videocall/com.lightcone.beautycam.activity .MainActivity]@0#5(BLAST Consumer)5](id:194300000005,api:3,p:938,c:6467) waitForFreeSlotThenRelock TIMED_OUT 0 dequeuedCount=20, acquiredCount=2, mMaxAcquiredBufferCount=1, mMaxDequeuedBufferCount=21
02-20 19:13:13.423 6467 6467 I ViewRootImpl@64221ef[MainActivity]: updateBlastSurfaceIfNeeded mBlastBufferQueue=0xb4000070d7ccad80 isSameSurfaceControl=true
02-20 19:13:13.424 6467 6467 I BLASTBufferQueue: update, w= 720 h= 1600 mName = ViewRootImpl@64221ef[MainActivity] mNativeObject= 0xb4000070d7ccad80 sc.mNativeObject= 0xb40000716cf88d60 format= -3 caller= android.view.ViewRootImpl.updateBlastSurfaceIfNeeded:2898 android.view.ViewRootImpl.relayoutWindow:9847 android.view.ViewRootImpl.performTraversals:3884 android.view.ViewRootImpl.doTraversal:3116 android.view.ViewRootImpl$TraversalRunnable.run:10885 android.view.Choreographer$CallbackRecord.run:1301
02-20 19:13:13.424 6467 6467 I ViewRootImpl@64221ef[MainActivity]: Relayout returned: old=(0,0,720,1600) new=(0,0,720,1600) req=(720,1600)0 dur=10 res=0x0 s={true 0xb4000070d7a06800} ch=false seqId=0
02-20 19:13:13.424 6467 6467 I ViewRootImpl@64221ef[MainActivity]: updateBoundsLayer: t = android.view.SurfaceControl$Transaction@c394dbf sc = Surface(name=Bounds for - com.accarunit.beauty.camera.videocall/com.lightcone.beautycam.activity.MainActivity @1)/@0xad07c8c frame = 8
02-20 19:13:13.425 6467 6467 I ViewRootImpl@64221ef[MainActivity]: mWNT: t=0xb4000070d7e8e100 mBlastBufferQueue=0xb4000070d7ccad80 fn= 8 caller= android.view.ViewRootImpl.prepareSurfaces:2985 android.view.ViewRootImpl.performTraversals:4233 android.view.ViewRootImpl.doTraversal:3116
02-20 19:13:13.426 6467 6467 I ViewRootImpl@64221ef[MainActivity]: MSG_WINDOW_FOCUS_CHANGED 0 0
02-20 19:13:13.427 6467 6743 D BufferQueueProducer: [SurfaceView[com.accarunit.beauty.camera.videocall/com.lightcone.beautycam.activity .MainActivity]@0#5(BLAST Consumer)5](id:194300000005,api:3,p:938,c:6467) waitForFreeSlotThenRelock TIMED_OUT 0 dequeuedCount=20, acquiredCount=2, mMaxAcquiredBufferCount=1, mMaxDequeuedBufferCount=21
02-20 19:13:13.430 6467 6533 E IMGMapper: set:488 set: Unset optional value from type SMPTE2086
02-20 19:13:13.430 6467 6533 E IMGMapper: set:488 set: Unset optional value from type CTA861_3
02-20 19:13:13.437 6467 6743 D BufferQueueProducer: [SurfaceView[com.accarunit.beauty.camera.videocall/com.lightcone.beautycam.activity .MainActivity]@0#5(BLAST Consumer)5](id:194300000005,api:3,p:938,c:6467) waitForFreeSlotThenRelock TIMED_OUT 0 dequeuedCount=20, acquiredCount=2, mMaxAcquiredBufferCount=1, mMaxDequeuedBufferCount=21
02-20 19:13:13.450 6467 6743 D BufferQueueProducer: [SurfaceView[com.accarunit.beauty.camera.videocall/com.lightcone.beautycam.activity .MainActivity]@0#5(BLAST Consumer)5](id:194300000005,api:3,p:938,c:6467) waitForFreeSlotThenRelock TIMED_OUT 0 dequeuedCount=20, acquiredCount=2, mMaxAcquiredBufferCount=1, mMaxDequeuedBufferCount=21
02-20 19:13:13.460 6467 6467 I DecorView: [INFO] isPopOver=false config=true
02-20 19:13:13.460 6467 6467 I DecorView: updateCaptionType: isFloating=false isApplication=true hasWindowDecorCaption=false this=DecorView@d5c48c0[]
02-20 19:13:13.460 6467 6467 D DecorView: setCaptionType = 0, this = DecorView@d5c48c0[]
02-20 19:13:13.461 6467 6743 D BufferQueueProducer: [SurfaceView[com.accarunit.beauty.camera.videocall/com.lightcone.beautycam.activity .MainActivity]@0#5(BLAST Consumer)5](id:194300000005,api:3,p:938,c:6467) waitForFreeSlotThenRelock TIMED_OUT 0 dequeuedCount=20, acquiredCount=2, mMaxAcquiredBufferCount=1, mMaxDequeuedBufferCount=21
02-20 19:13:13.461 6467 6467 I DecorView: getCurrentDensityDpi: from real metrics. densityDpi=300 msg=resources_loaded
02-20 19:13:13.462 6467 6467 I DecorView: setWindowBackground: isPopOver=false color=ff303030 d=android.graphics.drawable.ColorDrawable@bf96d3e
02-20 19:13:13.471 6467 6743 D BufferQueueProducer: [SurfaceView[com.accarunit.beauty.camera.videocall/com.lightcone.beautycam.activity .MainActivity]@0#5(BLAST Consumer)5](id:194300000005,api:3,p:938,c:6467) waitForFreeSlotThenRelock TIMED_OUT 0 dequeuedCount=20, acquiredCount=2, mMaxAcquiredBufferCount=1, mMaxDequeuedBufferCount=21
02-20 19:13:13.483 6467 6743 D BufferQueueProducer: [SurfaceView[com.accarunit.beauty.camera.videocall/com.lightcone.beautycam.activity .MainActivity]@0#5(BLAST Consumer)5](id:194300000005,api:3,p:938,c:6467) waitForFreeSlotThenRelock TIMED_OUT 0 dequeuedCount=20, acquiredCount=2, mMaxAcquiredBufferCount=1, mMaxDequeuedBufferCount=21
02-20 19:13:13.494 6467 6743 D BufferQueueProducer: [SurfaceView[com.accarunit.beauty.camera.videocall/com.lightcone.beautycam.activity .MainActivity]@0#5(BLAST Consumer)5](id:194300000005,api:3,p:938,c:6467) waitForFreeSlotThenRelock TIMED_OUT 0 dequeuedCount=20, acquiredCount=2, mMaxAcquiredBufferCount=1, mMaxDequeuedBufferCount=21
02-20 19:13:13.504 6467 6743 D BufferQueueProducer: [SurfaceView[com.accarunit.beauty.camera.videocall/com.lightcone.beautycam.activity .MainActivity]@0#5(BLAST Consumer)5](id:194300000005,api:3,p:938,c:6467) waitForFreeSlotThenRelock TIMED_OUT 0 dequeuedCount=20, acquiredCount=2, mMaxAcquiredBufferCount=1, mMaxDequeuedBufferCount=21
02-20 19:13:13.505 6467 6467 I [LiveEventBus]: observe observer: com.jeremyliao.liveeventbus.core.LiveEventBusCore$ObserverWrapper@1980369(d.c.d.t.l @af9a1ee) on owner: com.lightcone.beautycam.activity.BeautyLooksActivity@2d2db90 with key: class com.lightcone.beautycam.viewmodel.event.RenderPerformanceEvent
02-20 19:13:13.509 6467 6467 I [LiveEventBus]: broadcast: com.lightcone.beautycam.viewmodel.event.SelectedEffectGroupEvent@da46d25 foreground: false with key: class com.lightcone.beautycam.viewmodel.event.SelectedEffectGroupEvent
02-20 19:13:13.515 6467 6467 I [LiveEventBus]: broadcast: com.lightcone.beautycam.viewmodel.event.SelectedShapeGroupEvent@7db2720 foreground: false with key: class com.lightcone.beautycam.viewmodel.event.SelectedShapeGroupEvent
02-20 19:13:13.516 6467 6740 D BufferQueueProducer: [SurfaceView[com.accarunit.beauty.camera.videocall/com.lightcone.beautycam.activity .MainActivity]@0#5(BLAST Consumer)5](id:194300000005,api:3,p:938,c:6467) waitForFreeSlotThenRelock TIMED_OUT 0 dequeuedCount=20, acquiredCount=2, mMaxAcquiredBufferCount=1, mMaxDequeuedBufferCount=21
02-20 19:13:13.520 6467 6467 I [LiveEventBus]: broadcast: com.lightcone.beautycam.viewmodel.event.SelectedFilterGroupEvent@488629e foreground: false with key: class com.lightcone.beautycam.viewmodel.event.SelectedFilterGroupEvent
02-20 19:13:13.524 6467 6467 I [LiveEventBus]: broadcast: com.lightcone.beautycam.viewmodel.event.SelectedShapeEvent@f1b954c foreground: false with key: class com.lightcone.beautycam.viewmodel.event.SelectedShapeEvent
02-20 19:13:13.526 6467 6740 D BufferQueueProducer: [SurfaceView[com.accarunit.beauty.camera.videocall/com.lightcone.beautycam.activity .MainActivity]@0#5(BLAST Consumer)5](id:194300000005,api:3,p:938,c:6467) waitForFreeSlotThenRelock TIMED_OUT 0 dequeuedCount=20, acquiredCount=2, mMaxAcquiredBufferCount=1, mMaxDequeuedBufferCount=21
02-20 19:13:13.527 6467 6467 I [LiveEventBus]: broadcast: com.lightcone.beautycam.viewmodel.event.ResourceDownloadEvent@140aaa foreground: false with key: class com.lightcone.beautycam.viewmodel.event.ResourceDownloadEvent
02-20 19:13:13.529 6467 6467 I [LiveEventBus]: broadcast: com.lightcone.beautycam.viewmodel.event.ResourceDownloadEvent@e12ba38 foreground: false with key: class com.lightcone.beautycam.viewmodel.event.ResourceDownloadEvent
02-20 19:13:13.531 6467 6467 I [LiveEventBus]: broadcast: com.lightcone.beautycam.viewmodel.event.ResourceDownloadEvent@2068a11 foreground: false with key: class com.lightcone.beautycam.viewmodel.event.ResourceDownloadEvent
02-20 19:13:13.533 6467 6467 I [LiveEventBus]: broadcast: com.lightcone.beautycam.viewmodel.event.ResourceDownloadEvent@5002776 foreground: false with key: class com.lightcone.beautycam.viewmodel.event.ResourceDownloadEvent
02-20 19:13:13.535 6467 6467 I [LiveEventBus]: post: com.lightcone.beautycam.viewmodel.event.SelectedShapeEvent@85af177 with key: class com.lightcone.beautycam.viewmodel.event.SelectedShapeEvent
02-20 19:13:13.536 6467 6467 I [LiveEventBus]: broadcast: com.lightcone.beautycam.viewmodel.event.ShowAdjustPanelViewEvent@8169850 foreground: false with key: class com.lightcone.beautycam.viewmodel.event.ShowAdjustPanelViewEvent
02-20 19:13:13.538 6467 6740 D BufferQueueProducer: [SurfaceView[com.accarunit.beauty.camera.videocall/com.lightcone.beautycam.activity .MainActivity]@0#5(BLAST Consumer)5](id:194300000005,api:3,p:938,c:6467) waitForFreeSlotThenRelock TIMED_OUT 0 dequeuedCount=20, acquiredCount=2, mMaxAcquiredBufferCount=1, mMaxDequeuedBufferCount=21
02-20 19:13:13.541 6467 6467 I [LiveEventBus]: broadcast: com.lightcone.beautycam.viewmodel.event.SelectedTabChangeEvent@5e8986f foreground: false with key: class com.lightcone.beautycam.viewmodel.event.SelectedTabChangeEvent
02-20 19:13:13.546 6467 6467 I [LiveEventBus]: observe forever observer: com.jeremyliao.liveeventbus.core.LiveEventBusCore$ObserverWrapper@29c725a(d.c.d.p.c @336205) with key: class com.lightcone.beautycam.viewmodel.event.SelectedTabChangeEvent
02-20 19:13:13.546 6467 6467 I [LiveEventBus]: observe forever observer: com.jeremyliao.liveeventbus.core.LiveEventBusCore$ObserverWrapper@3c52168(d.c.d.p.d @3104c8b) with key: class com.lightcone.beautycam.viewmodel.event.SelectedBeautyEvent
02-20 19:13:13.547 6467 6467 I [LiveEventBus]: observe sticky forever observer: com.jeremyliao.liveeventbus.core.LiveEventBusCore$ObserverWrapper@99f5a26(d.c.d.p.a @98d1981) with key: class com.lightcone.beautycam.viewmodel.event.SelectedTabChangeEvent
02-20 19:13:13.547 6467 6467 I [LiveEventBus]: observe sticky forever observer: com.jeremyliao.liveeventbus.core.LiveEventBusCore$ObserverWrapper@a7eec14(d.c.d.p.f @5b52667) with key: class com.lightcone.beautycam.viewmodel.event.SelectedTabChangeEvent
02-20 19:13:13.549 6467 6743 D BufferQueueProducer: [SurfaceView[com.accarunit.beauty.camera.videocall/com.lightcone.beautycam.activity .MainActivity]@0#5(BLAST Consumer)5](id:194300000005,api:3,p:938,c:6467) waitForFreeSlotThenRelock TIMED_OUT 0 dequeuedCount=20, acquiredCount=2, mMaxAcquiredBufferCount=1, mMaxDequeuedBufferCount=21
02-20 19:13:13.560 6467 6743 D BufferQueueProducer: [SurfaceView[com.accarunit.beauty.camera.videocall/com.lightcone.beautycam.activity .MainActivity]@0#5(BLAST Consumer)5](id:194300000005,api:3,p:938,c:6467) waitForFreeSlotThenRelock TIMED_OUT 0 dequeuedCount=20, acquiredCount=2, mMaxAcquiredBufferCount=1, mMaxDequeuedBufferCount=21
02-20 19:13:13.571 6467 6743 D BufferQueueProducer: [SurfaceView[com.accarunit.beauty.camera.videocall/com.lightcone.beautycam.activity .MainActivity]@0#5(BLAST Consumer)5](id:194300000005,api:3,p:938,c:6467) waitForFreeSlotThenRelock TIMED_OUT 0 dequeuedCount=20, acquiredCount=2, mMaxAcquiredBufferCount=1, mMaxDequeuedBufferCount=21
02-20 19:13:13.576 6467 6467 I [LiveEventBus]: observe forever observer: com.jeremyliao.liveeventbus.core.LiveEventBusCore$ObserverWrapper@a33c129(d.c.d.p.x .y@9d47eb0) with key: class com.lightcone.beautycam.viewmodel.event.ShowAdjustPanelViewEvent
02-20 19:13:13.577 6467 6467 I [LiveEventBus]: observe forever observer: com.jeremyliao.liveeventbus.core.LiveEventBusCore$ObserverWrapper@33afa4f(d.c.d.p.x .x@b99ecae) with key: class com.lightcone.beautycam.viewmodel.event.ShowToastEvent
02-20 19:13:13.582 6467 6743 D BufferQueueProducer: [SurfaceView[com.accarunit.beauty.camera.videocall/com.lightcone.beautycam.activity .MainActivity]@0#5(BLAST Consumer)5](id:194300000005,api:3,p:938,c:6467) waitForFreeSlotThenRelock TIMED_OUT 0 dequeuedCount=20, acquiredCount=2, mMaxAcquiredBufferCount=1, mMaxDequeuedBufferCount=21
02-20 19:13:13.593 6467 6743 D BufferQueueProducer: [SurfaceView[com.accarunit.beauty.camera.videocall/com.lightcone.beautycam.activity .MainActivity]@0#5(BLAST Consumer)5](id:194300000005,api:3,p:938,c:6467) waitForFreeSlotThenRelock TIMED_OUT 0 dequeuedCount=20, acquiredCount=2, mMaxAcquiredBufferCount=1, mMaxDequeuedBufferCount=21
02-20 19:13:13.604 6467 6743 D BufferQueueProducer: [SurfaceView[com.accarunit.beauty.camera.videocall/com.lightcone.beautycam.activity .MainActivity]@0#5(BLAST Consumer)5](id:194300000005,api:3,p:938,c:6467) waitForFreeSlotThenRelock TIMED_OUT 0 dequeuedCount=20, acquiredCount=2, mMaxAcquiredBufferCount=1, mMaxDequeuedBufferCount=21
02-20 19:13:13.615 6467 6740 D BufferQueueProducer: [SurfaceView[com.accarunit.beauty.camera.videocall/com.lightcone.beautycam.activity .MainActivity]@0#5(BLAST Consumer)5](id:194300000005,api:3,p:938,c:6467) waitForFreeSlotThenRelock TIMED_OUT 0 dequeuedCount=20, acquiredCount=2, mMaxAcquiredBufferCount=1, mMaxDequeuedBufferCount=21
02-20 19:13:13.626 6467 6743 D BufferQueueProducer: [SurfaceView[com.accarunit.beauty.camera.videocall/com.lightcone.beautycam.activity .MainActivity]@0#5(BLAST Consumer)5](id:194300000005,api:3,p:938,c:6467) waitForFreeSlotThenRelock TIMED_OUT 0 dequeuedCount=20, acquiredCount=2, mMaxAcquiredBufferCount=1, mMaxDequeuedBufferCount=21
02-20 19:13:13.637 6467 6743 D BufferQueueProducer: [SurfaceView[com.accarunit.beauty.camera.videocall/com.lightcone.beautycam.activity .MainActivity]@0#5(BLAST Consumer)5](id:194300000005,api:3,p:938,c:6467) waitForFreeSlotThenRelock TIMED_OUT 0 dequeuedCount=20, acquiredCount=2, mMaxAcquiredBufferCount=1, mMaxDequeuedBufferCount=21
02-20 19:13:13.649 6467 6740 D BufferQueueProducer: [SurfaceView[com.accarunit.beauty.camera.videocall/com.lightcone.beautycam.activity .MainActivity]@0#5(BLAST Consumer)5](id:194300000005,api:3,p:938,c:6467) waitForFreeSlotThenRelock TIMED_OUT 0 dequeuedCount=20, acquiredCount=2, mMaxAcquiredBufferCount=1, mMaxDequeuedBufferCount=21
02-20 19:13:13.659 6467 6743 D BufferQueueProducer: [SurfaceView[com.accarunit.beauty.camera.videocall/com.lightcone.beautycam.activity .MainActivity]@0#5(BLAST Consumer)5](id:194300000005,api:3,p:938,c:6467) waitForFreeSlotThenRelock TIMED_OUT 0 dequeuedCount=20, acquiredCount=2, mMaxAcquiredBufferCount=1, mMaxDequeuedBufferCount=21
02-20 19:13:13.666 6467 6467 I [LiveEventBus]: broadcast: com.lightcone.beautycam.viewmodel.event.DetectFaceEvent@d7ac49f foreground: false with key: class com.lightcone.beautycam.viewmodel.event.DetectFaceEvent
02-20 19:13:13.670 6467 6467 I [LiveEventBus]: broadcast: com.lightcone.beautycam.viewmodel.event.DisableRenderEvent@d10bbb foreground: false with key: class com.lightcone.beautycam.viewmodel.event.DisableRenderEvent
02-20 19:13:13.670 6467 6743 D BufferQueueProducer: [SurfaceView[com.accarunit.beauty.camera.videocall/com.lightcone.beautycam.activity .MainActivity]@0#5(BLAST Consumer)5](id:194300000005,api:3,p:938,c:6467) waitForFreeSlotThenRelock TIMED_OUT 0 dequeuedCount=20, acquiredCount=2, mMaxAcquiredBufferCount=1, mMaxDequeuedBufferCount=21
02-20 19:13:13.674 6467 6467 I [LiveEventBus]: broadcast: com.lightcone.beautycam.viewmodel.event.DisableRenderEvent@cfe6431 foreground: false with key: class com.lightcone.beautycam.viewmodel.event.DisableRenderEvent
02-20 19:13:13.675 6467 6467 I [LiveEventBus]: broadcast: com.lightcone.beautycam.viewmodel.event.DisableRenderEvent@9bdc716 foreground: false with key: class com.lightcone.beautycam.viewmodel.event.DisableRenderEvent
02-20 19:13:13.677 6467 6467 I [LiveEventBus]: broadcast: com.lightcone.beautycam.viewmodel.event.DisableRenderEvent@97aa897 foreground: false with key: class com.lightcone.beautycam.viewmodel.event.DisableRenderEvent
02-20 19:13:13.681 6467 6467 I [LiveEventBus]: observe sticky forever observer: com.jeremyliao.liveeventbus.core.LiveEventBusCore$ObserverWrapper@473ea2(d.c.d.p.x. g0@e24126d) with key: class com.lightcone.beautycam.viewmodel.event.ShowAdjustPanelViewEvent
02-20 19:13:13.681 6467 6467 I [LiveEventBus]: observe sticky forever observer: com.jeremyliao.liveeventbus.core.LiveEventBusCore$ObserverWrapper@3463af0(d.c.d.p.x .n0@6b73733) with key: class com.lightcone.beautycam.viewmodel.event.SelectedTabChangeEvent
02-20 19:13:13.681 6467 6467 I [LiveEventBus]: observe sticky forever observer: com.jeremyliao.liveeventbus.core.LiveEventBusCore$ObserverWrapper@6fea2ee(d.c.d.p.x .p0@7c6869) with key: class com.lightcone.beautycam.viewmodel.event.SelectedEffectGroupEvent
02-20 19:13:13.681 6467 6467 I [LiveEventBus]: observe sticky forever observer: com.jeremyliao.liveeventbus.core.LiveEventBusCore$ObserverWrapper@6ec161c(d.c.d.p.x .c0@224138f) with key: class com.lightcone.beautycam.viewmodel.event.SelectedEffectEvent
02-20 19:13:13.682 6467 6467 I [LiveEventBus]: observe sticky forever observer: com.jeremyliao.liveeventbus.core.LiveEventBusCore$ObserverWrapper@5b5fffa(d.c.d.p.x .e0@6ea2225) with key: class com.lightcone.beautycam.viewmodel.event.SelectedBeautyEvent
02-20 19:13:13.682 6467 6743 D BufferQueueProducer: [SurfaceView[com.accarunit.beauty.camera.videocall/com.lightcone.beautycam.activity .MainActivity]@0#5(BLAST Consumer)5](id:194300000005,api:3,p:938,c:6467) waitForFreeSlotThenRelock TIMED_OUT 0 dequeuedCount=20, acquiredCount=2, mMaxAcquiredBufferCount=1, mMaxDequeuedBufferCount=21
02-20 19:13:13.682 6467 6467 I [LiveEventBus]: observe forever observer: com.jeremyliao.liveeventbus.core.LiveEventBusCore$ObserverWrapper@7b27808(d.c.d.p.x .m0@7d859ab) with key: class com.lightcone.beautycam.viewmodel.event.SelectedShapeGroupEvent
02-20 19:13:13.683 6467 6467 I [LiveEventBus]: observe forever observer: com.jeremyliao.liveeventbus.core.LiveEventBusCore$ObserverWrapper@d5421c6(d.c.d.p.x .h0@5bfbba1) with key: class com.lightcone.beautycam.viewmodel.event.SelectedShapeEvent
02-20 19:13:13.683 6467 6467 I [LiveEventBus]: observe sticky forever observer: com.jeremyliao.liveeventbus.core.LiveEventBusCore$ObserverWrapper@2fb0cb4(d.c.d.p.x .k0@440e587) with key: class com.lightcone.beautycam.viewmodel.event.SelectedFilterEvent
02-20 19:13:13.683 6467 6467 I [LiveEventBus]: observe forever observer: com.jeremyliao.liveeventbus.core.LiveEventBusCore$ObserverWrapper@4609452(d.c.d.p.x .b0@9fb70dd) with key: class com.lightcone.beautycam.viewmodel.event.EffectIntensityUpdateEvent
02-20 19:13:13.683 6467 6467 I [LiveEventBus]: observe forever observer: com.jeremyliao.liveeventbus.core.LiveEventBusCore$ObserverWrapper@8964020(d.c.d.p.x .d0@3bc5323) with key: class com.lightcone.beautycam.viewmodel.event.FilterIntensityUpdateEvent
02-20 19:13:13.683 6467 6467 I [LiveEventBus]: observe forever observer: com.jeremyliao.liveeventbus.core.LiveEventBusCore$ObserverWrapper@4fa39e(d.c.d.p.x. l0@8433dd9) with key: class com.lightcone.beautycam.viewmodel.event.BeautyIntensityUpdateEvent
02-20 19:13:13.684 6467 6467 I [LiveEventBus]: observe forever observer: com.jeremyliao.liveeventbus.core.LiveEventBusCore$ObserverWrapper@2ef3e4c(d.c.d.p.x .i0@ff6fe7f) with key: class com.lightcone.beautycam.viewmodel.event.ShapeIntensityUpdateEvent
02-20 19:13:13.693 6467 6740 D BufferQueueProducer: [SurfaceView[com.accarunit.beauty.camera.videocall/com.lightcone.beautycam.activity .MainActivity]@0#5(BLAST Consumer)5](id:194300000005,api:3,p:938,c:6467) waitForFreeSlotThenRelock TIMED_OUT 0 dequeuedCount=20, acquiredCount=2, mMaxAcquiredBufferCount=1, mMaxDequeuedBufferCount=21
02-20 19:13:13.704 6467 6740 D BufferQueueProducer: [SurfaceView[com.accarunit.beauty.camera.videocall/com.lightcone.beautycam.activity .MainActivity]@0#5(BLAST Consumer)5](id:194300000005,api:3,p:938,c:6467) waitForFreeSlotThenRelock TIMED_OUT 0 dequeuedCount=20, acquiredCount=2, mMaxAcquiredBufferCount=1, mMaxDequeuedBufferCount=21
02-20 19:13:13.713 6467 6467 I [LiveEventBus]: observe sticky forever observer: com.jeremyliao.liveeventbus.core.LiveEventBusCore$ObserverWrapper@4779705(d.c.d.p.x .f@fe4d27c) with key: class com.lightcone.beautycam.viewmodel.event.SelectedTabChangeEvent
02-20 19:13:13.716 6467 6740 D BufferQueueProducer: [SurfaceView[com.accarunit.beauty.camera.videocall/com.lightcone.beautycam.activity .MainActivity]@0#5(BLAST Consumer)5](id:194300000005,api:3,p:938,c:6467) waitForFreeSlotThenRelock TIMED_OUT 0 dequeuedCount=20, acquiredCount=2, mMaxAcquiredBufferCount=1, mMaxDequeuedBufferCount=21
02-20 19:13:13.727 6467 6740 D BufferQueueProducer: [SurfaceView[com.accarunit.beauty.camera.videocall/com.lightcone.beautycam.activity .MainActivity]@0#5(BLAST Consumer)5](id:194300000005,api:3,p:938,c:6467) waitForFreeSlotThenRelock TIMED_OUT 0 dequeuedCount=20, acquiredCount=2, mMaxAcquiredBufferCount=1, mMaxDequeuedBufferCount=21
02-20 19:13:13.735 6467 6467 I MMKV : <MMKV_IO.cpp:81::loadFromFile> loading [debug_state] with 0 actual size, file size 4096, InterProcess 0, meta info version:0
02-20 19:13:13.736 6467 6467 I MMKV : <MMKV_IO.cpp:130::loadFromFile> loaded [debug_state] with 0 key-values
02-20 19:13:13.736 6467 6467 I [LiveEventBus]: observe sticky forever observer: com.jeremyliao.liveeventbus.core.LiveEventBusCore$ObserverWrapper@602f514(d.c.d.b.a 0@60fb367) with key: class com.lightcone.beautycam.viewmodel.event.DetectFaceEvent
02-20 19:13:13.736 6467 6467 I [LiveEventBus]: observe forever observer: com.jeremyliao.liveeventbus.core.LiveEventBusCore$ObserverWrapper@128a3b2(d.c.d.b.k 0@766a1bd) with key: class com.lightcone.beautycam.viewmodel.event.HideAdjustPanelViewAnimFinishEvent
02-20 19:13:13.737 6467 6467 I [LiveEventBus]: observe sticky forever observer: com.jeremyliao.liveeventbus.core.LiveEventBusCore$ObserverWrapper@aa44e80(d.c.d.b.p 0@dda1f03) with key: class com.lightcone.beautycam.viewmodel.event.ShowAdjustPanelViewEvent
02-20 19:13:13.738 6467 6740 D BufferQueueProducer: [SurfaceView[com.accarunit.beauty.camera.videocall/com.lightcone.beautycam.activity .MainActivity]@0#5(BLAST Consumer)5](id:194300000005,api:3,p:938,c:6467) waitForFreeSlotThenRelock TIMED_OUT 0 dequeuedCount=20, acquiredCount=2, mMaxAcquiredBufferCount=1, mMaxDequeuedBufferCount=21
02-20 19:13:13.741 6467 6467 I MSHandlerLifeCycle: check: return. pkg=com.accarunit.beauty.camera.videocall parent=null callers=com.android.internal.policy.DecorView.setVisibility:4411 android.app.ActivityThread.handleResumeActivity:5476 android.app.servertransaction.ResumeActivityItem.execute:54 android.app.servertransaction.ActivityTransactionItem.execute:45 android.app.servertransaction.TransactionExecutor.executeLifecycleState:176
02-20 19:13:13.741 6467 6467 I MSHandlerLifeCycle: removeMultiSplitHandler: no exist. decor=DecorView@d5c48c0[]
02-20 19:13:13.744 6467 6533 D NativeCustomFrequencyManager: [NativeCFMS] BpCustomFrequencyManager::BpCustomFrequencyManager()
02-20 19:13:13.745 6467 6467 I DecorView: onImmersiveModeChanged: isStatusBarHidden=true
02-20 19:13:13.745 6467 6467 D InsetsSourceConsumer: setRequestedVisible: visible=false, type=20, host=com.accarunit.beauty.camera.videocall/com.lightcone.beautycam.activity.BeautyL ooksActivity, from=android.view.InsetsSourceConsumer.hide:257 android.view.InsetsController.collectSourceControls:1310 android.view.InsetsController.controlAnimationUnchecked:1164 android.view.InsetsController.applyAnimation:1576 android.view.InsetsController.applyAnimation:1557 android.view.InsetsController.hide:1093 android.view.InsetsController.hide:1068 android.view.ViewRootImpl.controlInsetsForCompatibility:3339 android.view.ViewRootImpl.setView:1698 android.view.WindowManagerGlobal.addView:567
02-20 19:13:13.746 6467 6467 D InsetsSourceConsumer: setRequestedVisible: visible=false, type=0, host=com.accarunit.beauty.camera.videocall/com.lightcone.beautycam.activity.BeautyL ooksActivity, from=android.view.InsetsSourceConsumer.hide:257 android.view.InsetsController.collectSourceControls:1310 android.view.InsetsController.controlAnimationUnchecked:1164 android.view.InsetsController.applyAnimation:1576 android.view.InsetsController.applyAnimation:1557 android.view.InsetsController.hide:1093 android.view.InsetsController.hide:1068 android.view.ViewRootImpl.controlInsetsForCompatibility:3339 android.view.ViewRootImpl.setView:1698 android.view.WindowManagerGlobal.addView:567
02-20 19:13:13.751 6467 6740 D BufferQueueProducer: [SurfaceView[com.accarunit.beauty.camera.videocall/com.lightcone.beautycam.activity .MainActivity]@0#5(BLAST Consumer)5](id:194300000005,api:3,p:938,c:6467) waitForFreeSlotThenRelock TIMED_OUT 0 dequeuedCount=20, acquiredCount=2, mMaxAcquiredBufferCount=1, mMaxDequeuedBufferCount=21
02-20 19:13:13.751 6467 6467 D InsetsController: onStateChanged: InsetsState: {mDisplayFrame=Rect(0, 0 - 720, 1600), mDisplayCutout=DisplayCutout{insets=Rect(0, 45 - 0, 0) waterfall=Insets{left=0, top=0, right=0, bottom=0} boundingRect={Bounds=[Rect(0, 0 - 0, 0), Rect(272, 0 - 448, 45), Rect(0, 0 - 0, 0), Rect(0, 0 - 0, 0)]} cutoutPathParserInfo={CutoutPathParserInfo{displayWidth=720 displayHeight=1600 physicalDisplayWidth=720 physicalDisplayHeight=1600 density={1.875} cutoutSpec={M 0,0 H -46.93333333333333 V 24 H 46.93333333333333 V 0 H 0 Z @dp} rotation={0} scale={1.0} physicalPixelDisplaySizeRatio={1.0}}}}, mRoundedCorners=RoundedCorners{[RoundedCorner{position=TopLeft, radius=60, center=Point(60, 60)}, RoundedCorner{position=TopRight, radius=60, center=Point(660, 60)}, RoundedCorner{position=BottomRight, radius=60, center=Point(660, 1540)}, RoundedCorner{position=BottomLeft, radius=60, center=Point(60, 1540)}]} mRoundedCornerFrame=Rect(0, 0 - 720, 1600), mPrivacyIndicatorBounds=PrivacyIndicatorBounds {static bounds=Rect(637, 0 - 720, 49) rotation=0}, mSources= { InsetsSource: {mType=ITYPE_STATUS_BAR, mFrame=[0,0] [720,49], mVisible=true, mInsetsRoundedCornerFrame=false}, InsetsSource: {mType=ITYPE_NAVIGATION_BAR, mFrame=[0,1572][720,1600], mVisible=false, mInsetsRoundedCornerFrame=false}, InsetsSource: {mType=ITYPE_LEFT_GESTURES, mFrame=[0,0][56,1600], mVisible=true, mInsetsRoundedCornerFrame=false}, InsetsSource: {mType=ITYPE_RIGHT_GESTURES, mFrame=[664,0][720,1600], mVisible=true, mInsetsRoundedCornerFrame=false}, InsetsSource: {mType=ITYPE_TOP_MANDATORY_GESTURES, mFrame=[0,0][720,68], mVisible=true, mInsetsRoundedCornerFrame=false}, InsetsSource: {mType=ITYPE_BOTTOM_MANDATORY_GESTURES, mFrame=[0,1540][720,1600], mVisible=true, mInsetsRoundedCornerFrame=false}, InsetsSource: {mType=ITYPE_LEFT_DISPLAY_CUTOUT, mFrame=[0,0][-100000,1600], mVisible=true, mInsetsRoundedCornerFrame=false}, InsetsSource: {mType=ITYPE_TOP_DISPLAY_CUTOUT, mFrame=[0,0][720,45], mVisible=true, mInsetsRoundedCornerFrame=false}, InsetsSource: {mType=ITYPE_RIGHT_DISPLAY_CUTOUT, mFrame=[100000,0][720,1600], mVisible=true, mInsetsRoundedCornerFrame=false}, InsetsSource: {mType=ITYPE_BOTTOM_DISPLAY_CUTOUT, mFrame=[0,100000][720,1600], mVisible=true, mInsetsRoundedCornerFrame=false}, InsetsSource: {mType=ITYPE_TOP_TAPPABLE_ELEMENT, mFrame=[0,0][720,49], mVisible=true, mInsetsRoundedCornerFrame=false}, InsetsSource: {mType=ITYPE_BOTTOM_TAPPABLE_ELEMENT, mFrame=[0,0][0,0], mVisible=true, mInsetsRoundedCornerFrame=false} } host=com.accarunit.beauty.camera.videocall/com.lightcone.beautycam.activity.BeautyL ooksActivity from=android.view.ViewRootImpl.setView:1732
02-20 19:13:13.753 6467 6467 I ViewRootImpl@89cf70a[BeautyLooksActivity]: setView = com.android.internal.policy.DecorView@d5c48c0 TM=true
02-20 19:13:13.754 6467 6467 I MSHandlerLifeCycle: removeMultiSplitHandler: no exist. decor=DecorView@d5c48c0[BeautyLooksActivity]
02-20 19:13:13.754 6467 6467 I ViewRootImpl@64221ef[MainActivity]: MSG_WINDOW_FOCUS_CHANGED 0 0
02-20 19:13:13.756 6467 6467 I [LiveEventBus]: post: com.lightcone.beautycam.viewmodel.event.SelectedEffectGroupEvent@aa857b0 with key: class com.lightcone.beautycam.viewmodel.event.SelectedEffectGroupEvent
02-20 19:13:13.756 6467 6467 I [LiveEventBus]: message received: com.lightcone.beautycam.viewmodel.event.SelectedEffectGroupEvent@aa857b0
02-20 19:13:13.758 6467 6467 I [LiveEventBus]: post: com.lightcone.beautycam.viewmodel.event.SelectedShapeGroupEvent@d333edc with key: class com.lightcone.beautycam.viewmodel.event.SelectedShapeGroupEvent
02-20 19:13:13.758 6467 6467 I [LiveEventBus]: message received: com.lightcone.beautycam.viewmodel.event.SelectedShapeGroupEvent@d333edc
02-20 19:13:13.759 6467 6467 I [LiveEventBus]: post: com.lightcone.beautycam.viewmodel.event.SelectedFilterGroupEvent@e936ba with key: class com.lightcone.beautycam.viewmodel.event.SelectedFilterGroupEvent
02-20 19:13:13.760 6467 6467 I [LiveEventBus]: post: com.lightcone.beautycam.viewmodel.event.SelectedShapeEvent@4236cc8 with key: class com.lightcone.beautycam.viewmodel.event.SelectedShapeEvent
02-20 19:13:13.760 6467 6467 I [LiveEventBus]: message received: com.lightcone.beautycam.viewmodel.event.SelectedShapeEvent@4236cc8
02-20 19:13:13.761 6467 6467 I [LiveEventBus]: post: com.lightcone.beautycam.viewmodel.event.ResourceDownloadEvent@c640486 with key: class com.lightcone.beautycam.viewmodel.event.ResourceDownloadEvent
02-20 19:13:13.761 6467 6467 I [LiveEventBus]: post: com.lightcone.beautycam.viewmodel.event.ResourceDownloadEvent@c668d74 with key: class com.lightcone.beautycam.viewmodel.event.ResourceDownloadEvent
02-20 19:13:13.762 6467 6740 D BufferQueueProducer: [SurfaceView[com.accarunit.beauty.camera.videocall/com.lightcone.beautycam.activity .MainActivity]@0#5(BLAST Consumer)5](id:194300000005,api:3,p:938,c:6467) waitForFreeSlotThenRelock TIMED_OUT 0 dequeuedCount=20, acquiredCount=2, mMaxAcquiredBufferCount=1, mMaxDequeuedBufferCount=21
02-20 19:13:13.762 6467 6467 I [LiveEventBus]: post: com.lightcone.beautycam.viewmodel.event.ResourceDownloadEvent@66be312 with key: class com.lightcone.beautycam.viewmodel.event.ResourceDownloadEvent
02-20 19:13:13.762 6467 6467 I [LiveEventBus]: post: com.lightcone.beautycam.viewmodel.event.ResourceDownloadEvent@2190ce0 with key: class com.lightcone.beautycam.viewmodel.event.ResourceDownloadEvent
02-20 19:13:13.763 6467 6467 I [LiveEventBus]: post: com.lightcone.beautycam.viewmodel.event.ShowAdjustPanelViewEvent@7a11e5e with key: class com.lightcone.beautycam.viewmodel.event.ShowAdjustPanelViewEvent
02-20 19:13:13.763 6467 6467 I [LiveEventBus]: message received: com.lightcone.beautycam.viewmodel.event.ShowAdjustPanelViewEvent@7a11e5e
02-20 19:13:13.763 6467 6467 I [LiveEventBus]: message received: com.lightcone.beautycam.viewmodel.event.ShowAdjustPanelViewEvent@7a11e5e
02-20 19:13:13.763 6467 6467 I [LiveEventBus]: message received: com.lightcone.beautycam.viewmodel.event.ShowAdjustPanelViewEvent@7a11e5e
02-20 19:13:13.763 6467 6467 I [LiveEventBus]: broadcast: com.lightcone.beautycam.viewmodel.event.FilterGroupListUpdateEvent@4b2170c foreground: false with key: class com.lightcone.beautycam.viewmodel.event.FilterGroupListUpdateEvent
02-20 19:13:13.773 6467 6740 D BufferQueueProducer: [SurfaceView[com.accarunit.beauty.camera.videocall/com.lightcone.beautycam.activity .MainActivity]@0#5(BLAST Consumer)5](id:194300000005,api:3,p:938,c:6467) waitForFreeSlotThenRelock TIMED_OUT 0 dequeuedCount=20, acquiredCount=2, mMaxAcquiredBufferCount=1, mMaxDequeuedBufferCount=21
02-20 19:13:13.784 6467 6467 I [LiveEventBus]: broadcast: com.lightcone.beautycam.viewmodel.event.FilterListUpdateEvent@1ef97f8 foreground: false with key: class com.lightcone.beautycam.viewmodel.event.FilterListUpdateEvent
02-20 19:13:13.785 6467 6743 D BufferQueueProducer: [SurfaceView[com.accarunit.beauty.camera.videocall/com.lightcone.beautycam.activity .MainActivity]@0#5(BLAST Consumer)5](id:194300000005,api:3,p:938,c:6467) waitForFreeSlotThenRelock TIMED_OUT 0 dequeuedCount=20, acquiredCount=2, mMaxAcquiredBufferCount=1, mMaxDequeuedBufferCount=21
02-20 19:13:13.796 6467 6740 D BufferQueueProducer: [SurfaceView[com.accarunit.beauty.camera.videocall/com.lightcone.beautycam.activity .MainActivity]@0#5(BLAST Consumer)5](id:194300000005,api:3,p:938,c:6467) waitForFreeSlotThenRelock TIMED_OUT 0 dequeuedCount=20, acquiredCount=2, mMaxAcquiredBufferCount=1, mMaxDequeuedBufferCount=21
02-20 19:13:13.796 6467 6467 I [LiveEventBus]: broadcast: com.lightcone.beautycam.viewmodel.event.FavoriteFilterListUpdateEvent@d1cba37 foreground: false with key: class com.lightcone.beautycam.viewmodel.event.FavoriteFilterListUpdateEvent
02-20 19:13:13.804 6467 6467 I [LiveEventBus]: post: com.lightcone.beautycam.viewmodel.event.SelectedTabChangeEvent@e82b92f with key: class com.lightcone.beautycam.viewmodel.event.SelectedTabChangeEvent
02-20 19:13:13.805 6467 6467 I [LiveEventBus]: message received: com.lightcone.beautycam.viewmodel.event.SelectedTabChangeEvent@e82b92f
02-20 19:13:13.805 6467 6467 I [LiveEventBus]: message received: com.lightcone.beautycam.viewmodel.event.SelectedTabChangeEvent@e82b92f
02-20 19:13:13.805 6467 6467 I [LiveEventBus]: message received: com.lightcone.beautycam.viewmodel.event.SelectedTabChangeEvent@e82b92f
02-20 19:13:13.806 6467 6740 D BufferQueueProducer: [SurfaceView[com.accarunit.beauty.camera.videocall/com.lightcone.beautycam.activity .MainActivity]@0#5(BLAST Consumer)5](id:194300000005,api:3,p:938,c:6467) waitForFreeSlotThenRelock TIMED_OUT 0 dequeuedCount=20, acquiredCount=2, mMaxAcquiredBufferCount=1, mMaxDequeuedBufferCount=21
02-20 19:13:13.814 6467 6467 I [LiveEventBus]: observe sticky forever observer: com.jeremyliao.liveeventbus.core.LiveEventBusCore$ObserverWrapper@5003de6(d.c.d.c.w @d983441) with key: class com.lightcone.beautycam.viewmodel.event.EffectGroupListUpdateEvent
02-20 19:13:13.815 6467 6467 I [LiveEventBus]: observe forever observer: com.jeremyliao.liveeventbus.core.LiveEventBusCore$ObserverWrapper@dbdd5d4(d.c.d.c.x @9da9f27) with key: class com.lightcone.beautycam.viewmodel.event.SelectedEffectGroupEvent
02-20 19:13:13.815 6467 6467 I [LiveEventBus]: observe sticky forever observer: com.jeremyliao.liveeventbus.core.LiveEventBusCore$ObserverWrapper@1825272(d.c.d.c.s @6f2d37d) with key: class com.lightcone.beautycam.viewmodel.event.SelectedEffectEvent
02-20 19:13:13.816 6467 6467 I [LiveEventBus]: observe sticky forever observer: com.jeremyliao.liveeventbus.core.LiveEventBusCore$ObserverWrapper@80c7b40(d.c.d.c.p @fc806c3) with key: class com.lightcone.beautycam.viewmodel.event.EffectListUpdateEvent
02-20 19:13:13.816 6467 6467 I [LiveEventBus]: message received: com.lightcone.beautycam.viewmodel.event.ResourceDownloadEvent@2190ce0
02-20 19:13:13.816 6467 6467 I [LiveEventBus]: observe sticky forever observer: com.jeremyliao.liveeventbus.core.LiveEventBusCore$ObserverWrapper@19f23be(d.c.d.c.o @e5e2a79) with key: class com.lightcone.beautycam.viewmodel.event.ResourceDownloadEvent
02-20 19:13:13.816 6467 6467 I [LiveEventBus]: observe sticky forever observer: com.jeremyliao.liveeventbus.core.LiveEventBusCore$ObserverWrapper@3de0b6c(d.c.d.c.q @9a4c1f) with key: class com.lightcone.beautycam.viewmodel.event.FavoriteEffectListUpdateEvent
02-20 19:13:13.817 6467 6467 I [LiveEventBus]: observe forever observer: com.jeremyliao.liveeventbus.core.LiveEventBusCore$ObserverWrapper@f25bdca(d.c.d.c.r @e8df535) with key: class com.lightcone.beautycam.viewmodel.event.AddRemoveFavoriteEffectEvent
02-20 19:13:13.818 6467 6467 I [LiveEventBus]: observe sticky forever observer: com.jeremyliao.liveeventbus.core.LiveEventBusCore$ObserverWrapper@c567258(d.c.d.c.y @7218b3b) with key: class com.lightcone.beautycam.viewmodel.event.SelectedEffectEvent
02-20 19:13:13.820 6467 6743 D BufferQueueProducer: [SurfaceView[com.accarunit.beauty.camera.videocall/com.lightcone.beautycam.activity .MainActivity]@0#5(BLAST Consumer)5](id:194300000005,api:3,p:938,c:6467) waitForFreeSlotThenRelock TIMED_OUT 0 dequeuedCount=20, acquiredCount=2, mMaxAcquiredBufferCount=1, mMaxDequeuedBufferCount=21
02-20 19:13:13.821 6467 6467 I [LiveEventBus]: message received: com.lightcone.beautycam.viewmodel.event.ResourceDownloadEvent@2190ce0
02-20 19:13:13.821 6467 6467 I [LiveEventBus]: observe sticky forever observer: com.jeremyliao.liveeventbus.core.LiveEventBusCore$ObserverWrapper@fc9ec96(d.c.d.c.b 0@fb5afb1) with key: class com.lightcone.beautycam.viewmodel.event.ResourceDownloadEvent
02-20 19:13:13.822 6467 6467 I [LiveEventBus]: observe sticky forever observer: com.jeremyliao.liveeventbus.core.LiveEventBusCore$ObserverWrapper@8ec5c04(d.c.d.c.z @113a017) with key: class com.lightcone.beautycam.viewmodel.event.FavoriteEffectListUpdateEvent
02-20 19:13:13.822 6467 6467 I [LiveEventBus]: observe forever observer: com.jeremyliao.liveeventbus.core.LiveEventBusCore$ObserverWrapper@eb03c22(d.c.d.c.a 0@fc495ed) with key: class com.lightcone.beautycam.viewmodel.event.AddRemoveFavoriteEffectEvent
02-20 19:13:13.823 6467 6467 I [LiveEventBus]: observe forever observer: com.jeremyliao.liveeventbus.core.LiveEventBusCore$ObserverWrapper@fd53470(d.c.d.p.x .l@7a826b3) with key: class com.lightcone.beautycam.viewmodel.event.ClickEffectGroupEvent
02-20 19:13:13.823 6467 6467 I [LiveEventBus]: observe sticky forever observer: com.jeremyliao.liveeventbus.core.LiveEventBusCore$ObserverWrapper@2b9f86e(d.c.d.p.x .p@261a3e9) with key: class com.lightcone.beautycam.viewmodel.event.SelectedEffectEvent
02-20 19:13:13.823 6467 6467 I [LiveEventBus]: message received: com.lightcone.beautycam.viewmodel.event.SelectedEffectGroupEvent@aa857b0
02-20 19:13:13.824 6467 6467 I [LiveEventBus]: observe sticky forever observer: com.jeremyliao.liveeventbus.core.LiveEventBusCore$ObserverWrapper@331279c(d.c.d.p.x .m@5f47b0f) with key: class com.lightcone.beautycam.viewmodel.event.SelectedEffectGroupEvent
02-20 19:13:13.824 6467 6467 I [LiveEventBus]: observe forever observer: com.jeremyliao.liveeventbus.core.LiveEventBusCore$ObserverWrapper@d912d7a(d.c.d.p.x .o@4a795a5) with key: class com.lightcone.beautycam.viewmodel.event.AddRemoveFavoriteEffectEvent
02-20 19:13:13.824 6467 6467 I [LiveEventBus]: message received: com.lightcone.beautycam.viewmodel.event.SelectedTabChangeEvent@e82b92f
02-20 19:13:13.825 6467 6467 I [LiveEventBus]: message received: com.lightcone.beautycam.viewmodel.event.SelectedTabChangeEvent@e82b92f
02-20 19:13:13.825 6467 6467 I [LiveEventBus]: post: com.lightcone.beautycam.viewmodel.event.DetectFaceEvent@a0e721 with key: class com.lightcone.beautycam.viewmodel.event.DetectFaceEvent
02-20 19:13:13.825 6467 6467 I [LiveEventBus]: message received: com.lightcone.beautycam.viewmodel.event.DetectFaceEvent@a0e721
02-20 19:13:13.826 6467 6467 I [LiveEventBus]: post: com.lightcone.beautycam.viewmodel.event.DisableRenderEvent@5c6bd07 with key: class com.lightcone.beautycam.viewmodel.event.DisableRenderEvent
02-20 19:13:13.827 6467 6467 I [LiveEventBus]: post: com.lightcone.beautycam.viewmodel.event.DisableRenderEvent@c83d45d with key: class com.lightcone.beautycam.viewmodel.event.DisableRenderEvent
02-20 19:13:13.827 6467 6467 I [LiveEventBus]: post: com.lightcone.beautycam.viewmodel.event.DisableRenderEvent@8822a3 with key: class com.lightcone.beautycam.viewmodel.event.DisableRenderEvent
02-20 19:13:13.827 6467 6467 I [LiveEventBus]: post: com.lightcone.beautycam.viewmodel.event.DisableRenderEvent@1ae5959 with key: class com.lightcone.beautycam.viewmodel.event.DisableRenderEvent
02-20 19:13:13.828 6467 6467 D InsetsController: cancelAnimation of types: 2, animType: 1, host: com.accarunit.beauty.camera.videocall/com.lightcone.beautycam.activity.MainActivity , from:android.view.InsetsController.notifyFinished:1375 android.view.InsetsAnimationThreadControlRunner$1.lambda$notifyFinished$0$android- view-InsetsAnimationThreadControlRunner$1:84 android.view.InsetsAnimationThreadControlRunner$1$$ExternalSyntheticLambda1.run:4
02-20 19:13:13.829 6467 6467 I DecorView: notifyKeepScreenOnChanged: keepScreenOn=false
02-20 19:13:13.830 6467 6467 I DecorView: notifyKeepScreenOnChanged: keepScreenOn=false
02-20 19:13:13.831 6467 6743 D BufferQueueProducer: [SurfaceView[com.accarunit.beauty.camera.videocall/com.lightcone.beautycam.activity .MainActivity]@0#5(BLAST Consumer)5](id:194300000005,api:3,p:938,c:6467) waitForFreeSlotThenRelock TIMED_OUT 0 dequeuedCount=20, acquiredCount=2, mMaxAcquiredBufferCount=1, mMaxDequeuedBufferCount=21
