02-20 19:13:44.452 6467 6467 I [LiveEventBus]: observer removed: com.jeremyliao.liveeventbus.core.LiveEventBusCore$ObserverWrapper@fd53470
02-20 19:13:44.452 6467 6467 I [LiveEventBus]: observer removed: com.jeremyliao.liveeventbus.core.LiveEventBusCore$ObserverWrapper@d912d7a
02-20 19:13:44.452 6467 6467 I [LiveEventBus]: observer removed: com.jeremyliao.liveeventbus.core.LiveEventBusCore$ObserverWrapper@2b9f86e
02-20 19:13:44.453 6467 6467 I [LiveEventBus]: observer removed: com.jeremyliao.liveeventbus.core.LiveEventBusCore$ObserverWrapper@331279c
02-20 19:13:44.453 6467 6467 I [LiveEventBus]: observer removed: com.jeremyliao.liveeventbus.core.LiveEventBusCore$ObserverWrapper@5003de6
02-20 19:13:44.453 6467 6467 I [LiveEventBus]: observer removed: com.jeremyliao.liveeventbus.core.LiveEventBusCore$ObserverWrapper@dbdd5d4
02-20 19:13:44.453 6467 6467 I [LiveEventBus]: observer removed: com.jeremyliao.liveeventbus.core.LiveEventBusCore$ObserverWrapper@f25bdca
02-20 19:13:44.453 6467 6467 I [LiveEventBus]: observer removed: com.jeremyliao.liveeventbus.core.LiveEventBusCore$ObserverWrapper@3de0b6c
02-20 19:13:44.453 6467 6467 I [LiveEventBus]: observer removed: com.jeremyliao.liveeventbus.core.LiveEventBusCore$ObserverWrapper@1825272
02-20 19:13:44.453 6467 6467 I [LiveEventBus]: observer removed: com.jeremyliao.liveeventbus.core.LiveEventBusCore$ObserverWrapper@19f23be
02-20 19:13:44.453 6467 6467 I [LiveEventBus]: observer removed: com.jeremyliao.liveeventbus.core.LiveEventBusCore$ObserverWrapper@80c7b40
02-20 19:13:44.453 6467 6467 I [LiveEventBus]: observer removed: com.jeremyliao.liveeventbus.core.LiveEventBusCore$ObserverWrapper@4779705
02-20 19:13:44.453 6467 6467 I [LiveEventBus]: observer removed: com.jeremyliao.liveeventbus.core.LiveEventBusCore$ObserverWrapper@99f5a26
02-20 19:13:44.453 6467 6467 I [LiveEventBus]: observer removed: com.jeremyliao.liveeventbus.core.LiveEventBusCore$ObserverWrapper@fe5eef1
02-20 19:13:44.454 6467 6467 I [LiveEventBus]: observer removed: com.jeremyliao.liveeventbus.core.LiveEventBusCore$ObserverWrapper@9f28b29
02-20 19:13:44.454 6467 6467 I [LiveEventBus]: observer removed: com.jeremyliao.liveeventbus.core.LiveEventBusCore$ObserverWrapper@dd9892d
02-20 19:13:44.454 6467 6467 I [LiveEventBus]: observer removed: com.jeremyliao.liveeventbus.core.LiveEventBusCore$ObserverWrapper@57cc075
02-20 19:13:44.454 6467 6467 I [LiveEventBus]: observer removed: com.jeremyliao.liveeventbus.core.LiveEventBusCore$ObserverWrapper@ee654b2
02-20 19:13:44.454 6467 6467 I [LiveEventBus]: observer removed: com.jeremyliao.liveeventbus.core.LiveEventBusCore$ObserverWrapper@fe109fe
02-20 19:13:44.454 6467 6467 I [LiveEventBus]: observer removed: com.jeremyliao.liveeventbus.core.LiveEventBusCore$ObserverWrapper@3d7687b
02-20 19:13:44.454 6467 6467 I [LiveEventBus]: observer removed: com.jeremyliao.liveeventbus.core.LiveEventBusCore$ObserverWrapper@7146bf3
02-20 19:13:44.454 6467 6467 I [LiveEventBus]: observer removed: com.jeremyliao.liveeventbus.core.LiveEventBusCore$ObserverWrapper@16a1157
02-20 19:13:44.456 6467 6467 I SurfaceView@28c39a2: onWindowVisibilityChanged(8) false d.c.d.l.t0{28c39a2 V.E...... ........ 0,0-720,1572} of ViewRootImpl@89cf70a[BeautyLooksActivity]
02-20 19:13:44.456 6467 6467 D SurfaceView@28c39a2: updateSurface: surface is not valid
02-20 19:13:44.456 6467 6467 I SurfaceView@28c39a2: releaseSurfaces: viewRoot = ViewRootImpl@89cf70a[BeautyLooksActivity]
02-20 19:13:44.458 6467 6467 I SurfaceView@28c39a2: applyTransactionOnVriDraw: vri = ViewRootImpl@89cf70a[BeautyLooksActivity] fRS = true t = 0xb4000070d7eaf400 android.view.SurfaceView.releaseSurfaces:858 android.view.SurfaceView.updateSurface:998 android.view.SurfaceView.onWindowVisibilityChanged:371
02-20 19:13:44.458 6467 6467 I SurfaceView@28c39a2: applyTransactionOnVriDraw: viewRoot.applyTransactionOnDrawFromReleaseSurfaces
02-20 19:13:44.458 6467 6467 I ViewRootImpl@89cf70a[BeautyLooksActivity]: from releaseSurfaces t.apply t = 0xb4000070d7eaf400
02-20 19:13:44.459 6467 6467 D SurfaceView@28c39a2: updateSurface: surface is not valid
02-20 19:13:44.459 6467 6467 I SurfaceView@28c39a2: releaseSurfaces: viewRoot = ViewRootImpl@89cf70a[BeautyLooksActivity]
02-20 19:13:44.460 6467 6467 I SurfaceView@28c39a2: applyTransactionOnVriDraw: vri = ViewRootImpl@89cf70a[BeautyLooksActivity] fRS = true t = 0xb4000070d7eaf600 android.view.SurfaceView.releaseSurfaces:858 android.view.SurfaceView.updateSurface:998 android.view.SurfaceView.onDetachedFromWindow:496
02-20 19:13:44.460 6467 6467 I SurfaceView@28c39a2: applyTransactionOnVriDraw: viewRoot.applyTransactionOnDrawFromReleaseSurfaces
02-20 19:13:44.460 6467 6467 I ViewRootImpl@89cf70a[BeautyLooksActivity]: from releaseSurfaces t.apply t = 0xb4000070d7eaf600
02-20 19:13:44.460 6467 6467 I SurfaceView@28c39a2: onDetachedFromWindow: tryReleaseSurfaces()
02-20 19:13:44.461 6467 6467 I SurfaceView@28c39a2: releaseSurfaces: viewRoot = ViewRootImpl@89cf70a[BeautyLooksActivity]
02-20 19:13:44.461 6467 6467 I SurfaceView@28c39a2: applyTransactionOnVriDraw: vri = ViewRootImpl@89cf70a[BeautyLooksActivity] fRS = true t = 0xb4000070d82dcf00 android.view.SurfaceView.releaseSurfaces:858 android.view.SurfaceView.onDetachedFromWindow:500 android.view.View.dispatchDetachedFromWindow:22538
02-20 19:13:44.461 6467 6467 I SurfaceView@28c39a2: applyTransactionOnVriDraw: viewRoot.applyTransactionOnDrawFromReleaseSurfaces
02-20 19:13:44.461 6467 6467 I ViewRootImpl@89cf70a[BeautyLooksActivity]: from releaseSurfaces t.apply t = 0xb4000070d82dcf00
02-20 19:13:44.463 6467 6743 D BufferQueueProducer: [SurfaceView[com.accarunit.beauty.camera.videocall/com.lightcone.beautycam.activity .MainActivity]@0#9(BLAST Consumer)9](id:19430000000b,api:3,p:938,c:6467) waitForFreeSlotThenRelock TIMED_OUT 0 dequeuedCount=19, acquiredCount=3, mMaxAcquiredBufferCount=1, mMaxDequeuedBufferCount=21
02-20 19:13:44.464 6467 6845 D TAG : refreshParams: facetop: [0.0, 0.0]
02-20 19:13:44.464 6467 6845 D TAG : refreshParams: eyes_smiley: [0.0, 0.0]
02-20 19:13:44.464 6467 6845 D TAG : refreshParams: nose_bridge: [0.5, 0.5]
02-20 19:13:44.464 6467 6845 D TAG : refreshParams: nose_position: [0.5, 0.5]
02-20 19:13:44.468 6467 6467 I MSHandlerLifeCycle: removeMultiSplitHandler: no exist. decor=DecorView@d5c48c0[BeautyLooksActivity]
02-20 19:13:44.468 6467 6533 D OpenGLRenderer: setSurface called with nullptr
02-20 19:13:44.469 6467 6533 D OpenGLRenderer: setSurface() destroyed EGLSurface
02-20 19:13:44.469 6467 6533 D OpenGLRenderer: destroyEglSurface
02-20 19:13:44.470 6467 6533 D BufferQueueProducer: [ViewRootImpl@89cf70a[BeautyLooksActivity]#6(BLAST Consumer)6] (id:194300000006,api:1,p:6467,c:6467) disconnect: api 1
02-20 19:13:44.472 6467 6533 D BLASTBufferQueue: [ViewRootImpl@89cf70a[BeautyLooksActivity]#6](f:0,a:1) destructor()
02-20 19:13:44.472 6467 6533 D BufferQueueConsumer: [ViewRootImpl@89cf70a[BeautyLooksActivity]#6(BLAST Consumer)6] (id:194300000006,api:0,p:-1,c:6467) disconnect
02-20 19:13:44.473 6467 6467 I ViewRootImpl@89cf70a[BeautyLooksActivity]: dispatchDetachedFromWindow
02-20 19:13:44.473 6467 6845 E BufferQueueProducer: [SurfaceView[com.accarunit.beauty.camera.videocall/com.lightcone.beautycam.activity .BeautyLooksActivity]@0#7(BLAST Consumer)7](id:194300000007,api:0,p:-1,c:6467) dequeueBuffer: BufferQueue has been abandoned
02-20 19:13:44.473 6467 6845 E IMGSRV : :586: DequeueBufferWrapper: Failed to de-queue buffer (-19)
02-20 19:13:44.473 6467 6845 E IMGSRV : :471: KEGLGetDrawableParameters: Native window is invalid
02-20 19:13:44.474 6467 6845 E IMGSRV : :2999: PrepareToDraw: Invalid drawable
02-20 19:13:44.474 6467 6845 E IMGSRV : :2503: DoClear: Can't prepare to draw
02-20 19:13:44.474 6467 6845 E IMGSRV : :438: KEGLGetDrawableParameters: Can't recreate drawable due to a disconnected/abandoned window
02-20 19:13:44.474 6467 6845 E IMGSRV : :2999: PrepareToDraw: Invalid drawable
02-20 19:13:44.474 6467 6845 E IMGSRV : :5001: glDrawArrays: Can't prepare to draw
02-20 19:13:44.474 6467 6845 E libEGL : eglSwapBuffersWithDamageKHRImpl:1357 error 300d (EGL_BAD_SURFACE)
02-20 19:13:44.474 6467 6845 D GLSurface: WARNING: swapBuffers() failed
02-20 19:13:44.476 6467 6641 D BufferQueueProducer: [SurfaceView[com.accarunit.beauty.camera.videocall/com.lightcone.beautycam.activity .MainActivity]@0#9(BLAST Consumer)9](id:19430000000b,api:3,p:938,c:6467) waitForFreeSlotThenRelock TIMED_OUT 0 dequeuedCount=20, acquiredCount=2, mMaxAcquiredBufferCount=1, mMaxDequeuedBufferCount=21
02-20 19:13:44.482 6467 6467 D InputTransport: Input channel destroyed: 'b9f5af7', fd=250
02-20 19:13:44.487 6467 6641 D BufferQueueProducer: [SurfaceView[com.accarunit.beauty.camera.videocall/com.lightcone.beautycam.activity .MainActivity]@0#9(BLAST Consumer)9](id:19430000000b,api:3,p:938,c:6467) waitForFreeSlotThenRelock TIMED_OUT 0 dequeuedCount=20, acquiredCount=2, mMaxAcquiredBufferCount=1, mMaxDequeuedBufferCount=21
02-20 19:13:44.489 6467 6467 I [LiveEventBus]: broadcast: com.lightcone.beautycam.viewmodel.event.DetectFaceEvent@c4d5eac foreground: false with key: class com.lightcone.beautycam.viewmodel.event.DetectFaceEvent
02-20 19:13:44.494 6467 6856 D Camera2CameraImpl: {Camera@1a7f45e[id=0]} Transitioning camera internal state: INITIALIZED --> RELEASING
02-20 19:13:44.495 6467 6856 D CameraStateRegistry: Recalculating open cameras:
02-20 19:13:44.495 6467 6856 D CameraStateRegistry: Camera State
02-20 19:13:44.495 6467 6856 D CameraStateRegistry: -------------------------------------------------------------------
02-20 19:13:44.495 6467 6856 D CameraStateRegistry: Camera@888415b[id=1] CLOSING
02-20 19:13:44.495 6467 6856 D CameraStateRegistry: Camera@1a7f45e[id=0] RELEASING
02-20 19:13:44.495 6467 6856 D CameraStateRegistry: -------------------------------------------------------------------
02-20 19:13:44.495 6467 6856 D CameraStateRegistry: Open count: 2 (Max allowed: 1)
02-20 19:13:44.496 6467 6856 D Camera2CameraImpl: {Camera@1a7f45e[id=0]} Transitioning camera internal state: RELEASING --> RELEASED
02-20 19:13:44.496 6467 6856 D CameraStateRegistry: Recalculating open cameras:
02-20 19:13:44.496 6467 6856 D CameraStateRegistry: Camera State
02-20 19:13:44.496 6467 6856 D CameraStateRegistry: -------------------------------------------------------------------
02-20 19:13:44.496 6467 6856 D CameraStateRegistry: Camera@888415b[id=1] CLOSING
02-20 19:13:44.496 6467 6856 D CameraStateRegistry: -------------------------------------------------------------------
02-20 19:13:44.496 6467 6856 D CameraStateRegistry: Open count: 1 (Max allowed: 1)
02-20 19:13:44.498 6467 6641 D BufferQueueProducer: [SurfaceView[com.accarunit.beauty.camera.videocall/com.lightcone.beautycam.activity .MainActivity]@0#9(BLAST Consumer)9](id:19430000000b,api:3,p:938,c:6467) waitForFreeSlotThenRelock TIMED_OUT 0 dequeuedCount=19, acquiredCount=3, mMaxAcquiredBufferCount=1, mMaxDequeuedBufferCount=21
02-20 19:13:44.501 6467 6533 E IMGMapper: set:488 set: Unset optional value from type SMPTE2086
02-20 19:13:44.501 6467 6533 E IMGMapper: set:488 set: Unset optional value from type CTA861_3
02-20 19:13:44.503 6467 6467 I [LiveEventBus]: post: com.lightcone.beautycam.viewmodel.event.DetectFaceEvent@45ca5d6 with key: class com.lightcone.beautycam.viewmodel.event.DetectFaceEvent
02-20 19:13:44.508 6467 6533 E IMGMapper: set:488 set: Unset optional value from type SMPTE2086
02-20 19:13:44.508 6467 6533 E IMGMapper: set:488 set: Unset optional value from type CTA861_3
02-20 19:13:44.511 6467 6743 D BufferQueueProducer: [SurfaceView[com.accarunit.beauty.camera.videocall/com.lightcone.beautycam.activity .MainActivity]@0#9(BLAST Consumer)9](id:19430000000b,api:3,p:938,c:6467) waitForFreeSlotThenRelock TIMED_OUT 0 dequeuedCount=20, acquiredCount=2, mMaxAcquiredBufferCount=1, mMaxDequeuedBufferCount=21
02-20 19:13:44.522 6467 6476 I amera.videocall: Background concurrent copying GC freed 33048(2036KB) AllocSpace objects, 50(8820KB) LOS objects, 49% free, 11MB/23MB, paused 806us,318us total 124.794ms
02-20 19:13:44.523 6467 6743 D BufferQueueProducer: [SurfaceView[com.accarunit.beauty.camera.videocall/com.lightcone.beautycam.activity .MainActivity]@0#9(BLAST Consumer)9](id:19430000000b,api:3,p:938,c:6467) waitForFreeSlotThenRelock TIMED_OUT 0 dequeuedCount=20, acquiredCount=2, mMaxAcquiredBufferCount=1, mMaxDequeuedBufferCount=21
02-20 19:13:44.523 6467 6477 D InputTransport: Input channel destroyed: 'ClientS', fd=240
02-20 19:13:44.526 6467 6641 I CameraManagerGlobal: Camera 1 facing CAMERA_FACING_FRONT state now CAMERA_STATE_IDLE for client com.accarunit.beauty.camera.videocall API Level 2
02-20 19:13:44.529 6467 6533 E IMGMapper: set:488 set: Unset optional value from type SMPTE2086
02-20 19:13:44.530 6467 6533 E IMGMapper: set:488 set: Unset optional value from type CTA861_3
02-20 19:13:44.535 6467 6743 D BufferQueueProducer: [SurfaceView[com.accarunit.beauty.camera.videocall/com.lightcone.beautycam.activity .MainActivity]@0#9(BLAST Consumer)9](id:19430000000b,api:3,p:938,c:6467) waitForFreeSlotThenRelock TIMED_OUT 0 dequeuedCount=19, acquiredCount=3, mMaxAcquiredBufferCount=1, mMaxDequeuedBufferCount=21
02-20 19:13:44.542 6467 6533 E IMGMapper: set:488 set: Unset optional value from type SMPTE2086
02-20 19:13:44.542 6467 6533 E IMGMapper: set:488 set: Unset optional value from type CTA861_3
02-20 19:13:44.548 6467 6743 D BufferQueueProducer: [SurfaceView[com.accarunit.beauty.camera.videocall/com.lightcone.beautycam.activity .MainActivity]@0#9(BLAST Consumer)9](id:19430000000b,api:3,p:938,c:6467) waitForFreeSlotThenRelock TIMED_OUT 0 dequeuedCount=20, acquiredCount=2, mMaxAcquiredBufferCount=1, mMaxDequeuedBufferCount=21
02-20 19:13:44.559 6467 6641 D BufferQueueProducer: [SurfaceView[com.accarunit.beauty.camera.videocall/com.lightcone.beautycam.activity .MainActivity]@0#9(BLAST Consumer)9](id:19430000000b,api:3,p:938,c:6467) waitForFreeSlotThenRelock TIMED_OUT 0 dequeuedCount=19, acquiredCount=3, mMaxAcquiredBufferCount=1, mMaxDequeuedBufferCount=21
02-20 19:13:44.560 6467 6533 E IMGMapper: set:488 set: Unset optional value from type SMPTE2086
02-20 19:13:44.560 6467 6533 E IMGMapper: set:488 set: Unset optional value from type CTA861_3
02-20 19:13:44.571 6467 6641 D BufferQueueProducer: [SurfaceView[com.accarunit.beauty.camera.videocall/com.lightcone.beautycam.activity .MainActivity]@0#9(BLAST Consumer)9](id:19430000000b,api:3,p:938,c:6467) waitForFreeSlotThenRelock TIMED_OUT 0 dequeuedCount=19, acquiredCount=3, mMaxAcquiredBufferCount=1, mMaxDequeuedBufferCount=21
02-20 19:13:44.578 6467 6533 E IMGMapper: set:488 set: Unset optional value from type SMPTE2086
02-20 19:13:44.578 6467 6533 E IMGMapper: set:488 set: Unset optional value from type CTA861_3
02-20 19:13:44.583 6467 6641 D BufferQueueProducer: [SurfaceView[com.accarunit.beauty.camera.videocall/com.lightcone.beautycam.activity .MainActivity]@0#9(BLAST Consumer)9](id:19430000000b,api:3,p:938,c:6467) waitForFreeSlotThenRelock TIMED_OUT 0 dequeuedCount=20, acquiredCount=2, mMaxAcquiredBufferCount=1, mMaxDequeuedBufferCount=21
02-20 19:13:44.594 6467 6743 D BufferQueueProducer: [SurfaceView[com.accarunit.beauty.camera.videocall/com.lightcone.beautycam.activity .MainActivity]@0#9(BLAST Consumer)9](id:19430000000b,api:3,p:938,c:6467) waitForFreeSlotThenRelock TIMED_OUT 0 dequeuedCount=19, acquiredCount=3, mMaxAcquiredBufferCount=1, mMaxDequeuedBufferCount=21
02-20 19:13:44.595 6467 6533 E IMGMapper: set:488 set: Unset optional value from type SMPTE2086
02-20 19:13:44.595 6467 6533 E IMGMapper: set:488 set: Unset optional value from type CTA861_3
02-20 19:13:44.605 6467 6743 D BufferQueueProducer: [SurfaceView[com.accarunit.beauty.camera.videocall/com.lightcone.beautycam.activity .MainActivity]@0#9(BLAST Consumer)9](id:19430000000b,api:3,p:938,c:6467) waitForFreeSlotThenRelock TIMED_OUT 0 dequeuedCount=19, acquiredCount=3, mMaxAcquiredBufferCount=1, mMaxDequeuedBufferCount=21
02-20 19:13:44.610 6467 6533 E IMGMapper: set:488 set: Unset optional value from type SMPTE2086
02-20 19:13:44.610 6467 6533 E IMGMapper: set:488 set: Unset optional value from type CTA861_3
02-20 19:13:44.616 6467 6743 D BufferQueueProducer: [SurfaceView[com.accarunit.beauty.camera.videocall/com.lightcone.beautycam.activity .MainActivity]@0#9(BLAST Consumer)9](id:19430000000b,api:3,p:938,c:6467) waitForFreeSlotThenRelock TIMED_OUT 0 dequeuedCount=20, acquiredCount=2, mMaxAcquiredBufferCount=1, mMaxDequeuedBufferCount=21
02-20 19:13:44.631 6467 6641 D BufferQueueProducer: [SurfaceView[com.accarunit.beauty.camera.videocall/com.lightcone.beautycam.activity .MainActivity]@0#9(BLAST Consumer)9](id:19430000000b,api:3,p:938,c:6467) waitForFreeSlotThenRelock TIMED_OUT 0 dequeuedCount=19, acquiredCount=3, mMaxAcquiredBufferCount=1, mMaxDequeuedBufferCount=21
02-20 19:13:44.638 6467 6533 E IMGMapper: set:488 set: Unset optional value from type SMPTE2086
02-20 19:13:44.639 6467 6533 E IMGMapper: set:488 set: Unset optional value from type CTA861_3
02-20 19:13:44.643 6467 6743 D BufferQueueProducer: [SurfaceView[com.accarunit.beauty.camera.videocall/com.lightcone.beautycam.activity .MainActivity]@0#9(BLAST Consumer)9](id:19430000000b,api:3,p:938,c:6467) waitForFreeSlotThenRelock TIMED_OUT 0 dequeuedCount=20, acquiredCount=2, mMaxAcquiredBufferCount=1, mMaxDequeuedBufferCount=21
02-20 19:13:44.645 6467 6533 E IMGMapper: set:488 set: Unset optional value from type SMPTE2086
02-20 19:13:44.645 6467 6533 E IMGMapper: set:488 set: Unset optional value from type CTA861_3
02-20 19:13:44.656 6467 6743 D BufferQueueProducer: [SurfaceView[com.accarunit.beauty.camera.videocall/com.lightcone.beautycam.activity .MainActivity]@0#9(BLAST Consumer)9](id:19430000000b,api:3,p:938,c:6467) waitForFreeSlotThenRelock TIMED_OUT 0 dequeuedCount=20, acquiredCount=2, mMaxAcquiredBufferCount=1, mMaxDequeuedBufferCount=21
02-20 19:13:44.658 6467 6533 E IMGMapper: set:488 set: Unset optional value from type SMPTE2086
02-20 19:13:44.658 6467 6533 E IMGMapper: set:488 set: Unset optional value from type CTA861_3
02-20 19:13:44.671 6467 6641 D BufferQueueProducer: [SurfaceView[com.accarunit.beauty.camera.videocall/com.lightcone.beautycam.activity .MainActivity]@0#9(BLAST Consumer)9](id:19430000000b,api:3,p:938,c:6467) waitForFreeSlotThenRelock TIMED_OUT 0 dequeuedCount=19, acquiredCount=3, mMaxAcquiredBufferCount=1, mMaxDequeuedBufferCount=21
02-20 19:13:44.671 6467 6847 D BufferQueueProducer: [ImageReader-1280x720f21m2- 6467-0](id:194300000009,api:4,p:915,c:6467) disconnect: api 4
02-20 19:13:44.675 6467 6533 E IMGMapper: set:488 set: Unset optional value from type SMPTE2086
02-20 19:13:44.675 6467 6533 E IMGMapper: set:488 set: Unset optional value from type CTA861_3
02-20 19:13:44.676 6467 6847 D BufferQueueProducer: [SurfaceTexture-1-6467-0] (id:194300000008,api:4,p:915,c:6467) disconnect: api 4
02-20 19:13:44.677 6467 6847 D libMEOW : meow new tls: 0xb400007074f1a580
02-20 19:13:44.677 6467 6847 D libMEOW : applied 2 plugins for [com.accarunit.beauty.camera.videocall]:
02-20 19:13:44.677 6467 6847 D libMEOW : plugin 1: [libMEOW_gift.so]:
02-20 19:13:44.677 6467 6847 D libMEOW : plugin 2: [libMEOW_semaphore]:
02-20 19:13:44.686 6467 6641 D BufferQueueProducer: [SurfaceView[com.accarunit.beauty.camera.videocall/com.lightcone.beautycam.activity .MainActivity]@0#9(BLAST Consumer)9](id:19430000000b,api:3,p:938,c:6467) waitForFreeSlotThenRelock TIMED_OUT 0 dequeuedCount=20, acquiredCount=2, mMaxAcquiredBufferCount=1, mMaxDequeuedBufferCount=21
02-20 19:13:44.695 6467 6533 E IMGMapper: set:488 set: Unset optional value from type SMPTE2086
02-20 19:13:44.695 6467 6533 E IMGMapper: set:488 set: Unset optional value from type CTA861_3
02-20 19:13:44.697 6467 6864 D BufferQueueProducer: [SurfaceView[com.accarunit.beauty.camera.videocall/com.lightcone.beautycam.activity .MainActivity]@0#9(BLAST Consumer)9](id:19430000000b,api:3,p:938,c:6467) waitForFreeSlotThenRelock TIMED_OUT 0 dequeuedCount=19, acquiredCount=3, mMaxAcquiredBufferCount=1, mMaxDequeuedBufferCount=21
02-20 19:13:44.701 6467 6864 I CameraManagerGlobal: postSingleUpdate device: camera id 1 status STATUS_PRESENT
02-20 19:13:44.703 6467 6864 I CameraManagerGlobal: Camera 1 facing CAMERA_FACING_FRONT state now CAMERA_STATE_CLOSED for client com.accarunit.beauty.camera.videocall API Level 2
02-20 19:13:44.705 6467 6847 D Camera2CameraImpl: {Camera@888415b[id=1]} Transitioning camera internal state: CLOSING --> RELEASING
02-20 19:13:44.706 6467 6847 D CameraStateRegistry: Recalculating open cameras:
02-20 19:13:44.706 6467 6847 D CameraStateRegistry: Camera State
02-20 19:13:44.706 6467 6847 D CameraStateRegistry: -------------------------------------------------------------------
02-20 19:13:44.706 6467 6847 D CameraStateRegistry: Camera@888415b[id=1] RELEASING
02-20 19:13:44.706 6467 6847 D CameraStateRegistry: -------------------------------------------------------------------
02-20 19:13:44.706 6467 6847 D CameraStateRegistry: Open count: 1 (Max allowed: 1)
02-20 19:13:44.708 6467 6533 E IMGMapper: set:488 set: Unset optional value from type SMPTE2086
02-20 19:13:44.708 6467 6533 E IMGMapper: set:488 set: Unset optional value from type CTA861_3
02-20 19:13:44.708 6467 6481 W amera.videocall: Long monitor contention with owner CameraX-core_camera_0 (6847) at void android.hardware.camera2.impl.CameraDeviceImpl.close()(CameraDeviceImpl.java:1463) waiters=0 in void android.hardware.camera2.impl.CameraDeviceImpl$CameraDeviceCallbacks.onCaptureStart ed(android.hardware.camera2.impl.CaptureResultExtras, long) for 297ms
02-20 19:13:44.709 6467 6864 D BufferQueueProducer: [SurfaceView[com.accarunit.beauty.camera.videocall/com.lightcone.beautycam.activity .MainActivity]@0#9(BLAST Consumer)9](id:19430000000b,api:3,p:938,c:6467) waitForFreeSlotThenRelock TIMED_OUT 0 dequeuedCount=20, acquiredCount=2, mMaxAcquiredBufferCount=1, mMaxDequeuedBufferCount=21
02-20 19:13:44.712 6467 6847 D DeferrableSurface: use count-1, useCount=0 closed=true androidx.camera.core.SurfaceRequest$2@ca9945a
02-20 19:13:44.712 6467 6847 D DeferrableSurface: Surface no longer in use[total_surfaces=2, used_surfaces=1] (androidx.camera.core.SurfaceRequest$2@ca9945a}
02-20 19:13:44.712 6467 6847 D DeferrableSurface: Surface terminated[total_surfaces=1, used_surfaces=1] (androidx.camera.core.SurfaceRequest$2@ca9945a}
02-20 19:13:44.712 6467 6847 D DeferrableSurface: use count-1, useCount=0 closed=true androidx.camera.core.impl.ImmediateSurface@3ce2381
02-20 19:13:44.712 6467 6847 D DeferrableSurface: Surface no longer in use[total_surfaces=1, used_surfaces=0] (androidx.camera.core.impl.ImmediateSurface@3ce2381}
02-20 19:13:44.712 6467 6847 D DeferrableSurface: Surface terminated[total_surfaces=0, used_surfaces=0] (androidx.camera.core.impl.ImmediateSurface@3ce2381}
02-20 19:13:44.712 6467 6847 D Camera2CameraImpl: {Camera@888415b[id=1]} CameraDevice.onClosed()
02-20 19:13:44.713 6467 6847 D Camera2CameraImpl: {Camera@888415b[id=1]} Transitioning camera internal state: RELEASING --> RELEASED
02-20 19:13:44.713 6467 6467 D BufferQueueConsumer: [ImageReader-1280x720f21m2- 6467-0](id:194300000009,api:0,p:-1,c:6467) disconnect
02-20 19:13:44.713 6467 6847 D CameraStateRegistry: Recalculating open cameras:
02-20 19:13:44.713 6467 6847 D CameraStateRegistry: Camera State
02-20 19:13:44.713 6467 6847 D CameraStateRegistry: -------------------------------------------------------------------
02-20 19:13:44.713 6467 6847 D CameraStateRegistry: -------------------------------------------------------------------
02-20 19:13:44.713 6467 6847 D CameraStateRegistry: Open count: 0 (Max allowed: 1)
02-20 19:13:44.719 6467 6847 D libMEOW : meow delete tls: 0xb400007074f1a580
02-20 19:13:44.723 6467 7050 D BufferQueueProducer: [SurfaceView[com.accarunit.beauty.camera.videocall/com.lightcone.beautycam.activity .MainActivity]@0#9(BLAST Consumer)9](id:19430000000b,api:3,p:938,c:6467) waitForFreeSlotThenRelock TIMED_OUT 0 dequeuedCount=20, acquiredCount=2, mMaxAcquiredBufferCount=1, mMaxDequeuedBufferCount=21
02-20 19:13:44.723 6467 6533 E IMGMapper: set:488 set: Unset optional value from type SMPTE2086
02-20 19:13:44.723 6467 6533 E IMGMapper: set:488 set: Unset optional value from type CTA861_3
02-20 19:13:44.735 6467 7050 D BufferQueueProducer: [SurfaceView[com.accarunit.beauty.camera.videocall/com.lightcone.beautycam.activity .MainActivity]@0#9(BLAST Consumer)9](id:19430000000b,api:3,p:938,c:6467) waitForFreeSlotThenRelock TIMED_OUT 0 dequeuedCount=19, acquiredCount=3, mMaxAcquiredBufferCount=1, mMaxDequeuedBufferCount=21
02-20 19:13:44.743 6467 6467 E MainActivity: onBannerTimerProcess: false
02-20 19:13:44.746 6467 6533 E IMGMapper: set:488 set: Unset optional value from type SMPTE2086
02-20 19:13:44.746 6467 6533 E IMGMapper: set:488 set: Unset optional value from type CTA861_3
02-20 19:13:44.747 6467 6864 D BufferQueueProducer: [SurfaceView[com.accarunit.beauty.camera.videocall/com.lightcone.beautycam.activity .MainActivity]@0#9(BLAST Consumer)9](id:19430000000b,api:3,p:938,c:6467) waitForFreeSlotThenRelock TIMED_OUT 0 dequeuedCount=20, acquiredCount=2, mMaxAcquiredBufferCount=1, mMaxDequeuedBufferCount=21
02-20 19:13:44.758 6467 7050 D BufferQueueProducer: [SurfaceView[com.accarunit.beauty.camera.videocall/com.lightcone.beautycam.activity .MainActivity]@0#9(BLAST Consumer)9](id:19430000000b,api:3,p:938,c:6467) waitForFreeSlotThenRelock TIMED_OUT 0 dequeuedCount=19, acquiredCount=3, mMaxAcquiredBufferCount=1, mMaxDequeuedBufferCount=21
02-20 19:13:44.762 6467 6533 E IMGMapper: set:488 set: Unset optional value from type SMPTE2086
02-20 19:13:44.762 6467 6533 E IMGMapper: set:488 set: Unset optional value from type CTA861_3
02-20 19:13:44.768 6467 6845 D BufferQueueConsumer: [SurfaceTexture-1-6467-0] (id:194300000008,api:0,p:-1,c:6467) disconnect
02-20 19:13:44.769 6467 7050 D BufferQueueProducer: [SurfaceView[com.accarunit.beauty.camera.videocall/com.lightcone.beautycam.activity .MainActivity]@0#9(BLAST Consumer)9](id:19430000000b,api:3,p:938,c:6467) waitForFreeSlotThenRelock TIMED_OUT 0 dequeuedCount=19, acquiredCount=3, mMaxAcquiredBufferCount=1, mMaxDequeuedBufferCount=21
02-20 19:13:44.775 6467 6533 E IMGMapper: set:488 set: Unset optional value from type SMPTE2086
02-20 19:13:44.775 6467 6533 E IMGMapper: set:488 set: Unset optional value from type CTA861_3
02-20 19:13:44.777 6467 6845 I GLContextOP: GLHandler-render-thread: releaseFbo done.
02-20 19:13:44.781 6467 6864 D BufferQueueProducer: [SurfaceView[com.accarunit.beauty.camera.videocall/com.lightcone.beautycam.activity .MainActivity]@0#9(BLAST Consumer)9](id:19430000000b,api:3,p:938,c:6467) waitForFreeSlotThenRelock TIMED_OUT 0 dequeuedCount=20, acquiredCount=2, mMaxAcquiredBufferCount=1, mMaxDequeuedBufferCount=21
02-20 19:13:44.783 6467 6845 E libEGL : validate_display:537 error 3008 (EGL_BAD_DISPLAY)
02-20 19:13:44.784 6467 6845 I GLContextOP: GEnv destroy done!
02-20 19:13:44.784 6467 6845 D libMEOW : meow delete tls: 0xb4000070d821f640
02-20 19:13:44.793 6467 6533 E IMGMapper: set:488 set: Unset optional value from type SMPTE2086
02-20 19:13:44.793 6467 6533 E IMGMapper: set:488 set: Unset optional value from type CTA861_3
02-20 19:13:44.794 6467 6864 D BufferQueueProducer: [SurfaceView[com.accarunit.beauty.camera.videocall/com.lightcone.beautycam.activity .MainActivity]@0#9(BLAST Consumer)9](id:19430000000b,api:3,p:938,c:6467) waitForFreeSlotThenRelock TIMED_OUT 0 dequeuedCount=19, acquiredCount=3, mMaxAcquiredBufferCount=1, mMaxDequeuedBufferCount=21
02-20 19:13:44.807 6467 6864 D BufferQueueProducer: [SurfaceView[com.accarunit.beauty.camera.videocall/com.lightcone.beautycam.activity .MainActivity]@0#9(BLAST Consumer)9](id:19430000000b,api:3,p:938,c:6467) waitForFreeSlotThenRelock TIMED_OUT 0 dequeuedCount=20, acquiredCount=2, mMaxAcquiredBufferCount=1, mMaxDequeuedBufferCount=21
02-20 19:13:44.808 6467 6533 E IMGMapper: set:488 set: Unset optional value from type SMPTE2086
02-20 19:13:44.809 6467 6533 E IMGMapper: set:488 set: Unset optional value from type CTA861_3
02-20 19:13:44.818 6467 6864 D BufferQueueProducer: [SurfaceView[com.accarunit.beauty.camera.videocall/com.lightcone.beautycam.activity .MainActivity]@0#9(BLAST Consumer)9](id:19430000000b,api:3,p:938,c:6467) waitForFreeSlotThenRelock TIMED_OUT 0 dequeuedCount=20, acquiredCount=2, mMaxAcquiredBufferCount=1, mMaxDequeuedBufferCount=21
02-20 19:13:44.824 6467 6533 E IMGMapper: set:488 set: Unset optional value from type SMPTE2086
02-20 19:13:44.824 6467 6533 E IMGMapper: set:488 set: Unset optional value from type CTA861_3
02-20 19:13:44.829 6467 6864 D BufferQueueProducer: [SurfaceView[com.accarunit.beauty.camera.videocall/com.lightcone.beautycam.activity .MainActivity]@0#9(BLAST Consumer)9](id:19430000000b,api:3,p:938,c:6467) waitForFreeSlotThenRelock TIMED_OUT 0 dequeuedCount=19, acquiredCount=3, mMaxAcquiredBufferCount=1, mMaxDequeuedBufferCount=21
02-20 19:13:44.840 6467 7050 D BufferQueueProducer: [SurfaceView[com.accarunit.beauty.camera.videocall/com.lightcone.beautycam.activity .MainActivity]@0#9(BLAST Consumer)9](id:19430000000b,api:3,p:938,c:6467) waitForFreeSlotThenRelock TIMED_OUT 0 dequeuedCount=20, acquiredCount=2, mMaxAcquiredBufferCount=1, mMaxDequeuedBufferCount=21
02-20 19:13:44.841 6467 6533 E IMGMapper: set:488 set: Unset optional value from type SMPTE2086
02-20 19:13:44.841 6467 6533 E IMGMapper: set:488 set: Unset optional value from type CTA861_3
02-20 19:13:44.851 6467 6864 D BufferQueueProducer: [SurfaceView[com.accarunit.beauty.camera.videocall/com.lightcone.beautycam.activity .MainActivity]@0#9(BLAST Consumer)9](id:19430000000b,api:3,p:938,c:6467) waitForFreeSlotThenRelock TIMED_OUT 0 dequeuedCount=20, acquiredCount=2, mMaxAcquiredBufferCount=1, mMaxDequeuedBufferCount=21
02-20 19:13:44.858 6467 6533 E IMGMapper: set:488 set: Unset optional value from type SMPTE2086
02-20 19:13:44.858 6467 6533 E IMGMapper: set:488 set: Unset optional value from type CTA861_3
02-20 19:13:44.862 6467 6864 D BufferQueueProducer: [SurfaceView[com.accarunit.beauty.camera.videocall/com.lightcone.beautycam.activity .MainActivity]@0#9(BLAST Consumer)9](id:19430000000b,api:3,p:938,c:6467) waitForFreeSlotThenRelock TIMED_OUT 0 dequeuedCount=19, acquiredCount=3, mMaxAcquiredBufferCount=1, mMaxDequeuedBufferCount=21
02-20 19:13:44.874 6467 7050 D BufferQueueProducer: [SurfaceView[com.accarunit.beauty.camera.videocall/com.lightcone.beautycam.activity .MainActivity]@0#9(BLAST Consumer)9](id:19430000000b,api:3,p:938,c:6467) waitForFreeSlotThenRelock TIMED_OUT 0 dequeuedCount=20, acquiredCount=2, mMaxAcquiredBufferCount=1, mMaxDequeuedBufferCount=21
02-20 19:13:44.875 6467 6533 E IMGMapper: set:488 set: Unset optional value from type SMPTE2086
02-20 19:13:44.875 6467 6533 E IMGMapper: set:488 set: Unset optional value from type CTA861_3
02-20 19:13:44.885 6467 6864 D BufferQueueProducer: [SurfaceView[com.accarunit.beauty.camera.videocall/com.lightcone.beautycam.activity .MainActivity]@0#9(BLAST Consumer)9](id:19430000000b,api:3,p:938,c:6467) waitForFreeSlotThenRelock TIMED_OUT 0 dequeuedCount=20, acquiredCount=2, mMaxAcquiredBufferCount=1, mMaxDequeuedBufferCount=21
02-20 19:13:44.892 6467 6533 E IMGMapper: set:488 set: Unset optional value from type SMPTE2086
02-20 19:13:44.892 6467 6533 E IMGMapper: set:488 set: Unset optional value from type CTA861_3
02-20 19:13:44.896 6467 7050 D BufferQueueProducer: [SurfaceView[com.accarunit.beauty.camera.videocall/com.lightcone.beautycam.activity .MainActivity]@0#9(BLAST Consumer)9](id:19430000000b,api:3,p:938,c:6467) waitForFreeSlotThenRelock TIMED_OUT 0 dequeuedCount=20, acquiredCount=2, mMaxAcquiredBufferCount=1, mMaxDequeuedBufferCount=21
02-20 19:13:44.908 6467 7050 D BufferQueueProducer: [SurfaceView[com.accarunit.beauty.camera.videocall/com.lightcone.beautycam.activity .MainActivity]@0#9(BLAST Consumer)9](id:19430000000b,api:3,p:938,c:6467) waitForFreeSlotThenRelock TIMED_OUT 0 dequeuedCount=20, acquiredCount=2, mMaxAcquiredBufferCount=1, mMaxDequeuedBufferCount=21
02-20 19:13:44.910 6467 6533 E IMGMapper: set:488 set: Unset optional value from type SMPTE2086
02-20 19:13:44.910 6467 6533 E IMGMapper: set:488 set: Unset optional value from type CTA861_3
02-20 19:13:44.919 6467 7050 D BufferQueueProducer: [SurfaceView[com.accarunit.beauty.camera.videocall/com.lightcone.beautycam.activity .MainActivity]@0#9(BLAST Consumer)9](id:19430000000b,api:3,p:938,c:6467) waitForFreeSlotThenRelock TIMED_OUT 0 dequeuedCount=20, acquiredCount=2, mMaxAcquiredBufferCount=1, mMaxDequeuedBufferCount=21
02-20 19:13:44.925 6467 6533 E IMGMapper: set:488 set: Unset optional value from type SMPTE2086
02-20 19:13:44.926 6467 6533 E IMGMapper: set:488 set: Unset optional value from type CTA861_3
02-20 19:13:44.931 6467 7050 D BufferQueueProducer: [SurfaceView[com.accarunit.beauty.camera.videocall/com.lightcone.beautycam.activity .MainActivity]@0#9(BLAST Consumer)9](id:19430000000b,api:3,p:938,c:6467) waitForFreeSlotThenRelock TIMED_OUT 0 dequeuedCount=20, acquiredCount=2, mMaxAcquiredBufferCount=1, mMaxDequeuedBufferCount=21
02-20 19:13:44.942 6467 7050 D BufferQueueProducer: [SurfaceView[com.accarunit.beauty.camera.videocall/com.lightcone.beautycam.activity .MainActivity]@0#9(BLAST Consumer)9](id:19430000000b,api:3,p:938,c:6467) waitForFreeSlotThenRelock TIMED_OUT 0 dequeuedCount=20, acquiredCount=2, mMaxAcquiredBufferCount=1, mMaxDequeuedBufferCount=21
02-20 19:13:44.943 6467 6533 E IMGMapper: set:488 set: Unset optional value from type SMPTE2086
02-20 19:13:44.943 6467 6533 E IMGMapper: set:488 set: Unset optional value from type CTA861_3
02-20 19:13:44.953 6467 7050 D BufferQueueProducer: [SurfaceView[com.accarunit.beauty.camera.videocall/com.lightcone.beautycam.activity .MainActivity]@0#9(BLAST Consumer)9](id:19430000000b,api:3,p:938,c:6467) waitForFreeSlotThenRelock TIMED_OUT 0 dequeuedCount=20, acquiredCount=2, mMaxAcquiredBufferCount=1, mMaxDequeuedBufferCount=21
02-20 19:13:44.958 6467 6533 E IMGMapper: set:488 set: Unset optional value from type SMPTE2086
02-20 19:13:44.958 6467 6533 E IMGMapper: set:488 set: Unset optional value from type CTA861_3
02-20 19:13:44.964 6467 7050 D BufferQueueProducer: [SurfaceView[com.accarunit.beauty.camera.videocall/com.lightcone.beautycam.activity .MainActivity]@0#9(BLAST Consumer)9](id:19430000000b,api:3,p:938,c:6467) waitForFreeSlotThenRelock TIMED_OUT 0 dequeuedCount=20, acquiredCount=2, mMaxAcquiredBufferCount=1, mMaxDequeuedBufferCount=21
02-20 19:13:44.978 6467 6533 E IMGMapper: set:488 set: Unset optional value from type SMPTE2086
02-20 19:13:44.978 6467 6533 E IMGMapper: set:488 set: Unset optional value from type CTA861_3
02-20 19:13:44.979 6467 7050 D BufferQueueProducer: [SurfaceView[com.accarunit.beauty.camera.videocall/com.lightcone.beautycam.activity .MainActivity]@0#9(BLAST Consumer)9](id:19430000000b,api:3,p:938,c:6467) waitForFreeSlotThenRelock TIMED_OUT 0 dequeuedCount=20, acquiredCount=2, mMaxAcquiredBufferCount=1, mMaxDequeuedBufferCount=21
02-20 19:13:44.992 6467 6533 E IMGMapper: set:488 set: Unset optional value from type SMPTE2086
02-20 19:13:44.992 6467 6533 E IMGMapper: set:488 set: Unset optional value from type CTA861_3
02-20 19:13:44.993 6467 6864 D BufferQueueProducer: [SurfaceView[com.accarunit.beauty.camera.videocall/com.lightcone.beautycam.activity .MainActivity]@0#9(BLAST Consumer)9](id:19430000000b,api:3,p:938,c:6467) waitForFreeSlotThenRelock TIMED_OUT 0 dequeuedCount=20, acquiredCount=2, mMaxAcquiredBufferCount=1, mMaxDequeuedBufferCount=21
02-20 19:13:45.004 6467 7050 D BufferQueueProducer: [SurfaceView[com.accarunit.beauty.camera.videocall/com.lightcone.beautycam.activity .MainActivity]@0#9(BLAST Consumer)9](id:19430000000b,api:3,p:938,c:6467) waitForFreeSlotThenRelock TIMED_OUT 0 dequeuedCount=20, acquiredCount=2, mMaxAcquiredBufferCount=1, mMaxDequeuedBufferCount=21
02-20 19:13:45.007 6467 6533 E IMGMapper: set:488 set: Unset optional value from type SMPTE2086
02-20 19:13:45.007 6467 6533 E IMGMapper: set:488 set: Unset optional value from type CTA861_3
02-20 19:13:45.015 6467 6864 D BufferQueueProducer: [SurfaceView[com.accarunit.beauty.camera.videocall/com.lightcone.beautycam.activity .MainActivity]@0#9(BLAST Consumer)9](id:19430000000b,api:3,p:938,c:6467) waitForFreeSlotThenRelock TIMED_OUT 0 dequeuedCount=20, acquiredCount=2, mMaxAcquiredBufferCount=1, mMaxDequeuedBufferCount=21
02-20 19:13:45.026 6467 6533 E IMGMapper: set:488 set: Unset optional value from type SMPTE2086
02-20 19:13:45.026 6467 6533 E IMGMapper: set:488 set: Unset optional value from type CTA861_3
02-20 19:13:45.027 6467 7050 D BufferQueueProducer: [SurfaceView[com.accarunit.beauty.camera.videocall/com.lightcone.beautycam.activity .MainActivity]@0#9(BLAST Consumer)9](id:19430000000b,api:3,p:938,c:6467) waitForFreeSlotThenRelock TIMED_OUT 0 dequeuedCount=20, acquiredCount=2, mMaxAcquiredBufferCount=1, mMaxDequeuedBufferCount=21
02-20 19:13:45.038 6467 7050 D BufferQueueProducer: [SurfaceView[com.accarunit.beauty.camera.videocall/com.lightcone.beautycam.activity .MainActivity]@0#9(BLAST Consumer)9](id:19430000000b,api:3,p:938,c:6467) waitForFreeSlotThenRelock TIMED_OUT 0 dequeuedCount=20, acquiredCount=2, mMaxAcquiredBufferCount=1, mMaxDequeuedBufferCount=21
02-20 19:13:45.041 6467 6533 E IMGMapper: set:488 set: Unset optional value from type SMPTE2086
02-20 19:13:45.042 6467 6533 E IMGMapper: set:488 set: Unset optional value from type CTA861_3
02-20 19:13:45.049 6467 7050 D BufferQueueProducer: [SurfaceView[com.accarunit.beauty.camera.videocall/com.lightcone.beautycam.activity .MainActivity]@0#9(BLAST Consumer)9](id:19430000000b,api:3,p:938,c:6467) waitForFreeSlotThenRelock TIMED_OUT 0 dequeuedCount=20, acquiredCount=2, mMaxAcquiredBufferCount=1, mMaxDequeuedBufferCount=21
02-20 19:13:45.060 6467 6533 E IMGMapper: set:488 set: Unset optional value from type SMPTE2086
02-20 19:13:45.060 6467 6533 E IMGMapper: set:488 set: Unset optional value from type CTA861_3
02-20 19:13:45.062 6467 6864 D BufferQueueProducer: [SurfaceView[com.accarunit.beauty.camera.videocall/com.lightcone.beautycam.activity .MainActivity]@0#9(BLAST Consumer)9](id:19430000000b,api:3,p:938,c:6467) waitForFreeSlotThenRelock TIMED_OUT 0 dequeuedCount=20, acquiredCount=2, mMaxAcquiredBufferCount=1, mMaxDequeuedBufferCount=21
02-20 19:13:45.073 6467 6864 D BufferQueueProducer: [SurfaceView[com.accarunit.beauty.camera.videocall/com.lightcone.beautycam.activity .MainActivity]@0#9(BLAST Consumer)9](id:19430000000b,api:3,p:938,c:6467) waitForFreeSlotThenRelock TIMED_OUT 0 dequeuedCount=20, acquiredCount=2, mMaxAcquiredBufferCount=1, mMaxDequeuedBufferCount=21
02-20 19:13:45.076 6467 6533 E IMGMapper: set:488 set: Unset optional value from type SMPTE2086
02-20 19:13:45.076 6467 6533 E IMGMapper: set:488 set: Unset optional value from type CTA861_3
02-20 19:13:45.084 6467 6864 D BufferQueueProducer: [SurfaceView[com.accarunit.beauty.camera.videocall/com.lightcone.beautycam.activity .MainActivity]@0#9(BLAST Consumer)9](id:19430000000b,api:3,p:938,c:6467) waitForFreeSlotThenRelock TIMED_OUT 0 dequeuedCount=20, acquiredCount=2, mMaxAcquiredBufferCount=1, mMaxDequeuedBufferCount=21
02-20 19:13:45.093 6467 6533 E IMGMapper: set:488 set: Unset optional value from type SMPTE2086
02-20 19:13:45.093 6467 6533 E IMGMapper: set:488 set: Unset optional value from type CTA861_3
02-20 19:13:45.096 6467 6864 D BufferQueueProducer: [SurfaceView[com.accarunit.beauty.camera.videocall/com.lightcone.beautycam.activity .MainActivity]@0#9(BLAST Consumer)9](id:19430000000b,api:3,p:938,c:6467) waitForFreeSlotThenRelock TIMED_OUT 0 dequeuedCount=20, acquiredCount=2, mMaxAcquiredBufferCount=1, mMaxDequeuedBufferCount=21
02-20 19:13:45.107 6467 6864 D BufferQueueProducer: [SurfaceView[com.accarunit.beauty.camera.videocall/com.lightcone.beautycam.activity .MainActivity]@0#9(BLAST Consumer)9](id:19430000000b,api:3,p:938,c:6467) waitForFreeSlotThenRelock TIMED_OUT 0 dequeuedCount=20, acquiredCount=2, mMaxAcquiredBufferCount=1, mMaxDequeuedBufferCount=21
02-20 19:13:45.109 6467 6533 E IMGMapper: set:488 set: Unset optional value from type SMPTE2086
02-20 19:13:45.109 6467 6533 E IMGMapper: set:488 set: Unset optional value from type CTA861_3
02-20 19:13:45.118 6467 6864 D BufferQueueProducer: [SurfaceView[com.accarunit.beauty.camera.videocall/com.lightcone.beautycam.activity .MainActivity]@0#9(BLAST Consumer)9](id:19430000000b,api:3,p:938,c:6467) waitForFreeSlotThenRelock TIMED_OUT 0 dequeuedCount=20, acquiredCount=2, mMaxAcquiredBufferCount=1, mMaxDequeuedBufferCount=21
02-20 19:13:45.126 6467 6533 E IMGMapper: set:488 set: Unset optional value from type SMPTE2086
02-20 19:13:45.126 6467 6533 E IMGMapper: set:488 set: Unset optional value from type CTA861_3
02-20 19:13:45.131 6467 7050 D BufferQueueProducer: [SurfaceView[com.accarunit.beauty.camera.videocall/com.lightcone.beautycam.activity .MainActivity]@0#9(BLAST Consumer)9](id:19430000000b,api:3,p:938,c:6467) waitForFreeSlotThenRelock TIMED_OUT 0 dequeuedCount=20, acquiredCount=2, mMaxAcquiredBufferCount=1, mMaxDequeuedBufferCount=21
02-20 19:13:45.142 6467 7050 D BufferQueueProducer: [SurfaceView[com.accarunit.beauty.camera.videocall/com.lightcone.beautycam.activity .MainActivity]@0#9(BLAST Consumer)9](id:19430000000b,api:3,p:938,c:6467) waitForFreeSlotThenRelock TIMED_OUT 0 dequeuedCount=20, acquiredCount=2, mMaxAcquiredBufferCount=1, mMaxDequeuedBufferCount=21
02-20 19:13:45.143 6467 6533 E IMGMapper: set:488 set: Unset optional value from type SMPTE2086
02-20 19:13:45.143 6467 6533 E IMGMapper: set:488 set: Unset optional value from type CTA861_3
02-20 19:13:45.153 6467 7050 D BufferQueueProducer: [SurfaceView[com.accarunit.beauty.camera.videocall/com.lightcone.beautycam.activity .MainActivity]@0#9(BLAST Consumer)9](id:19430000000b,api:3,p:938,c:6467) waitForFreeSlotThenRelock TIMED_OUT 0 dequeuedCount=20, acquiredCount=2, mMaxAcquiredBufferCount=1, mMaxDequeuedBufferCount=21
02-20 19:13:45.159 6467 6533 E IMGMapper: set:488 set: Unset optional value from type SMPTE2086
02-20 19:13:45.159 6467 6533 E IMGMapper: set:488 set: Unset optional value from type CTA861_3
02-20 19:13:45.164 6467 6482 D BufferQueueProducer: [SurfaceView[com.accarunit.beauty.camera.videocall/com.lightcone.beautycam.activity .MainActivity]@0#9(BLAST Consumer)9](id:19430000000b,api:3,p:938,c:6467) waitForFreeSlotThenRelock TIMED_OUT 0 dequeuedCount=20, acquiredCount=2, mMaxAcquiredBufferCount=1, mMaxDequeuedBufferCount=21
02-20 19:13:45.175 6467 7050 D BufferQueueProducer: [SurfaceView[com.accarunit.beauty.camera.videocall/com.lightcone.beautycam.activity .MainActivity]@0#9(BLAST Consumer)9](id:19430000000b,api:3,p:938,c:6467) waitForFreeSlotThenRelock TIMED_OUT 0 dequeuedCount=20, acquiredCount=2, mMaxAcquiredBufferCount=1, mMaxDequeuedBufferCount=21
02-20 19:13:45.176 6467 6533 E IMGMapper: set:488 set: Unset optional value from type SMPTE2086
02-20 19:13:45.176 6467 6533 E IMGMapper: set:488 set: Unset optional value from type CTA861_3
02-20 19:13:45.186 6467 7050 D BufferQueueProducer: [SurfaceView[com.accarunit.beauty.camera.videocall/com.lightcone.beautycam.activity .MainActivity]@0#9(BLAST Consumer)9](id:19430000000b,api:3,p:938,c:6467) waitForFreeSlotThenRelock TIMED_OUT 0 dequeuedCount=20, acquiredCount=2, mMaxAcquiredBufferCount=1, mMaxDequeuedBufferCount=21
02-20 19:13:45.192 6467 6533 E IMGMapper: set:488 set: Unset optional value from type SMPTE2086
02-20 19:13:45.192 6467 6533 E IMGMapper: set:488 set: Unset optional value from type CTA861_3
02-20 19:13:45.198 6467 6482 D BufferQueueProducer: [SurfaceView[com.accarunit.beauty.camera.videocall/com.lightcone.beautycam.activity .MainActivity]@0#9(BLAST Consumer)9](id:19430000000b,api:3,p:938,c:6467) waitForFreeSlotThenRelock TIMED_OUT 0 dequeuedCount=20, acquiredCount=2, mMaxAcquiredBufferCount=1, mMaxDequeuedBufferCount=21
02-20 19:13:45.209 6467 6482 D BufferQueueProducer: [SurfaceView[com.accarunit.beauty.camera.videocall/com.lightcone.beautycam.activity .MainActivity]@0#9(BLAST Consumer)9](id:19430000000b,api:3,p:938,c:6467) waitForFreeSlotThenRelock TIMED_OUT 0 dequeuedCount=20, acquiredCount=2, mMaxAcquiredBufferCount=1, mMaxDequeuedBufferCount=21
02-20 19:13:45.210 6467 6533 E IMGMapper: set:488 set: Unset optional value from type SMPTE2086
02-20 19:13:45.210 6467 6533 E IMGMapper: set:488 set: Unset optional value from type CTA861_3
02-20 19:13:45.220 6467 6482 D BufferQueueProducer: [SurfaceView[com.accarunit.beauty.camera.videocall/com.lightcone.beautycam.activity .MainActivity]@0#9(BLAST Consumer)9](id:19430000000b,api:3,p:938,c:6467) waitForFreeSlotThenRelock TIMED_OUT 0 dequeuedCount=20, acquiredCount=2, mMaxAcquiredBufferCount=1, mMaxDequeuedBufferCount=21
02-20 19:13:45.226 6467 6533 E IMGMapper: set:488 set: Unset optional value from type SMPTE2086
02-20 19:13:45.226 6467 6533 E IMGMapper: set:488 set: Unset optional value from type CTA861_3
02-20 19:13:45.231 6467 7050 D BufferQueueProducer: [SurfaceView[com.accarunit.beauty.camera.videocall/com.lightcone.beautycam.activity .MainActivity]@0#9(BLAST Consumer)9](id:19430000000b,api:3,p:938,c:6467) waitForFreeSlotThenRelock TIMED_OUT 0 dequeuedCount=20, acquiredCount=2, mMaxAcquiredBufferCount=1, mMaxDequeuedBufferCount=21
02-20 19:13:45.242 6467 6482 D BufferQueueProducer: [SurfaceView[com.accarunit.beauty.camera.videocall/com.lightcone.beautycam.activity .MainActivity]@0#9(BLAST Consumer)9](id:19430000000b,api:3,p:938,c:6467) waitForFreeSlotThenRelock TIMED_OUT 0 dequeuedCount=20, acquiredCount=2, mMaxAcquiredBufferCount=1, mMaxDequeuedBufferCount=21
02-20 19:13:45.243 6467 6533 E IMGMapper: set:488 set: Unset optional value from type SMPTE2086
02-20 19:13:45.243 6467 6533 E IMGMapper: set:488 set: Unset optional value from type CTA861_3
02-20 19:13:45.253 6467 7050 D BufferQueueProducer: [SurfaceView[com.accarunit.beauty.camera.videocall/com.lightcone.beautycam.activity .MainActivity]@0#9(BLAST Consumer)9](id:19430000000b,api:3,p:938,c:6467) waitForFreeSlotThenRelock TIMED_OUT 0 dequeuedCount=20, acquiredCount=2, mMaxAcquiredBufferCount=1, mMaxDequeuedBufferCount=21
02-20 19:13:45.260 6467 6533 E IMGMapper: set:488 set: Unset optional value from type SMPTE2086
02-20 19:13:45.260 6467 6533 E IMGMapper: set:488 set: Unset optional value from type CTA861_3
02-20 19:13:45.264 6467 7050 D BufferQueueProducer: [SurfaceView[com.accarunit.beauty.camera.videocall/com.lightcone.beautycam.activity .MainActivity]@0#9(BLAST Consumer)9](id:19430000000b,api:3,p:938,c:6467) waitForFreeSlotThenRelock TIMED_OUT 0 dequeuedCount=20, acquiredCount=2, mMaxAcquiredBufferCount=1, mMaxDequeuedBufferCount=21
02-20 19:13:45.275 6467 7050 D BufferQueueProducer: [SurfaceView[com.accarunit.beauty.camera.videocall/com.lightcone.beautycam.activity .MainActivity]@0#9(BLAST Consumer)9](id:19430000000b,api:3,p:938,c:6467) waitForFreeSlotThenRelock TIMED_OUT 0 dequeuedCount=20, acquiredCount=2, mMaxAcquiredBufferCount=1, mMaxDequeuedBufferCount=21
02-20 19:13:45.276 6467 6533 E IMGMapper: set:488 set: Unset optional value from type SMPTE2086
02-20 19:13:45.277 6467 6533 E IMGMapper: set:488 set: Unset optional value from type CTA861_3
02-20 19:13:45.285 6467 7050 D BufferQueueProducer: [SurfaceView[com.accarunit.beauty.camera.videocall/com.lightcone.beautycam.activity .MainActivity]@0#9(BLAST Consumer)9](id:19430000000b,api:3,p:938,c:6467) waitForFreeSlotThenRelock TIMED_OUT 0 dequeuedCount=20, acquiredCount=2, mMaxAcquiredBufferCount=1, mMaxDequeuedBufferCount=21
02-20 19:13:45.293 6467 6533 E IMGMapper: set:488 set: Unset optional value from type SMPTE2086
02-20 19:13:45.293 6467 6533 E IMGMapper: set:488 set: Unset optional value from type CTA861_3
02-20 19:13:45.297 6467 6482 D BufferQueueProducer: [SurfaceView[com.accarunit.beauty.camera.videocall/com.lightcone.beautycam.activity .MainActivity]@0#9(BLAST Consumer)9](id:19430000000b,api:3,p:938,c:6467) waitForFreeSlotThenRelock TIMED_OUT 0 dequeuedCount=20, acquiredCount=2, mMaxAcquiredBufferCount=1, mMaxDequeuedBufferCount=21
02-20 19:13:45.308 6467 6482 D BufferQueueProducer: [SurfaceView[com.accarunit.beauty.camera.videocall/com.lightcone.beautycam.activity .MainActivity]@0#9(BLAST Consumer)9](id:19430000000b,api:3,p:938,c:6467) waitForFreeSlotThenRelock TIMED_OUT 0 dequeuedCount=20, acquiredCount=2, mMaxAcquiredBufferCount=1, mMaxDequeuedBufferCount=21
02-20 19:13:45.309 6467 6533 E IMGMapper: set:488 set: Unset optional value from type SMPTE2086
02-20 19:13:45.309 6467 6533 E IMGMapper: set:488 set: Unset optional value from type CTA861_3
02-20 19:13:45.319 6467 6482 D BufferQueueProducer: [SurfaceView[com.accarunit.beauty.camera.videocall/com.lightcone.beautycam.activity .MainActivity]@0#9(BLAST Consumer)9](id:19430000000b,api:3,p:938,c:6467) waitForFreeSlotThenRelock TIMED_OUT 0 dequeuedCount=20, acquiredCount=2, mMaxAcquiredBufferCount=1, mMaxDequeuedBufferCount=21
02-20 19:13:45.327 6467 6533 E IMGMapper: set:488 set: Unset optional value from type SMPTE2086
02-20 19:13:45.327 6467 6533 E IMGMapper: set:488 set: Unset optional value from type CTA861_3
02-20 19:13:45.330 6467 7050 D BufferQueueProducer: [SurfaceView[com.accarunit.beauty.camera.videocall/com.lightcone.beautycam.activity .MainActivity]@0#9(BLAST Consumer)9](id:19430000000b,api:3,p:938,c:6467) waitForFreeSlotThenRelock TIMED_OUT 0 dequeuedCount=20, acquiredCount=2, mMaxAcquiredBufferCount=1, mMaxDequeuedBufferCount=21
02-20 19:13:45.341 6467 7050 D BufferQueueProducer: [SurfaceView[com.accarunit.beauty.camera.videocall/com.lightcone.beautycam.activity .MainActivity]@0#9(BLAST Consumer)9](id:19430000000b,api:3,p:938,c:6467) waitForFreeSlotThenRelock TIMED_OUT 0 dequeuedCount=20, acquiredCount=2, mMaxAcquiredBufferCount=1, mMaxDequeuedBufferCount=21
02-20 19:13:45.343 6467 6533 E IMGMapper: set:488 set: Unset optional value from type SMPTE2086
02-20 19:13:45.343 6467 6533 E IMGMapper: set:488 set: Unset optional value from type CTA861_3
