02-20 19:14:17.800 7283 7283 W BootstrapClass: at android.app.ActivityThread.handleBindApplication(ActivityThread.java:7553)
02-20 19:14:17.800 7283 7283 W BootstrapClass: at android.app.ActivityThread.-$$Nest$mhandleBindApplication(Unknown Source:0)
02-20 19:14:17.800 7283 7283 W BootstrapClass: at android.app.ActivityThread$H.handleMessage(ActivityThread.java:2400)
02-20 19:14:17.800 7283 7283 W BootstrapClass: at android.os.Handler.dispatchMessage(Handler.java:106)
02-20 19:14:17.800 7283 7283 W BootstrapClass: at android.os.Looper.loopOnce(Looper.java:226)
02-20 19:14:17.800 7283 7283 W BootstrapClass: at android.os.Looper.loop(Looper.java:313)
02-20 19:14:17.800 7283 7283 W BootstrapClass: at android.app.ActivityThread.main(ActivityThread.java:8757)
02-20 19:14:17.800 7283 7283 W BootstrapClass: at java.lang.reflect.Method.invoke(Native Method)
02-20 19:14:17.800 7283 7283 W BootstrapClass: at com.android.internal.os.RuntimeInit$MethodAndArgsCaller.run(RuntimeInit.java:571)
02-20 19:14:17.800 7283 7283 W BootstrapClass: at com.android.internal.os.ZygoteInit.main(ZygoteInit.java:1067)
02-20 19:14:17.800 7283 7283 W BootstrapClass: Caused by: java.lang.NoSuchMethodException: dalvik.system.VMRuntime.setHiddenApiExemptions [class [Ljava.lang.String;]
02-20 19:14:17.800 7283 7283 W BootstrapClass: at java.lang.Class.getMethod(Class.java:2103)
02-20 19:14:17.800 7283 7283 W BootstrapClass: at java.lang.Class.getDeclaredMethod(Class.java:2081)
02-20 19:14:17.800 7283 7283 W BootstrapClass: ... 19 more
02-20 19:14:17.801 7283 7283 W ra.videocall:p0: Opening an oat file without a class loader. Are you using the deprecated DexFile APIs?
02-20 19:14:17.802 7283 7283 W ra.videocall:p0: DexFile /data/user/0/com.accarunit.beauty.camera.videocall/code_cache/1708478057801.dex is in boot class path but is not in a known location
02-20 19:14:17.803 6467 6740 D BufferQueueProducer: [SurfaceView[com.accarunit.beauty.camera.videocall/com.lightcone.beautycam.activity .MainActivity]@0#16(BLAST Consumer)16](id:194300000012,api:3,p:938,c:6467) waitForFreeSlotThenRelock TIMED_OUT 0 dequeuedCount=19, acquiredCount=3, mMaxAcquiredBufferCount=1, mMaxDequeuedBufferCount=21
02-20 19:14:17.816 6467 6659 D BufferQueueProducer: [SurfaceView[com.accarunit.beauty.camera.videocall/com.lightcone.beautycam.activity .MainActivity]@0#16(BLAST Consumer)16](id:194300000012,api:3,p:938,c:6467) waitForFreeSlotThenRelock TIMED_OUT 0 dequeuedCount=20, acquiredCount=2, mMaxAcquiredBufferCount=1, mMaxDequeuedBufferCount=21
02-20 19:14:17.829 6467 6743 D BufferQueueProducer: [SurfaceView[com.accarunit.beauty.camera.videocall/com.lightcone.beautycam.activity .MainActivity]@0#16(BLAST Consumer)16](id:194300000012,api:3,p:938,c:6467) waitForFreeSlotThenRelock TIMED_OUT 0 dequeuedCount=19, acquiredCount=3, mMaxAcquiredBufferCount=1, mMaxDequeuedBufferCount=21
02-20 19:14:17.841 6467 6659 D BufferQueueProducer: [SurfaceView[com.accarunit.beauty.camera.videocall/com.lightcone.beautycam.activity .MainActivity]@0#16(BLAST Consumer)16](id:194300000012,api:3,p:938,c:6467) waitForFreeSlotThenRelock TIMED_OUT 0 dequeuedCount=20, acquiredCount=2, mMaxAcquiredBufferCount=1, mMaxDequeuedBufferCount=21
02-20 19:14:17.852 7283 7283 D HookManager: hook: top.niunaijun.blackbox.fake.service.IVpnManagerProxy@a859c5d
02-20 19:14:17.853 6467 6743 D BufferQueueProducer: [SurfaceView[com.accarunit.beauty.camera.videocall/com.lightcone.beautycam.activity .MainActivity]@0#16(BLAST Consumer)16](id:194300000012,api:3,p:938,c:6467) waitForFreeSlotThenRelock TIMED_OUT 0 dequeuedCount=20, acquiredCount=2, mMaxAcquiredBufferCount=1, mMaxDequeuedBufferCount=21
02-20 19:14:17.861 7283 7283 D HookManager: hook: top.niunaijun.blackbox.fake.service.context.ContentServiceStub@21f112a
02-20 19:14:17.863 7283 7283 D HookManager: hook: top.niunaijun.blackbox.fake.service.IPackageManagerProxy@54f7df7
02-20 19:14:17.865 6467 6659 D BufferQueueProducer: [SurfaceView[com.accarunit.beauty.camera.videocall/com.lightcone.beautycam.activity .MainActivity]@0#16(BLAST Consumer)16](id:194300000012,api:3,p:938,c:6467) waitForFreeSlotThenRelock TIMED_OUT 0 dequeuedCount=19, acquiredCount=3, mMaxAcquiredBufferCount=1, mMaxDequeuedBufferCount=21
02-20 19:14:17.871 7283 7283 D HookManager: hook: top.niunaijun.blackbox.fake.service.INotificationManagerProxy@8fb8bfc
02-20 19:14:17.872 7283 7283 E INotificationManagerProxy: getWho: android.app.INotificationManager$Stub$Proxy@8a99285
02-20 19:14:17.877 7283 7283 D HookManager: hook: top.niunaijun.blackbox.fake.service.ITelephonyRegistryProxy@9736be8
02-20 19:14:17.882 7283 7283 D HookManager: hook: top.niunaijun.blackbox.fake.service.HCallbackProxy@96c8d3d
02-20 19:14:17.884 7283 7283 D HookManager: hook: top.niunaijun.blackbox.fake.service.IJobServiceProxy@619c039
02-20 19:14:17.885 7283 7283 D HookManager: hook: top.niunaijun.blackbox.fake.service.IAppWidgetManagerProxy@6b66c8a
02-20 19:14:17.885 6467 6467 E MainActivity: onBannerTimerProcess: false
02-20 19:14:17.888 7283 7283 D HookManager: hook: top.niunaijun.blackbox.fake.service.IAccessibilityManagerProxy@67343d7
02-20 19:14:17.892 7283 7283 D HookManager: hook: top.niunaijun.blackbox.fake.service.IAccountManagerProxy@66f6b2e
02-20 19:14:17.895 7283 7283 D HookManager: hook: top.niunaijun.blackbox.fake.service.context.RestrictionsManagerStub@e4a10eb
02-20 19:14:17.898 7283 7283 D HookManager: hook: top.niunaijun.blackbox.fake.service.IMediaSessionManagerProxy@6ddb6f4
02-20 19:14:17.901 7283 7283 D HookManager: hook: top.niunaijun.blackbox.fake.service.IUserManagerProxy@767cf19
02-20 19:14:17.906 7283 7283 D HookManager: hook: top.niunaijun.blackbox.fake.service.IAudioManagerProxy@55ef7ea
02-20 19:14:17.907 7283 7283 E IAudioManagerProxy: getWho: android.media.IAudioService$Stub$Proxy@1f50adb
02-20 19:14:17.909 6467 6743 D BufferQueueProducer: [SurfaceView[com.accarunit.beauty.camera.videocall/com.lightcone.beautycam.activity .MainActivity]@0#16(BLAST Consumer)16](id:194300000012,api:3,p:938,c:6467) waitForFreeSlotThenRelock TIMED_OUT 0 dequeuedCount=20, acquiredCount=2, mMaxAcquiredBufferCount=1, mMaxDequeuedBufferCount=21
02-20 19:14:17.913 7283 7283 D HookManager: hook: top.niunaijun.blackbox.fake.service.IMediaRouterServiceProxy@a2ca8b6
02-20 19:14:17.917 7283 7283 D HookManager: hook: top.niunaijun.blackbox.fake.service.IWifiScannerProxy@637fa53
02-20 19:14:17.920 6467 6659 D BufferQueueProducer: [SurfaceView[com.accarunit.beauty.camera.videocall/com.lightcone.beautycam.activity .MainActivity]@0#16(BLAST Consumer)16](id:194300000012,api:3,p:938,c:6467) waitForFreeSlotThenRelock TIMED_OUT 0 dequeuedCount=19, acquiredCount=3, mMaxAcquiredBufferCount=1, mMaxDequeuedBufferCount=21
02-20 19:14:17.920 7283 7283 D HookManager: hook error: top.niunaijun.blackbox.fake.service.IWifiScannerProxy@637fa53
02-20 19:14:17.921 7283 7283 D HookManager: hook: top.niunaijun.blackbox.fake.service.INetworkManagementServiceProxy@2f4188e
02-20 19:14:17.926 7283 7283 D HookManager: hook: top.niunaijun.blackbox.fake.service.IActivityTaskManagerProxy@40a60cb
02-20 19:14:17.931 6467 6659 D BufferQueueProducer: [SurfaceView[com.accarunit.beauty.camera.videocall/com.lightcone.beautycam.activity .MainActivity]@0#16(BLAST Consumer)16](id:194300000012,api:3,p:938,c:6467) waitForFreeSlotThenRelock TIMED_OUT 0 dequeuedCount=19, acquiredCount=3, mMaxAcquiredBufferCount=1, mMaxDequeuedBufferCount=21
02-20 19:14:17.932 7283 7283 D HookManager: hook: top.niunaijun.blackbox.fake.service.ILauncherAppsProxy@526cdf9
02-20 19:14:17.935 7283 7283 D HookManager: hook: top.niunaijun.blackbox.fake.service.IGraphicsStatsProxy@e70b34a
02-20 19:14:17.936 7283 7283 D HookManager: hook: top.niunaijun.blackbox.fake.service.IPhoneSubInfoProxy@7c1f97
02-20 19:14:17.938 7283 7283 D HookManager: hook: top.niunaijun.blackbox.fake.service.IVibratorServiceProxy@2b461a2
02-20 19:14:17.941 7283 7283 D HookManager: hook: top.niunaijun.blackbox.fake.service.IStorageStatsManagerProxy@afd6a8f
02-20 19:14:17.942 6467 6743 D BufferQueueProducer: [SurfaceView[com.accarunit.beauty.camera.videocall/com.lightcone.beautycam.activity .MainActivity]@0#16(BLAST Consumer)16](id:194300000012,api:3,p:938,c:6467) waitForFreeSlotThenRelock TIMED_OUT 0 dequeuedCount=20, acquiredCount=2, mMaxAcquiredBufferCount=1, mMaxDequeuedBufferCount=21
02-20 19:14:17.944 7283 7283 D HookManager: hook: top.niunaijun.blackbox.fake.service.IDisplayManagerProxy@af43308
02-20 19:14:17.948 7283 7283 D HookManager: hook: top.niunaijun.blackbox.fake.service.IAlarmManagerProxy@4f45b20
02-20 19:14:17.950 7283 7283 D HookManager: hook: top.niunaijun.blackbox.fake.service.IDevicePolicyManagerProxy@4a54d95
02-20 19:14:17.953 6467 6743 D BufferQueueProducer: [SurfaceView[com.accarunit.beauty.camera.videocall/com.lightcone.beautycam.activity .MainActivity]@0#16(BLAST Consumer)16](id:194300000012,api:3,p:938,c:6467) waitForFreeSlotThenRelock TIMED_OUT 0 dequeuedCount=19, acquiredCount=3, mMaxAcquiredBufferCount=1, mMaxDequeuedBufferCount=21
02-20 19:14:17.962 7283 7283 D HookManager: hook: top.niunaijun.blackbox.fake.service.ITelephonyManagerProxy@894fb76
02-20 19:14:17.965 6467 6743 D BufferQueueProducer: [SurfaceView[com.accarunit.beauty.camera.videocall/com.lightcone.beautycam.activity .MainActivity]@0#16(BLAST Consumer)16](id:194300000012,api:3,p:938,c:6467) waitForFreeSlotThenRelock TIMED_OUT 0 dequeuedCount=19, acquiredCount=3, mMaxAcquiredBufferCount=1, mMaxDequeuedBufferCount=21
02-20 19:14:17.970 7283 7283 D HookManager: hook: top.niunaijun.blackbox.fake.delegate.AppInstrumentation@719b213
02-20 19:14:17.971 7283 7283 D HookManager: hook: top.niunaijun.blackbox.fake.service.IPersistentDataBlockServiceProxy@7e4cc50
02-20 19:14:17.974 7283 7283 D HookManager: hook: top.niunaijun.blackbox.fake.service.IWifiManagerProxy@6f5c605
02-20 19:14:17.977 6467 6743 D BufferQueueProducer: [SurfaceView[com.accarunit.beauty.camera.videocall/com.lightcone.beautycam.activity .MainActivity]@0#16(BLAST Consumer)16](id:194300000012,api:3,p:938,c:6467) waitForFreeSlotThenRelock TIMED_OUT 0 dequeuedCount=20, acquiredCount=2, mMaxAcquiredBufferCount=1, mMaxDequeuedBufferCount=21
02-20 19:14:17.979 7283 7283 D HookManager: hook: top.niunaijun.blackbox.fake.service.libcore.OsStub@a5d568
02-20 19:14:17.983 7283 7283 D HookManager: hook: top.niunaijun.blackbox.fake.service.IWindowManagerProxy@8c46a67
02-20 19:14:17.988 6467 6743 D BufferQueueProducer: [SurfaceView[com.accarunit.beauty.camera.videocall/com.lightcone.beautycam.activity .MainActivity]@0#16(BLAST Consumer)16](id:194300000012,api:3,p:938,c:6467) waitForFreeSlotThenRelock TIMED_OUT 0 dequeuedCount=19, acquiredCount=3, mMaxAcquiredBufferCount=1, mMaxDequeuedBufferCount=21
02-20 19:14:17.991 7283 7283 D HookManager: hook: top.niunaijun.blackbox.fake.service.IStorageManagerProxy@d55dbfe
02-20 19:14:17.995 7283 7283 D HookManager: hook: top.niunaijun.blackbox.fake.service.IConnectivityManagerProxy@5bd727b
02-20 19:14:17.999 6467 6743 D BufferQueueProducer: [SurfaceView[com.accarunit.beauty.camera.videocall/com.lightcone.beautycam.activity .MainActivity]@0#16(BLAST Consumer)16](id:194300000012,api:3,p:938,c:6467) waitForFreeSlotThenRelock TIMED_OUT 0 dequeuedCount=19, acquiredCount=3, mMaxAcquiredBufferCount=1, mMaxDequeuedBufferCount=21
02-20 19:14:17.999 7283 7283 D HookManager: hook: top.niunaijun.blackbox.fake.service.IDeviceIdentifiersPolicyProxy@c5c7644
02-20 19:14:18.003 7283 7283 D HookManager: hook: top.niunaijun.blackbox.fake.service.IActivityManagerProxy@db9e529
02-20 19:14:18.004 7283 7283 E ActivityManagerStub: getWho: android.app.IActivityManager$Stub$Proxy@562aae5
02-20 19:14:18.011 6467 6659 D BufferQueueProducer: [SurfaceView[com.accarunit.beauty.camera.videocall/com.lightcone.beautycam.activity .MainActivity]@0#16(BLAST Consumer)16](id:194300000012,api:3,p:938,c:6467) waitForFreeSlotThenRelock TIMED_OUT 0 dequeuedCount=20, acquiredCount=2, mMaxAcquiredBufferCount=1, mMaxDequeuedBufferCount=21
02-20 19:14:18.012 7283 7283 D HookManager: hook: top.niunaijun.blackbox.fake.service.IAppOpsManagerProxy@d1827c8
02-20 19:14:18.017 7283 7283 D HookManager: hook: top.niunaijun.blackbox.fake.service.IFingerprintManagerProxy@78a27e0
02-20 19:14:18.019 7283 7283 D HookManager: hook error: top.niunaijun.blackbox.fake.service.IFingerprintManagerProxy@78a27e0
02-20 19:14:18.019 7283 7283 D HookManager: hook: top.niunaijun.blackbox.fake.service.IShortcutManagerProxy@5396a99
02-20 19:14:18.024 7283 7283 D HookManager: hook: top.niunaijun.blackbox.fake.service.ILocationManagerProxy@f8d056a
02-20 19:14:18.024 6467 6743 D BufferQueueProducer: [SurfaceView[com.accarunit.beauty.camera.videocall/com.lightcone.beautycam.activity .MainActivity]@0#16(BLAST Consumer)16](id:194300000012,api:3,p:938,c:6467) waitForFreeSlotThenRelock TIMED_OUT 0 dequeuedCount=19, acquiredCount=3, mMaxAcquiredBufferCount=1, mMaxDequeuedBufferCount=21
02-20 19:14:18.028 7283 7283 D HookManager: hook: top.niunaijun.blackbox.fake.service.IPowerManagerProxy@174b137
02-20 19:14:18.033 7283 7283 D HookManager: hook: top.niunaijun.blackbox.fake.service.IContextHubServiceProxy@8e74910
02-20 19:14:18.035 6467 6743 D BufferQueueProducer: [SurfaceView[com.accarunit.beauty.camera.videocall/com.lightcone.beautycam.activity .MainActivity]@0#16(BLAST Consumer)16](id:194300000012,api:3,p:938,c:6467) waitForFreeSlotThenRelock TIMED_OUT 0 dequeuedCount=19, acquiredCount=3, mMaxAcquiredBufferCount=1, mMaxDequeuedBufferCount=21
02-20 19:14:18.037 7283 7283 D HookManager: hook error: top.niunaijun.blackbox.fake.service.IContextHubServiceProxy@8e74910
02-20 19:14:18.037 7283 7283 D HookManager: hook: top.niunaijun.blackbox.fake.service.IPermissionManagerProxy@902902f
02-20 19:14:18.042 7283 7283 D HookManager: hook: top.niunaijun.blackbox.fake.service.IActivityClientProxy@e632a28
02-20 19:14:18.048 6467 6659 D BufferQueueProducer: [SurfaceView[com.accarunit.beauty.camera.videocall/com.lightcone.beautycam.activity .MainActivity]@0#16(BLAST Consumer)16](id:194300000012,api:3,p:938,c:6467) waitForFreeSlotThenRelock TIMED_OUT 0 dequeuedCount=20, acquiredCount=2, mMaxAcquiredBufferCount=1, mMaxDequeuedBufferCount=21
02-20 19:14:18.048 7283 7283 D HookManager: hook: top.niunaijun.blackbox.fake.service.IAutofillManagerProxy@cec2979
02-20 19:14:18.050 7283 7283 D HookManager: hook: top.niunaijun.blackbox.fake.service.ITelecomServiceProxy@5b380ca
02-20 19:14:18.056 7283 7283 D HookManager: hook: top.niunaijun.blackbox.fake.service.ISystemUpdateProxy@2b31717
02-20 19:14:18.058 7283 7283 D HookManager: hook error: top.niunaijun.blackbox.fake.service.ISystemUpdateProxy@2b31717
02-20 19:14:18.061 7283 7283 D Pine : Hooking method private static void android.app.PendingIntent.checkFlags(int,java.lang.String) with callback de.robv.android.xposed.XposedBridge$Handler@a140704
02-20 19:14:18.061 7283 7283 W Pine : Android version too high, not tested now...
02-20 19:14:18.062 6467 6743 D BufferQueueProducer: [SurfaceView[com.accarunit.beauty.camera.videocall/com.lightcone.beautycam.activity .MainActivity]@0#16(BLAST Consumer)16](id:194300000012,api:3,p:938,c:6467) waitForFreeSlotThenRelock TIMED_OUT 0 dequeuedCount=19, acquiredCount=3, mMaxAcquiredBufferCount=1, mMaxDequeuedBufferCount=21
02-20 19:14:18.071 7283 7283 I Pine : Pine native init...
02-20 19:14:18.078 6467 6659 D BufferQueueProducer: [SurfaceView[com.accarunit.beauty.camera.videocall/com.lightcone.beautycam.activity .MainActivity]@0#16(BLAST Consumer)16](id:194300000012,api:3,p:938,c:6467) waitForFreeSlotThenRelock TIMED_OUT 0 dequeuedCount=20, acquiredCount=2, mMaxAcquiredBufferCount=1, mMaxDequeuedBufferCount=21
02-20 19:14:18.078 7283 7283 D Pine : get module base /apex/com.android.art/lib64/libart.so: 487281655808
02-20 19:14:18.091 6467 6743 D BufferQueueProducer: [SurfaceView[com.accarunit.beauty.camera.videocall/com.lightcone.beautycam.activity .MainActivity]@0#16(BLAST Consumer)16](id:194300000012,api:3,p:938,c:6467) waitForFreeSlotThenRelock TIMED_OUT 0 dequeuedCount=19, acquiredCount=3, mMaxAcquiredBufferCount=1, mMaxDequeuedBufferCount=21
02-20 19:14:18.103 6467 6743 D BufferQueueProducer: [SurfaceView[com.accarunit.beauty.camera.videocall/com.lightcone.beautycam.activity .MainActivity]@0#16(BLAST Consumer)16](id:194300000012,api:3,p:938,c:6467) waitForFreeSlotThenRelock TIMED_OUT 0 dequeuedCount=19, acquiredCount=3, mMaxAcquiredBufferCount=1, mMaxDequeuedBufferCount=21
02-20 19:14:18.115 6467 6743 D BufferQueueProducer: [SurfaceView[com.accarunit.beauty.camera.videocall/com.lightcone.beautycam.activity .MainActivity]@0#16(BLAST Consumer)16](id:194300000012,api:3,p:938,c:6467) waitForFreeSlotThenRelock TIMED_OUT 0 dequeuedCount=20, acquiredCount=2, mMaxAcquiredBufferCount=1, mMaxDequeuedBufferCount=21
02-20 19:14:18.126 6467 6743 D BufferQueueProducer: [SurfaceView[com.accarunit.beauty.camera.videocall/com.lightcone.beautycam.activity .MainActivity]@0#16(BLAST Consumer)16](id:194300000012,api:3,p:938,c:6467) waitForFreeSlotThenRelock TIMED_OUT 0 dequeuedCount=19, acquiredCount=3, mMaxAcquiredBufferCount=1, mMaxDequeuedBufferCount=21
02-20 19:14:18.127 6467 6467 I ViewRootImpl@64221ef[MainActivity]: handleAppVisibility mAppVisible = true visible = false
02-20 19:14:18.138 7283 7283 D Pine : get module base /apex/com.android.art/lib64/libart-compiler.so: 487002734592
02-20 19:14:18.139 7283 7283 W Pine : JavaVM offset mismatches the default offset, try search the memory of Runtime
02-20 19:14:18.139 7283 7283 W Pine : Found JavaVM in Runtime at 624
02-20 19:14:18.139 6467 6659 D BufferQueueProducer: [SurfaceView[com.accarunit.beauty.camera.videocall/com.lightcone.beautycam.activity .MainActivity]@0#16(BLAST Consumer)16](id:194300000012,api:3,p:938,c:6467) waitForFreeSlotThenRelock TIMED_OUT 0 dequeuedCount=20, acquiredCount=2, mMaxAcquiredBufferCount=1, mMaxDequeuedBufferCount=21
02-20 19:14:18.139 7283 7283 I Pine : Got class linker 0xb400007176497a00
02-20 19:14:18.140 6467 6467 I SurfaceView@7d7c31d: onWindowVisibilityChanged(8) false android.view.SurfaceView{7d7c31d V.E...... ........ 0,0-720,819 #7f09027d app:id/surface_view} of ViewRootImpl@64221ef[MainActivity]
02-20 19:14:18.141 6467 6467 I SurfaceView@7d7c31d: Changes: creating=false format=false size=false visible=true alpha=false hint=false mUseAlpha=false visible=true left=false top=false
02-20 19:14:18.141 6467 6467 I SurfaceView@7d7c31d: 131580701 Cur surface: Surface(name=null)/@0x769fb05
02-20 19:14:18.141 6467 6467 I SurfaceView@7d7c31d: applyTransactionOnVriDraw: vri = ViewRootImpl@64221ef[MainActivity] fRS = false t = 0xb4000070d81d7e00 android.view.SurfaceView.performSurfaceTransaction:959 android.view.SurfaceView.updateSurface:1105 android.view.SurfaceView.onWindowVisibilityChanged:371
02-20 19:14:18.142 6467 6467 I ViewRootImpl@64221ef[MainActivity]: applyTransactionOnDraw: mRemoved = false isHardwareEnabled = true t = 0xb4000070d81d7e00android.view.SurfaceView.applyTransactionOnVriDraw:2048 android.view.SurfaceView.performSurfaceTransaction:959 android.view.SurfaceView.updateSurface:1105 android.view.SurfaceView.onWindowVisibilityChanged:371 android.view.View.dispatchWindowVisibilityChanged:15943
02-20 19:14:18.142 6467 6467 I SurfaceView@7d7c31d: surfaceDestroyed
02-20 19:14:18.143 6467 6467 I SurfaceView@7d7c31d: surfaceDestroyed callback.size 1 #2 android.view.SurfaceView{7d7c31d V.E...... ........ 0,0-720,819 #7f09027d app:id/surface_view}
02-20 19:14:18.143 6467 6467 V MediaPlayer-JNI: stop
02-20 19:14:18.143 6467 6467 V MediaPlayerNative: stop
02-20 19:14:18.144 6467 6659 V MediaPlayerNative: message received msg=8, ext1=0, ext2=0
02-20 19:14:18.146 6467 6467 V MediaPlayer: resetDrmState: mDrmInfo=null mDrmProvisioningThread=null mPrepareDrmInProgress=false mActiveDrmScheme=false
02-20 19:14:18.146 6467 6467 V MediaPlayer: cleanDrmObj: mDrmObj=null mDrmSessionId=null
02-20 19:14:18.146 6467 6467 V MediaPlayer-JNI: release
02-20 19:14:18.146 6467 6467 V MediaPlayerNative: setListener
02-20 19:14:18.146 6467 6467 V MediaPlayerNative: disconnect
02-20 19:14:18.152 6467 6659 D BufferQueueProducer: [SurfaceView[com.accarunit.beauty.camera.videocall/com.lightcone.beautycam.activity .MainActivity]@0#16(BLAST Consumer)16](id:194300000012,api:3,p:938,c:6467) waitForFreeSlotThenRelock TIMED_OUT 0 dequeuedCount=20, acquiredCount=2, mMaxAcquiredBufferCount=1, mMaxDequeuedBufferCount=21
02-20 19:14:18.155 7283 7283 D Pine : Mapped new memory 0x72205d2000 (size 4096)
02-20 19:14:18.155 7283 7283 D Pine : InstallReplacementTrampoline: origin 0x7117ba48 origin_entry 0x722ee4e0 bridge_jump 0x72205d2000
02-20 19:14:18.156 7283 7283 D Pine : Hooking method public android.app.Notification android.app.Notification$Builder.build() with callback de.robv.android.xposed.XposedBridge$Handler@5c264ed
02-20 19:14:18.157 7283 7283 D Pine : InstallReplacementTrampoline: origin 0x714fd510 origin_entry 0x721a2fd0 bridge_jump 0x72205d20a0
02-20 19:14:18.157 7283 7283 D ActivityManagerStub: call11 publishContentProviders
02-20 19:14:18.181 7283 7283 D ActivityManagerStub: call11 getContentProvider
02-20 19:14:18.184 7258 7273 D ActivityManagerStub: call11 getRunningAppProcesses
02-20 19:14:18.187 6467 6864 W BufferQueueProducer: [SurfaceView[com.accarunit.beauty.camera.videocall/com.lightcone.beautycam.activity .MainActivity]@0#16(BLAST Consumer)16](id:194300000012,api:3,p:938,c:6467) detachBuffer: slot 0 is not owned by the producer (state = FREE)
02-20 19:14:18.187 6467 6864 W BufferQueueProducer: [SurfaceView[com.accarunit.beauty.camera.videocall/com.lightcone.beautycam.activity .MainActivity]@0#16(BLAST Consumer)16](id:194300000012,api:3,p:938,c:6467) detachBuffer: slot 1 is not owned by the producer (state = FREE)
02-20 19:14:18.188 6467 6864 W BufferQueueProducer: [SurfaceView[com.accarunit.beauty.camera.videocall/com.lightcone.beautycam.activity .MainActivity]@0#16(BLAST Consumer)16](id:194300000012,api:3,p:938,c:6467) detachBuffer: slot 2 is not owned by the producer (state = FREE)
02-20 19:14:18.190 6467 6743 W BufferQueueProducer: [SurfaceView[com.accarunit.beauty.camera.videocall/com.lightcone.beautycam.activity .MainActivity]@0#16(BLAST Consumer)16](id:194300000012,api:3,p:938,c:6467) detachBuffer: slot 5 is not owned by the producer (state = FREE)
02-20 19:14:18.193 6467 6743 W BufferQueueProducer: [SurfaceView[com.accarunit.beauty.camera.videocall/com.lightcone.beautycam.activity .MainActivity]@0#16(BLAST Consumer)16](id:194300000012,api:3,p:938,c:6467) detachBuffer: slot 8 is not owned by the producer (state = FREE)
02-20 19:14:18.194 6467 6743 W BufferQueueProducer: [SurfaceView[com.accarunit.beauty.camera.videocall/com.lightcone.beautycam.activity .MainActivity]@0#16(BLAST Consumer)16](id:194300000012,api:3,p:938,c:6467) detachBuffer: slot 9 is not owned by the producer (state = FREE)
02-20 19:14:18.198 6467 6743 W BufferQueueProducer: [SurfaceView[com.accarunit.beauty.camera.videocall/com.lightcone.beautycam.activity .MainActivity]@0#16(BLAST Consumer)16](id:194300000012,api:3,p:938,c:6467) detachBuffer: slot 16 is not owned by the producer (state = ACQUIRED)
02-20 19:14:18.198 6467 6743 W BufferQueueProducer: [SurfaceView[com.accarunit.beauty.camera.videocall/com.lightcone.beautycam.activity .MainActivity]@0#16(BLAST Consumer)16](id:194300000012,api:3,p:938,c:6467) detachBuffer: slot 17 is not owned by the producer (state = FREE)
02-20 19:14:18.203 6467 6743 W BufferQueueProducer: [SurfaceView[com.accarunit.beauty.camera.videocall/com.lightcone.beautycam.activity .MainActivity]@0#16(BLAST Consumer)16](id:194300000012,api:3,p:938,c:6467) detachBuffer: slot 22 is not owned by the producer (state = FREE)
02-20 19:14:18.203 6467 6743 W BufferQueueProducer: [SurfaceView[com.accarunit.beauty.camera.videocall/com.lightcone.beautycam.activity .MainActivity]@0#16(BLAST Consumer)16](id:194300000012,api:3,p:938,c:6467) detachBuffer: slot 23 is not owned by the producer (state = FREE)
02-20 19:14:18.203 6467 6743 W BufferQueueProducer: [SurfaceView[com.accarunit.beauty.camera.videocall/com.lightcone.beautycam.activity .MainActivity]@0#16(BLAST Consumer)16](id:194300000012,api:3,p:938,c:6467) detachBuffer: slot 24 is not owned by the producer (state = FREE)
02-20 19:14:18.203 7283 7283 D ActivityManagerStub: call11 getContentProvider
02-20 19:14:18.203 6467 6743 W BufferQueueProducer: [SurfaceView[com.accarunit.beauty.camera.videocall/com.lightcone.beautycam.activity .MainActivity]@0#16(BLAST Consumer)16](id:194300000012,api:3,p:938,c:6467) detachBuffer: slot 25 is not owned by the producer (state = FREE)
02-20 19:14:18.203 6467 6743 W BufferQueueProducer: [SurfaceView[com.accarunit.beauty.camera.videocall/com.lightcone.beautycam.activity .MainActivity]@0#16(BLAST Consumer)16](id:194300000012,api:3,p:938,c:6467) detachBuffer: slot 26 is not owned by the producer (state = FREE)
02-20 19:14:18.204 7258 7273 D ActivityStack: ActivityInfo{e4cd747 com.whatsapp.Main}, windowIsTranslucent: false
02-20 19:14:18.204 6467 6743 W BufferQueueProducer: [SurfaceView[com.accarunit.beauty.camera.videocall/com.lightcone.beautycam.activity .MainActivity]@0#16(BLAST Consumer)16](id:194300000012,api:3,p:938,c:6467) detachBuffer: slot 27 is not owned by the producer (state = FREE)
02-20 19:14:18.204 6467 6743 W BufferQueueProducer: [SurfaceView[com.accarunit.beauty.camera.videocall/com.lightcone.beautycam.activity .MainActivity]@0#16(BLAST Consumer)16](id:194300000012,api:3,p:938,c:6467) detachBuffer: slot 28 is not owned by the producer (state = FREE)
02-20 19:14:18.204 6467 6743 W BufferQueueProducer: [SurfaceView[com.accarunit.beauty.camera.videocall/com.lightcone.beautycam.activity .MainActivity]@0#16(BLAST Consumer)16](id:194300000012,api:3,p:938,c:6467) detachBuffer: slot 29 is not owned by the producer (state = FREE)
02-20 19:14:18.204 6467 6743 W BufferQueueProducer: [SurfaceView[com.accarunit.beauty.camera.videocall/com.lightcone.beautycam.activity .MainActivity]@0#16(BLAST Consumer)16](id:194300000012,api:3,p:938,c:6467) detachBuffer: slot 30 is not owned by the producer (state = FREE)
02-20 19:14:18.204 6467 6743 W BufferQueueProducer: [SurfaceView[com.accarunit.beauty.camera.videocall/com.lightcone.beautycam.activity .MainActivity]@0#16(BLAST Consumer)16](id:194300000012,api:3,p:938,c:6467) detachBuffer: slot 31 is not owned by the producer (state = FREE)
02-20 19:14:18.204 6467 6743 W BufferQueueProducer: [SurfaceView[com.accarunit.beauty.camera.videocall/com.lightcone.beautycam.activity .MainActivity]@0#16(BLAST Consumer)16](id:194300000012,api:3,p:938,c:6467) detachBuffer: slot 32 is not owned by the producer (state = FREE)
02-20 19:14:18.205 6467 6743 W BufferQueueProducer: [SurfaceView[com.accarunit.beauty.camera.videocall/com.lightcone.beautycam.activity .MainActivity]@0#16(BLAST Consumer)16](id:194300000012,api:3,p:938,c:6467) detachBuffer: slot 33 is not owned by the producer (state = FREE)
02-20 19:14:18.205 6467 6743 W BufferQueueProducer: [SurfaceView[com.accarunit.beauty.camera.videocall/com.lightcone.beautycam.activity .MainActivity]@0#16(BLAST Consumer)16](id:194300000012,api:3,p:938,c:6467) detachBuffer: slot 34 is not owned by the producer (state = FREE)
02-20 19:14:18.205 6467 6743 W BufferQueueProducer: [SurfaceView[com.accarunit.beauty.camera.videocall/com.lightcone.beautycam.activity .MainActivity]@0#16(BLAST Consumer)16](id:194300000012,api:3,p:938,c:6467) detachBuffer: slot 35 is not owned by the producer (state = FREE)
02-20 19:14:18.206 6467 6743 W BufferQueueProducer: [SurfaceView[com.accarunit.beauty.camera.videocall/com.lightcone.beautycam.activity .MainActivity]@0#16(BLAST Consumer)16](id:194300000012,api:3,p:938,c:6467) detachBuffer: slot 36 is not owned by the producer (state = FREE)
02-20 19:14:18.206 6467 6743 W BufferQueueProducer: [SurfaceView[com.accarunit.beauty.camera.videocall/com.lightcone.beautycam.activity .MainActivity]@0#16(BLAST Consumer)16](id:194300000012,api:3,p:938,c:6467) detachBuffer: slot 37 is not owned by the producer (state = FREE)
02-20 19:14:18.206 6467 6743 W BufferQueueProducer: [SurfaceView[com.accarunit.beauty.camera.videocall/com.lightcone.beautycam.activity .MainActivity]@0#16(BLAST Consumer)16](id:194300000012,api:3,p:938,c:6467) detachBuffer: slot 38 is not owned by the producer (state = FREE)
02-20 19:14:18.207 6467 6743 W BufferQueueProducer: [SurfaceView[com.accarunit.beauty.camera.videocall/com.lightcone.beautycam.activity .MainActivity]@0#16(BLAST Consumer)16](id:194300000012,api:3,p:938,c:6467) detachBuffer: slot 39 is not owned by the producer (state = FREE)
02-20 19:14:18.207 6467 6743 W BufferQueueProducer: [SurfaceView[com.accarunit.beauty.camera.videocall/com.lightcone.beautycam.activity .MainActivity]@0#16(BLAST Consumer)16](id:194300000012,api:3,p:938,c:6467) detachBuffer: slot 40 is not owned by the producer (state = FREE)
02-20 19:14:18.207 6467 6743 W BufferQueueProducer: [SurfaceView[com.accarunit.beauty.camera.videocall/com.lightcone.beautycam.activity .MainActivity]@0#16(BLAST Consumer)16](id:194300000012,api:3,p:938,c:6467) detachBuffer: slot 41 is not owned by the producer (state = FREE)
02-20 19:14:18.208 6467 6743 W BufferQueueProducer: [SurfaceView[com.accarunit.beauty.camera.videocall/com.lightcone.beautycam.activity .MainActivity]@0#16(BLAST Consumer)16](id:194300000012,api:3,p:938,c:6467) detachBuffer: slot 42 is not owned by the producer (state = FREE)
02-20 19:14:18.208 6467 6743 W BufferQueueProducer: [SurfaceView[com.accarunit.beauty.camera.videocall/com.lightcone.beautycam.activity .MainActivity]@0#16(BLAST Consumer)16](id:194300000012,api:3,p:938,c:6467) detachBuffer: slot 43 is not owned by the producer (state = FREE)
02-20 19:14:18.209 6467 6743 W BufferQueueProducer: [SurfaceView[com.accarunit.beauty.camera.videocall/com.lightcone.beautycam.activity .MainActivity]@0#16(BLAST Consumer)16](id:194300000012,api:3,p:938,c:6467) detachBuffer: slot 44 is not owned by the producer (state = FREE)
02-20 19:14:18.209 6467 6743 W BufferQueueProducer: [SurfaceView[com.accarunit.beauty.camera.videocall/com.lightcone.beautycam.activity .MainActivity]@0#16(BLAST Consumer)16](id:194300000012,api:3,p:938,c:6467) detachBuffer: slot 45 is not owned by the producer (state = FREE)
02-20 19:14:18.209 6467 6743 W BufferQueueProducer: [SurfaceView[com.accarunit.beauty.camera.videocall/com.lightcone.beautycam.activity .MainActivity]@0#16(BLAST Consumer)16](id:194300000012,api:3,p:938,c:6467) detachBuffer: slot 46 is not owned by the producer (state = FREE)
02-20 19:14:18.210 6467 6743 W BufferQueueProducer: [SurfaceView[com.accarunit.beauty.camera.videocall/com.lightcone.beautycam.activity .MainActivity]@0#16(BLAST Consumer)16](id:194300000012,api:3,p:938,c:6467) detachBuffer: slot 47 is not owned by the producer (state = FREE)
02-20 19:14:18.211 6467 6743 W BufferQueueProducer: [SurfaceView[com.accarunit.beauty.camera.videocall/com.lightcone.beautycam.activity .MainActivity]@0#16(BLAST Consumer)16](id:194300000012,api:3,p:938,c:6467) detachBuffer: slot 48 is not owned by the producer (state = FREE)
02-20 19:14:18.212 6467 6743 W BufferQueueProducer: [SurfaceView[com.accarunit.beauty.camera.videocall/com.lightcone.beautycam.activity .MainActivity]@0#16(BLAST Consumer)16](id:194300000012,api:3,p:938,c:6467) detachBuffer: slot 49 is not owned by the producer (state = FREE)
02-20 19:14:18.212 6467 6743 W BufferQueueProducer: [SurfaceView[com.accarunit.beauty.camera.videocall/com.lightcone.beautycam.activity .MainActivity]@0#16(BLAST Consumer)16](id:194300000012,api:3,p:938,c:6467) detachBuffer: slot 50 is not owned by the producer (state = FREE)
02-20 19:14:18.213 6467 6743 W BufferQueueProducer: [SurfaceView[com.accarunit.beauty.camera.videocall/com.lightcone.beautycam.activity .MainActivity]@0#16(BLAST Consumer)16](id:194300000012,api:3,p:938,c:6467) detachBuffer: slot 51 is not owned by the producer (state = FREE)
02-20 19:14:18.213 7258 7274 D SystemCallProvider: call: VM, Bundle[mParcelledData.dataSize=88]
02-20 19:14:18.213 6467 6743 W BufferQueueProducer: [SurfaceView[com.accarunit.beauty.camera.videocall/com.lightcone.beautycam.activity .MainActivity]@0#16(BLAST Consumer)16](id:194300000012,api:3,p:938,c:6467) detachBuffer: slot 52 is not owned by the producer (state = FREE)
02-20 19:14:18.213 6467 6743 W BufferQueueProducer: [SurfaceView[com.accarunit.beauty.camera.videocall/com.lightcone.beautycam.activity .MainActivity]@0#16(BLAST Consumer)16](id:194300000012,api:3,p:938,c:6467) detachBuffer: slot 53 is not owned by the producer (state = FREE)
02-20 19:14:18.214 6467 6743 W BufferQueueProducer: [SurfaceView[com.accarunit.beauty.camera.videocall/com.lightcone.beautycam.activity .MainActivity]@0#16(BLAST Consumer)16](id:194300000012,api:3,p:938,c:6467) detachBuffer: slot 54 is not owned by the producer (state = FREE)
02-20 19:14:18.214 6467 6743 W BufferQueueProducer: [SurfaceView[com.accarunit.beauty.camera.videocall/com.lightcone.beautycam.activity .MainActivity]@0#16(BLAST Consumer)16](id:194300000012,api:3,p:938,c:6467) detachBuffer: slot 55 is not owned by the producer (state = FREE)
02-20 19:14:18.215 6467 6743 W BufferQueueProducer: [SurfaceView[com.accarunit.beauty.camera.videocall/com.lightcone.beautycam.activity .MainActivity]@0#16(BLAST Consumer)16](id:194300000012,api:3,p:938,c:6467) detachBuffer: slot 56 is not owned by the producer (state = FREE)
02-20 19:14:18.215 7283 7283 D BlackBoxCore: getService: activity_manager, android.os.BinderProxy@8042efc
02-20 19:14:18.215 6467 6743 W BufferQueueProducer: [SurfaceView[com.accarunit.beauty.camera.videocall/com.lightcone.beautycam.activity .MainActivity]@0#16(BLAST Consumer)16](id:194300000012,api:3,p:938,c:6467) detachBuffer: slot 57 is not owned by the producer (state = FREE)
02-20 19:14:18.215 7258 7274 D SystemCallProvider: call: VM, Bundle[mParcelledData.dataSize=76]
02-20 19:14:18.216 6467 6743 W BufferQueueProducer: [SurfaceView[com.accarunit.beauty.camera.videocall/com.lightcone.beautycam.activity .MainActivity]@0#16(BLAST Consumer)16](id:194300000012,api:3,p:938,c:6467) detachBuffer: slot 58 is not owned by the producer (state = FREE)
02-20 19:14:18.216 6467 6743 W BufferQueueProducer: [SurfaceView[com.accarunit.beauty.camera.videocall/com.lightcone.beautycam.activity .MainActivity]@0#16(BLAST Consumer)16](id:194300000012,api:3,p:938,c:6467) detachBuffer: slot 59 is not owned by the producer (state = FREE)
02-20 19:14:18.216 6467 6743 W BufferQueueProducer: [SurfaceView[com.accarunit.beauty.camera.videocall/com.lightcone.beautycam.activity .MainActivity]@0#16(BLAST Consumer)16](id:194300000012,api:3,p:938,c:6467) detachBuffer: slot 60 is not owned by the producer (state = FREE)
02-20 19:14:18.216 7283 7283 D BlackBoxCore: getService: job_manager, android.os.BinderProxy@300f985
02-20 19:14:18.217 6467 6743 W BufferQueueProducer: [SurfaceView[com.accarunit.beauty.camera.videocall/com.lightcone.beautycam.activity .MainActivity]@0#16(BLAST Consumer)16](id:194300000012,api:3,p:938,c:6467) detachBuffer: slot 61 is not owned by the producer (state = FREE)
02-20 19:14:18.217 6467 6743 W BufferQueueProducer: [SurfaceView[com.accarunit.beauty.camera.videocall/com.lightcone.beautycam.activity .MainActivity]@0#16(BLAST Consumer)16](id:194300000012,api:3,p:938,c:6467) detachBuffer: slot 62 is not owned by the producer (state = FREE)
02-20 19:14:18.217 7258 7274 D SystemCallProvider: call: VM, Bundle[mParcelledData.dataSize=84]
02-20 19:14:18.217 6467 6743 W BufferQueueProducer: [SurfaceView[com.accarunit.beauty.camera.videocall/com.lightcone.beautycam.activity .MainActivity]@0#16(BLAST Consumer)16](id:194300000012,api:3,p:938,c:6467) detachBuffer: slot 63 is not owned by the producer (state = FREE)
02-20 19:14:18.218 7283 7283 D BlackBoxCore: getService: package_manager, android.os.BinderProxy@54ef3da
02-20 19:14:18.218 7258 7274 D SystemCallProvider: call: VM, Bundle[mParcelledData.dataSize=84]
02-20 19:14:18.219 7283 7283 D BlackBoxCore: getService: storage_manager, android.os.BinderProxy@586700b
02-20 19:14:18.220 7258 7274 D SystemCallProvider: call: VM, Bundle[mParcelledData.dataSize=80]
02-20 19:14:18.221 7283 7283 D BlackBoxCore: getService: user_manager, android.os.BinderProxy@3e33ee8
02-20 19:14:18.222 7258 7274 D SystemCallProvider: call: VM, Bundle[mParcelledData.dataSize=84]
02-20 19:14:18.222 6467 6864 D BufferQueueProducer: [SurfaceView[com.accarunit.beauty.camera.videocall/com.lightcone.beautycam.activity .MainActivity]@0#16(BLAST Consumer)16](id:194300000012,api:3,p:938,c:6467) disconnect: api 3
02-20 19:14:18.223 7283 7283 D BlackBoxCore: getService: xposed_manager, android.os.BinderProxy@45ca901
02-20 19:14:18.223 7258 7274 D SystemCallProvider: call: VM, Bundle[mParcelledData.dataSize=84]
02-20 19:14:18.224 7283 7283 D BlackBoxCore: getService: account_manager, android.os.BinderProxy@eb873a6
02-20 19:14:18.225 7258 7274 D SystemCallProvider: call: VM, Bundle[mParcelledData.dataSize=88]
02-20 19:14:18.226 7283 7283 D BlackBoxCore: getService: location_manager, android.os.BinderProxy@2a01e7
02-20 19:14:18.227 7258 7274 D SystemCallProvider: call: VM, Bundle[mParcelledData.dataSize=96]
02-20 19:14:18.228 6467 6864 E BufferQueueProducer: [SurfaceView[com.accarunit.beauty.camera.videocall/com.lightcone.beautycam.activity .MainActivity]@0#16(BLAST Consumer)16](id:194300000012,api:0,p:-1,c:6467) cancelBuffer: BufferQueue has no connected producer
02-20 19:14:18.228 6467 6864 E BufferQueueProducer: [SurfaceView[com.accarunit.beauty.camera.videocall/com.lightcone.beautycam.activity .MainActivity]@0#16(BLAST Consumer)16](id:194300000012,api:0,p:-1,c:6467) cancelBuffer: BufferQueue has no connected producer
02-20 19:14:18.229 7283 7283 D BlackBoxCore: getService: notification_manager, android.os.BinderProxy@e216194
02-20 19:14:18.229 6467 6864 E BufferQueueProducer: [SurfaceView[com.accarunit.beauty.camera.videocall/com.lightcone.beautycam.activity .MainActivity]@0#16(BLAST Consumer)16](id:194300000012,api:0,p:-1,c:6467) cancelBuffer: BufferQueue has no connected producer
02-20 19:14:18.229 6467 6864 E BufferQueueProducer: [SurfaceView[com.accarunit.beauty.camera.videocall/com.lightcone.beautycam.activity .MainActivity]@0#16(BLAST Consumer)16](id:194300000012,api:0,p:-1,c:6467) cancelBuffer: BufferQueue has no connected producer
02-20 19:14:18.230 6467 7050 E BufferQueueProducer: [SurfaceView[com.accarunit.beauty.camera.videocall/com.lightcone.beautycam.activity .MainActivity]@0#16(BLAST Consumer)16](id:194300000012,api:0,p:-1,c:6467) cancelBuffer: BufferQueue has no connected producer
02-20 19:14:18.230 6467 6864 D BufferQueueProducer: [SurfaceView[com.accarunit.beauty.camera.videocall/com.lightcone.beautycam.activity .MainActivity]@0#16(BLAST Consumer)16](id:194300000012,api:3,p:938,c:6467) connect: api=3 producerControlledByApp=true
02-20 19:14:18.231 6467 7050 E BufferQueueProducer: [SurfaceView[com.accarunit.beauty.camera.videocall/com.lightcone.beautycam.activity .MainActivity]@0#16(BLAST Consumer)16](id:194300000012,api:3,p:938,c:6467) cancelBuffer: slot 20 is not owned by the producer (state = FREE)
02-20 19:14:18.231 6467 7050 E BufferQueueProducer: [SurfaceView[com.accarunit.beauty.camera.videocall/com.lightcone.beautycam.activity .MainActivity]@0#16(BLAST Consumer)16](id:194300000012,api:3,p:938,c:6467) cancelBuffer: slot 4 is not owned by the producer (state = FREE)
02-20 19:14:18.232 6467 7050 E BufferQueueProducer: [SurfaceView[com.accarunit.beauty.camera.videocall/com.lightcone.beautycam.activity .MainActivity]@0#16(BLAST Consumer)16](id:194300000012,api:3,p:938,c:6467) cancelBuffer: slot 14 is not owned by the producer (state = FREE)
02-20 19:14:18.233 6467 7050 E BufferQueueProducer: [SurfaceView[com.accarunit.beauty.camera.videocall/com.lightcone.beautycam.activity .MainActivity]@0#16(BLAST Consumer)16](id:194300000012,api:3,p:938,c:6467) cancelBuffer: slot 7 is not owned by the producer (state = FREE)
02-20 19:14:18.234 6467 7050 E BufferQueueProducer: [SurfaceView[com.accarunit.beauty.camera.videocall/com.lightcone.beautycam.activity .MainActivity]@0#16(BLAST Consumer)16](id:194300000012,api:3,p:938,c:6467) cancelBuffer: slot 15 is not owned by the producer (state = FREE)
02-20 19:14:18.235 6467 7050 E BufferQueueProducer: [SurfaceView[com.accarunit.beauty.camera.videocall/com.lightcone.beautycam.activity .MainActivity]@0#16(BLAST Consumer)16](id:194300000012,api:3,p:938,c:6467) cancelBuffer: slot 6 is not owned by the producer (state = FREE)
02-20 19:14:18.235 6467 7050 E BufferQueueProducer: [SurfaceView[com.accarunit.beauty.camera.videocall/com.lightcone.beautycam.activity .MainActivity]@0#16(BLAST Consumer)16](id:194300000012,api:3,p:938,c:6467) cancelBuffer: slot 13 is not owned by the producer (state = FREE)
02-20 19:14:18.236 6467 7050 E BufferQueueProducer: [SurfaceView[com.accarunit.beauty.camera.videocall/com.lightcone.beautycam.activity .MainActivity]@0#16(BLAST Consumer)16](id:194300000012,api:3,p:938,c:6467) cancelBuffer: slot 21 is not owned by the producer (state = FREE)
02-20 19:14:18.236 6467 6467 D BufferQueueProducer: [SurfaceView[com.accarunit.beauty.camera.videocall/com.lightcone.beautycam.activity .MainActivity]@0#16(BLAST Consumer)16](id:194300000012,api:3,p:938,c:6467) disconnect: api 3
02-20 19:14:18.237 6467 7050 E BufferQueueProducer: [SurfaceView[com.accarunit.beauty.camera.videocall/com.lightcone.beautycam.activity .MainActivity]@0#16(BLAST Consumer)16](id:194300000012,api:0,p:-1,c:6467) cancelBuffer: BufferQueue has no connected producer
02-20 19:14:18.239 6467 6467 V MediaPlayerNative: destructor
02-20 19:14:18.239 6467 6467 V MediaPlayerNative: disconnect
02-20 19:14:18.240 6467 6467 D BufferQueueProducer: [SurfaceView[com.accarunit.beauty.camera.videocall/com.lightcone.beautycam.activity .MainActivity]@0#16(BLAST Consumer)16](id:194300000012,api:0,p:-1,c:6467) disconnect: api -1
02-20 19:14:18.240 6467 6467 I SurfaceView@7d7c31d: updateSurface: mVisible = false mSurface.isValid() = true
02-20 19:14:18.240 6467 6467 D BLASTBufferQueue: [SurfaceView[com.accarunit.beauty.camera.videocall/com.lightcone.beautycam.activity .MainActivity]@0#16](f:0,a:1) destructor()
02-20 19:14:18.241 6467 6467 D BufferQueueConsumer: [SurfaceView[com.accarunit.beauty.camera.videocall/com.lightcone.beautycam.activity .MainActivity]@0#16(BLAST Consumer)16](id:194300000012,api:0,p:-1,c:6467) disconnect
02-20 19:14:18.241 6467 6467 I SurfaceView@7d7c31d: releaseSurfaces: viewRoot = ViewRootImpl@64221ef[MainActivity]
02-20 19:14:18.242 6467 6467 I SurfaceView@7d7c31d: applyTransactionOnVriDraw: vri = ViewRootImpl@64221ef[MainActivity] fRS = true t = 0xb4000070deffc800 android.view.SurfaceView.releaseSurfaces:858 android.view.SurfaceView.updateSurface:1172 android.view.SurfaceView.onWindowVisibilityChanged:371
02-20 19:14:18.242 6467 6467 I SurfaceView@7d7c31d: applyTransactionOnVriDraw: viewRoot.applyTransactionOnDrawFromReleaseSurfaces
02-20 19:14:18.242 6467 6467 I ViewRootImpl@64221ef[MainActivity]: from releaseSurfaces t.apply t = 0xb4000070deffc800
02-20 19:14:18.243 6467 6467 V SurfaceView@7d7c31d: Layout: x=0 y=0 w=720 h=819, frame=Rect(0, 0 - 720, 819)
02-20 19:14:18.244 6467 6533 D SurfaceView@7d7c31d: windowPositionLost, frameNr = 0
02-20 19:14:18.245 6467 6533 D OpenGLRenderer: setSurface called with nullptr
02-20 19:14:18.245 6467 6533 D OpenGLRenderer: setSurface() destroyed EGLSurface
02-20 19:14:18.245 6467 6533 D OpenGLRenderer: destroyEglSurface
02-20 19:14:18.246 6467 6533 D BufferQueueProducer: [ViewRootImpl@64221ef[MainActivity]#15(BLAST Consumer)15] (id:194300000011,api:1,p:6467,c:6467) disconnect: api 1
02-20 19:14:18.248 6467 6467 I ViewRootImpl@64221ef[MainActivity]: performTraversals mFirst=false windowShouldResize=false viewVisibilityChanged=true mForceNextWindowRelayout=false params=null
02-20 19:14:18.255 6467 6467 D BLASTBufferQueue: [ViewRootImpl@64221ef[MainActivity]#15](f:0,a:1) destructor()
02-20 19:14:18.255 6467 6467 D BufferQueueConsumer: [ViewRootImpl@64221ef[MainActivity]#15(BLAST Consumer)15](id:194300000011,api:0,p:- 1,c:6467) disconnect
02-20 19:14:18.256 6467 6467 I ViewRootImpl@64221ef[MainActivity]: Relayout returned: old=(0,0,720,1600) new=(0,0,720,1600) req=(720,1600)8 dur=6 res=0x2 s={false 0x0} ch=true seqId=0
02-20 19:14:18.257 6467 6467 D SurfaceView@7d7c31d: updateSurface: surface is not valid
02-20 19:14:18.257 6467 6467 I SurfaceView@7d7c31d: releaseSurfaces: viewRoot = ViewRootImpl@64221ef[MainActivity]
02-20 19:14:18.258 6467 6467 I SurfaceView@7d7c31d: applyTransactionOnVriDraw: vri = ViewRootImpl@64221ef[MainActivity] fRS = true t = 0xb400007176449e00 android.view.SurfaceView.releaseSurfaces:858 android.view.SurfaceView.updateSurface:998 android.view.SurfaceView.setFrame:525
02-20 19:14:18.258 6467 6467 I SurfaceView@7d7c31d: applyTransactionOnVriDraw: viewRoot.applyTransactionOnDrawFromReleaseSurfaces
02-20 19:14:18.258 6467 6467 I ViewRootImpl@64221ef[MainActivity]: from releaseSurfaces t.apply t = 0xb400007176449e00
02-20 19:14:18.260 6467 6467 I SurfaceView@7d7c31d: windowStopped(true) false android.view.SurfaceView{7d7c31d V.E...... ........ 0,0-720,819 #7f09027d app:id/surface_view} of ViewRootImpl@64221ef[MainActivity]
02-20 19:14:18.260 6467 6467 D SurfaceView@7d7c31d: updateSurface: surface is not valid
02-20 19:14:18.260 6467 6467 I SurfaceView@7d7c31d: releaseSurfaces: viewRoot = ViewRootImpl@64221ef[MainActivity]
02-20 19:14:18.261 6467 6467 I SurfaceView@7d7c31d: applyTransactionOnVriDraw: vri = ViewRootImpl@64221ef[MainActivity] fRS = true t = 0xb40000716cf2f900 android.view.SurfaceView.releaseSurfaces:858 android.view.SurfaceView.updateSurface:998 android.view.SurfaceView.setWindowStopped:335
02-20 19:14:18.261 6467 6467 I SurfaceView@7d7c31d: applyTransactionOnVriDraw: viewRoot.applyTransactionOnDrawFromReleaseSurfaces
02-20 19:14:18.261 6467 6467 I ViewRootImpl@64221ef[MainActivity]: from releaseSurfaces t.apply t = 0xb40000716cf2f900
02-20 19:14:18.261 6467 6467 D SurfaceView@7d7c31d: updateSurface: surface is not valid
02-20 19:14:18.261 6467 6467 I SurfaceView@7d7c31d: releaseSurfaces: viewRoot = ViewRootImpl@64221ef[MainActivity]
02-20 19:14:18.262 6467 6467 I SurfaceView@7d7c31d: applyTransactionOnVriDraw: vri = ViewRootImpl@64221ef[MainActivity] fRS = true t = 0xb4000070e05f2900 android.view.SurfaceView.releaseSurfaces:858 android.view.SurfaceView.updateSurface:998 android.view.SurfaceView.lambda$new$0$android-view-SurfaceView:200
02-20 19:14:18.262 6467 6467 I SurfaceView@7d7c31d: applyTransactionOnVriDraw: viewRoot.applyTransactionOnDrawFromReleaseSurfaces
02-20 19:14:18.262 7283 7313 W Java7Support: Unable to load JDK7 types (annotations, java.nio.file.Path): no Java7 support added
02-20 19:14:18.262 6467 6467 I ViewRootImpl@64221ef[MainActivity]: from releaseSurfaces t.apply t = 0xb4000070e05f2900
02-20 19:14:18.263 6467 6467 I ViewRootImpl@64221ef[MainActivity]: stopped(true) old = false
02-20 19:14:18.263 6467 6467 I ViewRootImpl@64221ef[MainActivity]: WindowStopped on com.accarunit.beauty.camera.videocall/com.lightcone.beautycam.activity.MainActivity set to true
02-20 19:14:18.266 6467 6467 I MSHandlerLifeCycle: removeMultiSplitHandler: no exist. decor=DecorView@ccf8f37[MainActivity]
02-20 19:14:18.266 6467 6467 W MediaPlayer: mediaplayer went away with unhandled events
02-20 19:14:18.288 6467 6467 I ViewRootImpl@64221ef[MainActivity]: performTraversals mFirst=false windowShouldResize=false viewVisibilityChanged=false mForceNextWindowRelayout=false params={(0,0)(fillxfill) sim={adjust=pan} ty=BASE_APPLICATION fmt=TRANSLUCENT wanim=0x1030309
02-20 19:14:18.288 6467 6467 I ViewRootImpl@64221ef[MainActivity]: fl=81810100
02-20 19:14:18.288 6467 6467 I ViewRootImpl@64221ef[MainActivity]: pfl=1a020040
02-20 19:14:18.288 6467 6467 I ViewRootImpl@64221ef[MainActivity]: vsysui=3502
02-20 19:14:18.288 6467 6467 I ViewRootImpl@64221ef[MainActivity]: apr=LIGHT_STATUS_BARS
02-20 19:14:18.288 6467 6467 I ViewRootImpl@64221ef[MainActivity]: bhv=SHOW_TRANSIENT_BARS_BY_SWIPE
02-20 19:14:18.288 6467 6467 I ViewRootImpl@64221ef[MainActivity]: fitSides= naviIconColor=0
02-20 19:14:18.288 6467 6467 I ViewRootImpl@64221ef[MainActivity]: sfl=100000}
02-20 19:14:18.296 6467 6467 I ViewRootImpl@64221ef[MainActivity]: Relayout returned: old=(0,0,720,1600) new=(0,0,720,1600) req=(720,1600)8 dur=7 res=0x2 s={false 0x0} ch=false seqId=0
02-20 19:14:18.296 6467 6467 D SurfaceView@7d7c31d: updateSurface: surface is not valid
02-20 19:14:18.296 6467 6467 I SurfaceView@7d7c31d: releaseSurfaces: viewRoot = ViewRootImpl@64221ef[MainActivity]
02-20 19:14:18.296 6467 6467 I SurfaceView@7d7c31d: applyTransactionOnVriDraw: vri = ViewRootImpl@64221ef[MainActivity] fRS = true t = 0xb4000070e05f2f00 android.view.SurfaceView.releaseSurfaces:858 android.view.SurfaceView.updateSurface:998 android.view.SurfaceView.lambda$new$0$android-view-SurfaceView:200
02-20 19:14:18.296 6467 6467 I SurfaceView@7d7c31d: applyTransactionOnVriDraw: viewRoot.applyTransactionOnDrawFromReleaseSurfaces
02-20 19:14:18.296 6467 6467 I ViewRootImpl@64221ef[MainActivity]: from releaseSurfaces t.apply t = 0xb4000070e05f2f00
02-20 19:14:18.311 6467 6467 I ViewRootImpl@b7ed3ab[LauncherActivity]: MSG_WINDOW_FOCUS_CHANGED 0 0
02-20 19:14:18.333 7283 7283 E AnalysisModule: FirebaseAnalytics finished.
02-20 19:14:18.333 7283 7283 E AnalysisModule: AnalysisServiceImpl finished.
02-20 19:14:18.334 7283 7321 D ActivityManagerStub: call11 getContentProvider
02-20 19:14:18.334 7283 7321 D ActivityManagerStub: hook getContentProvider: com.google.android.gms.chimera
02-20 19:14:18.335 7283 7321 E ActivityThread: Failed to find provider info for com.google.android.gms.chimera
02-20 19:14:18.335 7283 7321 W DynamiteModule: Failed to retrieve remote module version.
02-20 19:14:18.336 7283 7321 E DynamiteModule: Failed to load IDynamiteLoader from GmsCore: Application package com.google.android.gms not found
