02-20 19:14:22.112 7283 7408 I Pine : handleBridge: artMethod=0x712bf4c0 originExtras=0xb4000071765e2500 extras=0xb400007176528900 sp=0x7098cf3ed0
02-20 19:14:22.112 7283 7408 D Pine : handleCall for method public android.os.Parcelable android.os.Bundle.getParcelable(java.lang.String)
02-20 19:14:22.118 7283 7283 D ActivityManagerStub: call11 broadcastIntentWithFeature
02-20 19:14:22.120 7283 7283 I [LiveEventBus]: broadcast: com.lightcone.beautycam.viewmodel.event.ShapeIntensityUpdateEvent@60d9021 foreground: false with key: class com.lightcone.beautycam.viewmodel.event.ShapeIntensityUpdateEvent
02-20 19:14:22.120 7283 7408 I Pine : handleBridge: artMethod=0x712bf4c0 originExtras=0xb4000071765e2500 extras=0xb400007176528900 sp=0x7098cf3ed0
02-20 19:14:22.121 7283 7408 D Pine : handleCall for method public android.os.Parcelable android.os.Bundle.getParcelable(java.lang.String)
02-20 19:14:22.123 7283 7283 D ActivityManagerStub: call11 broadcastIntentWithFeature
02-20 19:14:22.126 7283 7283 I [LiveEventBus]: post: com.lightcone.beautycam.viewmodel.event.SelectedShapeEvent@f020e07 with key: class com.lightcone.beautycam.viewmodel.event.SelectedShapeEvent
02-20 19:14:22.126 7283 7408 I Pine : handleBridge: artMethod=0x712bf4c0 originExtras=0xb4000071765e2500 extras=0xb400007176528900 sp=0x7098cf3ed0
02-20 19:14:22.126 7283 7283 I [LiveEventBus]: broadcast: com.lightcone.beautycam.viewmodel.event.SelectedShapeEvent@6920d5d foreground: false with key: class com.lightcone.beautycam.viewmodel.event.SelectedShapeEvent
02-20 19:14:22.126 7283 7408 D Pine : handleCall for method public android.os.Parcelable android.os.Bundle.getParcelable(java.lang.String)
02-20 19:14:22.127 7283 7283 D ActivityManagerStub: call11 broadcastIntentWithFeature
02-20 19:14:22.129 7283 7283 I [LiveEventBus]: broadcast: com.lightcone.beautycam.viewmodel.event.ShapeModeUpdateEvent@f3036d2 foreground: false with key: class com.lightcone.beautycam.viewmodel.event.ShapeModeUpdateEvent
02-20 19:14:22.129 7283 7408 I Pine : handleBridge: artMethod=0x712bf4c0 originExtras=0xb4000071765e2500 extras=0xb400007176528900 sp=0x7098cf3ed0
02-20 19:14:22.130 7283 7408 D Pine : handleCall for method public android.os.Parcelable android.os.Bundle.getParcelable(java.lang.String)
02-20 19:14:22.131 7283 7283 D ActivityManagerStub: call11 broadcastIntentWithFeature
02-20 19:14:22.134 7283 7408 I Pine : handleBridge: artMethod=0x712bf4c0 originExtras=0xb4000071765e2500 extras=0xb400007176528900 sp=0x7098cf3ed0
02-20 19:14:22.134 7283 7408 D Pine : handleCall for method public android.os.Parcelable android.os.Bundle.getParcelable(java.lang.String)
02-20 19:14:22.135 7283 7283 I [LiveEventBus]: post: com.lightcone.beautycam.viewmodel.event.FavoriteEffectListUpdateEvent@480e6a0 with key: class com.lightcone.beautycam.viewmodel.event.FavoriteEffectListUpdateEvent
02-20 19:14:22.135 7283 7283 I ViewRootImpl@8f87623[EULA]: MSG_WINDOW_FOCUS_CHANGED 1 0
02-20 19:14:22.135 7283 7283 I ViewRootImpl@8f87623[EULA]: mThreadedRenderer.initializeIfNeeded()#2 mSurface={isValid=true 0xb4000070cde8f800}
02-20 19:14:22.137 7283 7283 I Pine : handleBridge: artMethod=0x7116d018 originExtras=0xb4000071765e2200 extras=0xb4000070dda69860 sp=0x7ff6d19b50
02-20 19:14:22.137 7283 7283 D Pine : handleCall for method public java.lang.String android.app.ContextImpl.getOpPackageName()
02-20 19:14:22.137 7283 7283 D InputMethodManager: startInputInner - Id : 0
02-20 19:14:22.137 7283 7283 I InputMethodManager: startInputInner - mService.startInputOrWindowGainedFocus
02-20 19:14:22.140 6467 6467 D InputTransport: Input channel destroyed: 'ClientS', fd=222
02-20 19:14:22.143 7283 7283 I [LiveEventBus]: post: com.lightcone.beautycam.viewmodel.event.EffectIntensityUpdateEvent@8b6ee1e with key: class com.lightcone.beautycam.viewmodel.event.EffectIntensityUpdateEvent
02-20 19:14:22.143 7283 7283 I [LiveEventBus]: message received: com.lightcone.beautycam.viewmodel.event.EffectIntensityUpdateEvent@8b6ee1e
02-20 19:14:22.146 7283 7283 I [LiveEventBus]: post: com.lightcone.beautycam.viewmodel.event.FilterIntensityUpdateEvent@d1dcccc with key: class com.lightcone.beautycam.viewmodel.event.FilterIntensityUpdateEvent
02-20 19:14:22.146 7283 7283 I [LiveEventBus]: message received: com.lightcone.beautycam.viewmodel.event.FilterIntensityUpdateEvent@d1dcccc
02-20 19:14:22.148 7283 7283 I [LiveEventBus]: post: com.lightcone.beautycam.viewmodel.event.BeautyIntensityUpdateEvent@35fce2a with key: class com.lightcone.beautycam.viewmodel.event.BeautyIntensityUpdateEvent
02-20 19:14:22.148 7283 7283 I [LiveEventBus]: message received: com.lightcone.beautycam.viewmodel.event.BeautyIntensityUpdateEvent@35fce2a
02-20 19:14:22.150 7283 7283 I [LiveEventBus]: post: com.lightcone.beautycam.viewmodel.event.ShapeIntensityUpdateEvent@2c0e9b8 with key: class com.lightcone.beautycam.viewmodel.event.ShapeIntensityUpdateEvent
02-20 19:14:22.150 7283 7283 I [LiveEventBus]: message received: com.lightcone.beautycam.viewmodel.event.ShapeIntensityUpdateEvent@2c0e9b8
02-20 19:14:22.150 7283 7283 I [LiveEventBus]: post: com.lightcone.beautycam.viewmodel.event.SelectedShapeEvent@804a2f6 with key: class com.lightcone.beautycam.viewmodel.event.SelectedShapeEvent
02-20 19:14:22.152 7283 7283 I [LiveEventBus]: post: com.lightcone.beautycam.viewmodel.event.ShapeModeUpdateEvent@376e964 with key: class com.lightcone.beautycam.viewmodel.event.ShapeModeUpdateEvent
02-20 19:14:22.152 7283 7283 I [LiveEventBus]: message received: com.lightcone.beautycam.viewmodel.event.ShapeModeUpdateEvent@376e964
02-20 19:14:22.152 7283 7283 I Pine : handleBridge: artMethod=0x7116d018 originExtras=0xb4000071765e2200 extras=0xb4000070dda69860 sp=0x7ff6d19da0
02-20 19:14:22.152 7283 7283 D Pine : handleCall for method public java.lang.String android.app.ContextImpl.getOpPackageName()
02-20 19:14:22.153 7283 7283 D InputMethodManager: startInputInner - Id : 0
02-20 19:14:22.157 7283 7283 D IActivityClientProxy: call activityIdle
02-20 19:14:22.161 7283 7363 D ActivityManagerStub: call11 registerReceiverWithFeature
02-20 19:14:22.163 7283 7391 E IMGMapper: set:488 set: Unset optional value from type SMPTE2086
02-20 19:14:22.163 7283 7391 E IMGMapper: set:488 set: Unset optional value from type CTA861_3
02-20 19:14:22.166 7283 7408 I Pine : handleBridge: artMethod=0x712bf4c0 originExtras=0xb4000071765e2500 extras=0xb400007176528900 sp=0x7098cf3ed0
02-20 19:14:22.166 7283 7408 D Pine : handleCall for method public android.os.Parcelable android.os.Bundle.getParcelable(java.lang.String)
02-20 19:14:22.168 7283 7363 D ActivityManagerStub: call11 registerReceiverWithFeature
02-20 19:14:22.173 7283 7363 D ActivityManagerStub: call11 registerReceiverWithFeature
02-20 19:14:22.177 7283 7352 W GooglePlayServicesUtil: com.whatsapp requires the Google Play Store, but it is missing.
02-20 19:14:22.178 7283 7408 I Pine : handleBridge: artMethod=0x712bf4c0 originExtras=0xb4000071765e2500 extras=0xb400007176528900 sp=0x7098cf3ed0
02-20 19:14:22.178 7283 7408 D Pine : handleCall for method public android.os.Parcelable android.os.Bundle.getParcelable(java.lang.String)
02-20 19:14:22.179 7283 7441 W GooglePlayServicesUtil: com.whatsapp requires the Google Play Store, but it is missing.
02-20 19:14:22.182 7283 7363 I Pine : handleBridge: artMethod=0x7117ba48 originExtras=0xb40000717640c3a0 extras=0xb4000071765e17e0 sp=0x70cf1f0e80
02-20 19:14:22.182 7283 7363 D Pine : handleCall for method private static void android.app.PendingIntent.checkFlags(int,java.lang.String)
02-20 19:14:22.182 7283 7363 D ActivityManagerStub: call11 getIntentSenderWithFeature
02-20 19:14:22.184 7283 7363 D ActivityManagerStub: call11 registerReceiverWithFeature
02-20 19:14:22.188 7283 7363 D ActivityManagerStub: call11 registerReceiverWithFeature
02-20 19:14:22.192 7283 7363 D ActivityManagerStub: call11 registerReceiverWithFeature
02-20 19:14:22.195 7283 7363 D ActivityManagerStub: call11 registerReceiverWithFeature
02-20 19:14:22.199 7283 7363 D ActivityManagerStub: call11 registerReceiverWithFeature
02-20 19:14:22.202 7283 7363 D ActivityManagerStub: call11 registerReceiverWithFeature
02-20 19:14:22.206 7283 7363 D ActivityManagerStub: call11 registerReceiverWithFeature
02-20 19:14:22.212 7283 7363 D ActivityManagerStub: call11 registerReceiverWithFeature
02-20 19:14:22.229 7283 7366 D WM-PackageManagerHelper: androidx.work.impl.background.systemjob.SystemJobService enabled
02-20 19:14:22.229 7283 7366 D WM-Schedulers: Created SystemJobScheduler and enabled SystemJobService
02-20 19:14:22.234 7283 7445 D WM-ForceStopRunnable: The default process name was not specified.
02-20 19:14:22.235 7283 7445 D WM-ForceStopRunnable: Performing cleanup operations.
02-20 19:14:22.269 7283 7366 I PlayCore: UID: [10001] PID: [7283] StandardIntegrity : warmUpIntegrityToken(293955441834)
02-20 19:14:22.271 7283 7446 I PlayCore: UID: [10001] PID: [7283] StandardIntegrity : Initiate binding to the service.
02-20 19:14:22.272 7283 7446 I Pine : handleBridge: artMethod=0x7116d018 originExtras=0xb4000071765e2200 extras=0xb4000070cbaf1240 sp=0x7082311470
02-20 19:14:22.272 7283 7446 D Pine : handleCall for method public java.lang.String android.app.ContextImpl.getOpPackageName()
02-20 19:14:22.272 7283 7446 D ActivityManagerStub: call11 bindServiceInstance
02-20 19:14:22.295 7283 7283 I PlayCore: UID: [10001] PID: [7283] StandardIntegrity : ServiceConnectionImpl.onServiceConnected(ComponentInfo{com.android.vending/ com.google.android.finsky.expressintegrityservice.ExpressIntegrityService})
02-20 19:14:22.296 7283 7446 I PlayCore: UID: [10001] PID: [7283] StandardIntegrity : linkToDeath
02-20 19:14:22.346 7283 7445 I Pine : handleBridge: artMethod=0x7117ba48 originExtras=0xb40000717640c3a0 extras=0xb40000715e7ae140 sp=0x708341b450
02-20 19:14:22.346 7283 7445 D Pine : handleCall for method private static void android.app.PendingIntent.checkFlags(int,java.lang.String)
02-20 19:14:22.346 7283 7445 D ActivityManagerStub: call11 getIntentSenderWithFeature
02-20 19:14:22.348 7283 7445 D ActivityManagerStub: call11 getHistoricalProcessExitReasons
02-20 19:14:22.363 7283 7461 D WM-PackageManagerHelper: androidx.work.impl.background.systemalarm.RescheduleReceiver enabled
02-20 19:14:22.380 7283 7461 D CompatibilityChangeReporter: Compat change id reported: 194532703; UID 10001; state: DISABLED
02-20 19:14:22.381 7283 7461 D WM-SystemJobScheduler: Scheduling work ID 4c6df62f-2e73-40a5-9966-24ba93658a98Job ID 1000
02-20 19:14:22.470 6467 6467 I ViewRootImpl@b7ed3ab[LauncherActivity]: handleAppVisibility mAppVisible = true visible = false
02-20 19:14:22.485 6467 6533 D OpenGLRenderer: setSurface called with nullptr
02-20 19:14:22.485 6467 6533 D OpenGLRenderer: setSurface() destroyed EGLSurface
02-20 19:14:22.485 6467 6533 D OpenGLRenderer: destroyEglSurface
02-20 19:14:22.486 6467 6533 D BufferQueueProducer: [ViewRootImpl@b7ed3ab[LauncherActivity]#19(BLAST Consumer)19] (id:194300000015,api:1,p:6467,c:6467) disconnect: api 1
02-20 19:14:22.488 6467 6467 I ViewRootImpl@b7ed3ab[LauncherActivity]: performTraversals mFirst=false windowShouldResize=false viewVisibilityChanged=true mForceNextWindowRelayout=false params=null
02-20 19:14:22.510 6467 6467 D BLASTBufferQueue: [ViewRootImpl@b7ed3ab[LauncherActivity]#19](f:0,a:1) destructor()
02-20 19:14:22.510 6467 6467 D BufferQueueConsumer: [ViewRootImpl@b7ed3ab[LauncherActivity]#19(BLAST Consumer)19] (id:194300000015,api:0,p:-1,c:6467) disconnect
02-20 19:14:22.511 7283 7283 D IActivityClientProxy: call activityDestroyed
02-20 19:14:22.511 6467 6467 I ViewRootImpl@b7ed3ab[LauncherActivity]: Relayout returned: old=(0,0,720,1600) new=(0,0,720,1600) req=(720,1600)8 dur=13 res=0x2 s={false 0x0} ch=true seqId=0
02-20 19:14:22.512 6467 6467 I ViewRootImpl@b7ed3ab[LauncherActivity]: stopped(true) old = false
02-20 19:14:22.512 6467 6467 I ViewRootImpl@b7ed3ab[LauncherActivity]: WindowStopped on com.accarunit.beauty.camera.videocall/top.niunaijun.blackbox.app.LauncherActivity set to true
02-20 19:14:22.517 7258 7273 D ActivityStack: onActivityDestroyed :
02-20 19:14:22.520 6467 6467 I MSHandlerLifeCycle: removeMultiSplitHandler: no exist. decor=DecorView@fb07133[LauncherActivity]
02-20 19:14:22.523 6467 6467 I MSHandlerLifeCycle: removeMultiSplitHandler: no exist. decor=DecorView@fb07133[LauncherActivity]
02-20 19:14:22.524 6467 6533 D OpenGLRenderer: setSurface called with nullptr
02-20 19:14:22.524 6467 6467 I ViewRootImpl@b7ed3ab[LauncherActivity]: dispatchDetachedFromWindow
02-20 19:14:22.539 6467 6467 D InputTransport: Input channel destroyed: 'def570e', fd=144
02-20 19:14:23.882 7283 7392 I Pine : handleBridge: artMethod=0x7117ba48 originExtras=0xb40000717640c3a0 extras=0xb40000715e7ae320 sp=0x70a4a9a2d0
02-20 19:14:23.883 7283 7392 D Pine : handleCall for method private static void android.app.PendingIntent.checkFlags(int,java.lang.String)
02-20 19:14:23.883 7283 7392 D ActivityManagerStub: call11 getIntentSenderWithFeature
02-20 19:14:24.324 7283 7366 I PlayCore: UID: [10001] PID: [7283] StandardIntegrity : warmUpIntegrityToken(293955441834)
02-20 19:14:24.324 7283 7446 I PlayCore: UID: [10001] PID: [7283] StandardIntegrity : Already connected to the service.
02-20 19:14:25.226 7283 7283 I ViewRootImpl@8f87623[EULA]: ViewPostIme pointer 0
02-20 19:14:25.278 7283 7391 E IMGMapper: set:488 set: Unset optional value from type SMPTE2086
02-20 19:14:25.278 7283 7391 E IMGMapper: set:488 set: Unset optional value from type CTA861_3
02-20 19:14:25.284 7283 7391 E IMGMapper: set:488 set: Unset optional value from type SMPTE2086
02-20 19:14:25.285 7283 7391 E IMGMapper: set:488 set: Unset optional value from type CTA861_3
02-20 19:14:25.290 7283 7391 E IMGMapper: set:488 set: Unset optional value from type SMPTE2086
02-20 19:14:25.290 7283 7391 E IMGMapper: set:488 set: Unset optional value from type CTA861_3
02-20 19:14:25.305 7283 7391 E IMGMapper: set:488 set: Unset optional value from type SMPTE2086
02-20 19:14:25.305 7283 7391 E IMGMapper: set:488 set: Unset optional value from type CTA861_3
02-20 19:14:25.321 7283 7391 E IMGMapper: set:488 set: Unset optional value from type SMPTE2086
02-20 19:14:25.322 7283 7391 E IMGMapper: set:488 set: Unset optional value from type CTA861_3
02-20 19:14:25.329 7283 7283 I ViewRootImpl@8f87623[EULA]: ViewPostIme pointer 1
02-20 19:14:25.340 7283 7391 E IMGMapper: set:488 set: Unset optional value from type SMPTE2086
02-20 19:14:25.340 7283 7391 E IMGMapper: set:488 set: Unset optional value from type CTA861_3
02-20 19:14:25.344 7283 7283 I AppCompatViewInflater: app:theme is now deprecated. Please move to using android:theme instead.
02-20 19:14:25.364 7283 7283 I Pine : handleBridge: artMethod=0x7116d018 originExtras=0xb4000071765e2200 extras=0xb4000071765286c0 sp=0x7ff6d18b90
02-20 19:14:25.365 7283 7283 D Pine : handleCall for method public java.lang.String android.app.ContextImpl.getOpPackageName()
02-20 19:14:25.365 7283 7283 I Pine : handleBridge: artMethod=0x7116d018 originExtras=0xb4000071765e2200 extras=0xb4000071765286c0 sp=0x7ff6d18b90
02-20 19:14:25.365 7283 7283 D Pine : handleCall for method public java.lang.String android.app.ContextImpl.getOpPackageName()
02-20 19:14:25.369 7283 7283 I Pine : handleBridge: artMethod=0x7116d018 originExtras=0xb4000071765e2200 extras=0xb4000071765286c0 sp=0x7ff6d189c0
02-20 19:14:25.369 7283 7283 D Pine : handleCall for method public java.lang.String android.app.ContextImpl.getOpPackageName()
02-20 19:14:25.373 7283 7283 I Pine : handleBridge: artMethod=0x7116d018 originExtras=0xb4000071765e2200 extras=0xb4000071765286c0 sp=0x7ff6d189c0
02-20 19:14:25.373 7283 7283 D Pine : handleCall for method public java.lang.String android.app.ContextImpl.getOpPackageName()
02-20 19:14:25.377 7283 7283 I Pine : handleBridge: artMethod=0x7116d018 originExtras=0xb4000071765e2200 extras=0xb4000071765286c0 sp=0x7ff6d18b90
02-20 19:14:25.377 7283 7283 D Pine : handleCall for method public java.lang.String android.app.ContextImpl.getOpPackageName()
02-20 19:14:25.396 7283 7283 I Pine : handleBridge: artMethod=0x7116d018 originExtras=0xb4000071765e2200 extras=0xb4000071765286c0 sp=0x7ff6d18b60
02-20 19:14:25.397 7283 7283 D Pine : handleCall for method public java.lang.String android.app.ContextImpl.getOpPackageName()
02-20 19:14:25.404 7283 7283 I AppCompatViewInflater: app:theme is now deprecated. Please move to using android:theme instead.
02-20 19:14:25.431 7283 7474 E ShortcutInfoCompatSaver: Failed to load saved values from file /data/user/0/com.accarunit.beauty.camera.videocall/blackbox/data/user/0/ com.whatsapp/files/ShortcutInfoCompatSaver_share_targets/targets.xml. Old state removed, new added
02-20 19:14:25.431 7283 7474 E ShortcutInfoCompatSaver: java.io.FileNotFoundException: /data/user/0/com.accarunit.beauty.camera.videocall/blackbox/data/user/0/ com.whatsapp/files/ShortcutInfoCompatSaver_share_targets/targets.xml: open failed: ENOENT (No such file or directory)
02-20 19:14:25.431 7283 7474 E ShortcutInfoCompatSaver: at libcore.io.IoBridge.open(IoBridge.java:574)
02-20 19:14:25.431 7283 7474 E ShortcutInfoCompatSaver: at java.io.FileInputStream.<init>(FileInputStream.java:160)
02-20 19:14:25.431 7283 7474 E ShortcutInfoCompatSaver: at X.4Dx.A09(:2)
02-20 19:14:25.431 7283 7474 E ShortcutInfoCompatSaver: at X.6mC.run(:2163)
02-20 19:14:25.431 7283 7474 E ShortcutInfoCompatSaver: at java.util.concurrent.Executors$RunnableAdapter.call(Executors.java:463)
02-20 19:14:25.431 7283 7474 E ShortcutInfoCompatSaver: at java.util.concurrent.FutureTask.run(FutureTask.java:264)
02-20 19:14:25.431 7283 7474 E ShortcutInfoCompatSaver: at java.util.concurrent.ThreadPoolExecutor.runWorker(ThreadPoolExecutor.java:1137)
02-20 19:14:25.431 7283 7474 E ShortcutInfoCompatSaver: at java.util.concurrent.ThreadPoolExecutor$Worker.run(ThreadPoolExecutor.java:637)
02-20 19:14:25.431 7283 7474 E ShortcutInfoCompatSaver: at java.lang.Thread.run(Thread.java:1012)
02-20 19:14:25.431 7283 7474 E ShortcutInfoCompatSaver: Caused by: android.system.ErrnoException: open failed: ENOENT (No such file or directory)
02-20 19:14:25.431 7283 7474 E ShortcutInfoCompatSaver: at libcore.io.Linux.open(Native Method)
02-20 19:14:25.431 7283 7474 E ShortcutInfoCompatSaver: at libcore.io.ForwardingOs.open(ForwardingOs.java:563)
02-20 19:14:25.431 7283 7474 E ShortcutInfoCompatSaver: at libcore.io.BlockGuardOs.open(BlockGuardOs.java:274)
02-20 19:14:25.431 7283 7474 E ShortcutInfoCompatSaver: at libcore.io.ForwardingOs.open(ForwardingOs.java:563)
02-20 19:14:25.431 7283 7474 E ShortcutInfoCompatSaver: at android.app.ActivityThread$AndroidOs.open(ActivityThread.java:8619)
02-20 19:14:25.431 7283 7474 E ShortcutInfoCompatSaver: at java.lang.reflect.Method.invoke(Native Method)
02-20 19:14:25.431 7283 7474 E ShortcutInfoCompatSaver: at top.niunaijun.blackbox.fake.hook.ClassInvocationStub.invoke(ClassInvocationStub.jav a:6)
02-20 19:14:25.431 7283 7474 E ShortcutInfoCompatSaver: at top.niunaijun.blackbox.fake.service.libcore.OsStub.invoke(OsStub.java:9)
02-20 19:14:25.431 7283 7474 E ShortcutInfoCompatSaver: at java.lang.reflect.Proxy.invoke(Proxy.java:1006)
02-20 19:14:25.431 7283 7474 E ShortcutInfoCompatSaver: at $Proxy73.open(Unknown Source)
02-20 19:14:25.431 7283 7474 E ShortcutInfoCompatSaver: at libcore.io.IoBridge.open(IoBridge.java:560)
02-20 19:14:25.431 7283 7474 E ShortcutInfoCompatSaver: ... 8 more
02-20 19:14:25.434 7283 7283 W GooglePlayServicesUtil: com.whatsapp requires the Google Play Store, but it is missing.
02-20 19:14:25.485 7283 7476 W GooglePlayServicesUtil: com.whatsapp requires the Google Play Store, but it is missing.
02-20 19:14:25.486 7283 7476 W GoogleApiManager: The service for X.7Zl is not available: 7bo{statusCode=SERVICE_INVALID, resolution=null, message=null}
02-20 19:14:25.487 7283 7476 W GooglePlayServicesUtil: com.whatsapp requires the Google Play Store, but it is missing.
02-20 19:14:25.487 7283 7476 W GoogleApiManager: The service for X.7Zl is not available: 7bo{statusCode=SERVICE_INVALID, resolution=null, message=null}
02-20 19:14:25.508 7283 7283 D BufferQueueConsumer: [](id:1c7300000002,api:0,p:- 1,c:7283) connect: controlledByApp=true
02-20 19:14:25.521 7283 7391 E IMGMapper: set:488 set: Unset optional value from type SMPTE2086
02-20 19:14:25.521 7283 7391 E IMGMapper: set:488 set: Unset optional value from type CTA861_3
02-20 19:14:25.524 7283 7391 D NativeCustomFrequencyManager: [NativeCFMS] BpCustomFrequencyManager::BpCustomFrequencyManager()
02-20 19:14:25.529 7283 7391 E IMGMapper: set:488 set: Unset optional value from type SMPTE2086
02-20 19:14:25.529 7283 7391 E IMGMapper: set:488 set: Unset optional value from type CTA861_3
02-20 19:14:25.530 7283 7391 D BufferQueueProducer: [ImageReader- 720x114f1u2816m2-7283-0](id:1c7300000002,api:1,p:7283,c:7283) connect: api=1 producerControlledByApp=true
02-20 19:14:25.531 7283 7391 D OpenGLRenderer: eglCreateWindowSurface
02-20 19:14:25.535 7283 7391 E IMGMapper: set:488 set: Unset optional value from type SMPTE2086
02-20 19:14:25.535 7283 7391 E IMGMapper: set:488 set: Unset optional value from type CTA861_3
02-20 19:14:25.535 7283 7391 E FrameEvents: updateAcquireFence: Did not find frame.
02-20 19:14:25.536 7283 7391 D OpenGLRenderer: CFMS:: SetUp Pid : 7283 Tid : 7391
02-20 19:14:25.536 7283 7391 D OpenGLRenderer: setSurface called with nullptr
02-20 19:14:25.537 7283 7391 D OpenGLRenderer: setSurface() destroyed EGLSurface
02-20 19:14:25.537 7283 7391 D OpenGLRenderer: destroyEglSurface
02-20 19:14:25.537 7283 7391 D BufferQueueProducer: [ImageReader- 720x114f1u2816m2-7283-0](id:1c7300000002,api:1,p:7283,c:7283) disconnect: api 1
02-20 19:14:25.538 7283 7283 D BufferQueueConsumer: [ImageReader- 720x114f1u2816m2-7283-0](id:1c7300000002,api:0,p:-1,c:7283) disconnect
02-20 19:14:25.547 7283 7283 D BufferQueueConsumer: [](id:1c7300000003,api:0,p:- 1,c:7283) connect: controlledByApp=true
02-20 19:14:25.548 7283 7391 D NativeCustomFrequencyManager: [NativeCFMS] BpCustomFrequencyManager::BpCustomFrequencyManager()
02-20 19:14:25.548 7283 7391 D BufferQueueProducer: [ImageReader- 720x964f1u2816m2-7283-1](id:1c7300000003,api:1,p:7283,c:7283) connect: api=1 producerControlledByApp=true
02-20 19:14:25.549 7283 7391 D OpenGLRenderer: eglCreateWindowSurface
02-20 19:14:25.560 7283 7391 E IMGMapper: set:488 set: Unset optional value from type SMPTE2086
02-20 19:14:25.560 7283 7391 E IMGMapper: set:488 set: Unset optional value from type CTA861_3
02-20 19:14:25.560 7283 7391 E FrameEvents: updateAcquireFence: Did not find frame.
02-20 19:14:25.562 7283 7391 D OpenGLRenderer: CFMS:: SetUp Pid : 7283 Tid : 7391
02-20 19:14:25.563 7283 7391 D OpenGLRenderer: setSurface called with nullptr
02-20 19:14:25.563 7283 7391 D OpenGLRenderer: setSurface() destroyed EGLSurface
02-20 19:14:25.563 7283 7391 D OpenGLRenderer: destroyEglSurface
02-20 19:14:25.563 7283 7391 D BufferQueueProducer: [ImageReader- 720x964f1u2816m2-7283-1](id:1c7300000003,api:1,p:7283,c:7283) disconnect: api 1
02-20 19:14:25.564 7283 7283 D BufferQueueConsumer: [ImageReader- 720x964f1u2816m2-7283-1](id:1c7300000003,api:0,p:-1,c:7283) disconnect
02-20 19:14:25.566 7283 7283 D BufferQueueConsumer: [](id:1c7300000004,api:0,p:- 1,c:7283) connect: controlledByApp=true
02-20 19:14:25.567 7283 7391 D NativeCustomFrequencyManager: [NativeCFMS] BpCustomFrequencyManager::BpCustomFrequencyManager()
02-20 19:14:25.567 7283 7391 D BufferQueueProducer: [ImageReader-720x41f1u2816m2- 7283-2](id:1c7300000004,api:1,p:7283,c:7283) connect: api=1 producerControlledByApp=true
02-20 19:14:25.568 7283 7391 D OpenGLRenderer: eglCreateWindowSurface
02-20 19:14:25.572 7283 7391 E IMGMapper: set:488 set: Unset optional value from type SMPTE2086
02-20 19:14:25.572 7283 7391 E IMGMapper: set:488 set: Unset optional value from type CTA861_3
02-20 19:14:25.572 7283 7391 E FrameEvents: updateAcquireFence: Did not find frame.
02-20 19:14:25.573 7283 7391 D OpenGLRenderer: CFMS:: SetUp Pid : 7283 Tid : 7391
02-20 19:14:25.573 7283 7391 D OpenGLRenderer: setSurface called with nullptr
02-20 19:14:25.573 7283 7391 D OpenGLRenderer: setSurface() destroyed EGLSurface
02-20 19:14:25.573 7283 7391 D OpenGLRenderer: destroyEglSurface
02-20 19:14:25.574 7283 7391 D BufferQueueProducer: [ImageReader-720x41f1u2816m2- 7283-2](id:1c7300000004,api:1,p:7283,c:7283) disconnect: api 1
02-20 19:14:25.574 7283 7283 D BufferQueueConsumer: [ImageReader-720x41f1u2816m2- 7283-2](id:1c7300000004,api:0,p:-1,c:7283) disconnect
02-20 19:14:25.628 7283 7391 E IMGMapper: set:488 set: Unset optional value from type SMPTE2086
02-20 19:14:25.628 7283 7391 E IMGMapper: set:488 set: Unset optional value from type CTA861_3
02-20 19:14:25.645 7283 7391 E IMGMapper: set:488 set: Unset optional value from type SMPTE2086
02-20 19:14:25.645 7283 7391 E IMGMapper: set:488 set: Unset optional value from type CTA861_3
02-20 19:14:25.649 7283 7391 E IMGMapper: set:488 set: Unset optional value from type SMPTE2086
02-20 19:14:25.649 7283 7391 E IMGMapper: set:488 set: Unset optional value from type CTA861_3
02-20 19:14:25.660 7283 7391 E IMGMapper: set:488 set: Unset optional value from type SMPTE2086
02-20 19:14:25.660 7283 7391 E IMGMapper: set:488 set: Unset optional value from type CTA861_3
02-20 19:14:25.678 7283 7391 E IMGMapper: set:488 set: Unset optional value from type SMPTE2086
02-20 19:14:25.678 7283 7391 E IMGMapper: set:488 set: Unset optional value from type CTA861_3
02-20 19:14:25.694 7283 7391 E IMGMapper: set:488 set: Unset optional value from type SMPTE2086
02-20 19:14:25.694 7283 7391 E IMGMapper: set:488 set: Unset optional value from type CTA861_3
02-20 19:14:25.839 7283 7391 E IMGMapper: set:488 set: Unset optional value from type SMPTE2086
02-20 19:14:25.839 7283 7391 E IMGMapper: set:488 set: Unset optional value from type CTA861_3
02-20 19:14:25.849 7283 7391 E IMGMapper: set:488 set: Unset optional value from type SMPTE2086
02-20 19:14:25.849 7283 7391 E IMGMapper: set:488 set: Unset optional value from type CTA861_3
02-20 19:14:25.862 7283 7391 E IMGMapper: set:488 set: Unset optional value from type SMPTE2086
02-20 19:14:25.862 7283 7391 E IMGMapper: set:488 set: Unset optional value from type CTA861_3
02-20 19:14:25.882 7283 7391 E IMGMapper: set:488 set: Unset optional value from type SMPTE2086
02-20 19:14:25.882 7283 7391 E IMGMapper: set:488 set: Unset optional value from type CTA861_3
02-20 19:14:25.898 7283 7391 E IMGMapper: set:488 set: Unset optional value from type SMPTE2086
02-20 19:14:25.899 7283 7391 E IMGMapper: set:488 set: Unset optional value from type CTA861_3
02-20 19:14:25.915 7283 7391 E IMGMapper: set:488 set: Unset optional value from type SMPTE2086
02-20 19:14:25.915 7283 7391 E IMGMapper: set:488 set: Unset optional value from type CTA861_3
02-20 19:14:25.925 6467 6467 I ViewRootImpl@15d3d26[]: performTraversals params={(309,0)(101x101) sim={adjust=pan} ty=APPLICATION_OVERLAY fmt=TRANSLUCENT
02-20 19:14:25.925 6467 6467 I ViewRootImpl@15d3d26[]: fl=1000228
02-20 19:14:25.925 6467 6467 I ViewRootImpl@15d3d26[]: pfl=2000000
02-20 19:14:25.925 6467 6467 I ViewRootImpl@15d3d26[]: bhv=DEFAULT
02-20 19:14:25.925 6467 6467 I ViewRootImpl@15d3d26[]: fitTypes=STATUS_BARS NAVIGATION_BARS CAPTION_BAR naviIconColor=0}
02-20 19:14:25.927 6467 6467 I ViewRootImpl@15d3d26[]: performTraversals mFirst=false windowShouldResize=false viewVisibilityChanged=false mForceNextWindowRelayout=false params={(309,0)(101x101) sim={adjust=pan} ty=APPLICATION_OVERLAY fmt=TRANSLUCENT
02-20 19:14:25.927 6467 6467 I ViewRootImpl@15d3d26[]: fl=1000228
02-20 19:14:25.927 6467 6467 I ViewRootImpl@15d3d26[]: pfl=42000000
02-20 19:14:25.927 6467 6467 I ViewRootImpl@15d3d26[]: bhv=DEFAULT
02-20 19:14:25.927 6467 6467 I ViewRootImpl@15d3d26[]: fitTypes=STATUS_BARS NAVIGATION_BARS CAPTION_BAR naviIconColor=0}
02-20 19:14:25.932 7283 7391 E IMGMapper: set:488 set: Unset optional value from type SMPTE2086
02-20 19:14:25.932 7283 7391 E IMGMapper: set:488 set: Unset optional value from type CTA861_3
02-20 19:14:25.939 6467 6467 I ViewRootImpl@15d3d26[]: updateBlastSurfaceIfNeeded mBlastBufferQueue=0xb4000070e067ad80 isSameSurfaceControl=true
02-20 19:14:25.939 6467 6467 I BLASTBufferQueue: update, w= 101 h= 101 mName = ViewRootImpl@15d3d26[] mNativeObject= 0xb4000070e067ad80 sc.mNativeObject= 0xb4000070d7971060 format= -3 caller= android.view.ViewRootImpl.updateBlastSurfaceIfNeeded:2898 android.view.ViewRootImpl.relayoutWindow:9847 android.view.ViewRootImpl.performTraversals:3884 android.view.ViewRootImpl.doTraversal:3116 android.view.ViewRootImpl$TraversalRunnable.run:10885 android.view.Choreographer$CallbackRecord.run:1301
02-20 19:14:25.940 6467 6467 I ViewRootImpl@15d3d26[]: Relayout returned: old=(618,760,719,861) new=(618,760,719,861) req=(101,101)0 dur=12 res=0x0 s={true 0xb4000070d7ebc000} ch=false seqId=0
02-20 19:14:25.943 6467 6467 I ViewRootImpl@15d3d26[]: performTraversals params={(309,0)(101x101) sim={adjust=pan} ty=APPLICATION_OVERLAY fmt=TRANSLUCENT
02-20 19:14:25.943 6467 6467 I ViewRootImpl@15d3d26[]: fl=1000228
02-20 19:14:25.943 6467 6467 I ViewRootImpl@15d3d26[]: pfl=2000000
02-20 19:14:25.943 6467 6467 I ViewRootImpl@15d3d26[]: bhv=DEFAULT
02-20 19:14:25.943 6467 6467 I ViewRootImpl@15d3d26[]: fitTypes=STATUS_BARS NAVIGATION_BARS CAPTION_BAR naviIconColor=0}
02-20 19:14:25.948 6467 6467 I ViewRootImpl@15d3d26[]: performTraversals mFirst=false windowShouldResize=false viewVisibilityChanged=false mForceNextWindowRelayout=false params={(309,0)(101x101) sim={adjust=pan} ty=APPLICATION_OVERLAY fmt=TRANSLUCENT
02-20 19:14:25.948 6467 6467 I ViewRootImpl@15d3d26[]: fl=1000228
02-20 19:14:25.948 6467 6467 I ViewRootImpl@15d3d26[]: pfl=42000000
02-20 19:14:25.948 6467 6467 I ViewRootImpl@15d3d26[]: bhv=DEFAULT
02-20 19:14:25.948 6467 6467 I ViewRootImpl@15d3d26[]: fitTypes=STATUS_BARS NAVIGATION_BARS CAPTION_BAR naviIconColor=0}
02-20 19:14:25.959 6467 6467 I ViewRootImpl@15d3d26[]: updateBlastSurfaceIfNeeded mBlastBufferQueue=0xb4000070e067ad80 isSameSurfaceControl=true
02-20 19:14:25.959 6467 6467 I BLASTBufferQueue: update, w= 101 h= 101 mName = ViewRootImpl@15d3d26[] mNativeObject= 0xb4000070e067ad80 sc.mNativeObject= 0xb4000070defe47a0 format= -3 caller= android.view.ViewRootImpl.updateBlastSurfaceIfNeeded:2898 android.view.ViewRootImpl.relayoutWindow:9847 android.view.ViewRootImpl.performTraversals:3884 android.view.ViewRootImpl.doTraversal:3116 android.view.ViewRootImpl$TraversalRunnable.run:10885 android.view.Choreographer$CallbackRecord.run:1301
02-20 19:14:25.960 6467 6467 I ViewRootImpl@15d3d26[]: Relayout returned: old=(618,760,719,861) new=(618,760,719,861) req=(101,101)0 dur=11 res=0x0 s={true 0xb4000070d7ebc000} ch=false seqId=0
02-20 19:14:25.963 6467 6467 I ViewRootImpl@15d3d26[]: performTraversals params={(310,0)(101x101) sim={adjust=pan} ty=APPLICATION_OVERLAY fmt=TRANSLUCENT
02-20 19:14:25.963 6467 6467 I ViewRootImpl@15d3d26[]: fl=1000228
02-20 19:14:25.963 6467 6467 I ViewRootImpl@15d3d26[]: pfl=2000000
02-20 19:14:25.963 6467 6467 I ViewRootImpl@15d3d26[]: bhv=DEFAULT
02-20 19:14:25.963 6467 6467 I ViewRootImpl@15d3d26[]: fitTypes=STATUS_BARS NAVIGATION_BARS CAPTION_BAR naviIconColor=0}
02-20 19:14:25.965 6467 6467 I ViewRootImpl@15d3d26[]: performTraversals mFirst=false windowShouldResize=false viewVisibilityChanged=false mForceNextWindowRelayout=false params={(310,0)(101x101) sim={adjust=pan} ty=APPLICATION_OVERLAY fmt=TRANSLUCENT
02-20 19:14:25.965 6467 6467 I ViewRootImpl@15d3d26[]: fl=1000228
02-20 19:14:25.965 6467 6467 I ViewRootImpl@15d3d26[]: pfl=42000000
02-20 19:14:25.965 6467 6467 I ViewRootImpl@15d3d26[]: bhv=DEFAULT
02-20 19:14:25.965 6467 6467 I ViewRootImpl@15d3d26[]: fitTypes=STATUS_BARS NAVIGATION_BARS CAPTION_BAR naviIconColor=0}
02-20 19:14:25.977 6467 6467 I ViewRootImpl@15d3d26[]: updateBlastSurfaceIfNeeded mBlastBufferQueue=0xb4000070e067ad80 isSameSurfaceControl=true
02-20 19:14:25.977 6467 6467 I BLASTBufferQueue: update, w= 101 h= 101 mName = ViewRootImpl@15d3d26[] mNativeObject= 0xb4000070e067ad80 sc.mNativeObject= 0xb4000070cd057d00 format= -3 caller= android.view.ViewRootImpl.updateBlastSurfaceIfNeeded:2898 android.view.ViewRootImpl.relayoutWindow:9847 android.view.ViewRootImpl.performTraversals:3884 android.view.ViewRootImpl.doTraversal:3116 android.view.ViewRootImpl$TraversalRunnable.run:10885 android.view.Choreographer$CallbackRecord.run:1301
02-20 19:14:25.978 6467 6467 I ViewRootImpl@15d3d26[]: Relayout returned: old=(618,760,719,861) new=(619,760,720,861) req=(101,101)0 dur=11 res=0x0 s={true 0xb4000070d7ebc000} ch=false seqId=0
02-20 19:14:25.982 6467 6467 I ViewRootImpl@15d3d26[]: performTraversals params={(312,0)(101x101) sim={adjust=pan} ty=APPLICATION_OVERLAY fmt=TRANSLUCENT
02-20 19:14:25.982 6467 6467 I ViewRootImpl@15d3d26[]: fl=1000228
02-20 19:14:25.982 6467 6467 I ViewRootImpl@15d3d26[]: pfl=2000000
02-20 19:14:25.982 6467 6467 I ViewRootImpl@15d3d26[]: bhv=DEFAULT
02-20 19:14:25.982 6467 6467 I ViewRootImpl@15d3d26[]: fitTypes=STATUS_BARS NAVIGATION_BARS CAPTION_BAR naviIconColor=0}
02-20 19:14:25.983 6467 6467 I ViewRootImpl@15d3d26[]: performTraversals mFirst=false windowShouldResize=false viewVisibilityChanged=false mForceNextWindowRelayout=false params={(312,0)(101x101) sim={adjust=pan} ty=APPLICATION_OVERLAY fmt=TRANSLUCENT
02-20 19:14:25.983 6467 6467 I ViewRootImpl@15d3d26[]: fl=1000228
02-20 19:14:25.983 6467 6467 I ViewRootImpl@15d3d26[]: pfl=42000000
02-20 19:14:25.983 6467 6467 I ViewRootImpl@15d3d26[]: bhv=DEFAULT
02-20 19:14:25.983 6467 6467 I ViewRootImpl@15d3d26[]: fitTypes=STATUS_BARS NAVIGATION_BARS CAPTION_BAR naviIconColor=0}
02-20 19:14:25.995 6467 6467 I ViewRootImpl@15d3d26[]: updateBlastSurfaceIfNeeded mBlastBufferQueue=0xb4000070e067ad80 isSameSurfaceControl=true
02-20 19:14:25.995 6467 6467 I BLASTBufferQueue: update, w= 101 h= 101 mName = ViewRootImpl@15d3d26[] mNativeObject= 0xb4000070e067ad80 sc.mNativeObject= 0xb4000070deda0360 format= -3 caller= android.view.ViewRootImpl.updateBlastSurfaceIfNeeded:2898 android.view.ViewRootImpl.relayoutWindow:9847 android.view.ViewRootImpl.performTraversals:3884 android.view.ViewRootImpl.doTraversal:3116 android.view.ViewRootImpl$TraversalRunnable.run:10885 android.view.Choreographer$CallbackRecord.run:1301
02-20 19:14:25.996 6467 6467 I ViewRootImpl@15d3d26[]: Relayout returned: old=(619,760,720,861) new=(621,760,722,861) req=(101,101)0 dur=12 res=0x0 s={true 0xb4000070d7ebc000} ch=false seqId=0
02-20 19:14:25.999 6467 6467 I ViewRootImpl@15d3d26[]: performTraversals params={(314,0)(101x101) sim={adjust=pan} ty=APPLICATION_OVERLAY fmt=TRANSLUCENT
02-20 19:14:25.999 6467 6467 I ViewRootImpl@15d3d26[]: fl=1000228
02-20 19:14:25.999 6467 6467 I ViewRootImpl@15d3d26[]: pfl=2000000
02-20 19:14:25.999 6467 6467 I ViewRootImpl@15d3d26[]: bhv=DEFAULT
02-20 19:14:25.999 6467 6467 I ViewRootImpl@15d3d26[]: fitTypes=STATUS_BARS NAVIGATION_BARS CAPTION_BAR naviIconColor=0}
02-20 19:14:26.001 6467 6467 I ViewRootImpl@15d3d26[]: performTraversals mFirst=false windowShouldResize=false viewVisibilityChanged=false mForceNextWindowRelayout=false params={(314,0)(101x101) sim={adjust=pan} ty=APPLICATION_OVERLAY fmt=TRANSLUCENT
02-20 19:14:26.001 6467 6467 I ViewRootImpl@15d3d26[]: fl=1000228
02-20 19:14:26.001 6467 6467 I ViewRootImpl@15d3d26[]: pfl=42000000
02-20 19:14:26.001 6467 6467 I ViewRootImpl@15d3d26[]: bhv=DEFAULT
02-20 19:14:26.001 6467 6467 I ViewRootImpl@15d3d26[]: fitTypes=STATUS_BARS NAVIGATION_BARS CAPTION_BAR naviIconColor=0}
02-20 19:14:26.012 6467 6467 I ViewRootImpl@15d3d26[]: updateBlastSurfaceIfNeeded mBlastBufferQueue=0xb4000070e067ad80 isSameSurfaceControl=true
02-20 19:14:26.012 6467 6467 I BLASTBufferQueue: update, w= 101 h= 101 mName = ViewRootImpl@15d3d26[] mNativeObject= 0xb4000070e067ad80 sc.mNativeObject= 0xb4000070cd1bec80 format= -3 caller= android.view.ViewRootImpl.updateBlastSurfaceIfNeeded:2898 android.view.ViewRootImpl.relayoutWindow:9847 android.view.ViewRootImpl.performTraversals:3884 android.view.ViewRootImpl.doTraversal:3116 android.view.ViewRootImpl$TraversalRunnable.run:10885 android.view.Choreographer$CallbackRecord.run:1301
02-20 19:14:26.013 6467 6467 I ViewRootImpl@15d3d26[]: Relayout returned: old=(621,760,722,861) new=(623,760,724,861) req=(101,101)0 dur=11 res=0x0 s={true 0xb4000070d7ebc000} ch=false seqId=0
02-20 19:14:26.016 6467 6467 I ViewRootImpl@15d3d26[]: performTraversals params={(318,0)(101x101) sim={adjust=pan} ty=APPLICATION_OVERLAY fmt=TRANSLUCENT
02-20 19:14:26.016 6467 6467 I ViewRootImpl@15d3d26[]: fl=1000228
02-20 19:14:26.016 6467 6467 I ViewRootImpl@15d3d26[]: pfl=2000000
02-20 19:14:26.016 6467 6467 I ViewRootImpl@15d3d26[]: bhv=DEFAULT
02-20 19:14:26.016 6467 6467 I ViewRootImpl@15d3d26[]: fitTypes=STATUS_BARS NAVIGATION_BARS CAPTION_BAR naviIconColor=0}
02-20 19:14:26.017 6467 6467 I ViewRootImpl@15d3d26[]: performTraversals mFirst=false windowShouldResize=false viewVisibilityChanged=false mForceNextWindowRelayout=false params={(318,0)(101x101) sim={adjust=pan} ty=APPLICATION_OVERLAY fmt=TRANSLUCENT
02-20 19:14:26.017 6467 6467 I ViewRootImpl@15d3d26[]: fl=1000228
02-20 19:14:26.017 6467 6467 I ViewRootImpl@15d3d26[]: pfl=42000000
02-20 19:14:26.017 6467 6467 I ViewRootImpl@15d3d26[]: bhv=DEFAULT
02-20 19:14:26.017 6467 6467 I ViewRootImpl@15d3d26[]: fitTypes=STATUS_BARS NAVIGATION_BARS CAPTION_BAR naviIconColor=0}
02-20 19:14:26.027 6467 6467 I ViewRootImpl@15d3d26[]: updateBlastSurfaceIfNeeded mBlastBufferQueue=0xb4000070e067ad80 isSameSurfaceControl=true
02-20 19:14:26.027 6467 6467 I BLASTBufferQueue: update, w= 101 h= 101 mName = ViewRootImpl@15d3d26[] mNativeObject= 0xb4000070e067ad80 sc.mNativeObject= 0xb4000070defe4840 format= -3 caller= android.view.ViewRootImpl.updateBlastSurfaceIfNeeded:2898 android.view.ViewRootImpl.relayoutWindow:9847 android.view.ViewRootImpl.performTraversals:3884 android.view.ViewRootImpl.doTraversal:3116 android.view.ViewRootImpl$TraversalRunnable.run:10885 android.view.Choreographer$CallbackRecord.run:1301
02-20 19:14:26.028 6467 6467 I ViewRootImpl@15d3d26[]: Relayout returned: old=(623,760,724,861) new=(627,760,728,861) req=(101,101)0 dur=10 res=0x0 s={true 0xb4000070d7ebc000} ch=false seqId=0
02-20 19:14:26.030 6467 6467 I ViewRootImpl@15d3d26[]: performTraversals params={(321,0)(101x101) sim={adjust=pan} ty=APPLICATION_OVERLAY fmt=TRANSLUCENT
02-20 19:14:26.030 6467 6467 I ViewRootImpl@15d3d26[]: fl=1000228
02-20 19:14:26.030 6467 6467 I ViewRootImpl@15d3d26[]: pfl=2000000
02-20 19:14:26.030 6467 6467 I ViewRootImpl@15d3d26[]: bhv=DEFAULT
02-20 19:14:26.030 6467 6467 I ViewRootImpl@15d3d26[]: fitTypes=STATUS_BARS NAVIGATION_BARS CAPTION_BAR naviIconColor=0}
02-20 19:14:26.032 6467 6467 I ViewRootImpl@15d3d26[]: performTraversals mFirst=false windowShouldResize=false viewVisibilityChanged=false mForceNextWindowRelayout=false params={(321,0)(101x101) sim={adjust=pan} ty=APPLICATION_OVERLAY fmt=TRANSLUCENT
02-20 19:14:26.032 6467 6467 I ViewRootImpl@15d3d26[]: fl=1000228
02-20 19:14:26.032 6467 6467 I ViewRootImpl@15d3d26[]: pfl=42000000
02-20 19:14:26.032 6467 6467 I ViewRootImpl@15d3d26[]: bhv=DEFAULT
02-20 19:14:26.032 6467 6467 I ViewRootImpl@15d3d26[]: fitTypes=STATUS_BARS NAVIGATION_BARS CAPTION_BAR naviIconColor=0}
02-20 19:14:26.043 6467 6467 I ViewRootImpl@15d3d26[]: updateBlastSurfaceIfNeeded mBlastBufferQueue=0xb4000070e067ad80 isSameSurfaceControl=true
02-20 19:14:26.044 6467 6467 I BLASTBufferQueue: update, w= 101 h= 101 mName = ViewRootImpl@15d3d26[] mNativeObject= 0xb4000070e067ad80 sc.mNativeObject= 0xb4000070cd1c1520 format= -3 caller= android.view.ViewRootImpl.updateBlastSurfaceIfNeeded:2898 android.view.ViewRootImpl.relayoutWindow:9847 android.view.ViewRootImpl.performTraversals:3884 android.view.ViewRootImpl.doTraversal:3116 android.view.ViewRootImpl$TraversalRunnable.run:10885 android.view.Choreographer$CallbackRecord.run:1301
02-20 19:14:26.044 6467 6467 I ViewRootImpl@15d3d26[]: Relayout returned: old=(627,760,728,861) new=(630,760,731,861) req=(101,101)0 dur=11 res=0x0 s={true 0xb4000070d7ebc000} ch=false seqId=0
02-20 19:14:26.048 6467 6467 I ViewRootImpl@15d3d26[]: performTraversals params={(325,0)(101x101) sim={adjust=pan} ty=APPLICATION_OVERLAY fmt=TRANSLUCENT
02-20 19:14:26.048 6467 6467 I ViewRootImpl@15d3d26[]: fl=1000228
02-20 19:14:26.048 6467 6467 I ViewRootImpl@15d3d26[]: pfl=2000000
02-20 19:14:26.048 6467 6467 I ViewRootImpl@15d3d26[]: bhv=DEFAULT
02-20 19:14:26.048 6467 6467 I ViewRootImpl@15d3d26[]: fitTypes=STATUS_BARS NAVIGATION_BARS CAPTION_BAR naviIconColor=0}
02-20 19:14:26.051 6467 6467 I ViewRootImpl@15d3d26[]: performTraversals mFirst=false windowShouldResize=false viewVisibilityChanged=false mForceNextWindowRelayout=false params={(325,0)(101x101) sim={adjust=pan} ty=APPLICATION_OVERLAY fmt=TRANSLUCENT
02-20 19:14:26.051 6467 6467 I ViewRootImpl@15d3d26[]: fl=1000228
02-20 19:14:26.051 6467 6467 I ViewRootImpl@15d3d26[]: pfl=42000000
02-20 19:14:26.051 6467 6467 I ViewRootImpl@15d3d26[]: bhv=DEFAULT
02-20 19:14:26.051 6467 6467 I ViewRootImpl@15d3d26[]: fitTypes=STATUS_BARS NAVIGATION_BARS CAPTION_BAR naviIconColor=0}
02-20 19:14:26.060 6467 6467 I ViewRootImpl@15d3d26[]: updateBlastSurfaceIfNeeded mBlastBufferQueue=0xb4000070e067ad80 isSameSurfaceControl=true
02-20 19:14:26.060 6467 6467 I BLASTBufferQueue: update, w= 101 h= 101 mName = ViewRootImpl@15d3d26[] mNativeObject= 0xb4000070e067ad80 sc.mNativeObject= 0xb4000070d7971b00 format= -3 caller= android.view.ViewRootImpl.updateBlastSurfaceIfNeeded:2898 android.view.ViewRootImpl.relayoutWindow:9847 android.view.ViewRootImpl.performTraversals:3884 android.view.ViewRootImpl.doTraversal:3116 android.view.ViewRootImpl$TraversalRunnable.run:10885 android.view.Choreographer$CallbackRecord.run:1301
02-20 19:14:26.061 6467 6467 I ViewRootImpl@15d3d26[]: Relayout returned: old=(630,760,731,861) new=(634,760,735,861) req=(101,101)0 dur=9 res=0x0 s={true 0xb4000070d7ebc000} ch=false seqId=0
02-20 19:14:26.063 6467 6467 I ViewRootImpl@15d3d26[]: performTraversals params={(329,0)(101x101) sim={adjust=pan} ty=APPLICATION_OVERLAY fmt=TRANSLUCENT
02-20 19:14:26.063 6467 6467 I ViewRootImpl@15d3d26[]: fl=1000228
02-20 19:14:26.063 6467 6467 I ViewRootImpl@15d3d26[]: pfl=2000000
02-20 19:14:26.063 6467 6467 I ViewRootImpl@15d3d26[]: bhv=DEFAULT
02-20 19:14:26.063 6467 6467 I ViewRootImpl@15d3d26[]: fitTypes=STATUS_BARS NAVIGATION_BARS CAPTION_BAR naviIconColor=0}
02-20 19:14:26.064 6467 6467 I ViewRootImpl@15d3d26[]: performTraversals mFirst=false windowShouldResize=false viewVisibilityChanged=false mForceNextWindowRelayout=false params={(329,0)(101x101) sim={adjust=pan} ty=APPLICATION_OVERLAY fmt=TRANSLUCENT
02-20 19:14:26.064 6467 6467 I ViewRootImpl@15d3d26[]: fl=1000228
02-20 19:14:26.064 6467 6467 I ViewRootImpl@15d3d26[]: pfl=42000000
02-20 19:14:26.064 6467 6467 I ViewRootImpl@15d3d26[]: bhv=DEFAULT
02-20 19:14:26.064 6467 6467 I ViewRootImpl@15d3d26[]: fitTypes=STATUS_BARS NAVIGATION_BARS CAPTION_BAR naviIconColor=0}
02-20 19:14:26.075 6467 6467 I ViewRootImpl@15d3d26[]: updateBlastSurfaceIfNeeded mBlastBufferQueue=0xb4000070e067ad80 isSameSurfaceControl=true
02-20 19:14:26.076 6467 6467 I BLASTBufferQueue: update, w= 101 h= 101 mName = ViewRootImpl@15d3d26[] mNativeObject= 0xb4000070e067ad80 sc.mNativeObject= 0xb40000716cf5f440 format= -3 caller= android.view.ViewRootImpl.updateBlastSurfaceIfNeeded:2898 android.view.ViewRootImpl.relayoutWindow:9847 android.view.ViewRootImpl.performTraversals:3884 android.view.ViewRootImpl.doTraversal:3116 android.view.ViewRootImpl$TraversalRunnable.run:10885 android.view.Choreographer$CallbackRecord.run:1301
02-20 19:14:26.077 6467 6467 I ViewRootImpl@15d3d26[]: Relayout returned: old=(634,760,735,861) new=(638,760,739,861) req=(101,101)0 dur=10 res=0x0 s={true 0xb4000070d7ebc000} ch=false seqId=0
02-20 19:14:26.081 6467 6467 I ViewRootImpl@15d3d26[]: performTraversals params={(334,0)(101x101) sim={adjust=pan} ty=APPLICATION_OVERLAY fmt=TRANSLUCENT
02-20 19:14:26.081 6467 6467 I ViewRootImpl@15d3d26[]: fl=1000228
02-20 19:14:26.081 6467 6467 I ViewRootImpl@15d3d26[]: pfl=2000000
02-20 19:14:26.081 6467 6467 I ViewRootImpl@15d3d26[]: bhv=DEFAULT
02-20 19:14:26.081 6467 6467 I ViewRootImpl@15d3d26[]: fitTypes=STATUS_BARS NAVIGATION_BARS CAPTION_BAR naviIconColor=0}
02-20 19:14:26.085 6467 6467 I ViewRootImpl@15d3d26[]: performTraversals mFirst=false windowShouldResize=false viewVisibilityChanged=false mForceNextWindowRelayout=false params={(334,0)(101x101) sim={adjust=pan} ty=APPLICATION_OVERLAY fmt=TRANSLUCENT
02-20 19:14:26.085 6467 6467 I ViewRootImpl@15d3d26[]: fl=1000228
02-20 19:14:26.085 6467 6467 I ViewRootImpl@15d3d26[]: pfl=42000000
02-20 19:14:26.085 6467 6467 I ViewRootImpl@15d3d26[]: bhv=DEFAULT
02-20 19:14:26.085 6467 6467 I ViewRootImpl@15d3d26[]: fitTypes=STATUS_BARS NAVIGATION_BARS CAPTION_BAR naviIconColor=0}
02-20 19:14:26.095 6467 6467 I ViewRootImpl@15d3d26[]: updateBlastSurfaceIfNeeded mBlastBufferQueue=0xb4000070e067ad80 isSameSurfaceControl=true
02-20 19:14:26.096 6467 6467 I BLASTBufferQueue: update, w= 101 h= 101 mName = ViewRootImpl@15d3d26[] mNativeObject= 0xb4000070e067ad80 sc.mNativeObject= 0xb40000716cf60200 format= -3 caller= android.view.ViewRootImpl.updateBlastSurfaceIfNeeded:2898 android.view.ViewRootImpl.relayoutWindow:9847 android.view.ViewRootImpl.performTraversals:3884 android.view.ViewRootImpl.doTraversal:3116 android.view.ViewRootImpl$TraversalRunnable.run:10885 android.view.Choreographer$CallbackRecord.run:1301
02-20 19:14:26.096 6467 6467 I ViewRootImpl@15d3d26[]: Relayout returned: old=(638,760,739,861) new=(643,760,744,861) req=(101,101)0 dur=10 res=0x0 s={true 0xb4000070d7ebc000} ch=false seqId=0
02-20 19:14:26.104 6467 6467 I ViewRootImpl@15d3d26[]: performTraversals params={(339,0)(101x101) sim={adjust=pan} ty=APPLICATION_OVERLAY fmt=TRANSLUCENT
02-20 19:14:26.104 6467 6467 I ViewRootImpl@15d3d26[]: fl=1000228
02-20 19:14:26.104 6467 6467 I ViewRootImpl@15d3d26[]: pfl=2000000
02-20 19:14:26.104 6467 6467 I ViewRootImpl@15d3d26[]: bhv=DEFAULT
02-20 19:14:26.104 6467 6467 I ViewRootImpl@15d3d26[]: fitTypes=STATUS_BARS NAVIGATION_BARS CAPTION_BAR naviIconColor=0}
02-20 19:14:26.107 6467 6467 I ViewRootImpl@15d3d26[]: performTraversals mFirst=false windowShouldResize=false viewVisibilityChanged=false mForceNextWindowRelayout=false params={(339,0)(101x101) sim={adjust=pan} ty=APPLICATION_OVERLAY fmt=TRANSLUCENT
02-20 19:14:26.107 6467 6467 I ViewRootImpl@15d3d26[]: fl=1000228
02-20 19:14:26.107 6467 6467 I ViewRootImpl@15d3d26[]: pfl=42000000
02-20 19:14:26.107 6467 6467 I ViewRootImpl@15d3d26[]: bhv=DEFAULT
02-20 19:14:26.107 6467 6467 I ViewRootImpl@15d3d26[]: fitTypes=STATUS_BARS NAVIGATION_BARS CAPTION_BAR naviIconColor=0}
02-20 19:14:26.107 6467 6533 E IMGMapper: set:488 set: Unset optional value from type SMPTE2086
02-20 19:14:26.108 6467 6533 E IMGMapper: set:488 set: Unset optional value from type CTA861_3
02-20 19:14:26.117 6467 6467 I ViewRootImpl@15d3d26[]: updateBlastSurfaceIfNeeded mBlastBufferQueue=0xb4000070e067ad80 isSameSurfaceControl=true
02-20 19:14:26.117 6467 6467 I BLASTBufferQueue: update, w= 101 h= 101 mName = ViewRootImpl@15d3d26[] mNativeObject= 0xb4000070e067ad80 sc.mNativeObject= 0xb40000716cf60f20 format= -3 caller= android.view.ViewRootImpl.updateBlastSurfaceIfNeeded:2898 android.view.ViewRootImpl.relayoutWindow:9847 android.view.ViewRootImpl.performTraversals:3884 android.view.ViewRootImpl.doTraversal:3116 android.view.ViewRootImpl$TraversalRunnable.run:10885 android.view.Choreographer$CallbackRecord.run:1301
02-20 19:14:26.118 6467 6467 I ViewRootImpl@15d3d26[]: Relayout returned: old=(643,760,744,861) new=(648,760,749,861) req=(101,101)0 dur=10 res=0x0 s={true 0xb4000070d7ebc000} ch=false seqId=0
02-20 19:14:26.121 6467 6467 I ViewRootImpl@15d3d26[]: performTraversals params={(343,0)(101x101) sim={adjust=pan} ty=APPLICATION_OVERLAY fmt=TRANSLUCENT
02-20 19:14:26.121 6467 6467 I ViewRootImpl@15d3d26[]: fl=1000228
02-20 19:14:26.121 6467 6467 I ViewRootImpl@15d3d26[]: pfl=2000000
02-20 19:14:26.121 6467 6467 I ViewRootImpl@15d3d26[]: bhv=DEFAULT
02-20 19:14:26.121 6467 6467 I ViewRootImpl@15d3d26[]: fitTypes=STATUS_BARS NAVIGATION_BARS CAPTION_BAR naviIconColor=0}
02-20 19:14:26.123 6467 6467 I ViewRootImpl@15d3d26[]: performTraversals mFirst=false windowShouldResize=false viewVisibilityChanged=false mForceNextWindowRelayout=false params={(343,0)(101x101) sim={adjust=pan} ty=APPLICATION_OVERLAY fmt=TRANSLUCENT
02-20 19:14:26.123 6467 6467 I ViewRootImpl@15d3d26[]: fl=1000228
02-20 19:14:26.123 6467 6467 I ViewRootImpl@15d3d26[]: pfl=42000000
02-20 19:14:26.123 6467 6467 I ViewRootImpl@15d3d26[]: bhv=DEFAULT
02-20 19:14:26.123 6467 6467 I ViewRootImpl@15d3d26[]: fitTypes=STATUS_BARS NAVIGATION_BARS CAPTION_BAR naviIconColor=0}
02-20 19:14:26.135 6467 6467 I ViewRootImpl@15d3d26[]: updateBlastSurfaceIfNeeded mBlastBufferQueue=0xb4000070e067ad80 isSameSurfaceControl=true
02-20 19:14:26.136 6467 6467 I BLASTBufferQueue: update, w= 101 h= 101 mName = ViewRootImpl@15d3d26[] mNativeObject= 0xb4000070e067ad80 sc.mNativeObject= 0xb40000716cf61240 format= -3 caller= android.view.ViewRootImpl.updateBlastSurfaceIfNeeded:2898 android.view.ViewRootImpl.relayoutWindow:9847 android.view.ViewRootImpl.performTraversals:3884 android.view.ViewRootImpl.doTraversal:3116 android.view.ViewRootImpl$TraversalRunnable.run:10885 android.view.Choreographer$CallbackRecord.run:1301
02-20 19:14:26.136 6467 6467 I ViewRootImpl@15d3d26[]: Relayout returned: old=(648,760,749,861) new=(652,760,753,861) req=(101,101)0 dur=12 res=0x0 s={true 0xb4000070d7ebc000} ch=false seqId=0
02-20 19:14:26.140 6467 6467 I ViewRootImpl@15d3d26[]: performTraversals params={(347,0)(101x101) sim={adjust=pan} ty=APPLICATION_OVERLAY fmt=TRANSLUCENT
02-20 19:14:26.140 6467 6467 I ViewRootImpl@15d3d26[]: fl=1000228
