02-20 19:14:20.442 7283 7283 D Pine : handleCall for method public android.os.Parcelable android.os.Bundle.getParcelable(java.lang.String)
02-20 19:14:20.446 7283 7283 E BlackManager: startActivityAms: top.niunaijun.blackbox.core.system.am.IBActivityManagerService$Stub$Proxy@e1900b4 null android.os.BinderProxy@5cea307 null -1 0
02-20 19:14:20.446 7258 7273 E BActivityManagerService: startActivityAms1111111:
02-20 19:14:20.452 7258 7273 D ActivityStack: startActivityLocked : ActivityInfo{423472a com.whatsapp.registration.EULA}
02-20 19:14:20.482 7258 7273 D ActivityStack: ActivityInfo{423472a com.whatsapp.registration.EULA}, windowIsTranslucent: false
02-20 19:14:20.484 7258 7273 D ActivityManagerStub: call11 hashCode
02-20 19:14:20.484 7258 7273 D ActivityManagerStub: call11 hashCode
02-20 19:14:20.485 7258 7273 D ActivityManagerStub: call11 startActivity
02-20 19:14:20.505 7283 7283 D IActivityClientProxy: call finishActivityAffinity
02-20 19:14:20.516 7283 7283 D IActivityClientProxy: call reportSizeConfigurations
02-20 19:14:20.516 7283 7283 D IActivityClientProxy: call activityResumed
02-20 19:14:20.520 7258 7273 D ActivityStack: onActivityResumed : ComponentInfo{com.whatsapp/com.whatsapp.Main}
02-20 19:14:20.522 7283 7283 W FA : Service connection failed: ConnectionResult{statusCode=SERVICE_INVALID, resolution=null, message=null}
02-20 19:14:20.523 7283 7324 E FA : Discarding data. Failed to send app launch
02-20 19:14:20.523 7283 7283 D ActivityManagerStub: call11 removeContentProvider
02-20 19:14:20.523 7283 7324 E FA : Failed to get app instance id
02-20 19:14:20.524 7283 7324 E FA : Failed to send default event parameters to service
02-20 19:14:20.525 7283 7283 D ActivityManagerStub: call11 registerReceiverWithFeature
02-20 19:14:20.532 7283 7283 I [LiveEventBus]: observe sticky forever observer: com.jeremyliao.liveeventbus.core.LiveEventBusCore$ObserverWrapper@353b7b2(d.c.d.r.k .d@1c185bd) with key: class com.lightcone.beautycam.viewmodel.event.SelectedFilterEvent
02-20 19:14:20.532 7283 7283 I [LiveEventBus]: observe sticky forever observer: com.jeremyliao.liveeventbus.core.LiveEventBusCore$ObserverWrapper@578280(d.c.d.r.k. h@249a303) with key: class com.lightcone.beautycam.viewmodel.event.DisableRenderEvent
02-20 19:14:20.532 7283 7283 I [LiveEventBus]: observe sticky forever observer: com.jeremyliao.liveeventbus.core.LiveEventBusCore$ObserverWrapper@1419cfe(d.c.d.r.k .l@e05c0b9) with key: class com.lightcone.beautycam.viewmodel.event.SelectedEffectEvent
02-20 19:14:20.532 7283 7283 I [LiveEventBus]: observe sticky forever observer: com.jeremyliao.liveeventbus.core.LiveEventBusCore$ObserverWrapper@4f246ac(d.c.d.r.k .k@1396c5f) with key: class com.lightcone.beautycam.viewmodel.event.FilterIntensityUpdateEvent
02-20 19:14:20.532 7283 7283 I [LiveEventBus]: observe sticky forever observer: com.jeremyliao.liveeventbus.core.LiveEventBusCore$ObserverWrapper@a968b0a(d.c.d.r.k .j@1b8af75) with key: class com.lightcone.beautycam.viewmodel.event.ShapeModeUpdateEvent
02-20 19:14:20.532 7283 7283 I [LiveEventBus]: observe sticky forever observer: com.jeremyliao.liveeventbus.core.LiveEventBusCore$ObserverWrapper@b932198(d.c.d.r.k .f@4326f7b) with key: class com.lightcone.beautycam.viewmodel.event.ShapeIntensityUpdateEvent
02-20 19:14:20.532 7283 7283 I [LiveEventBus]: observe sticky forever observer: com.jeremyliao.liveeventbus.core.LiveEventBusCore$ObserverWrapper@79a4dd6(d.c.d.r.k .c@571cdf1) with key: class com.lightcone.beautycam.viewmodel.event.BeautyIntensityUpdateEvent
02-20 19:14:20.532 7283 7283 I [LiveEventBus]: observe sticky forever observer: com.jeremyliao.liveeventbus.core.LiveEventBusCore$ObserverWrapper@264bf44(d.c.d.r.k .a@9ee8857) with key: class com.lightcone.beautycam.viewmodel.event.EffectIntensityUpdateEvent
02-20 19:14:20.533 7283 7283 D IActivityClientProxy: call activityTopResumedStateLost
02-20 19:14:20.535 7283 7283 D IActivityClientProxy: call activityPaused
02-20 19:14:20.548 7283 7322 I MMKV : <native-bridge.cpp:103::JNI_OnLoad> current API level = 33
02-20 19:14:20.548 7283 7322 I MMKV : <MMKV.cpp:156::initialize> version v1.2.7 page size:4096
02-20 19:14:20.548 7283 7322 I MMKV : <MMKV.cpp:167::initialize> armv8 AES instructions is supported
02-20 19:14:20.548 7283 7322 I MMKV : <MMKV.cpp:175::initialize> armv8 CRC32 instructions is supported
02-20 19:14:20.548 7283 7322 I MMKV : <MMKV.cpp:198::initializeMMKV> root dir: /data/user/0/com.accarunit.beauty.camera.videocall/files/mmkv
02-20 19:14:20.551 7283 7322 I MMKV : <MMKV_IO.cpp:81::loadFromFile> loading [config_version] with 62 actual size, file size 4096, InterProcess 0, meta info version:3
02-20 19:14:20.551 7283 7322 I MMKV : <MMKV_IO.cpp:86::loadFromFile> loading [config_version] with crc 1583908298 sequence 1 version 3
02-20 19:14:20.551 7283 7283 I Pine : handleBridge: artMethod=0x712bf4c0 originExtras=0xb4000071765e2500 extras=0xb40000716cf51260 sp=0x7ff6d19c20
02-20 19:14:20.551 7283 7283 D Pine : handleCall for method public android.os.Parcelable android.os.Bundle.getParcelable(java.lang.String)
02-20 19:14:20.552 7283 7322 I MMKV : <MMKV_IO.cpp:130::loadFromFile> loaded [config_version] with 3 key-values
02-20 19:14:20.552 7283 7283 I Pine : handleBridge: artMethod=0x712bf4c0 originExtras=0xb4000071765e2500 extras=0xb40000716cf51260 sp=0x7ff6d19c20
02-20 19:14:20.552 7283 7283 D Pine : handleCall for method public android.os.Parcelable android.os.Bundle.getParcelable(java.lang.String)
02-20 19:14:20.553 7283 7283 D ActivityManagerStub: call11 hashCode
02-20 19:14:20.553 7283 7283 D ActivityManagerStub: call11 getTaskForActivity
02-20 19:14:20.563 7283 7283 D IActivityClientProxy: call getDisplayId
02-20 19:14:20.564 7283 7283 I Pine : handleBridge: artMethod=0x7116d018 originExtras=0xb4000071765e2200 extras=0xb40000716cf51260 sp=0x7ff6d19900
02-20 19:14:20.564 7283 7283 D Pine : handleCall for method public java.lang.String android.app.ContextImpl.getOpPackageName()
02-20 19:14:20.567 7283 7391 D OpenGLRenderer: RenderThread::requireGlContext()
02-20 19:14:20.567 7283 7391 D libMEOW : meow new tls: 0xb4000070cddffcc0
02-20 19:14:20.567 7283 7391 D libMEOW : applied 2 plugins for [com.whatsapp]:
02-20 19:14:20.567 7283 7391 D libMEOW : plugin 1: [libMEOW_gift.so]:
02-20 19:14:20.567 7283 7391 D libMEOW : plugin 2: [libMEOW_semaphore]:
02-20 19:14:20.572 7283 7283 I Pine : handleBridge: artMethod=0x7116d018 originExtras=0xb4000071765e2200 extras=0xb40000716cf51260 sp=0x7ff6d194e0
02-20 19:14:20.573 7283 7283 D Pine : handleCall for method public java.lang.String android.app.ContextImpl.getOpPackageName()
02-20 19:14:20.575 7283 7283 I Pine : handleBridge: artMethod=0x7116d018 originExtras=0xb4000071765e2200 extras=0xb40000716cf51260 sp=0x7ff6d19400
02-20 19:14:20.575 7283 7283 D Pine : handleCall for method public java.lang.String android.app.ContextImpl.getOpPackageName()
02-20 19:14:20.578 7283 7283 D IActivityClientProxy: call setTaskDescription
02-20 19:14:20.586 7283 7391 D OpenGLRenderer: RenderThread::setGrContext()
02-20 19:14:20.592 7283 7283 D IActivityClientProxy: call getTaskForActivity
02-20 19:14:20.607 7283 7283 D IActivityClientProxy: call setTaskDescription
02-20 19:14:20.609 7283 7283 D IActivityClientProxy: call setRequestedOrientation
02-20 19:14:20.610 7283 7283 I Pine : handleBridge: artMethod=0x9ee5f4a0 originExtras=0xb4000071765e22c0 extras=0xb40000716cf51260 sp=0x7ff6d19a70
02-20 19:14:20.610 7283 7283 D Pine : handleCall for method public void top.niunaijun.blackbox.fake.delegate.BaseInstrumentationDelegate.callActivityOnCrea te(android.app.Activity,android.os.Bundle)
02-20 19:14:20.611 7283 7283 I Pine : handleBridge: artMethod=0x7116d018 originExtras=0xb4000071765e2200 extras=0xb40000716cf51260 sp=0x7ff6d187a0
02-20 19:14:20.611 7283 7283 D Pine : handleCall for method public java.lang.String android.app.ContextImpl.getOpPackageName()
02-20 19:14:20.615 7283 7283 I DecorView: [INFO] isPopOver=false config=true
02-20 19:14:20.615 7283 7283 I DecorView: updateCaptionType: isFloating=false isApplication=true hasWindowDecorCaption=false this=DecorView@d902658[]
02-20 19:14:20.615 7283 7283 D DecorView: setCaptionType = 0, this = DecorView@d902658[]
02-20 19:14:20.617 7283 7283 I DecorView: getCurrentDensityDpi: from real metrics. densityDpi=300 msg=resources_loaded
02-20 19:14:20.617 7283 7283 I DecorView: setWindowBackground: isPopOver=false color=ffffffff d=android.graphics.drawable.ColorDrawable@ebcc096
02-20 19:14:20.620 7283 7283 I Pine : handleBridge: artMethod=0x712bf4c0 originExtras=0xb4000071765e2500 extras=0xb40000716cf51260 sp=0x7ff6d183b0
02-20 19:14:20.620 7283 7283 D Pine : handleCall for method public android.os.Parcelable android.os.Bundle.getParcelable(java.lang.String)
02-20 19:14:20.620 7283 7283 I Pine : handleBridge: artMethod=0x712bf4c0 originExtras=0xb4000071765e2500 extras=0xb40000716cf51260 sp=0x7ff6d183b0
02-20 19:14:20.620 7283 7283 D Pine : handleCall for method public android.os.Parcelable android.os.Bundle.getParcelable(java.lang.String)
02-20 19:14:20.621 7283 7283 I Pine : handleBridge: artMethod=0x712bf4c0 originExtras=0xb4000071765e2500 extras=0xb40000716cf51260 sp=0x7ff6d183b0
02-20 19:14:20.621 7283 7283 D Pine : handleCall for method public android.os.Parcelable android.os.Bundle.getParcelable(java.lang.String)
02-20 19:14:20.648 7283 7283 D ActivityManagerStub: call11 registerReceiverWithFeature
02-20 19:14:20.682 7283 7283 D IActivityClientProxy: call setRecentsScreenshotEnabled
02-20 19:14:20.683 7283 7283 D ActivityManagerStub: call11 broadcastIntentWithFeature
02-20 19:14:20.689 7258 7258 D ActivityManagerStub: call11 finishReceiver
02-20 19:14:20.690 7258 7258 D BActivityManagerService: scheduleBroadcastReceiver empty
02-20 19:14:20.740 7283 7283 I Pine : handleBridge: artMethod=0x7116d018 originExtras=0xb4000071765e2200 extras=0xb40000716cf519e0 sp=0x7ff6d17d20
02-20 19:14:20.741 7283 7283 D Pine : handleCall for method public java.lang.String android.app.ContextImpl.getOpPackageName()
02-20 19:14:20.743 7283 7283 I Pine : handleBridge: artMethod=0x7116d018 originExtras=0xb4000071765e2200 extras=0xb40000716cf519e0 sp=0x7ff6d17d20
02-20 19:14:20.743 7283 7283 D Pine : handleCall for method public java.lang.String android.app.ContextImpl.getOpPackageName()
02-20 19:14:20.744 7283 7283 D CompatibilityChangeReporter: Compat change id reported: 210923482; UID 10001; state: DISABLED
02-20 19:14:20.744 7283 7283 D CompatibilityChangeReporter: Compat change id reported: 37756858; UID 10001; state: ENABLED
02-20 19:14:20.755 7283 7283 I Pine : handleBridge: artMethod=0x7116d018 originExtras=0xb4000071765e2200 extras=0xb40000716cf519e0 sp=0x7ff6d17d20
02-20 19:14:20.755 7283 7283 D Pine : handleCall for method public java.lang.String android.app.ContextImpl.getOpPackageName()
02-20 19:14:20.765 7283 7283 D CompatibilityChangeReporter: Compat change id reported: 171228096; UID 10001; state: ENABLED
02-20 19:14:20.796 7283 7283 I AppCompatViewInflater: app:theme is now deprecated. Please move to using android:theme instead.
02-20 19:14:20.844 7283 7283 D IActivityClientProxy: call reportSizeConfigurations
02-20 19:14:20.847 7283 7283 I Pine : handleBridge: artMethod=0x7116d018 originExtras=0xb4000071765e2200 extras=0xb40000716cf51680 sp=0x7ff6d18a00
02-20 19:14:20.847 7283 7283 D Pine : handleCall for method public java.lang.String android.app.ContextImpl.getOpPackageName()
02-20 19:14:20.847 7283 7283 D ActivityManagerStub: call11 startService
02-20 19:14:20.847 7283 7283 E BlackManager: resolveService:
02-20 19:14:20.856 7258 7393 D ActivityManagerStub: call11 startService
02-20 19:14:20.866 7283 7283 D ActivityManagerStub: call11 broadcastIntentWithFeature
02-20 19:14:20.874 7283 7283 I Pine : handleBridge: artMethod=0x71557a80 originExtras=0xb4000071765e2260 extras=0xb40000716cf51680 sp=0x7ff6d19530
02-20 19:14:20.875 7283 7283 D Pine : handleCall for method protected void android.app.Activity.onResume()
02-20 19:14:20.879 7283 7322 I MMKV : <MMKV_IO.cpp:81::loadFromFile> loading [debug_state] with 0 actual size, file size 4096, InterProcess 0, meta info version:1
02-20 19:14:20.880 7283 7322 I MMKV : <MMKV_IO.cpp:130::loadFromFile> loaded [debug_state] with 0 key-values
02-20 19:14:20.888 6467 6467 D CircleBeautyFloatingWin: onStartCommand: 创建悬浮窗
02-20 19:14:20.899 6467 6533 D NativeCustomFrequencyManager: [NativeCFMS] BpCustomFrequencyManager::BpCustomFrequencyManager()
02-20 19:14:20.913 6467 6467 D InsetsController: onStateChanged: InsetsState: {mDisplayFrame=Rect(0, 0 - 720, 1600), mDisplayCutout=DisplayCutout{insets=Rect(0, 45 - 0, 0) waterfall=Insets{left=0, top=0, right=0, bottom=0} boundingRect={Bounds=[Rect(0, 0 - 0, 0), Rect(272, 0 - 448, 45), Rect(0, 0 - 0, 0), Rect(0, 0 - 0, 0)]} cutoutPathParserInfo={CutoutPathParserInfo{displayWidth=720 displayHeight=1600 physicalDisplayWidth=720 physicalDisplayHeight=1600 density={1.875} cutoutSpec={M 0,0 H -46.93333333333333 V 24 H 46.93333333333333 V 0 H 0 Z @dp} rotation={0} scale={1.0} physicalPixelDisplaySizeRatio={1.0}}}}, mRoundedCorners=RoundedCorners{[RoundedCorner{position=TopLeft, radius=60, center=Point(60, 60)}, RoundedCorner{position=TopRight, radius=60, center=Point(660, 60)}, RoundedCorner{position=BottomRight, radius=60, center=Point(660, 1540)}, RoundedCorner{position=BottomLeft, radius=60, center=Point(60, 1540)}]} mRoundedCornerFrame=Rect(0, 0 - 0, 0), mPrivacyIndicatorBounds=PrivacyIndicatorBounds {static bounds=Rect(637, 0 - 720, 49) rotation=0}, mSources= { InsetsSource: {mType=ITYPE_STATUS_BAR, mFrame=[0,0] [720,49], mVisible=true, mInsetsRoundedCornerFrame=false}, InsetsSource: {mType=ITYPE_NAVIGATION_BAR, mFrame=[0,1572][720,1600], mVisible=true, mInsetsRoundedCornerFrame=false}, InsetsSource: {mType=ITYPE_LEFT_GESTURES, mFrame=[0,0][56,1600], mVisible=true, mInsetsRoundedCornerFrame=false}, InsetsSource: {mType=ITYPE_RIGHT_GESTURES, mFrame=[664,0][720,1600], mVisible=true, mInsetsRoundedCornerFrame=false}, InsetsSource: {mType=ITYPE_TOP_MANDATORY_GESTURES, mFrame=[0,0][720,68], mVisible=true, mInsetsRoundedCornerFrame=false}, InsetsSource: {mType=ITYPE_BOTTOM_MANDATORY_GESTURES, mFrame=[0,1540][720,1600], mVisible=true, mInsetsRoundedCornerFrame=false}, InsetsSource: {mType=ITYPE_LEFT_DISPLAY_CUTOUT, mFrame=[0,0][-100000,1600], mVisible=true, mInsetsRoundedCornerFrame=false}, InsetsSource: {mType=ITYPE_TOP_DISPLAY_CUTOUT, mFrame=[0,0][720,45], mVisible=true, mInsetsRoundedCornerFrame=false}, InsetsSource: {mType=ITYPE_RIGHT_DISPLAY_CUTOUT, mFrame=[100000,0][720,1600], mVisible=true, mInsetsRoundedCornerFrame=false}, InsetsSource: {mType=ITYPE_BOTTOM_DISPLAY_CUTOUT, mFrame=[0,100000][720,1600], mVisible=true, mInsetsRoundedCornerFrame=false}, InsetsSource: {mType=ITYPE_TOP_TAPPABLE_ELEMENT, mFrame=[0,0][720,49], mVisible=true, mInsetsRoundedCornerFrame=false}, InsetsSource: {mType=ITYPE_BOTTOM_TAPPABLE_ELEMENT, mFrame=[0,0][0,0], mVisible=true, mInsetsRoundedCornerFrame=false} } host= from=android.view.ViewRootImpl.setView:1732
02-20 19:14:20.916 6467 6467 I ViewRootImpl@15d3d26[]: setView = android.widget.FrameLayout@1d005b2 TM=true
02-20 19:14:20.917 6467 6467 I [LiveEventBus]: observe forever observer: com.jeremyliao.liveeventbus.core.LiveEventBusCore$ObserverWrapper@b30e6b9(d.c.d.q.o @43f8080) with key: class com.lightcone.beautycam.viewmodel.event.HideAdjustPanelViewAnimFinishEvent
02-20 19:14:20.918 6467 6467 D CircleBeautyFloatingWin: onStartCommand , 1
02-20 19:14:20.919 6467 6467 D DeleteFloating: onStartCommand: 创建悬浮窗
02-20 19:14:20.928 6467 6533 D NativeCustomFrequencyManager: [NativeCFMS] BpCustomFrequencyManager::BpCustomFrequencyManager()
02-20 19:14:20.928 7283 7283 I MSHandlerLifeCycle: check: return. pkg=com.whatsapp parent=null callers=com.android.internal.policy.DecorView.setVisibility:4411 android.app.ActivityThread.handleResumeActivity:5476 android.app.servertransaction.ResumeActivityItem.execute:54 android.app.servertransaction.ActivityTransactionItem.execute:45 android.app.servertransaction.TransactionExecutor.executeLifecycleState:176
02-20 19:14:20.928 7283 7283 I MSHandlerLifeCycle: removeMultiSplitHandler: no exist. decor=DecorView@d902658[]
02-20 19:14:20.935 6467 6467 D InsetsController: onStateChanged: InsetsState: {mDisplayFrame=Rect(0, 0 - 720, 1600), mDisplayCutout=DisplayCutout{insets=Rect(0, 45 - 0, 0) waterfall=Insets{left=0, top=0, right=0, bottom=0} boundingRect={Bounds=[Rect(0, 0 - 0, 0), Rect(272, 0 - 448, 45), Rect(0, 0 - 0, 0), Rect(0, 0 - 0, 0)]} cutoutPathParserInfo={CutoutPathParserInfo{displayWidth=720 displayHeight=1600 physicalDisplayWidth=720 physicalDisplayHeight=1600 density={1.875} cutoutSpec={M 0,0 H -46.93333333333333 V 24 H 46.93333333333333 V 0 H 0 Z @dp} rotation={0} scale={1.0} physicalPixelDisplaySizeRatio={1.0}}}}, mRoundedCorners=RoundedCorners{[RoundedCorner{position=TopLeft, radius=60, center=Point(60, 60)}, RoundedCorner{position=TopRight, radius=60, center=Point(660, 60)}, RoundedCorner{position=BottomRight, radius=60, center=Point(660, 1540)}, RoundedCorner{position=BottomLeft, radius=60, center=Point(60, 1540)}]} mRoundedCornerFrame=Rect(0, 0 - 0, 0), mPrivacyIndicatorBounds=PrivacyIndicatorBounds {static bounds=Rect(637, 0 - 720, 49) rotation=0}, mSources= { InsetsSource: {mType=ITYPE_STATUS_BAR, mFrame=[0,0] [720,49], mVisible=true, mInsetsRoundedCornerFrame=false}, InsetsSource: {mType=ITYPE_NAVIGATION_BAR, mFrame=[0,1572][720,1600], mVisible=true, mInsetsRoundedCornerFrame=false}, InsetsSource: {mType=ITYPE_LEFT_GESTURES, mFrame=[0,0][56,1600], mVisible=true, mInsetsRoundedCornerFrame=false}, InsetsSource: {mType=ITYPE_RIGHT_GESTURES, mFrame=[664,0][720,1600], mVisible=true, mInsetsRoundedCornerFrame=false}, InsetsSource: {mType=ITYPE_TOP_MANDATORY_GESTURES, mFrame=[0,0][720,68], mVisible=true, mInsetsRoundedCornerFrame=false}, InsetsSource: {mType=ITYPE_BOTTOM_MANDATORY_GESTURES, mFrame=[0,1540][720,1600], mVisible=true, mInsetsRoundedCornerFrame=false}, InsetsSource: {mType=ITYPE_LEFT_DISPLAY_CUTOUT, mFrame=[0,0][-100000,1600], mVisible=true, mInsetsRoundedCornerFrame=false}, InsetsSource: {mType=ITYPE_TOP_DISPLAY_CUTOUT, mFrame=[0,0][720,45], mVisible=true, mInsetsRoundedCornerFrame=false}, InsetsSource: {mType=ITYPE_RIGHT_DISPLAY_CUTOUT, mFrame=[100000,0][720,1600], mVisible=true, mInsetsRoundedCornerFrame=false}, InsetsSource: {mType=ITYPE_BOTTOM_DISPLAY_CUTOUT, mFrame=[0,100000][720,1600], mVisible=true, mInsetsRoundedCornerFrame=false}, InsetsSource: {mType=ITYPE_TOP_TAPPABLE_ELEMENT, mFrame=[0,0][720,49], mVisible=true, mInsetsRoundedCornerFrame=false}, InsetsSource: {mType=ITYPE_BOTTOM_TAPPABLE_ELEMENT, mFrame=[0,0][0,0], mVisible=true, mInsetsRoundedCornerFrame=false} } host= from=android.view.ViewRootImpl.setView:1732
02-20 19:14:20.936 6467 6467 I ViewRootImpl@d703575[]: setView = android.widget.FrameLayout@c1bb3f1 TM=true
02-20 19:14:20.939 6467 6467 I ViewRootImpl@15d3d26[]: performTraversals params={(309,0)(101x101) sim={adjust=pan} ty=APPLICATION_OVERLAY fmt=TRANSLUCENT
02-20 19:14:20.939 6467 6467 I ViewRootImpl@15d3d26[]: fl=1000228
02-20 19:14:20.939 6467 6467 I ViewRootImpl@15d3d26[]: pfl=42000000
02-20 19:14:20.939 6467 6467 I ViewRootImpl@15d3d26[]: bhv=DEFAULT
02-20 19:14:20.939 6467 6467 I ViewRootImpl@15d3d26[]: fitTypes=STATUS_BARS NAVIGATION_BARS CAPTION_BAR naviIconColor=0}
02-20 19:14:20.941 6467 6467 I ViewRootImpl@15d3d26[]: performTraversals mFirst=true windowShouldResize=true viewVisibilityChanged=false mForceNextWindowRelayout=false params={(309,0)(101x101) sim={adjust=pan} ty=APPLICATION_OVERLAY fmt=TRANSLUCENT
02-20 19:14:20.941 6467 6467 I ViewRootImpl@15d3d26[]: fl=1000228
02-20 19:14:20.941 6467 6467 I ViewRootImpl@15d3d26[]: pfl=42000000
02-20 19:14:20.941 6467 6467 I ViewRootImpl@15d3d26[]: bhv=DEFAULT
02-20 19:14:20.941 6467 6467 I ViewRootImpl@15d3d26[]: fitTypes=STATUS_BARS NAVIGATION_BARS CAPTION_BAR naviIconColor=0}
02-20 19:14:20.943 7283 7391 D NativeCustomFrequencyManager: [NativeCFMS] BpCustomFrequencyManager::BpCustomFrequencyManager()
02-20 19:14:20.944 7283 7283 D ActivityManagerStub: call11 setRenderThread
02-20 19:14:20.948 7283 7283 I DecorView: notifyKeepScreenOnChanged: keepScreenOn=false
02-20 19:14:20.949 6467 6467 I ViewRootImpl@15d3d26[]: updateBlastSurfaceIfNeeded mBlastBufferQueue=null isSameSurfaceControl=false
02-20 19:14:20.949 6467 6467 D BufferQueueConsumer: [](id:194300000016,api:0,p:- 1,c:6467) connect: controlledByApp=false
02-20 19:14:20.950 6467 6467 I BLASTBufferQueue: new BLASTBufferQueue, mName= ViewRootImpl@15d3d26[] mNativeObject= 0xb4000070e067ad80 sc.mNativeObject= 0xb40000716cf5f440 caller= android.view.ViewRootImpl.updateBlastSurfaceIfNeeded:2909 android.view.ViewRootImpl.relayoutWindow:9847 android.view.ViewRootImpl.performTraversals:3884 android.view.ViewRootImpl.doTraversal:3116 android.view.ViewRootImpl$TraversalRunnable.run:10885 android.view.Choreographer$CallbackRecord.run:1301 android.view.Choreographer$CallbackRecord.run:1309 android.view.Choreographer.doCallbacks:923 android.view.Choreographer.doFrame:852 android.view.Choreographer$FrameDisplayEventReceiver.run:1283
02-20 19:14:20.950 6467 6467 I BLASTBufferQueue: update, w= 101 h= 101 mName = ViewRootImpl@15d3d26[] mNativeObject= 0xb4000070e067ad80 sc.mNativeObject= 0xb40000716cf5f440 format= -3 caller= android.graphics.BLASTBufferQueue.<init>:84 android.view.ViewRootImpl.updateBlastSurfaceIfNeeded:2909 android.view.ViewRootImpl.relayoutWindow:9847 android.view.ViewRootImpl.performTraversals:3884 android.view.ViewRootImpl.doTraversal:3116 android.view.ViewRootImpl$TraversalRunnable.run:10885
02-20 19:14:20.951 6467 6467 I ViewRootImpl@15d3d26[]: Relayout returned: old=(618,760,719,861) new=(618,760,719,861) req=(101,101)0 dur=8 res=0x3 s={true 0xb4000070d7ebc000} ch=true seqId=0
02-20 19:14:20.952 6467 6467 I ViewRootImpl@15d3d26[]: mThreadedRenderer.initialize() mSurface={isValid=true 0xb4000070d7ebc000} hwInitialized=true
02-20 19:14:20.952 6467 6533 D BufferQueueProducer: [ViewRootImpl@15d3d26[]#20(BLAST Consumer)20](id:194300000016,api:1,p:6467,c:6467) connect: api=1 producerControlledByApp=true
02-20 19:14:20.952 6467 6533 D OpenGLRenderer: eglCreateWindowSurface
02-20 19:14:20.955 6467 6467 I ViewRootImpl@15d3d26[]: reportNextDraw android.view.ViewRootImpl.performTraversals:4438 android.view.ViewRootImpl.doTraversal:3116 android.view.ViewRootImpl$TraversalRunnable.run:10885 android.view.Choreographer$CallbackRecord.run:1301 android.view.Choreographer$CallbackRecord.run:1309
02-20 19:14:20.955 6467 6467 I ViewRootImpl@15d3d26[]: Setup new sync id=0
02-20 19:14:20.955 6467 6467 I ViewRootImpl@15d3d26[]: Setting syncFrameCallback
02-20 19:14:20.955 6467 6467 I ViewRootImpl@15d3d26[]: registerCallbacksForSync syncBuffer=false
02-20 19:14:20.956 7283 7283 D InsetsController: onStateChanged: InsetsState: {mDisplayFrame=Rect(0, 0 - 720, 1600), mDisplayCutout=DisplayCutout{insets=Rect(0, 45 - 0, 0) waterfall=Insets{left=0, top=0, right=0, bottom=0} boundingRect={Bounds=[Rect(0, 0 - 0, 0), Rect(272, 0 - 448, 45), Rect(0, 0 - 0, 0), Rect(0, 0 - 0, 0)]} cutoutPathParserInfo={CutoutPathParserInfo{displayWidth=720 displayHeight=1600 physicalDisplayWidth=720 physicalDisplayHeight=1600 density={1.875} cutoutSpec={M 0,0 H -46.93333333333333 V 24 H 46.93333333333333 V 0 H 0 Z @dp} rotation={0} scale={1.0} physicalPixelDisplaySizeRatio={1.0}}}}, mRoundedCorners=RoundedCorners{[RoundedCorner{position=TopLeft, radius=60, center=Point(60, 60)}, RoundedCorner{position=TopRight, radius=60, center=Point(660, 60)}, RoundedCorner{position=BottomRight, radius=60, center=Point(660, 1540)}, RoundedCorner{position=BottomLeft, radius=60, center=Point(60, 1540)}]} mRoundedCornerFrame=Rect(0, 0 - 720, 1600), mPrivacyIndicatorBounds=PrivacyIndicatorBounds {static bounds=Rect(637, 0 - 720, 49) rotation=0}, mSources= { InsetsSource: {mType=ITYPE_STATUS_BAR, mFrame=[0,0] [720,49], mVisible=true, mInsetsRoundedCornerFrame=false}, InsetsSource: {mType=ITYPE_NAVIGATION_BAR, mFrame=[0,1572][720,1600], mVisible=true, mInsetsRoundedCornerFrame=false}, InsetsSource: {mType=ITYPE_LEFT_GESTURES, mFrame=[0,0][56,1600], mVisible=true, mInsetsRoundedCornerFrame=false}, InsetsSource: {mType=ITYPE_RIGHT_GESTURES, mFrame=[664,0][720,1600], mVisible=true, mInsetsRoundedCornerFrame=false}, InsetsSource: {mType=ITYPE_TOP_MANDATORY_GESTURES, mFrame=[0,0][720,68], mVisible=true, mInsetsRoundedCornerFrame=false}, InsetsSource: {mType=ITYPE_BOTTOM_MANDATORY_GESTURES, mFrame=[0,1540][720,1600], mVisible=true, mInsetsRoundedCornerFrame=false}, InsetsSource: {mType=ITYPE_LEFT_DISPLAY_CUTOUT, mFrame=[0,0][-100000,1600], mVisible=true, mInsetsRoundedCornerFrame=false}, InsetsSource: {mType=ITYPE_TOP_DISPLAY_CUTOUT, mFrame=[0,0][720,45], mVisible=true, mInsetsRoundedCornerFrame=false}, InsetsSource: {mType=ITYPE_RIGHT_DISPLAY_CUTOUT, mFrame=[100000,0][720,1600], mVisible=true, mInsetsRoundedCornerFrame=false}, InsetsSource: {mType=ITYPE_BOTTOM_DISPLAY_CUTOUT, mFrame=[0,100000][720,1600], mVisible=true, mInsetsRoundedCornerFrame=false}, InsetsSource: {mType=ITYPE_TOP_TAPPABLE_ELEMENT, mFrame=[0,0][720,49], mVisible=true, mInsetsRoundedCornerFrame=false}, InsetsSource: {mType=ITYPE_BOTTOM_TAPPABLE_ELEMENT, mFrame=[0,0][0,0], mVisible=true, mInsetsRoundedCornerFrame=false} } host=com.whatsapp/com.whatsapp.registration.EULA from=android.view.ViewRootImpl.setView:1732
02-20 19:14:20.959 7283 7283 I ViewRootImpl@8f87623[EULA]: setView = com.android.internal.policy.DecorView@d902658 TM=true
02-20 19:14:20.960 6467 6560 I ViewRootImpl@15d3d26[]: Received frameDrawingCallback syncResult=0 frameNum=1.
02-20 19:14:20.960 6467 6560 I ViewRootImpl@15d3d26[]: Setting up sync and frameCommitCallback
02-20 19:14:20.961 6467 6533 E IMGMapper: set:488 set: Unset optional value from type SMPTE2086
02-20 19:14:20.961 6467 6533 E IMGMapper: set:488 set: Unset optional value from type CTA861_3
02-20 19:14:20.961 6467 6533 I BLASTBufferQueue: [ViewRootImpl@15d3d26[]#20] (f:0,a:0) onFrameAvailable the first frame is available
02-20 19:14:20.962 7283 7283 I MSHandlerLifeCycle: removeMultiSplitHandler: no exist. decor=DecorView@d902658[EULA]
02-20 19:14:20.962 6467 6533 D BLASTBufferQueue: [ViewRootImpl@15d3d26[]#20] (f:0,a:1) acquireNextBufferLocked size=101x101 mFrameNumber=1 applyTransaction=true mTimestamp=113955035392789(auto) mPendingTransactions.size=0 graphicBufferId=27775553503423 transform=0
02-20 19:14:20.962 6467 6533 I ViewRootImpl@15d3d26[]: Received frameCommittedCallback lastAttemptedDrawFrameNum=1 didProduceBuffer=true
02-20 19:14:20.963 7283 7283 D IActivityClientProxy: call activityResumed
02-20 19:14:20.964 6467 6533 D OpenGLRenderer: CFMS:: SetUp Pid : 6467 Tid : 6533
02-20 19:14:20.964 6467 6533 W Parcel : Expecting binder but got null!
02-20 19:14:20.964 6467 6467 I ViewRootImpl@15d3d26[]: onSyncComplete
02-20 19:14:20.965 6467 6467 I ViewRootImpl@15d3d26[]: setupSync seqId=0 mSyncId=0 fn=1 caller=android.view.ViewRootImpl$$ExternalSyntheticLambda11.accept:6 android.window.SurfaceSyncer.lambda$setupSync$1$android-window-SurfaceSyncer:128 android.window.SurfaceSyncer$$ExternalSyntheticLambda1.accept:8 android.window.SurfaceSyncer$SyncSet.checkIfSyncIsComplete:382 android.window.SurfaceSyncer$SyncSet.markSyncReady:359 android.window.SurfaceSyncer.markSyncReady:151 android.view.ViewRootImpl.performTraversals:4503
02-20 19:14:20.967 6467 6467 I ViewRootImpl@d703575[]: performTraversals params={(0,862)(125x125) sim={adjust=pan} ty=APPLICATION_OVERLAY fmt=TRANSLUCENT
02-20 19:14:20.967 6467 6467 I ViewRootImpl@d703575[]: fl=1000238
02-20 19:14:20.967 6467 6467 I ViewRootImpl@d703575[]: pfl=42000000
02-20 19:14:20.967 6467 6467 I ViewRootImpl@d703575[]: bhv=DEFAULT
02-20 19:14:20.967 6467 6467 I ViewRootImpl@d703575[]: fitTypes=STATUS_BARS NAVIGATION_BARS CAPTION_BAR naviIconColor=0}
02-20 19:14:20.967 7258 7273 D ActivityStack: onActivityResumed : ComponentInfo{com.whatsapp/com.whatsapp.registration.EULA}
02-20 19:14:20.968 6467 6467 I ViewRootImpl@d703575[]: performTraversals mFirst=true windowShouldResize=true viewVisibilityChanged=false mForceNextWindowRelayout=false params={(0,862)(125x125) sim={adjust=pan} ty=APPLICATION_OVERLAY fmt=TRANSLUCENT
02-20 19:14:20.968 6467 6467 I ViewRootImpl@d703575[]: fl=1000238
02-20 19:14:20.968 6467 6467 I ViewRootImpl@d703575[]: pfl=42000000
02-20 19:14:20.968 6467 6467 I ViewRootImpl@d703575[]: bhv=DEFAULT
02-20 19:14:20.968 6467 6467 I ViewRootImpl@d703575[]: fitTypes=STATUS_BARS NAVIGATION_BARS CAPTION_BAR naviIconColor=0}
02-20 19:14:20.977 6467 6467 I ViewRootImpl@d703575[]: updateBlastSurfaceIfNeeded mBlastBufferQueue=null isSameSurfaceControl=false
02-20 19:14:20.978 6467 6467 D BufferQueueConsumer: [](id:194300000017,api:0,p:- 1,c:6467) connect: controlledByApp=false
02-20 19:14:20.978 6467 6467 I BLASTBufferQueue: new BLASTBufferQueue, mName= ViewRootImpl@d703575[] mNativeObject= 0xb4000070e067b800 sc.mNativeObject= 0xb40000716cf5fa80 caller= android.view.ViewRootImpl.updateBlastSurfaceIfNeeded:2909 android.view.ViewRootImpl.relayoutWindow:9847 android.view.ViewRootImpl.performTraversals:3884 android.view.ViewRootImpl.doTraversal:3116 android.view.ViewRootImpl$TraversalRunnable.run:10885 android.view.Choreographer$CallbackRecord.run:1301 android.view.Choreographer$CallbackRecord.run:1309 android.view.Choreographer.doCallbacks:923 android.view.Choreographer.doFrame:852 android.view.Choreographer$FrameDisplayEventReceiver.run:1283
02-20 19:14:20.979 6467 6467 I BLASTBufferQueue: update, w= 125 h= 125 mName = ViewRootImpl@d703575[] mNativeObject= 0xb4000070e067b800 sc.mNativeObject= 0xb40000716cf5fa80 format= -3 caller= android.graphics.BLASTBufferQueue.<init>:84 android.view.ViewRootImpl.updateBlastSurfaceIfNeeded:2909 android.view.ViewRootImpl.relayoutWindow:9847 android.view.ViewRootImpl.performTraversals:3884 android.view.ViewRootImpl.doTraversal:3116 android.view.ViewRootImpl$TraversalRunnable.run:10885
02-20 19:14:20.979 6467 6467 I ViewRootImpl@d703575[]: Relayout returned: old=(297,1610,422,1735) new=(297,1610,422,1735) req=(125,125)0 dur=9 res=0x3 s={true 0xb4000070d7ebe800} ch=true seqId=0
02-20 19:14:20.980 6467 6467 I ViewRootImpl@d703575[]: mThreadedRenderer.initialize() mSurface={isValid=true 0xb4000070d7ebe800} hwInitialized=true
02-20 19:14:20.980 6467 6533 D BufferQueueProducer: [ViewRootImpl@d703575[]#21(BLAST Consumer)21](id:194300000017,api:1,p:6467,c:6467) connect: api=1 producerControlledByApp=true
02-20 19:14:20.981 6467 6533 D OpenGLRenderer: eglCreateWindowSurface
02-20 19:14:20.982 6467 6467 I ViewRootImpl@d703575[]: reportNextDraw android.view.ViewRootImpl.performTraversals:4438 android.view.ViewRootImpl.doTraversal:3116 android.view.ViewRootImpl$TraversalRunnable.run:10885 android.view.Choreographer$CallbackRecord.run:1301 android.view.Choreographer$CallbackRecord.run:1309
02-20 19:14:20.982 6467 6467 I ViewRootImpl@d703575[]: Setup new sync id=0
02-20 19:14:20.982 6467 6467 I ViewRootImpl@d703575[]: Setting syncFrameCallback
02-20 19:14:20.982 7283 7283 D HCallbackStub: handleCreateService: ServiceInfo{f60af4e top.niunaijun.blackbox.proxy.ProxyService$P0}
02-20 19:14:20.982 6467 6467 I ViewRootImpl@d703575[]: registerCallbacksForSync syncBuffer=false
02-20 19:14:20.983 7283 7283 I Pine : handleBridge: artMethod=0x7116d018 originExtras=0xb4000071765e2200 extras=0xb40000716cf51680 sp=0x7ff6d19c00
02-20 19:14:20.983 7283 7283 D Pine : handleCall for method public java.lang.String android.app.ContextImpl.getOpPackageName()
02-20 19:14:20.983 7283 7283 D ActivityManagerStub: call11 serviceDoneExecuting
02-20 19:14:20.984 6467 6561 I ViewRootImpl@d703575[]: Received frameDrawingCallback syncResult=0 frameNum=1.
02-20 19:14:20.984 6467 6561 I ViewRootImpl@d703575[]: Setting up sync and frameCommitCallback
02-20 19:14:20.985 7283 7283 I Pine : handleBridge: artMethod=0x712bf4c0 originExtras=0xb4000071765e2500 extras=0xb40000716cf51680 sp=0x7ff6d19ae0
02-20 19:14:20.985 7283 7283 D Pine : handleCall for method public android.os.Parcelable android.os.Bundle.getParcelable(java.lang.String)
02-20 19:14:20.985 7283 7283 I Pine : handleBridge: artMethod=0x712bf4c0 originExtras=0xb4000071765e2500 extras=0xb40000716cf51680 sp=0x7ff6d19ae0
02-20 19:14:20.986 7283 7283 D Pine : handleCall for method public android.os.Parcelable android.os.Bundle.getParcelable(java.lang.String)
02-20 19:14:20.987 6467 6533 E IMGMapper: set:488 set: Unset optional value from type SMPTE2086
02-20 19:14:20.987 6467 6533 E IMGMapper: set:488 set: Unset optional value from type CTA861_3
02-20 19:14:20.987 6467 6533 I BLASTBufferQueue: [ViewRootImpl@d703575[]#21] (f:0,a:0) onFrameAvailable the first frame is available
02-20 19:14:20.988 7283 7283 I Pine : handleBridge: artMethod=0x7116d018 originExtras=0xb4000071765e2200 extras=0xb40000716cf51680 sp=0x7ff6d197d0
02-20 19:14:20.988 6467 6533 D BLASTBufferQueue: [ViewRootImpl@d703575[]#21] (f:0,a:1) acquireNextBufferLocked size=125x125 mFrameNumber=1 applyTransaction=true mTimestamp=113955060757712(auto) mPendingTransactions.size=0 graphicBufferId=27775553503425 transform=0
02-20 19:14:20.988 7283 7283 D Pine : handleCall for method public java.lang.String android.app.ContextImpl.getOpPackageName()
02-20 19:14:20.988 6467 6533 I ViewRootImpl@d703575[]: Received frameCommittedCallback lastAttemptedDrawFrameNum=1 didProduceBuffer=true
02-20 19:14:20.989 6467 6533 D OpenGLRenderer: CFMS:: SetUp Pid : 6467 Tid : 6533
02-20 19:14:20.990 6467 6533 W Parcel : Expecting binder but got null!
02-20 19:14:20.991 6467 6467 I ViewRootImpl@d703575[]: onSyncComplete
02-20 19:14:20.991 6467 6467 I ViewRootImpl@d703575[]: setupSync seqId=0 mSyncId=0 fn=1 caller=android.view.ViewRootImpl$$ExternalSyntheticLambda11.accept:6 android.window.SurfaceSyncer.lambda$setupSync$1$android-window-SurfaceSyncer:128 android.window.SurfaceSyncer$$ExternalSyntheticLambda1.accept:8 android.window.SurfaceSyncer$SyncSet.checkIfSyncIsComplete:382 android.window.SurfaceSyncer$SyncSet.markSyncReady:359 android.window.SurfaceSyncer.markSyncReady:151 android.view.ViewRootImpl.performTraversals:4503
02-20 19:14:20.991 6467 6467 I ViewRootImpl@d703575[]: reportDrawFinished seqId=0 mSyncId=-1 fn=1 mSurfaceChangedTransaction=0xb4000070e0650c00
02-20 19:14:20.992 6467 6467 I ViewRootImpl@15d3d26[]: reportDrawFinished seqId=0 mSyncId=-1 fn=1 mSurfaceChangedTransaction=0xb4000070e0646e00
02-20 19:14:20.998 7283 7283 D ActivityManagerStub: call11 serviceDoneExecuting
02-20 19:14:20.999 7283 7283 I [LiveEventBus]: post: com.lightcone.beautycam.viewmodel.event.SelectedEffectEvent@63a9ac with key: class com.lightcone.beautycam.viewmodel.event.SelectedEffectEvent
02-20 19:14:20.999 7283 7283 I [LiveEventBus]: message received: com.lightcone.beautycam.viewmodel.event.SelectedEffectEvent@63a9ac
02-20 19:14:20.999 7283 7283 I [LiveEventBus]: post: com.lightcone.beautycam.viewmodel.event.EffectIntensityUpdateEvent@7a6260a with key: class com.lightcone.beautycam.viewmodel.event.EffectIntensityUpdateEvent
02-20 19:14:20.999 7283 7283 I [LiveEventBus]: message received: com.lightcone.beautycam.viewmodel.event.EffectIntensityUpdateEvent@7a6260a
02-20 19:14:21.001 7283 7283 I Pine : handleBridge: artMethod=0x7116d018 originExtras=0xb4000071765e2200 extras=0xb40000716cf51680 sp=0x7ff6d18dd0
02-20 19:14:21.001 7283 7283 D Pine : handleCall for method public java.lang.String android.app.ContextImpl.getOpPackageName()
02-20 19:14:21.009 7283 7283 I Pine : handleBridge: artMethod=0x7116d018 originExtras=0xb4000071765e2200 extras=0xb40000716cf51680 sp=0x7ff6d18f00
02-20 19:14:21.010 7283 7283 D Pine : handleCall for method public java.lang.String android.app.ContextImpl.getOpPackageName()
02-20 19:14:21.017 7283 7283 I Pine : handleBridge: artMethod=0x7116d018 originExtras=0xb4000071765e2200 extras=0xb40000716cf51680 sp=0x7ff6d18f30
02-20 19:14:21.017 7283 7283 D Pine : handleCall for method public java.lang.String android.app.ContextImpl.getOpPackageName()
02-20 19:14:21.025 7283 7283 I Pine : handleBridge: artMethod=0x7116d018 originExtras=0xb4000071765e2200 extras=0xb40000716cf51680 sp=0x7ff6d18f00
02-20 19:14:21.025 7283 7283 D Pine : handleCall for method public java.lang.String android.app.ContextImpl.getOpPackageName()
02-20 19:14:21.031 7283 7283 I Pine : handleBridge: artMethod=0x7116d018 originExtras=0xb4000071765e2200 extras=0xb40000716cf51680 sp=0x7ff6d18dd0
02-20 19:14:21.031 7283 7283 D Pine : handleCall for method public java.lang.String android.app.ContextImpl.getOpPackageName()
02-20 19:14:21.055 7283 7292 I ra.videocall:p0: Background concurrent copying GC freed 560702(26MB) AllocSpace objects, 57(11MB) LOS objects, 49% free, 10MB/20MB, paused 440us,326us total 169.430ms
02-20 19:14:21.058 7283 7283 W System.err: java.io.FileNotFoundException: /storage/emulated/0/Android/data/com.accarunit.beauty.camera.videocall/files/ blackbox/storage/emulated/0/Android/data/com.accarunit.beauty.camera.videocall/ files/AppInnerFiles/.works/config/config.json: open failed: ENOENT (No such file or directory)
02-20 19:14:21.058 7283 7283 W System.err:
02-20 19:14:21.061 7283 7283 W System.err: at libcore.io.IoBridge.open(IoBridge.java:574)
02-20 19:14:21.061 7283 7283 W System.err:
02-20 19:14:21.062 7283 7283 W System.err: at java.io.FileInputStream.<init>(FileInputStream.java:160)
02-20 19:14:21.062 7283 7283 W System.err:
02-20 19:14:21.062 7283 7283 W System.err: at java.io.FileInputStream.<init>(FileInputStream.java:115)
02-20 19:14:21.062 7283 7283 W System.err:
02-20 19:14:21.062 7283 7283 W System.err: at com.lightcone.utils.EncryptShaderUtil.privateGetBinFromFullPath(EncryptShaderUtil.j ava:1)
02-20 19:14:21.063 7283 7283 W System.err:
02-20 19:14:21.063 7283 7283 W System.err: at com.lightcone.utils.EncryptShaderUtil.getShaderFromFullPath(EncryptShaderUtil.java: 1)
02-20 19:14:21.063 7283 7283 W System.err:
02-20 19:14:21.063 7283 7283 W System.err: at d.c.i.f.c.f(ConfigManager.java:1)
02-20 19:14:21.063 7283 7283 W System.err:
02-20 19:14:21.063 7283 7283 W System.err: at d.c.i.f.c.g(ConfigManager.java:4)
02-20 19:14:21.063 7283 7283 W System.err:
02-20 19:14:21.064 7283 7283 W System.err: at d.c.i.d.b.g.a(MediatekBoard.java:3)
02-20 19:14:21.064 7283 7283 W System.err:
02-20 19:14:21.064 7283 7283 W System.err: at d.c.i.b.a(DeviceInfoModule.java:18)
02-20 19:14:21.064 7283 7283 W System.err:
02-20 19:14:21.064 7283 7283 W System.err: at d.c.d.m.t0.e(DeviceConfigManger.java:4)
02-20 19:14:21.064 7283 7283 W System.err:
02-20 19:14:21.064 7283 7283 W System.err: at d.c.d.m.t0.c(DeviceConfigManger.java:2)
02-20 19:14:21.064 7283 7283 W System.err:
02-20 19:14:21.064 7283 7283 W System.err: at d.c.d.m.t0.d(DeviceConfigManger.java:1)
02-20 19:14:21.064 7283 7283 W System.err:
02-20 19:14:21.065 7283 7283 W System.err: at d.c.d.s.k.<clinit>(AdjustViewModel.java:4)
02-20 19:14:21.065 7283 7283 W System.err:
02-20 19:14:21.065 7283 7283 W System.err: at d.c.d.q.v.<init>(CameraEffectService.java:2)
02-20 19:14:21.065 7283 7283 W System.err:
02-20 19:14:21.065 7283 7283 W System.err: at d.c.d.q.v.a(CameraEffectService.java:2)
02-20 19:14:21.065 7283 7283 W System.err:
02-20 19:14:21.065 7283 7283 W System.err: at d.c.d.r.k.q.k(AppRenderRenderJoint.java:7)
02-20 19:14:21.065 7283 7283 W System.err:
02-20 19:14:21.065 7283 7283 W System.err: at d.c.d.r.k.n.run(Unknown Source:6)
02-20 19:14:21.065 7283 7283 W System.err:
02-20 19:14:21.066 7283 7283 W System.err: at android.os.Handler.handleCallback(Handler.java:942)
02-20 19:14:21.066 7283 7283 W System.err:
02-20 19:14:21.066 7283 7283 W System.err: at android.os.Handler.dispatchMessage(Handler.java:99)
02-20 19:14:21.066 7283 7283 W System.err:
02-20 19:14:21.066 7283 7283 W System.err: at android.os.Looper.loopOnce(Looper.java:226)
02-20 19:14:21.066 7283 7283 W System.err:
02-20 19:14:21.067 7283 7283 W System.err: at android.os.Looper.loop(Looper.java:313)
02-20 19:14:21.067 7283 7283 W System.err:
02-20 19:14:21.067 7283 7283 W System.err: at android.app.ActivityThread.main(ActivityThread.java:8757)
02-20 19:14:21.067 7283 7283 W System.err:
02-20 19:14:21.067 7283 7283 W System.err: at java.lang.reflect.Method.invoke(Native Method)
02-20 19:14:21.067 7283 7283 W System.err:
02-20 19:14:21.068 7283 7283 W System.err: at com.android.internal.os.RuntimeInit$MethodAndArgsCaller.run(RuntimeInit.java:571)
02-20 19:14:21.068 7283 7283 W System.err:
02-20 19:14:21.068 7283 7283 W System.err: at com.android.internal.os.ZygoteInit.main(ZygoteInit.java:1067)
02-20 19:14:21.068 7283 7283 W System.err:
02-20 19:14:21.070 7283 7283 W System.err: Caused by: android.system.ErrnoException: open failed: ENOENT (No such file or directory)
02-20 19:14:21.070 7283 7283 W System.err:
02-20 19:14:21.071 7283 7283 W System.err: at libcore.io.Linux.open(Native Method)
02-20 19:14:21.071 7283 7283 W System.err:
02-20 19:14:21.071 7283 7283 W System.err: at libcore.io.ForwardingOs.open(ForwardingOs.java:563)
02-20 19:14:21.071 7283 7283 W System.err:
02-20 19:14:21.071 7283 7283 W System.err: at libcore.io.BlockGuardOs.open(BlockGuardOs.java:274)
02-20 19:14:21.071 7283 7283 W System.err:
02-20 19:14:21.072 7283 7283 W System.err: at libcore.io.ForwardingOs.open(ForwardingOs.java:563)
02-20 19:14:21.072 7283 7283 W System.err:
02-20 19:14:21.072 7283 7283 W System.err: at android.app.ActivityThread$AndroidOs.open(ActivityThread.java:8619)
02-20 19:14:21.072 7283 7283 W System.err:
02-20 19:14:21.072 7283 7283 W System.err: at java.lang.reflect.Method.invoke(Native Method)
02-20 19:14:21.072 7283 7283 W System.err:
02-20 19:14:21.072 7283 7283 W System.err: at top.niunaijun.blackbox.fake.hook.ClassInvocationStub.invoke(ClassInvocationStub.jav a:6)
02-20 19:14:21.072 7283 7283 W System.err:
02-20 19:14:21.072 7283 7283 W System.err: at top.niunaijun.blackbox.fake.service.libcore.OsStub.invoke(OsStub.java:9)
02-20 19:14:21.072 7283 7283 W System.err:
02-20 19:14:21.073 7283 7283 W System.err: at java.lang.reflect.Proxy.invoke(Proxy.java:1006)
02-20 19:14:21.073 7283 7283 W System.err:
02-20 19:14:21.073 7283 7283 W System.err: at $Proxy73.open(Unknown Source)
02-20 19:14:21.073 7283 7283 W System.err:
02-20 19:14:21.073 7283 7283 W System.err: at libcore.io.IoBridge.open(IoBridge.java:560)
02-20 19:14:21.073 7283 7283 W System.err:
02-20 19:14:21.073 7283 7283 W System.err: ... 24 more
02-20 19:14:21.073 7283 7283 W System.err:
02-20 19:14:21.074 7283 7283 W ConfigManager: loadLocalConfig:
02-20 19:14:21.074 7283 7283 W ConfigManager: java.lang.NullPointerException: Attempt to get length of null array
02-20 19:14:21.074 7283 7283 W ConfigManager: at java.lang.StringFactory.newStringFromBytes(StringFactory.java:65)
02-20 19:14:21.074 7283 7283 W ConfigManager: at com.lightcone.utils.EncryptShaderUtil.getShaderFromFullPath(EncryptShaderUtil.java: 2)
02-20 19:14:21.074 7283 7283 W ConfigManager: at d.c.i.f.c.f(ConfigManager.java:1)
02-20 19:14:21.074 7283 7283 W ConfigManager: at d.c.i.f.c.g(ConfigManager.java:4)
02-20 19:14:21.074 7283 7283 W ConfigManager: at d.c.i.d.b.g.a(MediatekBoard.java:3)
02-20 19:14:21.074 7283 7283 W ConfigManager: at d.c.i.b.a(DeviceInfoModule.java:18)
02-20 19:14:21.074 7283 7283 W ConfigManager: at d.c.d.m.t0.e(DeviceConfigManger.java:4)
02-20 19:14:21.074 7283 7283 W ConfigManager: at d.c.d.m.t0.c(DeviceConfigManger.java:2)
02-20 19:14:21.074 7283 7283 W ConfigManager: at d.c.d.m.t0.d(DeviceConfigManger.java:1)
02-20 19:14:21.074 7283 7283 W ConfigManager: at d.c.d.s.k.<clinit>(AdjustViewModel.java:4)
02-20 19:14:21.074 7283 7283 W ConfigManager: at d.c.d.q.v.<init>(CameraEffectService.java:2)
02-20 19:14:21.074 7283 7283 W ConfigManager: at d.c.d.q.v.a(CameraEffectService.java:2)
02-20 19:14:21.074 7283 7283 W ConfigManager: at d.c.d.r.k.q.k(AppRenderRenderJoint.java:7)
02-20 19:14:21.074 7283 7283 W ConfigManager: at d.c.d.r.k.n.run(Unknown Source:6)
02-20 19:14:21.074 7283 7283 W ConfigManager: at android.os.Handler.handleCallback(Handler.java:942)
02-20 19:14:21.074 7283 7283 W ConfigManager: at android.os.Handler.dispatchMessage(Handler.java:99)
02-20 19:14:21.074 7283 7283 W ConfigManager: at android.os.Looper.loopOnce(Looper.java:226)
02-20 19:14:21.074 7283 7283 W ConfigManager: at android.os.Looper.loop(Looper.java:313)
02-20 19:14:21.074 7283 7283 W ConfigManager: at android.app.ActivityThread.main(ActivityThread.java:8757)
02-20 19:14:21.074 7283 7283 W ConfigManager: at java.lang.reflect.Method.invoke(Native Method)
02-20 19:14:21.074 7283 7283 W ConfigManager: at com.android.internal.os.RuntimeInit$MethodAndArgsCaller.run(RuntimeInit.java:571)
02-20 19:14:21.074 7283 7283 W ConfigManager: at com.android.internal.os.ZygoteInit.main(ZygoteInit.java:1067)
02-20 19:14:21.085 7283 7400 D TrafficStats: tagSocket(153) with statsTag=0xffffffff, statsUid=-1
02-20 19:14:21.302 7283 7283 D ActivityManagerStub: call11 getMemoryInfo
02-20 19:14:21.304 7283 7283 D ActivityManagerStub: call11 getMemoryInfo
02-20 19:14:21.305 7283 7283 I [LiveEventBus]: broadcast: com.lightcone.beautycam.viewmodel.event.SelectedEffectGroupEvent@47b0cf6 foreground: false with key: class com.lightcone.beautycam.viewmodel.event.SelectedEffectGroupEvent
02-20 19:14:21.309 7283 7283 D ActivityManagerStub: call11 broadcastIntentWithFeature
02-20 19:14:21.312 7283 7283 I [LiveEventBus]: broadcast: com.lightcone.beautycam.viewmodel.event.SelectedShapeGroupEvent@a5ebafc foreground: false with key: class com.lightcone.beautycam.viewmodel.event.SelectedShapeGroupEvent
02-20 19:14:21.312 7283 7408 I Pine : handleBridge: artMethod=0x712bf4c0 originExtras=0xb4000071765e2500 extras=0xb400007176528000 sp=0x7098cf3ed0
02-20 19:14:21.312 7283 7408 D Pine : handleCall for method public android.os.Parcelable android.os.Bundle.getParcelable(java.lang.String)
02-20 19:14:21.313 7283 7283 D ActivityManagerStub: call11 broadcastIntentWithFeature
02-20 19:14:21.316 7283 7283 I [LiveEventBus]: broadcast: com.lightcone.beautycam.viewmodel.event.SelectedFilterGroupEvent@7500501 foreground: false with key: class com.lightcone.beautycam.viewmodel.event.SelectedFilterGroupEvent
02-20 19:14:21.316 7283 7408 I Pine : handleBridge: artMethod=0x712bf4c0 originExtras=0xb4000071765e2500 extras=0xb400007176528000 sp=0x7098cf3ed0
02-20 19:14:21.316 7283 7408 D Pine : handleCall for method public android.os.Parcelable android.os.Bundle.getParcelable(java.lang.String)
02-20 19:14:21.317 7283 7283 D ActivityManagerStub: call11 broadcastIntentWithFeature
02-20 19:14:21.320 7283 7283 I [LiveEventBus]: broadcast: com.lightcone.beautycam.viewmodel.event.SelectedShapeEvent@352bde7 foreground: false with key: class com.lightcone.beautycam.viewmodel.event.SelectedShapeEvent
02-20 19:14:21.320 7283 7408 I Pine : handleBridge: artMethod=0x712bf4c0 originExtras=0xb4000071765e2500 extras=0xb400007176528000 sp=0x7098cf3ed0
02-20 19:14:21.320 7283 7408 D Pine : handleCall for method public android.os.Parcelable android.os.Bundle.getParcelable(java.lang.String)
02-20 19:14:21.321 7283 7283 D ActivityManagerStub: call11 broadcastIntentWithFeature
02-20 19:14:21.323 7283 7283 I [LiveEventBus]: broadcast: com.lightcone.beautycam.viewmodel.event.ResourceDownloadEvent@136f03d foreground: false with key: class com.lightcone.beautycam.viewmodel.event.ResourceDownloadEvent
02-20 19:14:21.324 7283 7408 I Pine : handleBridge: artMethod=0x712bf4c0 originExtras=0xb4000071765e2500 extras=0xb400007176528000 sp=0x7098cf3ed0
02-20 19:14:21.324 7283 7408 D Pine : handleCall for method public android.os.Parcelable android.os.Bundle.getParcelable(java.lang.String)
02-20 19:14:21.325 7283 7283 D ActivityManagerStub: call11 broadcastIntentWithFeature
02-20 19:14:21.327 7283 7283 I [LiveEventBus]: broadcast: com.lightcone.beautycam.viewmodel.event.ResourceDownloadEvent@835183 foreground: false with key: class com.lightcone.beautycam.viewmodel.event.ResourceDownloadEvent
02-20 19:14:21.328 7283 7408 I Pine : handleBridge: artMethod=0x712bf4c0 originExtras=0xb4000071765e2500 extras=0xb400007176528000 sp=0x7098cf3ed0
02-20 19:14:21.328 7283 7408 D Pine : handleCall for method public android.os.Parcelable android.os.Bundle.getParcelable(java.lang.String)
02-20 19:14:21.328 7283 7283 D ActivityManagerStub: call11 broadcastIntentWithFeature
02-20 19:14:21.330 7283 7283 I [LiveEventBus]: broadcast: com.lightcone.beautycam.viewmodel.event.ResourceDownloadEvent@911cf00 foreground: false with key: class com.lightcone.beautycam.viewmodel.event.ResourceDownloadEvent
02-20 19:14:21.331 7283 7408 I Pine : handleBridge: artMethod=0x712bf4c0 originExtras=0xb4000071765e2500 extras=0xb400007176528000 sp=0x7098cf3ed0
02-20 19:14:21.331 7283 7408 D Pine : handleCall for method public android.os.Parcelable android.os.Bundle.getParcelable(java.lang.String)
02-20 19:14:21.331 7283 7283 D ActivityManagerStub: call11 broadcastIntentWithFeature
02-20 19:14:21.334 7283 7283 I [LiveEventBus]: broadcast: com.lightcone.beautycam.viewmodel.event.ResourceDownloadEvent@3a75339 foreground: false with key: class com.lightcone.beautycam.viewmodel.event.ResourceDownloadEvent
02-20 19:14:21.335 7283 7283 D ActivityManagerStub: call11 broadcastIntentWithFeature
02-20 19:14:21.337 7283 7408 I Pine : handleBridge: artMethod=0x712bf4c0 originExtras=0xb4000071765e2500 extras=0xb400007176528000 sp=0x7098cf3ed0
02-20 19:14:21.337 7283 7283 I [LiveEventBus]: post: com.lightcone.beautycam.viewmodel.event.SelectedShapeEvent@affd7e with key: class com.lightcone.beautycam.viewmodel.event.SelectedShapeEvent
02-20 19:14:21.337 7283 7408 D Pine : handleCall for method public android.os.Parcelable android.os.Bundle.getParcelable(java.lang.String)
02-20 19:14:21.338 7283 7395 I Pine : handleBridge: artMethod=0x712bf4c0 originExtras=0xb4000071765e2500 extras=0xb40000715e6283c0 sp=0x70a2885ed0
