02-20 19:13:13.843 6467 6743 D BufferQueueProducer: [SurfaceView[com.accarunit.beauty.camera.videocall/com.lightcone.beautycam.activity .MainActivity]@0#5(BLAST Consumer)5](id:194300000005,api:3,p:938,c:6467) waitForFreeSlotThenRelock TIMED_OUT 0 dequeuedCount=20, acquiredCount=2, mMaxAcquiredBufferCount=1, mMaxDequeuedBufferCount=21
02-20 19:13:13.853 6467 6743 D BufferQueueProducer: [SurfaceView[com.accarunit.beauty.camera.videocall/com.lightcone.beautycam.activity .MainActivity]@0#5(BLAST Consumer)5](id:194300000005,api:3,p:938,c:6467) waitForFreeSlotThenRelock TIMED_OUT 0 dequeuedCount=20, acquiredCount=2, mMaxAcquiredBufferCount=1, mMaxDequeuedBufferCount=21
02-20 19:13:13.865 6467 6743 D BufferQueueProducer: [SurfaceView[com.accarunit.beauty.camera.videocall/com.lightcone.beautycam.activity .MainActivity]@0#5(BLAST Consumer)5](id:194300000005,api:3,p:938,c:6467) waitForFreeSlotThenRelock TIMED_OUT 0 dequeuedCount=20, acquiredCount=2, mMaxAcquiredBufferCount=1, mMaxDequeuedBufferCount=21
02-20 19:13:13.877 6467 6743 D BufferQueueProducer: [SurfaceView[com.accarunit.beauty.camera.videocall/com.lightcone.beautycam.activity .MainActivity]@0#5(BLAST Consumer)5](id:194300000005,api:3,p:938,c:6467) waitForFreeSlotThenRelock TIMED_OUT 0 dequeuedCount=20, acquiredCount=2, mMaxAcquiredBufferCount=1, mMaxDequeuedBufferCount=21
02-20 19:13:13.888 6467 6743 D BufferQueueProducer: [SurfaceView[com.accarunit.beauty.camera.videocall/com.lightcone.beautycam.activity .MainActivity]@0#5(BLAST Consumer)5](id:194300000005,api:3,p:938,c:6467) waitForFreeSlotThenRelock TIMED_OUT 0 dequeuedCount=20, acquiredCount=2, mMaxAcquiredBufferCount=1, mMaxDequeuedBufferCount=21
02-20 19:13:13.891 6467 6467 I ViewRootImpl@89cf70a[BeautyLooksActivity]: performTraversals params={(0,0)(fillxfill) sim={adjust=resize forwardNavigation} layoutInDisplayCutoutMode=shortEdges ty=BASE_APPLICATION wanim=0x1030309
02-20 19:13:13.891 6467 6467 I ViewRootImpl@89cf70a[BeautyLooksActivity]: fl=81810500
02-20 19:13:13.891 6467 6467 I ViewRootImpl@89cf70a[BeautyLooksActivity]: pfl=12020040
02-20 19:13:13.891 6467 6467 I ViewRootImpl@89cf70a[BeautyLooksActivity]: bhv=SHOW_TRANSIENT_BARS_BY_SWIPE
02-20 19:13:13.891 6467 6467 I ViewRootImpl@89cf70a[BeautyLooksActivity]: fitSides= naviIconColor=0
02-20 19:13:13.891 6467 6467 I ViewRootImpl@89cf70a[BeautyLooksActivity]: sfl=100000}
02-20 19:13:13.891 6467 6467 I ViewRootImpl@89cf70a[BeautyLooksActivity]: performTraversals mFirst=true windowShouldResize=true viewVisibilityChanged=false mForceNextWindowRelayout=false params={(0,0)(fillxfill) sim={adjust=resize forwardNavigation} layoutInDisplayCutoutMode=shortEdges ty=BASE_APPLICATION wanim=0x1030309
02-20 19:13:13.891 6467 6467 I ViewRootImpl@89cf70a[BeautyLooksActivity]: fl=81810500
02-20 19:13:13.891 6467 6467 I ViewRootImpl@89cf70a[BeautyLooksActivity]: pfl=12020040
02-20 19:13:13.891 6467 6467 I ViewRootImpl@89cf70a[BeautyLooksActivity]: bhv=SHOW_TRANSIENT_BARS_BY_SWIPE
02-20 19:13:13.891 6467 6467 I ViewRootImpl@89cf70a[BeautyLooksActivity]: fitSides= naviIconColor=0
02-20 19:13:13.891 6467 6467 I ViewRootImpl@89cf70a[BeautyLooksActivity]: sfl=100000}
02-20 19:13:13.898 6467 6743 D BufferQueueProducer: [SurfaceView[com.accarunit.beauty.camera.videocall/com.lightcone.beautycam.activity .MainActivity]@0#5(BLAST Consumer)5](id:194300000005,api:3,p:938,c:6467) waitForFreeSlotThenRelock TIMED_OUT 0 dequeuedCount=20, acquiredCount=2, mMaxAcquiredBufferCount=1, mMaxDequeuedBufferCount=21
02-20 19:13:13.905 6467 6467 D InsetsController: onStateChanged: InsetsState: {mDisplayFrame=Rect(0, 0 - 720, 1600), mDisplayCutout=DisplayCutout{insets=Rect(0, 45 - 0, 0) waterfall=Insets{left=0, top=0, right=0, bottom=0} boundingRect={Bounds=[Rect(0, 0 - 0, 0), Rect(272, 0 - 448, 45), Rect(0, 0 - 0, 0), Rect(0, 0 - 0, 0)]} cutoutPathParserInfo={CutoutPathParserInfo{displayWidth=720 displayHeight=1600 physicalDisplayWidth=720 physicalDisplayHeight=1600 density={1.875} cutoutSpec={M 0,0 H -46.93333333333333 V 24 H 46.93333333333333 V 0 H 0 Z @dp} rotation={0} scale={1.0} physicalPixelDisplaySizeRatio={1.0}}}}, mRoundedCorners=RoundedCorners{[RoundedCorner{position=TopLeft, radius=60, center=Point(60, 60)}, RoundedCorner{position=TopRight, radius=60, center=Point(660, 60)}, RoundedCorner{position=BottomRight, radius=60, center=Point(660, 1540)}, RoundedCorner{position=BottomLeft, radius=60, center=Point(60, 1540)}]} mRoundedCornerFrame=Rect(0, 0 - 720, 1600), mPrivacyIndicatorBounds=PrivacyIndicatorBounds {static bounds=Rect(637, 0 - 720, 49) rotation=0}, mSources= { InsetsSource: {mType=ITYPE_STATUS_BAR, mFrame=[0,0] [720,49], mVisible=true, mInsetsRoundedCornerFrame=false}, InsetsSource: {mType=ITYPE_NAVIGATION_BAR, mFrame=[0,1572][720,1600], mVisible=false, mInsetsRoundedCornerFrame=false}, InsetsSource: {mType=ITYPE_LEFT_GESTURES, mFrame=[0,0][56,1600], mVisible=true, mInsetsRoundedCornerFrame=false}, InsetsSource: {mType=ITYPE_RIGHT_GESTURES, mFrame=[664,0][720,1600], mVisible=true, mInsetsRoundedCornerFrame=false}, InsetsSource: {mType=ITYPE_TOP_MANDATORY_GESTURES, mFrame=[0,0][720,68], mVisible=true, mInsetsRoundedCornerFrame=false}, InsetsSource: {mType=ITYPE_BOTTOM_MANDATORY_GESTURES, mFrame=[0,1540][720,1600], mVisible=true, mInsetsRoundedCornerFrame=false}, InsetsSource: {mType=ITYPE_LEFT_DISPLAY_CUTOUT, mFrame=[0,0][-100000,1600], mVisible=true, mInsetsRoundedCornerFrame=false}, InsetsSource: {mType=ITYPE_TOP_DISPLAY_CUTOUT, mFrame=[0,0][720,45], mVisible=true, mInsetsRoundedCornerFrame=false}, InsetsSource: {mType=ITYPE_RIGHT_DISPLAY_CUTOUT, mFrame=[100000,0][720,1600], mVisible=true, mInsetsRoundedCornerFrame=false}, InsetsSource: {mType=ITYPE_BOTTOM_DISPLAY_CUTOUT, mFrame=[0,100000][720,1600], mVisible=true, mInsetsRoundedCornerFrame=false}, InsetsSource: {mType=ITYPE_TOP_TAPPABLE_ELEMENT, mFrame=[0,0][720,49], mVisible=true, mInsetsRoundedCornerFrame=false}, InsetsSource: {mType=ITYPE_BOTTOM_TAPPABLE_ELEMENT, mFrame=[0,0][0,0], mVisible=true, mInsetsRoundedCornerFrame=false}, InsetsSource: {mType=ITYPE_IME, mFrame=[0,0] [0,0], mVisibleFrame=[0,928][720,1600], mVisible=false, mInsetsRoundedCornerFrame=false} } host=com.accarunit.beauty.camera.videocall/com.lightcone.beautycam.activity.BeautyL ooksActivity from=android.view.ViewRootImpl.relayoutWindow:9802
02-20 19:13:13.906 6467 6467 I ViewRootImpl@89cf70a[BeautyLooksActivity]: updateBlastSurfaceIfNeeded mBlastBufferQueue=null isSameSurfaceControl=false
02-20 19:13:13.907 6467 6467 D BufferQueueConsumer: [](id:194300000006,api:0,p:- 1,c:6467) connect: controlledByApp=false
02-20 19:13:13.908 6467 6467 I BLASTBufferQueue: new BLASTBufferQueue, mName= ViewRootImpl@89cf70a[BeautyLooksActivity] mNativeObject= 0xb40000716d035480 sc.mNativeObject= 0xb40000716cf88f40 caller= android.view.ViewRootImpl.updateBlastSurfaceIfNeeded:2909 android.view.ViewRootImpl.relayoutWindow:9847 android.view.ViewRootImpl.performTraversals:3884 android.view.ViewRootImpl.doTraversal:3116 android.view.ViewRootImpl$TraversalRunnable.run:10885 android.view.Choreographer$CallbackRecord.run:1301 android.view.Choreographer$CallbackRecord.run:1309 android.view.Choreographer.doCallbacks:923 android.view.Choreographer.doFrame:852 android.view.Choreographer$FrameDisplayEventReceiver.run:1283
02-20 19:13:13.908 6467 6467 I BLASTBufferQueue: update, w= 720 h= 1600 mName = ViewRootImpl@89cf70a[BeautyLooksActivity] mNativeObject= 0xb40000716d035480 sc.mNativeObject= 0xb40000716cf88f40 format= -1 caller= android.graphics.BLASTBufferQueue.<init>:84 android.view.ViewRootImpl.updateBlastSurfaceIfNeeded:2909 android.view.ViewRootImpl.relayoutWindow:9847 android.view.ViewRootImpl.performTraversals:3884 android.view.ViewRootImpl.doTraversal:3116 android.view.ViewRootImpl$TraversalRunnable.run:10885
02-20 19:13:13.909 6467 6467 I ViewRootImpl@89cf70a[BeautyLooksActivity]: Relayout returned: old=(0,49,720,1600) new=(0,0,720,1600) req=(720,1551)0 dur=15 res=0x3 s={true 0xb40000716d09d000} ch=true seqId=0
02-20 19:13:13.909 6467 6740 D BufferQueueProducer: [SurfaceView[com.accarunit.beauty.camera.videocall/com.lightcone.beautycam.activity .MainActivity]@0#5(BLAST Consumer)5](id:194300000005,api:3,p:938,c:6467) waitForFreeSlotThenRelock TIMED_OUT 0 dequeuedCount=19, acquiredCount=3, mMaxAcquiredBufferCount=1, mMaxDequeuedBufferCount=21
02-20 19:13:13.911 6467 6533 D BufferQueueProducer: [ViewRootImpl@89cf70a[BeautyLooksActivity]#6(BLAST Consumer)6] (id:194300000006,api:1,p:6467,c:6467) connect: api=1 producerControlledByApp=true
02-20 19:13:13.911 6467 6467 I ViewRootImpl@89cf70a[BeautyLooksActivity]: mThreadedRenderer.initialize() mSurface={isValid=true 0xb40000716d09d000} hwInitialized=true
02-20 19:13:13.911 6467 6533 D OpenGLRenderer: eglCreateWindowSurface
02-20 19:13:13.915 6467 6740 I ViewRootImpl@89cf70a[BeautyLooksActivity]: Resizing android.view.ViewRootImpl@e2d5d62: frame = [0,0][720,1600] reportDraw = true forceLayout = false syncSeqId = 0
02-20 19:13:13.920 6467 6743 D BufferQueueProducer: [SurfaceView[com.accarunit.beauty.camera.videocall/com.lightcone.beautycam.activity .MainActivity]@0#5(BLAST Consumer)5](id:194300000005,api:3,p:938,c:6467) waitForFreeSlotThenRelock TIMED_OUT 0 dequeuedCount=20, acquiredCount=2, mMaxAcquiredBufferCount=1, mMaxDequeuedBufferCount=21
02-20 19:13:13.931 6467 6740 D BufferQueueProducer: [SurfaceView[com.accarunit.beauty.camera.videocall/com.lightcone.beautycam.activity .MainActivity]@0#5(BLAST Consumer)5](id:194300000005,api:3,p:938,c:6467) waitForFreeSlotThenRelock TIMED_OUT 0 dequeuedCount=20, acquiredCount=2, mMaxAcquiredBufferCount=1, mMaxDequeuedBufferCount=21
02-20 19:13:13.942 6467 6740 D BufferQueueProducer: [SurfaceView[com.accarunit.beauty.camera.videocall/com.lightcone.beautycam.activity .MainActivity]@0#5(BLAST Consumer)5](id:194300000005,api:3,p:938,c:6467) waitForFreeSlotThenRelock TIMED_OUT 0 dequeuedCount=19, acquiredCount=3, mMaxAcquiredBufferCount=1, mMaxDequeuedBufferCount=21
02-20 19:13:13.954 6467 6740 D BufferQueueProducer: [SurfaceView[com.accarunit.beauty.camera.videocall/com.lightcone.beautycam.activity .MainActivity]@0#5(BLAST Consumer)5](id:194300000005,api:3,p:938,c:6467) waitForFreeSlotThenRelock TIMED_OUT 0 dequeuedCount=20, acquiredCount=2, mMaxAcquiredBufferCount=1, mMaxDequeuedBufferCount=21
02-20 19:13:13.955 6467 6467 I ViewRootImpl@89cf70a[BeautyLooksActivity]: reportNextDraw android.view.ViewRootImpl.performTraversals:4438 android.view.ViewRootImpl.doTraversal:3116 android.view.ViewRootImpl$TraversalRunnable.run:10885 android.view.Choreographer$CallbackRecord.run:1301 android.view.Choreographer$CallbackRecord.run:1309
02-20 19:13:13.955 6467 6467 I ViewRootImpl@89cf70a[BeautyLooksActivity]: Setup new sync id=0
02-20 19:13:13.955 6467 6467 I ViewRootImpl@89cf70a[BeautyLooksActivity]: Setting syncFrameCallback
02-20 19:13:13.955 6467 6467 I ViewRootImpl@89cf70a[BeautyLooksActivity]: registerCallbacksForSync syncBuffer=false
02-20 19:13:13.962 6467 6560 I ViewRootImpl@89cf70a[BeautyLooksActivity]: Received frameDrawingCallback syncResult=0 frameNum=1.
02-20 19:13:13.963 6467 6560 I ViewRootImpl@89cf70a[BeautyLooksActivity]: Setting up sync and frameCommitCallback
02-20 19:13:13.965 6467 6740 D BufferQueueProducer: [SurfaceView[com.accarunit.beauty.camera.videocall/com.lightcone.beautycam.activity .MainActivity]@0#5(BLAST Consumer)5](id:194300000005,api:3,p:938,c:6467) waitForFreeSlotThenRelock TIMED_OUT 0 dequeuedCount=20, acquiredCount=2, mMaxAcquiredBufferCount=1, mMaxDequeuedBufferCount=21
02-20 19:13:13.978 6467 6743 D BufferQueueProducer: [SurfaceView[com.accarunit.beauty.camera.videocall/com.lightcone.beautycam.activity .MainActivity]@0#5(BLAST Consumer)5](id:194300000005,api:3,p:938,c:6467) waitForFreeSlotThenRelock TIMED_OUT 0 dequeuedCount=20, acquiredCount=2, mMaxAcquiredBufferCount=1, mMaxDequeuedBufferCount=21
02-20 19:13:13.989 6467 6743 D BufferQueueProducer: [SurfaceView[com.accarunit.beauty.camera.videocall/com.lightcone.beautycam.activity .MainActivity]@0#5(BLAST Consumer)5](id:194300000005,api:3,p:938,c:6467) waitForFreeSlotThenRelock TIMED_OUT 0 dequeuedCount=20, acquiredCount=2, mMaxAcquiredBufferCount=1, mMaxDequeuedBufferCount=21
02-20 19:13:14.000 6467 6743 D BufferQueueProducer: [SurfaceView[com.accarunit.beauty.camera.videocall/com.lightcone.beautycam.activity .MainActivity]@0#5(BLAST Consumer)5](id:194300000005,api:3,p:938,c:6467) waitForFreeSlotThenRelock TIMED_OUT 0 dequeuedCount=20, acquiredCount=2, mMaxAcquiredBufferCount=1, mMaxDequeuedBufferCount=21
02-20 19:13:14.011 6467 6743 D BufferQueueProducer: [SurfaceView[com.accarunit.beauty.camera.videocall/com.lightcone.beautycam.activity .MainActivity]@0#5(BLAST Consumer)5](id:194300000005,api:3,p:938,c:6467) waitForFreeSlotThenRelock TIMED_OUT 0 dequeuedCount=19, acquiredCount=3, mMaxAcquiredBufferCount=1, mMaxDequeuedBufferCount=21
02-20 19:13:14.022 6467 6740 D BufferQueueProducer: [SurfaceView[com.accarunit.beauty.camera.videocall/com.lightcone.beautycam.activity .MainActivity]@0#5(BLAST Consumer)5](id:194300000005,api:3,p:938,c:6467) waitForFreeSlotThenRelock TIMED_OUT 0 dequeuedCount=20, acquiredCount=2, mMaxAcquiredBufferCount=1, mMaxDequeuedBufferCount=21
02-20 19:13:14.033 6467 6740 D BufferQueueProducer: [SurfaceView[com.accarunit.beauty.camera.videocall/com.lightcone.beautycam.activity .MainActivity]@0#5(BLAST Consumer)5](id:194300000005,api:3,p:938,c:6467) waitForFreeSlotThenRelock TIMED_OUT 0 dequeuedCount=20, acquiredCount=2, mMaxAcquiredBufferCount=1, mMaxDequeuedBufferCount=21
02-20 19:13:14.044 6467 6740 D BufferQueueProducer: [SurfaceView[com.accarunit.beauty.camera.videocall/com.lightcone.beautycam.activity .MainActivity]@0#5(BLAST Consumer)5](id:194300000005,api:3,p:938,c:6467) waitForFreeSlotThenRelock TIMED_OUT 0 dequeuedCount=19, acquiredCount=3, mMaxAcquiredBufferCount=1, mMaxDequeuedBufferCount=21
02-20 19:13:14.055 6467 6743 D BufferQueueProducer: [SurfaceView[com.accarunit.beauty.camera.videocall/com.lightcone.beautycam.activity .MainActivity]@0#5(BLAST Consumer)5](id:194300000005,api:3,p:938,c:6467) waitForFreeSlotThenRelock TIMED_OUT 0 dequeuedCount=20, acquiredCount=2, mMaxAcquiredBufferCount=1, mMaxDequeuedBufferCount=21
02-20 19:13:14.066 6467 6743 D BufferQueueProducer: [SurfaceView[com.accarunit.beauty.camera.videocall/com.lightcone.beautycam.activity .MainActivity]@0#5(BLAST Consumer)5](id:194300000005,api:3,p:938,c:6467) waitForFreeSlotThenRelock TIMED_OUT 0 dequeuedCount=20, acquiredCount=2, mMaxAcquiredBufferCount=1, mMaxDequeuedBufferCount=21
02-20 19:13:14.071 6467 6533 E IMGMapper: set:488 set: Unset optional value from type SMPTE2086
02-20 19:13:14.071 6467 6533 E IMGMapper: set:488 set: Unset optional value from type CTA861_3
02-20 19:13:14.071 6467 6533 I BLASTBufferQueue: [ViewRootImpl@89cf70a[BeautyLooksActivity]#6](f:0,a:0) onFrameAvailable the first frame is available
02-20 19:13:14.071 6467 6533 D BLASTBufferQueue: [ViewRootImpl@89cf70a[BeautyLooksActivity]#6](f:0,a:1) acquireNextBufferLocked size=720x1600 mFrameNumber=1 applyTransaction=true mTimestamp=113888144642477(auto) mPendingTransactions.size=0 graphicBufferId=27775553503298 transform=0
02-20 19:13:14.072 6467 6533 I ViewRootImpl@89cf70a[BeautyLooksActivity]: Received frameCommittedCallback lastAttemptedDrawFrameNum=1 didProduceBuffer=true
02-20 19:13:14.073 6467 6533 D OpenGLRenderer: CFMS:: SetUp Pid : 6467 Tid : 6533
02-20 19:13:14.074 6467 6533 W Parcel : Expecting binder but got null!
02-20 19:13:14.074 6467 6467 I ViewRootImpl@89cf70a[BeautyLooksActivity]: onSyncComplete
02-20 19:13:14.075 6467 6467 I ViewRootImpl@89cf70a[BeautyLooksActivity]: setupSync seqId=0 mSyncId=0 fn=1 caller=android.view.ViewRootImpl$ $ExternalSyntheticLambda11.accept:6 android.window.SurfaceSyncer.lambda$setupSync$1$android-window-SurfaceSyncer:128 android.window.SurfaceSyncer$$ExternalSyntheticLambda1.accept:8 android.window.SurfaceSyncer$SyncSet.checkIfSyncIsComplete:382 android.window.SurfaceSyncer$SyncSet.markSyncReady:359 android.window.SurfaceSyncer.markSyncReady:151 android.view.ViewRootImpl.performTraversals:4503
02-20 19:13:14.075 6467 6467 I ViewRootImpl@89cf70a[BeautyLooksActivity]: reportDrawFinished seqId=0 mSyncId=-1 fn=1 mSurfaceChangedTransaction=0xb4000070e0646e00
02-20 19:13:14.077 6467 6740 D BufferQueueProducer: [SurfaceView[com.accarunit.beauty.camera.videocall/com.lightcone.beautycam.activity .MainActivity]@0#5(BLAST Consumer)5](id:194300000005,api:3,p:938,c:6467) waitForFreeSlotThenRelock TIMED_OUT 0 dequeuedCount=19, acquiredCount=3, mMaxAcquiredBufferCount=1, mMaxDequeuedBufferCount=21
02-20 19:13:14.085 6467 6467 I [LiveEventBus]: post: com.lightcone.beautycam.viewmodel.event.FilterGroupListUpdateEvent@c40bbd8 with key: class com.lightcone.beautycam.viewmodel.event.FilterGroupListUpdateEvent
02-20 19:13:14.088 6467 6740 D BufferQueueProducer: [SurfaceView[com.accarunit.beauty.camera.videocall/com.lightcone.beautycam.activity .MainActivity]@0#5(BLAST Consumer)5](id:194300000005,api:3,p:938,c:6467) waitForFreeSlotThenRelock TIMED_OUT 0 dequeuedCount=20, acquiredCount=2, mMaxAcquiredBufferCount=1, mMaxDequeuedBufferCount=21
02-20 19:13:14.092 6467 6467 I [LiveEventBus]: post: com.lightcone.beautycam.viewmodel.event.FilterListUpdateEvent@a191216 with key: class com.lightcone.beautycam.viewmodel.event.FilterListUpdateEvent
02-20 19:13:14.094 6467 6467 I [LiveEventBus]: post: com.lightcone.beautycam.viewmodel.event.FavoriteFilterListUpdateEvent@af1bd84 with key: class com.lightcone.beautycam.viewmodel.event.FavoriteFilterListUpdateEvent
02-20 19:13:14.099 6467 6740 D BufferQueueProducer: [SurfaceView[com.accarunit.beauty.camera.videocall/com.lightcone.beautycam.activity .MainActivity]@0#5(BLAST Consumer)5](id:194300000005,api:3,p:938,c:6467) waitForFreeSlotThenRelock TIMED_OUT 0 dequeuedCount=20, acquiredCount=2, mMaxAcquiredBufferCount=1, mMaxDequeuedBufferCount=21
02-20 19:13:14.099 6467 6467 D SurfaceView@28c39a2: updateSurface: has no frame
02-20 19:13:14.100 6467 6467 I SurfaceView@28c39a2: onWindowVisibilityChanged(0) true d.c.d.l.t0{28c39a2 V.E...... ......I. 0,0-0,0} of ViewRootImpl@89cf70a[BeautyLooksActivity]
02-20 19:13:14.100 6467 6467 D SurfaceView@28c39a2: updateSurface: has no frame
02-20 19:13:14.100 6467 6467 I [LiveEventBus]: post: com.lightcone.beautycam.viewmodel.event.EffectListUpdateEvent@4901633 with key: class com.lightcone.beautycam.viewmodel.event.EffectListUpdateEvent
02-20 19:13:14.100 6467 6467 I [LiveEventBus]: message received: com.lightcone.beautycam.viewmodel.event.EffectListUpdateEvent@4901633
02-20 19:13:14.100 6467 6467 I [LiveEventBus]: post: com.lightcone.beautycam.viewmodel.event.EffectGroupListUpdateEvent@295df69 with key: class com.lightcone.beautycam.viewmodel.event.EffectGroupListUpdateEvent
02-20 19:13:14.100 6467 6467 I [LiveEventBus]: message received: com.lightcone.beautycam.viewmodel.event.EffectGroupListUpdateEvent@295df69
02-20 19:13:14.100 6467 6467 I [LiveEventBus]: broadcast: com.lightcone.beautycam.viewmodel.event.FavoriteEffectListUpdateEvent@e2be28f foreground: false with key: class com.lightcone.beautycam.viewmodel.event.FavoriteEffectListUpdateEvent
02-20 19:13:14.104 6467 6467 E MainActivity: onBannerTimerProcess: false
02-20 19:13:14.105 6467 6467 D InsetsController: onStateChanged: InsetsState: {mDisplayFrame=Rect(0, 0 - 720, 1600), mDisplayCutout=DisplayCutout{insets=Rect(0, 45 - 0, 0) waterfall=Insets{left=0, top=0, right=0, bottom=0} boundingRect={Bounds=[Rect(0, 0 - 0, 0), Rect(272, 0 - 448, 45), Rect(0, 0 - 0, 0), Rect(0, 0 - 0, 0)]} cutoutPathParserInfo={CutoutPathParserInfo{displayWidth=720 displayHeight=1600 physicalDisplayWidth=720 physicalDisplayHeight=1600 density={1.875} cutoutSpec={M 0,0 H -46.93333333333333 V 24 H 46.93333333333333 V 0 H 0 Z @dp} rotation={0} scale={1.0} physicalPixelDisplaySizeRatio={1.0}}}}, mRoundedCorners=RoundedCorners{[RoundedCorner{position=TopLeft, radius=60, center=Point(60, 60)}, RoundedCorner{position=TopRight, radius=60, center=Point(660, 60)}, RoundedCorner{position=BottomRight, radius=60, center=Point(660, 1540)}, RoundedCorner{position=BottomLeft, radius=60, center=Point(60, 1540)}]} mRoundedCornerFrame=Rect(0, 0 - 720, 1600), mPrivacyIndicatorBounds=PrivacyIndicatorBounds {static bounds=Rect(637, 0 - 720, 49) rotation=0}, mSources= { InsetsSource: {mType=ITYPE_STATUS_BAR, mFrame=[0,0] [720,49], mVisible=true, mInsetsRoundedCornerFrame=false}, InsetsSource: {mType=ITYPE_NAVIGATION_BAR, mFrame=[0,1572][720,1600], mVisible=false, mInsetsRoundedCornerFrame=false}, InsetsSource: {mType=ITYPE_LEFT_GESTURES, mFrame=[0,0][56,1600], mVisible=true, mInsetsRoundedCornerFrame=false}, InsetsSource: {mType=ITYPE_RIGHT_GESTURES, mFrame=[664,0][720,1600], mVisible=true, mInsetsRoundedCornerFrame=false}, InsetsSource: {mType=ITYPE_TOP_MANDATORY_GESTURES, mFrame=[0,0][720,68], mVisible=true, mInsetsRoundedCornerFrame=false}, InsetsSource: {mType=ITYPE_BOTTOM_MANDATORY_GESTURES, mFrame=[0,1540][720,1600], mVisible=true, mInsetsRoundedCornerFrame=false}, InsetsSource: {mType=ITYPE_LEFT_DISPLAY_CUTOUT, mFrame=[0,0][-100000,1600], mVisible=true, mInsetsRoundedCornerFrame=false}, InsetsSource: {mType=ITYPE_TOP_DISPLAY_CUTOUT, mFrame=[0,0][720,45], mVisible=true, mInsetsRoundedCornerFrame=false}, InsetsSource: {mType=ITYPE_RIGHT_DISPLAY_CUTOUT, mFrame=[100000,0][720,1600], mVisible=true, mInsetsRoundedCornerFrame=false}, InsetsSource: {mType=ITYPE_BOTTOM_DISPLAY_CUTOUT, mFrame=[0,100000][720,1600], mVisible=true, mInsetsRoundedCornerFrame=false}, InsetsSource: {mType=ITYPE_TOP_TAPPABLE_ELEMENT, mFrame=[0,0][720,49], mVisible=true, mInsetsRoundedCornerFrame=false}, InsetsSource: {mType=ITYPE_BOTTOM_TAPPABLE_ELEMENT, mFrame=[0,0][0,0], mVisible=true, mInsetsRoundedCornerFrame=false}, InsetsSource: {mType=ITYPE_IME, mFrame=[0,0] [0,0], mVisibleFrame=[0,928][720,1600], mVisible=false, mInsetsRoundedCornerFrame=false} } host=com.accarunit.beauty.camera.videocall/com.lightcone.beautycam.activity.BeautyL ooksActivity from=android.view.ViewRootImpl$ViewRootHandler.handleMessageImpl:6740
02-20 19:13:14.105 6467 6467 D InsetsController: controlAnimationUnchecked: Added types=2 animType=0 host=com.accarunit.beauty.camera.videocall/com.lightcone.beautycam.activity.BeautyL ooksActivity from=android.view.InsetsController.applyAnimation:1576 android.view.InsetsController.applyAnimation:1557 android.view.InsetsController.onControlsChanged:992
02-20 19:13:14.106 6467 6467 D InsetsController: controlAnimationUnchecked: Added types=1 animType=1 host=com.accarunit.beauty.camera.videocall/com.lightcone.beautycam.activity.BeautyL ooksActivity from=android.view.InsetsController.applyAnimation:1576 android.view.InsetsController.applyAnimation:1557 android.view.InsetsController.onControlsChanged:995
02-20 19:13:14.106 6467 6467 D InsetsController: onStateChanged: InsetsState: {mDisplayFrame=Rect(0, 0 - 720, 1600), mDisplayCutout=DisplayCutout{insets=Rect(0, 45 - 0, 0) waterfall=Insets{left=0, top=0, right=0, bottom=0} boundingRect={Bounds=[Rect(0, 0 - 0, 0), Rect(272, 0 - 448, 45), Rect(0, 0 - 0, 0), Rect(0, 0 - 0, 0)]} cutoutPathParserInfo={CutoutPathParserInfo{displayWidth=720 displayHeight=1600 physicalDisplayWidth=720 physicalDisplayHeight=1600 density={1.875} cutoutSpec={M 0,0 H -46.93333333333333 V 24 H 46.93333333333333 V 0 H 0 Z @dp} rotation={0} scale={1.0} physicalPixelDisplaySizeRatio={1.0}}}}, mRoundedCorners=RoundedCorners{[RoundedCorner{position=TopLeft, radius=60, center=Point(60, 60)}, RoundedCorner{position=TopRight, radius=60, center=Point(660, 60)}, RoundedCorner{position=BottomRight, radius=60, center=Point(660, 1540)}, RoundedCorner{position=BottomLeft, radius=60, center=Point(60, 1540)}]} mRoundedCornerFrame=Rect(0, 0 - 720, 1600), mPrivacyIndicatorBounds=PrivacyIndicatorBounds {static bounds=Rect(637, 0 - 720, 49) rotation=0}, mSources= { InsetsSource: {mType=ITYPE_STATUS_BAR, mFrame=[0,0] [720,49], mVisible=false, mInsetsRoundedCornerFrame=false}, InsetsSource: {mType=ITYPE_NAVIGATION_BAR, mFrame=[0,1572][720,1600], mVisible=true, mInsetsRoundedCornerFrame=false}, InsetsSource: {mType=ITYPE_LEFT_GESTURES, mFrame=[0,0][56,1600], mVisible=true, mInsetsRoundedCornerFrame=false}, InsetsSource: {mType=ITYPE_RIGHT_GESTURES, mFrame=[664,0][720,1600], mVisible=true, mInsetsRoundedCornerFrame=false}, InsetsSource: {mType=ITYPE_TOP_MANDATORY_GESTURES, mFrame=[0,0][720,68], mVisible=true, mInsetsRoundedCornerFrame=false}, InsetsSource: {mType=ITYPE_BOTTOM_MANDATORY_GESTURES, mFrame=[0,1540][720,1600], mVisible=true, mInsetsRoundedCornerFrame=false}, InsetsSource: {mType=ITYPE_LEFT_DISPLAY_CUTOUT, mFrame=[0,0][-100000,1600], mVisible=true, mInsetsRoundedCornerFrame=false}, InsetsSource: {mType=ITYPE_TOP_DISPLAY_CUTOUT, mFrame=[0,0][720,45], mVisible=true, mInsetsRoundedCornerFrame=false}, InsetsSource: {mType=ITYPE_RIGHT_DISPLAY_CUTOUT, mFrame=[100000,0][720,1600], mVisible=true, mInsetsRoundedCornerFrame=false}, InsetsSource: {mType=ITYPE_BOTTOM_DISPLAY_CUTOUT, mFrame=[0,100000][720,1600], mVisible=true, mInsetsRoundedCornerFrame=false}, InsetsSource: {mType=ITYPE_TOP_TAPPABLE_ELEMENT, mFrame=[0,0][720,49], mVisible=true, mInsetsRoundedCornerFrame=false}, InsetsSource: {mType=ITYPE_BOTTOM_TAPPABLE_ELEMENT, mFrame=[0,0][0,0], mVisible=true, mInsetsRoundedCornerFrame=false}, InsetsSource: {mType=ITYPE_IME, mFrame=[0,0] [0,0], mVisibleFrame=[0,928][720,1600], mVisible=false, mInsetsRoundedCornerFrame=false} } host=com.accarunit.beauty.camera.videocall/com.lightcone.beautycam.activity.BeautyL ooksActivity from=android.view.ViewRootImpl$ViewRootHandler.handleMessageImpl:6727
02-20 19:13:14.106 6467 6467 I ViewRootImpl@89cf70a[BeautyLooksActivity]: handleResized, msg = 5 frames=ClientWindowFrames{frame=[0,0][720,1600] display=[0,0][720,1600] parentFrame=[0,0][0,0] parentClippedByDisplayCutout=false} forceNextWindowRelayout=false displayId=0 resizeMode=-1 frameChanged=false displayFrameChanged=false configChanged=false displayChanged=false
02-20 19:13:14.106 6467 6467 I ViewRootImpl@89cf70a[BeautyLooksActivity]: handleResized mSyncSeqId = 0
02-20 19:13:14.107 6467 6467 I ViewRootImpl@89cf70a[BeautyLooksActivity]: reportNextDraw android.view.ViewRootImpl.handleResized:2450 android.view.ViewRootImpl.-$$Nest$mhandleResized:0 android.view.ViewRootImpl$ViewRootHandler.handleMessageImpl:6728 android.view.ViewRootImpl$ViewRootHandler.handleMessage:6697 android.os.Handler.dispatchMessage:106
02-20 19:13:14.110 6467 6740 D BufferQueueProducer: [SurfaceView[com.accarunit.beauty.camera.videocall/com.lightcone.beautycam.activity .MainActivity]@0#5(BLAST Consumer)5](id:194300000005,api:3,p:938,c:6467) waitForFreeSlotThenRelock TIMED_OUT 0 dequeuedCount=19, acquiredCount=3, mMaxAcquiredBufferCount=1, mMaxDequeuedBufferCount=21
02-20 19:13:14.121 6467 6659 D BufferQueueProducer: [SurfaceView[com.accarunit.beauty.camera.videocall/com.lightcone.beautycam.activity .MainActivity]@0#5(BLAST Consumer)5](id:194300000005,api:3,p:938,c:6467) waitForFreeSlotThenRelock TIMED_OUT 0 dequeuedCount=20, acquiredCount=2, mMaxAcquiredBufferCount=1, mMaxDequeuedBufferCount=21
02-20 19:13:14.132 6467 6659 D BufferQueueProducer: [SurfaceView[com.accarunit.beauty.camera.videocall/com.lightcone.beautycam.activity .MainActivity]@0#5(BLAST Consumer)5](id:194300000005,api:3,p:938,c:6467) waitForFreeSlotThenRelock TIMED_OUT 0 dequeuedCount=20, acquiredCount=2, mMaxAcquiredBufferCount=1, mMaxDequeuedBufferCount=21
02-20 19:13:14.143 6467 6659 D BufferQueueProducer: [SurfaceView[com.accarunit.beauty.camera.videocall/com.lightcone.beautycam.activity .MainActivity]@0#5(BLAST Consumer)5](id:194300000005,api:3,p:938,c:6467) waitForFreeSlotThenRelock TIMED_OUT 0 dequeuedCount=19, acquiredCount=3, mMaxAcquiredBufferCount=1, mMaxDequeuedBufferCount=21
02-20 19:13:14.152 6467 6467 I DecorView: notifyKeepScreenOnChanged: keepScreenOn=false
02-20 19:13:14.154 6467 6467 I ViewRootImpl@89cf70a[BeautyLooksActivity]: performTraversals params={(0,0)(fillxfill) sim={adjust=resize forwardNavigation} layoutInDisplayCutoutMode=shortEdges ty=BASE_APPLICATION wanim=0x1030309
02-20 19:13:14.154 6467 6467 I ViewRootImpl@89cf70a[BeautyLooksActivity]: fl=81810500
02-20 19:13:14.154 6467 6467 I ViewRootImpl@89cf70a[BeautyLooksActivity]: pfl=12020040
02-20 19:13:14.154 6467 6467 I ViewRootImpl@89cf70a[BeautyLooksActivity]: vsysui=1404
02-20 19:13:14.154 6467 6467 I ViewRootImpl@89cf70a[BeautyLooksActivity]: bhv=SHOW_TRANSIENT_BARS_BY_SWIPE
02-20 19:13:14.154 6467 6467 I ViewRootImpl@89cf70a[BeautyLooksActivity]: fitSides= naviIconColor=0
02-20 19:13:14.154 6467 6467 I ViewRootImpl@89cf70a[BeautyLooksActivity]: sfl=100000}
02-20 19:13:14.154 6467 6467 I ViewRootImpl@89cf70a[BeautyLooksActivity]: performTraversals mFirst=false windowShouldResize=false viewVisibilityChanged=false mForceNextWindowRelayout=false params={(0,0)(fillxfill) sim={adjust=resize forwardNavigation} layoutInDisplayCutoutMode=shortEdges ty=BASE_APPLICATION fmt=TRANSLUCENT wanim=0x1030309
02-20 19:13:14.154 6467 6467 I ViewRootImpl@89cf70a[BeautyLooksActivity]: fl=81810500
02-20 19:13:14.154 6467 6467 I ViewRootImpl@89cf70a[BeautyLooksActivity]: pfl=12020040
02-20 19:13:14.154 6467 6467 I ViewRootImpl@89cf70a[BeautyLooksActivity]: vsysui=1404
02-20 19:13:14.154 6467 6467 I ViewRootImpl@89cf70a[BeautyLooksActivity]: bhv=SHOW_TRANSIENT_BARS_BY_SWIPE
02-20 19:13:14.154 6467 6467 I ViewRootImpl@89cf70a[BeautyLooksActivity]: fitSides= naviIconColor=0
02-20 19:13:14.154 6467 6467 I ViewRootImpl@89cf70a[BeautyLooksActivity]: sfl=100000}
02-20 19:13:14.155 6467 6659 D BufferQueueProducer: [SurfaceView[com.accarunit.beauty.camera.videocall/com.lightcone.beautycam.activity .MainActivity]@0#5(BLAST Consumer)5](id:194300000005,api:3,p:938,c:6467) waitForFreeSlotThenRelock TIMED_OUT 0 dequeuedCount=20, acquiredCount=2, mMaxAcquiredBufferCount=1, mMaxDequeuedBufferCount=21
02-20 19:13:14.161 6467 6467 I ViewRootImpl@89cf70a[BeautyLooksActivity]: updateBlastSurfaceIfNeeded mBlastBufferQueue=0xb40000716d035480 isSameSurfaceControl=true
02-20 19:13:14.162 6467 6467 I BLASTBufferQueue: update, w= 720 h= 1600 mName = ViewRootImpl@89cf70a[BeautyLooksActivity] mNativeObject= 0xb40000716d035480 sc.mNativeObject= 0xb40000716cf8b2e0 format= -3 caller= android.view.ViewRootImpl.updateBlastSurfaceIfNeeded:2898 android.view.ViewRootImpl.relayoutWindow:9847 android.view.ViewRootImpl.performTraversals:3884 android.view.ViewRootImpl.doTraversal:3116 android.view.ViewRootImpl$TraversalRunnable.run:10885 android.view.Choreographer$CallbackRecord.run:1301
02-20 19:13:14.162 6467 6467 I ViewRootImpl@89cf70a[BeautyLooksActivity]: Relayout returned: old=(0,0,720,1600) new=(0,0,720,1600) req=(720,1600)0 dur=7 res=0x0 s={true 0xb40000716d09d000} ch=false seqId=0
02-20 19:13:14.166 6467 6659 D BufferQueueProducer: [SurfaceView[com.accarunit.beauty.camera.videocall/com.lightcone.beautycam.activity .MainActivity]@0#5(BLAST Consumer)5](id:194300000005,api:3,p:938,c:6467) waitForFreeSlotThenRelock TIMED_OUT 0 dequeuedCount=20, acquiredCount=2, mMaxAcquiredBufferCount=1, mMaxDequeuedBufferCount=21
02-20 19:13:14.174 6467 6467 D SurfaceView@28c39a2: updateSurface: has no frame
02-20 19:13:14.177 6467 6659 D BufferQueueProducer: [SurfaceView[com.accarunit.beauty.camera.videocall/com.lightcone.beautycam.activity .MainActivity]@0#5(BLAST Consumer)5](id:194300000005,api:3,p:938,c:6467) waitForFreeSlotThenRelock TIMED_OUT 0 dequeuedCount=19, acquiredCount=3, mMaxAcquiredBufferCount=1, mMaxDequeuedBufferCount=21
02-20 19:13:14.188 6467 6659 D BufferQueueProducer: [SurfaceView[com.accarunit.beauty.camera.videocall/com.lightcone.beautycam.activity .MainActivity]@0#5(BLAST Consumer)5](id:194300000005,api:3,p:938,c:6467) waitForFreeSlotThenRelock TIMED_OUT 0 dequeuedCount=19, acquiredCount=3, mMaxAcquiredBufferCount=1, mMaxDequeuedBufferCount=21
02-20 19:13:14.200 6467 6740 D BufferQueueProducer: [SurfaceView[com.accarunit.beauty.camera.videocall/com.lightcone.beautycam.activity .MainActivity]@0#5(BLAST Consumer)5](id:194300000005,api:3,p:938,c:6467) waitForFreeSlotThenRelock TIMED_OUT 0 dequeuedCount=20, acquiredCount=2, mMaxAcquiredBufferCount=1, mMaxDequeuedBufferCount=21
02-20 19:13:14.202 6467 6833 D TrafficStats: tagSocket(141) with statsTag=0xffffffff, statsUid=-1
02-20 19:13:14.204 6467 6838 D TrafficStats: tagSocket(264) with statsTag=0xffffffff, statsUid=-1
02-20 19:13:14.211 6467 6740 D BufferQueueProducer: [SurfaceView[com.accarunit.beauty.camera.videocall/com.lightcone.beautycam.activity .MainActivity]@0#5(BLAST Consumer)5](id:194300000005,api:3,p:938,c:6467) waitForFreeSlotThenRelock TIMED_OUT 0 dequeuedCount=19, acquiredCount=3, mMaxAcquiredBufferCount=1, mMaxDequeuedBufferCount=21
02-20 19:13:14.216 6467 6840 D TrafficStats: tagSocket(213) with statsTag=0xffffffff, statsUid=-1
02-20 19:13:14.221 6467 6842 D TrafficStats: tagSocket(266) with statsTag=0xffffffff, statsUid=-1
02-20 19:13:14.222 6467 6740 D BufferQueueProducer: [SurfaceView[com.accarunit.beauty.camera.videocall/com.lightcone.beautycam.activity .MainActivity]@0#5(BLAST Consumer)5](id:194300000005,api:3,p:938,c:6467) waitForFreeSlotThenRelock TIMED_OUT 0 dequeuedCount=19, acquiredCount=3, mMaxAcquiredBufferCount=1, mMaxDequeuedBufferCount=21
02-20 19:13:14.229 6467 6844 D TrafficStats: tagSocket(270) with statsTag=0xffffffff, statsUid=-1
02-20 19:13:14.234 6467 6659 D BufferQueueProducer: [SurfaceView[com.accarunit.beauty.camera.videocall/com.lightcone.beautycam.activity .MainActivity]@0#5(BLAST Consumer)5](id:194300000005,api:3,p:938,c:6467) waitForFreeSlotThenRelock TIMED_OUT 0 dequeuedCount=20, acquiredCount=2, mMaxAcquiredBufferCount=1, mMaxDequeuedBufferCount=21
02-20 19:13:14.245 6467 6659 D BufferQueueProducer: [SurfaceView[com.accarunit.beauty.camera.videocall/com.lightcone.beautycam.activity .MainActivity]@0#5(BLAST Consumer)5](id:194300000005,api:3,p:938,c:6467) waitForFreeSlotThenRelock TIMED_OUT 0 dequeuedCount=19, acquiredCount=3, mMaxAcquiredBufferCount=1, mMaxDequeuedBufferCount=21
02-20 19:13:14.246 6467 6467 I SurfaceView@28c39a2: Changes: creating=true format=true size=true visible=true alpha=false hint=false mUseAlpha=false visible=true left=true top=true
02-20 19:13:14.249 6467 6467 D BufferQueueConsumer: [](id:194300000007,api:0,p:- 1,c:6467) connect: controlledByApp=false
02-20 19:13:14.250 6467 6467 I BLASTBufferQueue: update, w= 720 h= 1572 mName = null mNativeObject= 0xb4000070d7fcce00 sc.mNativeObject= 0xb4000070d8020b80 format= 4 caller= android.view.SurfaceView.createBlastSurfaceControls:1383 android.view.SurfaceView.updateSurface:1079 android.view.SurfaceView.lambda$new$0$android-view-SurfaceView:200 android.view.SurfaceView$$ExternalSyntheticLambda5.onPreDraw:2 android.view.ViewTreeObserver.dispatchOnPreDraw:1121 android.view.ViewRootImpl.performTraversals:4442
02-20 19:13:14.250 6467 6467 I SurfaceView@28c39a2: 42744226 Cur surface: Surface(name=null)/@0xfe837c6
02-20 19:13:14.250 6467 6467 I SurfaceView@28c39a2: pST: sr = Rect(0, 0 - 720, 1572) sw = 720 sh = 1572
02-20 19:13:14.251 6467 6467 D SurfaceView@28c39a2: performSurfaceTransaction RenderWorker position = [0, 0, 720, 1572] surfaceSize = 720x1572
02-20 19:13:14.251 6467 6467 I SurfaceView@28c39a2: applyTransactionOnVriDraw: vri = ViewRootImpl@89cf70a[BeautyLooksActivity] fRS = false t = 0xb40000717652fd00 android.view.SurfaceView.performSurfaceTransaction:959 android.view.SurfaceView.updateSurface:1105 android.view.SurfaceView.lambda$new$0$android-view-SurfaceView:200
02-20 19:13:14.251 6467 6467 I ViewRootImpl@89cf70a[BeautyLooksActivity]: applyTransactionOnDraw: mRemoved = false isHardwareEnabled = true t = 0xb40000717652fd00android.view.SurfaceView.applyTransactionOnVriDraw:2048 android.view.SurfaceView.performSurfaceTransaction:959 android.view.SurfaceView.updateSurface:1105 android.view.SurfaceView.lambda$new$0$android-view-SurfaceView:200 android.view.SurfaceView$$ExternalSyntheticLambda5.onPreDraw:2
02-20 19:13:14.251 6467 6467 I SurfaceView@28c39a2: updateSurface: mVisible = true mSurface.isValid() = true
02-20 19:13:14.251 6467 6467 I SurfaceView@28c39a2: updateSurface: mSurfaceCreated = false surfaceChanged = true visibleChanged = true
02-20 19:13:14.251 6467 6467 I SurfaceView@28c39a2: visibleChanged -- surfaceCreated
02-20 19:13:14.251 6467 6467 I SurfaceView@28c39a2: surfaceCreated 1 #8 d.c.d.l.t0{28c39a2 V.E...... ......ID 0,0-720,1572}
02-20 19:13:14.251 6467 6467 I SurfaceView@28c39a2: surfaceChanged -- format=4 w=720 h=1572
02-20 19:13:14.251 6467 6467 I SurfaceView@28c39a2: surfaceChanged (720,1572) 1 #8 d.c.d.l.t0{28c39a2 V.E...... ......ID 0,0-720,1572}
02-20 19:13:14.252 6467 6467 I SurfaceView@28c39a2: surfaceRedrawNeeded
02-20 19:13:14.253 6467 6467 V SurfaceView@28c39a2: Layout: x=0 y=0 w=720 h=1572, frame=Rect(0, 0 - 720, 1572)
02-20 19:13:14.253 6467 6467 I ViewRootImpl@89cf70a[BeautyLooksActivity]: Setup new sync id=1
02-20 19:13:14.253 6467 6467 I ViewRootImpl@89cf70a[BeautyLooksActivity]: Setting syncFrameCallback
02-20 19:13:14.253 6467 6467 E SurfaceSyncer: Failed to find sync for id=0
02-20 19:13:14.253 6467 6467 I ViewRootImpl@89cf70a[BeautyLooksActivity]: registerCallbacksForSync syncBuffer=false
02-20 19:13:14.254 6467 6845 D libMEOW : meow new tls: 0xb4000070d821f640
02-20 19:13:14.254 6467 6845 D libMEOW : applied 2 plugins for [com.accarunit.beauty.camera.videocall]:
02-20 19:13:14.254 6467 6845 D libMEOW : plugin 1: [libMEOW_gift.so]:
02-20 19:13:14.254 6467 6845 D libMEOW : plugin 2: [libMEOW_semaphore]:
02-20 19:13:14.255 6467 6659 D BufferQueueProducer: [SurfaceView[com.accarunit.beauty.camera.videocall/com.lightcone.beautycam.activity .MainActivity]@0#5(BLAST Consumer)5](id:194300000005,api:3,p:938,c:6467) waitForFreeSlotThenRelock TIMED_OUT 0 dequeuedCount=19, acquiredCount=3, mMaxAcquiredBufferCount=1, mMaxDequeuedBufferCount=21
02-20 19:13:14.261 6467 6561 D SurfaceView@28c39a2: updateSurfacePosition RenderWorker, frameNr = 2, position = [0, 0, 720, 1572] surfaceSize = 720x1572
02-20 19:13:14.261 6467 6561 I SurfaceView@28c39a2: uSP: rtp = Rect(0, 0 - 720, 1572) rtsw = 720 rtsh = 1572
02-20 19:13:14.262 6467 6561 I SurfaceView@28c39a2: onSSPAndSRT: pl = 0 pt = 0 sx = 1.0 sy = 1.0
02-20 19:13:14.262 6467 6561 I SurfaceView@28c39a2: aOrMT: ViewRootImpl@89cf70a[BeautyLooksActivity] t = android.view.SurfaceControl$Transaction@b200a52 fN = 2 android.view.SurfaceView.-$ $Nest$mapplyOrMergeTransaction:0 android.view.SurfaceView$SurfaceViewPositionUpdateListener.positionChanged:1537 android.graphics.RenderNode$CompositePositionUpdateListener.positionChanged:373
02-20 19:13:14.262 6467 6561 I ViewRootImpl@89cf70a[BeautyLooksActivity]: mWNT: t=0xb40000717652ff00 mBlastBufferQueue=0xb40000716d035480 fn= 2 caller= android.view.SurfaceView.applyOrMergeTransaction:1455 android.view.SurfaceView.-$ $Nest$mapplyOrMergeTransaction:0 android.view.SurfaceView$SurfaceViewPositionUpdateListener.positionChanged:1537
02-20 19:13:14.262 6467 6561 I ViewRootImpl@89cf70a[BeautyLooksActivity]: mWNT: t=0xb40000717652fd00 mBlastBufferQueue=0xb40000716d035480 fn= 2 caller= android.view.ViewRootImpl.lambda$applyTransactionOnDraw$11$android-view- ViewRootImpl:12865 android.view.ViewRootImpl$ $ExternalSyntheticLambda1.onFrameDraw:4 android.graphics.HardwareRenderer$FrameDrawingCallback.onFrameDraw:924
02-20 19:13:14.263 6467 6561 I ViewRootImpl@89cf70a[BeautyLooksActivity]: Received frameDrawingCallback syncResult=0 frameNum=2.
02-20 19:13:14.263 6467 6561 I ViewRootImpl@89cf70a[BeautyLooksActivity]: Setting up sync and frameCommitCallback
02-20 19:13:14.265 6467 6845 D GLCore : EGLContext created, client version 3
02-20 19:13:14.267 6467 6659 D BufferQueueProducer: [SurfaceView[com.accarunit.beauty.camera.videocall/com.lightcone.beautycam.activity .MainActivity]@0#5(BLAST Consumer)5](id:194300000005,api:3,p:938,c:6467) waitForFreeSlotThenRelock TIMED_OUT 0 dequeuedCount=20, acquiredCount=2, mMaxAcquiredBufferCount=1, mMaxDequeuedBufferCount=21
02-20 19:13:14.272 6467 6845 D GLCore : EGLContext created, client version 3
02-20 19:13:14.272 6467 6845 D BufferQueueProducer: [SurfaceView[com.accarunit.beauty.camera.videocall/com.lightcone.beautycam.activity .BeautyLooksActivity]@0#7(BLAST Consumer)7](id:194300000007,api:1,p:6467,c:6467) connect: api=1 producerControlledByApp=true
02-20 19:13:14.279 6467 6659 D BufferQueueProducer: [SurfaceView[com.accarunit.beauty.camera.videocall/com.lightcone.beautycam.activity .MainActivity]@0#5(BLAST Consumer)5](id:194300000005,api:3,p:938,c:6467) waitForFreeSlotThenRelock TIMED_OUT 0 dequeuedCount=19, acquiredCount=3, mMaxAcquiredBufferCount=1, mMaxDequeuedBufferCount=21
02-20 19:13:14.291 6467 6659 D BufferQueueProducer: [SurfaceView[com.accarunit.beauty.camera.videocall/com.lightcone.beautycam.activity .MainActivity]@0#5(BLAST Consumer)5](id:194300000005,api:3,p:938,c:6467) waitForFreeSlotThenRelock TIMED_OUT 0 dequeuedCount=20, acquiredCount=2, mMaxAcquiredBufferCount=1, mMaxDequeuedBufferCount=21
02-20 19:13:14.301 6467 6659 D BufferQueueProducer: [SurfaceView[com.accarunit.beauty.camera.videocall/com.lightcone.beautycam.activity .MainActivity]@0#5(BLAST Consumer)5](id:194300000005,api:3,p:938,c:6467) waitForFreeSlotThenRelock TIMED_OUT 0 dequeuedCount=20, acquiredCount=2, mMaxAcquiredBufferCount=1, mMaxDequeuedBufferCount=21
02-20 19:13:14.305 6467 6845 D BufferQueueConsumer: [](id:194300000008,api:0,p:- 1,c:6467) connect: controlledByApp=true
02-20 19:13:14.312 6467 6659 D BufferQueueProducer: [SurfaceView[com.accarunit.beauty.camera.videocall/com.lightcone.beautycam.activity .MainActivity]@0#5(BLAST Consumer)5](id:194300000005,api:3,p:938,c:6467) waitForFreeSlotThenRelock TIMED_OUT 0 dequeuedCount=19, acquiredCount=3, mMaxAcquiredBufferCount=1, mMaxDequeuedBufferCount=21
02-20 19:13:14.324 6467 6740 D BufferQueueProducer: [SurfaceView[com.accarunit.beauty.camera.videocall/com.lightcone.beautycam.activity .MainActivity]@0#5(BLAST Consumer)5](id:194300000005,api:3,p:938,c:6467) waitForFreeSlotThenRelock TIMED_OUT 0 dequeuedCount=20, acquiredCount=2, mMaxAcquiredBufferCount=1, mMaxDequeuedBufferCount=21
02-20 19:13:14.335 6467 6740 D BufferQueueProducer: [SurfaceView[com.accarunit.beauty.camera.videocall/com.lightcone.beautycam.activity .MainActivity]@0#5(BLAST Consumer)5](id:194300000005,api:3,p:938,c:6467) waitForFreeSlotThenRelock TIMED_OUT 0 dequeuedCount=20, acquiredCount=2, mMaxAcquiredBufferCount=1, mMaxDequeuedBufferCount=21
02-20 19:13:14.344 6467 6847 I CameraManagerGlobal: Connecting to camera service
02-20 19:13:14.346 6467 6740 D BufferQueueProducer: [SurfaceView[com.accarunit.beauty.camera.videocall/com.lightcone.beautycam.activity .MainActivity]@0#5(BLAST Consumer)5](id:194300000005,api:3,p:938,c:6467) waitForFreeSlotThenRelock TIMED_OUT 0 dequeuedCount=19, acquiredCount=3, mMaxAcquiredBufferCount=1, mMaxDequeuedBufferCount=21
02-20 19:13:14.358 6467 6659 D BufferQueueProducer: [SurfaceView[com.accarunit.beauty.camera.videocall/com.lightcone.beautycam.activity .MainActivity]@0#5(BLAST Consumer)5](id:194300000005,api:3,p:938,c:6467) waitForFreeSlotThenRelock TIMED_OUT 0 dequeuedCount=20, acquiredCount=2, mMaxAcquiredBufferCount=1, mMaxDequeuedBufferCount=21
02-20 19:13:14.369 6467 6740 D BufferQueueProducer: [SurfaceView[com.accarunit.beauty.camera.videocall/com.lightcone.beautycam.activity .MainActivity]@0#5(BLAST Consumer)5](id:194300000005,api:3,p:938,c:6467) waitForFreeSlotThenRelock TIMED_OUT 0 dequeuedCount=20, acquiredCount=2, mMaxAcquiredBufferCount=1, mMaxDequeuedBufferCount=21
02-20 19:13:14.371 6467 6847 D VendorTagDescriptor: addVendorDescriptor: vendor tag id 11706189966126095484 added
02-20 19:13:14.380 6467 6740 D BufferQueueProducer: [SurfaceView[com.accarunit.beauty.camera.videocall/com.lightcone.beautycam.activity .MainActivity]@0#5(BLAST Consumer)5](id:194300000005,api:3,p:938,c:6467) waitForFreeSlotThenRelock TIMED_OUT 0 dequeuedCount=19, acquiredCount=3, mMaxAcquiredBufferCount=1, mMaxDequeuedBufferCount=21
02-20 19:13:14.392 6467 6743 D BufferQueueProducer: [SurfaceView[com.accarunit.beauty.camera.videocall/com.lightcone.beautycam.activity .MainActivity]@0#5(BLAST Consumer)5](id:194300000005,api:3,p:938,c:6467) waitForFreeSlotThenRelock TIMED_OUT 0 dequeuedCount=20, acquiredCount=2, mMaxAcquiredBufferCount=1, mMaxDequeuedBufferCount=21
02-20 19:13:14.406 6467 6743 D BufferQueueProducer: [SurfaceView[com.accarunit.beauty.camera.videocall/com.lightcone.beautycam.activity .MainActivity]@0#5(BLAST Consumer)5](id:194300000005,api:3,p:938,c:6467) waitForFreeSlotThenRelock TIMED_OUT 0 dequeuedCount=20, acquiredCount=2, mMaxAcquiredBufferCount=1, mMaxDequeuedBufferCount=21
02-20 19:13:14.407 6467 6740 I CameraManagerGlobal: Camera 0 facing CAMERA_FACING_BACK state now CAMERA_STATE_CLOSED for client com.sec.android.app.camera API Level 2
02-20 19:13:14.408 6467 6659 I CameraManagerGlobal: Camera 1 facing CAMERA_FACING_FRONT state now CAMERA_STATE_CLOSED for client com.instagram.android API Level 2
02-20 19:13:14.408 6467 6659 I CameraManagerGlobal: Camera 20 facing CAMERA_FACING_BACK state now CAMERA_STATE_CLOSED for client android.system API Level 2
02-20 19:13:14.408 6467 6659 I CameraManagerGlobal: Camera 60 facing CAMERA_FACING_BACK state now CAMERA_STATE_CLOSED for client android.system API Level 2
02-20 19:13:14.417 6467 6659 D BufferQueueProducer: [SurfaceView[com.accarunit.beauty.camera.videocall/com.lightcone.beautycam.activity .MainActivity]@0#5(BLAST Consumer)5](id:194300000005,api:3,p:938,c:6467) waitForFreeSlotThenRelock TIMED_OUT 0 dequeuedCount=19, acquiredCount=3, mMaxAcquiredBufferCount=1, mMaxDequeuedBufferCount=21
02-20 19:13:14.429 6467 6743 D BufferQueueProducer: [SurfaceView[com.accarunit.beauty.camera.videocall/com.lightcone.beautycam.activity .MainActivity]@0#5(BLAST Consumer)5](id:194300000005,api:3,p:938,c:6467) waitForFreeSlotThenRelock TIMED_OUT 0 dequeuedCount=20, acquiredCount=2, mMaxAcquiredBufferCount=1, mMaxDequeuedBufferCount=21
02-20 19:13:14.431 6467 6847 D CameraRepository: Added camera: 0
02-20 19:13:14.441 6467 6659 D BufferQueueProducer: [SurfaceView[com.accarunit.beauty.camera.videocall/com.lightcone.beautycam.activity .MainActivity]@0#5(BLAST Consumer)5](id:194300000005,api:3,p:938,c:6467) waitForFreeSlotThenRelock TIMED_OUT 0 dequeuedCount=20, acquiredCount=2, mMaxAcquiredBufferCount=1, mMaxDequeuedBufferCount=21
02-20 19:13:14.452 6467 6847 I Camera2CameraInfo: Device Level: INFO_SUPPORTED_HARDWARE_LEVEL_3
02-20 19:13:14.452 6467 6659 D BufferQueueProducer: [SurfaceView[com.accarunit.beauty.camera.videocall/com.lightcone.beautycam.activity .MainActivity]@0#5(BLAST Consumer)5](id:194300000005,api:3,p:938,c:6467) waitForFreeSlotThenRelock TIMED_OUT 0 dequeuedCount=19, acquiredCount=3, mMaxAcquiredBufferCount=1, mMaxDequeuedBufferCount=21
02-20 19:13:14.456 6467 6856 D UseCaseAttachState: Active and attached use case: [] for camera: 0
02-20 19:13:14.457 6467 6847 I CameraManager: registerAvailabilityCallback: Is device callback = false
02-20 19:13:14.457 6467 6847 I CameraManagerGlobal: postSingleUpdate device: camera id 0 status STATUS_PRESENT
02-20 19:13:14.457 6467 6847 I CameraManagerGlobal: postSingleUpdate device: camera id 1 status STATUS_PRESENT
02-20 19:13:14.457 6467 6847 D CameraRepository: Added camera: 1
02-20 19:13:14.460 6467 6847 I Camera2CameraInfo: Device Level: INFO_SUPPORTED_HARDWARE_LEVEL_3
02-20 19:13:14.460 6467 6847 I CameraManager: registerAvailabilityCallback: Is device callback = false
02-20 19:13:14.460 6467 6847 I CameraManagerGlobal: postSingleUpdate device: camera id 0 status STATUS_PRESENT
02-20 19:13:14.461 6467 6856 D UseCaseAttachState: Active and attached use case: [] for camera: 1
02-20 19:13:14.461 6467 6847 I CameraManagerGlobal: postSingleUpdate device: camera id 1 status STATUS_PRESENT
02-20 19:13:14.466 6467 6659 D BufferQueueProducer: [SurfaceView[com.accarunit.beauty.camera.videocall/com.lightcone.beautycam.activity .MainActivity]@0#5(BLAST Consumer)5](id:194300000005,api:3,p:938,c:6467) waitForFreeSlotThenRelock TIMED_OUT 0 dequeuedCount=20, acquiredCount=2, mMaxAcquiredBufferCount=1, mMaxDequeuedBufferCount=21
02-20 19:13:14.467 6467 6845 I GLContextOP: EGLEnv config success.
02-20 19:13:14.478 6467 6659 D BufferQueueProducer: [SurfaceView[com.accarunit.beauty.camera.videocall/com.lightcone.beautycam.activity .MainActivity]@0#5(BLAST Consumer)5](id:194300000005,api:3,p:938,c:6467) waitForFreeSlotThenRelock TIMED_OUT 0 dequeuedCount=19, acquiredCount=3, mMaxAcquiredBufferCount=1, mMaxDequeuedBufferCount=21
02-20 19:13:14.489 6467 6659 D BufferQueueProducer: [SurfaceView[com.accarunit.beauty.camera.videocall/com.lightcone.beautycam.activity .MainActivity]@0#5(BLAST Consumer)5](id:194300000005,api:3,p:938,c:6467) waitForFreeSlotThenRelock TIMED_OUT 0 dequeuedCount=20, acquiredCount=2, mMaxAcquiredBufferCount=1, mMaxDequeuedBufferCount=21
02-20 19:13:14.500 6467 6659 D BufferQueueProducer: [SurfaceView[com.accarunit.beauty.camera.videocall/com.lightcone.beautycam.activity .MainActivity]@0#5(BLAST Consumer)5](id:194300000005,api:3,p:938,c:6467) waitForFreeSlotThenRelock TIMED_OUT 0 dequeuedCount=20, acquiredCount=2, mMaxAcquiredBufferCount=1, mMaxDequeuedBufferCount=21
02-20 19:13:14.511 6467 6659 D BufferQueueProducer: [SurfaceView[com.accarunit.beauty.camera.videocall/com.lightcone.beautycam.activity .MainActivity]@0#5(BLAST Consumer)5](id:194300000005,api:3,p:938,c:6467) waitForFreeSlotThenRelock TIMED_OUT 0 dequeuedCount=19, acquiredCount=3, mMaxAcquiredBufferCount=1, mMaxDequeuedBufferCount=21
02-20 19:13:14.520 6467 6533 E IMGMapper: set:488 set: Unset optional value from type SMPTE2086
02-20 19:13:14.520 6467 6533 E IMGMapper: set:488 set: Unset optional value from type CTA861_3
02-20 19:13:14.521 6467 6533 I ViewRootImpl@89cf70a[BeautyLooksActivity]: Received frameCommittedCallback lastAttemptedDrawFrameNum=2 didProduceBuffer=true
