02-20 19:13:32.345 6467 6845 E IMGMapper: set:488 set: Unset optional value from type SMPTE2086
02-20 19:13:32.345 6467 6845 E IMGMapper: set:488 set: Unset optional value from type CTA861_3
02-20 19:13:32.404 6467 6845 E IMGMapper: set:488 set: Unset optional value from type SMPTE2086
02-20 19:13:32.404 6467 6845 E IMGMapper: set:488 set: Unset optional value from type CTA861_3
02-20 19:13:32.463 6467 6845 E IMGMapper: set:488 set: Unset optional value from type SMPTE2086
02-20 19:13:32.464 6467 6845 E IMGMapper: set:488 set: Unset optional value from type CTA861_3
02-20 19:13:32.520 6467 6845 E IMGMapper: set:488 set: Unset optional value from type SMPTE2086
02-20 19:13:32.520 6467 6845 E IMGMapper: set:488 set: Unset optional value from type CTA861_3
02-20 19:13:32.578 6467 6845 E IMGMapper: set:488 set: Unset optional value from type SMPTE2086
02-20 19:13:32.578 6467 6845 E IMGMapper: set:488 set: Unset optional value from type CTA861_3
02-20 19:13:32.636 6467 6845 E IMGMapper: set:488 set: Unset optional value from type SMPTE2086
02-20 19:13:32.636 6467 6845 E IMGMapper: set:488 set: Unset optional value from type CTA861_3
02-20 19:13:32.695 6467 6845 E IMGMapper: set:488 set: Unset optional value from type SMPTE2086
02-20 19:13:32.695 6467 6845 E IMGMapper: set:488 set: Unset optional value from type CTA861_3
02-20 19:13:32.753 6467 6845 E IMGMapper: set:488 set: Unset optional value from type SMPTE2086
02-20 19:13:32.753 6467 6845 E IMGMapper: set:488 set: Unset optional value from type CTA861_3
02-20 19:13:32.821 6467 6845 E IMGMapper: set:488 set: Unset optional value from type SMPTE2086
02-20 19:13:32.821 6467 6845 E IMGMapper: set:488 set: Unset optional value from type CTA861_3
02-20 19:13:32.882 6467 6845 E IMGMapper: set:488 set: Unset optional value from type SMPTE2086
02-20 19:13:32.882 6467 6845 E IMGMapper: set:488 set: Unset optional value from type CTA861_3
02-20 19:13:32.938 6467 6845 E IMGMapper: set:488 set: Unset optional value from type SMPTE2086
02-20 19:13:32.938 6467 6845 E IMGMapper: set:488 set: Unset optional value from type CTA861_3
02-20 19:13:32.996 6467 6845 E IMGMapper: set:488 set: Unset optional value from type SMPTE2086
02-20 19:13:32.997 6467 6845 E IMGMapper: set:488 set: Unset optional value from type CTA861_3
02-20 19:13:33.056 6467 6845 E IMGMapper: set:488 set: Unset optional value from type SMPTE2086
02-20 19:13:33.057 6467 6845 E IMGMapper: set:488 set: Unset optional value from type CTA861_3
02-20 19:13:33.113 6467 6845 E IMGMapper: set:488 set: Unset optional value from type SMPTE2086
02-20 19:13:33.114 6467 6845 E IMGMapper: set:488 set: Unset optional value from type CTA861_3
02-20 19:13:33.175 6467 6845 E IMGMapper: set:488 set: Unset optional value from type SMPTE2086
02-20 19:13:33.175 6467 6845 E IMGMapper: set:488 set: Unset optional value from type CTA861_3
02-20 19:13:33.234 6467 6845 E IMGMapper: set:488 set: Unset optional value from type SMPTE2086
02-20 19:13:33.234 6467 6845 E IMGMapper: set:488 set: Unset optional value from type CTA861_3
02-20 19:13:33.291 6467 6845 E IMGMapper: set:488 set: Unset optional value from type SMPTE2086
02-20 19:13:33.291 6467 6845 E IMGMapper: set:488 set: Unset optional value from type CTA861_3
02-20 19:13:33.351 6467 6845 E IMGMapper: set:488 set: Unset optional value from type SMPTE2086
02-20 19:13:33.351 6467 6845 E IMGMapper: set:488 set: Unset optional value from type CTA861_3
02-20 19:13:33.411 6467 6845 E IMGMapper: set:488 set: Unset optional value from type SMPTE2086
02-20 19:13:33.411 6467 6845 E IMGMapper: set:488 set: Unset optional value from type CTA861_3
02-20 19:13:33.465 6467 6845 E IMGMapper: set:488 set: Unset optional value from type SMPTE2086
02-20 19:13:33.465 6467 6845 E IMGMapper: set:488 set: Unset optional value from type CTA861_3
02-20 19:13:33.528 6467 6845 E IMGMapper: set:488 set: Unset optional value from type SMPTE2086
02-20 19:13:33.528 6467 6845 E IMGMapper: set:488 set: Unset optional value from type CTA861_3
02-20 19:13:33.588 6467 6845 E IMGMapper: set:488 set: Unset optional value from type SMPTE2086
02-20 19:13:33.589 6467 6845 E IMGMapper: set:488 set: Unset optional value from type CTA861_3
02-20 19:13:33.647 6467 6845 E IMGMapper: set:488 set: Unset optional value from type SMPTE2086
02-20 19:13:33.647 6467 6845 E IMGMapper: set:488 set: Unset optional value from type CTA861_3
02-20 19:13:33.701 6467 6845 E IMGMapper: set:488 set: Unset optional value from type SMPTE2086
02-20 19:13:33.701 6467 6845 E IMGMapper: set:488 set: Unset optional value from type CTA861_3
02-20 19:13:33.763 6467 6845 E IMGMapper: set:488 set: Unset optional value from type SMPTE2086
02-20 19:13:33.763 6467 6845 E IMGMapper: set:488 set: Unset optional value from type CTA861_3
02-20 19:13:33.820 6467 6845 E IMGMapper: set:488 set: Unset optional value from type SMPTE2086
02-20 19:13:33.820 6467 6845 E IMGMapper: set:488 set: Unset optional value from type CTA861_3
02-20 19:13:33.879 6467 6845 E IMGMapper: set:488 set: Unset optional value from type SMPTE2086
02-20 19:13:33.879 6467 6845 E IMGMapper: set:488 set: Unset optional value from type CTA861_3
02-20 19:13:33.934 6467 6845 E IMGMapper: set:488 set: Unset optional value from type SMPTE2086
02-20 19:13:33.935 6467 6845 E IMGMapper: set:488 set: Unset optional value from type CTA861_3
02-20 19:13:33.996 6467 6845 E IMGMapper: set:488 set: Unset optional value from type SMPTE2086
02-20 19:13:33.997 6467 6845 E IMGMapper: set:488 set: Unset optional value from type CTA861_3
02-20 19:13:34.057 6467 6845 E IMGMapper: set:488 set: Unset optional value from type SMPTE2086
02-20 19:13:34.057 6467 6845 E IMGMapper: set:488 set: Unset optional value from type CTA861_3
02-20 19:13:34.111 6467 6845 E IMGMapper: set:488 set: Unset optional value from type SMPTE2086
02-20 19:13:34.112 6467 6845 E IMGMapper: set:488 set: Unset optional value from type CTA861_3
02-20 19:13:34.174 6467 6845 E IMGMapper: set:488 set: Unset optional value from type SMPTE2086
02-20 19:13:34.174 6467 6845 E IMGMapper: set:488 set: Unset optional value from type CTA861_3
02-20 19:13:34.230 6467 6845 E IMGMapper: set:488 set: Unset optional value from type SMPTE2086
02-20 19:13:34.230 6467 6845 E IMGMapper: set:488 set: Unset optional value from type CTA861_3
02-20 19:13:34.287 6467 6845 E IMGMapper: set:488 set: Unset optional value from type SMPTE2086
02-20 19:13:34.288 6467 6845 E IMGMapper: set:488 set: Unset optional value from type CTA861_3
02-20 19:13:34.347 6467 6845 E IMGMapper: set:488 set: Unset optional value from type SMPTE2086
02-20 19:13:34.347 6467 6845 E IMGMapper: set:488 set: Unset optional value from type CTA861_3
02-20 19:13:34.407 6467 6845 E IMGMapper: set:488 set: Unset optional value from type SMPTE2086
02-20 19:13:34.407 6467 6845 E IMGMapper: set:488 set: Unset optional value from type CTA861_3
02-20 19:13:34.469 6467 6845 E IMGMapper: set:488 set: Unset optional value from type SMPTE2086
02-20 19:13:34.469 6467 6845 E IMGMapper: set:488 set: Unset optional value from type CTA861_3
02-20 19:13:34.523 6467 6845 E IMGMapper: set:488 set: Unset optional value from type SMPTE2086
02-20 19:13:34.523 6467 6845 E IMGMapper: set:488 set: Unset optional value from type CTA861_3
02-20 19:13:34.587 6467 6845 E IMGMapper: set:488 set: Unset optional value from type SMPTE2086
02-20 19:13:34.587 6467 6845 E IMGMapper: set:488 set: Unset optional value from type CTA861_3
02-20 19:13:34.645 6467 6845 E IMGMapper: set:488 set: Unset optional value from type SMPTE2086
02-20 19:13:34.645 6467 6845 E IMGMapper: set:488 set: Unset optional value from type CTA861_3
02-20 19:13:34.705 6467 6845 E IMGMapper: set:488 set: Unset optional value from type SMPTE2086
02-20 19:13:34.706 6467 6845 E IMGMapper: set:488 set: Unset optional value from type CTA861_3
02-20 19:13:34.763 6467 6845 E IMGMapper: set:488 set: Unset optional value from type SMPTE2086
02-20 19:13:34.763 6467 6845 E IMGMapper: set:488 set: Unset optional value from type CTA861_3
02-20 19:13:34.820 6467 6845 E IMGMapper: set:488 set: Unset optional value from type SMPTE2086
02-20 19:13:34.820 6467 6845 E IMGMapper: set:488 set: Unset optional value from type CTA861_3
02-20 19:13:34.876 6467 6845 E IMGMapper: set:488 set: Unset optional value from type SMPTE2086
02-20 19:13:34.876 6467 6845 E IMGMapper: set:488 set: Unset optional value from type CTA861_3
02-20 19:13:34.936 6467 6845 E IMGMapper: set:488 set: Unset optional value from type SMPTE2086
02-20 19:13:34.936 6467 6845 E IMGMapper: set:488 set: Unset optional value from type CTA861_3
02-20 19:13:35.006 6467 6845 E IMGMapper: set:488 set: Unset optional value from type SMPTE2086
02-20 19:13:35.006 6467 6845 E IMGMapper: set:488 set: Unset optional value from type CTA861_3
02-20 19:13:35.075 6467 6845 E IMGMapper: set:488 set: Unset optional value from type SMPTE2086
02-20 19:13:35.075 6467 6845 E IMGMapper: set:488 set: Unset optional value from type CTA861_3
02-20 19:13:35.143 6467 6845 E IMGMapper: set:488 set: Unset optional value from type SMPTE2086
02-20 19:13:35.144 6467 6845 E IMGMapper: set:488 set: Unset optional value from type CTA861_3
02-20 19:13:35.211 6467 6845 E IMGMapper: set:488 set: Unset optional value from type SMPTE2086
02-20 19:13:35.212 6467 6845 E IMGMapper: set:488 set: Unset optional value from type CTA861_3
02-20 19:13:35.282 6467 6845 E IMGMapper: set:488 set: Unset optional value from type SMPTE2086
02-20 19:13:35.283 6467 6845 E IMGMapper: set:488 set: Unset optional value from type CTA861_3
02-20 19:13:35.352 6467 6845 E IMGMapper: set:488 set: Unset optional value from type SMPTE2086
02-20 19:13:35.352 6467 6845 E IMGMapper: set:488 set: Unset optional value from type CTA861_3
02-20 19:13:35.417 6467 6845 E IMGMapper: set:488 set: Unset optional value from type SMPTE2086
02-20 19:13:35.417 6467 6845 E IMGMapper: set:488 set: Unset optional value from type CTA861_3
02-20 19:13:35.486 6467 6845 E IMGMapper: set:488 set: Unset optional value from type SMPTE2086
02-20 19:13:35.486 6467 6845 E IMGMapper: set:488 set: Unset optional value from type CTA861_3
02-20 19:13:35.556 6467 6845 E IMGMapper: set:488 set: Unset optional value from type SMPTE2086
02-20 19:13:35.556 6467 6845 E IMGMapper: set:488 set: Unset optional value from type CTA861_3
02-20 19:13:35.626 6467 6845 E IMGMapper: set:488 set: Unset optional value from type SMPTE2086
02-20 19:13:35.626 6467 6845 E IMGMapper: set:488 set: Unset optional value from type CTA861_3
02-20 19:13:35.693 6467 6845 E IMGMapper: set:488 set: Unset optional value from type SMPTE2086
02-20 19:13:35.694 6467 6845 E IMGMapper: set:488 set: Unset optional value from type CTA861_3
02-20 19:13:35.762 6467 6845 E IMGMapper: set:488 set: Unset optional value from type SMPTE2086
02-20 19:13:35.762 6467 6845 E IMGMapper: set:488 set: Unset optional value from type CTA861_3
02-20 19:13:35.831 6467 6845 E IMGMapper: set:488 set: Unset optional value from type SMPTE2086
02-20 19:13:35.831 6467 6845 E IMGMapper: set:488 set: Unset optional value from type CTA861_3
02-20 19:13:35.897 6467 6845 E IMGMapper: set:488 set: Unset optional value from type SMPTE2086
02-20 19:13:35.897 6467 6845 E IMGMapper: set:488 set: Unset optional value from type CTA861_3
02-20 19:13:35.974 6467 6845 E IMGMapper: set:488 set: Unset optional value from type SMPTE2086
02-20 19:13:35.974 6467 6845 E IMGMapper: set:488 set: Unset optional value from type CTA861_3
02-20 19:13:36.040 6467 6845 E IMGMapper: set:488 set: Unset optional value from type SMPTE2086
02-20 19:13:36.041 6467 6845 E IMGMapper: set:488 set: Unset optional value from type CTA861_3
02-20 19:13:36.105 6467 6845 E IMGMapper: set:488 set: Unset optional value from type SMPTE2086
02-20 19:13:36.105 6467 6845 E IMGMapper: set:488 set: Unset optional value from type CTA861_3
02-20 19:13:36.179 6467 6845 E IMGMapper: set:488 set: Unset optional value from type SMPTE2086
02-20 19:13:36.179 6467 6845 E IMGMapper: set:488 set: Unset optional value from type CTA861_3
02-20 19:13:36.238 6467 6845 E IMGMapper: set:488 set: Unset optional value from type SMPTE2086
02-20 19:13:36.238 6467 6845 E IMGMapper: set:488 set: Unset optional value from type CTA861_3
02-20 19:13:36.309 6467 6845 E IMGMapper: set:488 set: Unset optional value from type SMPTE2086
02-20 19:13:36.310 6467 6845 E IMGMapper: set:488 set: Unset optional value from type CTA861_3
02-20 19:13:36.382 6467 6845 E IMGMapper: set:488 set: Unset optional value from type SMPTE2086
02-20 19:13:36.383 6467 6845 E IMGMapper: set:488 set: Unset optional value from type CTA861_3
02-20 19:13:36.449 6467 6845 E IMGMapper: set:488 set: Unset optional value from type SMPTE2086
02-20 19:13:36.449 6467 6845 E IMGMapper: set:488 set: Unset optional value from type CTA861_3
02-20 19:13:36.517 6467 6845 E IMGMapper: set:488 set: Unset optional value from type SMPTE2086
02-20 19:13:36.517 6467 6845 E IMGMapper: set:488 set: Unset optional value from type CTA861_3
02-20 19:13:36.584 6467 6845 E IMGMapper: set:488 set: Unset optional value from type SMPTE2086
02-20 19:13:36.584 6467 6845 E IMGMapper: set:488 set: Unset optional value from type CTA861_3
02-20 19:13:36.653 6467 6845 E IMGMapper: set:488 set: Unset optional value from type SMPTE2086
02-20 19:13:36.654 6467 6845 E IMGMapper: set:488 set: Unset optional value from type CTA861_3
02-20 19:13:36.721 6467 6845 E IMGMapper: set:488 set: Unset optional value from type SMPTE2086
02-20 19:13:36.722 6467 6845 E IMGMapper: set:488 set: Unset optional value from type CTA861_3
02-20 19:13:36.791 6467 6845 E IMGMapper: set:488 set: Unset optional value from type SMPTE2086
02-20 19:13:36.792 6467 6845 E IMGMapper: set:488 set: Unset optional value from type CTA861_3
02-20 19:13:36.863 6467 6845 E IMGMapper: set:488 set: Unset optional value from type SMPTE2086
02-20 19:13:36.863 6467 6845 E IMGMapper: set:488 set: Unset optional value from type CTA861_3
02-20 19:13:36.926 6467 6845 E IMGMapper: set:488 set: Unset optional value from type SMPTE2086
02-20 19:13:36.927 6467 6845 E IMGMapper: set:488 set: Unset optional value from type CTA861_3
02-20 19:13:36.996 6467 6845 E IMGMapper: set:488 set: Unset optional value from type SMPTE2086
02-20 19:13:36.996 6467 6845 E IMGMapper: set:488 set: Unset optional value from type CTA861_3
02-20 19:13:37.067 6467 6845 E IMGMapper: set:488 set: Unset optional value from type SMPTE2086
02-20 19:13:37.067 6467 6845 E IMGMapper: set:488 set: Unset optional value from type CTA861_3
02-20 19:13:37.138 6467 6845 E IMGMapper: set:488 set: Unset optional value from type SMPTE2086
02-20 19:13:37.138 6467 6845 E IMGMapper: set:488 set: Unset optional value from type CTA861_3
02-20 19:13:37.207 6467 6845 E IMGMapper: set:488 set: Unset optional value from type SMPTE2086
02-20 19:13:37.207 6467 6845 E IMGMapper: set:488 set: Unset optional value from type CTA861_3
02-20 19:13:37.275 6467 6845 E IMGMapper: set:488 set: Unset optional value from type SMPTE2086
02-20 19:13:37.276 6467 6845 E IMGMapper: set:488 set: Unset optional value from type CTA861_3
02-20 19:13:37.339 6467 6845 E IMGMapper: set:488 set: Unset optional value from type SMPTE2086
02-20 19:13:37.339 6467 6845 E IMGMapper: set:488 set: Unset optional value from type CTA861_3
02-20 19:13:37.412 6467 6845 E IMGMapper: set:488 set: Unset optional value from type SMPTE2086
02-20 19:13:37.412 6467 6845 E IMGMapper: set:488 set: Unset optional value from type CTA861_3
02-20 19:13:37.477 6467 6845 E IMGMapper: set:488 set: Unset optional value from type SMPTE2086
02-20 19:13:37.478 6467 6845 E IMGMapper: set:488 set: Unset optional value from type CTA861_3
02-20 19:13:37.546 6467 6845 E IMGMapper: set:488 set: Unset optional value from type SMPTE2086
02-20 19:13:37.547 6467 6845 E IMGMapper: set:488 set: Unset optional value from type CTA861_3
02-20 19:13:37.617 6467 6845 E IMGMapper: set:488 set: Unset optional value from type SMPTE2086
02-20 19:13:37.617 6467 6845 E IMGMapper: set:488 set: Unset optional value from type CTA861_3
02-20 19:13:37.683 6467 6845 E IMGMapper: set:488 set: Unset optional value from type SMPTE2086
02-20 19:13:37.683 6467 6845 E IMGMapper: set:488 set: Unset optional value from type CTA861_3
02-20 19:13:37.755 6467 6845 E IMGMapper: set:488 set: Unset optional value from type SMPTE2086
02-20 19:13:37.755 6467 6845 E IMGMapper: set:488 set: Unset optional value from type CTA861_3
02-20 19:13:37.820 6467 6845 E IMGMapper: set:488 set: Unset optional value from type SMPTE2086
02-20 19:13:37.820 6467 6845 E IMGMapper: set:488 set: Unset optional value from type CTA861_3
02-20 19:13:37.889 6467 6845 E IMGMapper: set:488 set: Unset optional value from type SMPTE2086
02-20 19:13:37.889 6467 6845 E IMGMapper: set:488 set: Unset optional value from type CTA861_3
02-20 19:13:37.961 6467 6845 E IMGMapper: set:488 set: Unset optional value from type SMPTE2086
02-20 19:13:37.961 6467 6845 E IMGMapper: set:488 set: Unset optional value from type CTA861_3
02-20 19:13:38.031 6467 6845 E IMGMapper: set:488 set: Unset optional value from type SMPTE2086
02-20 19:13:38.031 6467 6845 E IMGMapper: set:488 set: Unset optional value from type CTA861_3
02-20 19:13:38.095 6467 6845 E IMGMapper: set:488 set: Unset optional value from type SMPTE2086
02-20 19:13:38.095 6467 6845 E IMGMapper: set:488 set: Unset optional value from type CTA861_3
02-20 19:13:38.163 6467 6845 E IMGMapper: set:488 set: Unset optional value from type SMPTE2086
02-20 19:13:38.164 6467 6845 E IMGMapper: set:488 set: Unset optional value from type CTA861_3
02-20 19:13:38.234 6467 6845 E IMGMapper: set:488 set: Unset optional value from type SMPTE2086
02-20 19:13:38.235 6467 6845 E IMGMapper: set:488 set: Unset optional value from type CTA861_3
02-20 19:13:38.300 6467 6845 E IMGMapper: set:488 set: Unset optional value from type SMPTE2086
02-20 19:13:38.301 6467 6845 E IMGMapper: set:488 set: Unset optional value from type CTA861_3
02-20 19:13:38.371 6467 6845 E IMGMapper: set:488 set: Unset optional value from type SMPTE2086
02-20 19:13:38.371 6467 6845 E IMGMapper: set:488 set: Unset optional value from type CTA861_3
02-20 19:13:38.439 6467 6845 E IMGMapper: set:488 set: Unset optional value from type SMPTE2086
02-20 19:13:38.440 6467 6845 E IMGMapper: set:488 set: Unset optional value from type CTA861_3
02-20 19:13:38.507 6467 6845 E IMGMapper: set:488 set: Unset optional value from type SMPTE2086
02-20 19:13:38.507 6467 6845 E IMGMapper: set:488 set: Unset optional value from type CTA861_3
02-20 19:13:38.577 6467 6845 E IMGMapper: set:488 set: Unset optional value from type SMPTE2086
02-20 19:13:38.577 6467 6845 E IMGMapper: set:488 set: Unset optional value from type CTA861_3
02-20 19:13:38.647 6467 6845 E IMGMapper: set:488 set: Unset optional value from type SMPTE2086
02-20 19:13:38.647 6467 6845 E IMGMapper: set:488 set: Unset optional value from type CTA861_3
02-20 19:13:38.706 6467 6845 E IMGMapper: set:488 set: Unset optional value from type SMPTE2086
02-20 19:13:38.706 6467 6845 E IMGMapper: set:488 set: Unset optional value from type CTA861_3
02-20 19:13:38.772 6467 6845 E IMGMapper: set:488 set: Unset optional value from type SMPTE2086
02-20 19:13:38.772 6467 6845 E IMGMapper: set:488 set: Unset optional value from type CTA861_3
02-20 19:13:38.844 6467 6845 E IMGMapper: set:488 set: Unset optional value from type SMPTE2086
02-20 19:13:38.845 6467 6845 E IMGMapper: set:488 set: Unset optional value from type CTA861_3
02-20 19:13:38.918 6467 6845 E IMGMapper: set:488 set: Unset optional value from type SMPTE2086
02-20 19:13:38.918 6467 6845 E IMGMapper: set:488 set: Unset optional value from type CTA861_3
02-20 19:13:38.977 6467 6845 E IMGMapper: set:488 set: Unset optional value from type SMPTE2086
02-20 19:13:38.978 6467 6845 E IMGMapper: set:488 set: Unset optional value from type CTA861_3
02-20 19:13:39.051 6467 6845 E IMGMapper: set:488 set: Unset optional value from type SMPTE2086
02-20 19:13:39.051 6467 6845 E IMGMapper: set:488 set: Unset optional value from type CTA861_3
02-20 19:13:39.118 6467 6845 E IMGMapper: set:488 set: Unset optional value from type SMPTE2086
02-20 19:13:39.118 6467 6845 E IMGMapper: set:488 set: Unset optional value from type CTA861_3
02-20 19:13:39.190 6467 6845 E IMGMapper: set:488 set: Unset optional value from type SMPTE2086
02-20 19:13:39.190 6467 6845 E IMGMapper: set:488 set: Unset optional value from type CTA861_3
02-20 19:13:39.259 6467 6845 E IMGMapper: set:488 set: Unset optional value from type SMPTE2086
02-20 19:13:39.260 6467 6845 E IMGMapper: set:488 set: Unset optional value from type CTA861_3
02-20 19:13:39.325 6467 6845 E IMGMapper: set:488 set: Unset optional value from type SMPTE2086
02-20 19:13:39.326 6467 6845 E IMGMapper: set:488 set: Unset optional value from type CTA861_3
02-20 19:13:39.396 6467 6845 E IMGMapper: set:488 set: Unset optional value from type SMPTE2086
02-20 19:13:39.396 6467 6845 E IMGMapper: set:488 set: Unset optional value from type CTA861_3
02-20 19:13:39.464 6467 6845 E IMGMapper: set:488 set: Unset optional value from type SMPTE2086
02-20 19:13:39.464 6467 6845 E IMGMapper: set:488 set: Unset optional value from type CTA861_3
02-20 19:13:39.530 6467 6845 E IMGMapper: set:488 set: Unset optional value from type SMPTE2086
02-20 19:13:39.530 6467 6845 E IMGMapper: set:488 set: Unset optional value from type CTA861_3
02-20 19:13:39.600 6467 6845 E IMGMapper: set:488 set: Unset optional value from type SMPTE2086
02-20 19:13:39.600 6467 6845 E IMGMapper: set:488 set: Unset optional value from type CTA861_3
02-20 19:13:39.674 6467 6845 E IMGMapper: set:488 set: Unset optional value from type SMPTE2086
02-20 19:13:39.674 6467 6845 E IMGMapper: set:488 set: Unset optional value from type CTA861_3
02-20 19:13:39.736 6467 6845 E IMGMapper: set:488 set: Unset optional value from type SMPTE2086
02-20 19:13:39.737 6467 6845 E IMGMapper: set:488 set: Unset optional value from type CTA861_3
02-20 19:13:39.805 6467 6845 E IMGMapper: set:488 set: Unset optional value from type SMPTE2086
02-20 19:13:39.805 6467 6845 E IMGMapper: set:488 set: Unset optional value from type CTA861_3
02-20 19:13:39.874 6467 6845 E IMGMapper: set:488 set: Unset optional value from type SMPTE2086
02-20 19:13:39.875 6467 6845 E IMGMapper: set:488 set: Unset optional value from type CTA861_3
02-20 19:13:39.943 6467 6845 E IMGMapper: set:488 set: Unset optional value from type SMPTE2086
02-20 19:13:39.943 6467 6845 E IMGMapper: set:488 set: Unset optional value from type CTA861_3
02-20 19:13:40.009 6467 6845 E IMGMapper: set:488 set: Unset optional value from type SMPTE2086
02-20 19:13:40.010 6467 6845 E IMGMapper: set:488 set: Unset optional value from type CTA861_3
02-20 19:13:40.083 6467 6845 E IMGMapper: set:488 set: Unset optional value from type SMPTE2086
02-20 19:13:40.084 6467 6845 E IMGMapper: set:488 set: Unset optional value from type CTA861_3
02-20 19:13:40.151 6467 6845 E IMGMapper: set:488 set: Unset optional value from type SMPTE2086
02-20 19:13:40.151 6467 6845 E IMGMapper: set:488 set: Unset optional value from type CTA861_3
02-20 19:13:40.221 6467 6845 E IMGMapper: set:488 set: Unset optional value from type SMPTE2086
02-20 19:13:40.221 6467 6845 E IMGMapper: set:488 set: Unset optional value from type CTA861_3
02-20 19:13:40.291 6467 6845 E IMGMapper: set:488 set: Unset optional value from type SMPTE2086
02-20 19:13:40.291 6467 6845 E IMGMapper: set:488 set: Unset optional value from type CTA861_3
02-20 19:13:40.356 6467 6845 E IMGMapper: set:488 set: Unset optional value from type SMPTE2086
02-20 19:13:40.356 6467 6845 E IMGMapper: set:488 set: Unset optional value from type CTA861_3
02-20 19:13:40.424 6467 6845 E IMGMapper: set:488 set: Unset optional value from type SMPTE2086
02-20 19:13:40.424 6467 6845 E IMGMapper: set:488 set: Unset optional value from type CTA861_3
02-20 19:13:40.495 6467 6845 E IMGMapper: set:488 set: Unset optional value from type SMPTE2086
02-20 19:13:40.496 6467 6845 E IMGMapper: set:488 set: Unset optional value from type CTA861_3
02-20 19:13:40.562 6467 6845 E IMGMapper: set:488 set: Unset optional value from type SMPTE2086
02-20 19:13:40.563 6467 6845 E IMGMapper: set:488 set: Unset optional value from type CTA861_3
02-20 19:13:40.627 6467 6845 E IMGMapper: set:488 set: Unset optional value from type SMPTE2086
02-20 19:13:40.627 6467 6845 E IMGMapper: set:488 set: Unset optional value from type CTA861_3
02-20 19:13:40.701 6467 6845 E IMGMapper: set:488 set: Unset optional value from type SMPTE2086
02-20 19:13:40.701 6467 6845 E IMGMapper: set:488 set: Unset optional value from type CTA861_3
02-20 19:13:40.771 6467 6845 E IMGMapper: set:488 set: Unset optional value from type SMPTE2086
02-20 19:13:40.771 6467 6845 E IMGMapper: set:488 set: Unset optional value from type CTA861_3
02-20 19:13:40.829 6467 6467 I ViewRootImpl@89cf70a[BeautyLooksActivity]: ViewPostIme pointer 0
02-20 19:13:40.831 6467 6845 E IMGMapper: set:488 set: Unset optional value from type SMPTE2086
02-20 19:13:40.831 6467 6845 E IMGMapper: set:488 set: Unset optional value from type CTA861_3
02-20 19:13:40.884 6467 6845 E IMGMapper: set:488 set: Unset optional value from type SMPTE2086
02-20 19:13:40.884 6467 6845 E IMGMapper: set:488 set: Unset optional value from type CTA861_3
02-20 19:13:40.918 6467 6467 I ViewRootImpl@89cf70a[BeautyLooksActivity]: ViewPostIme pointer 1
02-20 19:13:40.948 6467 6845 E IMGMapper: set:488 set: Unset optional value from type SMPTE2086
02-20 19:13:40.948 6467 6845 E IMGMapper: set:488 set: Unset optional value from type CTA861_3
02-20 19:13:41.017 6467 6845 E IMGMapper: set:488 set: Unset optional value from type SMPTE2086
02-20 19:13:41.018 6467 6845 E IMGMapper: set:488 set: Unset optional value from type CTA861_3
02-20 19:13:41.029 6467 6467 I ViewRootImpl@89cf70a[BeautyLooksActivity]: ViewPostIme pointer 0
02-20 19:13:41.084 6467 6845 E IMGMapper: set:488 set: Unset optional value from type SMPTE2086
02-20 19:13:41.084 6467 6845 E IMGMapper: set:488 set: Unset optional value from type CTA861_3
02-20 19:13:41.137 6467 6467 I ViewRootImpl@89cf70a[BeautyLooksActivity]: ViewPostIme pointer 1
02-20 19:13:41.152 6467 6845 E IMGMapper: set:488 set: Unset optional value from type SMPTE2086
02-20 19:13:41.152 6467 6845 E IMGMapper: set:488 set: Unset optional value from type CTA861_3
02-20 19:13:41.213 6467 6467 I ViewRootImpl@89cf70a[BeautyLooksActivity]: ViewPostIme pointer 0
02-20 19:13:41.223 6467 6845 E IMGMapper: set:488 set: Unset optional value from type SMPTE2086
02-20 19:13:41.223 6467 6845 E IMGMapper: set:488 set: Unset optional value from type CTA861_3
02-20 19:13:41.289 6467 6845 E IMGMapper: set:488 set: Unset optional value from type SMPTE2086
02-20 19:13:41.289 6467 6845 E IMGMapper: set:488 set: Unset optional value from type CTA861_3
02-20 19:13:41.321 6467 6467 I ViewRootImpl@89cf70a[BeautyLooksActivity]: ViewPostIme pointer 1
02-20 19:13:41.359 6467 6845 E IMGMapper: set:488 set: Unset optional value from type SMPTE2086
02-20 19:13:41.359 6467 6845 E IMGMapper: set:488 set: Unset optional value from type CTA861_3
02-20 19:13:41.414 6467 6467 I ViewRootImpl@89cf70a[BeautyLooksActivity]: ViewPostIme pointer 0
02-20 19:13:41.428 6467 6845 E IMGMapper: set:488 set: Unset optional value from type SMPTE2086
02-20 19:13:41.428 6467 6845 E IMGMapper: set:488 set: Unset optional value from type CTA861_3
02-20 19:13:41.495 6467 6845 E IMGMapper: set:488 set: Unset optional value from type SMPTE2086
02-20 19:13:41.495 6467 6845 E IMGMapper: set:488 set: Unset optional value from type CTA861_3
02-20 19:13:41.522 6467 6467 I ViewRootImpl@89cf70a[BeautyLooksActivity]: ViewPostIme pointer 1
02-20 19:13:41.565 6467 6845 E IMGMapper: set:488 set: Unset optional value from type SMPTE2086
02-20 19:13:41.565 6467 6845 E IMGMapper: set:488 set: Unset optional value from type CTA861_3
02-20 19:13:41.582 6467 6467 I ViewRootImpl@89cf70a[BeautyLooksActivity]: ViewPostIme pointer 0
02-20 19:13:41.633 6467 6845 E IMGMapper: set:488 set: Unset optional value from type SMPTE2086
02-20 19:13:41.634 6467 6845 E IMGMapper: set:488 set: Unset optional value from type CTA861_3
02-20 19:13:41.700 6467 6845 E IMGMapper: set:488 set: Unset optional value from type SMPTE2086
02-20 19:13:41.700 6467 6845 E IMGMapper: set:488 set: Unset optional value from type CTA861_3
02-20 19:13:41.707 6467 6467 I ViewRootImpl@89cf70a[BeautyLooksActivity]: ViewPostIme pointer 1
02-20 19:13:41.771 6467 6845 E IMGMapper: set:488 set: Unset optional value from type SMPTE2086
02-20 19:13:41.771 6467 6845 E IMGMapper: set:488 set: Unset optional value from type CTA861_3
02-20 19:13:41.783 6467 6467 I ViewRootImpl@89cf70a[BeautyLooksActivity]: ViewPostIme pointer 0
02-20 19:13:41.837 6467 6845 E IMGMapper: set:488 set: Unset optional value from type SMPTE2086
02-20 19:13:41.838 6467 6845 E IMGMapper: set:488 set: Unset optional value from type CTA861_3
02-20 19:13:41.906 6467 6845 E IMGMapper: set:488 set: Unset optional value from type SMPTE2086
02-20 19:13:41.906 6467 6845 E IMGMapper: set:488 set: Unset optional value from type CTA861_3
02-20 19:13:41.908 6467 6467 I ViewRootImpl@89cf70a[BeautyLooksActivity]: ViewPostIme pointer 1
02-20 19:13:41.976 6467 6845 E IMGMapper: set:488 set: Unset optional value from type SMPTE2086
02-20 19:13:41.976 6467 6845 E IMGMapper: set:488 set: Unset optional value from type CTA861_3
02-20 19:13:41.984 6467 6467 I ViewRootImpl@89cf70a[BeautyLooksActivity]: ViewPostIme pointer 0
02-20 19:13:42.044 6467 6845 E IMGMapper: set:488 set: Unset optional value from type SMPTE2086
02-20 19:13:42.044 6467 6845 E IMGMapper: set:488 set: Unset optional value from type CTA861_3
02-20 19:13:42.109 6467 6467 I ViewRootImpl@89cf70a[BeautyLooksActivity]: ViewPostIme pointer 1
02-20 19:13:42.111 6467 6845 E IMGMapper: set:488 set: Unset optional value from type SMPTE2086
02-20 19:13:42.112 6467 6845 E IMGMapper: set:488 set: Unset optional value from type CTA861_3
02-20 19:13:42.169 6467 6467 I ViewRootImpl@89cf70a[BeautyLooksActivity]: ViewPostIme pointer 0
02-20 19:13:42.180 6467 6845 E IMGMapper: set:488 set: Unset optional value from type SMPTE2086
02-20 19:13:42.180 6467 6845 E IMGMapper: set:488 set: Unset optional value from type CTA861_3
02-20 19:13:42.248 6467 6845 E IMGMapper: set:488 set: Unset optional value from type SMPTE2086
02-20 19:13:42.248 6467 6845 E IMGMapper: set:488 set: Unset optional value from type CTA861_3
02-20 19:13:42.277 6467 6467 I ViewRootImpl@89cf70a[BeautyLooksActivity]: ViewPostIme pointer 1
02-20 19:13:42.319 6467 6845 E IMGMapper: set:488 set: Unset optional value from type SMPTE2086
02-20 19:13:42.319 6467 6845 E IMGMapper: set:488 set: Unset optional value from type CTA861_3
02-20 19:13:42.387 6467 6845 E IMGMapper: set:488 set: Unset optional value from type SMPTE2086
02-20 19:13:42.387 6467 6845 E IMGMapper: set:488 set: Unset optional value from type CTA861_3
02-20 19:13:42.455 6467 6845 E IMGMapper: set:488 set: Unset optional value from type SMPTE2086
02-20 19:13:42.456 6467 6845 E IMGMapper: set:488 set: Unset optional value from type CTA861_3
02-20 19:13:42.524 6467 6845 E IMGMapper: set:488 set: Unset optional value from type SMPTE2086
02-20 19:13:42.524 6467 6845 E IMGMapper: set:488 set: Unset optional value from type CTA861_3
02-20 19:13:42.593 6467 6845 E IMGMapper: set:488 set: Unset optional value from type SMPTE2086
02-20 19:13:42.593 6467 6845 E IMGMapper: set:488 set: Unset optional value from type CTA861_3
02-20 19:13:42.661 6467 6845 E IMGMapper: set:488 set: Unset optional value from type SMPTE2086
02-20 19:13:42.662 6467 6845 E IMGMapper: set:488 set: Unset optional value from type CTA861_3
02-20 19:13:42.730 6467 6845 E IMGMapper: set:488 set: Unset optional value from type SMPTE2086
02-20 19:13:42.730 6467 6845 E IMGMapper: set:488 set: Unset optional value from type CTA861_3
02-20 19:13:42.756 6467 6467 I ViewRootImpl@89cf70a[BeautyLooksActivity]: ViewPostIme pointer 0
02-20 19:13:42.797 6467 6845 E IMGMapper: set:488 set: Unset optional value from type SMPTE2086
02-20 19:13:42.797 6467 6845 E IMGMapper: set:488 set: Unset optional value from type CTA861_3
02-20 19:13:42.864 6467 6467 I ViewRootImpl@89cf70a[BeautyLooksActivity]: ViewPostIme pointer 1
02-20 19:13:42.865 6467 6845 E IMGMapper: set:488 set: Unset optional value from type SMPTE2086
02-20 19:13:42.865 6467 6845 E IMGMapper: set:488 set: Unset optional value from type CTA861_3
02-20 19:13:42.935 6467 6845 E IMGMapper: set:488 set: Unset optional value from type SMPTE2086
02-20 19:13:42.935 6467 6845 E IMGMapper: set:488 set: Unset optional value from type CTA861_3
02-20 19:13:42.990 6467 6467 I ViewRootImpl@89cf70a[BeautyLooksActivity]: ViewPostIme pointer 0
02-20 19:13:43.009 6467 6845 E IMGMapper: set:488 set: Unset optional value from type SMPTE2086
02-20 19:13:43.009 6467 6845 E IMGMapper: set:488 set: Unset optional value from type CTA861_3
02-20 19:13:43.070 6467 6845 E IMGMapper: set:488 set: Unset optional value from type SMPTE2086
02-20 19:13:43.070 6467 6845 E IMGMapper: set:488 set: Unset optional value from type CTA861_3
02-20 19:13:43.099 6467 6467 I ViewRootImpl@89cf70a[BeautyLooksActivity]: ViewPostIme pointer 1
02-20 19:13:43.140 6467 6845 E IMGMapper: set:488 set: Unset optional value from type SMPTE2086
02-20 19:13:43.140 6467 6845 E IMGMapper: set:488 set: Unset optional value from type CTA861_3
02-20 19:13:43.209 6467 6467 I ViewRootImpl@89cf70a[BeautyLooksActivity]: ViewPostIme pointer 0
02-20 19:13:43.209 6467 6845 E IMGMapper: set:488 set: Unset optional value from type SMPTE2086
02-20 19:13:43.209 6467 6845 E IMGMapper: set:488 set: Unset optional value from type CTA861_3
02-20 19:13:43.276 6467 6845 E IMGMapper: set:488 set: Unset optional value from type SMPTE2086
02-20 19:13:43.276 6467 6845 E IMGMapper: set:488 set: Unset optional value from type CTA861_3
02-20 19:13:43.283 6467 6467 I ViewRootImpl@89cf70a[BeautyLooksActivity]: ViewPostIme pointer 1
02-20 19:13:43.344 6467 6845 E IMGMapper: set:488 set: Unset optional value from type SMPTE2086
02-20 19:13:43.344 6467 6845 E IMGMapper: set:488 set: Unset optional value from type CTA861_3
02-20 19:13:43.414 6467 6845 E IMGMapper: set:488 set: Unset optional value from type SMPTE2086
02-20 19:13:43.414 6467 6845 E IMGMapper: set:488 set: Unset optional value from type CTA861_3
02-20 19:13:43.483 6467 6845 E IMGMapper: set:488 set: Unset optional value from type SMPTE2086
02-20 19:13:43.483 6467 6845 E IMGMapper: set:488 set: Unset optional value from type CTA861_3
02-20 19:13:43.552 6467 6845 E IMGMapper: set:488 set: Unset optional value from type SMPTE2086
02-20 19:13:43.552 6467 6845 E IMGMapper: set:488 set: Unset optional value from type CTA861_3
02-20 19:13:43.561 6467 6467 I ViewRootImpl@89cf70a[BeautyLooksActivity]: ViewPostIme pointer 0
02-20 19:13:43.618 6467 6845 E IMGMapper: set:488 set: Unset optional value from type SMPTE2086
02-20 19:13:43.618 6467 6845 E IMGMapper: set:488 set: Unset optional value from type CTA861_3
02-20 19:13:43.688 6467 6845 E IMGMapper: set:488 set: Unset optional value from type SMPTE2086
02-20 19:13:43.688 6467 6467 D WindowOnBackDispatcher: onBackInvoked, viewRoot=ViewRootImpl@89cf70a[BeautyLooksActivity], callback=android.view.ViewRootImpl$$ExternalSyntheticLambda17@bd64457
02-20 19:13:43.688 6467 6845 E IMGMapper: set:488 set: Unset optional value from type CTA861_3
02-20 19:13:43.695 6467 6467 I ViewRootImpl@89cf70a[BeautyLooksActivity]: ViewPostIme key 0 --------- beginning of system
02-20 19:13:43.698 6467 6467 D Activity: onKeyDown(KEYCODE_BACK)
02-20 19:13:43.698 6467 6467 I ViewRootImpl@89cf70a[BeautyLooksActivity]: ViewPostIme key 1
02-20 19:13:43.698 6467 6467 D Activity: onKeyUp(KEYCODE_BACK) isTracking()=true isCanceled()=false hasCallback=false
02-20 19:13:43.732 6467 6467 I ViewRootImpl@64221ef[MainActivity]: handleAppVisibility mAppVisible = false visible = true
02-20 19:13:43.732 6467 6467 I ViewRootImpl@64221ef[MainActivity]: stopped(false) old = true
02-20 19:13:43.732 6467 6467 I ViewRootImpl@64221ef[MainActivity]: WindowStopped on com.accarunit.beauty.camera.videocall/com.lightcone.beautycam.activity.MainActivity set to false
02-20 19:13:43.738 6467 6467 I MSHandlerLifeCycle: removeMultiSplitHandler: no exist. decor=DecorView@ccf8f37[MainActivity]
02-20 19:13:43.738 6467 6467 I ViewRootImpl@64221ef[MainActivity]: stopped(false) old = false
02-20 19:13:43.753 6467 6467 I Dialog : mIsDeviceDefault = false, mIsSamsungBasicInteraction = false, isMetaDataInActivity = false
02-20 19:13:43.767 6467 6845 E IMGMapper: set:488 set: Unset optional value from type SMPTE2086
02-20 19:13:43.767 6467 6845 E IMGMapper: set:488 set: Unset optional value from type CTA861_3
02-20 19:13:43.791 6467 6467 I DecorView: [INFO] isPopOver=false config=false
02-20 19:13:43.791 6467 6467 I DecorView: updateCaptionType: isFloating=false isApplication=true hasWindowDecorCaption=false this=DecorView@eae7343[]
02-20 19:13:43.791 6467 6467 D DecorView: setCaptionType = 0, this = DecorView@eae7343[]
02-20 19:13:43.792 6467 6467 I DecorView: getCurrentDensityDpi: from app context. densityDpi=300 msg=resources_loaded
02-20 19:13:43.792 6467 6467 I DecorView: setWindowBackground: isPopOver=false color=0 d=android.graphics.drawable.ColorDrawable@125aaf9
02-20 19:13:43.798 6467 6533 D NativeCustomFrequencyManager: [NativeCFMS] BpCustomFrequencyManager::BpCustomFrequencyManager()
02-20 19:13:43.798 6467 6467 I DecorView: notifyKeepScreenOnChanged: keepScreenOn=false
02-20 19:13:43.804 6467 6467 D InsetsController: onStateChanged: InsetsState: {mDisplayFrame=Rect(0, 0 - 720, 1600), mDisplayCutout=DisplayCutout{insets=Rect(0, 45 - 0, 0) waterfall=Insets{left=0, top=0, right=0, bottom=0} boundingRect={Bounds=[Rect(0, 0 - 0, 0), Rect(272, 0 - 448, 45), Rect(0, 0 - 0, 0), Rect(0, 0 - 0, 0)]} cutoutPathParserInfo={CutoutPathParserInfo{displayWidth=720 displayHeight=1600 physicalDisplayWidth=720 physicalDisplayHeight=1600 density={1.875} cutoutSpec={M 0,0 H -46.93333333333333 V 24 H 46.93333333333333 V 0 H 0 Z @dp} rotation={0} scale={1.0} physicalPixelDisplaySizeRatio={1.0}}}}, mRoundedCorners=RoundedCorners{[RoundedCorner{position=TopLeft, radius=60, center=Point(60, 60)}, RoundedCorner{position=TopRight, radius=60, center=Point(660, 60)}, RoundedCorner{position=BottomRight, radius=60, center=Point(660, 1540)}, RoundedCorner{position=BottomLeft, radius=60, center=Point(60, 1540)}]} mRoundedCornerFrame=Rect(0, 0 - 720, 1600), mPrivacyIndicatorBounds=PrivacyIndicatorBounds {static bounds=Rect(637, 0 - 720, 49) rotation=0}, mSources= { InsetsSource: {mType=ITYPE_STATUS_BAR, mFrame=[0,0] [720,49], mVisible=false, mInsetsRoundedCornerFrame=false}, InsetsSource: {mType=ITYPE_NAVIGATION_BAR, mFrame=[0,1572][720,1600], mVisible=true, mInsetsRoundedCornerFrame=false}, InsetsSource: {mType=ITYPE_LEFT_GESTURES, mFrame=[0,0][56,1600], mVisible=true, mInsetsRoundedCornerFrame=false}, InsetsSource: {mType=ITYPE_RIGHT_GESTURES, mFrame=[664,0][720,1600], mVisible=true, mInsetsRoundedCornerFrame=false}, InsetsSource: {mType=ITYPE_TOP_MANDATORY_GESTURES, mFrame=[0,0][720,68], mVisible=true, mInsetsRoundedCornerFrame=false}, InsetsSource: {mType=ITYPE_BOTTOM_MANDATORY_GESTURES, mFrame=[0,1540][720,1600], mVisible=true, mInsetsRoundedCornerFrame=false}, InsetsSource: {mType=ITYPE_LEFT_DISPLAY_CUTOUT, mFrame=[0,0][-100000,1600], mVisible=true, mInsetsRoundedCornerFrame=false}, InsetsSource: {mType=ITYPE_TOP_DISPLAY_CUTOUT, mFrame=[0,0][720,45], mVisible=true, mInsetsRoundedCornerFrame=false}, InsetsSource: {mType=ITYPE_RIGHT_DISPLAY_CUTOUT, mFrame=[100000,0][720,1600], mVisible=true, mInsetsRoundedCornerFrame=false}, InsetsSource: {mType=ITYPE_BOTTOM_DISPLAY_CUTOUT, mFrame=[0,100000][720,1600], mVisible=true, mInsetsRoundedCornerFrame=false}, InsetsSource: {mType=ITYPE_TOP_TAPPABLE_ELEMENT, mFrame=[0,0][720,49], mVisible=true, mInsetsRoundedCornerFrame=false}, InsetsSource: {mType=ITYPE_BOTTOM_TAPPABLE_ELEMENT, mFrame=[0,0][0,0], mVisible=true, mInsetsRoundedCornerFrame=false}, InsetsSource: {mType=ITYPE_IME, mFrame=[0,0] [0,0], mVisibleFrame=[0,928][720,1600], mVisible=false, mInsetsRoundedCornerFrame=false} } host=com.accarunit.beauty.camera.videocall/com.lightcone.beautycam.activity.MainAct ivity from=android.view.ViewRootImpl.setView:1732
02-20 19:13:43.805 6467 7010 W LOTTIE : You have 5 images. Lottie should primarily be used with shapes. If you are using Adobe Illustrator, convert the Illustrator layers to shape layers.
02-20 19:13:43.806 6467 6467 I ViewRootImpl@5d907bb[MainActivity]: setView = com.android.internal.policy.DecorView@eae7343 TM=true
02-20 19:13:43.806 6467 6467 I DecorView: notifyKeepScreenOnChanged: keepScreenOn=false
02-20 19:13:43.806 6467 7010 W LOTTIE : You have 6 images. Lottie should primarily be used with shapes. If you are using Adobe Illustrator, convert the Illustrator layers to shape layers.
02-20 19:13:43.807 6467 6467 I DecorView: notifyKeepScreenOnChanged: keepScreenOn=false
02-20 19:13:43.807 6467 7010 W LOTTIE : You have 7 images. Lottie should primarily be used with shapes. If you are using Adobe Illustrator, convert the Illustrator layers to shape layers.
02-20 19:13:43.807 6467 6467 I MSHandlerLifeCycle: removeMultiSplitHandler: no exist. decor=DecorView@ccf8f37[MainActivity]
02-20 19:13:43.808 6467 6467 I ViewRootImpl@89cf70a[BeautyLooksActivity]: MSG_WINDOW_FOCUS_CHANGED 0 0
02-20 19:13:43.808 6467 7010 W LOTTIE : You have 8 images. Lottie should primarily be used with shapes. If you are using Adobe Illustrator, convert the Illustrator layers to shape layers.
02-20 19:13:43.809 6467 7010 W LOTTIE : You have 9 images. Lottie should primarily be used with shapes. If you are using Adobe Illustrator, convert the Illustrator layers to shape layers.
02-20 19:13:43.809 6467 6467 I SurfaceView@7d7c31d: onWindowVisibilityChanged(0) false android.view.SurfaceView{7d7c31d V.E...... ........ 0,0-720,819 #7f09027d app:id/surface_view} of ViewRootImpl@64221ef[MainActivity]
02-20 19:13:43.809 6467 6467 D SurfaceView@7d7c31d: updateSurface: surface is not valid
02-20 19:13:43.809 6467 6467 I SurfaceView@7d7c31d: releaseSurfaces: viewRoot = ViewRootImpl@64221ef[MainActivity]
02-20 19:13:43.810 6467 6467 I SurfaceView@7d7c31d: applyTransactionOnVriDraw: vri = ViewRootImpl@64221ef[MainActivity] fRS = true t = 0xb4000070e05f2b00 android.view.SurfaceView.releaseSurfaces:858 android.view.SurfaceView.updateSurface:998 android.view.SurfaceView.onWindowVisibilityChanged:371
02-20 19:13:43.810 6467 6467 I SurfaceView@7d7c31d: applyTransactionOnVriDraw: viewRoot.applyTransactionOnDrawFromReleaseSurfaces
02-20 19:13:43.810 6467 6467 I ViewRootImpl@64221ef[MainActivity]: applyTransactionOnDraw: mRemoved = false isHardwareEnabled = false t = 0xb4000070e05f2b00android.view.ViewRootImpl.applyTransactionOnDrawFromReleaseSurfac es:12850 android.view.SurfaceView.applyTransactionOnVriDraw:2046 android.view.SurfaceView.releaseSurfaces:858 android.view.SurfaceView.updateSurface:998 android.view.SurfaceView.onWindowVisibilityChanged:371
02-20 19:13:43.810 6467 7010 W LOTTIE : You have 10 images. Lottie should primarily be used with shapes. If you are using Adobe Illustrator, convert the Illustrator layers to shape layers.
02-20 19:13:43.813 6467 6467 I ViewRootImpl@64221ef[MainActivity]: performTraversals params={(0,0)(fillxfill) sim={adjust=resize} ty=BASE_APPLICATION fmt=TRANSLUCENT wanim=0x1030309
02-20 19:13:43.813 6467 6467 I ViewRootImpl@64221ef[MainActivity]: fl=81810100
02-20 19:13:43.813 6467 6467 I ViewRootImpl@64221ef[MainActivity]: pfl=1a020040
02-20 19:13:43.813 6467 6467 I ViewRootImpl@64221ef[MainActivity]: vsysui=3502
02-20 19:13:43.813 6467 6467 I ViewRootImpl@64221ef[MainActivity]: apr=LIGHT_STATUS_BARS
02-20 19:13:43.813 6467 6467 I ViewRootImpl@64221ef[MainActivity]: bhv=SHOW_TRANSIENT_BARS_BY_SWIPE
02-20 19:13:43.813 6467 6467 I ViewRootImpl@64221ef[MainActivity]: fitSides= naviIconColor=0
02-20 19:13:43.813 6467 6467 I ViewRootImpl@64221ef[MainActivity]: sfl=100000}
02-20 19:13:43.814 6467 6467 I ViewRootImpl@64221ef[MainActivity]: performTraversals mFirst=false windowShouldResize=false viewVisibilityChanged=true mForceNextWindowRelayout=false params={(0,0)(fillxfill) sim={adjust=resize} ty=BASE_APPLICATION fmt=TRANSLUCENT wanim=0x1030309
02-20 19:13:43.814 6467 6467 I ViewRootImpl@64221ef[MainActivity]: fl=81810100
02-20 19:13:43.814 6467 6467 I ViewRootImpl@64221ef[MainActivity]: pfl=1a020040
02-20 19:13:43.814 6467 6467 I ViewRootImpl@64221ef[MainActivity]: vsysui=3502
02-20 19:13:43.814 6467 6467 I ViewRootImpl@64221ef[MainActivity]: apr=LIGHT_STATUS_BARS
02-20 19:13:43.814 6467 6467 I ViewRootImpl@64221ef[MainActivity]: bhv=SHOW_TRANSIENT_BARS_BY_SWIPE
02-20 19:13:43.814 6467 6467 I ViewRootImpl@64221ef[MainActivity]: fitSides= naviIconColor=0
02-20 19:13:43.814 6467 6467 I ViewRootImpl@64221ef[MainActivity]: sfl=100000}
02-20 19:13:43.819 6467 7011 W LOTTIE : You have 11 images. Lottie should primarily be used with shapes. If you are using Adobe Illustrator, convert the Illustrator layers to shape layers.
02-20 19:13:43.820 6467 7011 W LOTTIE : You have 12 images. Lottie should primarily be used with shapes. If you are using Adobe Illustrator, convert the Illustrator layers to shape layers.
02-20 19:13:43.821 6467 7011 W LOTTIE : You have 13 images. Lottie should primarily be used with shapes. If you are using Adobe Illustrator, convert the Illustrator layers to shape layers.
02-20 19:13:43.822 6467 7011 W LOTTIE : You have 14 images. Lottie should primarily be used with shapes. If you are using Adobe Illustrator, convert the Illustrator layers to shape layers.
02-20 19:13:43.823 6467 7011 W LOTTIE : You have 15 images. Lottie should primarily be used with shapes. If you are using Adobe Illustrator, convert the Illustrator layers to shape layers.
02-20 19:13:43.833 6467 6467 D InsetsController: onStateChanged: InsetsState: {mDisplayFrame=Rect(0, 0 - 720, 1600), mDisplayCutout=DisplayCutout{insets=Rect(0, 45 - 0, 0) waterfall=Insets{left=0, top=0, right=0, bottom=0} boundingRect={Bounds=[Rect(0, 0 - 0, 0), Rect(272, 0 - 448, 45), Rect(0, 0 - 0, 0), Rect(0, 0 - 0, 0)]} cutoutPathParserInfo={CutoutPathParserInfo{displayWidth=720 displayHeight=1600 physicalDisplayWidth=720 physicalDisplayHeight=1600 density={1.875} cutoutSpec={M 0,0 H -46.93333333333333 V 24 H 46.93333333333333 V 0 H 0 Z @dp} rotation={0} scale={1.0} physicalPixelDisplaySizeRatio={1.0}}}}, mRoundedCorners=RoundedCorners{[RoundedCorner{position=TopLeft, radius=60, center=Point(60, 60)}, RoundedCorner{position=TopRight, radius=60, center=Point(660, 60)}, RoundedCorner{position=BottomRight, radius=60, center=Point(660, 1540)}, RoundedCorner{position=BottomLeft, radius=60, center=Point(60, 1540)}]} mRoundedCornerFrame=Rect(0, 0 - 720, 1600), mPrivacyIndicatorBounds=PrivacyIndicatorBounds {static bounds=Rect(637, 0 - 720, 49) rotation=0}, mSources= { InsetsSource: {mType=ITYPE_STATUS_BAR, mFrame=[0,0] [720,49], mVisible=false, mInsetsRoundedCornerFrame=false}, InsetsSource: {mType=ITYPE_NAVIGATION_BAR, mFrame=[0,1572][720,1600], mVisible=true, mInsetsRoundedCornerFrame=false}, InsetsSource: {mType=ITYPE_LEFT_GESTURES, mFrame=[0,0][56,1600], mVisible=true, mInsetsRoundedCornerFrame=false}, InsetsSource: {mType=ITYPE_RIGHT_GESTURES, mFrame=[664,0][720,1600], mVisible=true, mInsetsRoundedCornerFrame=false}, InsetsSource: {mType=ITYPE_TOP_MANDATORY_GESTURES, mFrame=[0,0][720,68], mVisible=true, mInsetsRoundedCornerFrame=false}, InsetsSource: {mType=ITYPE_BOTTOM_MANDATORY_GESTURES, mFrame=[0,1540][720,1600], mVisible=true, mInsetsRoundedCornerFrame=false}, InsetsSource: {mType=ITYPE_LEFT_DISPLAY_CUTOUT, mFrame=[0,0][-100000,1600], mVisible=true, mInsetsRoundedCornerFrame=false}, InsetsSource: {mType=ITYPE_TOP_DISPLAY_CUTOUT, mFrame=[0,0][720,45], mVisible=true, mInsetsRoundedCornerFrame=false}, InsetsSource: {mType=ITYPE_RIGHT_DISPLAY_CUTOUT, mFrame=[100000,0][720,1600], mVisible=true, mInsetsRoundedCornerFrame=false}, InsetsSource: {mType=ITYPE_BOTTOM_DISPLAY_CUTOUT, mFrame=[0,100000][720,1600], mVisible=true, mInsetsRoundedCornerFrame=false}, InsetsSource: {mType=ITYPE_TOP_TAPPABLE_ELEMENT, mFrame=[0,0][720,49], mVisible=true, mInsetsRoundedCornerFrame=false}, InsetsSource: {mType=ITYPE_BOTTOM_TAPPABLE_ELEMENT, mFrame=[0,0][0,0], mVisible=true, mInsetsRoundedCornerFrame=false}, InsetsSource: {mType=ITYPE_IME, mFrame=[0,0] [0,0], mVisibleFrame=[0,928][720,1600], mVisible=false, mInsetsRoundedCornerFrame=false} } host=com.accarunit.beauty.camera.videocall/com.lightcone.beautycam.activity.MainAct ivity from=android.view.ViewRootImpl.relayoutWindow:9802
02-20 19:13:43.834 6467 6467 I ViewRootImpl@64221ef[MainActivity]: updateBlastSurfaceIfNeeded mBlastBufferQueue=null isSameSurfaceControl=false
02-20 19:13:43.834 6467 6467 D BufferQueueConsumer: [](id:19430000000a,api:0,p:- 1,c:6467) connect: controlledByApp=false
02-20 19:13:43.835 6467 6467 I BLASTBufferQueue: new BLASTBufferQueue, mName= ViewRootImpl@64221ef[MainActivity] mNativeObject= 0xb4000070d7ccec80 sc.mNativeObject= 0xb4000070ad0235a0 caller= android.view.ViewRootImpl.updateBlastSurfaceIfNeeded:2909 android.view.ViewRootImpl.relayoutWindow:9847 android.view.ViewRootImpl.performTraversals:3884 android.view.ViewRootImpl.doTraversal:3116 android.view.ViewRootImpl$TraversalRunnable.run:10885 android.view.Choreographer$CallbackRecord.run:1301 android.view.Choreographer$CallbackRecord.run:1309 android.view.Choreographer.doCallbacks:923 android.view.Choreographer.doFrame:852 android.view.Choreographer$FrameDisplayEventReceiver.run:1283
