02-20 19:14:13.933 6467 6467 I SurfaceView@7d7c31d: surfaceChanged -- format=4 w=720 h=819
02-20 19:14:13.933 6467 6467 I SurfaceView@7d7c31d: surfaceChanged (720,819) 1 #1 android.view.SurfaceView{7d7c31d V.E...... ........ 0,0-720,819 #7f09027d app:id/surface_view}
02-20 19:14:13.933 6467 6467 I SurfaceView@7d7c31d: surfaceRedrawNeeded
02-20 19:14:13.934 6467 6467 V SurfaceView@7d7c31d: Layout: x=0 y=0 w=720 h=819, frame=Rect(0, 0 - 720, 819)
02-20 19:14:13.934 6467 6467 I ViewRootImpl@64221ef[MainActivity]: reportNextDraw android.view.ViewRootImpl.performTraversals:4438 android.view.ViewRootImpl.doTraversal:3116 android.view.ViewRootImpl$TraversalRunnable.run:10885 android.view.Choreographer$CallbackRecord.run:1301 android.view.Choreographer$CallbackRecord.run:1309
02-20 19:14:13.934 6467 6467 I ViewRootImpl@64221ef[MainActivity]: Setup new sync id=7
02-20 19:14:13.934 6467 6467 I ViewRootImpl@64221ef[MainActivity]: Setting syncFrameCallback
02-20 19:14:13.935 6467 6467 E SurfaceSyncer: Failed to find sync for id=0
02-20 19:14:13.935 6467 6467 E SurfaceSyncer: Failed to find sync for id=1
02-20 19:14:13.935 6467 6467 E SurfaceSyncer: Failed to find sync for id=2
02-20 19:14:13.935 6467 6467 E SurfaceSyncer: Failed to find sync for id=3
02-20 19:14:13.935 6467 6467 E SurfaceSyncer: Failed to find sync for id=4
02-20 19:14:13.935 6467 6467 E SurfaceSyncer: Failed to find sync for id=5
02-20 19:14:13.935 6467 6467 I ViewRootImpl@64221ef[MainActivity]: registerCallbacksForSync syncBuffer=false
02-20 19:14:13.939 6467 6560 D SurfaceView@7d7c31d: updateSurfacePosition RenderWorker, frameNr = 1, position = [0, 0, 720, 819] surfaceSize = 720x819
02-20 19:14:13.939 6467 6560 I SurfaceView@7d7c31d: uSP: rtp = Rect(0, 0 - 720, 819) rtsw = 720 rtsh = 819
02-20 19:14:13.940 6467 6560 I SurfaceView@7d7c31d: onSSPAndSRT: pl = 0 pt = 0 sx = 1.0 sy = 1.0
02-20 19:14:13.940 6467 6560 I SurfaceView@7d7c31d: aOrMT: ViewRootImpl@64221ef[MainActivity] t = android.view.SurfaceControl$Transaction@c7b6700 fN = 1 android.view.SurfaceView.-$ $Nest$mapplyOrMergeTransaction:0 android.view.SurfaceView$SurfaceViewPositionUpdateListener.positionChanged:1537 android.graphics.RenderNode$CompositePositionUpdateListener.positionChanged:373
02-20 19:14:13.940 6467 6560 I ViewRootImpl@64221ef[MainActivity]: mWNT: t=0xb40000716cf2f700 mBlastBufferQueue=0xb4000070e067ad80 fn= 1 caller= android.view.SurfaceView.applyOrMergeTransaction:1455 android.view.SurfaceView.-$ $Nest$mapplyOrMergeTransaction:0 android.view.SurfaceView$SurfaceViewPositionUpdateListener.positionChanged:1537
02-20 19:14:13.940 6467 6560 I ViewRootImpl@64221ef[MainActivity]: mWNT: t=0xb4000070d82ce000 mBlastBufferQueue=0xb4000070e067ad80 fn= 1 caller= android.view.ViewRootImpl.lambda$applyTransactionOnDraw$11$android-view- ViewRootImpl:12865 android.view.ViewRootImpl$ $ExternalSyntheticLambda1.onFrameDraw:4 android.graphics.HardwareRenderer$FrameDrawingCallback.onFrameDraw:924
02-20 19:14:13.940 6467 6560 I ViewRootImpl@64221ef[MainActivity]: mWNT: t=0xb40000717652fb00 mBlastBufferQueue=0xb4000070e067ad80 fn= 1 caller= android.view.ViewRootImpl.lambda$applyTransactionOnDraw$11$android-view- ViewRootImpl:12865 android.view.ViewRootImpl$ $ExternalSyntheticLambda1.onFrameDraw:4 android.graphics.HardwareRenderer$FrameDrawingCallback.onFrameDraw:924
02-20 19:14:13.940 6467 6560 I ViewRootImpl@64221ef[MainActivity]: Received frameDrawingCallback syncResult=0 frameNum=1.
02-20 19:14:13.940 6467 6560 I ViewRootImpl@64221ef[MainActivity]: Setting up sync and frameCommitCallback
02-20 19:14:13.943 6467 6533 E IMGMapper: set:488 set: Unset optional value from type SMPTE2086
02-20 19:14:13.943 6467 6533 E IMGMapper: set:488 set: Unset optional value from type CTA861_3
02-20 19:14:13.943 6467 6533 I BLASTBufferQueue: [ViewRootImpl@64221ef[MainActivity]#15](f:0,a:0) onFrameAvailable the first frame is available
02-20 19:14:13.944 6467 6533 D BLASTBufferQueue: [ViewRootImpl@64221ef[MainActivity]#15](f:0,a:1) acquireNextBufferLocked size=720x1600 mFrameNumber=1 applyTransaction=true mTimestamp=113948016727019(auto) mPendingTransactions.size=0 graphicBufferId=27775553503379 transform=0
02-20 19:14:13.944 6467 6533 I ViewRootImpl@64221ef[MainActivity]: Received frameCommittedCallback lastAttemptedDrawFrameNum=1 didProduceBuffer=true
02-20 19:14:13.945 6467 6467 I ViewRootImpl@64221ef[MainActivity]: onSyncComplete
02-20 19:14:13.945 6467 6467 I ViewRootImpl@64221ef[MainActivity]: setupSync seqId=0 mSyncId=7 fn=1 caller=android.view.ViewRootImpl$ $ExternalSyntheticLambda11.accept:6 android.window.SurfaceSyncer.lambda$setupSync$1$android-window-SurfaceSyncer:128 android.window.SurfaceSyncer$$ExternalSyntheticLambda1.accept:8 android.window.SurfaceSyncer$SyncSet.checkIfSyncIsComplete:382 android.window.SurfaceSyncer$SyncSet.markSyncReady:359 android.window.SurfaceSyncer.markSyncReady:151 android.view.ViewRootImpl.performTraversals:4503
02-20 19:14:13.946 6467 6743 V MediaPlayerNative: message received msg=5, ext1=949, ext2=1080
02-20 19:14:13.946 6467 6743 V MediaPlayerNative: New video size 949 x 1080
02-20 19:14:13.947 6467 6743 V MediaPlayerNative: message received msg=200, ext1=10972, ext2=0
02-20 19:14:13.947 6467 6743 W MediaPlayerNative: info/warning (10972, 0)
02-20 19:14:13.949 6467 6743 V MediaPlayerNative: message received msg=1, ext1=0, ext2=0
02-20 19:14:13.949 6467 6743 V MediaPlayerNative: MediaPlayer::notify() prepared
02-20 19:14:13.951 6467 6467 I ViewRootImpl@21718a0[MainActivity]: performTraversals params={(0,0)(fillxfill) gr=CENTER sim={adjust=pan} ty=APPLICATION fmt=TRANSPARENT wanim=0x7f110003 surfaceInsets=Rect(70, 70 - 70, 70)
02-20 19:14:13.951 6467 6467 I ViewRootImpl@21718a0[MainActivity]: fl=8d810102
02-20 19:14:13.951 6467 6467 I ViewRootImpl@21718a0[MainActivity]: pfl=12020040
02-20 19:14:13.951 6467 6467 I ViewRootImpl@21718a0[MainActivity]: vsysui=700
02-20 19:14:13.951 6467 6467 I ViewRootImpl@21718a0[MainActivity]: bhv=DEFAULT
02-20 19:14:13.951 6467 6467 I ViewRootImpl@21718a0[MainActivity]: fitSides=
02-20 19:14:13.951 6467 6467 I ViewRootImpl@21718a0[MainActivity]: dimAmount=0.6 naviIconColor=0
02-20 19:14:13.951 6467 6467 I ViewRootImpl@21718a0[MainActivity]: sfl=100000}
02-20 19:14:13.952 6467 6467 I ViewRootImpl@21718a0[MainActivity]: performTraversals mFirst=true windowShouldResize=true viewVisibilityChanged=false mForceNextWindowRelayout=false params={(0,0)(fillxfill) gr=CENTER sim={adjust=pan} ty=APPLICATION fmt=TRANSPARENT wanim=0x7f110003 surfaceInsets=Rect(70, 70 - 70, 70)
02-20 19:14:13.952 6467 6467 I ViewRootImpl@21718a0[MainActivity]: fl=8d810102
02-20 19:14:13.952 6467 6467 I ViewRootImpl@21718a0[MainActivity]: pfl=12020040
02-20 19:14:13.952 6467 6467 I ViewRootImpl@21718a0[MainActivity]: vsysui=700
02-20 19:14:13.952 6467 6467 I ViewRootImpl@21718a0[MainActivity]: bhv=DEFAULT
02-20 19:14:13.952 6467 6467 I ViewRootImpl@21718a0[MainActivity]: fitSides=
02-20 19:14:13.952 6467 6467 I ViewRootImpl@21718a0[MainActivity]: dimAmount=0.6 naviIconColor=0
02-20 19:14:13.952 6467 6467 I ViewRootImpl@21718a0[MainActivity]: sfl=100000}
02-20 19:14:13.960 6467 6467 I ViewRootImpl@21718a0[MainActivity]: updateBlastSurfaceIfNeeded mBlastBufferQueue=null isSameSurfaceControl=false
02-20 19:14:13.960 6467 6467 D BufferQueueConsumer: [](id:194300000013,api:0,p:- 1,c:6467) connect: controlledByApp=false
02-20 19:14:13.961 6467 6467 I BLASTBufferQueue: new BLASTBufferQueue, mName= ViewRootImpl@21718a0[MainActivity] mNativeObject= 0xb4000070d79ffa00 sc.mNativeObject= 0xb40000716d1377c0 caller= android.view.ViewRootImpl.updateBlastSurfaceIfNeeded:2909 android.view.ViewRootImpl.relayoutWindow:9847 android.view.ViewRootImpl.performTraversals:3884 android.view.ViewRootImpl.doTraversal:3116 android.view.ViewRootImpl$TraversalRunnable.run:10885 android.view.Choreographer$CallbackRecord.run:1301 android.view.Choreographer$CallbackRecord.run:1309 android.view.Choreographer.doCallbacks:923 android.view.Choreographer.doFrame:852 android.view.Choreographer$FrameDisplayEventReceiver.run:1283
02-20 19:14:13.961 6467 6467 I BLASTBufferQueue: update, w= 860 h= 1740 mName = ViewRootImpl@21718a0[MainActivity] mNativeObject= 0xb4000070d79ffa00 sc.mNativeObject= 0xb40000716d1377c0 format= -2 caller= android.graphics.BLASTBufferQueue.<init>:84 android.view.ViewRootImpl.updateBlastSurfaceIfNeeded:2909 android.view.ViewRootImpl.relayoutWindow:9847 android.view.ViewRootImpl.performTraversals:3884 android.view.ViewRootImpl.doTraversal:3116 android.view.ViewRootImpl$TraversalRunnable.run:10885
02-20 19:14:13.962 6467 6467 I ViewRootImpl@21718a0[MainActivity]: Relayout returned: old=(0,0,720,1600) new=(0,0,720,1600) req=(720,1600)0 dur=8 res=0x3 s={true 0xb4000070d78d1800} ch=true seqId=0
02-20 19:14:13.963 6467 6467 I ViewRootImpl@21718a0[MainActivity]: mThreadedRenderer.initialize() mSurface={isValid=true 0xb4000070d78d1800} hwInitialized=true
02-20 19:14:13.963 6467 6533 D BufferQueueProducer: [ViewRootImpl@21718a0[MainActivity]#17(BLAST Consumer)17] (id:194300000013,api:1,p:6467,c:6467) connect: api=1 producerControlledByApp=true
02-20 19:14:13.963 6467 6533 D OpenGLRenderer: eglCreateWindowSurface
02-20 19:14:13.964 6467 6467 I ViewRootImpl@21718a0[MainActivity]: reportNextDraw android.view.ViewRootImpl.performTraversals:4438 android.view.ViewRootImpl.doTraversal:3116 android.view.ViewRootImpl$TraversalRunnable.run:10885 android.view.Choreographer$CallbackRecord.run:1301 android.view.Choreographer$CallbackRecord.run:1309
02-20 19:14:13.965 6467 6467 I ViewRootImpl@21718a0[MainActivity]: Setup new sync id=0
02-20 19:14:13.965 6467 6467 I ViewRootImpl@21718a0[MainActivity]: Setting syncFrameCallback
02-20 19:14:13.965 6467 6467 I ViewRootImpl@21718a0[MainActivity]: registerCallbacksForSync syncBuffer=false
02-20 19:14:13.973 6467 6561 I ViewRootImpl@21718a0[MainActivity]: Received frameDrawingCallback syncResult=0 frameNum=1.
02-20 19:14:13.973 6467 6561 I ViewRootImpl@21718a0[MainActivity]: Setting up sync and frameCommitCallback
02-20 19:14:13.983 6467 6533 E IMGMapper: set:488 set: Unset optional value from type SMPTE2086
02-20 19:14:13.983 6467 6533 E IMGMapper: set:488 set: Unset optional value from type CTA861_3
02-20 19:14:13.983 6467 6533 I BLASTBufferQueue: [ViewRootImpl@21718a0[MainActivity]#17](f:0,a:0) onFrameAvailable the first frame is available
02-20 19:14:13.984 6467 6533 D BLASTBufferQueue: [ViewRootImpl@21718a0[MainActivity]#17](f:0,a:1) acquireNextBufferLocked size=860x1740 mFrameNumber=1 applyTransaction=true mTimestamp=113948057281635(auto) mPendingTransactions.size=0 graphicBufferId=27775553503382 transform=0
02-20 19:14:13.984 6467 6533 I ViewRootImpl@21718a0[MainActivity]: Received frameCommittedCallback lastAttemptedDrawFrameNum=1 didProduceBuffer=true
02-20 19:14:13.986 6467 6533 D OpenGLRenderer: CFMS:: SetUp Pid : 6467 Tid : 6533
02-20 19:14:13.986 6467 6533 W Parcel : Expecting binder but got null!
02-20 19:14:13.986 6467 6467 I ViewRootImpl@21718a0[MainActivity]: onSyncComplete
02-20 19:14:13.987 6467 6467 I ViewRootImpl@21718a0[MainActivity]: setupSync seqId=0 mSyncId=0 fn=1 caller=android.view.ViewRootImpl$ $ExternalSyntheticLambda11.accept:6 android.window.SurfaceSyncer.lambda$setupSync$1$android-window-SurfaceSyncer:128 android.window.SurfaceSyncer$$ExternalSyntheticLambda1.accept:8 android.window.SurfaceSyncer$SyncSet.checkIfSyncIsComplete:382 android.window.SurfaceSyncer$SyncSet.markSyncReady:359 android.window.SurfaceSyncer.markSyncReady:151 android.view.ViewRootImpl.performTraversals:4503
02-20 19:14:13.995 6467 6467 I ViewRootImpl@f3cbe1b[MainActivity]: performTraversals params={(0,0)(fillxfill) gr=CENTER sim={adjust=pan} ty=APPLICATION fmt=TRANSPARENT wanim=0x7f110003 surfaceInsets=Rect(70, 70 - 70, 70)
02-20 19:14:13.995 6467 6467 I ViewRootImpl@f3cbe1b[MainActivity]: fl=8d810102
02-20 19:14:13.995 6467 6467 I ViewRootImpl@f3cbe1b[MainActivity]: pfl=12020040
02-20 19:14:13.995 6467 6467 I ViewRootImpl@f3cbe1b[MainActivity]: vsysui=700
02-20 19:14:13.995 6467 6467 I ViewRootImpl@f3cbe1b[MainActivity]: bhv=DEFAULT
02-20 19:14:13.995 6467 6467 I ViewRootImpl@f3cbe1b[MainActivity]: fitSides=
02-20 19:14:13.995 6467 6467 I ViewRootImpl@f3cbe1b[MainActivity]: dimAmount=0.6 naviIconColor=0
02-20 19:14:13.995 6467 6467 I ViewRootImpl@f3cbe1b[MainActivity]: sfl=100000}
02-20 19:14:13.996 6467 6467 I ViewRootImpl@f3cbe1b[MainActivity]: performTraversals mFirst=true windowShouldResize=true viewVisibilityChanged=false mForceNextWindowRelayout=false params={(0,0)(fillxfill) gr=CENTER sim={adjust=pan} ty=APPLICATION fmt=TRANSPARENT wanim=0x7f110003 surfaceInsets=Rect(70, 70 - 70, 70)
02-20 19:14:13.996 6467 6467 I ViewRootImpl@f3cbe1b[MainActivity]: fl=8d810102
02-20 19:14:13.996 6467 6467 I ViewRootImpl@f3cbe1b[MainActivity]: pfl=12020040
02-20 19:14:13.996 6467 6467 I ViewRootImpl@f3cbe1b[MainActivity]: vsysui=700
02-20 19:14:13.996 6467 6467 I ViewRootImpl@f3cbe1b[MainActivity]: bhv=DEFAULT
02-20 19:14:13.996 6467 6467 I ViewRootImpl@f3cbe1b[MainActivity]: fitSides=
02-20 19:14:13.996 6467 6467 I ViewRootImpl@f3cbe1b[MainActivity]: dimAmount=0.6 naviIconColor=0
02-20 19:14:13.996 6467 6467 I ViewRootImpl@f3cbe1b[MainActivity]: sfl=100000}
02-20 19:14:14.005 6467 6467 I ViewRootImpl@f3cbe1b[MainActivity]: updateBlastSurfaceIfNeeded mBlastBufferQueue=null isSameSurfaceControl=false
02-20 19:14:14.005 6467 6467 D BufferQueueConsumer: [](id:194300000014,api:0,p:- 1,c:6467) connect: controlledByApp=false
02-20 19:14:14.006 6467 6467 I BLASTBufferQueue: new BLASTBufferQueue, mName= ViewRootImpl@f3cbe1b[MainActivity] mNativeObject= 0xb4000070d7cc8e00 sc.mNativeObject= 0xb40000716d13a4c0 caller= android.view.ViewRootImpl.updateBlastSurfaceIfNeeded:2909 android.view.ViewRootImpl.relayoutWindow:9847 android.view.ViewRootImpl.performTraversals:3884 android.view.ViewRootImpl.doTraversal:3116 android.view.ViewRootImpl$TraversalRunnable.run:10885 android.view.Choreographer$CallbackRecord.run:1301 android.view.Choreographer$CallbackRecord.run:1309 android.view.Choreographer.doCallbacks:923 android.view.Choreographer.doFrame:852 android.view.Choreographer$FrameDisplayEventReceiver.run:1283
02-20 19:14:14.006 6467 6467 I BLASTBufferQueue: update, w= 860 h= 1740 mName = ViewRootImpl@f3cbe1b[MainActivity] mNativeObject= 0xb4000070d7cc8e00 sc.mNativeObject= 0xb40000716d13a4c0 format= -2 caller= android.graphics.BLASTBufferQueue.<init>:84 android.view.ViewRootImpl.updateBlastSurfaceIfNeeded:2909 android.view.ViewRootImpl.relayoutWindow:9847 android.view.ViewRootImpl.performTraversals:3884 android.view.ViewRootImpl.doTraversal:3116 android.view.ViewRootImpl$TraversalRunnable.run:10885
02-20 19:14:14.007 6467 6467 I ViewRootImpl@f3cbe1b[MainActivity]: Relayout returned: old=(0,0,720,1600) new=(0,0,720,1600) req=(720,1600)0 dur=9 res=0x3 s={true 0xb4000070d790b000} ch=true seqId=0
02-20 19:14:14.007 6467 6467 I ViewRootImpl@f3cbe1b[MainActivity]: mThreadedRenderer.initialize() mSurface={isValid=true 0xb4000070d790b000} hwInitialized=true
02-20 19:14:14.008 6467 6533 D BufferQueueProducer: [ViewRootImpl@f3cbe1b[MainActivity]#18(BLAST Consumer)18] (id:194300000014,api:1,p:6467,c:6467) connect: api=1 producerControlledByApp=true
02-20 19:14:14.008 6467 6533 D OpenGLRenderer: eglCreateWindowSurface
02-20 19:14:14.009 6467 6467 I ViewRootImpl@f3cbe1b[MainActivity]: reportNextDraw android.view.ViewRootImpl.performTraversals:4438 android.view.ViewRootImpl.doTraversal:3116 android.view.ViewRootImpl$TraversalRunnable.run:10885 android.view.Choreographer$CallbackRecord.run:1301 android.view.Choreographer$CallbackRecord.run:1309
02-20 19:14:14.009 6467 6467 I ViewRootImpl@f3cbe1b[MainActivity]: Setup new sync id=0
02-20 19:14:14.009 6467 6467 I ViewRootImpl@f3cbe1b[MainActivity]: Setting syncFrameCallback
02-20 19:14:14.009 6467 6467 I ViewRootImpl@f3cbe1b[MainActivity]: registerCallbacksForSync syncBuffer=false
02-20 19:14:14.015 6467 6560 I ViewRootImpl@f3cbe1b[MainActivity]: Received frameDrawingCallback syncResult=0 frameNum=1.
02-20 19:14:14.015 6467 6560 I ViewRootImpl@f3cbe1b[MainActivity]: Setting up sync and frameCommitCallback
02-20 19:14:14.027 6467 6533 E IMGMapper: set:488 set: Unset optional value from type SMPTE2086
02-20 19:14:14.027 6467 6533 E IMGMapper: set:488 set: Unset optional value from type CTA861_3
02-20 19:14:14.027 6467 6533 I BLASTBufferQueue: [ViewRootImpl@f3cbe1b[MainActivity]#18](f:0,a:0) onFrameAvailable the first frame is available
02-20 19:14:14.028 6467 6533 D BLASTBufferQueue: [ViewRootImpl@f3cbe1b[MainActivity]#18](f:0,a:1) acquireNextBufferLocked size=860x1740 mFrameNumber=1 applyTransaction=true mTimestamp=113948101222712(auto) mPendingTransactions.size=0 graphicBufferId=27775553503385 transform=0
02-20 19:14:14.028 6467 6533 I ViewRootImpl@f3cbe1b[MainActivity]: Received frameCommittedCallback lastAttemptedDrawFrameNum=1 didProduceBuffer=true
02-20 19:14:14.030 6467 6533 D OpenGLRenderer: CFMS:: SetUp Pid : 6467 Tid : 6533
02-20 19:14:14.030 6467 6533 W Parcel : Expecting binder but got null!
02-20 19:14:14.030 6467 6467 I ViewRootImpl@f3cbe1b[MainActivity]: onSyncComplete
02-20 19:14:14.031 6467 6467 I ViewRootImpl@f3cbe1b[MainActivity]: setupSync seqId=0 mSyncId=0 fn=1 caller=android.view.ViewRootImpl$ $ExternalSyntheticLambda11.accept:6 android.window.SurfaceSyncer.lambda$setupSync$1$android-window-SurfaceSyncer:128 android.window.SurfaceSyncer$$ExternalSyntheticLambda1.accept:8 android.window.SurfaceSyncer$SyncSet.checkIfSyncIsComplete:382 android.window.SurfaceSyncer$SyncSet.markSyncReady:359 android.window.SurfaceSyncer.markSyncReady:151 android.view.ViewRootImpl.performTraversals:4503
02-20 19:14:14.031 6467 6467 I ViewRootImpl@f3cbe1b[MainActivity]: reportDrawFinished seqId=0 mSyncId=-1 fn=1 mSurfaceChangedTransaction=0xb4000070e07dad00
02-20 19:14:14.031 6467 6467 I ViewRootImpl@21718a0[MainActivity]: reportDrawFinished seqId=0 mSyncId=-1 fn=1 mSurfaceChangedTransaction=0xb4000070e05b4500
02-20 19:14:14.032 6467 6467 I ViewRootImpl@64221ef[MainActivity]: reportDrawFinished seqId=0 mSyncId=-1 fn=1 mSurfaceChangedTransaction=0xb4000070d7e8e000
02-20 19:14:14.049 6467 6467 I SurfaceView@7d7c31d: finishedDrawing
02-20 19:14:14.051 6467 6467 V MediaPlayerNative: invoke 76
02-20 19:14:14.052 6467 6533 E IMGMapper: set:488 set: Unset optional value from type SMPTE2086
02-20 19:14:14.052 6467 6533 E IMGMapper: set:488 set: Unset optional value from type CTA861_3
02-20 19:14:14.082 6467 6533 E IMGMapper: set:488 set: Unset optional value from type SMPTE2086
02-20 19:14:14.082 6467 6533 E IMGMapper: set:488 set: Unset optional value from type CTA861_3
02-20 19:14:14.090 6467 6467 V MediaPlayer-JNI: start
02-20 19:14:14.090 6467 6467 V MediaPlayerNative: start
02-20 19:14:14.092 6467 6533 E IMGMapper: set:488 set: Unset optional value from type SMPTE2086
02-20 19:14:14.092 6467 6533 E IMGMapper: set:488 set: Unset optional value from type CTA861_3
02-20 19:14:14.097 6467 6533 E IMGMapper: set:488 set: Unset optional value from type SMPTE2086
02-20 19:14:14.097 6467 6533 E IMGMapper: set:488 set: Unset optional value from type CTA861_3
02-20 19:14:14.105 6467 6533 E IMGMapper: set:488 set: Unset optional value from type SMPTE2086
02-20 19:14:14.105 6467 6533 E IMGMapper: set:488 set: Unset optional value from type CTA861_3
02-20 19:14:14.110 6467 6533 E IMGMapper: set:488 set: Unset optional value from type SMPTE2086
02-20 19:14:14.110 6467 6533 E IMGMapper: set:488 set: Unset optional value from type CTA861_3
02-20 19:14:14.125 6467 6533 E IMGMapper: set:488 set: Unset optional value from type SMPTE2086
02-20 19:14:14.126 6467 6533 E IMGMapper: set:488 set: Unset optional value from type CTA861_3
02-20 19:14:14.138 6467 6864 D BufferQueueProducer: [SurfaceView[com.accarunit.beauty.camera.videocall/com.lightcone.beautycam.activity .MainActivity]@0#16(BLAST Consumer)16](id:194300000012,api:3,p:938,c:6467) disconnect: api 3
02-20 19:14:14.140 6467 6864 D BufferQueueProducer: [SurfaceView[com.accarunit.beauty.camera.videocall/com.lightcone.beautycam.activity .MainActivity]@0#16(BLAST Consumer)16](id:194300000012,api:3,p:938,c:6467) connect: api=3 producerControlledByApp=true
02-20 19:14:14.140 6467 6864 D BufferQueueProducer: [SurfaceView[com.accarunit.beauty.camera.videocall/com.lightcone.beautycam.activity .MainActivity]@0#16(BLAST Consumer)16](id:194300000012,api:3,p:938,c:6467) disconnect: api 3
02-20 19:14:14.141 6467 6864 D BufferQueueProducer: [SurfaceView[com.accarunit.beauty.camera.videocall/com.lightcone.beautycam.activity .MainActivity]@0#16(BLAST Consumer)16](id:194300000012,api:3,p:938,c:6467) connect: api=3 producerControlledByApp=true
02-20 19:14:14.145 6467 6533 E IMGMapper: set:488 set: Unset optional value from type SMPTE2086
02-20 19:14:14.146 6467 6533 E IMGMapper: set:488 set: Unset optional value from type CTA861_3
02-20 19:14:14.160 6467 6533 E IMGMapper: set:488 set: Unset optional value from type SMPTE2086
02-20 19:14:14.160 6467 6533 E IMGMapper: set:488 set: Unset optional value from type CTA861_3
02-20 19:14:14.166 6467 6467 I ViewRootImpl@f3cbe1b[MainActivity]: MSG_WINDOW_FOCUS_CHANGED 1 0
02-20 19:14:14.167 6467 6467 I ViewRootImpl@f3cbe1b[MainActivity]: mThreadedRenderer.initializeIfNeeded()#2 mSurface={isValid=true 0xb4000070d790b000}
02-20 19:14:14.167 6467 6467 D InputMethodManager: startInputInner - Id : 0
02-20 19:14:14.168 6467 6467 I InputMethodManager: startInputInner - mService.startInputOrWindowGainedFocus
02-20 19:14:14.177 6467 6533 E IMGMapper: set:488 set: Unset optional value from type SMPTE2086
02-20 19:14:14.177 6467 6533 E IMGMapper: set:488 set: Unset optional value from type CTA861_3
02-20 19:14:14.194 6467 6533 E IMGMapper: set:488 set: Unset optional value from type SMPTE2086
02-20 19:14:14.194 6467 6533 E IMGMapper: set:488 set: Unset optional value from type CTA861_3
02-20 19:14:14.211 6467 6533 E IMGMapper: set:488 set: Unset optional value from type SMPTE2086
02-20 19:14:14.211 6467 6533 E IMGMapper: set:488 set: Unset optional value from type CTA861_3
02-20 19:14:14.225 6467 6533 E IMGMapper: set:488 set: Unset optional value from type SMPTE2086
02-20 19:14:14.226 6467 6533 E IMGMapper: set:488 set: Unset optional value from type CTA861_3
02-20 19:14:14.233 6467 6864 V MediaPlayerNative: message received msg=5, ext1=949, ext2=1080
02-20 19:14:14.233 6467 6864 V MediaPlayerNative: New video size 949 x 1080
02-20 19:14:14.233 6467 6864 V MediaPlayerNative: message received msg=211, ext1=0, ext2=0
02-20 19:14:14.233 6467 6864 V MediaPlayerNative: message received msg=200, ext1=3, ext2=0
02-20 19:14:14.233 6467 6864 W MediaPlayerNative: info/warning (3, 0)
02-20 19:14:14.233 6467 6864 V MediaPlayerNative: message received msg=6, ext1=0, ext2=0
02-20 19:14:14.233 6467 6864 V MediaPlayerNative: Received media started message
02-20 19:14:14.238 6467 6659 I BLASTBufferQueue: [SurfaceView[com.accarunit.beauty.camera.videocall/com.lightcone.beautycam.activity .MainActivity]@0#16](f:0,a:0) onFrameAvailable the first frame is available
02-20 19:14:14.238 6467 6659 D BLASTBufferQueue: [SurfaceView[com.accarunit.beauty.camera.videocall/com.lightcone.beautycam.activity .MainActivity]@0#16](f:0,a:1) acquireNextBufferLocked size=720x819 mFrameNumber=1 applyTransaction=true mTimestamp=113948306404000 mPendingTransactions.size=0 graphicBufferId=27775553503394 transform=0
02-20 19:14:14.244 6467 6533 E IMGMapper: set:488 set: Unset optional value from type SMPTE2086
02-20 19:14:14.244 6467 6533 E IMGMapper: set:488 set: Unset optional value from type CTA861_3
02-20 19:14:14.296 6467 6533 E IMGMapper: set:488 set: Unset optional value from type SMPTE2086
02-20 19:14:14.297 6467 6533 E IMGMapper: set:488 set: Unset optional value from type CTA861_3
02-20 19:14:14.322 6467 6533 E IMGMapper: set:488 set: Unset optional value from type SMPTE2086
02-20 19:14:14.322 6467 6533 E IMGMapper: set:488 set: Unset optional value from type CTA861_3
02-20 19:14:14.336 6467 6743 D BufferQueueProducer: [SurfaceView[com.accarunit.beauty.camera.videocall/com.lightcone.beautycam.activity .MainActivity]@0#16(BLAST Consumer)16](id:194300000012,api:3,p:938,c:6467) waitForFreeSlotThenRelock TIMED_OUT 0 dequeuedCount=20, acquiredCount=2, mMaxAcquiredBufferCount=1, mMaxDequeuedBufferCount=21
02-20 19:14:14.347 6467 6743 D BufferQueueProducer: [SurfaceView[com.accarunit.beauty.camera.videocall/com.lightcone.beautycam.activity .MainActivity]@0#16(BLAST Consumer)16](id:194300000012,api:3,p:938,c:6467) waitForFreeSlotThenRelock TIMED_OUT 0 dequeuedCount=19, acquiredCount=3, mMaxAcquiredBufferCount=1, mMaxDequeuedBufferCount=21
02-20 19:14:14.358 6467 6743 D BufferQueueProducer: [SurfaceView[com.accarunit.beauty.camera.videocall/com.lightcone.beautycam.activity .MainActivity]@0#16(BLAST Consumer)16](id:194300000012,api:3,p:938,c:6467) waitForFreeSlotThenRelock TIMED_OUT 0 dequeuedCount=19, acquiredCount=3, mMaxAcquiredBufferCount=1, mMaxDequeuedBufferCount=21
02-20 19:14:14.369 6467 6743 D BufferQueueProducer: [SurfaceView[com.accarunit.beauty.camera.videocall/com.lightcone.beautycam.activity .MainActivity]@0#16(BLAST Consumer)16](id:194300000012,api:3,p:938,c:6467) waitForFreeSlotThenRelock TIMED_OUT 0 dequeuedCount=19, acquiredCount=3, mMaxAcquiredBufferCount=1, mMaxDequeuedBufferCount=21
02-20 19:14:14.380 6467 6743 D BufferQueueProducer: [SurfaceView[com.accarunit.beauty.camera.videocall/com.lightcone.beautycam.activity .MainActivity]@0#16(BLAST Consumer)16](id:194300000012,api:3,p:938,c:6467) waitForFreeSlotThenRelock TIMED_OUT 0 dequeuedCount=19, acquiredCount=3, mMaxAcquiredBufferCount=1, mMaxDequeuedBufferCount=21
02-20 19:14:14.391 6467 6743 D BufferQueueProducer: [SurfaceView[com.accarunit.beauty.camera.videocall/com.lightcone.beautycam.activity .MainActivity]@0#16(BLAST Consumer)16](id:194300000012,api:3,p:938,c:6467) waitForFreeSlotThenRelock TIMED_OUT 0 dequeuedCount=19, acquiredCount=3, mMaxAcquiredBufferCount=1, mMaxDequeuedBufferCount=21
02-20 19:14:14.401 6467 6743 D BufferQueueProducer: [SurfaceView[com.accarunit.beauty.camera.videocall/com.lightcone.beautycam.activity .MainActivity]@0#16(BLAST Consumer)16](id:194300000012,api:3,p:938,c:6467) waitForFreeSlotThenRelock TIMED_OUT 0 dequeuedCount=19, acquiredCount=3, mMaxAcquiredBufferCount=1, mMaxDequeuedBufferCount=21
02-20 19:14:14.412 6467 6743 D BufferQueueProducer: [SurfaceView[com.accarunit.beauty.camera.videocall/com.lightcone.beautycam.activity .MainActivity]@0#16(BLAST Consumer)16](id:194300000012,api:3,p:938,c:6467) waitForFreeSlotThenRelock TIMED_OUT 0 dequeuedCount=19, acquiredCount=3, mMaxAcquiredBufferCount=1, mMaxDequeuedBufferCount=21
02-20 19:14:14.426 6467 6743 D BufferQueueProducer: [SurfaceView[com.accarunit.beauty.camera.videocall/com.lightcone.beautycam.activity .MainActivity]@0#16(BLAST Consumer)16](id:194300000012,api:3,p:938,c:6467) waitForFreeSlotThenRelock TIMED_OUT 0 dequeuedCount=19, acquiredCount=3, mMaxAcquiredBufferCount=1, mMaxDequeuedBufferCount=21
02-20 19:14:14.437 6467 6743 D BufferQueueProducer: [SurfaceView[com.accarunit.beauty.camera.videocall/com.lightcone.beautycam.activity .MainActivity]@0#16(BLAST Consumer)16](id:194300000012,api:3,p:938,c:6467) waitForFreeSlotThenRelock TIMED_OUT 0 dequeuedCount=19, acquiredCount=3, mMaxAcquiredBufferCount=1, mMaxDequeuedBufferCount=21
02-20 19:14:14.441 6467 6533 E IMGMapper: set:488 set: Unset optional value from type SMPTE2086
02-20 19:14:14.441 6467 6533 E IMGMapper: set:488 set: Unset optional value from type CTA861_3
02-20 19:14:14.449 6467 6659 D BufferQueueProducer: [SurfaceView[com.accarunit.beauty.camera.videocall/com.lightcone.beautycam.activity .MainActivity]@0#16(BLAST Consumer)16](id:194300000012,api:3,p:938,c:6467) waitForFreeSlotThenRelock TIMED_OUT 0 dequeuedCount=20, acquiredCount=2, mMaxAcquiredBufferCount=1, mMaxDequeuedBufferCount=21
02-20 19:14:14.461 6467 6740 D BufferQueueProducer: [SurfaceView[com.accarunit.beauty.camera.videocall/com.lightcone.beautycam.activity .MainActivity]@0#16(BLAST Consumer)16](id:194300000012,api:3,p:938,c:6467) waitForFreeSlotThenRelock TIMED_OUT 0 dequeuedCount=18, acquiredCount=2, mMaxAcquiredBufferCount=1, mMaxDequeuedBufferCount=21
02-20 19:14:14.466 6467 6533 E IMGMapper: set:488 set: Unset optional value from type SMPTE2086
02-20 19:14:14.466 6467 6533 E IMGMapper: set:488 set: Unset optional value from type CTA861_3
02-20 19:14:14.472 6467 6864 D BufferQueueProducer: [SurfaceView[com.accarunit.beauty.camera.videocall/com.lightcone.beautycam.activity .MainActivity]@0#16(BLAST Consumer)16](id:194300000012,api:3,p:938,c:6467) waitForFreeSlotThenRelock TIMED_OUT 0 dequeuedCount=18, acquiredCount=3, mMaxAcquiredBufferCount=1, mMaxDequeuedBufferCount=21
02-20 19:14:14.476 6467 6533 E IMGMapper: set:488 set: Unset optional value from type SMPTE2086
02-20 19:14:14.476 6467 6533 E IMGMapper: set:488 set: Unset optional value from type CTA861_3
02-20 19:14:14.487 6467 6641 D BufferQueueProducer: [SurfaceView[com.accarunit.beauty.camera.videocall/com.lightcone.beautycam.activity .MainActivity]@0#16(BLAST Consumer)16](id:194300000012,api:3,p:938,c:6467) waitForFreeSlotThenRelock TIMED_OUT 0 dequeuedCount=20, acquiredCount=2, mMaxAcquiredBufferCount=1, mMaxDequeuedBufferCount=21
02-20 19:14:14.489 6467 6533 E IMGMapper: set:488 set: Unset optional value from type SMPTE2086
02-20 19:14:14.489 6467 6533 E IMGMapper: set:488 set: Unset optional value from type CTA861_3
02-20 19:14:14.498 6467 6659 D BufferQueueProducer: [SurfaceView[com.accarunit.beauty.camera.videocall/com.lightcone.beautycam.activity .MainActivity]@0#16(BLAST Consumer)16](id:194300000012,api:3,p:938,c:6467) waitForFreeSlotThenRelock TIMED_OUT 0 dequeuedCount=19, acquiredCount=3, mMaxAcquiredBufferCount=1, mMaxDequeuedBufferCount=21
02-20 19:14:14.507 6467 6533 E IMGMapper: set:488 set: Unset optional value from type SMPTE2086
02-20 19:14:14.507 6467 6533 E IMGMapper: set:488 set: Unset optional value from type CTA861_3
02-20 19:14:14.514 6467 6864 D BufferQueueProducer: [SurfaceView[com.accarunit.beauty.camera.videocall/com.lightcone.beautycam.activity .MainActivity]@0#16(BLAST Consumer)16](id:194300000012,api:3,p:938,c:6467) waitForFreeSlotThenRelock TIMED_OUT 0 dequeuedCount=20, acquiredCount=2, mMaxAcquiredBufferCount=1, mMaxDequeuedBufferCount=21
02-20 19:14:14.523 6467 6533 E IMGMapper: set:488 set: Unset optional value from type SMPTE2086
02-20 19:14:14.523 6467 6533 E IMGMapper: set:488 set: Unset optional value from type CTA861_3
02-20 19:14:14.527 6467 6864 D BufferQueueProducer: [SurfaceView[com.accarunit.beauty.camera.videocall/com.lightcone.beautycam.activity .MainActivity]@0#16(BLAST Consumer)16](id:194300000012,api:3,p:938,c:6467) waitForFreeSlotThenRelock TIMED_OUT 0 dequeuedCount=20, acquiredCount=2, mMaxAcquiredBufferCount=1, mMaxDequeuedBufferCount=21
02-20 19:14:14.538 6467 6533 E IMGMapper: set:488 set: Unset optional value from type SMPTE2086
02-20 19:14:14.538 6467 6533 E IMGMapper: set:488 set: Unset optional value from type CTA861_3
02-20 19:14:14.539 6467 6659 D BufferQueueProducer: [SurfaceView[com.accarunit.beauty.camera.videocall/com.lightcone.beautycam.activity .MainActivity]@0#16(BLAST Consumer)16](id:194300000012,api:3,p:938,c:6467) waitForFreeSlotThenRelock TIMED_OUT 0 dequeuedCount=19, acquiredCount=3, mMaxAcquiredBufferCount=1, mMaxDequeuedBufferCount=21
02-20 19:14:14.555 6467 6533 E IMGMapper: set:488 set: Unset optional value from type SMPTE2086
02-20 19:14:14.555 6467 6533 E IMGMapper: set:488 set: Unset optional value from type CTA861_3
02-20 19:14:14.557 6467 6864 D BufferQueueProducer: [SurfaceView[com.accarunit.beauty.camera.videocall/com.lightcone.beautycam.activity .MainActivity]@0#16(BLAST Consumer)16](id:194300000012,api:3,p:938,c:6467) waitForFreeSlotThenRelock TIMED_OUT 0 dequeuedCount=19, acquiredCount=3, mMaxAcquiredBufferCount=1, mMaxDequeuedBufferCount=21
02-20 19:14:14.573 6467 6533 E IMGMapper: set:488 set: Unset optional value from type SMPTE2086
02-20 19:14:14.573 6467 6533 E IMGMapper: set:488 set: Unset optional value from type CTA861_3
02-20 19:14:14.576 6467 6641 D BufferQueueProducer: [SurfaceView[com.accarunit.beauty.camera.videocall/com.lightcone.beautycam.activity .MainActivity]@0#16(BLAST Consumer)16](id:194300000012,api:3,p:938,c:6467) waitForFreeSlotThenRelock TIMED_OUT 0 dequeuedCount=20, acquiredCount=2, mMaxAcquiredBufferCount=1, mMaxDequeuedBufferCount=21
02-20 19:14:14.588 6467 6864 D BufferQueueProducer: [SurfaceView[com.accarunit.beauty.camera.videocall/com.lightcone.beautycam.activity .MainActivity]@0#16(BLAST Consumer)16](id:194300000012,api:3,p:938,c:6467) waitForFreeSlotThenRelock TIMED_OUT 0 dequeuedCount=19, acquiredCount=3, mMaxAcquiredBufferCount=1, mMaxDequeuedBufferCount=21
02-20 19:14:14.590 6467 6533 E IMGMapper: set:488 set: Unset optional value from type SMPTE2086
02-20 19:14:14.590 6467 6533 E IMGMapper: set:488 set: Unset optional value from type CTA861_3
02-20 19:14:14.599 6467 6641 D BufferQueueProducer: [SurfaceView[com.accarunit.beauty.camera.videocall/com.lightcone.beautycam.activity .MainActivity]@0#16(BLAST Consumer)16](id:194300000012,api:3,p:938,c:6467) waitForFreeSlotThenRelock TIMED_OUT 0 dequeuedCount=19, acquiredCount=3, mMaxAcquiredBufferCount=1, mMaxDequeuedBufferCount=21
02-20 19:14:14.604 6467 6533 E IMGMapper: set:488 set: Unset optional value from type SMPTE2086
02-20 19:14:14.604 6467 6533 E IMGMapper: set:488 set: Unset optional value from type CTA861_3
02-20 19:14:14.612 6467 6659 D BufferQueueProducer: [SurfaceView[com.accarunit.beauty.camera.videocall/com.lightcone.beautycam.activity .MainActivity]@0#16(BLAST Consumer)16](id:194300000012,api:3,p:938,c:6467) waitForFreeSlotThenRelock TIMED_OUT 0 dequeuedCount=20, acquiredCount=2, mMaxAcquiredBufferCount=1, mMaxDequeuedBufferCount=21
02-20 19:14:14.622 6467 6533 E IMGMapper: set:488 set: Unset optional value from type SMPTE2086
02-20 19:14:14.622 6467 6533 E IMGMapper: set:488 set: Unset optional value from type CTA861_3
02-20 19:14:14.624 6467 6864 D BufferQueueProducer: [SurfaceView[com.accarunit.beauty.camera.videocall/com.lightcone.beautycam.activity .MainActivity]@0#16(BLAST Consumer)16](id:194300000012,api:3,p:938,c:6467) waitForFreeSlotThenRelock TIMED_OUT 0 dequeuedCount=19, acquiredCount=3, mMaxAcquiredBufferCount=1, mMaxDequeuedBufferCount=21
02-20 19:14:14.638 6467 6533 E IMGMapper: set:488 set: Unset optional value from type SMPTE2086
02-20 19:14:14.638 6467 6533 E IMGMapper: set:488 set: Unset optional value from type CTA861_3
02-20 19:14:14.638 6467 6864 D BufferQueueProducer: [SurfaceView[com.accarunit.beauty.camera.videocall/com.lightcone.beautycam.activity .MainActivity]@0#16(BLAST Consumer)16](id:194300000012,api:3,p:938,c:6467) waitForFreeSlotThenRelock TIMED_OUT 0 dequeuedCount=20, acquiredCount=2, mMaxAcquiredBufferCount=1, mMaxDequeuedBufferCount=21
02-20 19:14:14.649 6467 6864 D BufferQueueProducer: [SurfaceView[com.accarunit.beauty.camera.videocall/com.lightcone.beautycam.activity .MainActivity]@0#16(BLAST Consumer)16](id:194300000012,api:3,p:938,c:6467) waitForFreeSlotThenRelock TIMED_OUT 0 dequeuedCount=20, acquiredCount=2, mMaxAcquiredBufferCount=1, mMaxDequeuedBufferCount=21
02-20 19:14:14.655 6467 6533 E IMGMapper: set:488 set: Unset optional value from type SMPTE2086
02-20 19:14:14.655 6467 6533 E IMGMapper: set:488 set: Unset optional value from type CTA861_3
02-20 19:14:14.660 6467 6659 D BufferQueueProducer: [SurfaceView[com.accarunit.beauty.camera.videocall/com.lightcone.beautycam.activity .MainActivity]@0#16(BLAST Consumer)16](id:194300000012,api:3,p:938,c:6467) waitForFreeSlotThenRelock TIMED_OUT 0 dequeuedCount=19, acquiredCount=3, mMaxAcquiredBufferCount=1, mMaxDequeuedBufferCount=21
02-20 19:14:14.672 6467 6659 D BufferQueueProducer: [SurfaceView[com.accarunit.beauty.camera.videocall/com.lightcone.beautycam.activity .MainActivity]@0#16(BLAST Consumer)16](id:194300000012,api:3,p:938,c:6467) waitForFreeSlotThenRelock TIMED_OUT 0 dequeuedCount=20, acquiredCount=2, mMaxAcquiredBufferCount=1, mMaxDequeuedBufferCount=21
02-20 19:14:14.673 6467 6533 E IMGMapper: set:488 set: Unset optional value from type SMPTE2086
02-20 19:14:14.673 6467 6533 E IMGMapper: set:488 set: Unset optional value from type CTA861_3
02-20 19:14:14.686 6467 6659 D BufferQueueProducer: [SurfaceView[com.accarunit.beauty.camera.videocall/com.lightcone.beautycam.activity .MainActivity]@0#16(BLAST Consumer)16](id:194300000012,api:3,p:938,c:6467) waitForFreeSlotThenRelock TIMED_OUT 0 dequeuedCount=19, acquiredCount=3, mMaxAcquiredBufferCount=1, mMaxDequeuedBufferCount=21
02-20 19:14:14.688 6467 6533 E IMGMapper: set:488 set: Unset optional value from type SMPTE2086
02-20 19:14:14.689 6467 6533 E IMGMapper: set:488 set: Unset optional value from type CTA861_3
02-20 19:14:14.698 6467 6659 D BufferQueueProducer: [SurfaceView[com.accarunit.beauty.camera.videocall/com.lightcone.beautycam.activity .MainActivity]@0#16(BLAST Consumer)16](id:194300000012,api:3,p:938,c:6467) waitForFreeSlotThenRelock TIMED_OUT 0 dequeuedCount=19, acquiredCount=3, mMaxAcquiredBufferCount=1, mMaxDequeuedBufferCount=21
02-20 19:14:14.705 6467 6533 E IMGMapper: set:488 set: Unset optional value from type SMPTE2086
02-20 19:14:14.705 6467 6533 E IMGMapper: set:488 set: Unset optional value from type CTA861_3
02-20 19:14:14.710 6467 6641 D BufferQueueProducer: [SurfaceView[com.accarunit.beauty.camera.videocall/com.lightcone.beautycam.activity .MainActivity]@0#16(BLAST Consumer)16](id:194300000012,api:3,p:938,c:6467) waitForFreeSlotThenRelock TIMED_OUT 0 dequeuedCount=20, acquiredCount=2, mMaxAcquiredBufferCount=1, mMaxDequeuedBufferCount=21
02-20 19:14:14.722 6467 6864 D BufferQueueProducer: [SurfaceView[com.accarunit.beauty.camera.videocall/com.lightcone.beautycam.activity .MainActivity]@0#16(BLAST Consumer)16](id:194300000012,api:3,p:938,c:6467) waitForFreeSlotThenRelock TIMED_OUT 0 dequeuedCount=19, acquiredCount=3, mMaxAcquiredBufferCount=1, mMaxDequeuedBufferCount=21
02-20 19:14:14.724 6467 6533 E IMGMapper: set:488 set: Unset optional value from type SMPTE2086
02-20 19:14:14.724 6467 6533 E IMGMapper: set:488 set: Unset optional value from type CTA861_3
02-20 19:14:14.733 6467 6864 D BufferQueueProducer: [SurfaceView[com.accarunit.beauty.camera.videocall/com.lightcone.beautycam.activity .MainActivity]@0#16(BLAST Consumer)16](id:194300000012,api:3,p:938,c:6467) waitForFreeSlotThenRelock TIMED_OUT 0 dequeuedCount=19, acquiredCount=3, mMaxAcquiredBufferCount=1, mMaxDequeuedBufferCount=21
02-20 19:14:14.739 6467 6533 E IMGMapper: set:488 set: Unset optional value from type SMPTE2086
02-20 19:14:14.739 6467 6533 E IMGMapper: set:488 set: Unset optional value from type CTA861_3
02-20 19:14:14.745 6467 6641 D BufferQueueProducer: [SurfaceView[com.accarunit.beauty.camera.videocall/com.lightcone.beautycam.activity .MainActivity]@0#16(BLAST Consumer)16](id:194300000012,api:3,p:938,c:6467) waitForFreeSlotThenRelock TIMED_OUT 0 dequeuedCount=20, acquiredCount=2, mMaxAcquiredBufferCount=1, mMaxDequeuedBufferCount=21
02-20 19:14:14.757 6467 6659 D BufferQueueProducer: [SurfaceView[com.accarunit.beauty.camera.videocall/com.lightcone.beautycam.activity .MainActivity]@0#16(BLAST Consumer)16](id:194300000012,api:3,p:938,c:6467) waitForFreeSlotThenRelock TIMED_OUT 0 dequeuedCount=19, acquiredCount=3, mMaxAcquiredBufferCount=1, mMaxDequeuedBufferCount=21
02-20 19:14:14.757 6467 6533 E IMGMapper: set:488 set: Unset optional value from type SMPTE2086
02-20 19:14:14.757 6467 6533 E IMGMapper: set:488 set: Unset optional value from type CTA861_3
02-20 19:14:14.768 6467 6641 D BufferQueueProducer: [SurfaceView[com.accarunit.beauty.camera.videocall/com.lightcone.beautycam.activity .MainActivity]@0#16(BLAST Consumer)16](id:194300000012,api:3,p:938,c:6467) waitForFreeSlotThenRelock TIMED_OUT 0 dequeuedCount=19, acquiredCount=3, mMaxAcquiredBufferCount=1, mMaxDequeuedBufferCount=21
02-20 19:14:14.772 6467 6533 E IMGMapper: set:488 set: Unset optional value from type SMPTE2086
02-20 19:14:14.772 6467 6533 E IMGMapper: set:488 set: Unset optional value from type CTA861_3
02-20 19:14:14.780 6467 6864 D BufferQueueProducer: [SurfaceView[com.accarunit.beauty.camera.videocall/com.lightcone.beautycam.activity .MainActivity]@0#16(BLAST Consumer)16](id:194300000012,api:3,p:938,c:6467) waitForFreeSlotThenRelock TIMED_OUT 0 dequeuedCount=20, acquiredCount=2, mMaxAcquiredBufferCount=1, mMaxDequeuedBufferCount=21
02-20 19:14:14.789 6467 6533 E IMGMapper: set:488 set: Unset optional value from type SMPTE2086
02-20 19:14:14.790 6467 6533 E IMGMapper: set:488 set: Unset optional value from type CTA861_3
02-20 19:14:14.792 6467 6659 D BufferQueueProducer: [SurfaceView[com.accarunit.beauty.camera.videocall/com.lightcone.beautycam.activity .MainActivity]@0#16(BLAST Consumer)16](id:194300000012,api:3,p:938,c:6467) waitForFreeSlotThenRelock TIMED_OUT 0 dequeuedCount=19, acquiredCount=3, mMaxAcquiredBufferCount=1, mMaxDequeuedBufferCount=21
02-20 19:14:14.805 6467 6864 D BufferQueueProducer: [SurfaceView[com.accarunit.beauty.camera.videocall/com.lightcone.beautycam.activity .MainActivity]@0#16(BLAST Consumer)16](id:194300000012,api:3,p:938,c:6467) waitForFreeSlotThenRelock TIMED_OUT 0 dequeuedCount=20, acquiredCount=2, mMaxAcquiredBufferCount=1, mMaxDequeuedBufferCount=21
02-20 19:14:14.805 6467 6533 E IMGMapper: set:488 set: Unset optional value from type SMPTE2086
02-20 19:14:14.806 6467 6533 E IMGMapper: set:488 set: Unset optional value from type CTA861_3
02-20 19:14:14.818 6467 6864 D BufferQueueProducer: [SurfaceView[com.accarunit.beauty.camera.videocall/com.lightcone.beautycam.activity .MainActivity]@0#16(BLAST Consumer)16](id:194300000012,api:3,p:938,c:6467) waitForFreeSlotThenRelock TIMED_OUT 0 dequeuedCount=19, acquiredCount=3, mMaxAcquiredBufferCount=1, mMaxDequeuedBufferCount=21
02-20 19:14:14.823 6467 6533 E IMGMapper: set:488 set: Unset optional value from type SMPTE2086
02-20 19:14:14.823 6467 6533 E IMGMapper: set:488 set: Unset optional value from type CTA861_3
02-20 19:14:14.830 6467 6659 D BufferQueueProducer: [SurfaceView[com.accarunit.beauty.camera.videocall/com.lightcone.beautycam.activity .MainActivity]@0#16(BLAST Consumer)16](id:194300000012,api:3,p:938,c:6467) waitForFreeSlotThenRelock TIMED_OUT 0 dequeuedCount=19, acquiredCount=3, mMaxAcquiredBufferCount=1, mMaxDequeuedBufferCount=21
02-20 19:14:14.840 6467 6533 E IMGMapper: set:488 set: Unset optional value from type SMPTE2086
02-20 19:14:14.840 6467 6533 E IMGMapper: set:488 set: Unset optional value from type CTA861_3
02-20 19:14:14.842 6467 6659 D BufferQueueProducer: [SurfaceView[com.accarunit.beauty.camera.videocall/com.lightcone.beautycam.activity .MainActivity]@0#16(BLAST Consumer)16](id:194300000012,api:3,p:938,c:6467) waitForFreeSlotThenRelock TIMED_OUT 0 dequeuedCount=20, acquiredCount=2, mMaxAcquiredBufferCount=1, mMaxDequeuedBufferCount=21
02-20 19:14:14.853 6467 6864 D BufferQueueProducer: [SurfaceView[com.accarunit.beauty.camera.videocall/com.lightcone.beautycam.activity .MainActivity]@0#16(BLAST Consumer)16](id:194300000012,api:3,p:938,c:6467) waitForFreeSlotThenRelock TIMED_OUT 0 dequeuedCount=19, acquiredCount=3, mMaxAcquiredBufferCount=1, mMaxDequeuedBufferCount=21
02-20 19:14:14.856 6467 6533 E IMGMapper: set:488 set: Unset optional value from type SMPTE2086
02-20 19:14:14.856 6467 6533 E IMGMapper: set:488 set: Unset optional value from type CTA861_3
02-20 19:14:14.864 6467 6659 D BufferQueueProducer: [SurfaceView[com.accarunit.beauty.camera.videocall/com.lightcone.beautycam.activity .MainActivity]@0#16(BLAST Consumer)16](id:194300000012,api:3,p:938,c:6467) waitForFreeSlotThenRelock TIMED_OUT 0 dequeuedCount=19, acquiredCount=3, mMaxAcquiredBufferCount=1, mMaxDequeuedBufferCount=21
02-20 19:14:14.873 6467 6533 E IMGMapper: set:488 set: Unset optional value from type SMPTE2086
02-20 19:14:14.873 6467 6533 E IMGMapper: set:488 set: Unset optional value from type CTA861_3
02-20 19:14:14.878 6467 6864 D BufferQueueProducer: [SurfaceView[com.accarunit.beauty.camera.videocall/com.lightcone.beautycam.activity .MainActivity]@0#16(BLAST Consumer)16](id:194300000012,api:3,p:938,c:6467) waitForFreeSlotThenRelock TIMED_OUT 0 dequeuedCount=20, acquiredCount=2, mMaxAcquiredBufferCount=1, mMaxDequeuedBufferCount=21
02-20 19:14:14.890 6467 6533 E IMGMapper: set:488 set: Unset optional value from type SMPTE2086
02-20 19:14:14.890 6467 6533 E IMGMapper: set:488 set: Unset optional value from type CTA861_3
02-20 19:14:14.891 6467 6659 D BufferQueueProducer: [SurfaceView[com.accarunit.beauty.camera.videocall/com.lightcone.beautycam.activity .MainActivity]@0#16(BLAST Consumer)16](id:194300000012,api:3,p:938,c:6467) waitForFreeSlotThenRelock TIMED_OUT 0 dequeuedCount=19, acquiredCount=3, mMaxAcquiredBufferCount=1, mMaxDequeuedBufferCount=21
02-20 19:14:14.903 6467 6467 E MainActivity: onBannerTimerProcess: false
02-20 19:14:14.904 6467 6864 D BufferQueueProducer: [SurfaceView[com.accarunit.beauty.camera.videocall/com.lightcone.beautycam.activity .MainActivity]@0#16(BLAST Consumer)16](id:194300000012,api:3,p:938,c:6467) waitForFreeSlotThenRelock TIMED_OUT 0 dequeuedCount=20, acquiredCount=2, mMaxAcquiredBufferCount=1, mMaxDequeuedBufferCount=21
02-20 19:14:14.907 6467 6533 E IMGMapper: set:488 set: Unset optional value from type SMPTE2086
02-20 19:14:14.907 6467 6533 E IMGMapper: set:488 set: Unset optional value from type CTA861_3
02-20 19:14:14.916 6467 6659 D BufferQueueProducer: [SurfaceView[com.accarunit.beauty.camera.videocall/com.lightcone.beautycam.activity .MainActivity]@0#16(BLAST Consumer)16](id:194300000012,api:3,p:938,c:6467) waitForFreeSlotThenRelock TIMED_OUT 0 dequeuedCount=20, acquiredCount=2, mMaxAcquiredBufferCount=1, mMaxDequeuedBufferCount=21
02-20 19:14:14.923 6467 6533 E IMGMapper: set:488 set: Unset optional value from type SMPTE2086
02-20 19:14:14.923 6467 6533 E IMGMapper: set:488 set: Unset optional value from type CTA861_3
02-20 19:14:14.928 6467 6641 D BufferQueueProducer: [SurfaceView[com.accarunit.beauty.camera.videocall/com.lightcone.beautycam.activity .MainActivity]@0#16(BLAST Consumer)16](id:194300000012,api:3,p:938,c:6467) waitForFreeSlotThenRelock TIMED_OUT 0 dequeuedCount=19, acquiredCount=3, mMaxAcquiredBufferCount=1, mMaxDequeuedBufferCount=21
02-20 19:14:14.940 6467 6533 E IMGMapper: set:488 set: Unset optional value from type SMPTE2086
02-20 19:14:14.940 6467 6533 E IMGMapper: set:488 set: Unset optional value from type CTA861_3
02-20 19:14:14.941 6467 6864 D BufferQueueProducer: [SurfaceView[com.accarunit.beauty.camera.videocall/com.lightcone.beautycam.activity .MainActivity]@0#16(BLAST Consumer)16](id:194300000012,api:3,p:938,c:6467) waitForFreeSlotThenRelock TIMED_OUT 0 dequeuedCount=20, acquiredCount=2, mMaxAcquiredBufferCount=1, mMaxDequeuedBufferCount=21
02-20 19:14:14.952 6467 6659 D BufferQueueProducer: [SurfaceView[com.accarunit.beauty.camera.videocall/com.lightcone.beautycam.activity .MainActivity]@0#16(BLAST Consumer)16](id:194300000012,api:3,p:938,c:6467) waitForFreeSlotThenRelock TIMED_OUT 0 dequeuedCount=19, acquiredCount=3, mMaxAcquiredBufferCount=1, mMaxDequeuedBufferCount=21
02-20 19:14:14.957 6467 6533 E IMGMapper: set:488 set: Unset optional value from type SMPTE2086
02-20 19:14:14.957 6467 6533 E IMGMapper: set:488 set: Unset optional value from type CTA861_3
02-20 19:14:14.964 6467 6659 D BufferQueueProducer: [SurfaceView[com.accarunit.beauty.camera.videocall/com.lightcone.beautycam.activity .MainActivity]@0#16(BLAST Consumer)16](id:194300000012,api:3,p:938,c:6467) waitForFreeSlotThenRelock TIMED_OUT 0 dequeuedCount=19, acquiredCount=3, mMaxAcquiredBufferCount=1, mMaxDequeuedBufferCount=21
02-20 19:14:14.974 6467 6533 E IMGMapper: set:488 set: Unset optional value from type SMPTE2086
02-20 19:14:14.974 6467 6533 E IMGMapper: set:488 set: Unset optional value from type CTA861_3
02-20 19:14:14.976 6467 6743 D BufferQueueProducer: [SurfaceView[com.accarunit.beauty.camera.videocall/com.lightcone.beautycam.activity .MainActivity]@0#16(BLAST Consumer)16](id:194300000012,api:3,p:938,c:6467) waitForFreeSlotThenRelock TIMED_OUT 0 dequeuedCount=20, acquiredCount=2, mMaxAcquiredBufferCount=1, mMaxDequeuedBufferCount=21
02-20 19:14:14.988 6467 6743 D BufferQueueProducer: [SurfaceView[com.accarunit.beauty.camera.videocall/com.lightcone.beautycam.activity .MainActivity]@0#16(BLAST Consumer)16](id:194300000012,api:3,p:938,c:6467) waitForFreeSlotThenRelock TIMED_OUT 0 dequeuedCount=19, acquiredCount=3, mMaxAcquiredBufferCount=1, mMaxDequeuedBufferCount=21
02-20 19:14:14.993 6467 6533 E IMGMapper: set:488 set: Unset optional value from type SMPTE2086
02-20 19:14:14.993 6467 6533 E IMGMapper: set:488 set: Unset optional value from type CTA861_3
02-20 19:14:14.999 6467 6740 D BufferQueueProducer: [SurfaceView[com.accarunit.beauty.camera.videocall/com.lightcone.beautycam.activity .MainActivity]@0#16(BLAST Consumer)16](id:194300000012,api:3,p:938,c:6467) waitForFreeSlotThenRelock TIMED_OUT 0 dequeuedCount=19, acquiredCount=3, mMaxAcquiredBufferCount=1, mMaxDequeuedBufferCount=21
02-20 19:14:15.010 6467 6533 E IMGMapper: set:488 set: Unset optional value from type SMPTE2086
02-20 19:14:15.010 6467 6533 E IMGMapper: set:488 set: Unset optional value from type CTA861_3
02-20 19:14:15.012 6467 6740 D BufferQueueProducer: [SurfaceView[com.accarunit.beauty.camera.videocall/com.lightcone.beautycam.activity .MainActivity]@0#16(BLAST Consumer)16](id:194300000012,api:3,p:938,c:6467) waitForFreeSlotThenRelock TIMED_OUT 0 dequeuedCount=20, acquiredCount=2, mMaxAcquiredBufferCount=1, mMaxDequeuedBufferCount=21
