02-20 19:14:26.140 6467 6467 I ViewRootImpl@15d3d26[]: pfl=2000000
02-20 19:14:26.140 6467 6467 I ViewRootImpl@15d3d26[]: bhv=DEFAULT
02-20 19:14:26.140 6467 6467 I ViewRootImpl@15d3d26[]: fitTypes=STATUS_BARS NAVIGATION_BARS CAPTION_BAR naviIconColor=0}
02-20 19:14:26.143 6467 6467 I ViewRootImpl@15d3d26[]: performTraversals mFirst=false windowShouldResize=false viewVisibilityChanged=false mForceNextWindowRelayout=false params={(347,0)(101x101) sim={adjust=pan} ty=APPLICATION_OVERLAY fmt=TRANSLUCENT
02-20 19:14:26.143 6467 6467 I ViewRootImpl@15d3d26[]: fl=1000228
02-20 19:14:26.143 6467 6467 I ViewRootImpl@15d3d26[]: pfl=42000000
02-20 19:14:26.143 6467 6467 I ViewRootImpl@15d3d26[]: bhv=DEFAULT
02-20 19:14:26.143 6467 6467 I ViewRootImpl@15d3d26[]: fitTypes=STATUS_BARS NAVIGATION_BARS CAPTION_BAR naviIconColor=0}
02-20 19:14:26.154 6467 6467 I ViewRootImpl@15d3d26[]: updateBlastSurfaceIfNeeded mBlastBufferQueue=0xb4000070e067ad80 isSameSurfaceControl=true
02-20 19:14:26.155 6467 6467 I BLASTBufferQueue: update, w= 101 h= 101 mName = ViewRootImpl@15d3d26[] mNativeObject= 0xb4000070e067ad80 sc.mNativeObject= 0xb40000716cf61380 format= -3 caller= android.view.ViewRootImpl.updateBlastSurfaceIfNeeded:2898 android.view.ViewRootImpl.relayoutWindow:9847 android.view.ViewRootImpl.performTraversals:3884 android.view.ViewRootImpl.doTraversal:3116 android.view.ViewRootImpl$TraversalRunnable.run:10885 android.view.Choreographer$CallbackRecord.run:1301
02-20 19:14:26.155 6467 6467 I ViewRootImpl@15d3d26[]: Relayout returned: old=(652,760,753,861) new=(656,760,757,861) req=(101,101)0 dur=11 res=0x0 s={true 0xb4000070d7ebc000} ch=false seqId=0
02-20 19:14:26.157 6467 6467 I ViewRootImpl@15d3d26[]: performTraversals params={(350,0)(101x101) sim={adjust=pan} ty=APPLICATION_OVERLAY fmt=TRANSLUCENT
02-20 19:14:26.157 6467 6467 I ViewRootImpl@15d3d26[]: fl=1000228
02-20 19:14:26.157 6467 6467 I ViewRootImpl@15d3d26[]: pfl=2000000
02-20 19:14:26.157 6467 6467 I ViewRootImpl@15d3d26[]: bhv=DEFAULT
02-20 19:14:26.157 6467 6467 I ViewRootImpl@15d3d26[]: fitTypes=STATUS_BARS NAVIGATION_BARS CAPTION_BAR naviIconColor=0}
02-20 19:14:26.158 6467 6467 I ViewRootImpl@15d3d26[]: performTraversals mFirst=false windowShouldResize=false viewVisibilityChanged=false mForceNextWindowRelayout=false params={(350,0)(101x101) sim={adjust=pan} ty=APPLICATION_OVERLAY fmt=TRANSLUCENT
02-20 19:14:26.158 6467 6467 I ViewRootImpl@15d3d26[]: fl=1000228
02-20 19:14:26.158 6467 6467 I ViewRootImpl@15d3d26[]: pfl=42000000
02-20 19:14:26.158 6467 6467 I ViewRootImpl@15d3d26[]: bhv=DEFAULT
02-20 19:14:26.158 6467 6467 I ViewRootImpl@15d3d26[]: fitTypes=STATUS_BARS NAVIGATION_BARS CAPTION_BAR naviIconColor=0}
02-20 19:14:26.170 6467 6467 I ViewRootImpl@15d3d26[]: updateBlastSurfaceIfNeeded mBlastBufferQueue=0xb4000070e067ad80 isSameSurfaceControl=true
02-20 19:14:26.171 6467 6467 I BLASTBufferQueue: update, w= 101 h= 101 mName = ViewRootImpl@15d3d26[] mNativeObject= 0xb4000070e067ad80 sc.mNativeObject= 0xb40000716cf61420 format= -3 caller= android.view.ViewRootImpl.updateBlastSurfaceIfNeeded:2898 android.view.ViewRootImpl.relayoutWindow:9847 android.view.ViewRootImpl.performTraversals:3884 android.view.ViewRootImpl.doTraversal:3116 android.view.ViewRootImpl$TraversalRunnable.run:10885 android.view.Choreographer$CallbackRecord.run:1301
02-20 19:14:26.171 6467 6467 I ViewRootImpl@15d3d26[]: Relayout returned: old=(656,760,757,861) new=(659,760,760,861) req=(101,101)0 dur=12 res=0x0 s={true 0xb4000070d7ebc000} ch=false seqId=0
02-20 19:14:26.175 6467 6467 I ViewRootImpl@15d3d26[]: performTraversals params={(354,0)(101x101) sim={adjust=pan} ty=APPLICATION_OVERLAY fmt=TRANSLUCENT
02-20 19:14:26.175 6467 6467 I ViewRootImpl@15d3d26[]: fl=1000228
02-20 19:14:26.175 6467 6467 I ViewRootImpl@15d3d26[]: pfl=2000000
02-20 19:14:26.175 6467 6467 I ViewRootImpl@15d3d26[]: bhv=DEFAULT
02-20 19:14:26.175 6467 6467 I ViewRootImpl@15d3d26[]: fitTypes=STATUS_BARS NAVIGATION_BARS CAPTION_BAR naviIconColor=0}
02-20 19:14:26.177 6467 6467 I ViewRootImpl@15d3d26[]: performTraversals mFirst=false windowShouldResize=false viewVisibilityChanged=false mForceNextWindowRelayout=false params={(354,0)(101x101) sim={adjust=pan} ty=APPLICATION_OVERLAY fmt=TRANSLUCENT
02-20 19:14:26.177 6467 6467 I ViewRootImpl@15d3d26[]: fl=1000228
02-20 19:14:26.177 6467 6467 I ViewRootImpl@15d3d26[]: pfl=42000000
02-20 19:14:26.177 6467 6467 I ViewRootImpl@15d3d26[]: bhv=DEFAULT
02-20 19:14:26.177 6467 6467 I ViewRootImpl@15d3d26[]: fitTypes=STATUS_BARS NAVIGATION_BARS CAPTION_BAR naviIconColor=0}
02-20 19:14:26.186 6467 6467 I ViewRootImpl@15d3d26[]: updateBlastSurfaceIfNeeded mBlastBufferQueue=0xb4000070e067ad80 isSameSurfaceControl=true
02-20 19:14:26.187 6467 6467 I BLASTBufferQueue: update, w= 101 h= 101 mName = ViewRootImpl@15d3d26[] mNativeObject= 0xb4000070e067ad80 sc.mNativeObject= 0xb40000716cf617e0 format= -3 caller= android.view.ViewRootImpl.updateBlastSurfaceIfNeeded:2898 android.view.ViewRootImpl.relayoutWindow:9847 android.view.ViewRootImpl.performTraversals:3884 android.view.ViewRootImpl.doTraversal:3116 android.view.ViewRootImpl$TraversalRunnable.run:10885 android.view.Choreographer$CallbackRecord.run:1301
02-20 19:14:26.187 6467 6467 I ViewRootImpl@15d3d26[]: Relayout returned: old=(659,760,760,861) new=(663,760,764,861) req=(101,101)0 dur=9 res=0x0 s={true 0xb4000070d7ebc000} ch=false seqId=0
02-20 19:14:26.191 6467 6467 I ViewRootImpl@15d3d26[]: performTraversals params={(356,0)(101x101) sim={adjust=pan} ty=APPLICATION_OVERLAY fmt=TRANSLUCENT
02-20 19:14:26.191 6467 6467 I ViewRootImpl@15d3d26[]: fl=1000228
02-20 19:14:26.191 6467 6467 I ViewRootImpl@15d3d26[]: pfl=2000000
02-20 19:14:26.191 6467 6467 I ViewRootImpl@15d3d26[]: bhv=DEFAULT
02-20 19:14:26.191 6467 6467 I ViewRootImpl@15d3d26[]: fitTypes=STATUS_BARS NAVIGATION_BARS CAPTION_BAR naviIconColor=0}
02-20 19:14:26.194 6467 6467 I ViewRootImpl@15d3d26[]: performTraversals mFirst=false windowShouldResize=false viewVisibilityChanged=false mForceNextWindowRelayout=false params={(356,0)(101x101) sim={adjust=pan} ty=APPLICATION_OVERLAY fmt=TRANSLUCENT
02-20 19:14:26.194 6467 6467 I ViewRootImpl@15d3d26[]: fl=1000228
02-20 19:14:26.194 6467 6467 I ViewRootImpl@15d3d26[]: pfl=42000000
02-20 19:14:26.194 6467 6467 I ViewRootImpl@15d3d26[]: bhv=DEFAULT
02-20 19:14:26.194 6467 6467 I ViewRootImpl@15d3d26[]: fitTypes=STATUS_BARS NAVIGATION_BARS CAPTION_BAR naviIconColor=0}
02-20 19:14:26.205 6467 6467 I ViewRootImpl@15d3d26[]: updateBlastSurfaceIfNeeded mBlastBufferQueue=0xb4000070e067ad80 isSameSurfaceControl=true
02-20 19:14:26.205 6467 6467 I BLASTBufferQueue: update, w= 101 h= 101 mName = ViewRootImpl@15d3d26[] mNativeObject= 0xb4000070e067ad80 sc.mNativeObject= 0xb40000716cf61a60 format= -3 caller= android.view.ViewRootImpl.updateBlastSurfaceIfNeeded:2898 android.view.ViewRootImpl.relayoutWindow:9847 android.view.ViewRootImpl.performTraversals:3884 android.view.ViewRootImpl.doTraversal:3116 android.view.ViewRootImpl$TraversalRunnable.run:10885 android.view.Choreographer$CallbackRecord.run:1301
02-20 19:14:26.206 6467 6467 I ViewRootImpl@15d3d26[]: Relayout returned: old=(663,760,764,861) new=(665,760,766,861) req=(101,101)0 dur=11 res=0x0 s={true 0xb4000070d7ebc000} ch=false seqId=0
02-20 19:14:26.210 6467 6467 I ViewRootImpl@15d3d26[]: performTraversals params={(359,0)(101x101) sim={adjust=pan} ty=APPLICATION_OVERLAY fmt=TRANSLUCENT
02-20 19:14:26.210 6467 6467 I ViewRootImpl@15d3d26[]: fl=1000228
02-20 19:14:26.210 6467 6467 I ViewRootImpl@15d3d26[]: pfl=2000000
02-20 19:14:26.210 6467 6467 I ViewRootImpl@15d3d26[]: bhv=DEFAULT
02-20 19:14:26.210 6467 6467 I ViewRootImpl@15d3d26[]: fitTypes=STATUS_BARS NAVIGATION_BARS CAPTION_BAR naviIconColor=0}
02-20 19:14:26.212 6467 6467 I ViewRootImpl@15d3d26[]: performTraversals mFirst=false windowShouldResize=false viewVisibilityChanged=false mForceNextWindowRelayout=false params={(359,0)(101x101) sim={adjust=pan} ty=APPLICATION_OVERLAY fmt=TRANSLUCENT
02-20 19:14:26.212 6467 6467 I ViewRootImpl@15d3d26[]: fl=1000228
02-20 19:14:26.212 6467 6467 I ViewRootImpl@15d3d26[]: pfl=42000000
02-20 19:14:26.212 6467 6467 I ViewRootImpl@15d3d26[]: bhv=DEFAULT
02-20 19:14:26.212 6467 6467 I ViewRootImpl@15d3d26[]: fitTypes=STATUS_BARS NAVIGATION_BARS CAPTION_BAR naviIconColor=0}
02-20 19:14:26.222 6467 6467 I ViewRootImpl@15d3d26[]: updateBlastSurfaceIfNeeded mBlastBufferQueue=0xb4000070e067ad80 isSameSurfaceControl=true
02-20 19:14:26.222 6467 6467 I BLASTBufferQueue: update, w= 101 h= 101 mName = ViewRootImpl@15d3d26[] mNativeObject= 0xb4000070e067ad80 sc.mNativeObject= 0xb40000716cf61c40 format= -3 caller= android.view.ViewRootImpl.updateBlastSurfaceIfNeeded:2898 android.view.ViewRootImpl.relayoutWindow:9847 android.view.ViewRootImpl.performTraversals:3884 android.view.ViewRootImpl.doTraversal:3116 android.view.ViewRootImpl$TraversalRunnable.run:10885 android.view.Choreographer$CallbackRecord.run:1301
02-20 19:14:26.223 6467 6467 I ViewRootImpl@15d3d26[]: Relayout returned: old=(665,760,766,861) new=(668,760,769,861) req=(101,101)0 dur=9 res=0x0 s={true 0xb4000070d7ebc000} ch=false seqId=0
02-20 19:14:26.226 6467 6467 I ViewRootImpl@15d3d26[]: performTraversals params={(360,0)(101x101) sim={adjust=pan} ty=APPLICATION_OVERLAY fmt=TRANSLUCENT
02-20 19:14:26.226 6467 6467 I ViewRootImpl@15d3d26[]: fl=1000228
02-20 19:14:26.226 6467 6467 I ViewRootImpl@15d3d26[]: pfl=2000000
02-20 19:14:26.226 6467 6467 I ViewRootImpl@15d3d26[]: bhv=DEFAULT
02-20 19:14:26.226 6467 6467 I ViewRootImpl@15d3d26[]: fitTypes=STATUS_BARS NAVIGATION_BARS CAPTION_BAR naviIconColor=0}
02-20 19:14:26.228 6467 6467 I ViewRootImpl@15d3d26[]: performTraversals mFirst=false windowShouldResize=false viewVisibilityChanged=false mForceNextWindowRelayout=false params={(360,0)(101x101) sim={adjust=pan} ty=APPLICATION_OVERLAY fmt=TRANSLUCENT
02-20 19:14:26.228 6467 6467 I ViewRootImpl@15d3d26[]: fl=1000228
02-20 19:14:26.228 6467 6467 I ViewRootImpl@15d3d26[]: pfl=42000000
02-20 19:14:26.228 6467 6467 I ViewRootImpl@15d3d26[]: bhv=DEFAULT
02-20 19:14:26.228 6467 6467 I ViewRootImpl@15d3d26[]: fitTypes=STATUS_BARS NAVIGATION_BARS CAPTION_BAR naviIconColor=0}
02-20 19:14:26.238 6467 6467 I ViewRootImpl@15d3d26[]: updateBlastSurfaceIfNeeded mBlastBufferQueue=0xb4000070e067ad80 isSameSurfaceControl=true
02-20 19:14:26.238 6467 6467 I BLASTBufferQueue: update, w= 101 h= 101 mName = ViewRootImpl@15d3d26[] mNativeObject= 0xb4000070e067ad80 sc.mNativeObject= 0xb40000716cf61ce0 format= -3 caller= android.view.ViewRootImpl.updateBlastSurfaceIfNeeded:2898 android.view.ViewRootImpl.relayoutWindow:9847 android.view.ViewRootImpl.performTraversals:3884 android.view.ViewRootImpl.doTraversal:3116 android.view.ViewRootImpl$TraversalRunnable.run:10885 android.view.Choreographer$CallbackRecord.run:1301
02-20 19:14:26.239 6467 6467 I ViewRootImpl@15d3d26[]: Relayout returned: old=(668,760,769,861) new=(669,760,770,861) req=(101,101)0 dur=10 res=0x0 s={true 0xb4000070d7ebc000} ch=false seqId=0
02-20 19:14:26.341 7283 7366 I Pine : handleBridge: artMethod=0x7117ba48 originExtras=0xb40000717640c3a0 extras=0xb4000071765e1c60 sp=0x70cee54e10
02-20 19:14:26.341 7283 7366 D Pine : handleCall for method private static void android.app.PendingIntent.checkFlags(int,java.lang.String)
02-20 19:14:26.342 7283 7366 D ActivityManagerStub: call11 getIntentSenderWithFeature
02-20 19:14:26.374 7283 7366 D ActivityManagerStub: call11 registerReceiverWithFeature
02-20 19:14:26.414 7283 7283 D HCallbackStub: handleCreateService: ServiceInfo{a88c132 top.niunaijun.blackbox.proxy.ProxyJobService$P0}
02-20 19:14:26.415 7283 7283 I Pine : handleBridge: artMethod=0x7116d018 originExtras=0xb4000071765e2200 extras=0xb4000070cbaf1840 sp=0x7ff6d19c00
02-20 19:14:26.415 7283 7283 D Pine : handleCall for method public java.lang.String android.app.ContextImpl.getOpPackageName()
02-20 19:14:26.416 7283 7283 D ActivityManagerStub: call11 serviceDoneExecuting
02-20 19:14:26.417 7283 7283 D ActivityManagerStub: call11 publishService
02-20 19:14:26.423 7283 7283 W System.err: java.lang.ClassCastException: com.whatsapp.AlarmService cannot be cast to android.app.job.JobService
02-20 19:14:26.423 7283 7283 W System.err:
02-20 19:14:26.424 7283 7366 D ActivityManagerStub: call11 getRunningAppProcesses
02-20 19:14:26.424 7283 7283 W System.err: at top.niunaijun.blackbox.app.BActivityThread.createJobService(BActivityThread.java:4)
02-20 19:14:26.424 7283 7283 W System.err:
02-20 19:14:26.425 7283 7283 W System.err: at top.niunaijun.blackbox.app.dispatcher.AppJobServiceDispatcher.getJobService(AppJobS erviceDispatcher.java:6)
02-20 19:14:26.425 7283 7283 W System.err:
02-20 19:14:26.425 7283 7283 W System.err: at top.niunaijun.blackbox.app.dispatcher.AppJobServiceDispatcher.onStartJob(AppJobServ iceDispatcher.java:1)
02-20 19:14:26.425 7258 7273 D ActivityManagerStub: call11 getRunningAppProcesses
02-20 19:14:26.425 7283 7283 W System.err:
02-20 19:14:26.425 7283 7283 W System.err: at top.niunaijun.blackbox.proxy.ProxyJobService.onStartJob(ProxyJobService.java:1)
02-20 19:14:26.425 7283 7283 W System.err:
02-20 19:14:26.426 7283 7283 W System.err: at android.app.job.JobService$1.onStartJob(JobService.java:68)
02-20 19:14:26.426 7283 7283 W System.err:
02-20 19:14:26.426 7283 7283 W System.err: at android.app.job.JobServiceEngine$JobHandler.handleMessage(JobServiceEngine.java:105 )
02-20 19:14:26.426 7283 7283 W System.err:
02-20 19:14:26.426 7283 7283 W System.err: at android.os.Handler.dispatchMessage(Handler.java:106)
02-20 19:14:26.426 7283 7283 W System.err:
02-20 19:14:26.426 7283 7283 W System.err: at android.os.Looper.loopOnce(Looper.java:226)
02-20 19:14:26.426 7283 7283 W System.err:
02-20 19:14:26.426 7283 7283 W System.err: at android.os.Looper.loop(Looper.java:313)
02-20 19:14:26.426 7283 7283 W System.err:
02-20 19:14:26.427 7283 7283 W System.err: at android.app.ActivityThread.main(ActivityThread.java:8757)
02-20 19:14:26.427 7283 7283 W System.err:
02-20 19:14:26.427 7283 7283 W System.err: at java.lang.reflect.Method.invoke(Native Method)
02-20 19:14:26.427 7283 7283 W System.err:
02-20 19:14:26.427 7283 7283 W System.err: at com.android.internal.os.RuntimeInit$MethodAndArgsCaller.run(RuntimeInit.java:571)
02-20 19:14:26.427 7283 7283 W System.err:
02-20 19:14:26.427 7283 7283 W System.err: at com.android.internal.os.ZygoteInit.main(ZygoteInit.java:1067)
02-20 19:14:26.427 7283 7283 W System.err:
02-20 19:14:26.427 7283 7283 E BActivityThread: Unable to create JobService com.whatsapp.AlarmService: java.lang.ClassCastException: com.whatsapp.AlarmService cannot be cast to android.app.job.JobService
02-20 19:14:26.433 7283 7283 D ActivityManagerStub: call11 serviceDoneExecuting
02-20 19:14:26.434 7283 7283 D ActivityManagerStub: call11 serviceDoneExecuting
02-20 19:14:26.538 7283 7283 D HCallbackStub: handleCreateService: ServiceInfo{d27cfea top.niunaijun.blackbox.proxy.ProxyJobService$P0}
02-20 19:14:26.539 7283 7283 I Pine : handleBridge: artMethod=0x7116d018 originExtras=0xb4000071765e2200 extras=0xb4000070cbaf1840 sp=0x7ff6d19c00
02-20 19:14:26.539 7283 7283 D Pine : handleCall for method public java.lang.String android.app.ContextImpl.getOpPackageName()
02-20 19:14:26.540 7283 7283 D ActivityManagerStub: call11 serviceDoneExecuting
02-20 19:14:26.541 7283 7283 D ActivityManagerStub: call11 publishService
02-20 19:14:26.547 7283 7283 W System.err: java.lang.ClassCastException: com.whatsapp.crash.upload.ExceptionsUploadService cannot be cast to android.app.job.JobService
02-20 19:14:26.548 7283 7283 W System.err:
02-20 19:14:26.548 7283 7283 W System.err: at top.niunaijun.blackbox.app.BActivityThread.createJobService(BActivityThread.java:4)
02-20 19:14:26.549 7283 7283 W System.err:
02-20 19:14:26.549 7283 7283 W System.err: at top.niunaijun.blackbox.app.dispatcher.AppJobServiceDispatcher.getJobService(AppJobS erviceDispatcher.java:6)
02-20 19:14:26.549 7283 7283 W System.err:
02-20 19:14:26.549 7283 7283 W System.err: at top.niunaijun.blackbox.app.dispatcher.AppJobServiceDispatcher.onStartJob(AppJobServ iceDispatcher.java:1)
02-20 19:14:26.549 7283 7283 W System.err:
02-20 19:14:26.550 7283 7283 W System.err: at top.niunaijun.blackbox.proxy.ProxyJobService.onStartJob(ProxyJobService.java:1)
02-20 19:14:26.550 7283 7283 W System.err:
02-20 19:14:26.550 7283 7283 W System.err: at android.app.job.JobService$1.onStartJob(JobService.java:68)
02-20 19:14:26.550 7283 7283 W System.err:
02-20 19:14:26.550 7283 7283 W System.err: at android.app.job.JobServiceEngine$JobHandler.handleMessage(JobServiceEngine.java:105 )
02-20 19:14:26.550 7283 7283 W System.err:
02-20 19:14:26.551 7283 7283 W System.err: at android.os.Handler.dispatchMessage(Handler.java:106)
02-20 19:14:26.551 7283 7283 W System.err:
02-20 19:14:26.551 7283 7283 W System.err: at android.os.Looper.loopOnce(Looper.java:226)
02-20 19:14:26.551 7283 7283 W System.err:
02-20 19:14:26.551 7283 7283 W System.err: at android.os.Looper.loop(Looper.java:313)
02-20 19:14:26.551 7283 7283 W System.err:
02-20 19:14:26.551 7283 7283 W System.err: at android.app.ActivityThread.main(ActivityThread.java:8757)
02-20 19:14:26.552 7283 7283 W System.err:
02-20 19:14:26.552 7283 7283 W System.err: at java.lang.reflect.Method.invoke(Native Method)
02-20 19:14:26.552 7283 7283 W System.err:
02-20 19:14:26.552 7283 7283 W System.err: at com.android.internal.os.RuntimeInit$MethodAndArgsCaller.run(RuntimeInit.java:571)
02-20 19:14:26.552 7283 7283 W System.err:
02-20 19:14:26.552 7283 7283 W System.err: at com.android.internal.os.ZygoteInit.main(ZygoteInit.java:1067)
02-20 19:14:26.552 7283 7283 W System.err:
02-20 19:14:26.552 7283 7283 E BActivityThread: Unable to create JobService com.whatsapp.crash.upload.ExceptionsUploadService: java.lang.ClassCastException: com.whatsapp.crash.upload.ExceptionsUploadService cannot be cast to android.app.job.JobService
02-20 19:14:26.557 7283 7283 D ActivityManagerStub: call11 serviceDoneExecuting
02-20 19:14:26.558 7283 7283 D ActivityManagerStub: call11 serviceDoneExecuting
02-20 19:14:26.616 7283 7283 E ra.videocall:p0: Invalid ID 0x00000000.
02-20 19:14:26.618 7283 7283 E ra.videocall:p0: Invalid ID 0x00000000.
02-20 19:14:26.620 7283 7283 E ra.videocall:p0: Invalid ID 0x00000000.
02-20 19:14:26.621 7283 7283 E ra.videocall:p0: Invalid ID 0x00000000.
02-20 19:14:26.622 7283 7283 E ra.videocall:p0: Invalid ID 0x00000000.
02-20 19:14:26.623 7283 7283 E ra.videocall:p0: Invalid ID 0x00000000.
02-20 19:14:26.624 7283 7283 E ra.videocall:p0: Invalid ID 0x00000000.
02-20 19:14:26.625 7283 7283 E ra.videocall:p0: Invalid ID 0x00000000.
02-20 19:14:27.583 7283 7366 I Pine : handleBridge: artMethod=0x7116d018 originExtras=0xb4000071765e2200 extras=0xb4000070cc14eb40 sp=0x70cee54c30
02-20 19:14:27.583 7283 7366 D Pine : handleCall for method public java.lang.String android.app.ContextImpl.getOpPackageName()
02-20 19:14:27.596 7283 7496 I Pine : handleBridge: artMethod=0x7116d018 originExtras=0xb4000071765e2200 extras=0xb40000715e7af5e0 sp=0x70ca3df0a0
02-20 19:14:27.596 7283 7496 D Pine : handleCall for method public java.lang.String android.app.ContextImpl.getOpPackageName()
02-20 19:14:27.599 7283 7366 W GooglePlayServicesUtil: com.whatsapp requires the Google Play Store, but it is missing.
02-20 19:14:27.603 7283 7496 I Pine : handleBridge: artMethod=0x7116d018 originExtras=0xb4000071765e2200 extras=0xb40000715e7af5e0 sp=0x70ca3deee0
02-20 19:14:27.603 7283 7496 D Pine : handleCall for method public java.lang.String android.app.ContextImpl.getOpPackageName()
02-20 19:14:27.609 7283 7496 I Pine : handleBridge: artMethod=0x7116d018 originExtras=0xb4000071765e2200 extras=0xb40000715e7af5e0 sp=0x70ca3de890
02-20 19:14:27.609 7283 7496 D Pine : handleCall for method public java.lang.String android.app.ContextImpl.getOpPackageName()
02-20 19:14:27.611 7283 7392 I Pine : handleBridge: artMethod=0x7117ba48 originExtras=0xb40000717640c3a0 extras=0xb40000715e7ae320 sp=0x70a4a9a2d0
02-20 19:14:27.611 7283 7392 D Pine : handleCall for method private static void android.app.PendingIntent.checkFlags(int,java.lang.String)
02-20 19:14:27.611 7283 7392 D ActivityManagerStub: call11 getIntentSenderWithFeature
02-20 19:14:27.645 7283 7437 D TrafficStats: tagSocket(246) with statsTag=0x3, statsUid=-1
02-20 19:14:27.646 7283 7496 D CompatibilityChangeReporter: Compat change id reported: 149924527; UID 10001; state: ENABLED
02-20 19:14:27.647 7283 7496 D CompatibilityChangeReporter: Compat change id reported: 132649864; UID 10001; state: DISABLED
02-20 19:14:27.647 7283 7496 I Pine : handleBridge: artMethod=0x7116d018 originExtras=0xb4000071765e2200 extras=0xb40000715e7af5e0 sp=0x70ca3de800
02-20 19:14:27.647 7283 7496 D Pine : handleCall for method public java.lang.String android.app.ContextImpl.getOpPackageName()
02-20 19:14:27.653 7283 7386 D TrafficStats: tagSocket(251) with statsTag=0x15, statsUid=-1
02-20 19:14:27.656 7283 7394 D TrafficStats: tagSocket(249) with statsTag=0xffffffff, statsUid=-1
02-20 19:14:27.884 7283 7292 W ra.videocall:p0: Cleared Reference was only reachable from finalizer (only reported once)
02-20 19:14:27.901 7283 7292 I ra.videocall:p0: Background concurrent copying GC freed 235380(12MB) AllocSpace objects, 21(2396KB) LOS objects, 49% free, 11MB/23MB, paused 313us,3.710ms total 143.186ms
02-20 19:14:27.928 7283 7366 I Pine : handleBridge: artMethod=0x7116d018 originExtras=0xb4000071765e2200 extras=0xb4000070cc14fc80 sp=0x70cee53a70
02-20 19:14:27.928 7283 7366 D Pine : handleCall for method public java.lang.String android.app.ContextImpl.getOpPackageName()
02-20 19:14:27.931 7283 7366 I Pine : handleBridge: artMethod=0x7116d018 originExtras=0xb4000071765e2200 extras=0xb4000070cc14fc80 sp=0x70cee54060
02-20 19:14:27.931 7283 7366 D Pine : handleCall for method public java.lang.String android.app.ContextImpl.getOpPackageName()
02-20 19:14:27.970 7283 7366 D ActivityManagerStub: call11 checkPermission
02-20 19:14:27.971 7283 7366 E ActivityManagerStub: checkPermission: android.permission.READ_PHONE_STATE -1
02-20 19:14:27.972 7283 7366 I Pine : handleBridge: artMethod=0x7116d018 originExtras=0xb4000071765e2200 extras=0xb4000070cc14fc80 sp=0x70cee54a50
02-20 19:14:27.972 7283 7497 D ActivityManagerStub: call11 getHistoricalProcessExitReasons
02-20 19:14:27.972 7283 7366 D Pine : handleCall for method public java.lang.String android.app.ContextImpl.getOpPackageName()
02-20 19:14:27.981 7283 7366 I Pine : handleBridge: artMethod=0x7116d018 originExtras=0xb4000071765e2200 extras=0xb4000070cc14fc80 sp=0x70cee54a80
02-20 19:14:27.981 7283 7366 D Pine : handleCall for method public java.lang.String android.app.ContextImpl.getOpPackageName()
02-20 19:14:28.140 7283 7366 I Pine : handleBridge: artMethod=0x7116d018 originExtras=0xb4000071765e2200 extras=0xb4000070cc14fc80 sp=0x70cee54d30
02-20 19:14:28.141 7283 7366 D Pine : handleCall for method public java.lang.String android.app.ContextImpl.getOpPackageName()
02-20 19:14:28.150 7283 7366 I Pine : handleBridge: artMethod=0x7116d018 originExtras=0xb4000071765e2200 extras=0xb4000070cc14fc80 sp=0x70cee54d30
02-20 19:14:28.150 7283 7366 D Pine : handleCall for method public java.lang.String android.app.ContextImpl.getOpPackageName()
02-20 19:14:28.157 7283 7283 I ViewRootImpl@8f87623[EULA]: ViewPostIme pointer 0
02-20 19:14:28.178 7283 7391 E IMGMapper: set:488 set: Unset optional value from type SMPTE2086
02-20 19:14:28.178 7283 7391 E IMGMapper: set:488 set: Unset optional value from type CTA861_3
02-20 19:14:28.193 7283 7391 E IMGMapper: set:488 set: Unset optional value from type SMPTE2086
02-20 19:14:28.193 7283 7391 E IMGMapper: set:488 set: Unset optional value from type CTA861_3
02-20 19:14:28.204 7283 7502 W System : Ignoring header X-FB-Request-Analytics- Tags because its value was null.
02-20 19:14:28.210 7283 7391 E IMGMapper: set:488 set: Unset optional value from type SMPTE2086
02-20 19:14:28.210 7283 7391 E IMGMapper: set:488 set: Unset optional value from type CTA861_3
02-20 19:14:28.225 7283 7391 E IMGMapper: set:488 set: Unset optional value from type SMPTE2086
02-20 19:14:28.225 7283 7391 E IMGMapper: set:488 set: Unset optional value from type CTA861_3
02-20 19:14:28.239 7283 7366 I BluetoothAdapter: BluetoothAdapter() : com.accarunit.beauty.camera.videocall
02-20 19:14:28.243 7283 7391 E IMGMapper: set:488 set: Unset optional value from type SMPTE2086
02-20 19:14:28.243 7283 7391 E IMGMapper: set:488 set: Unset optional value from type CTA861_3
02-20 19:14:28.247 7283 7366 D BluetoothHeadset: BTStateChangeCB is registed by 7283 @ com.whatsapp
02-20 19:14:28.252 7283 7366 D ActivityManagerStub: call11 registerReceiverWithFeature
02-20 19:14:28.260 7283 7391 E IMGMapper: set:488 set: Unset optional value from type SMPTE2086
02-20 19:14:28.260 7283 7391 E IMGMapper: set:488 set: Unset optional value from type CTA861_3
02-20 19:14:28.264 7283 7283 I ViewRootImpl@8f87623[EULA]: ViewPostIme pointer 1
02-20 19:14:28.277 7283 7391 E IMGMapper: set:488 set: Unset optional value from type SMPTE2086
02-20 19:14:28.277 7283 7391 E IMGMapper: set:488 set: Unset optional value from type CTA861_3
02-20 19:14:28.293 7283 7391 E IMGMapper: set:488 set: Unset optional value from type SMPTE2086
02-20 19:14:28.294 7283 7391 E IMGMapper: set:488 set: Unset optional value from type CTA861_3
02-20 19:14:28.294 7283 7283 I Pine : handleBridge: artMethod=0x7116d018 originExtras=0xb4000071765e2200 extras=0xb4000070cbaf1780 sp=0x7ff6d19830
02-20 19:14:28.294 7283 7283 D Pine : handleCall for method public java.lang.String android.app.ContextImpl.getOpPackageName()
02-20 19:14:28.297 7283 7283 I Pine : handleBridge: artMethod=0x7116d018 originExtras=0xb4000071765e2200 extras=0xb4000070cbaf1780 sp=0x7ff6d19830
02-20 19:14:28.297 7283 7283 D Pine : handleCall for method public java.lang.String android.app.ContextImpl.getOpPackageName()
02-20 19:14:28.299 7283 7283 I Pine : handleBridge: artMethod=0x7116d018 originExtras=0xb4000071765e2200 extras=0xb4000070cbaf1780 sp=0x7ff6d18ed0
02-20 19:14:28.299 7283 7283 D Pine : handleCall for method public java.lang.String android.app.ContextImpl.getOpPackageName()
02-20 19:14:28.300 7283 7283 D CommonStub: Hook in : Intent { cmp=com.whatsapp/.registration.phonenumberentry.RegisterPhone (has extras) }
02-20 19:14:28.300 7283 7283 I Pine : handleBridge: artMethod=0x712bf4c0 originExtras=0xb4000071765e2500 extras=0xb4000070cbaf1780 sp=0x7ff6d185b0
02-20 19:14:28.300 7283 7283 D Pine : handleCall for method public android.os.Parcelable android.os.Bundle.getParcelable(java.lang.String)
02-20 19:14:28.306 7283 7283 E BlackManager: startActivityAms: top.niunaijun.blackbox.core.system.am.IBActivityManagerService$Stub$Proxy@e1900b4 null android.os.BinderProxy@dbfd886 null -1 0
02-20 19:14:28.307 7258 7272 E BActivityManagerService: startActivityAms1111111:
02-20 19:14:28.310 7283 7391 E IMGMapper: set:488 set: Unset optional value from type SMPTE2086
02-20 19:14:28.310 7283 7391 E IMGMapper: set:488 set: Unset optional value from type CTA861_3
02-20 19:14:28.315 7258 7272 D ActivityStack: startActivityLocked : ActivityInfo{9371ac4 com.whatsapp.registration.phonenumberentry.RegisterPhone}
02-20 19:14:28.327 7283 7391 E IMGMapper: set:488 set: Unset optional value from type SMPTE2086
02-20 19:14:28.327 7283 7391 E IMGMapper: set:488 set: Unset optional value from type CTA861_3
02-20 19:14:28.343 7283 7391 E IMGMapper: set:488 set: Unset optional value from type SMPTE2086
02-20 19:14:28.343 7283 7391 E IMGMapper: set:488 set: Unset optional value from type CTA861_3
02-20 19:14:28.347 7258 7272 D ActivityStack: ActivityInfo{9371ac4 com.whatsapp.registration.phonenumberentry.RegisterPhone}, windowIsTranslucent: false
02-20 19:14:28.348 7258 7272 D ActivityManagerStub: call11 hashCode
02-20 19:14:28.348 7258 7272 D ActivityManagerStub: call11 startActivity
02-20 19:14:28.360 7283 7391 E IMGMapper: set:488 set: Unset optional value from type SMPTE2086
02-20 19:14:28.360 7283 7391 E IMGMapper: set:488 set: Unset optional value from type CTA861_3
02-20 19:14:28.367 7283 7283 D IActivityClientProxy: call finishActivity
02-20 19:14:28.371 7258 7521 D ActivityStack: onFinishActivity : ComponentInfo{com.whatsapp/com.whatsapp.registration.EULA}
02-20 19:14:28.377 7283 7283 D IActivityClientProxy: call activityTopResumedStateLost
02-20 19:14:28.378 7283 7391 E IMGMapper: set:488 set: Unset optional value from type SMPTE2086
02-20 19:14:28.378 7283 7391 E IMGMapper: set:488 set: Unset optional value from type CTA861_3
02-20 19:14:28.384 7283 7283 I Pine : handleBridge: artMethod=0x7117ba48 originExtras=0xb40000717640c3a0 extras=0xb4000070cbaf1780 sp=0x7ff6d191c0
02-20 19:14:28.384 7283 7283 D Pine : handleCall for method private static void android.app.PendingIntent.checkFlags(int,java.lang.String)
02-20 19:14:28.384 7283 7283 D ActivityManagerStub: call11 getIntentSenderWithFeature
02-20 19:14:28.388 7283 7283 I Pine : handleBridge: artMethod=0x7116d018 originExtras=0xb4000071765e2200 extras=0xb4000070cbaf1780 sp=0x7ff6d190f0
02-20 19:14:28.388 7283 7283 D Pine : handleCall for method public java.lang.String android.app.ContextImpl.getOpPackageName()
02-20 19:14:28.391 7283 7283 D IActivityClientProxy: call activityPaused
02-20 19:14:28.395 7283 7391 E IMGMapper: set:488 set: Unset optional value from type SMPTE2086
02-20 19:14:28.395 7283 7391 E IMGMapper: set:488 set: Unset optional value from type CTA861_3
02-20 19:14:28.410 7283 7391 E IMGMapper: set:488 set: Unset optional value from type SMPTE2086
02-20 19:14:28.410 7283 7391 E IMGMapper: set:488 set: Unset optional value from type CTA861_3
02-20 19:14:28.413 7283 7283 I Pine : handleBridge: artMethod=0x712bf4c0 originExtras=0xb4000071765e2500 extras=0xb4000070cbaf1780 sp=0x7ff6d19c20
02-20 19:14:28.414 7283 7283 D Pine : handleCall for method public android.os.Parcelable android.os.Bundle.getParcelable(java.lang.String)
02-20 19:14:28.414 7283 7283 I Pine : handleBridge: artMethod=0x712bf4c0 originExtras=0xb4000071765e2500 extras=0xb4000070cbaf1780 sp=0x7ff6d19c20
02-20 19:14:28.414 7283 7283 D Pine : handleCall for method public android.os.Parcelable android.os.Bundle.getParcelable(java.lang.String)
02-20 19:14:28.415 7283 7283 D ActivityManagerStub: call11 hashCode
02-20 19:14:28.415 7283 7283 D ActivityManagerStub: call11 getTaskForActivity
02-20 19:14:28.423 7283 7497 D TrafficStats: tagSocket(199) with statsTag=0xffffffff, statsUid=-1
02-20 19:14:28.427 7283 7283 D IActivityClientProxy: call getDisplayId
02-20 19:14:28.427 7283 7522 D NetworkSession: New data task received from Msys
02-20 19:14:28.428 7283 7283 I Pine : handleBridge: artMethod=0x7116d018 originExtras=0xb4000071765e2200 extras=0xb4000070cbaf1780 sp=0x7ff6d19900
02-20 19:14:28.428 7283 7283 D Pine : handleCall for method public java.lang.String android.app.ContextImpl.getOpPackageName()
02-20 19:14:28.431 7283 7391 E IMGMapper: set:488 set: Unset optional value from type SMPTE2086
02-20 19:14:28.432 7283 7498 D TrafficStats: tagSocket(157) with statsTag=0xffffffff, statsUid=-1
02-20 19:14:28.432 7283 7391 E IMGMapper: set:488 set: Unset optional value from type CTA861_3
02-20 19:14:28.441 7283 7283 I Pine : handleBridge: artMethod=0x7116d018 originExtras=0xb4000071765e2200 extras=0xb4000070cbaf1780 sp=0x7ff6d194e0
02-20 19:14:28.441 7283 7283 D Pine : handleCall for method public java.lang.String android.app.ContextImpl.getOpPackageName()
02-20 19:14:28.445 7283 7283 I Pine : handleBridge: artMethod=0x7116d018 originExtras=0xb4000071765e2200 extras=0xb4000070cbaf1780 sp=0x7ff6d19400
02-20 19:14:28.445 7283 7283 D Pine : handleCall for method public java.lang.String android.app.ContextImpl.getOpPackageName()
02-20 19:14:28.447 7283 7283 D IActivityClientProxy: call setTaskDescription
02-20 19:14:28.447 7283 7391 E IMGMapper: set:488 set: Unset optional value from type SMPTE2086
02-20 19:14:28.447 7283 7391 E IMGMapper: set:488 set: Unset optional value from type CTA861_3
02-20 19:14:28.462 7283 7391 E IMGMapper: set:488 set: Unset optional value from type SMPTE2086
02-20 19:14:28.462 7283 7391 E IMGMapper: set:488 set: Unset optional value from type CTA861_3
02-20 19:14:28.470 7283 7283 D IActivityClientProxy: call getTaskForActivity
02-20 19:14:28.478 7283 7391 E IMGMapper: set:488 set: Unset optional value from type SMPTE2086
02-20 19:14:28.478 7283 7391 E IMGMapper: set:488 set: Unset optional value from type CTA861_3
02-20 19:14:28.486 7283 7283 D IActivityClientProxy: call setTaskDescription
02-20 19:14:28.488 7283 7283 D IActivityClientProxy: call setRequestedOrientation
02-20 19:14:28.489 7283 7283 I Pine : handleBridge: artMethod=0x9ee5f4a0 originExtras=0xb4000071765e22c0 extras=0xb4000070cbaf1780 sp=0x7ff6d19a70
02-20 19:14:28.489 7283 7283 D Pine : handleCall for method public void top.niunaijun.blackbox.fake.delegate.BaseInstrumentationDelegate.callActivityOnCrea te(android.app.Activity,android.os.Bundle)
02-20 19:14:28.490 7283 7283 I Pine : handleBridge: artMethod=0x7116d018 originExtras=0xb4000071765e2200 extras=0xb4000070cbaf1780 sp=0x7ff6d18660
02-20 19:14:28.491 7283 7283 D Pine : handleCall for method public java.lang.String android.app.ContextImpl.getOpPackageName()
02-20 19:14:28.496 7283 7283 I DecorView: [INFO] isPopOver=false config=true
02-20 19:14:28.496 7283 7283 I DecorView: updateCaptionType: isFloating=false isApplication=true hasWindowDecorCaption=false this=DecorView@7764ed8[]
02-20 19:14:28.496 7283 7283 D DecorView: setCaptionType = 0, this = DecorView@7764ed8[]
02-20 19:14:28.496 7283 7391 E IMGMapper: set:488 set: Unset optional value from type SMPTE2086
02-20 19:14:28.496 7283 7391 E IMGMapper: set:488 set: Unset optional value from type CTA861_3
02-20 19:14:28.498 7283 7283 I DecorView: getCurrentDensityDpi: from real metrics. densityDpi=300 msg=resources_loaded
02-20 19:14:28.498 7283 7283 I DecorView: setWindowBackground: isPopOver=false color=ffffffff d=android.graphics.drawable.ColorDrawable@3805d16
02-20 19:14:28.500 7283 7283 I Pine : handleBridge: artMethod=0x712bf4c0 originExtras=0xb4000071765e2500 extras=0xb4000070cbaf1780 sp=0x7ff6d18270
02-20 19:14:28.500 7283 7283 D Pine : handleCall for method public android.os.Parcelable android.os.Bundle.getParcelable(java.lang.String)
02-20 19:14:28.501 7283 7283 I Pine : handleBridge: artMethod=0x712bf4c0 originExtras=0xb4000071765e2500 extras=0xb4000070cbaf1780 sp=0x7ff6d18270
02-20 19:14:28.501 7283 7283 D Pine : handleCall for method public android.os.Parcelable android.os.Bundle.getParcelable(java.lang.String)
02-20 19:14:28.502 7283 7283 I Pine : handleBridge: artMethod=0x712bf4c0 originExtras=0xb4000071765e2500 extras=0xb4000070cbaf1780 sp=0x7ff6d18270
02-20 19:14:28.502 7283 7283 D Pine : handleCall for method public android.os.Parcelable android.os.Bundle.getParcelable(java.lang.String)
02-20 19:14:28.512 7283 7391 E IMGMapper: set:488 set: Unset optional value from type SMPTE2086
02-20 19:14:28.512 7283 7391 E IMGMapper: set:488 set: Unset optional value from type CTA861_3
02-20 19:14:28.525 7283 7283 D IActivityClientProxy: call setRecentsScreenshotEnabled
02-20 19:14:28.526 7283 7283 D IActivityClientProxy: call setTaskDescription
02-20 19:14:28.528 7283 7391 E IMGMapper: set:488 set: Unset optional value from type SMPTE2086
02-20 19:14:28.529 7283 7391 E IMGMapper: set:488 set: Unset optional value from type CTA861_3
02-20 19:14:28.548 7283 7391 E IMGMapper: set:488 set: Unset optional value from type SMPTE2086
02-20 19:14:28.548 7283 7391 E IMGMapper: set:488 set: Unset optional value from type CTA861_3
02-20 19:14:28.550 7283 7283 I AppCompatViewInflater: app:theme is now deprecated. Please move to using android:theme instead.
02-20 19:14:28.551 7283 7386 I PlayCore: UID: [10001] PID: [7283] StandardIntegrity : warmUpIntegrityToken(293955441834)
02-20 19:14:28.552 7283 7446 I PlayCore: UID: [10001] PID: [7283] StandardIntegrity : Already connected to the service.
02-20 19:14:28.553 7283 7283 I Pine : handleBridge: artMethod=0x7116d018 originExtras=0xb4000071765e2200 extras=0xb4000070cbaf1780 sp=0x7ff6d17ca0
02-20 19:14:28.553 7283 7283 D Pine : handleCall for method public java.lang.String android.app.ContextImpl.getOpPackageName()
02-20 19:14:28.554 7283 7283 I Pine : handleBridge: artMethod=0x7116d018 originExtras=0xb4000071765e2200 extras=0xb4000070cbaf1780 sp=0x7ff6d17ca0
02-20 19:14:28.554 7283 7283 D Pine : handleCall for method public java.lang.String android.app.ContextImpl.getOpPackageName()
02-20 19:14:28.562 7283 7283 D ScrollView: initGoToTop
02-20 19:14:28.563 7283 7283 I Pine : handleBridge: artMethod=0x7116d018 originExtras=0xb4000071765e2200 extras=0xb4000070cbaf17e0 sp=0x7ff6d17a70
02-20 19:14:28.563 7283 7283 D Pine : handleCall for method public java.lang.String android.app.ContextImpl.getOpPackageName()
02-20 19:14:28.577 7283 7283 I Pine : handleBridge: artMethod=0x7116d018 originExtras=0xb4000071765e2200 extras=0xb4000070cbaf17e0 sp=0x7ff6d17c40
02-20 19:14:28.577 7283 7283 D Pine : handleCall for method public java.lang.String android.app.ContextImpl.getOpPackageName()
02-20 19:14:28.584 7283 7283 I Pine : handleBridge: artMethod=0x7116d018 originExtras=0xb4000071765e2200 extras=0xb4000070cbaf17e0 sp=0x7ff6d17220
02-20 19:14:28.584 7283 7283 D Pine : handleCall for method public java.lang.String android.app.ContextImpl.getOpPackageName()
02-20 19:14:28.593 7283 7283 I Pine : handleBridge: artMethod=0x7116d018 originExtras=0xb4000071765e2200 extras=0xb4000070cbaf17e0 sp=0x7ff6d17220
02-20 19:14:28.593 7283 7283 D Pine : handleCall for method public java.lang.String android.app.ContextImpl.getOpPackageName()
02-20 19:14:28.616 7283 7283 I Pine : handleBridge: artMethod=0x7116d018 originExtras=0xb4000071765e2200 extras=0xb4000070cbaf17e0 sp=0x7ff6d172b0
02-20 19:14:28.616 7283 7283 D Pine : handleCall for method public java.lang.String android.app.ContextImpl.getOpPackageName()
02-20 19:14:28.622 7283 7283 I Pine : handleBridge: artMethod=0x7116d018 originExtras=0xb4000071765e2200 extras=0xb4000070cbaf17e0 sp=0x7ff6d17c40
02-20 19:14:28.623 7283 7283 D Pine : handleCall for method public java.lang.String android.app.ContextImpl.getOpPackageName()
02-20 19:14:28.625 7283 7283 I Pine : handleBridge: artMethod=0x7116d018 originExtras=0xb4000071765e2200 extras=0xb4000070cbaf17e0 sp=0x7ff6d17c40
02-20 19:14:28.625 7283 7283 D Pine : handleCall for method public java.lang.String android.app.ContextImpl.getOpPackageName()
02-20 19:14:28.630 7283 7283 I Pine : handleBridge: artMethod=0x7116d018 originExtras=0xb4000071765e2200 extras=0xb4000070cbaf17e0 sp=0x7ff6d17b80
02-20 19:14:28.630 7283 7283 D Pine : handleCall for method public java.lang.String android.app.ContextImpl.getOpPackageName()
02-20 19:14:28.634 7283 7283 I Pine : handleBridge: artMethod=0x7116d018 originExtras=0xb4000071765e2200 extras=0xb4000070cbaf17e0 sp=0x7ff6d17c40
02-20 19:14:28.634 7283 7283 D Pine : handleCall for method public java.lang.String android.app.ContextImpl.getOpPackageName()
02-20 19:14:28.638 7283 7283 I Pine : handleBridge: artMethod=0x7116d018 originExtras=0xb4000071765e2200 extras=0xb4000070cbaf17e0 sp=0x7ff6d17b80
02-20 19:14:28.638 7283 7283 D Pine : handleCall for method public java.lang.String android.app.ContextImpl.getOpPackageName()
02-20 19:14:28.641 7283 7283 I Pine : handleBridge: artMethod=0x7116d018 originExtras=0xb4000071765e2200 extras=0xb4000070cbaf17e0 sp=0x7ff6d17a70
02-20 19:14:28.641 7283 7283 D Pine : handleCall for method public java.lang.String android.app.ContextImpl.getOpPackageName()
02-20 19:14:28.649 7283 7283 I Pine : handleBridge: artMethod=0x7116d018 originExtras=0xb4000071765e2200 extras=0xb4000070cbaf17e0 sp=0x7ff6d17890
02-20 19:14:28.649 7283 7283 D Pine : handleCall for method public java.lang.String android.app.ContextImpl.getOpPackageName()
02-20 19:14:28.651 7283 7283 D CommonStub: Hook in : Intent { act=android.content.pm.action.REQUEST_PERMISSIONS pkg=com.google.android.permissioncontroller (has extras) }
02-20 19:14:28.652 7283 7283 I Pine : handleBridge: artMethod=0x712bf4c0 originExtras=0xb4000071765e2500 extras=0xb4000070cbaf17e0 sp=0x7ff6d16f70
02-20 19:14:28.652 7283 7283 D Pine : handleCall for method public android.os.Parcelable android.os.Bundle.getParcelable(java.lang.String)
02-20 19:14:28.687 7283 7283 W InstallReferrerClient: Play Store missing or incompatible. Version 8.3.73 or later required.
02-20 19:14:28.688 7283 7283 D ActivityManagerStub: call11 checkPermission
02-20 19:14:28.689 7283 7283 E ActivityManagerStub: checkPermission: android.permission.READ_PHONE_NUMBERS -1
02-20 19:14:28.697 7283 7283 I Pine : handleBridge: artMethod=0x7116d018 originExtras=0xb4000071765e2200 extras=0xb4000070cbaf17e0 sp=0x7ff6d178c0
02-20 19:14:28.697 7283 7283 D Pine : handleCall for method public java.lang.String android.app.ContextImpl.getOpPackageName()
02-20 19:14:28.699 7283 7283 I Pine : handleBridge: artMethod=0x7116d018 originExtras=0xb4000071765e2200 extras=0xb4000070cbaf17e0 sp=0x7ff6d17c20
02-20 19:14:28.699 7283 7283 D Pine : handleCall for method public java.lang.String android.app.ContextImpl.getOpPackageName()
02-20 19:14:28.700 7283 7283 I Pine : handleBridge: artMethod=0x7116d018 originExtras=0xb4000071765e2200 extras=0xb4000070cbaf17e0 sp=0x7ff6d17c30
02-20 19:14:28.700 7283 7283 D Pine : handleCall for method public java.lang.String android.app.ContextImpl.getOpPackageName()
02-20 19:14:28.747 7283 7283 I Pine : handleBridge: artMethod=0x7116d018 originExtras=0xb4000071765e2200 extras=0xb4000070cbaf17e0 sp=0x7ff6d18930
02-20 19:14:28.748 7283 7283 D Pine : handleCall for method public java.lang.String android.app.ContextImpl.getOpPackageName()
02-20 19:14:28.751 7283 7283 D IActivityClientProxy: call reportSizeConfigurations
02-20 19:14:28.757 7283 7283 I Pine : handleBridge: artMethod=0x71557a80 originExtras=0xb4000071765e2260 extras=0xb4000070dda68420 sp=0x7ff6d19430
02-20 19:14:28.758 7283 7283 D Pine : handleCall for method protected void android.app.Activity.onResume()
02-20 19:14:28.769 7283 7522 D NetworkSession: New data task received from Msys
02-20 19:14:28.778 7283 7283 I Pine : handleBridge: artMethod=0x7116d018 originExtras=0xb4000071765e2200 extras=0xb4000070cbaf29e0 sp=0x7ff6d19620
02-20 19:14:28.778 7283 7283 D Pine : handleCall for method public java.lang.String android.app.ContextImpl.getOpPackageName()
02-20 19:14:28.781 7283 7283 I Pine : handleBridge: artMethod=0x7116d018 originExtras=0xb4000071765e2200 extras=0xb4000070cbaf29e0 sp=0x7ff6d19520
02-20 19:14:28.781 7283 7283 D Pine : handleCall for method public java.lang.String android.app.ContextImpl.getOpPackageName()
02-20 19:14:28.785 7283 7283 I MSHandlerLifeCycle: check: return. pkg=com.whatsapp parent=null callers=com.android.internal.policy.DecorView.setVisibility:4411 android.app.ActivityThread.handleResumeActivity:5476 android.app.servertransaction.ResumeActivityItem.execute:54 android.app.servertransaction.ActivityTransactionItem.execute:45 android.app.servertransaction.TransactionExecutor.executeLifecycleState:176
02-20 19:14:28.786 7283 7283 I MSHandlerLifeCycle: removeMultiSplitHandler: no exist. decor=DecorView@7764ed8[]
02-20 19:14:28.790 7283 7391 D NativeCustomFrequencyManager: [NativeCFMS] BpCustomFrequencyManager::BpCustomFrequencyManager()
02-20 19:14:28.792 7283 7283 I DecorView: notifyKeepScreenOnChanged: keepScreenOn=false
02-20 19:14:28.800 7283 7283 D InsetsController: onStateChanged: InsetsState: {mDisplayFrame=Rect(0, 0 - 720, 1600), mDisplayCutout=DisplayCutout{insets=Rect(0, 45 - 0, 0) waterfall=Insets{left=0, top=0, right=0, bottom=0} boundingRect={Bounds=[Rect(0, 0 - 0, 0), Rect(272, 0 - 448, 45), Rect(0, 0 - 0, 0), Rect(0, 0 - 0, 0)]} cutoutPathParserInfo={CutoutPathParserInfo{displayWidth=720 displayHeight=1600 physicalDisplayWidth=720 physicalDisplayHeight=1600 density={1.875} cutoutSpec={M 0,0 H -46.93333333333333 V 24 H 46.93333333333333 V 0 H 0 Z @dp} rotation={0} scale={1.0} physicalPixelDisplaySizeRatio={1.0}}}}, mRoundedCorners=RoundedCorners{[RoundedCorner{position=TopLeft, radius=60, center=Point(60, 60)}, RoundedCorner{position=TopRight, radius=60, center=Point(660, 60)}, RoundedCorner{position=BottomRight, radius=60, center=Point(660, 1540)}, RoundedCorner{position=BottomLeft, radius=60, center=Point(60, 1540)}]} mRoundedCornerFrame=Rect(0, 0 - 720, 1600), mPrivacyIndicatorBounds=PrivacyIndicatorBounds {static bounds=Rect(637, 0 - 720, 49) rotation=0}, mSources= { InsetsSource: {mType=ITYPE_STATUS_BAR, mFrame=[0,0] [720,49], mVisible=true, mInsetsRoundedCornerFrame=false}, InsetsSource: {mType=ITYPE_NAVIGATION_BAR, mFrame=[0,1572][720,1600], mVisible=true, mInsetsRoundedCornerFrame=false}, InsetsSource: {mType=ITYPE_LEFT_GESTURES, mFrame=[0,0][56,1600], mVisible=true, mInsetsRoundedCornerFrame=false}, InsetsSource: {mType=ITYPE_RIGHT_GESTURES, mFrame=[664,0][720,1600], mVisible=true, mInsetsRoundedCornerFrame=false}, InsetsSource: {mType=ITYPE_TOP_MANDATORY_GESTURES, mFrame=[0,0][720,68], mVisible=true, mInsetsRoundedCornerFrame=false}, InsetsSource: {mType=ITYPE_BOTTOM_MANDATORY_GESTURES, mFrame=[0,1540][720,1600], mVisible=true, mInsetsRoundedCornerFrame=false}, InsetsSource: {mType=ITYPE_LEFT_DISPLAY_CUTOUT, mFrame=[0,0][-100000,1600], mVisible=true, mInsetsRoundedCornerFrame=false}, InsetsSource: {mType=ITYPE_TOP_DISPLAY_CUTOUT, mFrame=[0,0][720,45], mVisible=true, mInsetsRoundedCornerFrame=false}, InsetsSource: {mType=ITYPE_RIGHT_DISPLAY_CUTOUT, mFrame=[100000,0][720,1600], mVisible=true, mInsetsRoundedCornerFrame=false}, InsetsSource: {mType=ITYPE_BOTTOM_DISPLAY_CUTOUT, mFrame=[0,100000][720,1600], mVisible=true, mInsetsRoundedCornerFrame=false}, InsetsSource: {mType=ITYPE_TOP_TAPPABLE_ELEMENT, mFrame=[0,0][720,49], mVisible=true, mInsetsRoundedCornerFrame=false}, InsetsSource: {mType=ITYPE_BOTTOM_TAPPABLE_ELEMENT, mFrame=[0,0][0,0], mVisible=true, mInsetsRoundedCornerFrame=false} } host=com.whatsapp/com.whatsapp.registration.phonenumberentry.RegisterPhone from=android.view.ViewRootImpl.setView:1732
02-20 19:14:28.803 7283 7283 I ViewRootImpl@21363a5[RegisterPhone]: setView = com.android.internal.policy.DecorView@7764ed8 TM=true
02-20 19:14:28.804 7283 7283 I MSHandlerLifeCycle: removeMultiSplitHandler: no exist. decor=DecorView@7764ed8[RegisterPhone]
02-20 19:14:28.805 7283 7283 D IActivityClientProxy: call activityResumed
02-20 19:14:28.812 7258 7521 D ActivityStack: onActivityResumed : ComponentInfo{com.whatsapp/com.whatsapp.registration.phonenumberentry.RegisterPhone }
02-20 19:14:28.831 7283 7283 I ViewRootImpl@21363a5[RegisterPhone]: performTraversals params={(0,0)(fillxfill) sim={state=always_visible adjust=resize forwardNavigation} ty=BASE_APPLICATION wanim=0x1030309
02-20 19:14:28.831 7283 7283 I ViewRootImpl@21363a5[RegisterPhone]: fl=81810100
02-20 19:14:28.831 7283 7283 I ViewRootImpl@21363a5[RegisterPhone]: pfl=12020040
02-20 19:14:28.831 7283 7283 I ViewRootImpl@21363a5[RegisterPhone]: vsysui=2010
02-20 19:14:28.831 7283 7283 I ViewRootImpl@21363a5[RegisterPhone]: apr=LIGHT_STATUS_BARS LIGHT_NAVIGATION_BARS
02-20 19:14:28.831 7283 7283 I ViewRootImpl@21363a5[RegisterPhone]: bhv=DEFAULT
02-20 19:14:28.831 7283 7283 I ViewRootImpl@21363a5[RegisterPhone]: fitSides= naviIconColor=0}
02-20 19:14:28.832 7283 7283 I ViewRootImpl@21363a5[RegisterPhone]: performTraversals mFirst=true windowShouldResize=true viewVisibilityChanged=false mForceNextWindowRelayout=false params={(0,0)(fillxfill) sim={state=always_visible adjust=resize forwardNavigation} ty=BASE_APPLICATION wanim=0x1030309
02-20 19:14:28.832 7283 7283 I ViewRootImpl@21363a5[RegisterPhone]: fl=81810100
02-20 19:14:28.832 7283 7283 I ViewRootImpl@21363a5[RegisterPhone]: pfl=12020040
02-20 19:14:28.832 7283 7283 I ViewRootImpl@21363a5[RegisterPhone]: vsysui=2010
02-20 19:14:28.832 7283 7283 I ViewRootImpl@21363a5[RegisterPhone]: apr=LIGHT_STATUS_BARS LIGHT_NAVIGATION_BARS
02-20 19:14:28.832 7283 7283 I ViewRootImpl@21363a5[RegisterPhone]: bhv=DEFAULT
02-20 19:14:28.832 7283 7283 I ViewRootImpl@21363a5[RegisterPhone]: fitSides= naviIconColor=0}
