02-20 19:13:50.093 6467 6480 D BufferQueueProducer: [SurfaceView[com.accarunit.beauty.camera.videocall/com.lightcone.beautycam.activity .MainActivity]@0#9(BLAST Consumer)9](id:19430000000b,api:3,p:938,c:6467) waitForFreeSlotThenRelock TIMED_OUT 0 dequeuedCount=19, acquiredCount=3, mMaxAcquiredBufferCount=1, mMaxDequeuedBufferCount=21
02-20 19:13:50.104 6467 6480 D BufferQueueProducer: [SurfaceView[com.accarunit.beauty.camera.videocall/com.lightcone.beautycam.activity .MainActivity]@0#9(BLAST Consumer)9](id:19430000000b,api:3,p:938,c:6467) waitForFreeSlotThenRelock TIMED_OUT 0 dequeuedCount=19, acquiredCount=3, mMaxAcquiredBufferCount=1, mMaxDequeuedBufferCount=21
02-20 19:13:50.115 6467 6480 D BufferQueueProducer: [SurfaceView[com.accarunit.beauty.camera.videocall/com.lightcone.beautycam.activity .MainActivity]@0#9(BLAST Consumer)9](id:19430000000b,api:3,p:938,c:6467) waitForFreeSlotThenRelock TIMED_OUT 0 dequeuedCount=20, acquiredCount=2, mMaxAcquiredBufferCount=1, mMaxDequeuedBufferCount=21
02-20 19:13:50.126 6467 6480 D BufferQueueProducer: [SurfaceView[com.accarunit.beauty.camera.videocall/com.lightcone.beautycam.activity .MainActivity]@0#9(BLAST Consumer)9](id:19430000000b,api:3,p:938,c:6467) waitForFreeSlotThenRelock TIMED_OUT 0 dequeuedCount=19, acquiredCount=3, mMaxAcquiredBufferCount=1, mMaxDequeuedBufferCount=21
02-20 19:13:50.136 6467 6482 D BufferQueueProducer: [SurfaceView[com.accarunit.beauty.camera.videocall/com.lightcone.beautycam.activity .MainActivity]@0#9(BLAST Consumer)9](id:19430000000b,api:3,p:938,c:6467) waitForFreeSlotThenRelock TIMED_OUT 0 dequeuedCount=19, acquiredCount=3, mMaxAcquiredBufferCount=1, mMaxDequeuedBufferCount=21
02-20 19:13:50.147 6467 6480 D BufferQueueProducer: [SurfaceView[com.accarunit.beauty.camera.videocall/com.lightcone.beautycam.activity .MainActivity]@0#9(BLAST Consumer)9](id:19430000000b,api:3,p:938,c:6467) waitForFreeSlotThenRelock TIMED_OUT 0 dequeuedCount=20, acquiredCount=2, mMaxAcquiredBufferCount=1, mMaxDequeuedBufferCount=21
02-20 19:13:50.150 6467 6467 I ViewRootImpl@64221ef[MainActivity]: handleAppVisibility mAppVisible = true visible = false
02-20 19:13:50.158 6467 6480 D BufferQueueProducer: [SurfaceView[com.accarunit.beauty.camera.videocall/com.lightcone.beautycam.activity .MainActivity]@0#9(BLAST Consumer)9](id:19430000000b,api:3,p:938,c:6467) waitForFreeSlotThenRelock TIMED_OUT 0 dequeuedCount=19, acquiredCount=3, mMaxAcquiredBufferCount=1, mMaxDequeuedBufferCount=21
02-20 19:13:50.168 6467 6467 I SurfaceView@7d7c31d: onWindowVisibilityChanged(8) false android.view.SurfaceView{7d7c31d V.E...... ........ 0,0-720,819 #7f09027d app:id/surface_view} of ViewRootImpl@64221ef[MainActivity]
02-20 19:13:50.168 6467 6467 I SurfaceView@7d7c31d: Changes: creating=false format=false size=false visible=true alpha=false hint=false mUseAlpha=false visible=true left=false top=false
02-20 19:13:50.168 6467 6467 I SurfaceView@7d7c31d: 131580701 Cur surface: Surface(name=null)/@0x769fb05
02-20 19:13:50.169 6467 6467 I SurfaceView@7d7c31d: applyTransactionOnVriDraw: vri = ViewRootImpl@64221ef[MainActivity] fRS = false t = 0xb4000070d8397300 android.view.SurfaceView.performSurfaceTransaction:959 android.view.SurfaceView.updateSurface:1105 android.view.SurfaceView.onWindowVisibilityChanged:371
02-20 19:13:50.169 6467 6467 I ViewRootImpl@64221ef[MainActivity]: applyTransactionOnDraw: mRemoved = false isHardwareEnabled = true t = 0xb4000070d8397300android.view.SurfaceView.applyTransactionOnVriDraw:2048 android.view.SurfaceView.performSurfaceTransaction:959 android.view.SurfaceView.updateSurface:1105 android.view.SurfaceView.onWindowVisibilityChanged:371 android.view.View.dispatchWindowVisibilityChanged:15943
02-20 19:13:50.169 6467 6467 I SurfaceView@7d7c31d: surfaceDestroyed
02-20 19:13:50.169 6467 6467 I SurfaceView@7d7c31d: surfaceDestroyed callback.size 1 #2 android.view.SurfaceView{7d7c31d V.E...... ........ 0,0-720,819 #7f09027d app:id/surface_view}
02-20 19:13:50.170 6467 6467 V MediaPlayer-JNI: stop
02-20 19:13:50.170 6467 6467 V MediaPlayerNative: stop
02-20 19:13:50.170 6467 6480 D BufferQueueProducer: [SurfaceView[com.accarunit.beauty.camera.videocall/com.lightcone.beautycam.activity .MainActivity]@0#9(BLAST Consumer)9](id:19430000000b,api:3,p:938,c:6467) waitForFreeSlotThenRelock TIMED_OUT 0 dequeuedCount=19, acquiredCount=3, mMaxAcquiredBufferCount=1, mMaxDequeuedBufferCount=21
02-20 19:13:50.170 6467 6480 V MediaPlayerNative: message received msg=8, ext1=0, ext2=0
02-20 19:13:50.171 6467 6467 V MediaPlayer: resetDrmState: mDrmInfo=null mDrmProvisioningThread=null mPrepareDrmInProgress=false mActiveDrmScheme=false
02-20 19:13:50.172 6467 6467 V MediaPlayer: cleanDrmObj: mDrmObj=null mDrmSessionId=null
02-20 19:13:50.172 6467 6467 V MediaPlayer-JNI: release
02-20 19:13:50.172 6467 6467 V MediaPlayerNative: setListener
02-20 19:13:50.172 6467 6467 V MediaPlayerNative: disconnect
02-20 19:13:50.172 6467 6480 V MediaPlayerNative: notify(8, 0, 0) callback on disconnected mediaplayer
02-20 19:13:50.172 6467 6480 V MediaPlayerNative: message received msg=211, ext1=0, ext2=0
02-20 19:13:50.172 6467 6480 V MediaPlayerNative: notify(211, 0, 0) callback on disconnected mediaplayer
02-20 19:13:50.172 6467 6480 V MediaPlayerNative: message received msg=211, ext1=0, ext2=0
02-20 19:13:50.172 6467 6480 V MediaPlayerNative: notify(211, 0, 0) callback on disconnected mediaplayer
02-20 19:13:50.172 6467 6480 V MediaPlayerNative: message received msg=211, ext1=0, ext2=0
02-20 19:13:50.172 6467 6480 V MediaPlayerNative: notify(211, 0, 0) callback on disconnected mediaplayer
02-20 19:13:50.173 6467 6480 V MediaPlayerNative: message received msg=211, ext1=0, ext2=0
02-20 19:13:50.173 6467 6480 V MediaPlayerNative: notify(211, 0, 0) callback on disconnected mediaplayer
02-20 19:13:50.203 6467 6864 W BufferQueueProducer: [SurfaceView[com.accarunit.beauty.camera.videocall/com.lightcone.beautycam.activity .MainActivity]@0#9(BLAST Consumer)9](id:19430000000b,api:3,p:938,c:6467) detachBuffer: slot 0 is not owned by the producer (state = FREE)
02-20 19:13:50.203 6467 6864 W BufferQueueProducer: [SurfaceView[com.accarunit.beauty.camera.videocall/com.lightcone.beautycam.activity .MainActivity]@0#9(BLAST Consumer)9](id:19430000000b,api:3,p:938,c:6467) detachBuffer: slot 1 is not owned by the producer (state = FREE)
02-20 19:13:50.203 6467 6864 W BufferQueueProducer: [SurfaceView[com.accarunit.beauty.camera.videocall/com.lightcone.beautycam.activity .MainActivity]@0#9(BLAST Consumer)9](id:19430000000b,api:3,p:938,c:6467) detachBuffer: slot 2 is not owned by the producer (state = ACQUIRED)
02-20 19:13:50.204 6467 6864 W BufferQueueProducer: [SurfaceView[com.accarunit.beauty.camera.videocall/com.lightcone.beautycam.activity .MainActivity]@0#9(BLAST Consumer)9](id:19430000000b,api:3,p:938,c:6467) detachBuffer: slot 3 is not owned by the producer (state = FREE)
02-20 19:13:50.208 6467 7050 W BufferQueueProducer: [SurfaceView[com.accarunit.beauty.camera.videocall/com.lightcone.beautycam.activity .MainActivity]@0#9(BLAST Consumer)9](id:19430000000b,api:3,p:938,c:6467) detachBuffer: slot 10 is not owned by the producer (state = FREE)
02-20 19:13:50.211 6467 7050 W BufferQueueProducer: [SurfaceView[com.accarunit.beauty.camera.videocall/com.lightcone.beautycam.activity .MainActivity]@0#9(BLAST Consumer)9](id:19430000000b,api:3,p:938,c:6467) detachBuffer: slot 17 is not owned by the producer (state = FREE)
02-20 19:13:50.211 6467 7050 W BufferQueueProducer: [SurfaceView[com.accarunit.beauty.camera.videocall/com.lightcone.beautycam.activity .MainActivity]@0#9(BLAST Consumer)9](id:19430000000b,api:3,p:938,c:6467) detachBuffer: slot 18 is not owned by the producer (state = ACQUIRED)
02-20 19:13:50.211 6467 7050 W BufferQueueProducer: [SurfaceView[com.accarunit.beauty.camera.videocall/com.lightcone.beautycam.activity .MainActivity]@0#9(BLAST Consumer)9](id:19430000000b,api:3,p:938,c:6467) detachBuffer: slot 19 is not owned by the producer (state = FREE)
02-20 19:13:50.213 6467 7050 W BufferQueueProducer: [SurfaceView[com.accarunit.beauty.camera.videocall/com.lightcone.beautycam.activity .MainActivity]@0#9(BLAST Consumer)9](id:19430000000b,api:3,p:938,c:6467) detachBuffer: slot 22 is not owned by the producer (state = FREE)
02-20 19:13:50.213 6467 7050 W BufferQueueProducer: [SurfaceView[com.accarunit.beauty.camera.videocall/com.lightcone.beautycam.activity .MainActivity]@0#9(BLAST Consumer)9](id:19430000000b,api:3,p:938,c:6467) detachBuffer: slot 23 is not owned by the producer (state = FREE)
02-20 19:13:50.213 6467 7050 W BufferQueueProducer: [SurfaceView[com.accarunit.beauty.camera.videocall/com.lightcone.beautycam.activity .MainActivity]@0#9(BLAST Consumer)9](id:19430000000b,api:3,p:938,c:6467) detachBuffer: slot 24 is not owned by the producer (state = FREE)
02-20 19:13:50.213 6467 7050 W BufferQueueProducer: [SurfaceView[com.accarunit.beauty.camera.videocall/com.lightcone.beautycam.activity .MainActivity]@0#9(BLAST Consumer)9](id:19430000000b,api:3,p:938,c:6467) detachBuffer: slot 25 is not owned by the producer (state = FREE)
02-20 19:13:50.213 6467 7050 W BufferQueueProducer: [SurfaceView[com.accarunit.beauty.camera.videocall/com.lightcone.beautycam.activity .MainActivity]@0#9(BLAST Consumer)9](id:19430000000b,api:3,p:938,c:6467) detachBuffer: slot 26 is not owned by the producer (state = FREE)
02-20 19:13:50.214 6467 7050 W BufferQueueProducer: [SurfaceView[com.accarunit.beauty.camera.videocall/com.lightcone.beautycam.activity .MainActivity]@0#9(BLAST Consumer)9](id:19430000000b,api:3,p:938,c:6467) detachBuffer: slot 27 is not owned by the producer (state = FREE)
02-20 19:13:50.214 6467 7050 W BufferQueueProducer: [SurfaceView[com.accarunit.beauty.camera.videocall/com.lightcone.beautycam.activity .MainActivity]@0#9(BLAST Consumer)9](id:19430000000b,api:3,p:938,c:6467) detachBuffer: slot 28 is not owned by the producer (state = FREE)
02-20 19:13:50.214 6467 7050 W BufferQueueProducer: [SurfaceView[com.accarunit.beauty.camera.videocall/com.lightcone.beautycam.activity .MainActivity]@0#9(BLAST Consumer)9](id:19430000000b,api:3,p:938,c:6467) detachBuffer: slot 29 is not owned by the producer (state = FREE)
02-20 19:13:50.214 6467 7050 W BufferQueueProducer: [SurfaceView[com.accarunit.beauty.camera.videocall/com.lightcone.beautycam.activity .MainActivity]@0#9(BLAST Consumer)9](id:19430000000b,api:3,p:938,c:6467) detachBuffer: slot 30 is not owned by the producer (state = FREE)
02-20 19:13:50.214 6467 7050 W BufferQueueProducer: [SurfaceView[com.accarunit.beauty.camera.videocall/com.lightcone.beautycam.activity .MainActivity]@0#9(BLAST Consumer)9](id:19430000000b,api:3,p:938,c:6467) detachBuffer: slot 31 is not owned by the producer (state = FREE)
02-20 19:13:50.215 6467 7050 W BufferQueueProducer: [SurfaceView[com.accarunit.beauty.camera.videocall/com.lightcone.beautycam.activity .MainActivity]@0#9(BLAST Consumer)9](id:19430000000b,api:3,p:938,c:6467) detachBuffer: slot 32 is not owned by the producer (state = FREE)
02-20 19:13:50.215 6467 7050 W BufferQueueProducer: [SurfaceView[com.accarunit.beauty.camera.videocall/com.lightcone.beautycam.activity .MainActivity]@0#9(BLAST Consumer)9](id:19430000000b,api:3,p:938,c:6467) detachBuffer: slot 33 is not owned by the producer (state = FREE)
02-20 19:13:50.215 6467 7050 W BufferQueueProducer: [SurfaceView[com.accarunit.beauty.camera.videocall/com.lightcone.beautycam.activity .MainActivity]@0#9(BLAST Consumer)9](id:19430000000b,api:3,p:938,c:6467) detachBuffer: slot 34 is not owned by the producer (state = FREE)
02-20 19:13:50.215 6467 7050 W BufferQueueProducer: [SurfaceView[com.accarunit.beauty.camera.videocall/com.lightcone.beautycam.activity .MainActivity]@0#9(BLAST Consumer)9](id:19430000000b,api:3,p:938,c:6467) detachBuffer: slot 35 is not owned by the producer (state = FREE)
02-20 19:13:50.215 6467 7050 W BufferQueueProducer: [SurfaceView[com.accarunit.beauty.camera.videocall/com.lightcone.beautycam.activity .MainActivity]@0#9(BLAST Consumer)9](id:19430000000b,api:3,p:938,c:6467) detachBuffer: slot 36 is not owned by the producer (state = FREE)
02-20 19:13:50.216 6467 7050 W BufferQueueProducer: [SurfaceView[com.accarunit.beauty.camera.videocall/com.lightcone.beautycam.activity .MainActivity]@0#9(BLAST Consumer)9](id:19430000000b,api:3,p:938,c:6467) detachBuffer: slot 37 is not owned by the producer (state = FREE)
02-20 19:13:50.216 6467 7050 W BufferQueueProducer: [SurfaceView[com.accarunit.beauty.camera.videocall/com.lightcone.beautycam.activity .MainActivity]@0#9(BLAST Consumer)9](id:19430000000b,api:3,p:938,c:6467) detachBuffer: slot 38 is not owned by the producer (state = FREE)
02-20 19:13:50.216 6467 7050 W BufferQueueProducer: [SurfaceView[com.accarunit.beauty.camera.videocall/com.lightcone.beautycam.activity .MainActivity]@0#9(BLAST Consumer)9](id:19430000000b,api:3,p:938,c:6467) detachBuffer: slot 39 is not owned by the producer (state = FREE)
02-20 19:13:50.216 6467 7050 W BufferQueueProducer: [SurfaceView[com.accarunit.beauty.camera.videocall/com.lightcone.beautycam.activity .MainActivity]@0#9(BLAST Consumer)9](id:19430000000b,api:3,p:938,c:6467) detachBuffer: slot 40 is not owned by the producer (state = FREE)
02-20 19:13:50.217 6467 7050 W BufferQueueProducer: [SurfaceView[com.accarunit.beauty.camera.videocall/com.lightcone.beautycam.activity .MainActivity]@0#9(BLAST Consumer)9](id:19430000000b,api:3,p:938,c:6467) detachBuffer: slot 41 is not owned by the producer (state = FREE)
02-20 19:13:50.217 6467 7050 W BufferQueueProducer: [SurfaceView[com.accarunit.beauty.camera.videocall/com.lightcone.beautycam.activity .MainActivity]@0#9(BLAST Consumer)9](id:19430000000b,api:3,p:938,c:6467) detachBuffer: slot 42 is not owned by the producer (state = FREE)
02-20 19:13:50.217 6467 7050 W BufferQueueProducer: [SurfaceView[com.accarunit.beauty.camera.videocall/com.lightcone.beautycam.activity .MainActivity]@0#9(BLAST Consumer)9](id:19430000000b,api:3,p:938,c:6467) detachBuffer: slot 43 is not owned by the producer (state = FREE)
02-20 19:13:50.218 6467 7050 W BufferQueueProducer: [SurfaceView[com.accarunit.beauty.camera.videocall/com.lightcone.beautycam.activity .MainActivity]@0#9(BLAST Consumer)9](id:19430000000b,api:3,p:938,c:6467) detachBuffer: slot 44 is not owned by the producer (state = FREE)
02-20 19:13:50.218 6467 7050 W BufferQueueProducer: [SurfaceView[com.accarunit.beauty.camera.videocall/com.lightcone.beautycam.activity .MainActivity]@0#9(BLAST Consumer)9](id:19430000000b,api:3,p:938,c:6467) detachBuffer: slot 45 is not owned by the producer (state = FREE)
02-20 19:13:50.218 6467 7050 W BufferQueueProducer: [SurfaceView[com.accarunit.beauty.camera.videocall/com.lightcone.beautycam.activity .MainActivity]@0#9(BLAST Consumer)9](id:19430000000b,api:3,p:938,c:6467) detachBuffer: slot 46 is not owned by the producer (state = FREE)
02-20 19:13:50.218 6467 7050 W BufferQueueProducer: [SurfaceView[com.accarunit.beauty.camera.videocall/com.lightcone.beautycam.activity .MainActivity]@0#9(BLAST Consumer)9](id:19430000000b,api:3,p:938,c:6467) detachBuffer: slot 47 is not owned by the producer (state = FREE)
02-20 19:13:50.219 6467 7050 W BufferQueueProducer: [SurfaceView[com.accarunit.beauty.camera.videocall/com.lightcone.beautycam.activity .MainActivity]@0#9(BLAST Consumer)9](id:19430000000b,api:3,p:938,c:6467) detachBuffer: slot 48 is not owned by the producer (state = FREE)
02-20 19:13:50.219 6467 7050 W BufferQueueProducer: [SurfaceView[com.accarunit.beauty.camera.videocall/com.lightcone.beautycam.activity .MainActivity]@0#9(BLAST Consumer)9](id:19430000000b,api:3,p:938,c:6467) detachBuffer: slot 49 is not owned by the producer (state = FREE)
02-20 19:13:50.220 6467 7050 W BufferQueueProducer: [SurfaceView[com.accarunit.beauty.camera.videocall/com.lightcone.beautycam.activity .MainActivity]@0#9(BLAST Consumer)9](id:19430000000b,api:3,p:938,c:6467) detachBuffer: slot 50 is not owned by the producer (state = FREE)
02-20 19:13:50.221 6467 7050 W BufferQueueProducer: [SurfaceView[com.accarunit.beauty.camera.videocall/com.lightcone.beautycam.activity .MainActivity]@0#9(BLAST Consumer)9](id:19430000000b,api:3,p:938,c:6467) detachBuffer: slot 51 is not owned by the producer (state = FREE)
02-20 19:13:50.221 6467 7050 W BufferQueueProducer: [SurfaceView[com.accarunit.beauty.camera.videocall/com.lightcone.beautycam.activity .MainActivity]@0#9(BLAST Consumer)9](id:19430000000b,api:3,p:938,c:6467) detachBuffer: slot 52 is not owned by the producer (state = FREE)
02-20 19:13:50.222 6467 7050 W BufferQueueProducer: [SurfaceView[com.accarunit.beauty.camera.videocall/com.lightcone.beautycam.activity .MainActivity]@0#9(BLAST Consumer)9](id:19430000000b,api:3,p:938,c:6467) detachBuffer: slot 53 is not owned by the producer (state = FREE)
02-20 19:13:50.222 6467 7050 W BufferQueueProducer: [SurfaceView[com.accarunit.beauty.camera.videocall/com.lightcone.beautycam.activity .MainActivity]@0#9(BLAST Consumer)9](id:19430000000b,api:3,p:938,c:6467) detachBuffer: slot 54 is not owned by the producer (state = FREE)
02-20 19:13:50.223 6467 7050 W BufferQueueProducer: [SurfaceView[com.accarunit.beauty.camera.videocall/com.lightcone.beautycam.activity .MainActivity]@0#9(BLAST Consumer)9](id:19430000000b,api:3,p:938,c:6467) detachBuffer: slot 55 is not owned by the producer (state = FREE)
02-20 19:13:50.223 6467 7050 W BufferQueueProducer: [SurfaceView[com.accarunit.beauty.camera.videocall/com.lightcone.beautycam.activity .MainActivity]@0#9(BLAST Consumer)9](id:19430000000b,api:3,p:938,c:6467) detachBuffer: slot 56 is not owned by the producer (state = FREE)
02-20 19:13:50.223 6467 7050 W BufferQueueProducer: [SurfaceView[com.accarunit.beauty.camera.videocall/com.lightcone.beautycam.activity .MainActivity]@0#9(BLAST Consumer)9](id:19430000000b,api:3,p:938,c:6467) detachBuffer: slot 57 is not owned by the producer (state = FREE)
02-20 19:13:50.223 6467 7050 W BufferQueueProducer: [SurfaceView[com.accarunit.beauty.camera.videocall/com.lightcone.beautycam.activity .MainActivity]@0#9(BLAST Consumer)9](id:19430000000b,api:3,p:938,c:6467) detachBuffer: slot 58 is not owned by the producer (state = FREE)
02-20 19:13:50.224 6467 7050 W BufferQueueProducer: [SurfaceView[com.accarunit.beauty.camera.videocall/com.lightcone.beautycam.activity .MainActivity]@0#9(BLAST Consumer)9](id:19430000000b,api:3,p:938,c:6467) detachBuffer: slot 59 is not owned by the producer (state = FREE)
02-20 19:13:50.224 6467 7050 W BufferQueueProducer: [SurfaceView[com.accarunit.beauty.camera.videocall/com.lightcone.beautycam.activity .MainActivity]@0#9(BLAST Consumer)9](id:19430000000b,api:3,p:938,c:6467) detachBuffer: slot 60 is not owned by the producer (state = FREE)
02-20 19:13:50.224 6467 7050 W BufferQueueProducer: [SurfaceView[com.accarunit.beauty.camera.videocall/com.lightcone.beautycam.activity .MainActivity]@0#9(BLAST Consumer)9](id:19430000000b,api:3,p:938,c:6467) detachBuffer: slot 61 is not owned by the producer (state = FREE)
02-20 19:13:50.224 6467 7050 W BufferQueueProducer: [SurfaceView[com.accarunit.beauty.camera.videocall/com.lightcone.beautycam.activity .MainActivity]@0#9(BLAST Consumer)9](id:19430000000b,api:3,p:938,c:6467) detachBuffer: slot 62 is not owned by the producer (state = FREE)
02-20 19:13:50.225 6467 7050 W BufferQueueProducer: [SurfaceView[com.accarunit.beauty.camera.videocall/com.lightcone.beautycam.activity .MainActivity]@0#9(BLAST Consumer)9](id:19430000000b,api:3,p:938,c:6467) detachBuffer: slot 63 is not owned by the producer (state = FREE)
02-20 19:13:50.227 6467 6864 D BufferQueueProducer: [SurfaceView[com.accarunit.beauty.camera.videocall/com.lightcone.beautycam.activity .MainActivity]@0#9(BLAST Consumer)9](id:19430000000b,api:3,p:938,c:6467) disconnect: api 3
02-20 19:13:50.229 6467 7050 E BufferQueueProducer: [SurfaceView[com.accarunit.beauty.camera.videocall/com.lightcone.beautycam.activity .MainActivity]@0#9(BLAST Consumer)9](id:19430000000b,api:0,p:-1,c:6467) cancelBuffer: BufferQueue has no connected producer
02-20 19:13:50.230 6467 7050 E BufferQueueProducer: [SurfaceView[com.accarunit.beauty.camera.videocall/com.lightcone.beautycam.activity .MainActivity]@0#9(BLAST Consumer)9](id:19430000000b,api:0,p:-1,c:6467) cancelBuffer: BufferQueue has no connected producer
02-20 19:13:50.230 6467 6864 E BufferQueueProducer: [SurfaceView[com.accarunit.beauty.camera.videocall/com.lightcone.beautycam.activity .MainActivity]@0#9(BLAST Consumer)9](id:19430000000b,api:0,p:-1,c:6467) cancelBuffer: BufferQueue has no connected producer
02-20 19:13:50.231 6467 6864 E BufferQueueProducer: [SurfaceView[com.accarunit.beauty.camera.videocall/com.lightcone.beautycam.activity .MainActivity]@0#9(BLAST Consumer)9](id:19430000000b,api:0,p:-1,c:6467) cancelBuffer: BufferQueue has no connected producer
02-20 19:13:50.232 6467 6864 E BufferQueueProducer: [SurfaceView[com.accarunit.beauty.camera.videocall/com.lightcone.beautycam.activity .MainActivity]@0#9(BLAST Consumer)9](id:19430000000b,api:0,p:-1,c:6467) cancelBuffer: BufferQueue has no connected producer
02-20 19:13:50.233 6467 6864 E BufferQueueProducer: [SurfaceView[com.accarunit.beauty.camera.videocall/com.lightcone.beautycam.activity .MainActivity]@0#9(BLAST Consumer)9](id:19430000000b,api:0,p:-1,c:6467) cancelBuffer: BufferQueue has no connected producer
02-20 19:13:50.233 6467 6864 E BufferQueueProducer: [SurfaceView[com.accarunit.beauty.camera.videocall/com.lightcone.beautycam.activity .MainActivity]@0#9(BLAST Consumer)9](id:19430000000b,api:0,p:-1,c:6467) cancelBuffer: BufferQueue has no connected producer
02-20 19:13:50.233 6467 7050 E BufferQueueProducer: [SurfaceView[com.accarunit.beauty.camera.videocall/com.lightcone.beautycam.activity .MainActivity]@0#9(BLAST Consumer)9](id:19430000000b,api:0,p:-1,c:6467) cancelBuffer: BufferQueue has no connected producer
02-20 19:13:50.234 6467 6864 D BufferQueueProducer: [SurfaceView[com.accarunit.beauty.camera.videocall/com.lightcone.beautycam.activity .MainActivity]@0#9(BLAST Consumer)9](id:19430000000b,api:3,p:938,c:6467) connect: api=3 producerControlledByApp=true
02-20 19:13:50.234 6467 7050 E BufferQueueProducer: [SurfaceView[com.accarunit.beauty.camera.videocall/com.lightcone.beautycam.activity .MainActivity]@0#9(BLAST Consumer)9](id:19430000000b,api:3,p:938,c:6467) cancelBuffer: slot 11 is not owned by the producer (state = FREE)
02-20 19:13:50.237 6467 7050 E BufferQueueProducer: [SurfaceView[com.accarunit.beauty.camera.videocall/com.lightcone.beautycam.activity .MainActivity]@0#9(BLAST Consumer)9](id:19430000000b,api:3,p:938,c:6467) cancelBuffer: slot 7 is not owned by the producer (state = FREE)
02-20 19:13:50.238 6467 7050 E BufferQueueProducer: [SurfaceView[com.accarunit.beauty.camera.videocall/com.lightcone.beautycam.activity .MainActivity]@0#9(BLAST Consumer)9](id:19430000000b,api:3,p:938,c:6467) cancelBuffer: slot 20 is not owned by the producer (state = FREE)
02-20 19:13:50.239 6467 7050 E BufferQueueProducer: [SurfaceView[com.accarunit.beauty.camera.videocall/com.lightcone.beautycam.activity .MainActivity]@0#9(BLAST Consumer)9](id:19430000000b,api:3,p:938,c:6467) cancelBuffer: slot 12 is not owned by the producer (state = FREE)
02-20 19:13:50.240 6467 6467 D BufferQueueProducer: [SurfaceView[com.accarunit.beauty.camera.videocall/com.lightcone.beautycam.activity .MainActivity]@0#9(BLAST Consumer)9](id:19430000000b,api:3,p:938,c:6467) disconnect: api 3
02-20 19:13:50.241 6467 7050 E BufferQueueProducer: [SurfaceView[com.accarunit.beauty.camera.videocall/com.lightcone.beautycam.activity .MainActivity]@0#9(BLAST Consumer)9](id:19430000000b,api:0,p:-1,c:6467) cancelBuffer: BufferQueue has no connected producer
02-20 19:13:50.243 6467 6467 V MediaPlayerNative: destructor
02-20 19:13:50.243 6467 6467 V MediaPlayerNative: disconnect
02-20 19:13:50.244 6467 7050 E BufferQueueProducer: [SurfaceView[com.accarunit.beauty.camera.videocall/com.lightcone.beautycam.activity .MainActivity]@0#9(BLAST Consumer)9](id:19430000000b,api:0,p:-1,c:6467) cancelBuffer: BufferQueue has no connected producer
02-20 19:13:50.245 6467 6467 D BufferQueueProducer: [SurfaceView[com.accarunit.beauty.camera.videocall/com.lightcone.beautycam.activity .MainActivity]@0#9(BLAST Consumer)9](id:19430000000b,api:0,p:-1,c:6467) disconnect: api -1
02-20 19:13:50.245 6467 6467 I SurfaceView@7d7c31d: updateSurface: mVisible = false mSurface.isValid() = true
02-20 19:13:50.245 6467 6467 D BLASTBufferQueue: [SurfaceView[com.accarunit.beauty.camera.videocall/com.lightcone.beautycam.activity .MainActivity]@0#9](f:0,a:1) destructor()
02-20 19:13:50.245 6467 6467 D BufferQueueConsumer: [SurfaceView[com.accarunit.beauty.camera.videocall/com.lightcone.beautycam.activity .MainActivity]@0#9(BLAST Consumer)9](id:19430000000b,api:0,p:-1,c:6467) disconnect
02-20 19:13:50.246 6467 6467 I SurfaceView@7d7c31d: releaseSurfaces: viewRoot = ViewRootImpl@64221ef[MainActivity]
02-20 19:13:50.247 6467 6467 I SurfaceView@7d7c31d: applyTransactionOnVriDraw: vri = ViewRootImpl@64221ef[MainActivity] fRS = true t = 0xb4000070d82dc300 android.view.SurfaceView.releaseSurfaces:858 android.view.SurfaceView.updateSurface:1172 android.view.SurfaceView.onWindowVisibilityChanged:371
02-20 19:13:50.247 6467 6467 I SurfaceView@7d7c31d: applyTransactionOnVriDraw: viewRoot.applyTransactionOnDrawFromReleaseSurfaces
02-20 19:13:50.247 6467 6467 I ViewRootImpl@64221ef[MainActivity]: from releaseSurfaces t.apply t = 0xb4000070d82dc300
02-20 19:13:50.248 6467 6467 V SurfaceView@7d7c31d: Layout: x=0 y=0 w=720 h=819, frame=Rect(0, 0 - 720, 819)
02-20 19:13:50.249 6467 6533 D SurfaceView@7d7c31d: windowPositionLost, frameNr = 0
02-20 19:13:50.249 6467 6533 D OpenGLRenderer: setSurface called with nullptr
02-20 19:13:50.249 6467 6533 D OpenGLRenderer: setSurface() destroyed EGLSurface
02-20 19:13:50.249 6467 6533 D OpenGLRenderer: destroyEglSurface
02-20 19:13:50.250 6467 6533 D BufferQueueProducer: [ViewRootImpl@64221ef[MainActivity]#8(BLAST Consumer)8] (id:19430000000a,api:1,p:6467,c:6467) disconnect: api 1
02-20 19:13:50.253 6467 6467 I ViewRootImpl@64221ef[MainActivity]: performTraversals mFirst=false windowShouldResize=false viewVisibilityChanged=true mForceNextWindowRelayout=false params=null
02-20 19:13:50.260 6467 6467 D BLASTBufferQueue: [ViewRootImpl@64221ef[MainActivity]#8](f:0,a:1) destructor()
02-20 19:13:50.260 6467 6467 D BufferQueueConsumer: [ViewRootImpl@64221ef[MainActivity]#8(BLAST Consumer)8](id:19430000000a,api:0,p:- 1,c:6467) disconnect
02-20 19:13:50.264 6467 6467 I ViewRootImpl@64221ef[MainActivity]: Relayout returned: old=(0,0,720,1600) new=(0,0,720,1600) req=(720,1600)8 dur=6 res=0x2 s={false 0x0} ch=true seqId=0
02-20 19:13:50.265 6467 6467 D SurfaceView@7d7c31d: updateSurface: surface is not valid
02-20 19:13:50.265 6467 6467 I SurfaceView@7d7c31d: releaseSurfaces: viewRoot = ViewRootImpl@64221ef[MainActivity]
02-20 19:13:50.266 6467 6467 I SurfaceView@7d7c31d: applyTransactionOnVriDraw: vri = ViewRootImpl@64221ef[MainActivity] fRS = true t = 0xb4000070ba860000 android.view.SurfaceView.releaseSurfaces:858 android.view.SurfaceView.updateSurface:998 android.view.SurfaceView.setFrame:525
02-20 19:13:50.266 6467 6467 I SurfaceView@7d7c31d: applyTransactionOnVriDraw: viewRoot.applyTransactionOnDrawFromReleaseSurfaces
02-20 19:13:50.266 6467 6467 I ViewRootImpl@64221ef[MainActivity]: from releaseSurfaces t.apply t = 0xb4000070ba860000
02-20 19:13:50.268 6467 6467 I SurfaceView@7d7c31d: windowStopped(true) false android.view.SurfaceView{7d7c31d V.E...... ........ 0,0-720,819 #7f09027d app:id/surface_view} of ViewRootImpl@64221ef[MainActivity]
02-20 19:13:50.268 6467 6467 D SurfaceView@7d7c31d: updateSurface: surface is not valid
02-20 19:13:50.268 6467 6467 I SurfaceView@7d7c31d: releaseSurfaces: viewRoot = ViewRootImpl@64221ef[MainActivity]
02-20 19:13:50.269 6467 6467 I SurfaceView@7d7c31d: applyTransactionOnVriDraw: vri = ViewRootImpl@64221ef[MainActivity] fRS = true t = 0xb40000717652e200 android.view.SurfaceView.releaseSurfaces:858 android.view.SurfaceView.updateSurface:998 android.view.SurfaceView.setWindowStopped:335
02-20 19:13:50.269 6467 6467 I SurfaceView@7d7c31d: applyTransactionOnVriDraw: viewRoot.applyTransactionOnDrawFromReleaseSurfaces
02-20 19:13:50.269 6467 6467 I ViewRootImpl@64221ef[MainActivity]: from releaseSurfaces t.apply t = 0xb40000717652e200
02-20 19:13:50.269 6467 6467 D SurfaceView@7d7c31d: updateSurface: surface is not valid
02-20 19:13:50.269 6467 6467 I SurfaceView@7d7c31d: releaseSurfaces: viewRoot = ViewRootImpl@64221ef[MainActivity]
02-20 19:13:50.269 6467 6467 I SurfaceView@7d7c31d: applyTransactionOnVriDraw: vri = ViewRootImpl@64221ef[MainActivity] fRS = true t = 0xb40000717652f800 android.view.SurfaceView.releaseSurfaces:858 android.view.SurfaceView.updateSurface:998 android.view.SurfaceView.lambda$new$0$android-view-SurfaceView:200
02-20 19:13:50.269 6467 6467 I SurfaceView@7d7c31d: applyTransactionOnVriDraw: viewRoot.applyTransactionOnDrawFromReleaseSurfaces
02-20 19:13:50.270 6467 6467 I ViewRootImpl@64221ef[MainActivity]: from releaseSurfaces t.apply t = 0xb40000717652f800
02-20 19:13:50.272 6467 6467 I ViewRootImpl@64221ef[MainActivity]: stopped(true) old = false
02-20 19:13:50.272 6467 6467 I ViewRootImpl@64221ef[MainActivity]: WindowStopped on com.accarunit.beauty.camera.videocall/com.lightcone.beautycam.activity.MainActivity set to true
02-20 19:13:50.279 6467 6467 I MSHandlerLifeCycle: removeMultiSplitHandler: no exist. decor=DecorView@ccf8f37[MainActivity]
02-20 19:13:50.280 6467 6467 I ViewRootImpl@64221ef[MainActivity]: performTraversals mFirst=false windowShouldResize=false viewVisibilityChanged=false mForceNextWindowRelayout=false params={(0,0)(fillxfill) sim={adjust=pan} ty=BASE_APPLICATION fmt=TRANSLUCENT wanim=0x1030309
02-20 19:13:50.280 6467 6467 I ViewRootImpl@64221ef[MainActivity]: fl=81810100
02-20 19:13:50.280 6467 6467 I ViewRootImpl@64221ef[MainActivity]: pfl=1a020040
02-20 19:13:50.280 6467 6467 I ViewRootImpl@64221ef[MainActivity]: vsysui=3502
02-20 19:13:50.280 6467 6467 I ViewRootImpl@64221ef[MainActivity]: apr=LIGHT_STATUS_BARS
02-20 19:13:50.280 6467 6467 I ViewRootImpl@64221ef[MainActivity]: bhv=SHOW_TRANSIENT_BARS_BY_SWIPE
02-20 19:13:50.280 6467 6467 I ViewRootImpl@64221ef[MainActivity]: fitSides= naviIconColor=0
02-20 19:13:50.280 6467 6467 I ViewRootImpl@64221ef[MainActivity]: sfl=100000}
02-20 19:13:50.287 6467 6467 I ViewRootImpl@64221ef[MainActivity]: Relayout returned: old=(0,0,720,1600) new=(0,0,720,1600) req=(720,1600)8 dur=7 res=0x2 s={false 0x0} ch=false seqId=0
02-20 19:13:50.287 6467 6467 D SurfaceView@7d7c31d: updateSurface: surface is not valid
02-20 19:13:50.287 6467 6467 I SurfaceView@7d7c31d: releaseSurfaces: viewRoot = ViewRootImpl@64221ef[MainActivity]
02-20 19:13:50.287 6467 6467 I SurfaceView@7d7c31d: applyTransactionOnVriDraw: vri = ViewRootImpl@64221ef[MainActivity] fRS = true t = 0xb40000717652fa00 android.view.SurfaceView.releaseSurfaces:858 android.view.SurfaceView.updateSurface:998 android.view.SurfaceView.lambda$new$0$android-view-SurfaceView:200
02-20 19:13:50.287 6467 6467 I SurfaceView@7d7c31d: applyTransactionOnVriDraw: viewRoot.applyTransactionOnDrawFromReleaseSurfaces
02-20 19:13:50.287 6467 6467 I ViewRootImpl@64221ef[MainActivity]: from releaseSurfaces t.apply t = 0xb40000717652fa00
02-20 19:13:50.879 6467 6518 I FA : Application backgrounded at: timestamp_millis: 1708478028877
02-20 19:13:51.037 6467 6467 I ViewRootImpl@64221ef[MainActivity]: handleAppVisibility mAppVisible = false visible = true
02-20 19:13:51.050 6467 6467 I ViewRootImpl@64221ef[MainActivity]: stopped(false) old = true
02-20 19:13:51.050 6467 6467 I ViewRootImpl@64221ef[MainActivity]: WindowStopped on com.accarunit.beauty.camera.videocall/com.lightcone.beautycam.activity.MainActivity set to false
02-20 19:13:51.068 6467 6467 I MSHandlerLifeCycle: removeMultiSplitHandler: no exist. decor=DecorView@ccf8f37[MainActivity]
02-20 19:13:51.068 6467 6467 I ViewRootImpl@64221ef[MainActivity]: stopped(false) old = false
02-20 19:13:51.071 6467 6467 I MSHandlerLifeCycle: removeMultiSplitHandler: no exist. decor=DecorView@ccf8f37[MainActivity]
02-20 19:13:51.072 6467 6467 I SurfaceView@7d7c31d: onWindowVisibilityChanged(0) false android.view.SurfaceView{7d7c31d V.E...... ........ 0,0-720,819 #7f09027d app:id/surface_view} of ViewRootImpl@64221ef[MainActivity]
02-20 19:13:51.072 6467 6467 D SurfaceView@7d7c31d: updateSurface: surface is not valid
02-20 19:13:51.072 6467 6467 I SurfaceView@7d7c31d: releaseSurfaces: viewRoot = ViewRootImpl@64221ef[MainActivity]
02-20 19:13:51.072 6467 6467 I SurfaceView@7d7c31d: applyTransactionOnVriDraw: vri = ViewRootImpl@64221ef[MainActivity] fRS = true t = 0xb40000717652fb00 android.view.SurfaceView.releaseSurfaces:858 android.view.SurfaceView.updateSurface:998 android.view.SurfaceView.onWindowVisibilityChanged:371
02-20 19:13:51.072 6467 6467 I SurfaceView@7d7c31d: applyTransactionOnVriDraw: viewRoot.applyTransactionOnDrawFromReleaseSurfaces
02-20 19:13:51.072 6467 6467 I ViewRootImpl@64221ef[MainActivity]: applyTransactionOnDraw: mRemoved = false isHardwareEnabled = false t = 0xb40000717652fb00android.view.ViewRootImpl.applyTransactionOnDrawFromReleaseSurfac es:12850 android.view.SurfaceView.applyTransactionOnVriDraw:2046 android.view.SurfaceView.releaseSurfaces:858 android.view.SurfaceView.updateSurface:998 android.view.SurfaceView.onWindowVisibilityChanged:371
02-20 19:13:51.075 6467 6467 I ViewRootImpl@64221ef[MainActivity]: performTraversals mFirst=false windowShouldResize=false viewVisibilityChanged=true mForceNextWindowRelayout=false params={(0,0)(fillxfill) sim={adjust=resize} ty=BASE_APPLICATION fmt=TRANSLUCENT wanim=0x1030309
02-20 19:13:51.075 6467 6467 I ViewRootImpl@64221ef[MainActivity]: fl=81810100
02-20 19:13:51.075 6467 6467 I ViewRootImpl@64221ef[MainActivity]: pfl=1a020040
02-20 19:13:51.075 6467 6467 I ViewRootImpl@64221ef[MainActivity]: vsysui=3502
02-20 19:13:51.075 6467 6467 I ViewRootImpl@64221ef[MainActivity]: apr=LIGHT_STATUS_BARS
02-20 19:13:51.075 6467 6467 I ViewRootImpl@64221ef[MainActivity]: bhv=SHOW_TRANSIENT_BARS_BY_SWIPE
02-20 19:13:51.075 6467 6467 I ViewRootImpl@64221ef[MainActivity]: fitSides= naviIconColor=0
02-20 19:13:51.075 6467 6467 I ViewRootImpl@64221ef[MainActivity]: sfl=100000}
02-20 19:13:51.095 6467 6467 D InsetsController: onStateChanged: InsetsState: {mDisplayFrame=Rect(0, 0 - 720, 1600), mDisplayCutout=DisplayCutout{insets=Rect(0, 45 - 0, 0) waterfall=Insets{left=0, top=0, right=0, bottom=0} boundingRect={Bounds=[Rect(0, 0 - 0, 0), Rect(272, 0 - 448, 45), Rect(0, 0 - 0, 0), Rect(0, 0 - 0, 0)]} cutoutPathParserInfo={CutoutPathParserInfo{displayWidth=720 displayHeight=1600 physicalDisplayWidth=720 physicalDisplayHeight=1600 density={1.875} cutoutSpec={M 0,0 H -46.93333333333333 V 24 H 46.93333333333333 V 0 H 0 Z @dp} rotation={0} scale={1.0} physicalPixelDisplaySizeRatio={1.0}}}}, mRoundedCorners=RoundedCorners{[RoundedCorner{position=TopLeft, radius=60, center=Point(60, 60)}, RoundedCorner{position=TopRight, radius=60, center=Point(660, 60)}, RoundedCorner{position=BottomRight, radius=60, center=Point(660, 1540)}, RoundedCorner{position=BottomLeft, radius=60, center=Point(60, 1540)}]} mRoundedCornerFrame=Rect(0, 0 - 720, 1600), mPrivacyIndicatorBounds=PrivacyIndicatorBounds {static bounds=Rect(637, 0 - 720, 49) rotation=0}, mSources= { InsetsSource: {mType=ITYPE_STATUS_BAR, mFrame=[0,0] [720,49], mVisible=true, mInsetsRoundedCornerFrame=false}, InsetsSource: {mType=ITYPE_NAVIGATION_BAR, mFrame=[0,1572][720,1600], mVisible=true, mInsetsRoundedCornerFrame=false}, InsetsSource: {mType=ITYPE_LEFT_GESTURES, mFrame=[0,0][56,1600], mVisible=true, mInsetsRoundedCornerFrame=false}, InsetsSource: {mType=ITYPE_RIGHT_GESTURES, mFrame=[664,0][720,1600], mVisible=true, mInsetsRoundedCornerFrame=false}, InsetsSource: {mType=ITYPE_TOP_MANDATORY_GESTURES, mFrame=[0,0][720,68], mVisible=true, mInsetsRoundedCornerFrame=false}, InsetsSource: {mType=ITYPE_BOTTOM_MANDATORY_GESTURES, mFrame=[0,1540][720,1600], mVisible=true, mInsetsRoundedCornerFrame=false}, InsetsSource: {mType=ITYPE_LEFT_DISPLAY_CUTOUT, mFrame=[0,0][-100000,1600], mVisible=true, mInsetsRoundedCornerFrame=false}, InsetsSource: {mType=ITYPE_TOP_DISPLAY_CUTOUT, mFrame=[0,0][720,45], mVisible=true, mInsetsRoundedCornerFrame=false}, InsetsSource: {mType=ITYPE_RIGHT_DISPLAY_CUTOUT, mFrame=[100000,0][720,1600], mVisible=true, mInsetsRoundedCornerFrame=false}, InsetsSource: {mType=ITYPE_BOTTOM_DISPLAY_CUTOUT, mFrame=[0,100000][720,1600], mVisible=true, mInsetsRoundedCornerFrame=false}, InsetsSource: {mType=ITYPE_TOP_TAPPABLE_ELEMENT, mFrame=[0,0][720,49], mVisible=true, mInsetsRoundedCornerFrame=false}, InsetsSource: {mType=ITYPE_BOTTOM_TAPPABLE_ELEMENT, mFrame=[0,0][0,0], mVisible=true, mInsetsRoundedCornerFrame=false}, InsetsSource: {mType=ITYPE_IME, mFrame=[0,0] [0,0], mVisibleFrame=[0,928][720,1600], mVisible=false, mInsetsRoundedCornerFrame=false} } host=com.accarunit.beauty.camera.videocall/com.lightcone.beautycam.activity.MainAct ivity from=android.view.ViewRootImpl.relayoutWindow:9802
02-20 19:13:51.096 6467 6467 I ViewRootImpl@64221ef[MainActivity]: updateBlastSurfaceIfNeeded mBlastBufferQueue=null isSameSurfaceControl=false
02-20 19:13:51.096 6467 6467 D BufferQueueConsumer: [](id:19430000000d,api:0,p:- 1,c:6467) connect: controlledByApp=false
02-20 19:13:51.097 6467 6467 I BLASTBufferQueue: new BLASTBufferQueue, mName= ViewRootImpl@64221ef[MainActivity] mNativeObject= 0xb40000716d035100 sc.mNativeObject= 0xb400007176462260 caller= android.view.ViewRootImpl.updateBlastSurfaceIfNeeded:2909 android.view.ViewRootImpl.relayoutWindow:9847 android.view.ViewRootImpl.performTraversals:3884 android.view.ViewRootImpl.doTraversal:3116 android.view.ViewRootImpl$TraversalRunnable.run:10885 android.view.Choreographer$CallbackRecord.run:1301 android.view.Choreographer$CallbackRecord.run:1309 android.view.Choreographer.doCallbacks:923 android.view.Choreographer.doFrame:852 android.view.Choreographer$FrameDisplayEventReceiver.run:1283
02-20 19:13:51.097 6467 6467 I BLASTBufferQueue: update, w= 720 h= 1600 mName = ViewRootImpl@64221ef[MainActivity] mNativeObject= 0xb40000716d035100 sc.mNativeObject= 0xb400007176462260 format= -3 caller= android.graphics.BLASTBufferQueue.<init>:84 android.view.ViewRootImpl.updateBlastSurfaceIfNeeded:2909 android.view.ViewRootImpl.relayoutWindow:9847 android.view.ViewRootImpl.performTraversals:3884 android.view.ViewRootImpl.doTraversal:3116 android.view.ViewRootImpl$TraversalRunnable.run:10885
02-20 19:13:51.098 6467 6467 I ViewRootImpl@64221ef[MainActivity]: Relayout returned: old=(0,0,720,1600) new=(0,0,720,1600) req=(720,1600)0 dur=21 res=0x3 s={true 0xb4000070ad086000} ch=true seqId=0
02-20 19:13:51.099 6467 6467 I ViewRootImpl@64221ef[MainActivity]: mThreadedRenderer.initialize() mSurface={isValid=true 0xb4000070ad086000} hwInitialized=true
02-20 19:13:51.099 6467 6533 D BufferQueueProducer: [ViewRootImpl@64221ef[MainActivity]#11(BLAST Consumer)11] (id:19430000000d,api:1,p:6467,c:6467) connect: api=1 producerControlledByApp=true
02-20 19:13:51.100 6467 6467 I SurfaceView@7d7c31d: windowStopped(false) true android.view.SurfaceView{7d7c31d V.E...... ........ 0,0-720,819 #7f09027d app:id/surface_view} of ViewRootImpl@64221ef[MainActivity]
02-20 19:13:51.100 6467 6533 D OpenGLRenderer: eglCreateWindowSurface
02-20 19:13:51.100 6467 6467 I SurfaceView@7d7c31d: Changes: creating=true format=false size=false visible=true alpha=false hint=false mUseAlpha=false visible=true left=false top=false
02-20 19:13:51.103 6467 6467 D BufferQueueConsumer: [](id:19430000000e,api:0,p:- 1,c:6467) connect: controlledByApp=false
02-20 19:13:51.104 6467 6467 I BLASTBufferQueue: update, w= 720 h= 819 mName = null mNativeObject= 0xb40000716d035f00 sc.mNativeObject= 0xb40000716cf60200 format= 4 caller= android.view.SurfaceView.createBlastSurfaceControls:1383 android.view.SurfaceView.updateSurface:1079 android.view.SurfaceView.setWindowStopped:335 android.view.SurfaceView.surfaceCreated:1853 android.view.ViewRootImpl.notifySurfaceCreated:2820 android.view.ViewRootImpl.performTraversals:4293
02-20 19:13:51.104 6467 6467 I SurfaceView@7d7c31d: 131580701 Cur surface: Surface(name=null)/@0x769fb05
02-20 19:13:51.104 6467 6467 I SurfaceView@7d7c31d: pST: sr = Rect(0, 0 - 720, 819) sw = 720 sh = 819
02-20 19:13:51.104 6467 6467 D SurfaceView@7d7c31d: performSurfaceTransaction RenderWorker position = [0, 0, 720, 819] surfaceSize = 720x819
02-20 19:13:51.105 6467 6467 I SurfaceView@7d7c31d: applyTransactionOnVriDraw: vri = ViewRootImpl@64221ef[MainActivity] fRS = false t = 0xb40000716cf2f700 android.view.SurfaceView.performSurfaceTransaction:959 android.view.SurfaceView.updateSurface:1105 android.view.SurfaceView.setWindowStopped:335
02-20 19:13:51.106 6467 6467 I ViewRootImpl@64221ef[MainActivity]: applyTransactionOnDraw: mRemoved = false isHardwareEnabled = true t = 0xb40000716cf2f700android.view.SurfaceView.applyTransactionOnVriDraw:2048 android.view.SurfaceView.performSurfaceTransaction:959 android.view.SurfaceView.updateSurface:1105 android.view.SurfaceView.setWindowStopped:335 android.view.SurfaceView.surfaceCreated:1853
02-20 19:13:51.106 6467 6467 I SurfaceView@7d7c31d: updateSurface: mVisible = true mSurface.isValid() = true
02-20 19:13:51.106 6467 6467 I SurfaceView@7d7c31d: updateSurface: mSurfaceCreated = false surfaceChanged = true visibleChanged = true
02-20 19:13:51.106 6467 6467 I SurfaceView@7d7c31d: visibleChanged -- surfaceCreated
02-20 19:13:51.106 6467 6467 I SurfaceView@7d7c31d: surfaceCreated 1 #1 android.view.SurfaceView{7d7c31d V.E...... ........ 0,0-720,819 #7f09027d app:id/surface_view}
02-20 19:13:51.107 6467 6467 V MediaPlayer-JNI: native_setup
02-20 19:13:51.107 6467 6467 V MediaPlayerNative: constructor
02-20 19:13:51.108 6467 6467 V MediaPlayerNative: setListener
02-20 19:13:51.109 6467 6467 V MediaPlayer-JNI: reset
02-20 19:13:51.110 6467 6467 V MediaPlayerNative: reset
02-20 19:13:51.110 6467 6467 V MediaPlayer: resetDrmState: mDrmInfo=null mDrmProvisioningThread=null mPrepareDrmInProgress=false mActiveDrmScheme=false
02-20 19:13:51.110 6467 6467 V MediaPlayer: cleanDrmObj: mDrmObj=null mDrmSessionId=null
02-20 19:13:51.115 6467 6467 V MediaPlayer-JNI: setDataSourceFD: fd 84
02-20 19:13:51.115 6467 6467 V MediaPlayerNative: setDataSource(84, 0, 576460752303423487)
02-20 19:13:51.117 6467 6864 I ViewRootImpl@64221ef[MainActivity]: Resizing android.view.ViewRootImpl@9d8623d: frame = [0,0][720,1600] reportDraw = true forceLayout = false syncSeqId = 0
02-20 19:13:51.130 6467 6467 V MediaPlayerNative: setVideoSurfaceTexture
02-20 19:13:51.132 6467 6467 D BufferQueueProducer: [SurfaceView[com.accarunit.beauty.camera.videocall/com.lightcone.beautycam.activity .MainActivity]@0#12(BLAST Consumer)12](id:19430000000e,api:3,p:938,c:6467) connect: api=3 producerControlledByApp=true
02-20 19:13:51.132 6467 6467 V MediaPlayerNative: setVideoSurfaceTexture
02-20 19:13:51.133 6467 6467 V MediaPlayerNative: prepareAsync
02-20 19:13:51.134 6467 6467 I SurfaceView@7d7c31d: surfaceChanged -- format=4 w=720 h=819
02-20 19:13:51.134 6467 6467 I SurfaceView@7d7c31d: surfaceChanged (720,819) 1 #1 android.view.SurfaceView{7d7c31d V.E...... ........ 0,0-720,819 #7f09027d app:id/surface_view}
02-20 19:13:51.134 6467 6467 I SurfaceView@7d7c31d: surfaceRedrawNeeded
02-20 19:13:51.135 6467 6467 V SurfaceView@7d7c31d: Layout: x=0 y=0 w=720 h=819, frame=Rect(0, 0 - 720, 819)
02-20 19:13:51.135 6467 6467 I ViewRootImpl@64221ef[MainActivity]: reportNextDraw android.view.ViewRootImpl.performTraversals:4438 android.view.ViewRootImpl.doTraversal:3116 android.view.ViewRootImpl$TraversalRunnable.run:10885 android.view.Choreographer$CallbackRecord.run:1301 android.view.Choreographer$CallbackRecord.run:1309
02-20 19:13:51.135 6467 6467 I ViewRootImpl@64221ef[MainActivity]: Setup new sync id=5
02-20 19:13:51.135 6467 6467 I ViewRootImpl@64221ef[MainActivity]: Setting syncFrameCallback
02-20 19:13:51.135 6467 6467 E SurfaceSyncer: Failed to find sync for id=0
02-20 19:13:51.135 6467 6467 E SurfaceSyncer: Failed to find sync for id=1
02-20 19:13:51.135 6467 6467 E SurfaceSyncer: Failed to find sync for id=2
02-20 19:13:51.135 6467 6467 E SurfaceSyncer: Failed to find sync for id=3
02-20 19:13:51.135 6467 6467 E SurfaceSyncer: Failed to find sync for id=4
02-20 19:13:51.135 6467 6467 I ViewRootImpl@64221ef[MainActivity]: registerCallbacksForSync syncBuffer=false
02-20 19:13:51.141 6467 6560 D SurfaceView@7d7c31d: updateSurfacePosition RenderWorker, frameNr = 1, position = [0, 0, 720, 819] surfaceSize = 720x819
02-20 19:13:51.141 6467 6560 I SurfaceView@7d7c31d: uSP: rtp = Rect(0, 0 - 720, 819) rtsw = 720 rtsh = 819
02-20 19:13:51.141 6467 6560 I SurfaceView@7d7c31d: onSSPAndSRT: pl = 0 pt = 0 sx = 1.0 sy = 1.0
02-20 19:13:51.142 6467 6560 I SurfaceView@7d7c31d: aOrMT: ViewRootImpl@64221ef[MainActivity] t = android.view.SurfaceControl$Transaction@9cb04c7 fN = 1 android.view.SurfaceView.-$ $Nest$mapplyOrMergeTransaction:0 android.view.SurfaceView$SurfaceViewPositionUpdateListener.positionChanged:1537 android.graphics.RenderNode$CompositePositionUpdateListener.positionChanged:373
02-20 19:13:51.142 6467 6560 I ViewRootImpl@64221ef[MainActivity]: mWNT: t=0xb40000716cf2f900 mBlastBufferQueue=0xb40000716d035100 fn= 1 caller= android.view.SurfaceView.applyOrMergeTransaction:1455 android.view.SurfaceView.-$ $Nest$mapplyOrMergeTransaction:0 android.view.SurfaceView$SurfaceViewPositionUpdateListener.positionChanged:1537
02-20 19:13:51.142 6467 6560 I ViewRootImpl@64221ef[MainActivity]: mWNT: t=0xb4000070d8397300 mBlastBufferQueue=0xb40000716d035100 fn= 1 caller= android.view.ViewRootImpl.lambda$applyTransactionOnDraw$11$android-view- ViewRootImpl:12865 android.view.ViewRootImpl$ $ExternalSyntheticLambda1.onFrameDraw:4 android.graphics.HardwareRenderer$FrameDrawingCallback.onFrameDraw:924
02-20 19:13:51.142 6467 6560 I ViewRootImpl@64221ef[MainActivity]: mWNT: t=0xb40000716cf2f700 mBlastBufferQueue=0xb40000716d035100 fn= 1 caller= android.view.ViewRootImpl.lambda$applyTransactionOnDraw$11$android-view- ViewRootImpl:12865 android.view.ViewRootImpl$ $ExternalSyntheticLambda1.onFrameDraw:4 android.graphics.HardwareRenderer$FrameDrawingCallback.onFrameDraw:924
02-20 19:13:51.142 6467 6560 I ViewRootImpl@64221ef[MainActivity]: Received frameDrawingCallback syncResult=0 frameNum=1.
02-20 19:13:51.143 6467 6560 I ViewRootImpl@64221ef[MainActivity]: Setting up sync and frameCommitCallback
02-20 19:13:51.146 6467 6533 E IMGMapper: set:488 set: Unset optional value from type SMPTE2086
02-20 19:13:51.146 6467 6533 E IMGMapper: set:488 set: Unset optional value from type CTA861_3
02-20 19:13:51.146 6467 6533 I BLASTBufferQueue: [ViewRootImpl@64221ef[MainActivity]#11](f:0,a:0) onFrameAvailable the first frame is available
02-20 19:13:51.147 6467 6533 D BLASTBufferQueue: [ViewRootImpl@64221ef[MainActivity]#11](f:0,a:1) acquireNextBufferLocked size=720x1600 mFrameNumber=1 applyTransaction=true mTimestamp=113925219924941(auto) mPendingTransactions.size=0 graphicBufferId=27775553503344 transform=0
02-20 19:13:51.148 6467 6533 I ViewRootImpl@64221ef[MainActivity]: Received frameCommittedCallback lastAttemptedDrawFrameNum=1 didProduceBuffer=true
02-20 19:13:51.149 6467 6467 I ViewRootImpl@64221ef[MainActivity]: onSyncComplete
02-20 19:13:51.149 6467 6467 I ViewRootImpl@64221ef[MainActivity]: setupSync seqId=0 mSyncId=5 fn=1 caller=android.view.ViewRootImpl$ $ExternalSyntheticLambda11.accept:6 android.window.SurfaceSyncer.lambda$setupSync$1$android-window-SurfaceSyncer:128 android.window.SurfaceSyncer$$ExternalSyntheticLambda1.accept:8 android.window.SurfaceSyncer$SyncSet.checkIfSyncIsComplete:382 android.window.SurfaceSyncer$SyncSet.markSyncReady:359 android.window.SurfaceSyncer.markSyncReady:151 android.view.ViewRootImpl.performTraversals:4503
02-20 19:13:51.150 6467 6467 I ViewRootImpl@64221ef[MainActivity]: reportDrawFinished seqId=0 mSyncId=-1 fn=1 mSurfaceChangedTransaction=0xb4000070d7e8e000
