02-20 19:13:14.522 6467 6467 I ViewRootImpl@89cf70a[BeautyLooksActivity]: onSyncComplete
02-20 19:13:14.522 6467 6467 I ViewRootImpl@89cf70a[BeautyLooksActivity]: setupSync seqId=0 mSyncId=1 fn=2 caller=android.view.ViewRootImpl$ $ExternalSyntheticLambda11.accept:6 android.window.SurfaceSyncer.lambda$setupSync$1$android-window-SurfaceSyncer:128 android.window.SurfaceSyncer$$ExternalSyntheticLambda1.accept:8 android.window.SurfaceSyncer$SyncSet.checkIfSyncIsComplete:382 android.window.SurfaceSyncer$SyncSet.markSyncReady:359 android.window.SurfaceSyncer.markSyncReady:151 android.view.ViewRootImpl.performTraversals:4503
02-20 19:13:14.523 6467 6743 D BufferQueueProducer: [SurfaceView[com.accarunit.beauty.camera.videocall/com.lightcone.beautycam.activity .MainActivity]@0#5(BLAST Consumer)5](id:194300000005,api:3,p:938,c:6467) waitForFreeSlotThenRelock TIMED_OUT 0 dequeuedCount=20, acquiredCount=2, mMaxAcquiredBufferCount=1, mMaxDequeuedBufferCount=21
02-20 19:13:14.524 6467 6467 I ViewRootImpl@89cf70a[BeautyLooksActivity]: reportDrawFinished seqId=0 mSyncId=-1 fn=2 mSurfaceChangedTransaction=0xb4000070e0646e00
02-20 19:13:14.525 6467 6467 I [LiveEventBus]: post: com.lightcone.beautycam.viewmodel.event.FavoriteEffectListUpdateEvent@8109b0d with key: class com.lightcone.beautycam.viewmodel.event.FavoriteEffectListUpdateEvent
02-20 19:13:14.526 6467 6467 I [LiveEventBus]: message received: com.lightcone.beautycam.viewmodel.event.FavoriteEffectListUpdateEvent@8109b0d
02-20 19:13:14.526 6467 6467 I [LiveEventBus]: message received: com.lightcone.beautycam.viewmodel.event.FavoriteEffectListUpdateEvent@8109b0d
02-20 19:13:14.526 6467 6467 I [LiveEventBus]: broadcast: com.lightcone.beautycam.viewmodel.event.BeautyIntensityUpdateEvent@82b80d3 foreground: false with key: class com.lightcone.beautycam.viewmodel.event.BeautyIntensityUpdateEvent
02-20 19:13:14.531 6467 6467 I [LiveEventBus]: broadcast: com.lightcone.beautycam.viewmodel.event.ShapeIntensityUpdateEvent@4b8db09 foreground: false with key: class com.lightcone.beautycam.viewmodel.event.ShapeIntensityUpdateEvent
02-20 19:13:14.534 6467 6659 D BufferQueueProducer: [SurfaceView[com.accarunit.beauty.camera.videocall/com.lightcone.beautycam.activity .MainActivity]@0#5(BLAST Consumer)5](id:194300000005,api:3,p:938,c:6467) waitForFreeSlotThenRelock TIMED_OUT 0 dequeuedCount=20, acquiredCount=2, mMaxAcquiredBufferCount=1, mMaxDequeuedBufferCount=21
02-20 19:13:14.535 6467 6467 I [LiveEventBus]: post: com.lightcone.beautycam.viewmodel.event.SelectedShapeEvent@523572f with key: class com.lightcone.beautycam.viewmodel.event.SelectedShapeEvent
02-20 19:13:14.535 6467 6467 I [LiveEventBus]: message received: com.lightcone.beautycam.viewmodel.event.SelectedShapeEvent@523572f
02-20 19:13:14.536 6467 6467 I [LiveEventBus]: broadcast: com.lightcone.beautycam.viewmodel.event.ShapeModeUpdateEvent@b8b1ec5 foreground: false with key: class com.lightcone.beautycam.viewmodel.event.ShapeModeUpdateEvent
02-20 19:13:14.545 6467 6659 D BufferQueueProducer: [SurfaceView[com.accarunit.beauty.camera.videocall/com.lightcone.beautycam.activity .MainActivity]@0#5(BLAST Consumer)5](id:194300000005,api:3,p:938,c:6467) waitForFreeSlotThenRelock TIMED_OUT 0 dequeuedCount=19, acquiredCount=3, mMaxAcquiredBufferCount=1, mMaxDequeuedBufferCount=21
02-20 19:13:14.556 6467 6743 D BufferQueueProducer: [SurfaceView[com.accarunit.beauty.camera.videocall/com.lightcone.beautycam.activity .MainActivity]@0#5(BLAST Consumer)5](id:194300000005,api:3,p:938,c:6467) waitForFreeSlotThenRelock TIMED_OUT 0 dequeuedCount=20, acquiredCount=2, mMaxAcquiredBufferCount=1, mMaxDequeuedBufferCount=21
02-20 19:13:14.567 6467 6740 D BufferQueueProducer: [SurfaceView[com.accarunit.beauty.camera.videocall/com.lightcone.beautycam.activity .MainActivity]@0#5(BLAST Consumer)5](id:194300000005,api:3,p:938,c:6467) waitForFreeSlotThenRelock TIMED_OUT 0 dequeuedCount=20, acquiredCount=2, mMaxAcquiredBufferCount=1, mMaxDequeuedBufferCount=21
02-20 19:13:14.578 6467 6740 D BufferQueueProducer: [SurfaceView[com.accarunit.beauty.camera.videocall/com.lightcone.beautycam.activity .MainActivity]@0#5(BLAST Consumer)5](id:194300000005,api:3,p:938,c:6467) waitForFreeSlotThenRelock TIMED_OUT 0 dequeuedCount=19, acquiredCount=3, mMaxAcquiredBufferCount=1, mMaxDequeuedBufferCount=21
02-20 19:13:14.591 6467 6659 D BufferQueueProducer: [SurfaceView[com.accarunit.beauty.camera.videocall/com.lightcone.beautycam.activity .MainActivity]@0#5(BLAST Consumer)5](id:194300000005,api:3,p:938,c:6467) waitForFreeSlotThenRelock TIMED_OUT 0 dequeuedCount=20, acquiredCount=2, mMaxAcquiredBufferCount=1, mMaxDequeuedBufferCount=21
02-20 19:13:14.602 6467 6659 D BufferQueueProducer: [SurfaceView[com.accarunit.beauty.camera.videocall/com.lightcone.beautycam.activity .MainActivity]@0#5(BLAST Consumer)5](id:194300000005,api:3,p:938,c:6467) waitForFreeSlotThenRelock TIMED_OUT 0 dequeuedCount=20, acquiredCount=2, mMaxAcquiredBufferCount=1, mMaxDequeuedBufferCount=21
02-20 19:13:14.613 6467 6659 D BufferQueueProducer: [SurfaceView[com.accarunit.beauty.camera.videocall/com.lightcone.beautycam.activity .MainActivity]@0#5(BLAST Consumer)5](id:194300000005,api:3,p:938,c:6467) waitForFreeSlotThenRelock TIMED_OUT 0 dequeuedCount=19, acquiredCount=3, mMaxAcquiredBufferCount=1, mMaxDequeuedBufferCount=21
02-20 19:13:14.624 6467 6659 D BufferQueueProducer: [SurfaceView[com.accarunit.beauty.camera.videocall/com.lightcone.beautycam.activity .MainActivity]@0#5(BLAST Consumer)5](id:194300000005,api:3,p:938,c:6467) waitForFreeSlotThenRelock TIMED_OUT 0 dequeuedCount=20, acquiredCount=2, mMaxAcquiredBufferCount=1, mMaxDequeuedBufferCount=21
02-20 19:13:14.635 6467 6659 D BufferQueueProducer: [SurfaceView[com.accarunit.beauty.camera.videocall/com.lightcone.beautycam.activity .MainActivity]@0#5(BLAST Consumer)5](id:194300000005,api:3,p:938,c:6467) waitForFreeSlotThenRelock TIMED_OUT 0 dequeuedCount=20, acquiredCount=2, mMaxAcquiredBufferCount=1, mMaxDequeuedBufferCount=21
02-20 19:13:14.640 6467 6467 I SurfaceView@28c39a2: finishedDrawing
02-20 19:13:14.640 6467 6467 D InsetsController: cancelAnimation of types: 2, animType: 0, host: com.accarunit.beauty.camera.videocall/com.lightcone.beautycam.activity.BeautyLooksA ctivity, from:android.view.InsetsController.notifyFinished:1375 android.view.InsetsAnimationThreadControlRunner$1.lambda$notifyFinished$0$android- view-InsetsAnimationThreadControlRunner$1:84 android.view.InsetsAnimationThreadControlRunner$1$$ExternalSyntheticLambda1.run:4
02-20 19:13:14.641 6467 6467 D InsetsSourceConsumer: ensureControlPosition: Point(0, 1510) for ITYPE_NAVIGATION_BAR on com.accarunit.beauty.camera.videocall/com.lightcone.beautycam.activity.BeautyLooksA ctivity from android.view.InsetsSourceConsumer.notifyAnimationFinished:419
02-20 19:13:14.641 6467 6467 D InsetsController: cancelAnimation of types: 1, animType: 1, host: com.accarunit.beauty.camera.videocall/com.lightcone.beautycam.activity.BeautyLooksA ctivity, from:android.view.InsetsController.notifyFinished:1375 android.view.InsetsAnimationThreadControlRunner$1.lambda$notifyFinished$0$android- view-InsetsAnimationThreadControlRunner$1:84 android.view.InsetsAnimationThreadControlRunner$1$$ExternalSyntheticLambda1.run:4
02-20 19:13:14.645 6467 6533 E IMGMapper: set:488 set: Unset optional value from type SMPTE2086
02-20 19:13:14.645 6467 6533 E IMGMapper: set:488 set: Unset optional value from type CTA861_3
02-20 19:13:14.646 6467 6659 D BufferQueueProducer: [SurfaceView[com.accarunit.beauty.camera.videocall/com.lightcone.beautycam.activity .MainActivity]@0#5(BLAST Consumer)5](id:194300000005,api:3,p:938,c:6467) waitForFreeSlotThenRelock TIMED_OUT 0 dequeuedCount=19, acquiredCount=3, mMaxAcquiredBufferCount=1, mMaxDequeuedBufferCount=21
02-20 19:13:14.658 6467 6740 D BufferQueueProducer: [SurfaceView[com.accarunit.beauty.camera.videocall/com.lightcone.beautycam.activity .MainActivity]@0#5(BLAST Consumer)5](id:194300000005,api:3,p:938,c:6467) waitForFreeSlotThenRelock TIMED_OUT 0 dequeuedCount=20, acquiredCount=2, mMaxAcquiredBufferCount=1, mMaxDequeuedBufferCount=21
02-20 19:13:14.669 6467 6467 D SensorManager: registerListener :: 1, sc7a20, 200000, 0,
02-20 19:13:14.670 6467 6740 D BufferQueueProducer: [SurfaceView[com.accarunit.beauty.camera.videocall/com.lightcone.beautycam.activity .MainActivity]@0#5(BLAST Consumer)5](id:194300000005,api:3,p:938,c:6467) waitForFreeSlotThenRelock TIMED_OUT 0 dequeuedCount=20, acquiredCount=2, mMaxAcquiredBufferCount=1, mMaxDequeuedBufferCount=21
02-20 19:13:14.674 6467 6467 D DeferrableSurface: Surface created[total_surfaces=1, used_surfaces=0] (androidx.camera.core.SurfaceRequest$2@ca9945a}
02-20 19:13:14.677 6467 6467 D CameraOrientationUtil: getRelativeImageRotation: destRotationDegrees=0, sourceRotationDegrees=270, isOppositeFacing=false, result=270
02-20 19:13:14.681 6467 6659 D BufferQueueProducer: [SurfaceView[com.accarunit.beauty.camera.videocall/com.lightcone.beautycam.activity .MainActivity]@0#5(BLAST Consumer)5](id:194300000005,api:3,p:938,c:6467) waitForFreeSlotThenRelock TIMED_OUT 0 dequeuedCount=20, acquiredCount=2, mMaxAcquiredBufferCount=1, mMaxDequeuedBufferCount=21
02-20 19:13:14.684 6467 6467 D BufferQueueConsumer: [](id:194300000009,api:0,p:- 1,c:6467) connect: controlledByApp=true
02-20 19:13:14.689 6467 6467 D DeferrableSurface: Surface created[total_surfaces=2, used_surfaces=0] (androidx.camera.core.impl.ImmediateSurface@3ce2381}
02-20 19:13:14.690 6467 6847 D Camera2CameraImpl: {Camera@888415b[id=1]} Use case ImageCapture:androidx.camera.core.ImageCapture-86067bd8-96ab-4ffe-b3fa-b64f897e0f3b ACTIVE
02-20 19:13:14.691 6467 6847 D UseCaseAttachState: Active and attached use case: [] for camera: 1
02-20 19:13:14.691 6467 6847 D Camera2CameraImpl: {Camera@888415b[id=1]} Use case Preview:androidx.camera.core.Preview-eec902dc-1e05-4a82-afa6-7607d0a70935 ACTIVE
02-20 19:13:14.691 6467 6847 D UseCaseAttachState: Active and attached use case: [] for camera: 1
02-20 19:13:14.692 6467 6847 D Camera2CameraImpl: {Camera@888415b[id=1]} Use case ImageCapture:androidx.camera.core.ImageCapture-86067bd8-96ab-4ffe-b3fa-b64f897e0f3b ACTIVE
02-20 19:13:14.692 6467 6659 D BufferQueueProducer: [SurfaceView[com.accarunit.beauty.camera.videocall/com.lightcone.beautycam.activity .MainActivity]@0#5(BLAST Consumer)5](id:194300000005,api:3,p:938,c:6467) waitForFreeSlotThenRelock TIMED_OUT 0 dequeuedCount=20, acquiredCount=2, mMaxAcquiredBufferCount=1, mMaxDequeuedBufferCount=21
02-20 19:13:14.692 6467 6467 I [LiveEventBus]: observe sticky forever observer: com.jeremyliao.liveeventbus.core.LiveEventBusCore$ObserverWrapper@ee654b2(d.c.d.q.g @db876bd) with key: class com.lightcone.beautycam.viewmodel.event.SelectedFilterEvent
02-20 19:13:14.692 6467 6847 D UseCaseAttachState: Active and attached use case: [] for camera: 1
02-20 19:13:14.692 6467 6467 I [LiveEventBus]: message received: com.lightcone.beautycam.viewmodel.event.DisableRenderEvent@1ae5959
02-20 19:13:14.692 6467 6467 I [LiveEventBus]: observe sticky forever observer: com.jeremyliao.liveeventbus.core.LiveEventBusCore$ObserverWrapper@fe109fe(d.c.d.q.j @98c7c03) with key: class com.lightcone.beautycam.viewmodel.event.DisableRenderEvent
02-20 19:13:14.692 6467 6847 D UseCaseAttachState: Active and attached use case: [] for camera: 1
02-20 19:13:14.692 6467 6467 I [LiveEventBus]: observe sticky forever observer: com.jeremyliao.liveeventbus.core.LiveEventBusCore$ObserverWrapper@57cc075(d.c.d.q.e @c50d55f) with key: class com.lightcone.beautycam.viewmodel.event.SelectedEffectEvent
02-20 19:13:14.693 6467 6467 I [LiveEventBus]: observe sticky forever observer: com.jeremyliao.liveeventbus.core.LiveEventBusCore$ObserverWrapper@3d7687b(d.c.d.q.l @83fc80a) with key: class com.lightcone.beautycam.viewmodel.event.FilterIntensityUpdateEvent
02-20 19:13:14.693 6467 6467 I [LiveEventBus]: observe sticky forever observer: com.jeremyliao.liveeventbus.core.LiveEventBusCore$ObserverWrapper@fe5eef1(d.c.d.q.i @eaf2698) with key: class com.lightcone.beautycam.viewmodel.event.ShapeModeUpdateEvent
02-20 19:13:14.693 6467 6467 I [LiveEventBus]: observe sticky forever observer: com.jeremyliao.liveeventbus.core.LiveEventBusCore$ObserverWrapper@16a1157(d.c.d.q.m @31a5ad6) with key: class com.lightcone.beautycam.viewmodel.event.ShapeIntensityUpdateEvent
02-20 19:13:14.693 6467 6467 I [LiveEventBus]: observe sticky forever observer: com.jeremyliao.liveeventbus.core.LiveEventBusCore$ObserverWrapper@dd9892d(d.c.d.q.h @bbc1444) with key: class com.lightcone.beautycam.viewmodel.event.BeautyIntensityUpdateEvent
02-20 19:13:14.693 6467 6467 I [LiveEventBus]: observe sticky forever observer: com.jeremyliao.liveeventbus.core.LiveEventBusCore$ObserverWrapper@7146bf3(d.c.d.q.k @3394e62) with key: class com.lightcone.beautycam.viewmodel.event.EffectIntensityUpdateEvent
02-20 19:13:14.693 6467 6467 I [LiveEventBus]: observe forever observer: com.jeremyliao.liveeventbus.core.LiveEventBusCore$ObserverWrapper@9f28b29(d.c.d.q.f @d8830b0) with key: class com.lightcone.beautycam.viewmodel.event.ViewPortChangeEvent
02-20 19:13:14.693 6467 6847 D Camera2CameraImpl: {Camera@888415b[id=1]} Use cases [Preview:androidx.camera.core.Preview-eec902dc-1e05-4a82-afa6-7607d0a70935, ImageCapture:androidx.camera.core.ImageCapture-86067bd8-96ab-4ffe-b3fa- b64f897e0f3b] now ATTACHED
02-20 19:13:14.693 6467 6467 I [LiveEventBus]: broadcast: com.lightcone.beautycam.viewmodel.event.EffectIntensityUpdateEvent@d61eeae foreground: false with key: class com.lightcone.beautycam.viewmodel.event.EffectIntensityUpdateEvent
02-20 19:13:14.694 6467 6847 D UseCaseAttachState: All use case: [androidx.camera.core.Preview-eec902dc-1e05-4a82-afa6-7607d0a70935129281194, androidx.camera.core.ImageCapture-86067bd8-96ab-4ffe-b3fa-b64f897e0f3b168132763] for camera: 1
02-20 19:13:14.695 6467 6847 D Camera2CameraImpl: mMeteringRepeating is ATTACHED, SessionConfig Surfaces: 2, CaptureConfig Surfaces: 1
02-20 19:13:14.695 6467 6847 D UseCaseAttachState: Active and attached use case: [androidx.camera.core.Preview-eec902dc-1e05-4a82-afa6-7607d0a70935129281194, androidx.camera.core.ImageCapture-86067bd8-96ab-4ffe-b3fa-b64f897e0f3b168132763] for camera: 1
02-20 19:13:14.698 6467 6467 I [LiveEventBus]: broadcast: com.lightcone.beautycam.viewmodel.event.SelectedFilterGroupEvent@b6247ba foreground: false with key: class com.lightcone.beautycam.viewmodel.event.SelectedFilterGroupEvent
02-20 19:13:14.699 6467 6847 D Camera2CameraImpl: {Camera@888415b[id=1]} Resetting Capture Session
02-20 19:13:14.700 6467 6467 I [LiveEventBus]: broadcast: com.lightcone.beautycam.viewmodel.event.FilterIntensityUpdateEvent@e8f666b foreground: false with key: class com.lightcone.beautycam.viewmodel.event.FilterIntensityUpdateEvent
02-20 19:13:14.700 6467 6847 D Camera2CameraImpl: {Camera@888415b[id=1]} Releasing session in state INITIALIZED
02-20 19:13:14.702 6467 6847 D CameraStateRegistry: tryOpenCamera(Camera@888415b[id=1]) [Available Cameras: 1, Already Open: false (Previous state: null)] --> SUCCESS
02-20 19:13:14.702 6467 6847 D CameraStateRegistry: Recalculating open cameras:
02-20 19:13:14.702 6467 6847 D CameraStateRegistry: Camera State
02-20 19:13:14.702 6467 6847 D CameraStateRegistry: -------------------------------------------------------------------
02-20 19:13:14.702 6467 6847 D CameraStateRegistry: Camera@888415b[id=1] OPENING
02-20 19:13:14.702 6467 6847 D CameraStateRegistry: Camera@1a7f45e[id=0] UNKNOWN
02-20 19:13:14.702 6467 6847 D CameraStateRegistry: -------------------------------------------------------------------
02-20 19:13:14.702 6467 6847 D CameraStateRegistry: Open count: 1 (Max allowed: 1)
02-20 19:13:14.702 6467 6847 D Camera2CameraImpl: {Camera@888415b[id=1]} Transitioning camera internal state: INITIALIZED --> OPENING
02-20 19:13:14.703 6467 6659 D BufferQueueProducer: [SurfaceView[com.accarunit.beauty.camera.videocall/com.lightcone.beautycam.activity .MainActivity]@0#5(BLAST Consumer)5](id:194300000005,api:3,p:938,c:6467) waitForFreeSlotThenRelock TIMED_OUT 0 dequeuedCount=20, acquiredCount=2, mMaxAcquiredBufferCount=1, mMaxDequeuedBufferCount=21
02-20 19:13:14.703 6467 6847 D Camera2CameraImpl: {Camera@888415b[id=1]} Opening camera.
02-20 19:13:14.703 6467 6467 I [LiveEventBus]: broadcast: com.lightcone.beautycam.viewmodel.event.BeautyIntensityUpdateEvent@cef1674 foreground: false with key: class com.lightcone.beautycam.viewmodel.event.BeautyIntensityUpdateEvent
02-20 19:13:14.704 6467 6847 D UseCaseAttachState: All use case: [androidx.camera.core.Preview-eec902dc-1e05-4a82-afa6-7607d0a70935129281194, androidx.camera.core.ImageCapture-86067bd8-96ab-4ffe-b3fa-b64f897e0f3b168132763] for camera: 1
02-20 19:13:14.705 6467 6467 I [LiveEventBus]: broadcast: com.lightcone.beautycam.viewmodel.event.ShapeIntensityUpdateEvent@2d61412 foreground: false with key: class com.lightcone.beautycam.viewmodel.event.ShapeIntensityUpdateEvent
02-20 19:13:14.708 6467 6467 I [LiveEventBus]: post: com.lightcone.beautycam.viewmodel.event.SelectedShapeEvent@73037e3 with key: class com.lightcone.beautycam.viewmodel.event.SelectedShapeEvent
02-20 19:13:14.708 6467 6467 I [LiveEventBus]: message received: com.lightcone.beautycam.viewmodel.event.SelectedShapeEvent@73037e3
02-20 19:13:14.709 6467 6467 I [LiveEventBus]: broadcast: com.lightcone.beautycam.viewmodel.event.SelectedShapeEvent@be79099 foreground: false with key: class com.lightcone.beautycam.viewmodel.event.SelectedShapeEvent
02-20 19:13:14.711 6467 6467 I [LiveEventBus]: broadcast: com.lightcone.beautycam.viewmodel.event.ShapeModeUpdateEvent@efd5f5e foreground: false with key: class com.lightcone.beautycam.viewmodel.event.ShapeModeUpdateEvent
02-20 19:13:14.712 6467 6467 I ViewRootImpl@89cf70a[BeautyLooksActivity]: MSG_WINDOW_FOCUS_CHANGED 1 0
02-20 19:13:14.713 6467 6467 I ViewRootImpl@89cf70a[BeautyLooksActivity]: mThreadedRenderer.initializeIfNeeded()#2 mSurface={isValid=true 0xb40000716d09d000}
02-20 19:13:14.714 6467 6659 D BufferQueueProducer: [SurfaceView[com.accarunit.beauty.camera.videocall/com.lightcone.beautycam.activity .MainActivity]@0#5(BLAST Consumer)5](id:194300000005,api:3,p:938,c:6467) waitForFreeSlotThenRelock TIMED_OUT 0 dequeuedCount=19, acquiredCount=3, mMaxAcquiredBufferCount=1, mMaxDequeuedBufferCount=21
02-20 19:13:14.715 6467 6467 D InputMethodManager: startInputInner - Id : 0
02-20 19:13:14.715 6467 6467 I InputMethodManager: startInputInner - mService.startInputOrWindowGainedFocus
02-20 19:13:14.721 6467 6467 I [LiveEventBus]: post: com.lightcone.beautycam.viewmodel.event.BeautyIntensityUpdateEvent@5a46f3f with key: class com.lightcone.beautycam.viewmodel.event.BeautyIntensityUpdateEvent
02-20 19:13:14.721 6467 6467 I [LiveEventBus]: message received: com.lightcone.beautycam.viewmodel.event.BeautyIntensityUpdateEvent@5a46f3f
02-20 19:13:14.721 6467 6467 I [LiveEventBus]: message received: com.lightcone.beautycam.viewmodel.event.BeautyIntensityUpdateEvent@5a46f3f
02-20 19:13:14.724 6467 6467 I [LiveEventBus]: post: com.lightcone.beautycam.viewmodel.event.ShapeIntensityUpdateEvent@3179d55 with key: class com.lightcone.beautycam.viewmodel.event.ShapeIntensityUpdateEvent
02-20 19:13:14.724 6467 6467 I [LiveEventBus]: message received: com.lightcone.beautycam.viewmodel.event.ShapeIntensityUpdateEvent@3179d55
02-20 19:13:14.724 6467 6467 I [LiveEventBus]: message received: com.lightcone.beautycam.viewmodel.event.ShapeIntensityUpdateEvent@3179d55
02-20 19:13:14.725 6467 6659 D BufferQueueProducer: [SurfaceView[com.accarunit.beauty.camera.videocall/com.lightcone.beautycam.activity .MainActivity]@0#5(BLAST Consumer)5](id:194300000005,api:3,p:938,c:6467) waitForFreeSlotThenRelock TIMED_OUT 0 dequeuedCount=20, acquiredCount=2, mMaxAcquiredBufferCount=1, mMaxDequeuedBufferCount=21
02-20 19:13:14.725 6467 6467 I [LiveEventBus]: post: com.lightcone.beautycam.viewmodel.event.ShapeModeUpdateEvent@801b9d1 with key: class com.lightcone.beautycam.viewmodel.event.ShapeModeUpdateEvent
02-20 19:13:14.725 6467 6467 I [LiveEventBus]: message received: com.lightcone.beautycam.viewmodel.event.ShapeModeUpdateEvent@801b9d1
02-20 19:13:14.726 6467 6467 I ViewRootImpl@64221ef[MainActivity]: handleAppVisibility mAppVisible = true visible = false
02-20 19:13:14.727 6467 6467 I ViewRootImpl@64221ef[MainActivity]: stopped(true) old = false
02-20 19:13:14.727 6467 6467 I ViewRootImpl@64221ef[MainActivity]: WindowStopped on com.accarunit.beauty.camera.videocall/com.lightcone.beautycam.activity.MainActivity set to true
02-20 19:13:14.727 6467 6533 D SurfaceView@7d7c31d: windowPositionLost, frameNr = 0
02-20 19:13:14.728 6467 6533 I SurfaceView@7d7c31d: aOrMT: ViewRootImpl@64221ef[MainActivity] t = android.view.SurfaceControl$Transaction@fbf04a4 fN = 0 android.view.SurfaceView.-$ $Nest$mapplyOrMergeTransaction:0 android.view.SurfaceView$SurfaceViewPositionUpdateListener.positionLost:1568 android.graphics.RenderNode$CompositePositionUpdateListener.positionLost:380
02-20 19:13:14.728 6467 6533 I ViewRootImpl@64221ef[MainActivity]: mWNT: t=0xb4000070d7e8ed00 mBlastBufferQueue=0xb4000070d7ccad80 fn= 0 caller= android.view.SurfaceView.applyOrMergeTransaction:1455 android.view.SurfaceView.-$ $Nest$mapplyOrMergeTransaction:0 android.view.SurfaceView$SurfaceViewPositionUpdateListener.positionLost:1568
02-20 19:13:14.729 6467 6467 I SurfaceView@7d7c31d: windowStopped(true) false android.view.SurfaceView{7d7c31d V.E...... ........ 0,0-720,819 #7f09027d app:id/surface_view} of ViewRootImpl@64221ef[MainActivity]
02-20 19:13:14.730 6467 6467 I SurfaceView@7d7c31d: Changes: creating=false format=false size=false visible=true alpha=false hint=false mUseAlpha=false visible=true left=false top=false
02-20 19:13:14.730 6467 6467 I SurfaceView@7d7c31d: 131580701 Cur surface: Surface(name=null)/@0x769fb05
02-20 19:13:14.730 6467 6467 I SurfaceView@7d7c31d: applyTransactionOnVriDraw: vri = ViewRootImpl@64221ef[MainActivity] fRS = false t = 0xb4000070d7e8e900 android.view.SurfaceView.performSurfaceTransaction:959 android.view.SurfaceView.updateSurface:1105 android.view.SurfaceView.setWindowStopped:335
02-20 19:13:14.731 6467 6467 I ViewRootImpl@64221ef[MainActivity]: applyTransactionOnDraw: mRemoved = false isHardwareEnabled = true t = 0xb4000070d7e8e900android.view.SurfaceView.applyTransactionOnVriDraw:2048 android.view.SurfaceView.performSurfaceTransaction:959 android.view.SurfaceView.updateSurface:1105 android.view.SurfaceView.setWindowStopped:335 android.view.SurfaceView.surfaceDestroyed:1863
02-20 19:13:14.731 6467 6467 I SurfaceView@7d7c31d: surfaceDestroyed
02-20 19:13:14.731 6467 6467 I SurfaceView@7d7c31d: surfaceDestroyed callback.size 1 #1 android.view.SurfaceView{7d7c31d V.E...... ........ 0,0-720,819 #7f09027d app:id/surface_view}
02-20 19:13:14.731 6467 6467 V MediaPlayer-JNI: stop
02-20 19:13:14.731 6467 6467 V MediaPlayerNative: stop
02-20 19:13:14.732 6467 6467 V MediaPlayer: resetDrmState: mDrmInfo=null mDrmProvisioningThread=null mPrepareDrmInProgress=false mActiveDrmScheme=false
02-20 19:13:14.732 6467 6467 V MediaPlayer: cleanDrmObj: mDrmObj=null mDrmSessionId=null
02-20 19:13:14.732 6467 6467 V MediaPlayer-JNI: release
02-20 19:13:14.732 6467 6467 V MediaPlayerNative: setListener
02-20 19:13:14.732 6467 6467 V MediaPlayerNative: disconnect
02-20 19:13:14.734 6467 6659 V MediaPlayerNative: message received msg=8, ext1=0, ext2=0
02-20 19:13:14.734 6467 6659 V MediaPlayerNative: notify(8, 0, 0) callback on disconnected mediaplayer
02-20 19:13:14.736 6467 6740 D BufferQueueProducer: [SurfaceView[com.accarunit.beauty.camera.videocall/com.lightcone.beautycam.activity .MainActivity]@0#5(BLAST Consumer)5](id:194300000005,api:3,p:938,c:6467) waitForFreeSlotThenRelock TIMED_OUT 0 dequeuedCount=20, acquiredCount=2, mMaxAcquiredBufferCount=1, mMaxDequeuedBufferCount=21
02-20 19:13:14.741 6467 6845 E IMGSRV : :4697: IsTextureConsistent: IMGEGLImage is not consistent
02-20 19:13:14.774 6467 6659 I CameraManagerGlobal: postSingleUpdate device: camera id 1 status STATUS_NOT_AVAILABLE
02-20 19:13:14.775 6467 6659 I CameraManagerGlobal: postSingleUpdate device: camera id 1 status STATUS_NOT_AVAILABLE
02-20 19:13:14.775 6467 6864 W BufferQueueProducer: [SurfaceView[com.accarunit.beauty.camera.videocall/com.lightcone.beautycam.activity .MainActivity]@0#5(BLAST Consumer)5](id:194300000005,api:3,p:938,c:6467) detachBuffer: slot 2 is not owned by the producer (state = FREE)
02-20 19:13:14.777 6467 6864 W BufferQueueProducer: [SurfaceView[com.accarunit.beauty.camera.videocall/com.lightcone.beautycam.activity .MainActivity]@0#5(BLAST Consumer)5](id:194300000005,api:3,p:938,c:6467) detachBuffer: slot 4 is not owned by the producer (state = FREE)
02-20 19:13:14.777 6467 6864 W BufferQueueProducer: [SurfaceView[com.accarunit.beauty.camera.videocall/com.lightcone.beautycam.activity .MainActivity]@0#5(BLAST Consumer)5](id:194300000005,api:3,p:938,c:6467) detachBuffer: slot 5 is not owned by the producer (state = FREE)
02-20 19:13:14.778 6467 6864 W BufferQueueProducer: [SurfaceView[com.accarunit.beauty.camera.videocall/com.lightcone.beautycam.activity .MainActivity]@0#5(BLAST Consumer)5](id:194300000005,api:3,p:938,c:6467) detachBuffer: slot 6 is not owned by the producer (state = FREE)
02-20 19:13:14.783 6467 6864 W BufferQueueProducer: [SurfaceView[com.accarunit.beauty.camera.videocall/com.lightcone.beautycam.activity .MainActivity]@0#5(BLAST Consumer)5](id:194300000005,api:3,p:938,c:6467) detachBuffer: slot 10 is not owned by the producer (state = FREE)
02-20 19:13:14.785 6467 6864 W BufferQueueProducer: [SurfaceView[com.accarunit.beauty.camera.videocall/com.lightcone.beautycam.activity .MainActivity]@0#5(BLAST Consumer)5](id:194300000005,api:3,p:938,c:6467) detachBuffer: slot 12 is not owned by the producer (state = FREE)
02-20 19:13:14.789 6467 6659 W BufferQueueProducer: [SurfaceView[com.accarunit.beauty.camera.videocall/com.lightcone.beautycam.activity .MainActivity]@0#5(BLAST Consumer)5](id:194300000005,api:3,p:938,c:6467) detachBuffer: slot 17 is not owned by the producer (state = FREE)
02-20 19:13:14.793 6467 6659 W BufferQueueProducer: [SurfaceView[com.accarunit.beauty.camera.videocall/com.lightcone.beautycam.activity .MainActivity]@0#5(BLAST Consumer)5](id:194300000005,api:3,p:938,c:6467) detachBuffer: slot 21 is not owned by the producer (state = ACQUIRED)
02-20 19:13:14.793 6467 6659 W BufferQueueProducer: [SurfaceView[com.accarunit.beauty.camera.videocall/com.lightcone.beautycam.activity .MainActivity]@0#5(BLAST Consumer)5](id:194300000005,api:3,p:938,c:6467) detachBuffer: slot 22 is not owned by the producer (state = FREE)
02-20 19:13:14.793 6467 6659 W BufferQueueProducer: [SurfaceView[com.accarunit.beauty.camera.videocall/com.lightcone.beautycam.activity .MainActivity]@0#5(BLAST Consumer)5](id:194300000005,api:3,p:938,c:6467) detachBuffer: slot 23 is not owned by the producer (state = FREE)
02-20 19:13:14.794 6467 6659 W BufferQueueProducer: [SurfaceView[com.accarunit.beauty.camera.videocall/com.lightcone.beautycam.activity .MainActivity]@0#5(BLAST Consumer)5](id:194300000005,api:3,p:938,c:6467) detachBuffer: slot 24 is not owned by the producer (state = FREE)
02-20 19:13:14.794 6467 6659 W BufferQueueProducer: [SurfaceView[com.accarunit.beauty.camera.videocall/com.lightcone.beautycam.activity .MainActivity]@0#5(BLAST Consumer)5](id:194300000005,api:3,p:938,c:6467) detachBuffer: slot 25 is not owned by the producer (state = FREE)
02-20 19:13:14.794 6467 6659 W BufferQueueProducer: [SurfaceView[com.accarunit.beauty.camera.videocall/com.lightcone.beautycam.activity .MainActivity]@0#5(BLAST Consumer)5](id:194300000005,api:3,p:938,c:6467) detachBuffer: slot 26 is not owned by the producer (state = FREE)
02-20 19:13:14.795 6467 6659 W BufferQueueProducer: [SurfaceView[com.accarunit.beauty.camera.videocall/com.lightcone.beautycam.activity .MainActivity]@0#5(BLAST Consumer)5](id:194300000005,api:3,p:938,c:6467) detachBuffer: slot 27 is not owned by the producer (state = FREE)
02-20 19:13:14.795 6467 6659 W BufferQueueProducer: [SurfaceView[com.accarunit.beauty.camera.videocall/com.lightcone.beautycam.activity .MainActivity]@0#5(BLAST Consumer)5](id:194300000005,api:3,p:938,c:6467) detachBuffer: slot 28 is not owned by the producer (state = FREE)
02-20 19:13:14.795 6467 6659 W BufferQueueProducer: [SurfaceView[com.accarunit.beauty.camera.videocall/com.lightcone.beautycam.activity .MainActivity]@0#5(BLAST Consumer)5](id:194300000005,api:3,p:938,c:6467) detachBuffer: slot 29 is not owned by the producer (state = FREE)
02-20 19:13:14.796 6467 6659 W BufferQueueProducer: [SurfaceView[com.accarunit.beauty.camera.videocall/com.lightcone.beautycam.activity .MainActivity]@0#5(BLAST Consumer)5](id:194300000005,api:3,p:938,c:6467) detachBuffer: slot 30 is not owned by the producer (state = FREE)
02-20 19:13:14.796 6467 6659 W BufferQueueProducer: [SurfaceView[com.accarunit.beauty.camera.videocall/com.lightcone.beautycam.activity .MainActivity]@0#5(BLAST Consumer)5](id:194300000005,api:3,p:938,c:6467) detachBuffer: slot 31 is not owned by the producer (state = FREE)
02-20 19:13:14.796 6467 6659 W BufferQueueProducer: [SurfaceView[com.accarunit.beauty.camera.videocall/com.lightcone.beautycam.activity .MainActivity]@0#5(BLAST Consumer)5](id:194300000005,api:3,p:938,c:6467) detachBuffer: slot 32 is not owned by the producer (state = FREE)
02-20 19:13:14.797 6467 6659 W BufferQueueProducer: [SurfaceView[com.accarunit.beauty.camera.videocall/com.lightcone.beautycam.activity .MainActivity]@0#5(BLAST Consumer)5](id:194300000005,api:3,p:938,c:6467) detachBuffer: slot 33 is not owned by the producer (state = FREE)
02-20 19:13:14.798 6467 6659 W BufferQueueProducer: [SurfaceView[com.accarunit.beauty.camera.videocall/com.lightcone.beautycam.activity .MainActivity]@0#5(BLAST Consumer)5](id:194300000005,api:3,p:938,c:6467) detachBuffer: slot 34 is not owned by the producer (state = FREE)
02-20 19:13:14.798 6467 6659 W BufferQueueProducer: [SurfaceView[com.accarunit.beauty.camera.videocall/com.lightcone.beautycam.activity .MainActivity]@0#5(BLAST Consumer)5](id:194300000005,api:3,p:938,c:6467) detachBuffer: slot 35 is not owned by the producer (state = FREE)
02-20 19:13:14.798 6467 6659 W BufferQueueProducer: [SurfaceView[com.accarunit.beauty.camera.videocall/com.lightcone.beautycam.activity .MainActivity]@0#5(BLAST Consumer)5](id:194300000005,api:3,p:938,c:6467) detachBuffer: slot 36 is not owned by the producer (state = FREE)
02-20 19:13:14.799 6467 6659 W BufferQueueProducer: [SurfaceView[com.accarunit.beauty.camera.videocall/com.lightcone.beautycam.activity .MainActivity]@0#5(BLAST Consumer)5](id:194300000005,api:3,p:938,c:6467) detachBuffer: slot 37 is not owned by the producer (state = FREE)
02-20 19:13:14.799 6467 6659 W BufferQueueProducer: [SurfaceView[com.accarunit.beauty.camera.videocall/com.lightcone.beautycam.activity .MainActivity]@0#5(BLAST Consumer)5](id:194300000005,api:3,p:938,c:6467) detachBuffer: slot 38 is not owned by the producer (state = FREE)
02-20 19:13:14.800 6467 6659 W BufferQueueProducer: [SurfaceView[com.accarunit.beauty.camera.videocall/com.lightcone.beautycam.activity .MainActivity]@0#5(BLAST Consumer)5](id:194300000005,api:3,p:938,c:6467) detachBuffer: slot 39 is not owned by the producer (state = FREE)
02-20 19:13:14.800 6467 6659 W BufferQueueProducer: [SurfaceView[com.accarunit.beauty.camera.videocall/com.lightcone.beautycam.activity .MainActivity]@0#5(BLAST Consumer)5](id:194300000005,api:3,p:938,c:6467) detachBuffer: slot 40 is not owned by the producer (state = FREE)
02-20 19:13:14.800 6467 6864 W BufferQueueProducer: [SurfaceView[com.accarunit.beauty.camera.videocall/com.lightcone.beautycam.activity .MainActivity]@0#5(BLAST Consumer)5](id:194300000005,api:3,p:938,c:6467) detachBuffer: slot 41 is not owned by the producer (state = FREE)
02-20 19:13:14.801 6467 6659 W BufferQueueProducer: [SurfaceView[com.accarunit.beauty.camera.videocall/com.lightcone.beautycam.activity .MainActivity]@0#5(BLAST Consumer)5](id:194300000005,api:3,p:938,c:6467) detachBuffer: slot 42 is not owned by the producer (state = FREE)
02-20 19:13:14.801 6467 6864 W BufferQueueProducer: [SurfaceView[com.accarunit.beauty.camera.videocall/com.lightcone.beautycam.activity .MainActivity]@0#5(BLAST Consumer)5](id:194300000005,api:3,p:938,c:6467) detachBuffer: slot 43 is not owned by the producer (state = FREE)
02-20 19:13:14.801 6467 6864 W BufferQueueProducer: [SurfaceView[com.accarunit.beauty.camera.videocall/com.lightcone.beautycam.activity .MainActivity]@0#5(BLAST Consumer)5](id:194300000005,api:3,p:938,c:6467) detachBuffer: slot 44 is not owned by the producer (state = FREE)
02-20 19:13:14.802 6467 6864 W BufferQueueProducer: [SurfaceView[com.accarunit.beauty.camera.videocall/com.lightcone.beautycam.activity .MainActivity]@0#5(BLAST Consumer)5](id:194300000005,api:3,p:938,c:6467) detachBuffer: slot 45 is not owned by the producer (state = FREE)
02-20 19:13:14.802 6467 6864 W BufferQueueProducer: [SurfaceView[com.accarunit.beauty.camera.videocall/com.lightcone.beautycam.activity .MainActivity]@0#5(BLAST Consumer)5](id:194300000005,api:3,p:938,c:6467) detachBuffer: slot 46 is not owned by the producer (state = FREE)
02-20 19:13:14.803 6467 6864 W BufferQueueProducer: [SurfaceView[com.accarunit.beauty.camera.videocall/com.lightcone.beautycam.activity .MainActivity]@0#5(BLAST Consumer)5](id:194300000005,api:3,p:938,c:6467) detachBuffer: slot 47 is not owned by the producer (state = FREE)
02-20 19:13:14.803 6467 6864 W BufferQueueProducer: [SurfaceView[com.accarunit.beauty.camera.videocall/com.lightcone.beautycam.activity .MainActivity]@0#5(BLAST Consumer)5](id:194300000005,api:3,p:938,c:6467) detachBuffer: slot 48 is not owned by the producer (state = FREE)
02-20 19:13:14.804 6467 6864 W BufferQueueProducer: [SurfaceView[com.accarunit.beauty.camera.videocall/com.lightcone.beautycam.activity .MainActivity]@0#5(BLAST Consumer)5](id:194300000005,api:3,p:938,c:6467) detachBuffer: slot 49 is not owned by the producer (state = FREE)
02-20 19:13:14.804 6467 6864 W BufferQueueProducer: [SurfaceView[com.accarunit.beauty.camera.videocall/com.lightcone.beautycam.activity .MainActivity]@0#5(BLAST Consumer)5](id:194300000005,api:3,p:938,c:6467) detachBuffer: slot 50 is not owned by the producer (state = FREE)
02-20 19:13:14.805 6467 6864 W BufferQueueProducer: [SurfaceView[com.accarunit.beauty.camera.videocall/com.lightcone.beautycam.activity .MainActivity]@0#5(BLAST Consumer)5](id:194300000005,api:3,p:938,c:6467) detachBuffer: slot 51 is not owned by the producer (state = FREE)
02-20 19:13:14.805 6467 6864 W BufferQueueProducer: [SurfaceView[com.accarunit.beauty.camera.videocall/com.lightcone.beautycam.activity .MainActivity]@0#5(BLAST Consumer)5](id:194300000005,api:3,p:938,c:6467) detachBuffer: slot 52 is not owned by the producer (state = FREE)
02-20 19:13:14.805 6467 6864 W BufferQueueProducer: [SurfaceView[com.accarunit.beauty.camera.videocall/com.lightcone.beautycam.activity .MainActivity]@0#5(BLAST Consumer)5](id:194300000005,api:3,p:938,c:6467) detachBuffer: slot 53 is not owned by the producer (state = FREE)
02-20 19:13:14.806 6467 6864 W BufferQueueProducer: [SurfaceView[com.accarunit.beauty.camera.videocall/com.lightcone.beautycam.activity .MainActivity]@0#5(BLAST Consumer)5](id:194300000005,api:3,p:938,c:6467) detachBuffer: slot 54 is not owned by the producer (state = FREE)
02-20 19:13:14.806 6467 6864 W BufferQueueProducer: [SurfaceView[com.accarunit.beauty.camera.videocall/com.lightcone.beautycam.activity .MainActivity]@0#5(BLAST Consumer)5](id:194300000005,api:3,p:938,c:6467) detachBuffer: slot 55 is not owned by the producer (state = FREE)
02-20 19:13:14.807 6467 6864 W BufferQueueProducer: [SurfaceView[com.accarunit.beauty.camera.videocall/com.lightcone.beautycam.activity .MainActivity]@0#5(BLAST Consumer)5](id:194300000005,api:3,p:938,c:6467) detachBuffer: slot 56 is not owned by the producer (state = FREE)
02-20 19:13:14.807 6467 6864 W BufferQueueProducer: [SurfaceView[com.accarunit.beauty.camera.videocall/com.lightcone.beautycam.activity .MainActivity]@0#5(BLAST Consumer)5](id:194300000005,api:3,p:938,c:6467) detachBuffer: slot 57 is not owned by the producer (state = FREE)
02-20 19:13:14.807 6467 6864 W BufferQueueProducer: [SurfaceView[com.accarunit.beauty.camera.videocall/com.lightcone.beautycam.activity .MainActivity]@0#5(BLAST Consumer)5](id:194300000005,api:3,p:938,c:6467) detachBuffer: slot 58 is not owned by the producer (state = FREE)
02-20 19:13:14.808 6467 6864 W BufferQueueProducer: [SurfaceView[com.accarunit.beauty.camera.videocall/com.lightcone.beautycam.activity .MainActivity]@0#5(BLAST Consumer)5](id:194300000005,api:3,p:938,c:6467) detachBuffer: slot 59 is not owned by the producer (state = FREE)
02-20 19:13:14.808 6467 6864 W BufferQueueProducer: [SurfaceView[com.accarunit.beauty.camera.videocall/com.lightcone.beautycam.activity .MainActivity]@0#5(BLAST Consumer)5](id:194300000005,api:3,p:938,c:6467) detachBuffer: slot 60 is not owned by the producer (state = FREE)
02-20 19:13:14.808 6467 6864 W BufferQueueProducer: [SurfaceView[com.accarunit.beauty.camera.videocall/com.lightcone.beautycam.activity .MainActivity]@0#5(BLAST Consumer)5](id:194300000005,api:3,p:938,c:6467) detachBuffer: slot 61 is not owned by the producer (state = FREE)
02-20 19:13:14.809 6467 6864 W BufferQueueProducer: [SurfaceView[com.accarunit.beauty.camera.videocall/com.lightcone.beautycam.activity .MainActivity]@0#5(BLAST Consumer)5](id:194300000005,api:3,p:938,c:6467) detachBuffer: slot 62 is not owned by the producer (state = FREE)
02-20 19:13:14.809 6467 6864 W BufferQueueProducer: [SurfaceView[com.accarunit.beauty.camera.videocall/com.lightcone.beautycam.activity .MainActivity]@0#5(BLAST Consumer)5](id:194300000005,api:3,p:938,c:6467) detachBuffer: slot 63 is not owned by the producer (state = FREE)
02-20 19:13:14.813 6467 6864 D BufferQueueProducer: [SurfaceView[com.accarunit.beauty.camera.videocall/com.lightcone.beautycam.activity .MainActivity]@0#5(BLAST Consumer)5](id:194300000005,api:3,p:938,c:6467) disconnect: api 3
02-20 19:13:14.814 6467 6659 E BufferQueueProducer: [SurfaceView[com.accarunit.beauty.camera.videocall/com.lightcone.beautycam.activity .MainActivity]@0#5(BLAST Consumer)5](id:194300000005,api:0,p:-1,c:6467) cancelBuffer: BufferQueue has no connected producer
02-20 19:13:14.815 6467 6659 E BufferQueueProducer: [SurfaceView[com.accarunit.beauty.camera.videocall/com.lightcone.beautycam.activity .MainActivity]@0#5(BLAST Consumer)5](id:194300000005,api:0,p:-1,c:6467) cancelBuffer: BufferQueue has no connected producer
02-20 19:13:14.816 6467 6659 E BufferQueueProducer: [SurfaceView[com.accarunit.beauty.camera.videocall/com.lightcone.beautycam.activity .MainActivity]@0#5(BLAST Consumer)5](id:194300000005,api:0,p:-1,c:6467) cancelBuffer: BufferQueue has no connected producer
02-20 19:13:14.816 6467 6659 E BufferQueueProducer: [SurfaceView[com.accarunit.beauty.camera.videocall/com.lightcone.beautycam.activity .MainActivity]@0#5(BLAST Consumer)5](id:194300000005,api:0,p:-1,c:6467) cancelBuffer: BufferQueue has no connected producer
02-20 19:13:14.817 6467 6659 E BufferQueueProducer: [SurfaceView[com.accarunit.beauty.camera.videocall/com.lightcone.beautycam.activity .MainActivity]@0#5(BLAST Consumer)5](id:194300000005,api:0,p:-1,c:6467) cancelBuffer: BufferQueue has no connected producer
02-20 19:13:14.818 6467 6659 E BufferQueueProducer: [SurfaceView[com.accarunit.beauty.camera.videocall/com.lightcone.beautycam.activity .MainActivity]@0#5(BLAST Consumer)5](id:194300000005,api:0,p:-1,c:6467) cancelBuffer: BufferQueue has no connected producer
02-20 19:13:14.818 6467 6659 E BufferQueueProducer: [SurfaceView[com.accarunit.beauty.camera.videocall/com.lightcone.beautycam.activity .MainActivity]@0#5(BLAST Consumer)5](id:194300000005,api:0,p:-1,c:6467) cancelBuffer: BufferQueue has no connected producer
02-20 19:13:14.819 6467 6659 E BufferQueueProducer: [SurfaceView[com.accarunit.beauty.camera.videocall/com.lightcone.beautycam.activity .MainActivity]@0#5(BLAST Consumer)5](id:194300000005,api:0,p:-1,c:6467) cancelBuffer: BufferQueue has no connected producer
02-20 19:13:14.820 6467 6659 E BufferQueueProducer: [SurfaceView[com.accarunit.beauty.camera.videocall/com.lightcone.beautycam.activity .MainActivity]@0#5(BLAST Consumer)5](id:194300000005,api:0,p:-1,c:6467) cancelBuffer: BufferQueue has no connected producer
02-20 19:13:14.820 6467 6659 E BufferQueueProducer: [SurfaceView[com.accarunit.beauty.camera.videocall/com.lightcone.beautycam.activity .MainActivity]@0#5(BLAST Consumer)5](id:194300000005,api:0,p:-1,c:6467) cancelBuffer: BufferQueue has no connected producer
02-20 19:13:14.821 6467 6864 E BufferQueueProducer: [SurfaceView[com.accarunit.beauty.camera.videocall/com.lightcone.beautycam.activity .MainActivity]@0#5(BLAST Consumer)5](id:194300000005,api:0,p:-1,c:6467) cancelBuffer: BufferQueue has no connected producer
02-20 19:13:14.821 6467 6864 E BufferQueueProducer: [SurfaceView[com.accarunit.beauty.camera.videocall/com.lightcone.beautycam.activity .MainActivity]@0#5(BLAST Consumer)5](id:194300000005,api:0,p:-1,c:6467) cancelBuffer: BufferQueue has no connected producer
02-20 19:13:14.822 6467 6864 E BufferQueueProducer: [SurfaceView[com.accarunit.beauty.camera.videocall/com.lightcone.beautycam.activity .MainActivity]@0#5(BLAST Consumer)5](id:194300000005,api:0,p:-1,c:6467) cancelBuffer: BufferQueue has no connected producer
02-20 19:13:14.823 6467 6659 E BufferQueueProducer: [SurfaceView[com.accarunit.beauty.camera.videocall/com.lightcone.beautycam.activity .MainActivity]@0#5(BLAST Consumer)5](id:194300000005,api:0,p:-1,c:6467) cancelBuffer: BufferQueue has no connected producer
02-20 19:13:14.823 6467 6864 D BufferQueueProducer: [SurfaceView[com.accarunit.beauty.camera.videocall/com.lightcone.beautycam.activity .MainActivity]@0#5(BLAST Consumer)5](id:194300000005,api:3,p:938,c:6467) connect: api=3 producerControlledByApp=true
02-20 19:13:14.832 6467 6467 D BufferQueueProducer: [SurfaceView[com.accarunit.beauty.camera.videocall/com.lightcone.beautycam.activity .MainActivity]@0#5(BLAST Consumer)5](id:194300000005,api:3,p:938,c:6467) disconnect: api 3
02-20 19:13:14.833 6467 6467 V MediaPlayerNative: destructor
02-20 19:13:14.834 6467 6467 V MediaPlayerNative: disconnect
02-20 19:13:14.834 6467 6467 D BufferQueueProducer: [SurfaceView[com.accarunit.beauty.camera.videocall/com.lightcone.beautycam.activity .MainActivity]@0#5(BLAST Consumer)5](id:194300000005,api:0,p:-1,c:6467) disconnect: api -1
02-20 19:13:14.834 6467 6467 I SurfaceView@7d7c31d: updateSurface: mVisible = false mSurface.isValid() = true
02-20 19:13:14.834 6467 6467 D BLASTBufferQueue: [SurfaceView[com.accarunit.beauty.camera.videocall/com.lightcone.beautycam.activity .MainActivity]@0#5](f:0,a:1) destructor()
02-20 19:13:14.834 6467 6467 D BufferQueueConsumer: [SurfaceView[com.accarunit.beauty.camera.videocall/com.lightcone.beautycam.activity .MainActivity]@0#5(BLAST Consumer)5](id:194300000005,api:0,p:-1,c:6467) disconnect
02-20 19:13:14.835 6467 6467 I SurfaceView@7d7c31d: releaseSurfaces: viewRoot = ViewRootImpl@64221ef[MainActivity]
02-20 19:13:14.836 6467 6467 I SurfaceView@7d7c31d: applyTransactionOnVriDraw: vri = ViewRootImpl@64221ef[MainActivity] fRS = true t = 0xb4000070deedbf00 android.view.SurfaceView.releaseSurfaces:858 android.view.SurfaceView.updateSurface:1172 android.view.SurfaceView.setWindowStopped:335
02-20 19:13:14.836 6467 6467 I SurfaceView@7d7c31d: applyTransactionOnVriDraw: viewRoot.applyTransactionOnDrawFromReleaseSurfaces
02-20 19:13:14.836 6467 6467 I ViewRootImpl@64221ef[MainActivity]: from releaseSurfaces t.apply t = 0xb4000070deedbf00
02-20 19:13:14.836 6467 6467 V SurfaceView@7d7c31d: Layout: x=0 y=0 w=720 h=819, frame=Rect(0, 0 - 720, 819)
02-20 19:13:14.841 6467 6467 I MSHandlerLifeCycle: removeMultiSplitHandler: no exist. decor=DecorView@ccf8f37[MainActivity]
02-20 19:13:14.882 6467 6467 I SurfaceView@7d7c31d: onWindowVisibilityChanged(8) false android.view.SurfaceView{7d7c31d V.E...... ........ 0,0-720,819 #7f09027d app:id/surface_view} of ViewRootImpl@64221ef[MainActivity]
02-20 19:13:14.882 6467 6560 I ViewRootImpl@89cf70a[BeautyLooksActivity]: mWNT: t=0xb4000070e0650b00 mBlastBufferQueue=0xb40000716d035480 fn= 4 caller= android.view.SyncRtSurfaceTransactionApplier.applyTransaction:96 android.view.SyncRtSurfaceTransactionApplier.lambda$scheduleApply$0$android-view- SyncRtSurfaceTransactionApplier:69 android.view.SyncRtSurfaceTransactionApplier$ $ExternalSyntheticLambda0.onFrameDraw:4
02-20 19:13:14.882 6467 6467 D SurfaceView@7d7c31d: updateSurface: surface is not valid
02-20 19:13:14.882 6467 6467 I SurfaceView@7d7c31d: releaseSurfaces: viewRoot = ViewRootImpl@64221ef[MainActivity]
02-20 19:13:14.883 6467 6467 I SurfaceView@7d7c31d: applyTransactionOnVriDraw: vri = ViewRootImpl@64221ef[MainActivity] fRS = true t = 0xb4000070d81d7000 android.view.SurfaceView.releaseSurfaces:858 android.view.SurfaceView.updateSurface:998 android.view.SurfaceView.onWindowVisibilityChanged:371
02-20 19:13:14.883 6467 6467 I SurfaceView@7d7c31d: applyTransactionOnVriDraw: viewRoot.applyTransactionOnDrawFromReleaseSurfaces
02-20 19:13:14.883 6467 6467 I ViewRootImpl@64221ef[MainActivity]: from releaseSurfaces t.apply t = 0xb4000070d81d7000
02-20 19:13:14.888 6467 6867 W libc : Access denied finding property "ro.mediatek.platform"
02-20 19:13:14.888 6467 6867 W libc : Access denied finding property "ro.chipname"
02-20 19:13:14.908 6467 6533 E IMGMapper: set:488 set: Unset optional value from type SMPTE2086
02-20 19:13:14.908 6467 6533 E IMGMapper: set:488 set: Unset optional value from type CTA861_3
02-20 19:13:14.911 6467 6533 D OpenGLRenderer: setSurface called with nullptr
02-20 19:13:14.911 6467 6533 D OpenGLRenderer: setSurface() destroyed EGLSurface
02-20 19:13:14.911 6467 6533 D OpenGLRenderer: destroyEglSurface
02-20 19:13:14.912 6467 6533 D BufferQueueProducer: [ViewRootImpl@64221ef[MainActivity]#4(BLAST Consumer)4] (id:194300000004,api:1,p:6467,c:6467) disconnect: api 1
02-20 19:13:14.915 6467 6533 D BLASTBufferQueue: [ViewRootImpl@64221ef[MainActivity]#4](f:0,a:1) destructor()
02-20 19:13:14.915 6467 6533 D BufferQueueConsumer: [ViewRootImpl@64221ef[MainActivity]#4(BLAST Consumer)4](id:194300000004,api:0,p:- 1,c:6467) disconnect
02-20 19:13:14.918 6467 6467 I ViewRootImpl@64221ef[MainActivity]: performTraversals mFirst=false windowShouldResize=false viewVisibilityChanged=true mForceNextWindowRelayout=false params={(0,0)(fillxfill) sim={adjust=pan forwardNavigation} ty=BASE_APPLICATION fmt=TRANSLUCENT wanim=0x1030309
02-20 19:13:14.918 6467 6467 I ViewRootImpl@64221ef[MainActivity]: fl=81810100
02-20 19:13:14.918 6467 6467 I ViewRootImpl@64221ef[MainActivity]: pfl=1a020040
02-20 19:13:14.918 6467 6467 I ViewRootImpl@64221ef[MainActivity]: vsysui=3502
02-20 19:13:14.918 6467 6467 I ViewRootImpl@64221ef[MainActivity]: apr=LIGHT_STATUS_BARS
02-20 19:13:14.918 6467 6467 I ViewRootImpl@64221ef[MainActivity]: bhv=SHOW_TRANSIENT_BARS_BY_SWIPE
02-20 19:13:14.918 6467 6467 I ViewRootImpl@64221ef[MainActivity]: fitSides= naviIconColor=0
02-20 19:13:14.918 6467 6467 I ViewRootImpl@64221ef[MainActivity]: sfl=100000}
02-20 19:13:14.928 6467 6467 I ViewRootImpl@64221ef[MainActivity]: Relayout returned: old=(0,0,720,1600) new=(0,0,720,1600) req=(720,1600)8 dur=10 res=0x2 s={false 0x0} ch=false seqId=0
02-20 19:13:14.929 6467 6467 D SurfaceView@7d7c31d: updateSurface: surface is not valid
02-20 19:13:14.929 6467 6467 I SurfaceView@7d7c31d: releaseSurfaces: viewRoot = ViewRootImpl@64221ef[MainActivity]
02-20 19:13:14.929 6467 6467 I SurfaceView@7d7c31d: applyTransactionOnVriDraw: vri = ViewRootImpl@64221ef[MainActivity] fRS = true t = 0xb4000070d81d7900 android.view.SurfaceView.releaseSurfaces:858 android.view.SurfaceView.updateSurface:998 android.view.SurfaceView.lambda$new$0$android-view-SurfaceView:200
02-20 19:13:14.929 6467 6467 I SurfaceView@7d7c31d: applyTransactionOnVriDraw: viewRoot.applyTransactionOnDrawFromReleaseSurfaces
02-20 19:13:14.929 6467 6467 I ViewRootImpl@64221ef[MainActivity]: from releaseSurfaces t.apply t = 0xb4000070d81d7900
02-20 19:13:14.933 6467 6857 D CameraXController: camerax size=1280x720
02-20 19:13:14.936 6467 6467 I [LiveEventBus]: post: com.lightcone.beautycam.viewmodel.event.EffectIntensityUpdateEvent@a2fe4be with key: class com.lightcone.beautycam.viewmodel.event.EffectIntensityUpdateEvent
02-20 19:13:14.936 6467 6467 I [LiveEventBus]: message received: com.lightcone.beautycam.viewmodel.event.EffectIntensityUpdateEvent@a2fe4be
02-20 19:13:14.937 6467 6467 I [LiveEventBus]: message received: com.lightcone.beautycam.viewmodel.event.EffectIntensityUpdateEvent@a2fe4be
02-20 19:13:14.938 6467 6467 I [LiveEventBus]: post: com.lightcone.beautycam.viewmodel.event.SelectedFilterGroupEvent@d57346c with key: class com.lightcone.beautycam.viewmodel.event.SelectedFilterGroupEvent
02-20 19:13:14.939 6467 6467 I [LiveEventBus]: post: com.lightcone.beautycam.viewmodel.event.FilterIntensityUpdateEvent@8e7883b with key: class com.lightcone.beautycam.viewmodel.event.FilterIntensityUpdateEvent
02-20 19:13:14.939 6467 6467 I [LiveEventBus]: message received: com.lightcone.beautycam.viewmodel.event.FilterIntensityUpdateEvent@8e7883b
02-20 19:13:14.940 6467 6467 I [LiveEventBus]: message received: com.lightcone.beautycam.viewmodel.event.FilterIntensityUpdateEvent@8e7883b
02-20 19:13:14.941 6467 6467 I [LiveEventBus]: post: com.lightcone.beautycam.viewmodel.event.BeautyIntensityUpdateEvent@e1c74b1 with key: class com.lightcone.beautycam.viewmodel.event.BeautyIntensityUpdateEvent
02-20 19:13:14.941 6467 6467 I [LiveEventBus]: message received: com.lightcone.beautycam.viewmodel.event.BeautyIntensityUpdateEvent@e1c74b1
