02-20 19:14:40.927 7283 7283 I ViewRootImpl@5e7fbac[Main]: apr=LIGHT_NAVIGATION_BARS
02-20 19:14:40.927 7283 7283 I ViewRootImpl@5e7fbac[Main]: bhv=DEFAULT
02-20 19:14:40.927 7283 7283 I ViewRootImpl@5e7fbac[Main]: fitSides= naviIconColor=0}
02-20 19:14:40.927 6467 6533 D OpenGLRenderer: CFMS:: SetUp Pid : 6467 Tid : 6533
02-20 19:14:40.928 6467 6533 W Parcel : Expecting binder but got null!
02-20 19:14:40.928 6467 6467 I ViewRootImpl@6c2332b[]: onSyncComplete
02-20 19:14:40.928 6467 6467 I ViewRootImpl@6c2332b[]: setupSync seqId=0 mSyncId=0 fn=1 caller=android.view.ViewRootImpl$$ExternalSyntheticLambda11.accept:6 android.window.SurfaceSyncer.lambda$setupSync$1$android-window-SurfaceSyncer:128 android.window.SurfaceSyncer$$ExternalSyntheticLambda1.accept:8 android.window.SurfaceSyncer$SyncSet.checkIfSyncIsComplete:382 android.window.SurfaceSyncer$SyncSet.markSyncReady:359 android.window.SurfaceSyncer.markSyncReady:151 android.view.ViewRootImpl.performTraversals:4503
02-20 19:14:40.928 6467 6467 I ViewRootImpl@6c2332b[]: reportDrawFinished seqId=0 mSyncId=-1 fn=1 mSurfaceChangedTransaction=0xb4000070d82ce700
02-20 19:14:40.929 6467 6467 I ViewRootImpl@8a61e22[]: reportDrawFinished seqId=0 mSyncId=-1 fn=1 mSurfaceChangedTransaction=0xb4000070d82ce000
02-20 19:14:40.930 6467 6659 D BufferQueueProducer: [SurfaceView[com.accarunit.beauty.camera.videocall/com.lightcone.beautycam.activity .MainActivity]@0#23(BLAST Consumer)23](id:194300000019,api:3,p:938,c:6467) waitForFreeSlotThenRelock TIMED_OUT 0 dequeuedCount=20, acquiredCount=2, mMaxAcquiredBufferCount=1, mMaxDequeuedBufferCount=21
02-20 19:14:40.941 6467 6659 D BufferQueueProducer: [SurfaceView[com.accarunit.beauty.camera.videocall/com.lightcone.beautycam.activity .MainActivity]@0#23(BLAST Consumer)23](id:194300000019,api:3,p:938,c:6467) waitForFreeSlotThenRelock TIMED_OUT 0 dequeuedCount=20, acquiredCount=2, mMaxAcquiredBufferCount=1, mMaxDequeuedBufferCount=21
02-20 19:14:40.941 7283 7283 I ViewRootImpl@5e7fbac[Main]: updateBlastSurfaceIfNeeded mBlastBufferQueue=null isSameSurfaceControl=false
02-20 19:14:40.941 7283 7283 D BufferQueueConsumer: [](id:1c7300000006,api:0,p:- 1,c:7283) connect: controlledByApp=false
02-20 19:14:40.942 7283 7283 I BLASTBufferQueue: new BLASTBufferQueue, mName= ViewRootImpl@5e7fbac[Main] mNativeObject= 0xb4000070cc338580 sc.mNativeObject= 0xb4000070ddc5ef60 caller= android.view.ViewRootImpl.updateBlastSurfaceIfNeeded:2909 android.view.ViewRootImpl.relayoutWindow:9847 android.view.ViewRootImpl.performTraversals:3884 android.view.ViewRootImpl.doTraversal:3116 android.view.ViewRootImpl$TraversalRunnable.run:10885 android.view.Choreographer$CallbackRecord.run:1301 android.view.Choreographer$CallbackRecord.run:1309 android.view.Choreographer.doCallbacks:923 android.view.Choreographer.doFrame:852 android.view.Choreographer$FrameDisplayEventReceiver.run:1283
02-20 19:14:40.942 7283 7283 I BLASTBufferQueue: update, w= 720 h= 1600 mName = ViewRootImpl@5e7fbac[Main] mNativeObject= 0xb4000070cc338580 sc.mNativeObject= 0xb4000070ddc5ef60 format= -1 caller= android.graphics.BLASTBufferQueue.<init>:84 android.view.ViewRootImpl.updateBlastSurfaceIfNeeded:2909 android.view.ViewRootImpl.relayoutWindow:9847 android.view.ViewRootImpl.performTraversals:3884 android.view.ViewRootImpl.doTraversal:3116 android.view.ViewRootImpl$TraversalRunnable.run:10885
02-20 19:14:40.943 7283 7283 I ViewRootImpl@5e7fbac[Main]: Relayout returned: old=(0,0,720,1600) new=(0,0,720,1600) req=(720,1600)0 dur=14 res=0x3 s={true 0xb4000070cbccf800} ch=true seqId=0
02-20 19:14:40.949 7283 7283 I ViewRootImpl@5e7fbac[Main]: reportNextDraw android.view.ViewRootImpl.performTraversals:4438 android.view.ViewRootImpl.doTraversal:3116 android.view.ViewRootImpl$TraversalRunnable.run:10885 android.view.Choreographer$CallbackRecord.run:1301 android.view.Choreographer$CallbackRecord.run:1309
02-20 19:14:40.949 7283 7283 I ViewRootImpl@5e7fbac[Main]: Setup new sync id=0
02-20 19:14:40.949 7283 7283 I ViewRootImpl@5e7fbac[Main]: Setting syncFrameCallback
02-20 19:14:40.949 7283 7283 D BufferQueueProducer: [ViewRootImpl@5e7fbac[Main]#2(BLAST Consumer)2] (id:1c7300000006,api:2,p:7283,c:7283) connect: api=2 producerControlledByApp=true
02-20 19:14:40.952 6467 6659 D BufferQueueProducer: [SurfaceView[com.accarunit.beauty.camera.videocall/com.lightcone.beautycam.activity .MainActivity]@0#23(BLAST Consumer)23](id:194300000019,api:3,p:938,c:6467) waitForFreeSlotThenRelock TIMED_OUT 0 dequeuedCount=19, acquiredCount=3, mMaxAcquiredBufferCount=1, mMaxDequeuedBufferCount=21
02-20 19:14:40.964 6467 6659 D BufferQueueProducer: [SurfaceView[com.accarunit.beauty.camera.videocall/com.lightcone.beautycam.activity .MainActivity]@0#23(BLAST Consumer)23](id:194300000019,api:3,p:938,c:6467) waitForFreeSlotThenRelock TIMED_OUT 0 dequeuedCount=20, acquiredCount=2, mMaxAcquiredBufferCount=1, mMaxDequeuedBufferCount=21
02-20 19:14:40.965 7283 7283 V ViewRootImpl@5e7fbac[Main]: Surface Surface(name=null)/@0xdd9892d drawing to bitmap w=720, h=1600
02-20 19:14:40.967 7283 7283 I ViewRootImpl@5e7fbac[Main]: Drawing: package:com.whatsapp, metrics=DisplayMetrics{density=1.875, width=720, height=1527, scaledDensity=1.875, xdpi=272.955, ydpi=270.933}, compatibilityInfo={300dpi always- compat}
02-20 19:14:40.974 6467 6659 D BufferQueueProducer: [SurfaceView[com.accarunit.beauty.camera.videocall/com.lightcone.beautycam.activity .MainActivity]@0#23(BLAST Consumer)23](id:194300000019,api:3,p:938,c:6467) waitForFreeSlotThenRelock TIMED_OUT 0 dequeuedCount=20, acquiredCount=2, mMaxAcquiredBufferCount=1, mMaxDequeuedBufferCount=21
02-20 19:14:40.978 7283 7283 E IMGMapper: set:488 set: Unset optional value from type SMPTE2086
02-20 19:14:40.978 7283 7283 E IMGMapper: set:488 set: Unset optional value from type CTA861_3
02-20 19:14:40.979 7283 7283 I BLASTBufferQueue: [ViewRootImpl@5e7fbac[Main]#2] (f:0,a:0) onFrameAvailable the first frame is available
02-20 19:14:40.979 7283 7283 D BLASTBufferQueue: [ViewRootImpl@5e7fbac[Main]#2] (f:0,a:1) acquireNextBufferLocked size=720x1600 mFrameNumber=1 applyTransaction=true mTimestamp=113975052636713(auto) mPendingTransactions.size=0 graphicBufferId=31280246816783 transform=0
02-20 19:14:40.979 7283 7283 I ViewRootImpl@5e7fbac[Main]: onSyncComplete
02-20 19:14:40.980 7283 7283 I ViewRootImpl@5e7fbac[Main]: setupSync seqId=0 mSyncId=0 fn=0 caller=android.view.ViewRootImpl$$ExternalSyntheticLambda11.accept:6 android.window.SurfaceSyncer.lambda$setupSync$1$android-window-SurfaceSyncer:128 android.window.SurfaceSyncer$$ExternalSyntheticLambda1.accept:8 android.window.SurfaceSyncer$SyncSet.checkIfSyncIsComplete:382 android.window.SurfaceSyncer$SyncSet.markSyncReady:359 android.window.SurfaceSyncer.markSyncReady:151 android.view.ViewRootImpl.performTraversals:4503
02-20 19:14:40.980 7283 7283 I ViewRootImpl@5e7fbac[Main]: reportDrawFinished seqId=0 mSyncId=-1 fn=0 mSurfaceChangedTransaction=0xb4000070dda54700
02-20 19:14:40.981 7283 7283 D IActivityClientProxy: call activityTopResumedStateLost
02-20 19:14:40.990 7283 7283 D IActivityClientProxy: call activityPaused
02-20 19:14:40.992 6467 6864 D BufferQueueProducer: [SurfaceView[com.accarunit.beauty.camera.videocall/com.lightcone.beautycam.activity .MainActivity]@0#23(BLAST Consumer)23](id:194300000019,api:3,p:938,c:6467) waitForFreeSlotThenRelock TIMED_OUT 0 dequeuedCount=20, acquiredCount=2, mMaxAcquiredBufferCount=1, mMaxDequeuedBufferCount=21
02-20 19:14:41.003 6467 6659 D BufferQueueProducer: [SurfaceView[com.accarunit.beauty.camera.videocall/com.lightcone.beautycam.activity .MainActivity]@0#23(BLAST Consumer)23](id:194300000019,api:3,p:938,c:6467) waitForFreeSlotThenRelock TIMED_OUT 0 dequeuedCount=20, acquiredCount=2, mMaxAcquiredBufferCount=1, mMaxDequeuedBufferCount=21
02-20 19:14:41.011 7283 7283 I Pine : handleBridge: artMethod=0x712bf4c0 originExtras=0xb4000071765e2500 extras=0xb40000717652a2e0 sp=0x7ff6d19c20
02-20 19:14:41.011 7283 7283 D Pine : handleCall for method public android.os.Parcelable android.os.Bundle.getParcelable(java.lang.String)
02-20 19:14:41.011 7283 7283 I Pine : handleBridge: artMethod=0x712bf4c0 originExtras=0xb4000071765e2500 extras=0xb40000717652a2e0 sp=0x7ff6d19c20
02-20 19:14:41.011 7283 7283 D Pine : handleCall for method public android.os.Parcelable android.os.Bundle.getParcelable(java.lang.String)
02-20 19:14:41.012 7283 7283 D ActivityManagerStub: call11 hashCode
02-20 19:14:41.012 7283 7283 D ActivityManagerStub: call11 getTaskForActivity
02-20 19:14:41.013 6467 6467 I ViewRootImpl@64221ef[MainActivity]: stopped(true) old = false
02-20 19:14:41.013 6467 6467 I ViewRootImpl@64221ef[MainActivity]: WindowStopped on com.accarunit.beauty.camera.videocall/com.lightcone.beautycam.activity.MainActivity set to true
02-20 19:14:41.014 6467 6533 D SurfaceView@7d7c31d: windowPositionLost, frameNr = 0
02-20 19:14:41.014 6467 6533 I SurfaceView@7d7c31d: aOrMT: ViewRootImpl@64221ef[MainActivity] t = android.view.SurfaceControl$Transaction@fbf04a4 fN = 0 android.view.SurfaceView.-$ $Nest$mapplyOrMergeTransaction:0 android.view.SurfaceView$SurfaceViewPositionUpdateListener.positionLost:1568 android.graphics.RenderNode$CompositePositionUpdateListener.positionLost:380
02-20 19:14:41.014 6467 6533 I ViewRootImpl@64221ef[MainActivity]: mWNT: t=0xb4000070d7e8ed00 mBlastBufferQueue=0xb4000070e067b800 fn= 0 caller= android.view.SurfaceView.applyOrMergeTransaction:1455 android.view.SurfaceView.-$ $Nest$mapplyOrMergeTransaction:0 android.view.SurfaceView$SurfaceViewPositionUpdateListener.positionLost:1568
02-20 19:14:41.015 6467 6864 D BufferQueueProducer: [SurfaceView[com.accarunit.beauty.camera.videocall/com.lightcone.beautycam.activity .MainActivity]@0#23(BLAST Consumer)23](id:194300000019,api:3,p:938,c:6467) waitForFreeSlotThenRelock TIMED_OUT 0 dequeuedCount=19, acquiredCount=3, mMaxAcquiredBufferCount=1, mMaxDequeuedBufferCount=21
02-20 19:14:41.016 6467 6467 I SurfaceView@7d7c31d: windowStopped(true) false android.view.SurfaceView{7d7c31d V.E...... ........ 0,0-720,819 #7f09027d app:id/surface_view} of ViewRootImpl@64221ef[MainActivity]
02-20 19:14:41.016 6467 6467 I SurfaceView@7d7c31d: Changes: creating=false format=false size=false visible=true alpha=false hint=false mUseAlpha=false visible=true left=false top=false
02-20 19:14:41.017 6467 6467 I SurfaceView@7d7c31d: 131580701 Cur surface: Surface(name=null)/@0x769fb05
02-20 19:14:41.017 6467 6467 I SurfaceView@7d7c31d: applyTransactionOnVriDraw: vri = ViewRootImpl@64221ef[MainActivity] fRS = false t = 0xb4000070d82dca00 android.view.SurfaceView.performSurfaceTransaction:959 android.view.SurfaceView.updateSurface:1105 android.view.SurfaceView.setWindowStopped:335
02-20 19:14:41.017 6467 6467 I ViewRootImpl@64221ef[MainActivity]: applyTransactionOnDraw: mRemoved = false isHardwareEnabled = true t = 0xb4000070d82dca00android.view.SurfaceView.applyTransactionOnVriDraw:2048 android.view.SurfaceView.performSurfaceTransaction:959 android.view.SurfaceView.updateSurface:1105 android.view.SurfaceView.setWindowStopped:335 android.view.SurfaceView.surfaceDestroyed:1863
02-20 19:14:41.017 6467 6467 I SurfaceView@7d7c31d: surfaceDestroyed
02-20 19:14:41.018 6467 6467 I SurfaceView@7d7c31d: surfaceDestroyed callback.size 1 #1 android.view.SurfaceView{7d7c31d V.E...... ........ 0,0-720,819 #7f09027d app:id/surface_view}
02-20 19:14:41.018 6467 6467 V MediaPlayer-JNI: stop
02-20 19:14:41.018 6467 6467 V MediaPlayerNative: stop
02-20 19:14:41.023 7283 7283 D IActivityClientProxy: call getDisplayId
02-20 19:14:41.024 7283 7283 I Pine : handleBridge: artMethod=0x7116d018 originExtras=0xb4000071765e2200 extras=0xb40000717652a2e0 sp=0x7ff6d19900
02-20 19:14:41.024 7283 7283 D Pine : handleCall for method public java.lang.String android.app.ContextImpl.getOpPackageName()
02-20 19:14:41.024 6467 6659 V MediaPlayerNative: message received msg=8, ext1=0, ext2=0 02-20 19:14:41