02-20 19:14:15.025 6467 6864 D BufferQueueProducer: [SurfaceView[com.accarunit.beauty.camera.videocall/com.lightcone.beautycam.activity .MainActivity]@0#16(BLAST Consumer)16](id:194300000012,api:3,p:938,c:6467) waitForFreeSlotThenRelock TIMED_OUT 0 dequeuedCount=19, acquiredCount=3, mMaxAcquiredBufferCount=1, mMaxDequeuedBufferCount=21
02-20 19:14:15.027 6467 6533 E IMGMapper: set:488 set: Unset optional value from type SMPTE2086
02-20 19:14:15.027 6467 6533 E IMGMapper: set:488 set: Unset optional value from type CTA861_3
02-20 19:14:15.036 6467 6864 D BufferQueueProducer: [SurfaceView[com.accarunit.beauty.camera.videocall/com.lightcone.beautycam.activity .MainActivity]@0#16(BLAST Consumer)16](id:194300000012,api:3,p:938,c:6467) waitForFreeSlotThenRelock TIMED_OUT 0 dequeuedCount=19, acquiredCount=3, mMaxAcquiredBufferCount=1, mMaxDequeuedBufferCount=21
02-20 19:14:15.042 6467 6533 E IMGMapper: set:488 set: Unset optional value from type SMPTE2086
02-20 19:14:15.043 6467 6533 E IMGMapper: set:488 set: Unset optional value from type CTA861_3
02-20 19:14:15.048 6467 6864 D BufferQueueProducer: [SurfaceView[com.accarunit.beauty.camera.videocall/com.lightcone.beautycam.activity .MainActivity]@0#16(BLAST Consumer)16](id:194300000012,api:3,p:938,c:6467) waitForFreeSlotThenRelock TIMED_OUT 0 dequeuedCount=20, acquiredCount=2, mMaxAcquiredBufferCount=1, mMaxDequeuedBufferCount=21
02-20 19:14:15.059 6467 6533 E IMGMapper: set:488 set: Unset optional value from type SMPTE2086
02-20 19:14:15.059 6467 6533 E IMGMapper: set:488 set: Unset optional value from type CTA861_3
02-20 19:14:15.060 6467 6740 D BufferQueueProducer: [SurfaceView[com.accarunit.beauty.camera.videocall/com.lightcone.beautycam.activity .MainActivity]@0#16(BLAST Consumer)16](id:194300000012,api:3,p:938,c:6467) waitForFreeSlotThenRelock TIMED_OUT 0 dequeuedCount=19, acquiredCount=3, mMaxAcquiredBufferCount=1, mMaxDequeuedBufferCount=21
02-20 19:14:15.074 6467 6659 D BufferQueueProducer: [SurfaceView[com.accarunit.beauty.camera.videocall/com.lightcone.beautycam.activity .MainActivity]@0#16(BLAST Consumer)16](id:194300000012,api:3,p:938,c:6467) waitForFreeSlotThenRelock TIMED_OUT 0 dequeuedCount=20, acquiredCount=2, mMaxAcquiredBufferCount=1, mMaxDequeuedBufferCount=21
02-20 19:14:15.075 6467 6533 E IMGMapper: set:488 set: Unset optional value from type SMPTE2086
02-20 19:14:15.075 6467 6533 E IMGMapper: set:488 set: Unset optional value from type CTA861_3
02-20 19:14:15.086 6467 6659 D BufferQueueProducer: [SurfaceView[com.accarunit.beauty.camera.videocall/com.lightcone.beautycam.activity .MainActivity]@0#16(BLAST Consumer)16](id:194300000012,api:3,p:938,c:6467) waitForFreeSlotThenRelock TIMED_OUT 0 dequeuedCount=19, acquiredCount=3, mMaxAcquiredBufferCount=1, mMaxDequeuedBufferCount=21
02-20 19:14:15.093 6467 6533 E IMGMapper: set:488 set: Unset optional value from type SMPTE2086
02-20 19:14:15.093 6467 6533 E IMGMapper: set:488 set: Unset optional value from type CTA861_3
02-20 19:14:15.097 6467 6740 D BufferQueueProducer: [SurfaceView[com.accarunit.beauty.camera.videocall/com.lightcone.beautycam.activity .MainActivity]@0#16(BLAST Consumer)16](id:194300000012,api:3,p:938,c:6467) waitForFreeSlotThenRelock TIMED_OUT 0 dequeuedCount=19, acquiredCount=3, mMaxAcquiredBufferCount=1, mMaxDequeuedBufferCount=21
02-20 19:14:15.111 6467 6659 D BufferQueueProducer: [SurfaceView[com.accarunit.beauty.camera.videocall/com.lightcone.beautycam.activity .MainActivity]@0#16(BLAST Consumer)16](id:194300000012,api:3,p:938,c:6467) waitForFreeSlotThenRelock TIMED_OUT 0 dequeuedCount=20, acquiredCount=2, mMaxAcquiredBufferCount=1, mMaxDequeuedBufferCount=21
02-20 19:14:15.111 6467 6533 E IMGMapper: set:488 set: Unset optional value from type SMPTE2086
02-20 19:14:15.111 6467 6533 E IMGMapper: set:488 set: Unset optional value from type CTA861_3
02-20 19:14:15.122 6467 6740 D BufferQueueProducer: [SurfaceView[com.accarunit.beauty.camera.videocall/com.lightcone.beautycam.activity .MainActivity]@0#16(BLAST Consumer)16](id:194300000012,api:3,p:938,c:6467) waitForFreeSlotThenRelock TIMED_OUT 0 dequeuedCount=19, acquiredCount=3, mMaxAcquiredBufferCount=1, mMaxDequeuedBufferCount=21
02-20 19:14:15.128 6467 6533 E IMGMapper: set:488 set: Unset optional value from type SMPTE2086
02-20 19:14:15.129 6467 6533 E IMGMapper: set:488 set: Unset optional value from type CTA861_3
02-20 19:14:15.133 6467 6659 D BufferQueueProducer: [SurfaceView[com.accarunit.beauty.camera.videocall/com.lightcone.beautycam.activity .MainActivity]@0#16(BLAST Consumer)16](id:194300000012,api:3,p:938,c:6467) waitForFreeSlotThenRelock TIMED_OUT 0 dequeuedCount=19, acquiredCount=3, mMaxAcquiredBufferCount=1, mMaxDequeuedBufferCount=21
02-20 19:14:15.143 6467 6533 E IMGMapper: set:488 set: Unset optional value from type SMPTE2086
02-20 19:14:15.143 6467 6533 E IMGMapper: set:488 set: Unset optional value from type CTA861_3
02-20 19:14:15.146 6467 6659 D BufferQueueProducer: [SurfaceView[com.accarunit.beauty.camera.videocall/com.lightcone.beautycam.activity .MainActivity]@0#16(BLAST Consumer)16](id:194300000012,api:3,p:938,c:6467) waitForFreeSlotThenRelock TIMED_OUT 0 dequeuedCount=20, acquiredCount=2, mMaxAcquiredBufferCount=1, mMaxDequeuedBufferCount=21
02-20 19:14:15.158 6467 6659 D BufferQueueProducer: [SurfaceView[com.accarunit.beauty.camera.videocall/com.lightcone.beautycam.activity .MainActivity]@0#16(BLAST Consumer)16](id:194300000012,api:3,p:938,c:6467) waitForFreeSlotThenRelock TIMED_OUT 0 dequeuedCount=19, acquiredCount=3, mMaxAcquiredBufferCount=1, mMaxDequeuedBufferCount=21
02-20 19:14:15.161 6467 6533 E IMGMapper: set:488 set: Unset optional value from type SMPTE2086
02-20 19:14:15.161 6467 6533 E IMGMapper: set:488 set: Unset optional value from type CTA861_3
02-20 19:14:15.169 6467 6659 D BufferQueueProducer: [SurfaceView[com.accarunit.beauty.camera.videocall/com.lightcone.beautycam.activity .MainActivity]@0#16(BLAST Consumer)16](id:194300000012,api:3,p:938,c:6467) waitForFreeSlotThenRelock TIMED_OUT 0 dequeuedCount=19, acquiredCount=3, mMaxAcquiredBufferCount=1, mMaxDequeuedBufferCount=21
02-20 19:14:15.176 6467 6533 E IMGMapper: set:488 set: Unset optional value from type SMPTE2086
02-20 19:14:15.177 6467 6533 E IMGMapper: set:488 set: Unset optional value from type CTA861_3
02-20 19:14:15.183 6467 6740 D BufferQueueProducer: [SurfaceView[com.accarunit.beauty.camera.videocall/com.lightcone.beautycam.activity .MainActivity]@0#16(BLAST Consumer)16](id:194300000012,api:3,p:938,c:6467) waitForFreeSlotThenRelock TIMED_OUT 0 dequeuedCount=20, acquiredCount=2, mMaxAcquiredBufferCount=1, mMaxDequeuedBufferCount=21
02-20 19:14:15.194 6467 6533 E IMGMapper: set:488 set: Unset optional value from type SMPTE2086
02-20 19:14:15.194 6467 6533 E IMGMapper: set:488 set: Unset optional value from type CTA861_3
02-20 19:14:15.196 6467 6659 D BufferQueueProducer: [SurfaceView[com.accarunit.beauty.camera.videocall/com.lightcone.beautycam.activity .MainActivity]@0#16(BLAST Consumer)16](id:194300000012,api:3,p:938,c:6467) waitForFreeSlotThenRelock TIMED_OUT 0 dequeuedCount=19, acquiredCount=3, mMaxAcquiredBufferCount=1, mMaxDequeuedBufferCount=21
02-20 19:14:15.211 6467 6533 E IMGMapper: set:488 set: Unset optional value from type SMPTE2086
02-20 19:14:15.211 6467 6864 D BufferQueueProducer: [SurfaceView[com.accarunit.beauty.camera.videocall/com.lightcone.beautycam.activity .MainActivity]@0#16(BLAST Consumer)16](id:194300000012,api:3,p:938,c:6467) waitForFreeSlotThenRelock TIMED_OUT 0 dequeuedCount=20, acquiredCount=2, mMaxAcquiredBufferCount=1, mMaxDequeuedBufferCount=21
02-20 19:14:15.211 6467 6533 E IMGMapper: set:488 set: Unset optional value from type CTA861_3
02-20 19:14:15.223 6467 6864 D BufferQueueProducer: [SurfaceView[com.accarunit.beauty.camera.videocall/com.lightcone.beautycam.activity .MainActivity]@0#16(BLAST Consumer)16](id:194300000012,api:3,p:938,c:6467) waitForFreeSlotThenRelock TIMED_OUT 0 dequeuedCount=19, acquiredCount=3, mMaxAcquiredBufferCount=1, mMaxDequeuedBufferCount=21
02-20 19:14:15.229 6467 6533 E IMGMapper: set:488 set: Unset optional value from type SMPTE2086
02-20 19:14:15.229 6467 6533 E IMGMapper: set:488 set: Unset optional value from type CTA861_3
02-20 19:14:15.234 6467 6864 D BufferQueueProducer: [SurfaceView[com.accarunit.beauty.camera.videocall/com.lightcone.beautycam.activity .MainActivity]@0#16(BLAST Consumer)16](id:194300000012,api:3,p:938,c:6467) waitForFreeSlotThenRelock TIMED_OUT 0 dequeuedCount=19, acquiredCount=3, mMaxAcquiredBufferCount=1, mMaxDequeuedBufferCount=21
02-20 19:14:15.244 6467 6533 E IMGMapper: set:488 set: Unset optional value from type SMPTE2086
02-20 19:14:15.245 6467 6533 E IMGMapper: set:488 set: Unset optional value from type CTA861_3
02-20 19:14:15.247 6467 6864 D BufferQueueProducer: [SurfaceView[com.accarunit.beauty.camera.videocall/com.lightcone.beautycam.activity .MainActivity]@0#16(BLAST Consumer)16](id:194300000012,api:3,p:938,c:6467) waitForFreeSlotThenRelock TIMED_OUT 0 dequeuedCount=20, acquiredCount=2, mMaxAcquiredBufferCount=1, mMaxDequeuedBufferCount=21
02-20 19:14:15.261 6467 6659 D BufferQueueProducer: [SurfaceView[com.accarunit.beauty.camera.videocall/com.lightcone.beautycam.activity .MainActivity]@0#16(BLAST Consumer)16](id:194300000012,api:3,p:938,c:6467) waitForFreeSlotThenRelock TIMED_OUT 0 dequeuedCount=19, acquiredCount=3, mMaxAcquiredBufferCount=1, mMaxDequeuedBufferCount=21
02-20 19:14:15.263 6467 6533 E IMGMapper: set:488 set: Unset optional value from type SMPTE2086
02-20 19:14:15.263 6467 6533 E IMGMapper: set:488 set: Unset optional value from type CTA861_3
02-20 19:14:15.276 6467 6659 D BufferQueueProducer: [SurfaceView[com.accarunit.beauty.camera.videocall/com.lightcone.beautycam.activity .MainActivity]@0#16(BLAST Consumer)16](id:194300000012,api:3,p:938,c:6467) waitForFreeSlotThenRelock TIMED_OUT 0 dequeuedCount=20, acquiredCount=2, mMaxAcquiredBufferCount=1, mMaxDequeuedBufferCount=21
02-20 19:14:15.278 6467 6533 E IMGMapper: set:488 set: Unset optional value from type SMPTE2086
02-20 19:14:15.278 6467 6533 E IMGMapper: set:488 set: Unset optional value from type CTA861_3
02-20 19:14:15.287 6467 6864 D BufferQueueProducer: [SurfaceView[com.accarunit.beauty.camera.videocall/com.lightcone.beautycam.activity .MainActivity]@0#16(BLAST Consumer)16](id:194300000012,api:3,p:938,c:6467) waitForFreeSlotThenRelock TIMED_OUT 0 dequeuedCount=19, acquiredCount=3, mMaxAcquiredBufferCount=1, mMaxDequeuedBufferCount=21
02-20 19:14:15.296 6467 6533 E IMGMapper: set:488 set: Unset optional value from type SMPTE2086
02-20 19:14:15.296 6467 6533 E IMGMapper: set:488 set: Unset optional value from type CTA861_3
02-20 19:14:15.298 6467 6659 D BufferQueueProducer: [SurfaceView[com.accarunit.beauty.camera.videocall/com.lightcone.beautycam.activity .MainActivity]@0#16(BLAST Consumer)16](id:194300000012,api:3,p:938,c:6467) waitForFreeSlotThenRelock TIMED_OUT 0 dequeuedCount=19, acquiredCount=3, mMaxAcquiredBufferCount=1, mMaxDequeuedBufferCount=21
02-20 19:14:15.311 6467 6864 D BufferQueueProducer: [SurfaceView[com.accarunit.beauty.camera.videocall/com.lightcone.beautycam.activity .MainActivity]@0#16(BLAST Consumer)16](id:194300000012,api:3,p:938,c:6467) waitForFreeSlotThenRelock TIMED_OUT 0 dequeuedCount=20, acquiredCount=2, mMaxAcquiredBufferCount=1, mMaxDequeuedBufferCount=21
02-20 19:14:15.313 6467 6533 E IMGMapper: set:488 set: Unset optional value from type SMPTE2086
02-20 19:14:15.313 6467 6533 E IMGMapper: set:488 set: Unset optional value from type CTA861_3
02-20 19:14:15.324 6467 6864 D BufferQueueProducer: [SurfaceView[com.accarunit.beauty.camera.videocall/com.lightcone.beautycam.activity .MainActivity]@0#16(BLAST Consumer)16](id:194300000012,api:3,p:938,c:6467) waitForFreeSlotThenRelock TIMED_OUT 0 dequeuedCount=19, acquiredCount=3, mMaxAcquiredBufferCount=1, mMaxDequeuedBufferCount=21
02-20 19:14:15.328 6467 6533 E IMGMapper: set:488 set: Unset optional value from type SMPTE2086
02-20 19:14:15.329 6467 6533 E IMGMapper: set:488 set: Unset optional value from type CTA861_3
02-20 19:14:15.335 6467 6864 D BufferQueueProducer: [SurfaceView[com.accarunit.beauty.camera.videocall/com.lightcone.beautycam.activity .MainActivity]@0#16(BLAST Consumer)16](id:194300000012,api:3,p:938,c:6467) waitForFreeSlotThenRelock TIMED_OUT 0 dequeuedCount=19, acquiredCount=3, mMaxAcquiredBufferCount=1, mMaxDequeuedBufferCount=21
02-20 19:14:15.345 6467 6533 E IMGMapper: set:488 set: Unset optional value from type SMPTE2086
02-20 19:14:15.345 6467 6533 E IMGMapper: set:488 set: Unset optional value from type CTA861_3
02-20 19:14:15.348 6467 6659 D BufferQueueProducer: [SurfaceView[com.accarunit.beauty.camera.videocall/com.lightcone.beautycam.activity .MainActivity]@0#16(BLAST Consumer)16](id:194300000012,api:3,p:938,c:6467) waitForFreeSlotThenRelock TIMED_OUT 0 dequeuedCount=20, acquiredCount=2, mMaxAcquiredBufferCount=1, mMaxDequeuedBufferCount=21
02-20 19:14:15.361 6467 6533 E IMGMapper: set:488 set: Unset optional value from type SMPTE2086
02-20 19:14:15.361 6467 6533 E IMGMapper: set:488 set: Unset optional value from type CTA861_3
02-20 19:14:15.364 6467 6864 D BufferQueueProducer: [SurfaceView[com.accarunit.beauty.camera.videocall/com.lightcone.beautycam.activity .MainActivity]@0#16(BLAST Consumer)16](id:194300000012,api:3,p:938,c:6467) waitForFreeSlotThenRelock TIMED_OUT 0 dequeuedCount=19, acquiredCount=3, mMaxAcquiredBufferCount=1, mMaxDequeuedBufferCount=21
02-20 19:14:15.377 6467 6864 D BufferQueueProducer: [SurfaceView[com.accarunit.beauty.camera.videocall/com.lightcone.beautycam.activity .MainActivity]@0#16(BLAST Consumer)16](id:194300000012,api:3,p:938,c:6467) waitForFreeSlotThenRelock TIMED_OUT 0 dequeuedCount=20, acquiredCount=2, mMaxAcquiredBufferCount=1, mMaxDequeuedBufferCount=21
02-20 19:14:15.379 6467 6533 E IMGMapper: set:488 set: Unset optional value from type SMPTE2086
02-20 19:14:15.379 6467 6533 E IMGMapper: set:488 set: Unset optional value from type CTA861_3
02-20 19:14:15.389 6467 6864 D BufferQueueProducer: [SurfaceView[com.accarunit.beauty.camera.videocall/com.lightcone.beautycam.activity .MainActivity]@0#16(BLAST Consumer)16](id:194300000012,api:3,p:938,c:6467) waitForFreeSlotThenRelock TIMED_OUT 0 dequeuedCount=19, acquiredCount=3, mMaxAcquiredBufferCount=1, mMaxDequeuedBufferCount=21
02-20 19:14:15.395 6467 6533 E IMGMapper: set:488 set: Unset optional value from type SMPTE2086
02-20 19:14:15.396 6467 6533 E IMGMapper: set:488 set: Unset optional value from type CTA861_3
02-20 19:14:15.401 6467 6659 D BufferQueueProducer: [SurfaceView[com.accarunit.beauty.camera.videocall/com.lightcone.beautycam.activity .MainActivity]@0#16(BLAST Consumer)16](id:194300000012,api:3,p:938,c:6467) waitForFreeSlotThenRelock TIMED_OUT 0 dequeuedCount=19, acquiredCount=3, mMaxAcquiredBufferCount=1, mMaxDequeuedBufferCount=21
02-20 19:14:15.412 6467 6533 E IMGMapper: set:488 set: Unset optional value from type SMPTE2086
02-20 19:14:15.413 6467 6533 E IMGMapper: set:488 set: Unset optional value from type CTA861_3
02-20 19:14:15.415 6467 6659 D BufferQueueProducer: [SurfaceView[com.accarunit.beauty.camera.videocall/com.lightcone.beautycam.activity .MainActivity]@0#16(BLAST Consumer)16](id:194300000012,api:3,p:938,c:6467) waitForFreeSlotThenRelock TIMED_OUT 0 dequeuedCount=20, acquiredCount=2, mMaxAcquiredBufferCount=1, mMaxDequeuedBufferCount=21
02-20 19:14:15.429 6467 6864 D BufferQueueProducer: [SurfaceView[com.accarunit.beauty.camera.videocall/com.lightcone.beautycam.activity .MainActivity]@0#16(BLAST Consumer)16](id:194300000012,api:3,p:938,c:6467) waitForFreeSlotThenRelock TIMED_OUT 0 dequeuedCount=19, acquiredCount=3, mMaxAcquiredBufferCount=1, mMaxDequeuedBufferCount=21
02-20 19:14:15.432 6467 6533 E IMGMapper: set:488 set: Unset optional value from type SMPTE2086
02-20 19:14:15.432 6467 6533 E IMGMapper: set:488 set: Unset optional value from type CTA861_3
02-20 19:14:15.440 6467 6864 D BufferQueueProducer: [SurfaceView[com.accarunit.beauty.camera.videocall/com.lightcone.beautycam.activity .MainActivity]@0#16(BLAST Consumer)16](id:194300000012,api:3,p:938,c:6467) waitForFreeSlotThenRelock TIMED_OUT 0 dequeuedCount=19, acquiredCount=3, mMaxAcquiredBufferCount=1, mMaxDequeuedBufferCount=21
02-20 19:14:15.447 6467 6533 E IMGMapper: set:488 set: Unset optional value from type SMPTE2086
02-20 19:14:15.447 6467 6533 E IMGMapper: set:488 set: Unset optional value from type CTA861_3
02-20 19:14:15.453 6467 6864 D BufferQueueProducer: [SurfaceView[com.accarunit.beauty.camera.videocall/com.lightcone.beautycam.activity .MainActivity]@0#16(BLAST Consumer)16](id:194300000012,api:3,p:938,c:6467) waitForFreeSlotThenRelock TIMED_OUT 0 dequeuedCount=19, acquiredCount=3, mMaxAcquiredBufferCount=1, mMaxDequeuedBufferCount=21
02-20 19:14:15.463 6467 6533 E IMGMapper: set:488 set: Unset optional value from type SMPTE2086
02-20 19:14:15.463 6467 6533 E IMGMapper: set:488 set: Unset optional value from type CTA861_3
02-20 19:14:15.465 6467 6740 D BufferQueueProducer: [SurfaceView[com.accarunit.beauty.camera.videocall/com.lightcone.beautycam.activity .MainActivity]@0#16(BLAST Consumer)16](id:194300000012,api:3,p:938,c:6467) waitForFreeSlotThenRelock TIMED_OUT 0 dequeuedCount=19, acquiredCount=3, mMaxAcquiredBufferCount=1, mMaxDequeuedBufferCount=21
02-20 19:14:15.479 6467 6533 E IMGMapper: set:488 set: Unset optional value from type SMPTE2086
02-20 19:14:15.479 6467 6533 E IMGMapper: set:488 set: Unset optional value from type CTA861_3
02-20 19:14:15.480 6467 6864 D BufferQueueProducer: [SurfaceView[com.accarunit.beauty.camera.videocall/com.lightcone.beautycam.activity .MainActivity]@0#16(BLAST Consumer)16](id:194300000012,api:3,p:938,c:6467) waitForFreeSlotThenRelock TIMED_OUT 0 dequeuedCount=20, acquiredCount=2, mMaxAcquiredBufferCount=1, mMaxDequeuedBufferCount=21
02-20 19:14:15.492 6467 6864 D BufferQueueProducer: [SurfaceView[com.accarunit.beauty.camera.videocall/com.lightcone.beautycam.activity .MainActivity]@0#16(BLAST Consumer)16](id:194300000012,api:3,p:938,c:6467) waitForFreeSlotThenRelock TIMED_OUT 0 dequeuedCount=19, acquiredCount=3, mMaxAcquiredBufferCount=1, mMaxDequeuedBufferCount=21
02-20 19:14:15.496 6467 6533 E IMGMapper: set:488 set: Unset optional value from type SMPTE2086
02-20 19:14:15.496 6467 6533 E IMGMapper: set:488 set: Unset optional value from type CTA861_3
02-20 19:14:15.504 6467 6740 D BufferQueueProducer: [SurfaceView[com.accarunit.beauty.camera.videocall/com.lightcone.beautycam.activity .MainActivity]@0#16(BLAST Consumer)16](id:194300000012,api:3,p:938,c:6467) waitForFreeSlotThenRelock TIMED_OUT 0 dequeuedCount=19, acquiredCount=3, mMaxAcquiredBufferCount=1, mMaxDequeuedBufferCount=21
02-20 19:14:15.513 6467 6533 E IMGMapper: set:488 set: Unset optional value from type SMPTE2086
02-20 19:14:15.513 6467 6533 E IMGMapper: set:488 set: Unset optional value from type CTA861_3
02-20 19:14:15.517 6467 6864 D BufferQueueProducer: [SurfaceView[com.accarunit.beauty.camera.videocall/com.lightcone.beautycam.activity .MainActivity]@0#16(BLAST Consumer)16](id:194300000012,api:3,p:938,c:6467) waitForFreeSlotThenRelock TIMED_OUT 0 dequeuedCount=20, acquiredCount=2, mMaxAcquiredBufferCount=1, mMaxDequeuedBufferCount=21
02-20 19:14:15.529 6467 6533 E IMGMapper: set:488 set: Unset optional value from type SMPTE2086
02-20 19:14:15.530 6467 6533 E IMGMapper: set:488 set: Unset optional value from type CTA861_3
02-20 19:14:15.531 6467 6740 D BufferQueueProducer: [SurfaceView[com.accarunit.beauty.camera.videocall/com.lightcone.beautycam.activity .MainActivity]@0#16(BLAST Consumer)16](id:194300000012,api:3,p:938,c:6467) waitForFreeSlotThenRelock TIMED_OUT 0 dequeuedCount=19, acquiredCount=3, mMaxAcquiredBufferCount=1, mMaxDequeuedBufferCount=21
02-20 19:14:15.545 6467 6659 D BufferQueueProducer: [SurfaceView[com.accarunit.beauty.camera.videocall/com.lightcone.beautycam.activity .MainActivity]@0#16(BLAST Consumer)16](id:194300000012,api:3,p:938,c:6467) waitForFreeSlotThenRelock TIMED_OUT 0 dequeuedCount=20, acquiredCount=2, mMaxAcquiredBufferCount=1, mMaxDequeuedBufferCount=21
02-20 19:14:15.546 6467 6533 E IMGMapper: set:488 set: Unset optional value from type SMPTE2086
02-20 19:14:15.546 6467 6533 E IMGMapper: set:488 set: Unset optional value from type CTA861_3
02-20 19:14:15.557 6467 6740 D BufferQueueProducer: [SurfaceView[com.accarunit.beauty.camera.videocall/com.lightcone.beautycam.activity .MainActivity]@0#16(BLAST Consumer)16](id:194300000012,api:3,p:938,c:6467) waitForFreeSlotThenRelock TIMED_OUT 0 dequeuedCount=19, acquiredCount=3, mMaxAcquiredBufferCount=1, mMaxDequeuedBufferCount=21
02-20 19:14:15.565 6467 6533 E IMGMapper: set:488 set: Unset optional value from type SMPTE2086
02-20 19:14:15.565 6467 6533 E IMGMapper: set:488 set: Unset optional value from type CTA861_3
02-20 19:14:15.569 6467 6659 D BufferQueueProducer: [SurfaceView[com.accarunit.beauty.camera.videocall/com.lightcone.beautycam.activity .MainActivity]@0#16(BLAST Consumer)16](id:194300000012,api:3,p:938,c:6467) waitForFreeSlotThenRelock TIMED_OUT 0 dequeuedCount=19, acquiredCount=3, mMaxAcquiredBufferCount=1, mMaxDequeuedBufferCount=21
02-20 19:14:15.579 6467 6533 E IMGMapper: set:488 set: Unset optional value from type SMPTE2086
02-20 19:14:15.580 6467 6533 E IMGMapper: set:488 set: Unset optional value from type CTA861_3
02-20 19:14:15.587 6467 6659 D BufferQueueProducer: [SurfaceView[com.accarunit.beauty.camera.videocall/com.lightcone.beautycam.activity .MainActivity]@0#16(BLAST Consumer)16](id:194300000012,api:3,p:938,c:6467) waitForFreeSlotThenRelock TIMED_OUT 0 dequeuedCount=19, acquiredCount=3, mMaxAcquiredBufferCount=1, mMaxDequeuedBufferCount=21
02-20 19:14:15.598 6467 6533 E IMGMapper: set:488 set: Unset optional value from type SMPTE2086
02-20 19:14:15.598 6467 6533 E IMGMapper: set:488 set: Unset optional value from type CTA861_3
02-20 19:14:15.599 6467 6740 D BufferQueueProducer: [SurfaceView[com.accarunit.beauty.camera.videocall/com.lightcone.beautycam.activity .MainActivity]@0#16(BLAST Consumer)16](id:194300000012,api:3,p:938,c:6467) waitForFreeSlotThenRelock TIMED_OUT 0 dequeuedCount=19, acquiredCount=3, mMaxAcquiredBufferCount=1, mMaxDequeuedBufferCount=21
02-20 19:14:15.611 6467 6740 D BufferQueueProducer: [SurfaceView[com.accarunit.beauty.camera.videocall/com.lightcone.beautycam.activity .MainActivity]@0#16(BLAST Consumer)16](id:194300000012,api:3,p:938,c:6467) waitForFreeSlotThenRelock TIMED_OUT 0 dequeuedCount=20, acquiredCount=2, mMaxAcquiredBufferCount=1, mMaxDequeuedBufferCount=21
02-20 19:14:15.612 6467 6533 E IMGMapper: set:488 set: Unset optional value from type SMPTE2086
02-20 19:14:15.613 6467 6533 E IMGMapper: set:488 set: Unset optional value from type CTA861_3
02-20 19:14:15.623 6467 6864 D BufferQueueProducer: [SurfaceView[com.accarunit.beauty.camera.videocall/com.lightcone.beautycam.activity .MainActivity]@0#16(BLAST Consumer)16](id:194300000012,api:3,p:938,c:6467) waitForFreeSlotThenRelock TIMED_OUT 0 dequeuedCount=19, acquiredCount=3, mMaxAcquiredBufferCount=1, mMaxDequeuedBufferCount=21
02-20 19:14:15.631 6467 6533 E IMGMapper: set:488 set: Unset optional value from type SMPTE2086
02-20 19:14:15.631 6467 6533 E IMGMapper: set:488 set: Unset optional value from type CTA861_3
02-20 19:14:15.636 6467 6740 D BufferQueueProducer: [SurfaceView[com.accarunit.beauty.camera.videocall/com.lightcone.beautycam.activity .MainActivity]@0#16(BLAST Consumer)16](id:194300000012,api:3,p:938,c:6467) waitForFreeSlotThenRelock TIMED_OUT 0 dequeuedCount=19, acquiredCount=3, mMaxAcquiredBufferCount=1, mMaxDequeuedBufferCount=21
02-20 19:14:15.647 6467 6533 E IMGMapper: set:488 set: Unset optional value from type SMPTE2086
02-20 19:14:15.647 6467 6533 E IMGMapper: set:488 set: Unset optional value from type CTA861_3
02-20 19:14:15.649 6467 6659 D BufferQueueProducer: [SurfaceView[com.accarunit.beauty.camera.videocall/com.lightcone.beautycam.activity .MainActivity]@0#16(BLAST Consumer)16](id:194300000012,api:3,p:938,c:6467) waitForFreeSlotThenRelock TIMED_OUT 0 dequeuedCount=20, acquiredCount=2, mMaxAcquiredBufferCount=1, mMaxDequeuedBufferCount=21
02-20 19:14:15.661 6467 6864 D BufferQueueProducer: [SurfaceView[com.accarunit.beauty.camera.videocall/com.lightcone.beautycam.activity .MainActivity]@0#16(BLAST Consumer)16](id:194300000012,api:3,p:938,c:6467) waitForFreeSlotThenRelock TIMED_OUT 0 dequeuedCount=19, acquiredCount=3, mMaxAcquiredBufferCount=1, mMaxDequeuedBufferCount=21
02-20 19:14:15.666 6467 6533 E IMGMapper: set:488 set: Unset optional value from type SMPTE2086
02-20 19:14:15.667 6467 6533 E IMGMapper: set:488 set: Unset optional value from type CTA861_3
02-20 19:14:15.673 6467 6864 D BufferQueueProducer: [SurfaceView[com.accarunit.beauty.camera.videocall/com.lightcone.beautycam.activity .MainActivity]@0#16(BLAST Consumer)16](id:194300000012,api:3,p:938,c:6467) waitForFreeSlotThenRelock TIMED_OUT 0 dequeuedCount=19, acquiredCount=3, mMaxAcquiredBufferCount=1, mMaxDequeuedBufferCount=21
02-20 19:14:15.680 6467 6533 E IMGMapper: set:488 set: Unset optional value from type SMPTE2086
02-20 19:14:15.681 6467 6533 E IMGMapper: set:488 set: Unset optional value from type CTA861_3
02-20 19:14:15.687 6467 6659 D BufferQueueProducer: [SurfaceView[com.accarunit.beauty.camera.videocall/com.lightcone.beautycam.activity .MainActivity]@0#16(BLAST Consumer)16](id:194300000012,api:3,p:938,c:6467) waitForFreeSlotThenRelock TIMED_OUT 0 dequeuedCount=19, acquiredCount=3, mMaxAcquiredBufferCount=1, mMaxDequeuedBufferCount=21
02-20 19:14:15.698 6467 6533 E IMGMapper: set:488 set: Unset optional value from type SMPTE2086
02-20 19:14:15.699 6467 6533 E IMGMapper: set:488 set: Unset optional value from type CTA861_3
02-20 19:14:15.699 6467 6740 D BufferQueueProducer: [SurfaceView[com.accarunit.beauty.camera.videocall/com.lightcone.beautycam.activity .MainActivity]@0#16(BLAST Consumer)16](id:194300000012,api:3,p:938,c:6467) waitForFreeSlotThenRelock TIMED_OUT 0 dequeuedCount=19, acquiredCount=3, mMaxAcquiredBufferCount=1, mMaxDequeuedBufferCount=21
02-20 19:14:15.714 6467 6533 E IMGMapper: set:488 set: Unset optional value from type SMPTE2086
02-20 19:14:15.714 6467 6533 E IMGMapper: set:488 set: Unset optional value from type CTA861_3
02-20 19:14:15.715 6467 6864 D BufferQueueProducer: [SurfaceView[com.accarunit.beauty.camera.videocall/com.lightcone.beautycam.activity .MainActivity]@0#16(BLAST Consumer)16](id:194300000012,api:3,p:938,c:6467) waitForFreeSlotThenRelock TIMED_OUT 0 dequeuedCount=20, acquiredCount=2, mMaxAcquiredBufferCount=1, mMaxDequeuedBufferCount=21
02-20 19:14:15.728 6467 6740 D BufferQueueProducer: [SurfaceView[com.accarunit.beauty.camera.videocall/com.lightcone.beautycam.activity .MainActivity]@0#16(BLAST Consumer)16](id:194300000012,api:3,p:938,c:6467) waitForFreeSlotThenRelock TIMED_OUT 0 dequeuedCount=19, acquiredCount=3, mMaxAcquiredBufferCount=1, mMaxDequeuedBufferCount=21
02-20 19:14:15.732 6467 6533 E IMGMapper: set:488 set: Unset optional value from type SMPTE2086
02-20 19:14:15.732 6467 6533 E IMGMapper: set:488 set: Unset optional value from type CTA861_3
02-20 19:14:15.739 6467 6743 D BufferQueueProducer: [SurfaceView[com.accarunit.beauty.camera.videocall/com.lightcone.beautycam.activity .MainActivity]@0#16(BLAST Consumer)16](id:194300000012,api:3,p:938,c:6467) waitForFreeSlotThenRelock TIMED_OUT 0 dequeuedCount=19, acquiredCount=3, mMaxAcquiredBufferCount=1, mMaxDequeuedBufferCount=21
02-20 19:14:15.747 6467 6533 E IMGMapper: set:488 set: Unset optional value from type SMPTE2086
02-20 19:14:15.747 6467 6533 E IMGMapper: set:488 set: Unset optional value from type CTA861_3
02-20 19:14:15.751 6467 6743 D BufferQueueProducer: [SurfaceView[com.accarunit.beauty.camera.videocall/com.lightcone.beautycam.activity .MainActivity]@0#16(BLAST Consumer)16](id:194300000012,api:3,p:938,c:6467) waitForFreeSlotThenRelock TIMED_OUT 0 dequeuedCount=19, acquiredCount=3, mMaxAcquiredBufferCount=1, mMaxDequeuedBufferCount=21
02-20 19:14:15.759 6467 6467 I ViewRootImpl@f3cbe1b[MainActivity]: ViewPostIme pointer 0
02-20 19:14:15.761 6467 6533 E IMGMapper: set:488 set: Unset optional value from type SMPTE2086
02-20 19:14:15.761 6467 6533 E IMGMapper: set:488 set: Unset optional value from type CTA861_3
02-20 19:14:15.762 6467 6740 D BufferQueueProducer: [SurfaceView[com.accarunit.beauty.camera.videocall/com.lightcone.beautycam.activity .MainActivity]@0#16(BLAST Consumer)16](id:194300000012,api:3,p:938,c:6467) waitForFreeSlotThenRelock TIMED_OUT 0 dequeuedCount=19, acquiredCount=3, mMaxAcquiredBufferCount=1, mMaxDequeuedBufferCount=21
02-20 19:14:15.773 6467 6743 D BufferQueueProducer: [SurfaceView[com.accarunit.beauty.camera.videocall/com.lightcone.beautycam.activity .MainActivity]@0#16(BLAST Consumer)16](id:194300000012,api:3,p:938,c:6467) waitForFreeSlotThenRelock TIMED_OUT 0 dequeuedCount=19, acquiredCount=3, mMaxAcquiredBufferCount=1, mMaxDequeuedBufferCount=21
02-20 19:14:15.778 6467 6533 E IMGMapper: set:488 set: Unset optional value from type SMPTE2086
02-20 19:14:15.778 6467 6533 E IMGMapper: set:488 set: Unset optional value from type CTA861_3
02-20 19:14:15.784 6467 6743 D BufferQueueProducer: [SurfaceView[com.accarunit.beauty.camera.videocall/com.lightcone.beautycam.activity .MainActivity]@0#16(BLAST Consumer)16](id:194300000012,api:3,p:938,c:6467) waitForFreeSlotThenRelock TIMED_OUT 0 dequeuedCount=19, acquiredCount=3, mMaxAcquiredBufferCount=1, mMaxDequeuedBufferCount=21
02-20 19:14:15.794 6467 6533 E IMGMapper: set:488 set: Unset optional value from type SMPTE2086
02-20 19:14:15.794 6467 6533 E IMGMapper: set:488 set: Unset optional value from type CTA861_3
02-20 19:14:15.795 6467 6743 D BufferQueueProducer: [SurfaceView[com.accarunit.beauty.camera.videocall/com.lightcone.beautycam.activity .MainActivity]@0#16(BLAST Consumer)16](id:194300000012,api:3,p:938,c:6467) waitForFreeSlotThenRelock TIMED_OUT 0 dequeuedCount=20, acquiredCount=2, mMaxAcquiredBufferCount=1, mMaxDequeuedBufferCount=21
02-20 19:14:15.806 6467 6743 D BufferQueueProducer: [SurfaceView[com.accarunit.beauty.camera.videocall/com.lightcone.beautycam.activity .MainActivity]@0#16(BLAST Consumer)16](id:194300000012,api:3,p:938,c:6467) waitForFreeSlotThenRelock TIMED_OUT 0 dequeuedCount=20, acquiredCount=2, mMaxAcquiredBufferCount=1, mMaxDequeuedBufferCount=21
02-20 19:14:15.811 6467 6533 E IMGMapper: set:488 set: Unset optional value from type SMPTE2086
02-20 19:14:15.811 6467 6533 E IMGMapper: set:488 set: Unset optional value from type CTA861_3
02-20 19:14:15.817 6467 6743 D BufferQueueProducer: [SurfaceView[com.accarunit.beauty.camera.videocall/com.lightcone.beautycam.activity .MainActivity]@0#16(BLAST Consumer)16](id:194300000012,api:3,p:938,c:6467) waitForFreeSlotThenRelock TIMED_OUT 0 dequeuedCount=19, acquiredCount=3, mMaxAcquiredBufferCount=1, mMaxDequeuedBufferCount=21
02-20 19:14:15.827 6467 6533 E IMGMapper: set:488 set: Unset optional value from type SMPTE2086
02-20 19:14:15.827 6467 6533 E IMGMapper: set:488 set: Unset optional value from type CTA861_3
02-20 19:14:15.828 6467 6743 D BufferQueueProducer: [SurfaceView[com.accarunit.beauty.camera.videocall/com.lightcone.beautycam.activity .MainActivity]@0#16(BLAST Consumer)16](id:194300000012,api:3,p:938,c:6467) waitForFreeSlotThenRelock TIMED_OUT 0 dequeuedCount=20, acquiredCount=2, mMaxAcquiredBufferCount=1, mMaxDequeuedBufferCount=21
02-20 19:14:15.839 6467 6740 D BufferQueueProducer: [SurfaceView[com.accarunit.beauty.camera.videocall/com.lightcone.beautycam.activity .MainActivity]@0#16(BLAST Consumer)16](id:194300000012,api:3,p:938,c:6467) waitForFreeSlotThenRelock TIMED_OUT 0 dequeuedCount=20, acquiredCount=2, mMaxAcquiredBufferCount=1, mMaxDequeuedBufferCount=21
02-20 19:14:15.844 6467 6533 E IMGMapper: set:488 set: Unset optional value from type SMPTE2086
02-20 19:14:15.844 6467 6533 E IMGMapper: set:488 set: Unset optional value from type CTA861_3
02-20 19:14:15.850 6467 6740 D BufferQueueProducer: [SurfaceView[com.accarunit.beauty.camera.videocall/com.lightcone.beautycam.activity .MainActivity]@0#16(BLAST Consumer)16](id:194300000012,api:3,p:938,c:6467) waitForFreeSlotThenRelock TIMED_OUT 0 dequeuedCount=19, acquiredCount=3, mMaxAcquiredBufferCount=1, mMaxDequeuedBufferCount=21
02-20 19:14:15.859 6467 6467 I ViewRootImpl@f3cbe1b[MainActivity]: ViewPostIme pointer 1
02-20 19:14:15.861 6467 6533 E IMGMapper: set:488 set: Unset optional value from type SMPTE2086
02-20 19:14:15.861 6467 6533 E IMGMapper: set:488 set: Unset optional value from type CTA861_3
02-20 19:14:15.862 6467 6743 D BufferQueueProducer: [SurfaceView[com.accarunit.beauty.camera.videocall/com.lightcone.beautycam.activity .MainActivity]@0#16(BLAST Consumer)16](id:194300000012,api:3,p:938,c:6467) waitForFreeSlotThenRelock TIMED_OUT 0 dequeuedCount=20, acquiredCount=2, mMaxAcquiredBufferCount=1, mMaxDequeuedBufferCount=21
02-20 19:14:15.872 6467 6740 D BufferQueueProducer: [SurfaceView[com.accarunit.beauty.camera.videocall/com.lightcone.beautycam.activity .MainActivity]@0#16(BLAST Consumer)16](id:194300000012,api:3,p:938,c:6467) waitForFreeSlotThenRelock TIMED_OUT 0 dequeuedCount=20, acquiredCount=2, mMaxAcquiredBufferCount=1, mMaxDequeuedBufferCount=21
02-20 19:14:15.877 6467 6467 I MSHandlerLifeCycle: removeMultiSplitHandler: no exist. decor=DecorView@775f47a[MainActivity]
02-20 19:14:15.878 6467 6533 E IMGMapper: set:488 set: Unset optional value from type SMPTE2086
02-20 19:14:15.878 6467 6533 E IMGMapper: set:488 set: Unset optional value from type CTA861_3
02-20 19:14:15.884 6467 6740 D BufferQueueProducer: [SurfaceView[com.accarunit.beauty.camera.videocall/com.lightcone.beautycam.activity .MainActivity]@0#16(BLAST Consumer)16](id:194300000012,api:3,p:938,c:6467) waitForFreeSlotThenRelock TIMED_OUT 0 dequeuedCount=19, acquiredCount=3, mMaxAcquiredBufferCount=1, mMaxDequeuedBufferCount=21
02-20 19:14:15.893 6467 6533 D OpenGLRenderer: setSurface called with nullptr
02-20 19:14:15.893 6467 6533 D OpenGLRenderer: setSurface() destroyed EGLSurface
02-20 19:14:15.893 6467 6533 D OpenGLRenderer: destroyEglSurface
02-20 19:14:15.894 6467 6533 D BufferQueueProducer: [ViewRootImpl@f3cbe1b[MainActivity]#18(BLAST Consumer)18] (id:194300000014,api:1,p:6467,c:6467) disconnect: api 1
02-20 19:14:15.895 6467 6467 I ViewRootImpl@f3cbe1b[MainActivity]: dispatchDetachedFromWindow
02-20 19:14:15.895 6467 6467 D BLASTBufferQueue: [ViewRootImpl@f3cbe1b[MainActivity]#18](f:0,a:1) destructor()
02-20 19:14:15.895 6467 6467 D BufferQueueConsumer: [ViewRootImpl@f3cbe1b[MainActivity]#18(BLAST Consumer)18](id:194300000014,api:0,p:- 1,c:6467) disconnect
02-20 19:14:15.896 6467 6743 D BufferQueueProducer: [SurfaceView[com.accarunit.beauty.camera.videocall/com.lightcone.beautycam.activity .MainActivity]@0#16(BLAST Consumer)16](id:194300000012,api:3,p:938,c:6467) waitForFreeSlotThenRelock TIMED_OUT 0 dequeuedCount=20, acquiredCount=2, mMaxAcquiredBufferCount=1, mMaxDequeuedBufferCount=21
02-20 19:14:15.907 6467 6740 D BufferQueueProducer: [SurfaceView[com.accarunit.beauty.camera.videocall/com.lightcone.beautycam.activity .MainActivity]@0#16(BLAST Consumer)16](id:194300000012,api:3,p:938,c:6467) waitForFreeSlotThenRelock TIMED_OUT 0 dequeuedCount=20, acquiredCount=2, mMaxAcquiredBufferCount=1, mMaxDequeuedBufferCount=21
02-20 19:14:15.914 6467 6467 D InputTransport: Input channel destroyed: 'a342f91', fd=142
02-20 19:14:15.919 6467 6740 D BufferQueueProducer: [SurfaceView[com.accarunit.beauty.camera.videocall/com.lightcone.beautycam.activity .MainActivity]@0#16(BLAST Consumer)16](id:194300000012,api:3,p:938,c:6467) waitForFreeSlotThenRelock TIMED_OUT 0 dequeuedCount=20, acquiredCount=2, mMaxAcquiredBufferCount=1, mMaxDequeuedBufferCount=21
02-20 19:14:15.930 6467 6740 D BufferQueueProducer: [SurfaceView[com.accarunit.beauty.camera.videocall/com.lightcone.beautycam.activity .MainActivity]@0#16(BLAST Consumer)16](id:194300000012,api:3,p:938,c:6467) waitForFreeSlotThenRelock TIMED_OUT 0 dequeuedCount=20, acquiredCount=2, mMaxAcquiredBufferCount=1, mMaxDequeuedBufferCount=21
02-20 19:14:15.941 6467 6740 D BufferQueueProducer: [SurfaceView[com.accarunit.beauty.camera.videocall/com.lightcone.beautycam.activity .MainActivity]@0#16(BLAST Consumer)16](id:194300000012,api:3,p:938,c:6467) waitForFreeSlotThenRelock TIMED_OUT 0 dequeuedCount=20, acquiredCount=2, mMaxAcquiredBufferCount=1, mMaxDequeuedBufferCount=21
02-20 19:14:15.951 6467 6740 D BufferQueueProducer: [SurfaceView[com.accarunit.beauty.camera.videocall/com.lightcone.beautycam.activity .MainActivity]@0#16(BLAST Consumer)16](id:194300000012,api:3,p:938,c:6467) waitForFreeSlotThenRelock TIMED_OUT 0 dequeuedCount=19, acquiredCount=3, mMaxAcquiredBufferCount=1, mMaxDequeuedBufferCount=21
02-20 19:14:15.963 6467 6743 D BufferQueueProducer: [SurfaceView[com.accarunit.beauty.camera.videocall/com.lightcone.beautycam.activity .MainActivity]@0#16(BLAST Consumer)16](id:194300000012,api:3,p:938,c:6467) waitForFreeSlotThenRelock TIMED_OUT 0 dequeuedCount=20, acquiredCount=2, mMaxAcquiredBufferCount=1, mMaxDequeuedBufferCount=21
02-20 19:14:15.974 6467 6740 D BufferQueueProducer: [SurfaceView[com.accarunit.beauty.camera.videocall/com.lightcone.beautycam.activity .MainActivity]@0#16(BLAST Consumer)16](id:194300000012,api:3,p:938,c:6467) waitForFreeSlotThenRelock TIMED_OUT 0 dequeuedCount=20, acquiredCount=2, mMaxAcquiredBufferCount=1, mMaxDequeuedBufferCount=21
02-20 19:14:15.976 7258 7258 I videocall:black: Using CollectorTypeCC GC.
02-20 19:14:15.985 6467 6740 D BufferQueueProducer: [SurfaceView[com.accarunit.beauty.camera.videocall/com.lightcone.beautycam.activity .MainActivity]@0#16(BLAST Consumer)16](id:194300000012,api:3,p:938,c:6467) waitForFreeSlotThenRelock TIMED_OUT 0 dequeuedCount=19, acquiredCount=3, mMaxAcquiredBufferCount=1, mMaxDequeuedBufferCount=21
02-20 19:14:15.990 7258 7258 E videocall:black: Not starting debugger since process cannot load the jdwp agent.
02-20 19:14:15.996 6467 6740 D BufferQueueProducer: [SurfaceView[com.accarunit.beauty.camera.videocall/com.lightcone.beautycam.activity .MainActivity]@0#16(BLAST Consumer)16](id:194300000012,api:3,p:938,c:6467) waitForFreeSlotThenRelock TIMED_OUT 0 dequeuedCount=20, acquiredCount=2, mMaxAcquiredBufferCount=1, mMaxDequeuedBufferCount=21
02-20 19:14:16.007 6467 6740 D BufferQueueProducer: [SurfaceView[com.accarunit.beauty.camera.videocall/com.lightcone.beautycam.activity .MainActivity]@0#16(BLAST Consumer)16](id:194300000012,api:3,p:938,c:6467) waitForFreeSlotThenRelock TIMED_OUT 0 dequeuedCount=20, acquiredCount=2, mMaxAcquiredBufferCount=1, mMaxDequeuedBufferCount=21
02-20 19:14:16.018 6467 6740 D BufferQueueProducer: [SurfaceView[com.accarunit.beauty.camera.videocall/com.lightcone.beautycam.activity .MainActivity]@0#16(BLAST Consumer)16](id:194300000012,api:3,p:938,c:6467) waitForFreeSlotThenRelock TIMED_OUT 0 dequeuedCount=19, acquiredCount=3, mMaxAcquiredBufferCount=1, mMaxDequeuedBufferCount=21
02-20 19:14:16.025 7258 7258 D ActivityThread: setConscryptValidator
02-20 19:14:16.025 7258 7258 D ActivityThread: setConscryptValidator - put
02-20 19:14:16.029 6467 6740 D BufferQueueProducer: [SurfaceView[com.accarunit.beauty.camera.videocall/com.lightcone.beautycam.activity .MainActivity]@0#16(BLAST Consumer)16](id:194300000012,api:3,p:938,c:6467) waitForFreeSlotThenRelock TIMED_OUT 0 dequeuedCount=20, acquiredCount=2, mMaxAcquiredBufferCount=1, mMaxDequeuedBufferCount=21
02-20 19:14:16.040 6467 6740 D BufferQueueProducer: [SurfaceView[com.accarunit.beauty.camera.videocall/com.lightcone.beautycam.activity .MainActivity]@0#16(BLAST Consumer)16](id:194300000012,api:3,p:938,c:6467) waitForFreeSlotThenRelock TIMED_OUT 0 dequeuedCount=20, acquiredCount=2, mMaxAcquiredBufferCount=1, mMaxDequeuedBufferCount=21
02-20 19:14:16.051 6467 6743 D BufferQueueProducer: [SurfaceView[com.accarunit.beauty.camera.videocall/com.lightcone.beautycam.activity .MainActivity]@0#16(BLAST Consumer)16](id:194300000012,api:3,p:938,c:6467) waitForFreeSlotThenRelock TIMED_OUT 0 dequeuedCount=19, acquiredCount=3, mMaxAcquiredBufferCount=1, mMaxDequeuedBufferCount=21
02-20 19:14:16.054 7258 7258 D CompatibilityChangeReporter: Compat change id reported: 171979766; UID 10254; state: ENABLED
02-20 19:14:16.063 6467 6743 D BufferQueueProducer: [SurfaceView[com.accarunit.beauty.camera.videocall/com.lightcone.beautycam.activity .MainActivity]@0#16(BLAST Consumer)16](id:194300000012,api:3,p:938,c:6467) waitForFreeSlotThenRelock TIMED_OUT 0 dequeuedCount=20, acquiredCount=2, mMaxAcquiredBufferCount=1, mMaxDequeuedBufferCount=21
02-20 19:14:16.073 6467 6743 D BufferQueueProducer: [SurfaceView[com.accarunit.beauty.camera.videocall/com.lightcone.beautycam.activity .MainActivity]@0#16(BLAST Consumer)16](id:194300000012,api:3,p:938,c:6467) waitForFreeSlotThenRelock TIMED_OUT 0 dequeuedCount=20, acquiredCount=2, mMaxAcquiredBufferCount=1, mMaxDequeuedBufferCount=21
02-20 19:14:16.084 6467 6743 D BufferQueueProducer: [SurfaceView[com.accarunit.beauty.camera.videocall/com.lightcone.beautycam.activity .MainActivity]@0#16(BLAST Consumer)16](id:194300000012,api:3,p:938,c:6467) waitForFreeSlotThenRelock TIMED_OUT 0 dequeuedCount=19, acquiredCount=3, mMaxAcquiredBufferCount=1, mMaxDequeuedBufferCount=21
02-20 19:14:16.092 7258 7258 D nativeloader: Configuring classloader-namespace for other apk /system/framework/org.apache.http.legacy.jar. target_sdk_version=31, uses_libraries=ALL, library_path=/data/app/~~dJm8cnssPqwFFsuRImnU7A==/com.accarunit.beauty.camera.video call-7xmplovrk2n5_OHqm2YVjw==/lib/arm64:/data/app/~~dJm8cnssPqwFFsuRImnU7A==/ com.accarunit.beauty.camera.videocall-7xmplovrk2n5_OHqm2YVjw==/base.apk!/lib/arm64- v8a:/data/app/~~dJm8cnssPqwFFsuRImnU7A==/com.accarunit.beauty.camera.videocall- 7xmplovrk2n5_OHqm2YVjw==/split_config.arm64_v8a.apk!/lib/arm64-v8a:/data/app/ ~~dJm8cnssPqwFFsuRImnU7A==/com.accarunit.beauty.camera.videocall- 7xmplovrk2n5_OHqm2YVjw==/split_config.es.apk!/lib/arm64-v8a, permitted_path=/data:/mnt/expand:/data/user/0/com.accarunit.beauty.camera.videocall
02-20 19:14:16.092 7258 7258 D nativeloader: Extending system_exposed_libraries: libexifa.camera.samsung.so:libjpega.camera.samsung.so:libOpenCv.camera.samsung.so:l ibImageScreener.camera.samsung.so:libHpr_RecGAE_cvFeature_v1.0.camera.samsung.so:li bHprFace_GAE_api.camera.samsung.so:libHprFace_GAE_jni.camera.samsung.so:libObjectAn dSceneClassification_2.5_OD.camera.samsung.so:libQREngine.camera.samsung.so:libInte ractiveSegmentation.camera.samsung.so:libsmart_cropping.camera.samsung.so:libFacePr eProcessing_jni.camera.samsung.so:libFacePreProcessing_jni.camera.samsung.so:libhum antracking_util.camera.samsung.so:libhumantracking_util.camera.samsung.so:libsecjpe ginterface.camera.samsung.so:libMyFilterPlugin.camera.samsung.so:libsurfaceutil.cam era.samsung.so:libsecimaging_pdk.camera.samsung.so:libsecimaging.camera.samsung.so: libsce_v1.crypto.samsung.so:lib_vnd_client.dk.samsung.so:lib_native_client.dk.samsu ng.so:lib_nativeJni.dk.samsung.so:lib.engmodejni.samsung.so:libSFEffect.fonteffect. samsung.so:libknox_remotedesktopclient.knox.samsung.so:libheifcapture_jni.
02-20 19:14:16.096 6467 6743 D BufferQueueProducer: [SurfaceView[com.accarunit.beauty.camera.videocall/com.lightcone.beautycam.activity .MainActivity]@0#16(BLAST Consumer)16](id:194300000012,api:3,p:938,c:6467) waitForFreeSlotThenRelock TIMED_OUT 0 dequeuedCount=20, acquiredCount=2, mMaxAcquiredBufferCount=1, mMaxDequeuedBufferCount=21
02-20 19:14:16.107 6467 6743 D BufferQueueProducer: [SurfaceView[com.accarunit.beauty.camera.videocall/com.lightcone.beautycam.activity .MainActivity]@0#16(BLAST Consumer)16](id:194300000012,api:3,p:938,c:6467) waitForFreeSlotThenRelock TIMED_OUT 0 dequeuedCount=20, acquiredCount=2, mMaxAcquiredBufferCount=1, mMaxDequeuedBufferCount=21
02-20 19:14:16.118 6467 6743 D BufferQueueProducer: [SurfaceView[com.accarunit.beauty.camera.videocall/com.lightcone.beautycam.activity .MainActivity]@0#16(BLAST Consumer)16](id:194300000012,api:3,p:938,c:6467) waitForFreeSlotThenRelock TIMED_OUT 0 dequeuedCount=20, acquiredCount=2, mMaxAcquiredBufferCount=1, mMaxDequeuedBufferCount=21
02-20 19:14:16.129 6467 6743 D BufferQueueProducer: [SurfaceView[com.accarunit.beauty.camera.videocall/com.lightcone.beautycam.activity .MainActivity]@0#16(BLAST Consumer)16](id:194300000012,api:3,p:938,c:6467) waitForFreeSlotThenRelock TIMED_OUT 0 dequeuedCount=20, acquiredCount=2, mMaxAcquiredBufferCount=1, mMaxDequeuedBufferCount=21
02-20 19:14:16.139 6467 6743 D BufferQueueProducer: [SurfaceView[com.accarunit.beauty.camera.videocall/com.lightcone.beautycam.activity .MainActivity]@0#16(BLAST Consumer)16](id:194300000012,api:3,p:938,c:6467) waitForFreeSlotThenRelock TIMED_OUT 0 dequeuedCount=20, acquiredCount=2, mMaxAcquiredBufferCount=1, mMaxDequeuedBufferCount=21
02-20 19:14:16.152 6467 6740 D BufferQueueProducer: [SurfaceView[com.accarunit.beauty.camera.videocall/com.lightcone.beautycam.activity .MainActivity]@0#16(BLAST Consumer)16](id:194300000012,api:3,p:938,c:6467) waitForFreeSlotThenRelock TIMED_OUT 0 dequeuedCount=20, acquiredCount=2, mMaxAcquiredBufferCount=1, mMaxDequeuedBufferCount=21
02-20 19:14:16.163 6467 6743 D BufferQueueProducer: [SurfaceView[com.accarunit.beauty.camera.videocall/com.lightcone.beautycam.activity .MainActivity]@0#16(BLAST Consumer)16](id:194300000012,api:3,p:938,c:6467) waitForFreeSlotThenRelock TIMED_OUT 0 dequeuedCount=20, acquiredCount=2, mMaxAcquiredBufferCount=1, mMaxDequeuedBufferCount=21
02-20 19:14:16.174 6467 6743 D BufferQueueProducer: [SurfaceView[com.accarunit.beauty.camera.videocall/com.lightcone.beautycam.activity .MainActivity]@0#16(BLAST Consumer)16](id:194300000012,api:3,p:938,c:6467) waitForFreeSlotThenRelock TIMED_OUT 0 dequeuedCount=20, acquiredCount=2, mMaxAcquiredBufferCount=1, mMaxDequeuedBufferCount=21
02-20 19:14:16.177 7258 7258 W ziparchive: Unable to open '/data/app/~~dJm8cnssPqwFFsuRImnU7A==/com.accarunit.beauty.camera.videocall- 7xmplovrk2n5_OHqm2YVjw==/split_config.arm64_v8a.dm': No such file or directory
02-20 19:14:16.177 7258 7258 W ziparchive: Unable to open '/data/app/~~dJm8cnssPqwFFsuRImnU7A==/com.accarunit.beauty.camera.videocall- 7xmplovrk2n5_OHqm2YVjw==/split_config.arm64_v8a.dm': No such file or directory
02-20 19:14:16.177 7258 7258 W videocall:black: Entry not found
02-20 19:14:16.185 6467 6743 D BufferQueueProducer: [SurfaceView[com.accarunit.beauty.camera.videocall/com.lightcone.beautycam.activity .MainActivity]@0#16(BLAST Consumer)16](id:194300000012,api:3,p:938,c:6467) waitForFreeSlotThenRelock TIMED_OUT 0 dequeuedCount=20, acquiredCount=2, mMaxAcquiredBufferCount=1, mMaxDequeuedBufferCount=21
02-20 19:14:16.196 6467 6743 D BufferQueueProducer: [SurfaceView[com.accarunit.beauty.camera.videocall/com.lightcone.beautycam.activity .MainActivity]@0#16(BLAST Consumer)16](id:194300000012,api:3,p:938,c:6467) waitForFreeSlotThenRelock TIMED_OUT 0 dequeuedCount=20, acquiredCount=2, mMaxAcquiredBufferCount=1, mMaxDequeuedBufferCount=21
02-20 19:14:16.200 7258 7258 W ziparchive: Unable to open '/data/app/~~dJm8cnssPqwFFsuRImnU7A==/com.accarunit.beauty.camera.videocall- 7xmplovrk2n5_OHqm2YVjw==/split_config.es.dm': No such file or directory
02-20 19:14:16.200 7258 7258 W ziparchive: Unable to open '/data/app/~~dJm8cnssPqwFFsuRImnU7A==/com.accarunit.beauty.camera.videocall- 7xmplovrk2n5_OHqm2YVjw==/split_config.es.dm': No such file or directory
02-20 19:14:16.200 7258 7258 W videocall:black: Entry not found
02-20 19:14:16.202 7258 7258 D nativeloader: Configuring classloader-namespace for other apk /data/app/~~dJm8cnssPqwFFsuRImnU7A==/com.accarunit.beauty.camera.videocall- 7xmplovrk2n5_OHqm2YVjw==/base.apk:/data/app/~~dJm8cnssPqwFFsuRImnU7A==/ com.accarunit.beauty.camera.videocall-7xmplovrk2n5_OHqm2YVjw==/ split_config.arm64_v8a.apk:/data/app/~~dJm8cnssPqwFFsuRImnU7A==/ com.accarunit.beauty.camera.videocall-7xmplovrk2n5_OHqm2YVjw==/split_config.es.apk. target_sdk_version=31, uses_libraries=, library_path=/data/app/~~dJm8cnssPqwFFsuRImnU7A==/com.accarunit.beauty.camera.video call-7xmplovrk2n5_OHqm2YVjw==/lib/arm64:/data/app/~~dJm8cnssPqwFFsuRImnU7A==/ com.accarunit.beauty.camera.videocall-7xmplovrk2n5_OHqm2YVjw==/base.apk!/lib/arm64- v8a:/data/app/~~dJm8cnssPqwFFsuRImnU7A==/com.accarunit.beauty.camera.videocall- 7xmplovrk2n5_OHqm2YVjw==/split_config.arm64_v8a.apk!/lib/arm64-v8a:/data/app/ ~~dJm8cnssPqwFFsuRImnU7A==/com.accarunit.beauty.camera.videocall- 7xmplovrk2n5_OHqm2YVjw==/split_config.es.apk!/lib/arm64-v8a, permitted_path=/data:/mnt/expand:/data/user/0/com.acc
02-20 19:14:16.204 7258 7258 W videocall:black: JIT profile information will not be recorded: profile file does not exist.
02-20 19:14:16.204 7258 7258 W videocall:black: JIT profile information will not be recorded: profile file does not exist.
02-20 19:14:16.207 6467 6743 D BufferQueueProducer: [SurfaceView[com.accarunit.beauty.camera.videocall/com.lightcone.beautycam.activity .MainActivity]@0#16(BLAST Consumer)16](id:194300000012,api:3,p:938,c:6467) waitForFreeSlotThenRelock TIMED_OUT 0 dequeuedCount=20, acquiredCount=2, mMaxAcquiredBufferCount=1, mMaxDequeuedBufferCount=21
02-20 19:14:16.218 6467 6743 D BufferQueueProducer: [SurfaceView[com.accarunit.beauty.camera.videocall/com.lightcone.beautycam.activity .MainActivity]@0#16(BLAST Consumer)16](id:194300000012,api:3,p:938,c:6467) waitForFreeSlotThenRelock TIMED_OUT 0 dequeuedCount=20, acquiredCount=2, mMaxAcquiredBufferCount=1, mMaxDequeuedBufferCount=21
02-20 19:14:16.229 6467 6743 D BufferQueueProducer: [SurfaceView[com.accarunit.beauty.camera.videocall/com.lightcone.beautycam.activity .MainActivity]@0#16(BLAST Consumer)16](id:194300000012,api:3,p:938,c:6467) waitForFreeSlotThenRelock TIMED_OUT 0 dequeuedCount=20, acquiredCount=2, mMaxAcquiredBufferCount=1, mMaxDequeuedBufferCount=21
02-20 19:14:16.238 7258 7258 V GraphicsEnvironment: ANGLE Developer option for 'com.accarunit.beauty.camera.videocall' set to: 'default'
