02-20 19:13:55.704 6467 6467 V MediaPlayerNative: setListener
02-20 19:13:55.704 6467 6467 V MediaPlayerNative: disconnect
02-20 19:13:55.707 6467 6743 D BufferQueueProducer: [SurfaceView[com.accarunit.beauty.camera.videocall/com.lightcone.beautycam.activity .MainActivity]@0#12(BLAST Consumer)12](id:19430000000e,api:3,p:938,c:6467) waitForFreeSlotThenRelock TIMED_OUT 0 dequeuedCount=20, acquiredCount=2, mMaxAcquiredBufferCount=1, mMaxDequeuedBufferCount=21
02-20 19:13:55.707 6467 6740 V MediaPlayerNative: message received msg=8, ext1=0, ext2=0
02-20 19:13:55.707 6467 6740 V MediaPlayerNative: notify(8, 0, 0) callback on disconnected mediaplayer
02-20 19:13:55.708 6467 6740 V MediaPlayerNative: message received msg=211, ext1=0, ext2=0
02-20 19:13:55.708 6467 6740 V MediaPlayerNative: notify(211, 0, 0) callback on disconnected mediaplayer
02-20 19:13:55.708 6467 6740 V MediaPlayerNative: message received msg=211, ext1=0, ext2=0
02-20 19:13:55.708 6467 6740 V MediaPlayerNative: notify(211, 0, 0) callback on disconnected mediaplayer
02-20 19:13:55.708 6467 7050 V MediaPlayerNative: message received msg=211, ext1=0, ext2=0
02-20 19:13:55.708 6467 7050 V MediaPlayerNative: notify(211, 0, 0) callback on disconnected mediaplayer
02-20 19:13:55.744 6467 6743 W BufferQueueProducer: [SurfaceView[com.accarunit.beauty.camera.videocall/com.lightcone.beautycam.activity .MainActivity]@0#12(BLAST Consumer)12](id:19430000000e,api:3,p:938,c:6467) detachBuffer: slot 1 is not owned by the producer (state = FREE)
02-20 19:13:55.754 6467 6743 W BufferQueueProducer: [SurfaceView[com.accarunit.beauty.camera.videocall/com.lightcone.beautycam.activity .MainActivity]@0#12(BLAST Consumer)12](id:19430000000e,api:3,p:938,c:6467) detachBuffer: slot 10 is not owned by the producer (state = FREE)
02-20 19:13:55.755 6467 6743 W BufferQueueProducer: [SurfaceView[com.accarunit.beauty.camera.videocall/com.lightcone.beautycam.activity .MainActivity]@0#12(BLAST Consumer)12](id:19430000000e,api:3,p:938,c:6467) detachBuffer: slot 11 is not owned by the producer (state = FREE)
02-20 19:13:55.755 6467 6743 W BufferQueueProducer: [SurfaceView[com.accarunit.beauty.camera.videocall/com.lightcone.beautycam.activity .MainActivity]@0#12(BLAST Consumer)12](id:19430000000e,api:3,p:938,c:6467) detachBuffer: slot 12 is not owned by the producer (state = FREE)
02-20 19:13:55.757 6467 6743 W BufferQueueProducer: [SurfaceView[com.accarunit.beauty.camera.videocall/com.lightcone.beautycam.activity .MainActivity]@0#12(BLAST Consumer)12](id:19430000000e,api:3,p:938,c:6467) detachBuffer: slot 14 is not owned by the producer (state = FREE)
02-20 19:13:55.759 6467 6743 W BufferQueueProducer: [SurfaceView[com.accarunit.beauty.camera.videocall/com.lightcone.beautycam.activity .MainActivity]@0#12(BLAST Consumer)12](id:19430000000e,api:3,p:938,c:6467) detachBuffer: slot 16 is not owned by the producer (state = FREE)
02-20 19:13:55.760 6467 6743 W BufferQueueProducer: [SurfaceView[com.accarunit.beauty.camera.videocall/com.lightcone.beautycam.activity .MainActivity]@0#12(BLAST Consumer)12](id:19430000000e,api:3,p:938,c:6467) detachBuffer: slot 18 is not owned by the producer (state = FREE)
02-20 19:13:55.763 6467 6743 W BufferQueueProducer: [SurfaceView[com.accarunit.beauty.camera.videocall/com.lightcone.beautycam.activity .MainActivity]@0#12(BLAST Consumer)12](id:19430000000e,api:3,p:938,c:6467) detachBuffer: slot 21 is not owned by the producer (state = ACQUIRED)
02-20 19:13:55.763 6467 6743 W BufferQueueProducer: [SurfaceView[com.accarunit.beauty.camera.videocall/com.lightcone.beautycam.activity .MainActivity]@0#12(BLAST Consumer)12](id:19430000000e,api:3,p:938,c:6467) detachBuffer: slot 22 is not owned by the producer (state = FREE)
02-20 19:13:55.764 6467 6743 W BufferQueueProducer: [SurfaceView[com.accarunit.beauty.camera.videocall/com.lightcone.beautycam.activity .MainActivity]@0#12(BLAST Consumer)12](id:19430000000e,api:3,p:938,c:6467) detachBuffer: slot 23 is not owned by the producer (state = FREE)
02-20 19:13:55.764 6467 6743 W BufferQueueProducer: [SurfaceView[com.accarunit.beauty.camera.videocall/com.lightcone.beautycam.activity .MainActivity]@0#12(BLAST Consumer)12](id:19430000000e,api:3,p:938,c:6467) detachBuffer: slot 24 is not owned by the producer (state = FREE)
02-20 19:13:55.765 6467 6743 W BufferQueueProducer: [SurfaceView[com.accarunit.beauty.camera.videocall/com.lightcone.beautycam.activity .MainActivity]@0#12(BLAST Consumer)12](id:19430000000e,api:3,p:938,c:6467) detachBuffer: slot 25 is not owned by the producer (state = FREE)
02-20 19:13:55.765 6467 6743 W BufferQueueProducer: [SurfaceView[com.accarunit.beauty.camera.videocall/com.lightcone.beautycam.activity .MainActivity]@0#12(BLAST Consumer)12](id:19430000000e,api:3,p:938,c:6467) detachBuffer: slot 26 is not owned by the producer (state = FREE)
02-20 19:13:55.765 6467 6743 W BufferQueueProducer: [SurfaceView[com.accarunit.beauty.camera.videocall/com.lightcone.beautycam.activity .MainActivity]@0#12(BLAST Consumer)12](id:19430000000e,api:3,p:938,c:6467) detachBuffer: slot 27 is not owned by the producer (state = FREE)
02-20 19:13:55.766 6467 6743 W BufferQueueProducer: [SurfaceView[com.accarunit.beauty.camera.videocall/com.lightcone.beautycam.activity .MainActivity]@0#12(BLAST Consumer)12](id:19430000000e,api:3,p:938,c:6467) detachBuffer: slot 28 is not owned by the producer (state = FREE)
02-20 19:13:55.766 6467 6743 W BufferQueueProducer: [SurfaceView[com.accarunit.beauty.camera.videocall/com.lightcone.beautycam.activity .MainActivity]@0#12(BLAST Consumer)12](id:19430000000e,api:3,p:938,c:6467) detachBuffer: slot 29 is not owned by the producer (state = FREE)
02-20 19:13:55.766 6467 6743 W BufferQueueProducer: [SurfaceView[com.accarunit.beauty.camera.videocall/com.lightcone.beautycam.activity .MainActivity]@0#12(BLAST Consumer)12](id:19430000000e,api:3,p:938,c:6467) detachBuffer: slot 30 is not owned by the producer (state = FREE)
02-20 19:13:55.767 6467 6743 W BufferQueueProducer: [SurfaceView[com.accarunit.beauty.camera.videocall/com.lightcone.beautycam.activity .MainActivity]@0#12(BLAST Consumer)12](id:19430000000e,api:3,p:938,c:6467) detachBuffer: slot 31 is not owned by the producer (state = FREE)
02-20 19:13:55.767 6467 6743 W BufferQueueProducer: [SurfaceView[com.accarunit.beauty.camera.videocall/com.lightcone.beautycam.activity .MainActivity]@0#12(BLAST Consumer)12](id:19430000000e,api:3,p:938,c:6467) detachBuffer: slot 32 is not owned by the producer (state = FREE)
02-20 19:13:55.768 6467 6743 W BufferQueueProducer: [SurfaceView[com.accarunit.beauty.camera.videocall/com.lightcone.beautycam.activity .MainActivity]@0#12(BLAST Consumer)12](id:19430000000e,api:3,p:938,c:6467) detachBuffer: slot 33 is not owned by the producer (state = FREE)
02-20 19:13:55.768 6467 6743 W BufferQueueProducer: [SurfaceView[com.accarunit.beauty.camera.videocall/com.lightcone.beautycam.activity .MainActivity]@0#12(BLAST Consumer)12](id:19430000000e,api:3,p:938,c:6467) detachBuffer: slot 34 is not owned by the producer (state = FREE)
02-20 19:13:55.769 6467 6743 W BufferQueueProducer: [SurfaceView[com.accarunit.beauty.camera.videocall/com.lightcone.beautycam.activity .MainActivity]@0#12(BLAST Consumer)12](id:19430000000e,api:3,p:938,c:6467) detachBuffer: slot 35 is not owned by the producer (state = FREE)
02-20 19:13:55.769 6467 6743 W BufferQueueProducer: [SurfaceView[com.accarunit.beauty.camera.videocall/com.lightcone.beautycam.activity .MainActivity]@0#12(BLAST Consumer)12](id:19430000000e,api:3,p:938,c:6467) detachBuffer: slot 36 is not owned by the producer (state = FREE)
02-20 19:13:55.770 6467 6743 W BufferQueueProducer: [SurfaceView[com.accarunit.beauty.camera.videocall/com.lightcone.beautycam.activity .MainActivity]@0#12(BLAST Consumer)12](id:19430000000e,api:3,p:938,c:6467) detachBuffer: slot 37 is not owned by the producer (state = FREE)
02-20 19:13:55.770 6467 6743 W BufferQueueProducer: [SurfaceView[com.accarunit.beauty.camera.videocall/com.lightcone.beautycam.activity .MainActivity]@0#12(BLAST Consumer)12](id:19430000000e,api:3,p:938,c:6467) detachBuffer: slot 38 is not owned by the producer (state = FREE)
02-20 19:13:55.770 6467 6743 W BufferQueueProducer: [SurfaceView[com.accarunit.beauty.camera.videocall/com.lightcone.beautycam.activity .MainActivity]@0#12(BLAST Consumer)12](id:19430000000e,api:3,p:938,c:6467) detachBuffer: slot 39 is not owned by the producer (state = FREE)
02-20 19:13:55.771 6467 6743 W BufferQueueProducer: [SurfaceView[com.accarunit.beauty.camera.videocall/com.lightcone.beautycam.activity .MainActivity]@0#12(BLAST Consumer)12](id:19430000000e,api:3,p:938,c:6467) detachBuffer: slot 40 is not owned by the producer (state = FREE)
02-20 19:13:55.771 6467 6743 W BufferQueueProducer: [SurfaceView[com.accarunit.beauty.camera.videocall/com.lightcone.beautycam.activity .MainActivity]@0#12(BLAST Consumer)12](id:19430000000e,api:3,p:938,c:6467) detachBuffer: slot 41 is not owned by the producer (state = FREE)
02-20 19:13:55.772 6467 6743 W BufferQueueProducer: [SurfaceView[com.accarunit.beauty.camera.videocall/com.lightcone.beautycam.activity .MainActivity]@0#12(BLAST Consumer)12](id:19430000000e,api:3,p:938,c:6467) detachBuffer: slot 42 is not owned by the producer (state = FREE)
02-20 19:13:55.772 6467 6743 W BufferQueueProducer: [SurfaceView[com.accarunit.beauty.camera.videocall/com.lightcone.beautycam.activity .MainActivity]@0#12(BLAST Consumer)12](id:19430000000e,api:3,p:938,c:6467) detachBuffer: slot 43 is not owned by the producer (state = FREE)
02-20 19:13:55.772 6467 6743 W BufferQueueProducer: [SurfaceView[com.accarunit.beauty.camera.videocall/com.lightcone.beautycam.activity .MainActivity]@0#12(BLAST Consumer)12](id:19430000000e,api:3,p:938,c:6467) detachBuffer: slot 44 is not owned by the producer (state = FREE)
02-20 19:13:55.772 6467 6743 W BufferQueueProducer: [SurfaceView[com.accarunit.beauty.camera.videocall/com.lightcone.beautycam.activity .MainActivity]@0#12(BLAST Consumer)12](id:19430000000e,api:3,p:938,c:6467) detachBuffer: slot 45 is not owned by the producer (state = FREE)
02-20 19:13:55.773 6467 6743 W BufferQueueProducer: [SurfaceView[com.accarunit.beauty.camera.videocall/com.lightcone.beautycam.activity .MainActivity]@0#12(BLAST Consumer)12](id:19430000000e,api:3,p:938,c:6467) detachBuffer: slot 46 is not owned by the producer (state = FREE)
02-20 19:13:55.773 6467 6743 W BufferQueueProducer: [SurfaceView[com.accarunit.beauty.camera.videocall/com.lightcone.beautycam.activity .MainActivity]@0#12(BLAST Consumer)12](id:19430000000e,api:3,p:938,c:6467) detachBuffer: slot 47 is not owned by the producer (state = FREE)
02-20 19:13:55.773 6467 6743 W BufferQueueProducer: [SurfaceView[com.accarunit.beauty.camera.videocall/com.lightcone.beautycam.activity .MainActivity]@0#12(BLAST Consumer)12](id:19430000000e,api:3,p:938,c:6467) detachBuffer: slot 48 is not owned by the producer (state = FREE)
02-20 19:13:55.773 6467 6743 W BufferQueueProducer: [SurfaceView[com.accarunit.beauty.camera.videocall/com.lightcone.beautycam.activity .MainActivity]@0#12(BLAST Consumer)12](id:19430000000e,api:3,p:938,c:6467) detachBuffer: slot 49 is not owned by the producer (state = FREE)
02-20 19:13:55.773 6467 6743 W BufferQueueProducer: [SurfaceView[com.accarunit.beauty.camera.videocall/com.lightcone.beautycam.activity .MainActivity]@0#12(BLAST Consumer)12](id:19430000000e,api:3,p:938,c:6467) detachBuffer: slot 50 is not owned by the producer (state = FREE)
02-20 19:13:55.774 6467 6743 W BufferQueueProducer: [SurfaceView[com.accarunit.beauty.camera.videocall/com.lightcone.beautycam.activity .MainActivity]@0#12(BLAST Consumer)12](id:19430000000e,api:3,p:938,c:6467) detachBuffer: slot 51 is not owned by the producer (state = FREE)
02-20 19:13:55.774 6467 6743 W BufferQueueProducer: [SurfaceView[com.accarunit.beauty.camera.videocall/com.lightcone.beautycam.activity .MainActivity]@0#12(BLAST Consumer)12](id:19430000000e,api:3,p:938,c:6467) detachBuffer: slot 52 is not owned by the producer (state = FREE)
02-20 19:13:55.774 6467 6743 W BufferQueueProducer: [SurfaceView[com.accarunit.beauty.camera.videocall/com.lightcone.beautycam.activity .MainActivity]@0#12(BLAST Consumer)12](id:19430000000e,api:3,p:938,c:6467) detachBuffer: slot 53 is not owned by the producer (state = FREE)
02-20 19:13:55.774 6467 6743 W BufferQueueProducer: [SurfaceView[com.accarunit.beauty.camera.videocall/com.lightcone.beautycam.activity .MainActivity]@0#12(BLAST Consumer)12](id:19430000000e,api:3,p:938,c:6467) detachBuffer: slot 54 is not owned by the producer (state = FREE)
02-20 19:13:55.775 6467 6743 W BufferQueueProducer: [SurfaceView[com.accarunit.beauty.camera.videocall/com.lightcone.beautycam.activity .MainActivity]@0#12(BLAST Consumer)12](id:19430000000e,api:3,p:938,c:6467) detachBuffer: slot 55 is not owned by the producer (state = FREE)
02-20 19:13:55.775 6467 6743 W BufferQueueProducer: [SurfaceView[com.accarunit.beauty.camera.videocall/com.lightcone.beautycam.activity .MainActivity]@0#12(BLAST Consumer)12](id:19430000000e,api:3,p:938,c:6467) detachBuffer: slot 56 is not owned by the producer (state = FREE)
02-20 19:13:55.776 6467 6743 W BufferQueueProducer: [SurfaceView[com.accarunit.beauty.camera.videocall/com.lightcone.beautycam.activity .MainActivity]@0#12(BLAST Consumer)12](id:19430000000e,api:3,p:938,c:6467) detachBuffer: slot 57 is not owned by the producer (state = FREE)
02-20 19:13:55.776 6467 6743 W BufferQueueProducer: [SurfaceView[com.accarunit.beauty.camera.videocall/com.lightcone.beautycam.activity .MainActivity]@0#12(BLAST Consumer)12](id:19430000000e,api:3,p:938,c:6467) detachBuffer: slot 58 is not owned by the producer (state = FREE)
02-20 19:13:55.776 6467 6743 W BufferQueueProducer: [SurfaceView[com.accarunit.beauty.camera.videocall/com.lightcone.beautycam.activity .MainActivity]@0#12(BLAST Consumer)12](id:19430000000e,api:3,p:938,c:6467) detachBuffer: slot 59 is not owned by the producer (state = FREE)
02-20 19:13:55.777 6467 6743 W BufferQueueProducer: [SurfaceView[com.accarunit.beauty.camera.videocall/com.lightcone.beautycam.activity .MainActivity]@0#12(BLAST Consumer)12](id:19430000000e,api:3,p:938,c:6467) detachBuffer: slot 60 is not owned by the producer (state = FREE)
02-20 19:13:55.777 6467 6743 W BufferQueueProducer: [SurfaceView[com.accarunit.beauty.camera.videocall/com.lightcone.beautycam.activity .MainActivity]@0#12(BLAST Consumer)12](id:19430000000e,api:3,p:938,c:6467) detachBuffer: slot 61 is not owned by the producer (state = FREE)
02-20 19:13:55.777 6467 6743 W BufferQueueProducer: [SurfaceView[com.accarunit.beauty.camera.videocall/com.lightcone.beautycam.activity .MainActivity]@0#12(BLAST Consumer)12](id:19430000000e,api:3,p:938,c:6467) detachBuffer: slot 62 is not owned by the producer (state = FREE)
02-20 19:13:55.778 6467 6743 W BufferQueueProducer: [SurfaceView[com.accarunit.beauty.camera.videocall/com.lightcone.beautycam.activity .MainActivity]@0#12(BLAST Consumer)12](id:19430000000e,api:3,p:938,c:6467) detachBuffer: slot 63 is not owned by the producer (state = FREE)
02-20 19:13:55.780 6467 6480 D BufferQueueProducer: [SurfaceView[com.accarunit.beauty.camera.videocall/com.lightcone.beautycam.activity .MainActivity]@0#12(BLAST Consumer)12](id:19430000000e,api:3,p:938,c:6467) disconnect: api 3
02-20 19:13:55.786 6467 6743 E BufferQueueProducer: [SurfaceView[com.accarunit.beauty.camera.videocall/com.lightcone.beautycam.activity .MainActivity]@0#12(BLAST Consumer)12](id:19430000000e,api:0,p:-1,c:6467) cancelBuffer: BufferQueue has no connected producer
02-20 19:13:55.787 6467 6743 E BufferQueueProducer: [SurfaceView[com.accarunit.beauty.camera.videocall/com.lightcone.beautycam.activity .MainActivity]@0#12(BLAST Consumer)12](id:19430000000e,api:0,p:-1,c:6467) cancelBuffer: BufferQueue has no connected producer
02-20 19:13:55.791 6467 6480 E BufferQueueProducer: [SurfaceView[com.accarunit.beauty.camera.videocall/com.lightcone.beautycam.activity .MainActivity]@0#12(BLAST Consumer)12](id:19430000000e,api:0,p:-1,c:6467) cancelBuffer: BufferQueue has no connected producer
02-20 19:13:55.791 6467 6743 D BufferQueueProducer: [SurfaceView[com.accarunit.beauty.camera.videocall/com.lightcone.beautycam.activity .MainActivity]@0#12(BLAST Consumer)12](id:19430000000e,api:3,p:938,c:6467) connect: api=3 producerControlledByApp=true
02-20 19:13:55.792 6467 6480 E BufferQueueProducer: [SurfaceView[com.accarunit.beauty.camera.videocall/com.lightcone.beautycam.activity .MainActivity]@0#12(BLAST Consumer)12](id:19430000000e,api:3,p:938,c:6467) cancelBuffer: slot 3 is not owned by the producer (state = FREE)
02-20 19:13:55.792 6467 6480 E BufferQueueProducer: [SurfaceView[com.accarunit.beauty.camera.videocall/com.lightcone.beautycam.activity .MainActivity]@0#12(BLAST Consumer)12](id:19430000000e,api:3,p:938,c:6467) cancelBuffer: slot 0 is not owned by the producer (state = FREE)
02-20 19:13:55.793 6467 6467 D BufferQueueProducer: [SurfaceView[com.accarunit.beauty.camera.videocall/com.lightcone.beautycam.activity .MainActivity]@0#12(BLAST Consumer)12](id:19430000000e,api:3,p:938,c:6467) disconnect: api 3
02-20 19:13:55.793 6467 6743 E BufferQueueProducer: [SurfaceView[com.accarunit.beauty.camera.videocall/com.lightcone.beautycam.activity .MainActivity]@0#12(BLAST Consumer)12](id:19430000000e,api:0,p:-1,c:6467) cancelBuffer: BufferQueue has no connected producer
02-20 19:13:55.794 6467 6743 E BufferQueueProducer: [SurfaceView[com.accarunit.beauty.camera.videocall/com.lightcone.beautycam.activity .MainActivity]@0#12(BLAST Consumer)12](id:19430000000e,api:0,p:-1,c:6467) cancelBuffer: BufferQueue has no connected producer
02-20 19:13:55.794 6467 6467 V MediaPlayerNative: destructor
02-20 19:13:55.795 6467 6743 E BufferQueueProducer: [SurfaceView[com.accarunit.beauty.camera.videocall/com.lightcone.beautycam.activity .MainActivity]@0#12(BLAST Consumer)12](id:19430000000e,api:0,p:-1,c:6467) cancelBuffer: BufferQueue has no connected producer
02-20 19:13:55.795 6467 6467 V MediaPlayerNative: disconnect
02-20 19:13:55.795 6467 6743 E BufferQueueProducer: [SurfaceView[com.accarunit.beauty.camera.videocall/com.lightcone.beautycam.activity .MainActivity]@0#12(BLAST Consumer)12](id:19430000000e,api:0,p:-1,c:6467) cancelBuffer: BufferQueue has no connected producer
02-20 19:13:55.795 6467 6467 D BufferQueueProducer: [SurfaceView[com.accarunit.beauty.camera.videocall/com.lightcone.beautycam.activity .MainActivity]@0#12(BLAST Consumer)12](id:19430000000e,api:0,p:-1,c:6467) disconnect: api -1
02-20 19:13:55.795 6467 6467 I SurfaceView@7d7c31d: updateSurface: mVisible = false mSurface.isValid() = true
02-20 19:13:55.795 6467 6467 D BLASTBufferQueue: [SurfaceView[com.accarunit.beauty.camera.videocall/com.lightcone.beautycam.activity .MainActivity]@0#12](f:0,a:1) destructor()
02-20 19:13:55.796 6467 6467 D BufferQueueConsumer: [SurfaceView[com.accarunit.beauty.camera.videocall/com.lightcone.beautycam.activity .MainActivity]@0#12(BLAST Consumer)12](id:19430000000e,api:0,p:-1,c:6467) disconnect
02-20 19:13:55.796 6467 6743 E BufferQueueProducer: [SurfaceView[com.accarunit.beauty.camera.videocall/com.lightcone.beautycam.activity .MainActivity]@0#12(BLAST Consumer)12](id:19430000000e,api:0,p:-1,c:6467) cancelBuffer: BufferQueue has been abandoned
02-20 19:13:55.796 6467 6467 I SurfaceView@7d7c31d: releaseSurfaces: viewRoot = ViewRootImpl@64221ef[MainActivity]
02-20 19:13:55.796 6467 6743 E BufferQueueProducer: [SurfaceView[com.accarunit.beauty.camera.videocall/com.lightcone.beautycam.activity .MainActivity]@0#12(BLAST Consumer)12](id:19430000000e,api:0,p:-1,c:6467) cancelBuffer: BufferQueue has been abandoned
02-20 19:13:55.797 6467 6467 I SurfaceView@7d7c31d: applyTransactionOnVriDraw: vri = ViewRootImpl@64221ef[MainActivity] fRS = true t = 0xb4000070cd084200 android.view.SurfaceView.releaseSurfaces:858 android.view.SurfaceView.updateSurface:1172 android.view.SurfaceView.onWindowVisibilityChanged:371
02-20 19:13:55.797 6467 6467 I SurfaceView@7d7c31d: applyTransactionOnVriDraw: viewRoot.applyTransactionOnDrawFromReleaseSurfaces
02-20 19:13:55.797 6467 6467 I ViewRootImpl@64221ef[MainActivity]: from releaseSurfaces t.apply t = 0xb4000070cd084200
02-20 19:13:55.798 6467 6743 E BufferQueueProducer: [SurfaceView[com.accarunit.beauty.camera.videocall/com.lightcone.beautycam.activity .MainActivity]@0#12(BLAST Consumer)12](id:19430000000e,api:0,p:-1,c:6467) cancelBuffer: BufferQueue has been abandoned
02-20 19:13:55.799 6467 6467 V SurfaceView@7d7c31d: Layout: x=0 y=0 w=720 h=819, frame=Rect(0, 0 - 720, 819)
02-20 19:13:55.799 6467 6533 D SurfaceView@7d7c31d: windowPositionLost, frameNr = 0
02-20 19:13:55.800 6467 6533 D OpenGLRenderer: setSurface called with nullptr
02-20 19:13:55.800 6467 6533 D OpenGLRenderer: setSurface() destroyed EGLSurface
02-20 19:13:55.800 6467 6533 D OpenGLRenderer: destroyEglSurface
02-20 19:13:55.800 6467 6743 E BufferQueueProducer: [SurfaceView[com.accarunit.beauty.camera.videocall/com.lightcone.beautycam.activity .MainActivity]@0#12(BLAST Consumer)12](id:19430000000e,api:0,p:-1,c:6467) cancelBuffer: BufferQueue has been abandoned
02-20 19:13:55.801 6467 6533 D BufferQueueProducer: [ViewRootImpl@64221ef[MainActivity]#11(BLAST Consumer)11] (id:19430000000d,api:1,p:6467,c:6467) disconnect: api 1
02-20 19:13:55.801 6467 6743 E BufferQueueProducer: [SurfaceView[com.accarunit.beauty.camera.videocall/com.lightcone.beautycam.activity .MainActivity]@0#12(BLAST Consumer)12](id:19430000000e,api:0,p:-1,c:6467) cancelBuffer: BufferQueue has been abandoned
02-20 19:13:55.804 6467 6467 I ViewRootImpl@64221ef[MainActivity]: performTraversals mFirst=false windowShouldResize=false viewVisibilityChanged=true mForceNextWindowRelayout=false params=null
02-20 19:13:55.813 6467 6467 D BLASTBufferQueue: [ViewRootImpl@64221ef[MainActivity]#11](f:0,a:1) destructor()
02-20 19:13:55.813 6467 6467 D BufferQueueConsumer: [ViewRootImpl@64221ef[MainActivity]#11(BLAST Consumer)11](id:19430000000d,api:0,p:- 1,c:6467) disconnect
02-20 19:13:55.814 6467 6467 I ViewRootImpl@64221ef[MainActivity]: Relayout returned: old=(0,0,720,1600) new=(0,0,720,1600) req=(720,1600)8 dur=8 res=0x2 s={false 0x0} ch=true seqId=0
02-20 19:13:55.815 6467 6467 D SurfaceView@7d7c31d: updateSurface: surface is not valid
02-20 19:13:55.815 6467 6467 I SurfaceView@7d7c31d: releaseSurfaces: viewRoot = ViewRootImpl@64221ef[MainActivity]
02-20 19:13:55.816 6467 6467 I SurfaceView@7d7c31d: applyTransactionOnVriDraw: vri = ViewRootImpl@64221ef[MainActivity] fRS = true t = 0xb400007176449d00 android.view.SurfaceView.releaseSurfaces:858 android.view.SurfaceView.updateSurface:998 android.view.SurfaceView.setFrame:525
02-20 19:13:55.816 6467 6467 I SurfaceView@7d7c31d: applyTransactionOnVriDraw: viewRoot.applyTransactionOnDrawFromReleaseSurfaces
02-20 19:13:55.816 6467 6467 I ViewRootImpl@64221ef[MainActivity]: from releaseSurfaces t.apply t = 0xb400007176449d00
02-20 19:13:55.819 6467 6467 I SurfaceView@7d7c31d: windowStopped(true) false android.view.SurfaceView{7d7c31d V.E...... ........ 0,0-720,819 #7f09027d app:id/surface_view} of ViewRootImpl@64221ef[MainActivity]
02-20 19:13:55.819 6467 6467 D SurfaceView@7d7c31d: updateSurface: surface is not valid
02-20 19:13:55.819 6467 6467 I SurfaceView@7d7c31d: releaseSurfaces: viewRoot = ViewRootImpl@64221ef[MainActivity]
02-20 19:13:55.820 6467 6467 I SurfaceView@7d7c31d: applyTransactionOnVriDraw: vri = ViewRootImpl@64221ef[MainActivity] fRS = true t = 0xb400007176449e00 android.view.SurfaceView.releaseSurfaces:858 android.view.SurfaceView.updateSurface:998 android.view.SurfaceView.setWindowStopped:335
02-20 19:13:55.820 6467 6467 I SurfaceView@7d7c31d: applyTransactionOnVriDraw: viewRoot.applyTransactionOnDrawFromReleaseSurfaces
02-20 19:13:55.820 6467 6467 I ViewRootImpl@64221ef[MainActivity]: from releaseSurfaces t.apply t = 0xb400007176449e00
02-20 19:13:55.820 6467 6467 D SurfaceView@7d7c31d: updateSurface: surface is not valid
02-20 19:13:55.821 6467 6467 I SurfaceView@7d7c31d: releaseSurfaces: viewRoot = ViewRootImpl@64221ef[MainActivity]
02-20 19:13:55.821 6467 6467 I SurfaceView@7d7c31d: applyTransactionOnVriDraw: vri = ViewRootImpl@64221ef[MainActivity] fRS = true t = 0xb4000070d81d7f00 android.view.SurfaceView.releaseSurfaces:858 android.view.SurfaceView.updateSurface:998 android.view.SurfaceView.lambda$new$0$android-view-SurfaceView:200
02-20 19:13:55.821 6467 6467 I SurfaceView@7d7c31d: applyTransactionOnVriDraw: viewRoot.applyTransactionOnDrawFromReleaseSurfaces
02-20 19:13:55.821 6467 6467 I ViewRootImpl@64221ef[MainActivity]: from releaseSurfaces t.apply t = 0xb4000070d81d7f00
02-20 19:13:55.823 6467 6467 I ViewRootImpl@64221ef[MainActivity]: stopped(true) old = false
02-20 19:13:55.823 6467 6467 I ViewRootImpl@64221ef[MainActivity]: WindowStopped on com.accarunit.beauty.camera.videocall/com.lightcone.beautycam.activity.MainActivity set to true
02-20 19:13:55.828 6467 6467 I MSHandlerLifeCycle: removeMultiSplitHandler: no exist. decor=DecorView@ccf8f37[MainActivity]
02-20 19:13:55.829 6467 6467 I ViewRootImpl@64221ef[MainActivity]: performTraversals mFirst=false windowShouldResize=false viewVisibilityChanged=false mForceNextWindowRelayout=false params={(0,0)(fillxfill) sim={adjust=pan} ty=BASE_APPLICATION fmt=TRANSLUCENT wanim=0x1030309
02-20 19:13:55.829 6467 6467 I ViewRootImpl@64221ef[MainActivity]: fl=81810100
02-20 19:13:55.829 6467 6467 I ViewRootImpl@64221ef[MainActivity]: pfl=1a020040
02-20 19:13:55.829 6467 6467 I ViewRootImpl@64221ef[MainActivity]: vsysui=3502
02-20 19:13:55.829 6467 6467 I ViewRootImpl@64221ef[MainActivity]: apr=LIGHT_STATUS_BARS
02-20 19:13:55.829 6467 6467 I ViewRootImpl@64221ef[MainActivity]: bhv=SHOW_TRANSIENT_BARS_BY_SWIPE
02-20 19:13:55.829 6467 6467 I ViewRootImpl@64221ef[MainActivity]: fitSides= naviIconColor=0
02-20 19:13:55.829 6467 6467 I ViewRootImpl@64221ef[MainActivity]: sfl=100000}
02-20 19:13:55.837 6467 6467 I ViewRootImpl@64221ef[MainActivity]: Relayout returned: old=(0,0,720,1600) new=(0,0,720,1600) req=(720,1600)8 dur=8 res=0x2 s={false 0x0} ch=false seqId=0
02-20 19:13:55.837 6467 6467 D SurfaceView@7d7c31d: updateSurface: surface is not valid
02-20 19:13:55.837 6467 6467 I SurfaceView@7d7c31d: releaseSurfaces: viewRoot = ViewRootImpl@64221ef[MainActivity]
02-20 19:13:55.838 6467 6467 I SurfaceView@7d7c31d: applyTransactionOnVriDraw: vri = ViewRootImpl@64221ef[MainActivity] fRS = true t = 0xb4000070d82ce100 android.view.SurfaceView.releaseSurfaces:858 android.view.SurfaceView.updateSurface:998 android.view.SurfaceView.lambda$new$0$android-view-SurfaceView:200
02-20 19:13:55.838 6467 6467 I SurfaceView@7d7c31d: applyTransactionOnVriDraw: viewRoot.applyTransactionOnDrawFromReleaseSurfaces
02-20 19:13:55.838 6467 6467 I ViewRootImpl@64221ef[MainActivity]: from releaseSurfaces t.apply t = 0xb4000070d82ce100
02-20 19:13:59.248 6467 6467 I ViewRootImpl@ad2fe0a[UsagePermissionGuideActivity]: MSG_WINDOW_FOCUS_CHANGED 0 0
02-20 19:13:59.259 6467 6467 D InputTransport: Input channel destroyed: 'ClientS', fd=168
02-20 19:13:59.342 6467 6467 I ViewRootImpl@ad2fe0a[UsagePermissionGuideActivity]: handleAppVisibility mAppVisible = true visible = false
02-20 19:13:59.360 6467 6533 D OpenGLRenderer: setSurface called with nullptr
02-20 19:13:59.360 6467 6533 D OpenGLRenderer: setSurface() destroyed EGLSurface
02-20 19:13:59.361 6467 6533 D OpenGLRenderer: destroyEglSurface
02-20 19:13:59.362 6467 6533 D BufferQueueProducer: [ViewRootImpl@ad2fe0a[UsagePermissionGuideActivity]#14(BLAST Consumer)14] (id:194300000010,api:1,p:6467,c:6467) disconnect: api 1
02-20 19:13:59.363 6467 6467 I ViewRootImpl@ad2fe0a[UsagePermissionGuideActivity]: performTraversals mFirst=false windowShouldResize=false viewVisibilityChanged=true mForceNextWindowRelayout=false params=null
02-20 19:13:59.372 6467 6467 D BLASTBufferQueue: [ViewRootImpl@ad2fe0a[UsagePermissionGuideActivity]#14](f:0,a:1) destructor()
02-20 19:13:59.373 6467 6467 D BufferQueueConsumer: [ViewRootImpl@ad2fe0a[UsagePermissionGuideActivity]#14(BLAST Consumer)14] (id:194300000010,api:0,p:-1,c:6467) disconnect
02-20 19:13:59.374 6467 6467 I ViewRootImpl@ad2fe0a[UsagePermissionGuideActivity]: Relayout returned: old=(0,0,720,1600) new=(0,0,720,1600) req=(720,1600)8 dur=9 res=0x2 s={false 0x0} ch=true seqId=0
02-20 19:13:59.374 6467 6467 I ViewRootImpl@ad2fe0a[UsagePermissionGuideActivity]: stopped(true) old = false
02-20 19:13:59.374 6467 6467 I ViewRootImpl@ad2fe0a[UsagePermissionGuideActivity]: WindowStopped on com.accarunit.beauty.camera.videocall/com.lightcone.beautycam.activity.UsagePermiss ionGuideActivity set to true
02-20 19:13:59.378 6467 6467 I MSHandlerLifeCycle: removeMultiSplitHandler: no exist. decor=DecorView@7c3d181[UsagePermissionGuideActivity]
02-20 19:13:59.381 6467 6467 I MSHandlerLifeCycle: removeMultiSplitHandler: no exist. decor=DecorView@7c3d181[UsagePermissionGuideActivity]
02-20 19:13:59.381 6467 6533 D OpenGLRenderer: setSurface called with nullptr
02-20 19:13:59.381 6467 6467 I ViewRootImpl@ad2fe0a[UsagePermissionGuideActivity]: dispatchDetachedFromWindow
02-20 19:13:59.387 6467 6467 D InputTransport: Input channel destroyed: '7abf97b', fd=173
02-20 19:14:01.243 6467 6518 I FA : Application backgrounded at: timestamp_millis: 1708478039241
02-20 19:14:04.560 6467 6533 D OpenGLRenderer: setSurface called with nullptr
02-20 19:14:04.562 6467 6533 D OpenGLRenderer: setSurface called with nullptr
02-20 19:14:04.568 6467 6533 D OpenGLRenderer: setSurface called with nullptr
02-20 19:14:04.569 6467 6477 D InputTransport: Input channel destroyed: 'ClientS', fd=172
02-20 19:14:04.569 6467 6477 D InputTransport: Input channel destroyed: 'ClientS', fd=142
02-20 19:14:04.569 6467 6533 D OpenGLRenderer: setSurface called with nullptr
02-20 19:14:04.569 6467 6477 D InputTransport: Input channel destroyed: 'ClientS', fd=260
02-20 19:14:04.570 6467 6478 V MediaPlayer-JNI: native_finalize
02-20 19:14:04.570 6467 6478 V MediaPlayer-JNI: release
02-20 19:14:04.571 6467 6478 V MediaPlayer-JNI: native_finalize
02-20 19:14:04.571 6467 6478 V MediaPlayer-JNI: release
02-20 19:14:13.676 6467 6467 I ViewRootImpl@64221ef[MainActivity]: handleAppVisibility mAppVisible = false visible = true
02-20 19:14:13.689 6467 6467 I MMKV : <MMKV_IO.cpp:81::loadFromFile> loading [start_whatsapp] with 0 actual size, file size 4096, InterProcess 0, meta info version:0
02-20 19:14:13.689 6467 6467 I MMKV : <MMKV_IO.cpp:130::loadFromFile> loaded [start_whatsapp] with 0 key-values
02-20 19:14:13.692 6467 6467 I Dialog : mIsDeviceDefault = false, mIsSamsungBasicInteraction = false, isMetaDataInActivity = false
02-20 19:14:13.771 6467 6467 I DecorView: [INFO] isPopOver=false config=false
02-20 19:14:13.771 6467 6467 I DecorView: updateCaptionType: isFloating=false isApplication=true hasWindowDecorCaption=false this=DecorView@8217a40[]
02-20 19:14:13.771 6467 6467 D DecorView: setCaptionType = 0, this = DecorView@8217a40[]
02-20 19:14:13.772 6467 6467 I DecorView: getCurrentDensityDpi: from app context. densityDpi=300 msg=resources_loaded
02-20 19:14:13.772 6467 6467 I DecorView: setWindowBackground: isPopOver=false color=0 d=android.graphics.drawable.ColorDrawable@9a1babe
02-20 19:14:13.776 6467 6467 I ViewRootImpl@64221ef[MainActivity]: stopped(false) old = true
02-20 19:14:13.776 6467 6467 I ViewRootImpl@64221ef[MainActivity]: WindowStopped on com.accarunit.beauty.camera.videocall/com.lightcone.beautycam.activity.MainActivity set to false
02-20 19:14:13.778 6467 6467 I Dialog : mIsDeviceDefault = false, mIsSamsungBasicInteraction = false, isMetaDataInActivity = false
02-20 19:14:13.849 6467 6467 I DecorView: [INFO] isPopOver=false config=false
02-20 19:14:13.849 6467 6467 I DecorView: updateCaptionType: isFloating=false isApplication=true hasWindowDecorCaption=false this=DecorView@775f47a[]
02-20 19:14:13.849 6467 6467 D DecorView: setCaptionType = 0, this = DecorView@775f47a[]
02-20 19:14:13.850 6467 6467 I DecorView: getCurrentDensityDpi: from app context. densityDpi=300 msg=resources_loaded
02-20 19:14:13.850 6467 6467 I DecorView: setWindowBackground: isPopOver=false color=0 d=android.graphics.drawable.ColorDrawable@182c088
02-20 19:14:13.856 6467 6533 D NativeCustomFrequencyManager: [NativeCFMS] BpCustomFrequencyManager::BpCustomFrequencyManager()
02-20 19:14:13.857 6467 6467 I DecorView: notifyKeepScreenOnChanged: keepScreenOn=false
02-20 19:14:13.868 6467 6467 D InsetsController: onStateChanged: InsetsState: {mDisplayFrame=Rect(0, 0 - 720, 1600), mDisplayCutout=DisplayCutout{insets=Rect(0, 45 - 0, 0) waterfall=Insets{left=0, top=0, right=0, bottom=0} boundingRect={Bounds=[Rect(0, 0 - 0, 0), Rect(272, 0 - 448, 45), Rect(0, 0 - 0, 0), Rect(0, 0 - 0, 0)]} cutoutPathParserInfo={CutoutPathParserInfo{displayWidth=720 displayHeight=1600 physicalDisplayWidth=720 physicalDisplayHeight=1600 density={1.875} cutoutSpec={M 0,0 H -46.93333333333333 V 24 H 46.93333333333333 V 0 H 0 Z @dp} rotation={0} scale={1.0} physicalPixelDisplaySizeRatio={1.0}}}}, mRoundedCorners=RoundedCorners{[RoundedCorner{position=TopLeft, radius=60, center=Point(60, 60)}, RoundedCorner{position=TopRight, radius=60, center=Point(660, 60)}, RoundedCorner{position=BottomRight, radius=60, center=Point(660, 1540)}, RoundedCorner{position=BottomLeft, radius=60, center=Point(60, 1540)}]} mRoundedCornerFrame=Rect(0, 0 - 720, 1600), mPrivacyIndicatorBounds=PrivacyIndicatorBounds {static bounds=Rect(637, 0 - 720, 49) rotation=0}, mSources= { InsetsSource: {mType=ITYPE_STATUS_BAR, mFrame=[0,0] [720,49], mVisible=true, mInsetsRoundedCornerFrame=false}, InsetsSource: {mType=ITYPE_NAVIGATION_BAR, mFrame=[0,1572][720,1600], mVisible=true, mInsetsRoundedCornerFrame=false}, InsetsSource: {mType=ITYPE_LEFT_GESTURES, mFrame=[0,0][56,1600], mVisible=true, mInsetsRoundedCornerFrame=false}, InsetsSource: {mType=ITYPE_RIGHT_GESTURES, mFrame=[664,0][720,1600], mVisible=true, mInsetsRoundedCornerFrame=false}, InsetsSource: {mType=ITYPE_TOP_MANDATORY_GESTURES, mFrame=[0,0][720,68], mVisible=true, mInsetsRoundedCornerFrame=false}, InsetsSource: {mType=ITYPE_BOTTOM_MANDATORY_GESTURES, mFrame=[0,1540][720,1600], mVisible=true, mInsetsRoundedCornerFrame=false}, InsetsSource: {mType=ITYPE_LEFT_DISPLAY_CUTOUT, mFrame=[0,0][-100000,1600], mVisible=true, mInsetsRoundedCornerFrame=false}, InsetsSource: {mType=ITYPE_TOP_DISPLAY_CUTOUT, mFrame=[0,0][720,45], mVisible=true, mInsetsRoundedCornerFrame=false}, InsetsSource: {mType=ITYPE_RIGHT_DISPLAY_CUTOUT, mFrame=[100000,0][720,1600], mVisible=true, mInsetsRoundedCornerFrame=false}, InsetsSource: {mType=ITYPE_BOTTOM_DISPLAY_CUTOUT, mFrame=[0,100000][720,1600], mVisible=true, mInsetsRoundedCornerFrame=false}, InsetsSource: {mType=ITYPE_TOP_TAPPABLE_ELEMENT, mFrame=[0,0][720,49], mVisible=true, mInsetsRoundedCornerFrame=false}, InsetsSource: {mType=ITYPE_BOTTOM_TAPPABLE_ELEMENT, mFrame=[0,0][0,0], mVisible=true, mInsetsRoundedCornerFrame=false}, InsetsSource: {mType=ITYPE_IME, mFrame=[0,0] [0,0], mVisibleFrame=[0,928][720,1600], mVisible=false, mInsetsRoundedCornerFrame=false} } host=com.accarunit.beauty.camera.videocall/com.lightcone.beautycam.activity.MainAct ivity from=android.view.ViewRootImpl.setView:1732
02-20 19:14:13.870 6467 6467 I ViewRootImpl@21718a0[MainActivity]: setView = com.android.internal.policy.DecorView@8217a40 TM=true
02-20 19:14:13.870 6467 6467 I DecorView: notifyKeepScreenOnChanged: keepScreenOn=false
02-20 19:14:13.873 6467 6533 D NativeCustomFrequencyManager: [NativeCFMS] BpCustomFrequencyManager::BpCustomFrequencyManager()
02-20 19:14:13.873 6467 6467 I DecorView: notifyKeepScreenOnChanged: keepScreenOn=false
02-20 19:14:13.883 6467 6467 D InsetsController: onStateChanged: InsetsState: {mDisplayFrame=Rect(0, 0 - 720, 1600), mDisplayCutout=DisplayCutout{insets=Rect(0, 45 - 0, 0) waterfall=Insets{left=0, top=0, right=0, bottom=0} boundingRect={Bounds=[Rect(0, 0 - 0, 0), Rect(272, 0 - 448, 45), Rect(0, 0 - 0, 0), Rect(0, 0 - 0, 0)]} cutoutPathParserInfo={CutoutPathParserInfo{displayWidth=720 displayHeight=1600 physicalDisplayWidth=720 physicalDisplayHeight=1600 density={1.875} cutoutSpec={M 0,0 H -46.93333333333333 V 24 H 46.93333333333333 V 0 H 0 Z @dp} rotation={0} scale={1.0} physicalPixelDisplaySizeRatio={1.0}}}}, mRoundedCorners=RoundedCorners{[RoundedCorner{position=TopLeft, radius=60, center=Point(60, 60)}, RoundedCorner{position=TopRight, radius=60, center=Point(660, 60)}, RoundedCorner{position=BottomRight, radius=60, center=Point(660, 1540)}, RoundedCorner{position=BottomLeft, radius=60, center=Point(60, 1540)}]} mRoundedCornerFrame=Rect(0, 0 - 720, 1600), mPrivacyIndicatorBounds=PrivacyIndicatorBounds {static bounds=Rect(637, 0 - 720, 49) rotation=0}, mSources= { InsetsSource: {mType=ITYPE_STATUS_BAR, mFrame=[0,0] [720,49], mVisible=true, mInsetsRoundedCornerFrame=false}, InsetsSource: {mType=ITYPE_NAVIGATION_BAR, mFrame=[0,1572][720,1600], mVisible=true, mInsetsRoundedCornerFrame=false}, InsetsSource: {mType=ITYPE_LEFT_GESTURES, mFrame=[0,0][56,1600], mVisible=true, mInsetsRoundedCornerFrame=false}, InsetsSource: {mType=ITYPE_RIGHT_GESTURES, mFrame=[664,0][720,1600], mVisible=true, mInsetsRoundedCornerFrame=false}, InsetsSource: {mType=ITYPE_TOP_MANDATORY_GESTURES, mFrame=[0,0][720,68], mVisible=true, mInsetsRoundedCornerFrame=false}, InsetsSource: {mType=ITYPE_BOTTOM_MANDATORY_GESTURES, mFrame=[0,1540][720,1600], mVisible=true, mInsetsRoundedCornerFrame=false}, InsetsSource: {mType=ITYPE_LEFT_DISPLAY_CUTOUT, mFrame=[0,0][-100000,1600], mVisible=true, mInsetsRoundedCornerFrame=false}, InsetsSource: {mType=ITYPE_TOP_DISPLAY_CUTOUT, mFrame=[0,0][720,45], mVisible=true, mInsetsRoundedCornerFrame=false}, InsetsSource: {mType=ITYPE_RIGHT_DISPLAY_CUTOUT, mFrame=[100000,0][720,1600], mVisible=true, mInsetsRoundedCornerFrame=false}, InsetsSource: {mType=ITYPE_BOTTOM_DISPLAY_CUTOUT, mFrame=[0,100000][720,1600], mVisible=true, mInsetsRoundedCornerFrame=false}, InsetsSource: {mType=ITYPE_TOP_TAPPABLE_ELEMENT, mFrame=[0,0][720,49], mVisible=true, mInsetsRoundedCornerFrame=false}, InsetsSource: {mType=ITYPE_BOTTOM_TAPPABLE_ELEMENT, mFrame=[0,0][0,0], mVisible=true, mInsetsRoundedCornerFrame=false}, InsetsSource: {mType=ITYPE_IME, mFrame=[0,0] [0,0], mVisibleFrame=[0,928][720,1600], mVisible=false, mInsetsRoundedCornerFrame=false} } host=com.accarunit.beauty.camera.videocall/com.lightcone.beautycam.activity.MainAct ivity from=android.view.ViewRootImpl.setView:1732
02-20 19:14:13.884 6467 6467 I ViewRootImpl@f3cbe1b[MainActivity]: setView = com.android.internal.policy.DecorView@775f47a TM=true
02-20 19:14:13.885 6467 6467 I DecorView: notifyKeepScreenOnChanged: keepScreenOn=false
02-20 19:14:13.886 6467 6467 I MSHandlerLifeCycle: removeMultiSplitHandler: no exist. decor=DecorView@ccf8f37[MainActivity]
02-20 19:14:13.886 6467 6467 I ViewRootImpl@f3cbe1b[MainActivity]: stopped(false) old = false
02-20 19:14:13.886 6467 6467 I ViewRootImpl@21718a0[MainActivity]: stopped(false) old = false
02-20 19:14:13.886 6467 6467 I ViewRootImpl@64221ef[MainActivity]: stopped(false) old = false
02-20 19:14:13.889 6467 6467 I MSHandlerLifeCycle: removeMultiSplitHandler: no exist. decor=DecorView@ccf8f37[MainActivity]
02-20 19:14:13.890 6467 6467 I SurfaceView@7d7c31d: onWindowVisibilityChanged(0) false android.view.SurfaceView{7d7c31d V.E...... ........ 0,0-720,819 #7f09027d app:id/surface_view} of ViewRootImpl@64221ef[MainActivity]
02-20 19:14:13.890 6467 6467 D SurfaceView@7d7c31d: updateSurface: surface is not valid
02-20 19:14:13.890 6467 6467 I SurfaceView@7d7c31d: releaseSurfaces: viewRoot = ViewRootImpl@64221ef[MainActivity]
02-20 19:14:13.890 6467 6467 I SurfaceView@7d7c31d: applyTransactionOnVriDraw: vri = ViewRootImpl@64221ef[MainActivity] fRS = true t = 0xb40000717652f800 android.view.SurfaceView.releaseSurfaces:858 android.view.SurfaceView.updateSurface:998 android.view.SurfaceView.onWindowVisibilityChanged:371
02-20 19:14:13.890 6467 6467 I SurfaceView@7d7c31d: applyTransactionOnVriDraw: viewRoot.applyTransactionOnDrawFromReleaseSurfaces
02-20 19:14:13.890 6467 6467 I ViewRootImpl@64221ef[MainActivity]: applyTransactionOnDraw: mRemoved = false isHardwareEnabled = false t = 0xb40000717652f800android.view.ViewRootImpl.applyTransactionOnDrawFromReleaseSurfac es:12850 android.view.SurfaceView.applyTransactionOnVriDraw:2046 android.view.SurfaceView.releaseSurfaces:858 android.view.SurfaceView.updateSurface:998 android.view.SurfaceView.onWindowVisibilityChanged:371
02-20 19:14:13.893 6467 6467 I ViewRootImpl@64221ef[MainActivity]: performTraversals mFirst=false windowShouldResize=false viewVisibilityChanged=true mForceNextWindowRelayout=false params={(0,0)(fillxfill) sim={adjust=resize} ty=BASE_APPLICATION fmt=TRANSLUCENT wanim=0x1030309
02-20 19:14:13.893 6467 6467 I ViewRootImpl@64221ef[MainActivity]: fl=81810100
02-20 19:14:13.893 6467 6467 I ViewRootImpl@64221ef[MainActivity]: pfl=1a020040
02-20 19:14:13.893 6467 6467 I ViewRootImpl@64221ef[MainActivity]: vsysui=3502
02-20 19:14:13.893 6467 6467 I ViewRootImpl@64221ef[MainActivity]: apr=LIGHT_STATUS_BARS
02-20 19:14:13.893 6467 6467 I ViewRootImpl@64221ef[MainActivity]: bhv=SHOW_TRANSIENT_BARS_BY_SWIPE
02-20 19:14:13.893 6467 6467 I ViewRootImpl@64221ef[MainActivity]: fitSides= naviIconColor=0
02-20 19:14:13.893 6467 6467 I ViewRootImpl@64221ef[MainActivity]: sfl=100000}
02-20 19:14:13.902 6467 6467 D InsetsController: onStateChanged: InsetsState: {mDisplayFrame=Rect(0, 0 - 720, 1600), mDisplayCutout=DisplayCutout{insets=Rect(0, 45 - 0, 0) waterfall=Insets{left=0, top=0, right=0, bottom=0} boundingRect={Bounds=[Rect(0, 0 - 0, 0), Rect(272, 0 - 448, 45), Rect(0, 0 - 0, 0), Rect(0, 0 - 0, 0)]} cutoutPathParserInfo={CutoutPathParserInfo{displayWidth=720 displayHeight=1600 physicalDisplayWidth=720 physicalDisplayHeight=1600 density={1.875} cutoutSpec={M 0,0 H -46.93333333333333 V 24 H 46.93333333333333 V 0 H 0 Z @dp} rotation={0} scale={1.0} physicalPixelDisplaySizeRatio={1.0}}}}, mRoundedCorners=RoundedCorners{[RoundedCorner{position=TopLeft, radius=60, center=Point(60, 60)}, RoundedCorner{position=TopRight, radius=60, center=Point(660, 60)}, RoundedCorner{position=BottomRight, radius=60, center=Point(660, 1540)}, RoundedCorner{position=BottomLeft, radius=60, center=Point(60, 1540)}]} mRoundedCornerFrame=Rect(0, 0 - 720, 1600), mPrivacyIndicatorBounds=PrivacyIndicatorBounds {static bounds=Rect(637, 0 - 720, 49) rotation=0}, mSources= { InsetsSource: {mType=ITYPE_STATUS_BAR, mFrame=[0,0] [720,49], mVisible=true, mInsetsRoundedCornerFrame=false}, InsetsSource: {mType=ITYPE_NAVIGATION_BAR, mFrame=[0,1572][720,1600], mVisible=true, mInsetsRoundedCornerFrame=false}, InsetsSource: {mType=ITYPE_LEFT_GESTURES, mFrame=[0,0][56,1600], mVisible=true, mInsetsRoundedCornerFrame=false}, InsetsSource: {mType=ITYPE_RIGHT_GESTURES, mFrame=[664,0][720,1600], mVisible=true, mInsetsRoundedCornerFrame=false}, InsetsSource: {mType=ITYPE_TOP_MANDATORY_GESTURES, mFrame=[0,0][720,68], mVisible=true, mInsetsRoundedCornerFrame=false}, InsetsSource: {mType=ITYPE_BOTTOM_MANDATORY_GESTURES, mFrame=[0,1540][720,1600], mVisible=true, mInsetsRoundedCornerFrame=false}, InsetsSource: {mType=ITYPE_LEFT_DISPLAY_CUTOUT, mFrame=[0,0][-100000,1600], mVisible=true, mInsetsRoundedCornerFrame=false}, InsetsSource: {mType=ITYPE_TOP_DISPLAY_CUTOUT, mFrame=[0,0][720,45], mVisible=true, mInsetsRoundedCornerFrame=false}, InsetsSource: {mType=ITYPE_RIGHT_DISPLAY_CUTOUT, mFrame=[100000,0][720,1600], mVisible=true, mInsetsRoundedCornerFrame=false}, InsetsSource: {mType=ITYPE_BOTTOM_DISPLAY_CUTOUT, mFrame=[0,100000][720,1600], mVisible=true, mInsetsRoundedCornerFrame=false}, InsetsSource: {mType=ITYPE_TOP_TAPPABLE_ELEMENT, mFrame=[0,0][720,49], mVisible=true, mInsetsRoundedCornerFrame=false}, InsetsSource: {mType=ITYPE_BOTTOM_TAPPABLE_ELEMENT, mFrame=[0,0][0,0], mVisible=true, mInsetsRoundedCornerFrame=false}, InsetsSource: {mType=ITYPE_IME, mFrame=[0,0] [0,0], mVisibleFrame=[0,928][720,1600], mVisible=false, mInsetsRoundedCornerFrame=false} } host=com.accarunit.beauty.camera.videocall/com.lightcone.beautycam.activity.MainAct ivity from=android.view.ViewRootImpl.relayoutWindow:9802
02-20 19:14:13.903 6467 6467 I ViewRootImpl@64221ef[MainActivity]: updateBlastSurfaceIfNeeded mBlastBufferQueue=null isSameSurfaceControl=false
02-20 19:14:13.903 6467 6467 D BufferQueueConsumer: [](id:194300000011,api:0,p:- 1,c:6467) connect: controlledByApp=false
02-20 19:14:13.904 6467 6467 I BLASTBufferQueue: new BLASTBufferQueue, mName= ViewRootImpl@64221ef[MainActivity] mNativeObject= 0xb4000070e067ad80 sc.mNativeObject= 0xb40000716cf8bec0 caller= android.view.ViewRootImpl.updateBlastSurfaceIfNeeded:2909 android.view.ViewRootImpl.relayoutWindow:9847 android.view.ViewRootImpl.performTraversals:3884 android.view.ViewRootImpl.doTraversal:3116 android.view.ViewRootImpl$TraversalRunnable.run:10885 android.view.Choreographer$CallbackRecord.run:1301 android.view.Choreographer$CallbackRecord.run:1309 android.view.Choreographer.doCallbacks:923 android.view.Choreographer.doFrame:852 android.view.Choreographer$FrameDisplayEventReceiver.run:1283
02-20 19:14:13.904 6467 6467 I BLASTBufferQueue: update, w= 720 h= 1600 mName = ViewRootImpl@64221ef[MainActivity] mNativeObject= 0xb4000070e067ad80 sc.mNativeObject= 0xb40000716cf8bec0 format= -3 caller= android.graphics.BLASTBufferQueue.<init>:84 android.view.ViewRootImpl.updateBlastSurfaceIfNeeded:2909 android.view.ViewRootImpl.relayoutWindow:9847 android.view.ViewRootImpl.performTraversals:3884 android.view.ViewRootImpl.doTraversal:3116 android.view.ViewRootImpl$TraversalRunnable.run:10885
02-20 19:14:13.905 6467 6467 I ViewRootImpl@64221ef[MainActivity]: Relayout returned: old=(0,0,720,1600) new=(0,0,720,1600) req=(720,1600)0 dur=10 res=0x3 s={true 0xb40000716d17f000} ch=true seqId=0
02-20 19:14:13.906 6467 6467 I ViewRootImpl@64221ef[MainActivity]: mThreadedRenderer.initialize() mSurface={isValid=true 0xb40000716d17f000} hwInitialized=true
02-20 19:14:13.906 6467 6533 D BufferQueueProducer: [ViewRootImpl@64221ef[MainActivity]#15(BLAST Consumer)15] (id:194300000011,api:1,p:6467,c:6467) connect: api=1 producerControlledByApp=true
02-20 19:14:13.907 6467 6467 I SurfaceView@7d7c31d: windowStopped(false) true android.view.SurfaceView{7d7c31d V.E...... ........ 0,0-720,819 #7f09027d app:id/surface_view} of ViewRootImpl@64221ef[MainActivity]
02-20 19:14:13.907 6467 6467 I SurfaceView@7d7c31d: Changes: creating=true format=false size=false visible=true alpha=false hint=false mUseAlpha=false visible=true left=false top=false
02-20 19:14:13.907 6467 6533 D OpenGLRenderer: eglCreateWindowSurface
02-20 19:14:13.909 6467 6467 D BufferQueueConsumer: [](id:194300000012,api:0,p:- 1,c:6467) connect: controlledByApp=false
02-20 19:14:13.910 6467 6467 I BLASTBufferQueue: update, w= 720 h= 819 mName = null mNativeObject= 0xb4000070e067b800 sc.mNativeObject= 0xb40000716d1363c0 format= 4 caller= android.view.SurfaceView.createBlastSurfaceControls:1383 android.view.SurfaceView.updateSurface:1079 android.view.SurfaceView.setWindowStopped:335 android.view.SurfaceView.surfaceCreated:1853 android.view.ViewRootImpl.notifySurfaceCreated:2820 android.view.ViewRootImpl.performTraversals:4293
02-20 19:14:13.910 6467 6467 I SurfaceView@7d7c31d: 131580701 Cur surface: Surface(name=null)/@0x769fb05
02-20 19:14:13.910 6467 6467 I SurfaceView@7d7c31d: pST: sr = Rect(0, 0 - 720, 819) sw = 720 sh = 819
02-20 19:14:13.911 6467 6467 D SurfaceView@7d7c31d: performSurfaceTransaction RenderWorker position = [0, 0, 720, 819] surfaceSize = 720x819
02-20 19:14:13.911 6467 6467 I SurfaceView@7d7c31d: applyTransactionOnVriDraw: vri = ViewRootImpl@64221ef[MainActivity] fRS = false t = 0xb40000717652fb00 android.view.SurfaceView.performSurfaceTransaction:959 android.view.SurfaceView.updateSurface:1105 android.view.SurfaceView.setWindowStopped:335
02-20 19:14:13.911 6467 6467 I ViewRootImpl@64221ef[MainActivity]: applyTransactionOnDraw: mRemoved = false isHardwareEnabled = true t = 0xb40000717652fb00android.view.SurfaceView.applyTransactionOnVriDraw:2048 android.view.SurfaceView.performSurfaceTransaction:959 android.view.SurfaceView.updateSurface:1105 android.view.SurfaceView.setWindowStopped:335 android.view.SurfaceView.surfaceCreated:1853
02-20 19:14:13.911 6467 6467 I SurfaceView@7d7c31d: updateSurface: mVisible = true mSurface.isValid() = true
02-20 19:14:13.911 6467 6467 I SurfaceView@7d7c31d: updateSurface: mSurfaceCreated = false surfaceChanged = true visibleChanged = true
02-20 19:14:13.911 6467 6467 I SurfaceView@7d7c31d: visibleChanged -- surfaceCreated
02-20 19:14:13.911 6467 6467 I SurfaceView@7d7c31d: surfaceCreated 1 #1 android.view.SurfaceView{7d7c31d V.E...... ........ 0,0-720,819 #7f09027d app:id/surface_view}
02-20 19:14:13.912 6467 6467 V MediaPlayer-JNI: native_setup
02-20 19:14:13.912 6467 6467 V MediaPlayerNative: constructor
02-20 19:14:13.912 6467 6467 V MediaPlayerNative: setListener
02-20 19:14:13.914 6467 6467 V MediaPlayer-JNI: reset
02-20 19:14:13.914 6467 6467 V MediaPlayerNative: reset
02-20 19:14:13.914 6467 6467 V MediaPlayer: resetDrmState: mDrmInfo=null mDrmProvisioningThread=null mPrepareDrmInProgress=false mActiveDrmScheme=false
02-20 19:14:13.914 6467 6467 V MediaPlayer: cleanDrmObj: mDrmObj=null mDrmSessionId=null
02-20 19:14:13.919 6467 6467 V MediaPlayer-JNI: setDataSourceFD: fd 140
02-20 19:14:13.920 6467 6467 V MediaPlayerNative: setDataSource(140, 0, 576460752303423487)
02-20 19:14:13.929 6467 6467 V MediaPlayerNative: setVideoSurfaceTexture
02-20 19:14:13.930 6467 6467 D BufferQueueProducer: [SurfaceView[com.accarunit.beauty.camera.videocall/com.lightcone.beautycam.activity .MainActivity]@0#16(BLAST Consumer)16](id:194300000012,api:3,p:938,c:6467) connect: api=3 producerControlledByApp=true
02-20 19:14:13.932 6467 6467 V MediaPlayerNative: setVideoSurfaceTexture
02-20 19:14:13.933 6467 6467 V MediaPlayerNative: prepareAsync
