02-20 19:14:16.239 7258 7258 V GraphicsEnvironment: ANGLE GameManagerService for com.accarunit.beauty.camera.videocall: false
02-20 19:14:16.239 7258 7258 V GraphicsEnvironment: Neither updatable production driver nor prerelease driver is supported.
02-20 19:14:16.240 6467 6743 D BufferQueueProducer: [SurfaceView[com.accarunit.beauty.camera.videocall/com.lightcone.beautycam.activity .MainActivity]@0#16(BLAST Consumer)16](id:194300000012,api:3,p:938,c:6467) waitForFreeSlotThenRelock TIMED_OUT 0 dequeuedCount=20, acquiredCount=2, mMaxAcquiredBufferCount=1, mMaxDequeuedBufferCount=21
02-20 19:14:16.251 6467 6740 D BufferQueueProducer: [SurfaceView[com.accarunit.beauty.camera.videocall/com.lightcone.beautycam.activity .MainActivity]@0#16(BLAST Consumer)16](id:194300000012,api:3,p:938,c:6467) waitForFreeSlotThenRelock TIMED_OUT 0 dequeuedCount=20, acquiredCount=2, mMaxAcquiredBufferCount=1, mMaxDequeuedBufferCount=21
02-20 19:14:16.255 7258 7258 D NetworkSecurityConfig: Using Network Security Config from resource f debugBuild: false
02-20 19:14:16.262 6467 6743 D BufferQueueProducer: [SurfaceView[com.accarunit.beauty.camera.videocall/com.lightcone.beautycam.activity .MainActivity]@0#16(BLAST Consumer)16](id:194300000012,api:3,p:938,c:6467) waitForFreeSlotThenRelock TIMED_OUT 0 dequeuedCount=20, acquiredCount=2, mMaxAcquiredBufferCount=1, mMaxDequeuedBufferCount=21
02-20 19:14:16.266 7258 7258 D NetworkSecurityConfig: Using Network Security Config from resource f debugBuild: false
02-20 19:14:16.267 7258 7258 I MultiDex: VM with version 2.1.0 has multidex support
02-20 19:14:16.267 7258 7258 I MultiDex: Installing application
02-20 19:14:16.267 7258 7258 I MultiDex: VM has multidex support, MultiDex support library is disabled.
02-20 19:14:16.269 7258 7258 W videocall:black: Accessing hidden method Ldalvik/system/VMRuntime;->setHiddenApiExemptions([Ljava/lang/String;)V (blocked,core-platform-api, reflection, denied)
02-20 19:14:16.270 7258 7258 W BootstrapClass: reflect bootstrap failed:
02-20 19:14:16.270 7258 7258 W BootstrapClass: java.lang.reflect.InvocationTargetException
02-20 19:14:16.270 7258 7258 W BootstrapClass: at java.lang.reflect.Method.invoke(Native Method)
02-20 19:14:16.270 7258 7258 W BootstrapClass: at me.weishu.reflection.BootstrapClass.<clinit>(BootstrapClass.java:6)
02-20 19:14:16.270 7258 7258 W BootstrapClass: at me.weishu.reflection.Reflection.unseal(Reflection.java:2)
02-20 19:14:16.270 7258 7258 W BootstrapClass: at top.niunaijun.blackbox.BlackBoxCore.doAttachBaseContext(BlackBoxCore.java:1)
02-20 19:14:16.270 7258 7258 W BootstrapClass: at com.lightcone.beautycam.app.MyApplication.attachBaseContext(MyApplication.java:2)
02-20 19:14:16.270 7258 7258 W BootstrapClass: at android.app.Application.attach(Application.java:365)
02-20 19:14:16.270 7258 7258 W BootstrapClass: at android.app.Instrumentation.newApplication(Instrumentation.java:1233)
02-20 19:14:16.270 7258 7258 W BootstrapClass: at android.app.LoadedApk.makeApplicationInner(LoadedApk.java:1565)
02-20 19:14:16.270 7258 7258 W BootstrapClass: at android.app.LoadedApk.makeApplicationInner(LoadedApk.java:1502)
02-20 19:14:16.270 7258 7258 W BootstrapClass: at android.app.ActivityThread.handleBindApplication(ActivityThread.java:7553)
02-20 19:14:16.270 7258 7258 W BootstrapClass: at android.app.ActivityThread.-$$Nest$mhandleBindApplication(Unknown Source:0)
02-20 19:14:16.270 7258 7258 W BootstrapClass: at android.app.ActivityThread$H.handleMessage(ActivityThread.java:2400)
02-20 19:14:16.270 7258 7258 W BootstrapClass: at android.os.Handler.dispatchMessage(Handler.java:106)
02-20 19:14:16.270 7258 7258 W BootstrapClass: at android.os.Looper.loopOnce(Looper.java:226)
02-20 19:14:16.270 7258 7258 W BootstrapClass: at android.os.Looper.loop(Looper.java:313)
02-20 19:14:16.270 7258 7258 W BootstrapClass: at android.app.ActivityThread.main(ActivityThread.java:8757)
02-20 19:14:16.270 7258 7258 W BootstrapClass: at java.lang.reflect.Method.invoke(Native Method)
02-20 19:14:16.270 7258 7258 W BootstrapClass: at com.android.internal.os.RuntimeInit$MethodAndArgsCaller.run(RuntimeInit.java:571)
02-20 19:14:16.270 7258 7258 W BootstrapClass: at com.android.internal.os.ZygoteInit.main(ZygoteInit.java:1067)
02-20 19:14:16.270 7258 7258 W BootstrapClass: Caused by: java.lang.NoSuchMethodException: dalvik.system.VMRuntime.setHiddenApiExemptions [class [Ljava.lang.String;]
02-20 19:14:16.270 7258 7258 W BootstrapClass: at java.lang.Class.getMethod(Class.java:2103)
02-20 19:14:16.270 7258 7258 W BootstrapClass: at java.lang.Class.getDeclaredMethod(Class.java:2081)
02-20 19:14:16.270 7258 7258 W BootstrapClass: ... 19 more
02-20 19:14:16.271 7258 7258 W videocall:black: Opening an oat file without a class loader. Are you using the deprecated DexFile APIs?
02-20 19:14:16.271 7258 7258 W videocall:black: DexFile /data/user/0/com.accarunit.beauty.camera.videocall/code_cache/1708478056270.dex is in boot class path but is not in a known location
02-20 19:14:16.273 6467 6743 D BufferQueueProducer: [SurfaceView[com.accarunit.beauty.camera.videocall/com.lightcone.beautycam.activity .MainActivity]@0#16(BLAST Consumer)16](id:194300000012,api:3,p:938,c:6467) waitForFreeSlotThenRelock TIMED_OUT 0 dequeuedCount=20, acquiredCount=2, mMaxAcquiredBufferCount=1, mMaxDequeuedBufferCount=21
02-20 19:14:16.284 6467 6740 D BufferQueueProducer: [SurfaceView[com.accarunit.beauty.camera.videocall/com.lightcone.beautycam.activity .MainActivity]@0#16(BLAST Consumer)16](id:194300000012,api:3,p:938,c:6467) waitForFreeSlotThenRelock TIMED_OUT 0 dequeuedCount=20, acquiredCount=2, mMaxAcquiredBufferCount=1, mMaxDequeuedBufferCount=21
02-20 19:14:16.295 6467 6740 D BufferQueueProducer: [SurfaceView[com.accarunit.beauty.camera.videocall/com.lightcone.beautycam.activity .MainActivity]@0#16(BLAST Consumer)16](id:194300000012,api:3,p:938,c:6467) waitForFreeSlotThenRelock TIMED_OUT 0 dequeuedCount=20, acquiredCount=2, mMaxAcquiredBufferCount=1, mMaxDequeuedBufferCount=21
02-20 19:14:16.305 6467 6740 D BufferQueueProducer: [SurfaceView[com.accarunit.beauty.camera.videocall/com.lightcone.beautycam.activity .MainActivity]@0#16(BLAST Consumer)16](id:194300000012,api:3,p:938,c:6467) waitForFreeSlotThenRelock TIMED_OUT 0 dequeuedCount=20, acquiredCount=2, mMaxAcquiredBufferCount=1, mMaxDequeuedBufferCount=21
02-20 19:14:16.318 6467 6740 D BufferQueueProducer: [SurfaceView[com.accarunit.beauty.camera.videocall/com.lightcone.beautycam.activity .MainActivity]@0#16(BLAST Consumer)16](id:194300000012,api:3,p:938,c:6467) waitForFreeSlotThenRelock TIMED_OUT 0 dequeuedCount=20, acquiredCount=2, mMaxAcquiredBufferCount=1, mMaxDequeuedBufferCount=21
02-20 19:14:16.327 7258 7258 D HookManager: hook: top.niunaijun.blackbox.fake.service.IVpnManagerProxy@a859c5d
02-20 19:14:16.329 6467 6740 D BufferQueueProducer: [SurfaceView[com.accarunit.beauty.camera.videocall/com.lightcone.beautycam.activity .MainActivity]@0#16(BLAST Consumer)16](id:194300000012,api:3,p:938,c:6467) waitForFreeSlotThenRelock TIMED_OUT 0 dequeuedCount=20, acquiredCount=2, mMaxAcquiredBufferCount=1, mMaxDequeuedBufferCount=21
02-20 19:14:16.335 7258 7258 D HookManager: hook: top.niunaijun.blackbox.fake.service.context.ContentServiceStub@21f112a
02-20 19:14:16.339 7258 7258 D HookManager: hook: top.niunaijun.blackbox.fake.service.IPackageManagerProxy@54f7df7
02-20 19:14:16.339 6467 6740 D BufferQueueProducer: [SurfaceView[com.accarunit.beauty.camera.videocall/com.lightcone.beautycam.activity .MainActivity]@0#16(BLAST Consumer)16](id:194300000012,api:3,p:938,c:6467) waitForFreeSlotThenRelock TIMED_OUT 0 dequeuedCount=20, acquiredCount=2, mMaxAcquiredBufferCount=1, mMaxDequeuedBufferCount=21
02-20 19:14:16.351 6467 6740 D BufferQueueProducer: [SurfaceView[com.accarunit.beauty.camera.videocall/com.lightcone.beautycam.activity .MainActivity]@0#16(BLAST Consumer)16](id:194300000012,api:3,p:938,c:6467) waitForFreeSlotThenRelock TIMED_OUT 0 dequeuedCount=20, acquiredCount=2, mMaxAcquiredBufferCount=1, mMaxDequeuedBufferCount=21
02-20 19:14:16.352 7258 7258 D HookManager: hook: top.niunaijun.blackbox.fake.service.INotificationManagerProxy@8fb8bfc
02-20 19:14:16.352 7258 7258 E INotificationManagerProxy: getWho: android.app.INotificationManager$Stub$Proxy@8a99285
02-20 19:14:16.359 7258 7258 D HookManager: hook: top.niunaijun.blackbox.fake.service.ITelephonyRegistryProxy@9736be8
02-20 19:14:16.361 6467 6740 D BufferQueueProducer: [SurfaceView[com.accarunit.beauty.camera.videocall/com.lightcone.beautycam.activity .MainActivity]@0#16(BLAST Consumer)16](id:194300000012,api:3,p:938,c:6467) waitForFreeSlotThenRelock TIMED_OUT 0 dequeuedCount=20, acquiredCount=2, mMaxAcquiredBufferCount=1, mMaxDequeuedBufferCount=21
02-20 19:14:16.367 7258 7258 D HookManager: hook: top.niunaijun.blackbox.fake.service.HCallbackProxy@96c8d3d
02-20 19:14:16.369 7258 7258 D HookManager: hook: top.niunaijun.blackbox.fake.service.IJobServiceProxy@619c039
02-20 19:14:16.371 7258 7258 D HookManager: hook: top.niunaijun.blackbox.fake.service.IAppWidgetManagerProxy@6b66c8a
02-20 19:14:16.372 6467 6740 D BufferQueueProducer: [SurfaceView[com.accarunit.beauty.camera.videocall/com.lightcone.beautycam.activity .MainActivity]@0#16(BLAST Consumer)16](id:194300000012,api:3,p:938,c:6467) waitForFreeSlotThenRelock TIMED_OUT 0 dequeuedCount=20, acquiredCount=2, mMaxAcquiredBufferCount=1, mMaxDequeuedBufferCount=21
02-20 19:14:16.377 7258 7258 D HookManager: hook: top.niunaijun.blackbox.fake.service.IAccessibilityManagerProxy@67343d7
02-20 19:14:16.382 7258 7258 D HookManager: hook: top.niunaijun.blackbox.fake.service.IAccountManagerProxy@66f6b2e
02-20 19:14:16.384 6467 6743 D BufferQueueProducer: [SurfaceView[com.accarunit.beauty.camera.videocall/com.lightcone.beautycam.activity .MainActivity]@0#16(BLAST Consumer)16](id:194300000012,api:3,p:938,c:6467) waitForFreeSlotThenRelock TIMED_OUT 0 dequeuedCount=20, acquiredCount=2, mMaxAcquiredBufferCount=1, mMaxDequeuedBufferCount=21
02-20 19:14:16.388 7258 7258 D HookManager: hook: top.niunaijun.blackbox.fake.service.context.RestrictionsManagerStub@e4a10eb
02-20 19:14:16.391 7258 7258 D HookManager: hook: top.niunaijun.blackbox.fake.service.IMediaSessionManagerProxy@6ddb6f4
02-20 19:14:16.397 6467 6740 D BufferQueueProducer: [SurfaceView[com.accarunit.beauty.camera.videocall/com.lightcone.beautycam.activity .MainActivity]@0#16(BLAST Consumer)16](id:194300000012,api:3,p:938,c:6467) waitForFreeSlotThenRelock TIMED_OUT 0 dequeuedCount=20, acquiredCount=2, mMaxAcquiredBufferCount=1, mMaxDequeuedBufferCount=21
02-20 19:14:16.397 7258 7258 D HookManager: hook: top.niunaijun.blackbox.fake.service.IUserManagerProxy@767cf19
02-20 19:14:16.405 7258 7258 D HookManager: hook: top.niunaijun.blackbox.fake.service.IAudioManagerProxy@55ef7ea
02-20 19:14:16.406 7258 7258 E IAudioManagerProxy: getWho: android.media.IAudioService$Stub$Proxy@1f50adb
02-20 19:14:16.408 6467 6740 D BufferQueueProducer: [SurfaceView[com.accarunit.beauty.camera.videocall/com.lightcone.beautycam.activity .MainActivity]@0#16(BLAST Consumer)16](id:194300000012,api:3,p:938,c:6467) waitForFreeSlotThenRelock TIMED_OUT 0 dequeuedCount=20, acquiredCount=2, mMaxAcquiredBufferCount=1, mMaxDequeuedBufferCount=21
02-20 19:14:16.422 6467 6743 D BufferQueueProducer: [SurfaceView[com.accarunit.beauty.camera.videocall/com.lightcone.beautycam.activity .MainActivity]@0#16(BLAST Consumer)16](id:194300000012,api:3,p:938,c:6467) waitForFreeSlotThenRelock TIMED_OUT 0 dequeuedCount=20, acquiredCount=2, mMaxAcquiredBufferCount=1, mMaxDequeuedBufferCount=21
02-20 19:14:16.423 7258 7258 D HookManager: hook: top.niunaijun.blackbox.fake.service.IMediaRouterServiceProxy@a2ca8b6
02-20 19:14:16.430 7258 7258 D HookManager: hook: top.niunaijun.blackbox.fake.service.IWifiScannerProxy@637fa53
02-20 19:14:16.434 6467 6743 D BufferQueueProducer: [SurfaceView[com.accarunit.beauty.camera.videocall/com.lightcone.beautycam.activity .MainActivity]@0#16(BLAST Consumer)16](id:194300000012,api:3,p:938,c:6467) waitForFreeSlotThenRelock TIMED_OUT 0 dequeuedCount=20, acquiredCount=2, mMaxAcquiredBufferCount=1, mMaxDequeuedBufferCount=21
02-20 19:14:16.435 7258 7258 D HookManager: hook error: top.niunaijun.blackbox.fake.service.IWifiScannerProxy@637fa53
02-20 19:14:16.436 7258 7258 D HookManager: hook: top.niunaijun.blackbox.fake.service.INetworkManagementServiceProxy@2f4188e
02-20 19:14:16.445 6467 6743 D BufferQueueProducer: [SurfaceView[com.accarunit.beauty.camera.videocall/com.lightcone.beautycam.activity .MainActivity]@0#16(BLAST Consumer)16](id:194300000012,api:3,p:938,c:6467) waitForFreeSlotThenRelock TIMED_OUT 0 dequeuedCount=20, acquiredCount=2, mMaxAcquiredBufferCount=1, mMaxDequeuedBufferCount=21
02-20 19:14:16.445 7258 7258 D HookManager: hook: top.niunaijun.blackbox.fake.service.IActivityTaskManagerProxy@40a60cb
02-20 19:14:16.458 7258 7258 D HookManager: hook: top.niunaijun.blackbox.fake.service.ILauncherAppsProxy@526cdf9
02-20 19:14:16.458 6467 6740 D BufferQueueProducer: [SurfaceView[com.accarunit.beauty.camera.videocall/com.lightcone.beautycam.activity .MainActivity]@0#16(BLAST Consumer)16](id:194300000012,api:3,p:938,c:6467) waitForFreeSlotThenRelock TIMED_OUT 0 dequeuedCount=20, acquiredCount=2, mMaxAcquiredBufferCount=1, mMaxDequeuedBufferCount=21
02-20 19:14:16.463 7258 7258 D HookManager: hook: top.niunaijun.blackbox.fake.service.IGraphicsStatsProxy@e70b34a
02-20 19:14:16.464 7258 7258 D HookManager: hook: top.niunaijun.blackbox.fake.service.IPhoneSubInfoProxy@7c1f97
02-20 19:14:16.468 7258 7258 D HookManager: hook: top.niunaijun.blackbox.fake.service.IVibratorServiceProxy@2b461a2
02-20 19:14:16.470 6467 6740 D BufferQueueProducer: [SurfaceView[com.accarunit.beauty.camera.videocall/com.lightcone.beautycam.activity .MainActivity]@0#16(BLAST Consumer)16](id:194300000012,api:3,p:938,c:6467) waitForFreeSlotThenRelock TIMED_OUT 0 dequeuedCount=20, acquiredCount=2, mMaxAcquiredBufferCount=1, mMaxDequeuedBufferCount=21
02-20 19:14:16.473 7258 7258 D HookManager: hook: top.niunaijun.blackbox.fake.service.IStorageStatsManagerProxy@afd6a8f
02-20 19:14:16.477 7258 7258 D HookManager: hook: top.niunaijun.blackbox.fake.service.IDisplayManagerProxy@af43308
02-20 19:14:16.483 6467 6740 D BufferQueueProducer: [SurfaceView[com.accarunit.beauty.camera.videocall/com.lightcone.beautycam.activity .MainActivity]@0#16(BLAST Consumer)16](id:194300000012,api:3,p:938,c:6467) waitForFreeSlotThenRelock TIMED_OUT 0 dequeuedCount=20, acquiredCount=2, mMaxAcquiredBufferCount=1, mMaxDequeuedBufferCount=21
02-20 19:14:16.494 7258 7258 D HookManager: hook: top.niunaijun.blackbox.fake.service.IAlarmManagerProxy@4f45b20
02-20 19:14:16.498 7258 7258 D HookManager: hook: top.niunaijun.blackbox.fake.service.IDevicePolicyManagerProxy@4a54d95
02-20 19:14:16.500 6467 6743 D BufferQueueProducer: [SurfaceView[com.accarunit.beauty.camera.videocall/com.lightcone.beautycam.activity .MainActivity]@0#16(BLAST Consumer)16](id:194300000012,api:3,p:938,c:6467) waitForFreeSlotThenRelock TIMED_OUT 0 dequeuedCount=20, acquiredCount=2, mMaxAcquiredBufferCount=1, mMaxDequeuedBufferCount=21
02-20 19:14:16.512 6467 6743 D BufferQueueProducer: [SurfaceView[com.accarunit.beauty.camera.videocall/com.lightcone.beautycam.activity .MainActivity]@0#16(BLAST Consumer)16](id:194300000012,api:3,p:938,c:6467) waitForFreeSlotThenRelock TIMED_OUT 0 dequeuedCount=20, acquiredCount=2, mMaxAcquiredBufferCount=1, mMaxDequeuedBufferCount=21
02-20 19:14:16.520 7258 7258 D HookManager: hook: top.niunaijun.blackbox.fake.service.ITelephonyManagerProxy@894fb76
02-20 19:14:16.524 6467 6740 D BufferQueueProducer: [SurfaceView[com.accarunit.beauty.camera.videocall/com.lightcone.beautycam.activity .MainActivity]@0#16(BLAST Consumer)16](id:194300000012,api:3,p:938,c:6467) waitForFreeSlotThenRelock TIMED_OUT 0 dequeuedCount=20, acquiredCount=2, mMaxAcquiredBufferCount=1, mMaxDequeuedBufferCount=21
02-20 19:14:16.536 6467 6740 D BufferQueueProducer: [SurfaceView[com.accarunit.beauty.camera.videocall/com.lightcone.beautycam.activity .MainActivity]@0#16(BLAST Consumer)16](id:194300000012,api:3,p:938,c:6467) waitForFreeSlotThenRelock TIMED_OUT 0 dequeuedCount=20, acquiredCount=2, mMaxAcquiredBufferCount=1, mMaxDequeuedBufferCount=21
02-20 19:14:16.538 7258 7258 D HookManager: hook: top.niunaijun.blackbox.fake.delegate.AppInstrumentation@719b213
02-20 19:14:16.539 7258 7258 D HookManager: hook: top.niunaijun.blackbox.fake.service.IPersistentDataBlockServiceProxy@7e4cc50
02-20 19:14:16.545 7258 7258 D HookManager: hook: top.niunaijun.blackbox.fake.service.IWifiManagerProxy@6f5c605
02-20 19:14:16.547 6467 6740 D BufferQueueProducer: [SurfaceView[com.accarunit.beauty.camera.videocall/com.lightcone.beautycam.activity .MainActivity]@0#16(BLAST Consumer)16](id:194300000012,api:3,p:938,c:6467) waitForFreeSlotThenRelock TIMED_OUT 0 dequeuedCount=20, acquiredCount=2, mMaxAcquiredBufferCount=1, mMaxDequeuedBufferCount=21
02-20 19:14:16.553 7258 7258 D HookManager: hook: top.niunaijun.blackbox.fake.service.libcore.OsStub@a5d568
02-20 19:14:16.557 7258 7258 D HookManager: hook: top.niunaijun.blackbox.fake.service.IWindowManagerProxy@8c46a67
02-20 19:14:16.560 6467 6743 D BufferQueueProducer: [SurfaceView[com.accarunit.beauty.camera.videocall/com.lightcone.beautycam.activity .MainActivity]@0#16(BLAST Consumer)16](id:194300000012,api:3,p:938,c:6467) waitForFreeSlotThenRelock TIMED_OUT 0 dequeuedCount=20, acquiredCount=2, mMaxAcquiredBufferCount=1, mMaxDequeuedBufferCount=21
02-20 19:14:16.569 7258 7258 D HookManager: hook: top.niunaijun.blackbox.fake.service.IStorageManagerProxy@d55dbfe
02-20 19:14:16.571 6467 6743 D BufferQueueProducer: [SurfaceView[com.accarunit.beauty.camera.videocall/com.lightcone.beautycam.activity .MainActivity]@0#16(BLAST Consumer)16](id:194300000012,api:3,p:938,c:6467) waitForFreeSlotThenRelock TIMED_OUT 0 dequeuedCount=20, acquiredCount=2, mMaxAcquiredBufferCount=1, mMaxDequeuedBufferCount=21
02-20 19:14:16.575 7258 7258 D HookManager: hook: top.niunaijun.blackbox.fake.service.IConnectivityManagerProxy@5bd727b
02-20 19:14:16.582 7258 7258 D HookManager: hook: top.niunaijun.blackbox.fake.service.IDeviceIdentifiersPolicyProxy@c5c7644
02-20 19:14:16.583 6467 6743 D BufferQueueProducer: [SurfaceView[com.accarunit.beauty.camera.videocall/com.lightcone.beautycam.activity .MainActivity]@0#16(BLAST Consumer)16](id:194300000012,api:3,p:938,c:6467) waitForFreeSlotThenRelock TIMED_OUT 0 dequeuedCount=20, acquiredCount=2, mMaxAcquiredBufferCount=1, mMaxDequeuedBufferCount=21
02-20 19:14:16.586 7258 7258 D HookManager: hook: top.niunaijun.blackbox.fake.service.IActivityManagerProxy@db9e529
02-20 19:14:16.589 7258 7258 E ActivityManagerStub: getWho: android.app.IActivityManager$Stub$Proxy@562aae5
02-20 19:14:16.596 6467 6740 D BufferQueueProducer: [SurfaceView[com.accarunit.beauty.camera.videocall/com.lightcone.beautycam.activity .MainActivity]@0#16(BLAST Consumer)16](id:194300000012,api:3,p:938,c:6467) waitForFreeSlotThenRelock TIMED_OUT 0 dequeuedCount=20, acquiredCount=2, mMaxAcquiredBufferCount=1, mMaxDequeuedBufferCount=21
02-20 19:14:16.597 7258 7258 D HookManager: hook: top.niunaijun.blackbox.fake.service.IAppOpsManagerProxy@d1827c8
02-20 19:14:16.603 7258 7258 D HookManager: hook: top.niunaijun.blackbox.fake.service.IFingerprintManagerProxy@78a27e0
02-20 19:14:16.607 6467 6743 D BufferQueueProducer: [SurfaceView[com.accarunit.beauty.camera.videocall/com.lightcone.beautycam.activity .MainActivity]@0#16(BLAST Consumer)16](id:194300000012,api:3,p:938,c:6467) waitForFreeSlotThenRelock TIMED_OUT 0 dequeuedCount=20, acquiredCount=2, mMaxAcquiredBufferCount=1, mMaxDequeuedBufferCount=21
02-20 19:14:16.609 7258 7258 D HookManager: hook error: top.niunaijun.blackbox.fake.service.IFingerprintManagerProxy@78a27e0
02-20 19:14:16.609 7258 7258 D HookManager: hook: top.niunaijun.blackbox.fake.service.IShortcutManagerProxy@5396a99
02-20 19:14:16.615 7258 7258 D HookManager: hook: top.niunaijun.blackbox.fake.service.ILocationManagerProxy@f8d056a
02-20 19:14:16.621 6467 6743 D BufferQueueProducer: [SurfaceView[com.accarunit.beauty.camera.videocall/com.lightcone.beautycam.activity .MainActivity]@0#16(BLAST Consumer)16](id:194300000012,api:3,p:938,c:6467) waitForFreeSlotThenRelock TIMED_OUT 0 dequeuedCount=20, acquiredCount=2, mMaxAcquiredBufferCount=1, mMaxDequeuedBufferCount=21
02-20 19:14:16.626 7258 7258 D HookManager: hook: top.niunaijun.blackbox.fake.service.IPowerManagerProxy@174b137
02-20 19:14:16.631 7258 7258 D HookManager: hook: top.niunaijun.blackbox.fake.service.IContextHubServiceProxy@8e74910
02-20 19:14:16.632 6467 6740 D BufferQueueProducer: [SurfaceView[com.accarunit.beauty.camera.videocall/com.lightcone.beautycam.activity .MainActivity]@0#16(BLAST Consumer)16](id:194300000012,api:3,p:938,c:6467) waitForFreeSlotThenRelock TIMED_OUT 0 dequeuedCount=20, acquiredCount=2, mMaxAcquiredBufferCount=1, mMaxDequeuedBufferCount=21
02-20 19:14:16.636 7258 7258 D HookManager: hook error: top.niunaijun.blackbox.fake.service.IContextHubServiceProxy@8e74910
02-20 19:14:16.636 7258 7258 D HookManager: hook: top.niunaijun.blackbox.fake.service.IPermissionManagerProxy@902902f
02-20 19:14:16.640 7258 7258 D HookManager: hook: top.niunaijun.blackbox.fake.service.IActivityClientProxy@e632a28
02-20 19:14:16.643 6467 6740 D BufferQueueProducer: [SurfaceView[com.accarunit.beauty.camera.videocall/com.lightcone.beautycam.activity .MainActivity]@0#16(BLAST Consumer)16](id:194300000012,api:3,p:938,c:6467) waitForFreeSlotThenRelock TIMED_OUT 0 dequeuedCount=20, acquiredCount=2, mMaxAcquiredBufferCount=1, mMaxDequeuedBufferCount=21
02-20 19:14:16.646 7258 7258 D HookManager: hook: top.niunaijun.blackbox.fake.service.IAutofillManagerProxy@cec2979
02-20 19:14:16.649 7258 7258 D HookManager: hook: top.niunaijun.blackbox.fake.service.ITelecomServiceProxy@5b380ca
02-20 19:14:16.656 6467 6743 D BufferQueueProducer: [SurfaceView[com.accarunit.beauty.camera.videocall/com.lightcone.beautycam.activity .MainActivity]@0#16(BLAST Consumer)16](id:194300000012,api:3,p:938,c:6467) waitForFreeSlotThenRelock TIMED_OUT 0 dequeuedCount=20, acquiredCount=2, mMaxAcquiredBufferCount=1, mMaxDequeuedBufferCount=21
02-20 19:14:16.657 7258 7258 D HookManager: hook: top.niunaijun.blackbox.fake.service.ISystemUpdateProxy@2b31717
02-20 19:14:16.659 7258 7258 D HookManager: hook error: top.niunaijun.blackbox.fake.service.ISystemUpdateProxy@2b31717
02-20 19:14:16.667 6467 6740 D BufferQueueProducer: [SurfaceView[com.accarunit.beauty.camera.videocall/com.lightcone.beautycam.activity .MainActivity]@0#16(BLAST Consumer)16](id:194300000012,api:3,p:938,c:6467) waitForFreeSlotThenRelock TIMED_OUT 0 dequeuedCount=20, acquiredCount=2, mMaxAcquiredBufferCount=1, mMaxDequeuedBufferCount=21
02-20 19:14:16.678 7258 7258 D ActivityManagerStub: call11 registerReceiverWithFeature
02-20 19:14:16.678 6467 6740 D BufferQueueProducer: [SurfaceView[com.accarunit.beauty.camera.videocall/com.lightcone.beautycam.activity .MainActivity]@0#16(BLAST Consumer)16](id:194300000012,api:3,p:938,c:6467) waitForFreeSlotThenRelock TIMED_OUT 0 dequeuedCount=20, acquiredCount=2, mMaxAcquiredBufferCount=1, mMaxDequeuedBufferCount=21
02-20 19:14:16.691 6467 6740 D BufferQueueProducer: [SurfaceView[com.accarunit.beauty.camera.videocall/com.lightcone.beautycam.activity .MainActivity]@0#16(BLAST Consumer)16](id:194300000012,api:3,p:938,c:6467) waitForFreeSlotThenRelock TIMED_OUT 0 dequeuedCount=20, acquiredCount=2, mMaxAcquiredBufferCount=1, mMaxDequeuedBufferCount=21
02-20 19:14:16.702 6467 6740 D BufferQueueProducer: [SurfaceView[com.accarunit.beauty.camera.videocall/com.lightcone.beautycam.activity .MainActivity]@0#16(BLAST Consumer)16](id:194300000012,api:3,p:938,c:6467) waitForFreeSlotThenRelock TIMED_OUT 0 dequeuedCount=20, acquiredCount=2, mMaxAcquiredBufferCount=1, mMaxDequeuedBufferCount=21
02-20 19:14:16.713 6467 6740 D BufferQueueProducer: [SurfaceView[com.accarunit.beauty.camera.videocall/com.lightcone.beautycam.activity .MainActivity]@0#16(BLAST Consumer)16](id:194300000012,api:3,p:938,c:6467) waitForFreeSlotThenRelock TIMED_OUT 0 dequeuedCount=20, acquiredCount=2, mMaxAcquiredBufferCount=1, mMaxDequeuedBufferCount=21
02-20 19:14:16.726 6467 6740 D BufferQueueProducer: [SurfaceView[com.accarunit.beauty.camera.videocall/com.lightcone.beautycam.activity .MainActivity]@0#16(BLAST Consumer)16](id:194300000012,api:3,p:938,c:6467) waitForFreeSlotThenRelock TIMED_OUT 0 dequeuedCount=20, acquiredCount=2, mMaxAcquiredBufferCount=1, mMaxDequeuedBufferCount=21
02-20 19:14:16.738 6467 6740 D BufferQueueProducer: [SurfaceView[com.accarunit.beauty.camera.videocall/com.lightcone.beautycam.activity .MainActivity]@0#16(BLAST Consumer)16](id:194300000012,api:3,p:938,c:6467) waitForFreeSlotThenRelock TIMED_OUT 0 dequeuedCount=20, acquiredCount=2, mMaxAcquiredBufferCount=1, mMaxDequeuedBufferCount=21
02-20 19:14:16.741 7258 7258 D ActivityManagerStub: call11 getContentProvider
02-20 19:14:16.743 7258 7258 D ActivityThread: Loading provider com.accarunit.beauty.camera.videocall.blackbox.SystemCallProvider: top.niunaijun.blackbox.core.system.SystemCallProvider
02-20 19:14:16.744 7258 7258 D SystemCallProvider: call: VM, Bundle[{_B_| _server_name_=package_manager}]
02-20 19:14:16.744 7258 7258 D BlackBoxCore: getService: package_manager, top.niunaijun.blackbox.core.system.pm.BPackageManagerService@34c8f70
02-20 19:14:16.749 6467 6740 D BufferQueueProducer: [SurfaceView[com.accarunit.beauty.camera.videocall/com.lightcone.beautycam.activity .MainActivity]@0#16(BLAST Consumer)16](id:194300000012,api:3,p:938,c:6467) waitForFreeSlotThenRelock TIMED_OUT 0 dequeuedCount=20, acquiredCount=2, mMaxAcquiredBufferCount=1, mMaxDequeuedBufferCount=21
02-20 19:14:16.759 7258 7258 D ActivityManagerStub: call11 publishContentProviders
02-20 19:14:16.763 7258 7274 D SystemCallProvider: call: VM, Bundle[mParcelledData.dataSize=84]
02-20 19:14:16.764 6467 6740 D BufferQueueProducer: [SurfaceView[com.accarunit.beauty.camera.videocall/com.lightcone.beautycam.activity .MainActivity]@0#16(BLAST Consumer)16](id:194300000012,api:3,p:938,c:6467) waitForFreeSlotThenRelock TIMED_OUT 0 dequeuedCount=20, acquiredCount=2, mMaxAcquiredBufferCount=1, mMaxDequeuedBufferCount=21
02-20 19:14:16.765 6467 6467 D BlackBoxCore: getService: package_manager, android.os.BinderProxy@4666560
02-20 19:14:16.773 7258 7258 D ActivityManagerStub: call11 serviceDoneExecuting
02-20 19:14:16.775 7258 7258 D ActivityManagerStub: call11 startService
02-20 19:14:16.775 6467 6740 D BufferQueueProducer: [SurfaceView[com.accarunit.beauty.camera.videocall/com.lightcone.beautycam.activity .MainActivity]@0#16(BLAST Consumer)16](id:194300000012,api:3,p:938,c:6467) waitForFreeSlotThenRelock TIMED_OUT 0 dequeuedCount=20, acquiredCount=2, mMaxAcquiredBufferCount=1, mMaxDequeuedBufferCount=21
02-20 19:14:16.779 7258 7258 D CompatibilityChangeReporter: Compat change id reported: 160794467; UID 10254; state: ENABLED
02-20 19:14:16.779 7258 7258 D ActivityManagerStub: call11 getIntentSenderWithFeature
02-20 19:14:16.784 7258 7258 D ActivityManagerStub: call11 setServiceForeground
02-20 19:14:16.787 6467 6743 D BufferQueueProducer: [SurfaceView[com.accarunit.beauty.camera.videocall/com.lightcone.beautycam.activity .MainActivity]@0#16(BLAST Consumer)16](id:194300000012,api:3,p:938,c:6467) waitForFreeSlotThenRelock TIMED_OUT 0 dequeuedCount=19, acquiredCount=3, mMaxAcquiredBufferCount=1, mMaxDequeuedBufferCount=21
02-20 19:14:16.799 7258 7258 D ActivityManagerStub: call11 serviceDoneExecuting
02-20 19:14:16.801 6467 6740 D BufferQueueProducer: [SurfaceView[com.accarunit.beauty.camera.videocall/com.lightcone.beautycam.activity .MainActivity]@0#16(BLAST Consumer)16](id:194300000012,api:3,p:938,c:6467) waitForFreeSlotThenRelock TIMED_OUT 0 dequeuedCount=20, acquiredCount=2, mMaxAcquiredBufferCount=1, mMaxDequeuedBufferCount=21
02-20 19:14:16.803 7258 7258 I DaemonService: DaemonInnerService -> onCreate
02-20 19:14:16.803 7258 7258 D ActivityManagerStub: call11 serviceDoneExecuting
02-20 19:14:16.805 7258 7258 I DaemonService: DaemonInnerService -> onStartCommand
02-20 19:14:16.806 7258 7258 D ActivityManagerStub: call11 stopServiceToken
02-20 19:14:16.813 6467 6740 D BufferQueueProducer: [SurfaceView[com.accarunit.beauty.camera.videocall/com.lightcone.beautycam.activity .MainActivity]@0#16(BLAST Consumer)16](id:194300000012,api:3,p:938,c:6467) waitForFreeSlotThenRelock TIMED_OUT 0 dequeuedCount=20, acquiredCount=2, mMaxAcquiredBufferCount=1, mMaxDequeuedBufferCount=21
02-20 19:14:16.814 7258 7258 D ActivityManagerStub: call11 serviceDoneExecuting
02-20 19:14:16.815 7258 7258 I DaemonService: DaemonInnerService -> onDestroy
02-20 19:14:16.815 7258 7258 D ActivityManagerStub: call11 serviceDoneExecuting
02-20 19:14:16.820 7258 7274 W PackageParser: Unknown element under <manifest>: queries at /data/app/~~DG07Z_aLWndOh7KqS_9uuw==/com.whatsapp- eGX1QQp8o5ttIspKffbxyw==/base.apk Binary XML file line #37
02-20 19:14:16.827 6467 6659 D BufferQueueProducer: [SurfaceView[com.accarunit.beauty.camera.videocall/com.lightcone.beautycam.activity .MainActivity]@0#16(BLAST Consumer)16](id:194300000012,api:3,p:938,c:6467) waitForFreeSlotThenRelock TIMED_OUT 0 dequeuedCount=20, acquiredCount=2, mMaxAcquiredBufferCount=1, mMaxDequeuedBufferCount=21
02-20 19:14:16.838 6467 6740 D BufferQueueProducer: [SurfaceView[com.accarunit.beauty.camera.videocall/com.lightcone.beautycam.activity .MainActivity]@0#16(BLAST Consumer)16](id:194300000012,api:3,p:938,c:6467) waitForFreeSlotThenRelock TIMED_OUT 0 dequeuedCount=20, acquiredCount=2, mMaxAcquiredBufferCount=1, mMaxDequeuedBufferCount=21
02-20 19:14:16.850 6467 6659 D BufferQueueProducer: [SurfaceView[com.accarunit.beauty.camera.videocall/com.lightcone.beautycam.activity .MainActivity]@0#16(BLAST Consumer)16](id:194300000012,api:3,p:938,c:6467) waitForFreeSlotThenRelock TIMED_OUT 0 dequeuedCount=20, acquiredCount=2, mMaxAcquiredBufferCount=1, mMaxDequeuedBufferCount=21
02-20 19:14:16.864 6467 6659 D BufferQueueProducer: [SurfaceView[com.accarunit.beauty.camera.videocall/com.lightcone.beautycam.activity .MainActivity]@0#16(BLAST Consumer)16](id:194300000012,api:3,p:938,c:6467) waitForFreeSlotThenRelock TIMED_OUT 0 dequeuedCount=20, acquiredCount=2, mMaxAcquiredBufferCount=1, mMaxDequeuedBufferCount=21
02-20 19:14:16.867 7258 7274 W PackageParser: Unknown element under <application>: property at /data/app/~~DG07Z_aLWndOh7KqS_9uuw==/com.whatsapp- eGX1QQp8o5ttIspKffbxyw==/base.apk Binary XML file line #3204
02-20 19:14:16.875 6467 6740 D BufferQueueProducer: [SurfaceView[com.accarunit.beauty.camera.videocall/com.lightcone.beautycam.activity .MainActivity]@0#16(BLAST Consumer)16](id:194300000012,api:3,p:938,c:6467) waitForFreeSlotThenRelock TIMED_OUT 0 dequeuedCount=20, acquiredCount=2, mMaxAcquiredBufferCount=1, mMaxDequeuedBufferCount=21
02-20 19:14:16.886 6467 6740 D BufferQueueProducer: [SurfaceView[com.accarunit.beauty.camera.videocall/com.lightcone.beautycam.activity .MainActivity]@0#16(BLAST Consumer)16](id:194300000012,api:3,p:938,c:6467) waitForFreeSlotThenRelock TIMED_OUT 0 dequeuedCount=19, acquiredCount=3, mMaxAcquiredBufferCount=1, mMaxDequeuedBufferCount=21
02-20 19:14:16.899 6467 6659 D BufferQueueProducer: [SurfaceView[com.accarunit.beauty.camera.videocall/com.lightcone.beautycam.activity .MainActivity]@0#16(BLAST Consumer)16](id:194300000012,api:3,p:938,c:6467) waitForFreeSlotThenRelock TIMED_OUT 0 dequeuedCount=20, acquiredCount=2, mMaxAcquiredBufferCount=1, mMaxDequeuedBufferCount=21
02-20 19:14:16.911 6467 6740 D BufferQueueProducer: [SurfaceView[com.accarunit.beauty.camera.videocall/com.lightcone.beautycam.activity .MainActivity]@0#16(BLAST Consumer)16](id:194300000012,api:3,p:938,c:6467) waitForFreeSlotThenRelock TIMED_OUT 0 dequeuedCount=20, acquiredCount=2, mMaxAcquiredBufferCount=1, mMaxDequeuedBufferCount=21
02-20 19:14:16.923 6467 6659 D BufferQueueProducer: [SurfaceView[com.accarunit.beauty.camera.videocall/com.lightcone.beautycam.activity .MainActivity]@0#16(BLAST Consumer)16](id:194300000012,api:3,p:938,c:6467) waitForFreeSlotThenRelock TIMED_OUT 0 dequeuedCount=19, acquiredCount=3, mMaxAcquiredBufferCount=1, mMaxDequeuedBufferCount=21
02-20 19:14:16.937 6467 6659 D BufferQueueProducer: [SurfaceView[com.accarunit.beauty.camera.videocall/com.lightcone.beautycam.activity .MainActivity]@0#16(BLAST Consumer)16](id:194300000012,api:3,p:938,c:6467) waitForFreeSlotThenRelock TIMED_OUT 0 dequeuedCount=20, acquiredCount=2, mMaxAcquiredBufferCount=1, mMaxDequeuedBufferCount=21
02-20 19:14:16.949 6467 6659 D BufferQueueProducer: [SurfaceView[com.accarunit.beauty.camera.videocall/com.lightcone.beautycam.activity .MainActivity]@0#16(BLAST Consumer)16](id:194300000012,api:3,p:938,c:6467) waitForFreeSlotThenRelock TIMED_OUT 0 dequeuedCount=20, acquiredCount=2, mMaxAcquiredBufferCount=1, mMaxDequeuedBufferCount=21
02-20 19:14:16.964 6467 6659 D BufferQueueProducer: [SurfaceView[com.accarunit.beauty.camera.videocall/com.lightcone.beautycam.activity .MainActivity]@0#16(BLAST Consumer)16](id:194300000012,api:3,p:938,c:6467) waitForFreeSlotThenRelock TIMED_OUT 0 dequeuedCount=20, acquiredCount=2, mMaxAcquiredBufferCount=1, mMaxDequeuedBufferCount=21
02-20 19:14:16.976 6467 6659 D BufferQueueProducer: [SurfaceView[com.accarunit.beauty.camera.videocall/com.lightcone.beautycam.activity .MainActivity]@0#16(BLAST Consumer)16](id:194300000012,api:3,p:938,c:6467) waitForFreeSlotThenRelock TIMED_OUT 0 dequeuedCount=20, acquiredCount=2, mMaxAcquiredBufferCount=1, mMaxDequeuedBufferCount=21
02-20 19:14:16.980 7258 7274 W PackageParser: Unknown element under <manifest>: queries at /data/app/~~DG07Z_aLWndOh7KqS_9uuw==/com.whatsapp- eGX1QQp8o5ttIspKffbxyw==/base.apk Binary XML file line #37
02-20 19:14:16.989 6467 6740 D BufferQueueProducer: [SurfaceView[com.accarunit.beauty.camera.videocall/com.lightcone.beautycam.activity .MainActivity]@0#16(BLAST Consumer)16](id:194300000012,api:3,p:938,c:6467) waitForFreeSlotThenRelock TIMED_OUT 0 dequeuedCount=20, acquiredCount=2, mMaxAcquiredBufferCount=1, mMaxDequeuedBufferCount=21
02-20 19:14:16.997 7258 7274 W PackageParser: Unknown element under <application>: property at /data/app/~~DG07Z_aLWndOh7KqS_9uuw==/com.whatsapp- eGX1QQp8o5ttIspKffbxyw==/base.apk Binary XML file line #3204
02-20 19:14:17.000 6467 6659 D BufferQueueProducer: [SurfaceView[com.accarunit.beauty.camera.videocall/com.lightcone.beautycam.activity .MainActivity]@0#16(BLAST Consumer)16](id:194300000012,api:3,p:938,c:6467) waitForFreeSlotThenRelock TIMED_OUT 0 dequeuedCount=20, acquiredCount=2, mMaxAcquiredBufferCount=1, mMaxDequeuedBufferCount=21
02-20 19:14:17.011 6467 6659 D BufferQueueProducer: [SurfaceView[com.accarunit.beauty.camera.videocall/com.lightcone.beautycam.activity .MainActivity]@0#16(BLAST Consumer)16](id:194300000012,api:3,p:938,c:6467) waitForFreeSlotThenRelock TIMED_OUT 0 dequeuedCount=20, acquiredCount=2, mMaxAcquiredBufferCount=1, mMaxDequeuedBufferCount=21
02-20 19:14:17.026 6467 6659 D BufferQueueProducer: [SurfaceView[com.accarunit.beauty.camera.videocall/com.lightcone.beautycam.activity .MainActivity]@0#16(BLAST Consumer)16](id:194300000012,api:3,p:938,c:6467) waitForFreeSlotThenRelock TIMED_OUT 0 dequeuedCount=20, acquiredCount=2, mMaxAcquiredBufferCount=1, mMaxDequeuedBufferCount=21
02-20 19:14:17.037 6467 6659 D BufferQueueProducer: [SurfaceView[com.accarunit.beauty.camera.videocall/com.lightcone.beautycam.activity .MainActivity]@0#16(BLAST Consumer)16](id:194300000012,api:3,p:938,c:6467) waitForFreeSlotThenRelock TIMED_OUT 0 dequeuedCount=20, acquiredCount=2, mMaxAcquiredBufferCount=1, mMaxDequeuedBufferCount=21
02-20 19:14:17.049 6467 6659 D BufferQueueProducer: [SurfaceView[com.accarunit.beauty.camera.videocall/com.lightcone.beautycam.activity .MainActivity]@0#16(BLAST Consumer)16](id:194300000012,api:3,p:938,c:6467) waitForFreeSlotThenRelock TIMED_OUT 0 dequeuedCount=20, acquiredCount=2, mMaxAcquiredBufferCount=1, mMaxDequeuedBufferCount=21
02-20 19:14:17.062 7258 7274 E TAG : BPackage: top.niunaijun.blackbox.core.system.pm.BPackage$Service@9b66193 -1
02-20 19:14:17.062 7258 7274 E TAG : BPackage: top.niunaijun.blackbox.core.system.pm.BPackage$Service@f1485d0 -1
02-20 19:14:17.062 7258 7274 E TAG : BPackage: top.niunaijun.blackbox.core.system.pm.BPackage$Service@b6289c9 -1
02-20 19:14:17.062 7258 7274 E TAG : BPackage: top.niunaijun.blackbox.core.system.pm.BPackage$Service@96618ce -1
02-20 19:14:17.062 7258 7274 E TAG : BPackage: top.niunaijun.blackbox.core.system.pm.BPackage$Service@95b83ef -1
02-20 19:14:17.062 7258 7274 E TAG : BPackage: top.niunaijun.blackbox.core.system.pm.BPackage$Service@8042efc -1
02-20 19:14:17.062 7258 7274 E TAG : BPackage: top.niunaijun.blackbox.core.system.pm.BPackage$Service@300f985 -1
02-20 19:14:17.062 7258 7274 E TAG : BPackage: top.niunaijun.blackbox.core.system.pm.BPackage$Service@54ef3da -1
02-20 19:14:17.062 7258 7274 E TAG : BPackage: top.niunaijun.blackbox.core.system.pm.BPackage$Service@586700b -1
02-20 19:14:17.062 7258 7274 E TAG : BPackage: top.niunaijun.blackbox.core.system.pm.BPackage$Service@3e33ee8 -1
02-20 19:14:17.062 7258 7274 E TAG : BPackage: top.niunaijun.blackbox.core.system.pm.BPackage$Service@45ca901 -1
02-20 19:14:17.062 7258 7274 E TAG : BPackage: top.niunaijun.blackbox.core.system.pm.BPackage$Service@eb873a6 -1
02-20 19:14:17.062 7258 7274 E TAG : BPackage: top.niunaijun.blackbox.core.system.pm.BPackage$Service@2a01e7 -1
02-20 19:14:17.062 7258 7274 E TAG : BPackage: top.niunaijun.blackbox.core.system.pm.BPackage$Service@e216194 -1
02-20 19:14:17.062 7258 7274 E TAG : BPackage: top.niunaijun.blackbox.core.system.pm.BPackage$Service@c69d43d -1
02-20 19:14:17.062 7258 7274 E TAG : BPackage: top.niunaijun.blackbox.core.system.pm.BPackage$Service@be82432 -1
02-20 19:14:17.062 7258 7274 E TAG : BPackage: top.niunaijun.blackbox.core.system.pm.BPackage$Service@d8ad583 -1
02-20 19:14:17.062 7258 7274 E TAG : BPackage: top.niunaijun.blackbox.core.system.pm.BPackage$Service@77d0300 -1
02-20 19:14:17.062 7258 7274 E TAG : BPackage: top.niunaijun.blackbox.core.system.pm.BPackage$Service@9247739 -1
02-20 19:14:17.063 7258 7274 E TAG : BPackage: top.niunaijun.blackbox.core.system.pm.BPackage$Service@ff0517e -1
02-20 19:14:17.063 7258 7274 E TAG : BPackage: top.niunaijun.blackbox.core.system.pm.BPackage$Service@79b46df -1
02-20 19:14:17.063 7258 7274 E TAG : BPackage: top.niunaijun.blackbox.core.system.pm.BPackage$Service@c2f4f2c -1
02-20 19:14:17.063 7258 7274 E TAG : BPackage: top.niunaijun.blackbox.core.system.pm.BPackage$Service@24c4df5 -1
02-20 19:14:17.063 7258 7274 E TAG : BPackage: top.niunaijun.blackbox.core.system.pm.BPackage$Service@abc078a -1
02-20 19:14:17.063 7258 7274 E TAG : BPackage: top.niunaijun.blackbox.core.system.pm.BPackage$Service@b1771fb -1
02-20 19:14:17.063 7258 7274 E TAG : BPackage: top.niunaijun.blackbox.core.system.pm.BPackage$Service@d83218 -1
02-20 19:14:17.063 7258 7274 E TAG : BPackage: top.niunaijun.blackbox.core.system.pm.BPackage$Service@1e0d471 -1
02-20 19:14:17.063 7258 7274 E TAG : BPackage: top.niunaijun.blackbox.core.system.pm.BPackage$Service@ddb1256 -1
02-20 19:14:17.063 7258 7274 E TAG : BPackage: top.niunaijun.blackbox.core.system.pm.BPackage$Service@a6132d7 -1
02-20 19:14:17.063 7258 7274 E TAG : BPackage: top.niunaijun.blackbox.core.system.pm.BPackage$Service@22a57c4 -1
02-20 19:14:17.063 7258 7274 E TAG : BPackage: top.niunaijun.blackbox.core.system.pm.BPackage$Service@85d46ad -1
02-20 19:14:17.063 7258 7274 E TAG : BPackage: top.niunaijun.blackbox.core.system.pm.BPackage$Service@20dfde2 -1
02-20 19:14:17.063 7258 7274 E TAG : BPackage: top.niunaijun.blackbox.core.system.pm.BPackage$Service@21c2573 -1
02-20 19:14:17.063 7258 7274 E TAG : BPackage: top.niunaijun.blackbox.core.system.pm.BPackage$Service@3572c30 -1
02-20 19:14:17.063 7258 7274 E TAG : BPackage: top.niunaijun.blackbox.core.system.pm.BPackage$Service@8b4a0a9 -1
02-20 19:14:17.063 7258 7274 E TAG : BPackage: top.niunaijun.blackbox.core.system.pm.BPackage$Service@992162e -1
02-20 19:14:17.063 7258 7274 E TAG : BPackage: top.niunaijun.blackbox.core.system.pm.BPackage$Service@b89a5cf -1
02-20 19:14:17.063 7258 7274 E TAG : BPackage: top.niunaijun.blackbox.core.system.pm.BPackage$Service@73adb5c -1
02-20 19:14:17.063 7258 7274 E TAG : BPackage: top.niunaijun.blackbox.core.system.pm.BPackage$Service@80d9e65 -1
02-20 19:14:17.063 7258 7274 E TAG : BPackage: top.niunaijun.blackbox.core.system.pm.BPackage$Service@b2d673a -1
02-20 19:14:17.064 6467 6740 D BufferQueueProducer: [SurfaceView[com.accarunit.beauty.camera.videocall/com.lightcone.beautycam.activity .MainActivity]@0#16(BLAST Consumer)16](id:194300000012,api:3,p:938,c:6467) waitForFreeSlotThenRelock TIMED_OUT 0 dequeuedCount=20, acquiredCount=2, mMaxAcquiredBufferCount=1, mMaxDequeuedBufferCount=21
02-20 19:14:17.075 6467 6740 D BufferQueueProducer: [SurfaceView[com.accarunit.beauty.camera.videocall/com.lightcone.beautycam.activity .MainActivity]@0#16(BLAST Consumer)16](id:194300000012,api:3,p:938,c:6467) waitForFreeSlotThenRelock TIMED_OUT 0 dequeuedCount=20, acquiredCount=2, mMaxAcquiredBufferCount=1, mMaxDequeuedBufferCount=21
02-20 19:14:17.086 6467 6740 D BufferQueueProducer: [SurfaceView[com.accarunit.beauty.camera.videocall/com.lightcone.beautycam.activity .MainActivity]@0#16(BLAST Consumer)16](id:194300000012,api:3,p:938,c:6467) waitForFreeSlotThenRelock TIMED_OUT 0 dequeuedCount=19, acquiredCount=3, mMaxAcquiredBufferCount=1, mMaxDequeuedBufferCount=21
02-20 19:14:17.098 7258 7274 D BPackageInstallerService: installPackageAsUser: CreateUserExecutor exec: 0
02-20 19:14:17.099 6467 6659 D BufferQueueProducer: [SurfaceView[com.accarunit.beauty.camera.videocall/com.lightcone.beautycam.activity .MainActivity]@0#16(BLAST Consumer)16](id:194300000012,api:3,p:938,c:6467) waitForFreeSlotThenRelock TIMED_OUT 0 dequeuedCount=20, acquiredCount=2, mMaxAcquiredBufferCount=1, mMaxDequeuedBufferCount=21
02-20 19:14:17.101 7258 7274 D BPackageInstallerService: installPackageAsUser: CreatePackageExecutor exec: 0
02-20 19:14:17.101 7258 7274 D BPackageInstallerService: installPackageAsUser: CopyExecutor exec: 0
02-20 19:14:17.110 6467 6740 D BufferQueueProducer: [SurfaceView[com.accarunit.beauty.camera.videocall/com.lightcone.beautycam.activity .MainActivity]@0#16(BLAST Consumer)16](id:194300000012,api:3,p:938,c:6467) waitForFreeSlotThenRelock TIMED_OUT 0 dequeuedCount=20, acquiredCount=2, mMaxAcquiredBufferCount=1, mMaxDequeuedBufferCount=21
02-20 19:14:17.122 6467 6740 D BufferQueueProducer: [SurfaceView[com.accarunit.beauty.camera.videocall/com.lightcone.beautycam.activity .MainActivity]@0#16(BLAST Consumer)16](id:194300000012,api:3,p:938,c:6467) waitForFreeSlotThenRelock TIMED_OUT 0 dequeuedCount=19, acquiredCount=3, mMaxAcquiredBufferCount=1, mMaxDequeuedBufferCount=21
02-20 19:14:17.135 6467 6740 D BufferQueueProducer: [SurfaceView[com.accarunit.beauty.camera.videocall/com.lightcone.beautycam.activity .MainActivity]@0#16(BLAST Consumer)16](id:194300000012,api:3,p:938,c:6467) waitForFreeSlotThenRelock TIMED_OUT 0 dequeuedCount=20, acquiredCount=2, mMaxAcquiredBufferCount=1, mMaxDequeuedBufferCount=21
02-20 19:14:17.146 6467 6740 D BufferQueueProducer: [SurfaceView[com.accarunit.beauty.camera.videocall/com.lightcone.beautycam.activity .MainActivity]@0#16(BLAST Consumer)16](id:194300000012,api:3,p:938,c:6467) waitForFreeSlotThenRelock TIMED_OUT 0 dequeuedCount=20, acquiredCount=2, mMaxAcquiredBufferCount=1, mMaxDequeuedBufferCount=21
02-20 19:14:17.158 6467 6659 D BufferQueueProducer: [SurfaceView[com.accarunit.beauty.camera.videocall/com.lightcone.beautycam.activity .MainActivity]@0#16(BLAST Consumer)16](id:194300000012,api:3,p:938,c:6467) waitForFreeSlotThenRelock TIMED_OUT 0 dequeuedCount=20, acquiredCount=2, mMaxAcquiredBufferCount=1, mMaxDequeuedBufferCount=21
02-20 19:14:17.169 6467 6659 D BufferQueueProducer: [SurfaceView[com.accarunit.beauty.camera.videocall/com.lightcone.beautycam.activity .MainActivity]@0#16(BLAST Consumer)16](id:194300000012,api:3,p:938,c:6467) waitForFreeSlotThenRelock TIMED_OUT 0 dequeuedCount=20, acquiredCount=2, mMaxAcquiredBufferCount=1, mMaxDequeuedBufferCount=21
02-20 19:14:17.180 6467 6659 D BufferQueueProducer: [SurfaceView[com.accarunit.beauty.camera.videocall/com.lightcone.beautycam.activity .MainActivity]@0#16(BLAST Consumer)16](id:194300000012,api:3,p:938,c:6467) waitForFreeSlotThenRelock TIMED_OUT 0 dequeuedCount=20, acquiredCount=2, mMaxAcquiredBufferCount=1, mMaxDequeuedBufferCount=21
02-20 19:14:17.192 6467 6740 D BufferQueueProducer: [SurfaceView[com.accarunit.beauty.camera.videocall/com.lightcone.beautycam.activity .MainActivity]@0#16(BLAST Consumer)16](id:194300000012,api:3,p:938,c:6467) waitForFreeSlotThenRelock TIMED_OUT 0 dequeuedCount=20, acquiredCount=2, mMaxAcquiredBufferCount=1, mMaxDequeuedBufferCount=21
02-20 19:14:17.203 6467 6740 D BufferQueueProducer: [SurfaceView[com.accarunit.beauty.camera.videocall/com.lightcone.beautycam.activity .MainActivity]@0#16(BLAST Consumer)16](id:194300000012,api:3,p:938,c:6467) waitForFreeSlotThenRelock TIMED_OUT 0 dequeuedCount=20, acquiredCount=2, mMaxAcquiredBufferCount=1, mMaxDequeuedBufferCount=21
02-20 19:14:17.215 6467 6740 D BufferQueueProducer: [SurfaceView[com.accarunit.beauty.camera.videocall/com.lightcone.beautycam.activity .MainActivity]@0#16(BLAST Consumer)16](id:194300000012,api:3,p:938,c:6467) waitForFreeSlotThenRelock TIMED_OUT 0 dequeuedCount=20, acquiredCount=2, mMaxAcquiredBufferCount=1, mMaxDequeuedBufferCount=21
02-20 19:14:17.228 6467 6740 D BufferQueueProducer: [SurfaceView[com.accarunit.beauty.camera.videocall/com.lightcone.beautycam.activity .MainActivity]@0#16(BLAST Consumer)16](id:194300000012,api:3,p:938,c:6467) waitForFreeSlotThenRelock TIMED_OUT 0 dequeuedCount=20, acquiredCount=2, mMaxAcquiredBufferCount=1, mMaxDequeuedBufferCount=21
02-20 19:14:17.240 6467 6740 D BufferQueueProducer: [SurfaceView[com.accarunit.beauty.camera.videocall/com.lightcone.beautycam.activity .MainActivity]@0#16(BLAST Consumer)16](id:194300000012,api:3,p:938,c:6467) waitForFreeSlotThenRelock TIMED_OUT 0 dequeuedCount=20, acquiredCount=2, mMaxAcquiredBufferCount=1, mMaxDequeuedBufferCount=21
02-20 19:14:17.255 6467 6740 D BufferQueueProducer: [SurfaceView[com.accarunit.beauty.camera.videocall/com.lightcone.beautycam.activity .MainActivity]@0#16(BLAST Consumer)16](id:194300000012,api:3,p:938,c:6467) waitForFreeSlotThenRelock TIMED_OUT 0 dequeuedCount=19, acquiredCount=3, mMaxAcquiredBufferCount=1, mMaxDequeuedBufferCount=21
02-20 19:14:17.269 6467 6659 D BufferQueueProducer: [SurfaceView[com.accarunit.beauty.camera.videocall/com.lightcone.beautycam.activity .MainActivity]@0#16(BLAST Consumer)16](id:194300000012,api:3,p:938,c:6467) waitForFreeSlotThenRelock TIMED_OUT 0 dequeuedCount=20, acquiredCount=2, mMaxAcquiredBufferCount=1, mMaxDequeuedBufferCount=21
02-20 19:14:17.280 6467 6740 D BufferQueueProducer: [SurfaceView[com.accarunit.beauty.camera.videocall/com.lightcone.beautycam.activity .MainActivity]@0#16(BLAST Consumer)16](id:194300000012,api:3,p:938,c:6467) waitForFreeSlotThenRelock TIMED_OUT 0 dequeuedCount=20, acquiredCount=2, mMaxAcquiredBufferCount=1, mMaxDequeuedBufferCount=21
02-20 19:14:17.291 7258 7274 D Settings: loaded Package: com.whatsapp
02-20 19:14:17.291 7258 7274 D BroadcastManager: register: com.whatsapp, size: 43
02-20 19:14:17.292 7258 7274 D ActivityManagerStub: call11 registerReceiverWithFeature
02-20 19:14:17.292 6467 6659 D BufferQueueProducer: [SurfaceView[com.accarunit.beauty.camera.videocall/com.lightcone.beautycam.activity .MainActivity]@0#16(BLAST Consumer)16](id:194300000012,api:3,p:938,c:6467) waitForFreeSlotThenRelock TIMED_OUT 0 dequeuedCount=20, acquiredCount=2, mMaxAcquiredBufferCount=1, mMaxDequeuedBufferCount=21
02-20 19:14:17.293 7258 7274 D ActivityManagerStub: call11 registerReceiverWithFeature
02-20 19:14:17.295 7258 7274 D ActivityManagerStub: call11 registerReceiverWithFeature
02-20 19:14:17.296 7258 7274 D ActivityManagerStub: call11 registerReceiverWithFeature
02-20 19:14:17.297 7258 7274 D ActivityManagerStub: call11 registerReceiverWithFeature
02-20 19:14:17.299 7258 7274 D ActivityManagerStub: call11 registerReceiverWithFeature
02-20 19:14:17.301 7258 7274 D ActivityManagerStub: call11 registerReceiverWithFeature
02-20 19:14:17.303 7258 7274 D ActivityManagerStub: call11 registerReceiverWithFeature
02-20 19:14:17.304 6467 6740 D BufferQueueProducer: [SurfaceView[com.accarunit.beauty.camera.videocall/com.lightcone.beautycam.activity .MainActivity]@0#16(BLAST Consumer)16](id:194300000012,api:3,p:938,c:6467) waitForFreeSlotThenRelock TIMED_OUT 0 dequeuedCount=20, acquiredCount=2, mMaxAcquiredBufferCount=1, mMaxDequeuedBufferCount=21
02-20 19:14:17.305 7258 7274 D ActivityManagerStub: call11 registerReceiverWithFeature
02-20 19:14:17.306 7258 7274 D ActivityManagerStub: call11 registerReceiverWithFeature
02-20 19:14:17.307 7258 7274 D ActivityManagerStub: call11 registerReceiverWithFeature
02-20 19:14:17.309 7258 7274 D ActivityManagerStub: call11 registerReceiverWithFeature
02-20 19:14:17.310 7258 7274 D ActivityManagerStub: call11 registerReceiverWithFeature
02-20 19:14:17.311 7258 7274 D ActivityManagerStub: call11 registerReceiverWithFeature
02-20 19:14:17.313 7258 7274 D ActivityManagerStub: call11 registerReceiverWithFeature
02-20 19:14:17.314 7258 7274 D ActivityManagerStub: call11 registerReceiverWithFeature
02-20 19:14:17.315 6467 6740 D BufferQueueProducer: [SurfaceView[com.accarunit.beauty.camera.videocall/com.lightcone.beautycam.activity .MainActivity]@0#16(BLAST Consumer)16](id:194300000012,api:3,p:938,c:6467) waitForFreeSlotThenRelock TIMED_OUT 0 dequeuedCount=20, acquiredCount=2, mMaxAcquiredBufferCount=1, mMaxDequeuedBufferCount=21
02-20 19:14:17.316 7258 7274 D ActivityManagerStub: call11 registerReceiverWithFeature
