We take content rights seriously. If you suspect this is your content, claim it here.
Available Formats
Download as TXT, PDF, TXT or read online on Scribd
You are on page 1/ 5161
--------- beginning of main
03-27 23:56:25.839 7172 7172 W main : type=1400 audit(0.0:4333): avc: denied {
read } for name="u:object_r:vendor_memfusion_size_prop:s0" dev="tmpfs" ino=8625 scontext=u:r:untrusted_app:s0:c225,c256,c512,c768 tcontext=u:object_r:vendor_memfusion_size_prop:s0 tclass=file permissive=0 app=com.mbwhatsapp
03-27 23:56:25.839 7172 7172 W main : type=1400 audit(0.0:4334): avc: denied { read } for name="u:object_r:vendor_memfusion_state_prop:s0" dev="tmpfs" ino=8626 scontext=u:r:untrusted_app:s0:c225,c256,c512,c768 tcontext=u:object_r:vendor_memfusion_state_prop:s0 tclass=file permissive=0 app=com.mbwhatsapp
03-27 23:56:25.839 7172 7172 W main : type=1400 audit(0.0:4335): avc: denied { read } for name="u:object_r:vendor_memfusion_tranlog_prop:s0" dev="tmpfs" ino=8628 scontext=u:r:untrusted_app:s0:c225,c256,c512,c768 tcontext=u:object_r:vendor_memfusion_tranlog_prop:s0 tclass=file permissive=0 app=com.mbwhatsapp
03-27 23:56:25.839 7172 7172 W main : type=1400 audit(0.0:4336): avc: denied { read } for name="u:object_r:vendor_memfusion_ui_enable_prop:s0" dev="tmpfs" ino=8629 scontext=u:r:untrusted_app:s0:c225,c256,c512,c768 tcontext=u:object_r:vendor_memfusion_ui_enable_prop:s0 tclass=file permissive=0 app=com.mbwhatsapp
03-27 23:56:25.839 7172 7172 W main : type=1400 audit(0.0:4337): avc: denied { read } for name="u:object_r:vendor_uxcompaction_enable_prop:s0" dev="tmpfs" ino=8867 scontext=u:r:untrusted_app:s0:c225,c256,c512,c768 tcontext=u:object_r:vendor_uxcompaction_enable_prop:s0 tclass=file permissive=0 app=com.mbwhatsapp
03-27 23:56:25.851 7172 7172 E com.mbwhatsapp: Not starting debugger since process cannot load the jdwp agent.
03-27 23:56:25.896 7172 7172 W System.err: java.lang.ClassNotFoundException: mbmodsd.mbmodsw.ui.views.btn.BtnBK
03-27 23:56:25.896 7172 7172 W System.err: at java.lang.Runtime.nativeLoad(Native Method)
03-27 23:56:25.897 7172 7172 W System.err: at java.lang.Runtime.nativeLoad(Runtime.java:1121)
03-27 23:56:25.897 7172 7172 W System.err: at java.lang.Runtime.loadLibrary0(Runtime.java:1075)
03-27 23:56:25.897 7172 7172 W System.err: at java.lang.Runtime.loadLibrary0(Runtime.java:998)
03-27 23:56:25.897 7172 7172 W System.err: at java.lang.System.loadLibrary(System.java:1661)
03-27 23:56:25.897 7172 7172 W System.err: at arm.EpicVm.<clinit>(Unknown Source:2)
03-27 23:56:25.897 7172 7172 W System.err: at java.lang.Class.newInstance(Native Method)
03-27 23:56:25.897 7172 7172 W System.err: at android.app.AppComponentFactory.instantiateApplication(AppComponentFactory.java:76)
03-27 23:56:25.897 7172 7172 W System.err: at androidx.core.app.CoreComponentFactory.instantiateApplication(Unknown Source:0)
03-27 23:56:25.897 7172 7172 W System.err: at android.app.Instrumentation.newApplication(Instrumentation.java:1236)
03-27 23:56:25.897 7172 7172 W System.err: at android.app.LoadedApk.makeApplicationInner(LoadedApk.java:1466)
03-27 23:56:25.897 7172 7172 W System.err: at android.app.LoadedApk.makeApplicationInner(LoadedApk.java:1399)
03-27 23:56:25.897 7172 7172 W System.err: at android.app.ActivityThread.handleBindApplication(ActivityThread.java:6964)
03-27 23:56:25.897 7172 7172 W System.err: at android.app.ActivityThread.-$ $Nest$mhandleBindApplication(Unknown Source:0)
03-27 23:56:25.897 7172 7172 W System.err: at android.app.ActivityThread$H.handleMessage(ActivityThread.java:2227)
03-27 23:56:25.897 7172 7172 W System.err: at android.os.Handler.dispatchMessage(Handler.java:106)
03-27 23:56:25.897 7172 7172 W System.err: at android.os.Looper.loopOnce(Looper.java:204)
03-27 23:56:25.897 7172 7172 W System.err: at android.os.Looper.loop(Looper.java:291)
03-27 23:56:25.897 7172 7172 W System.err: at android.app.ActivityThread.main(ActivityThread.java:8148)
03-27 23:56:25.897 7172 7172 W System.err: at java.lang.reflect.Method.invoke(Native Method)
03-27 23:56:25.897 7172 7172 W System.err: at com.android.internal.os.RuntimeInit$MethodAndArgsCaller.run(RuntimeInit.java:601)
03-27 23:56:25.897 7172 7172 W System.err: at com.android.internal.os.ZygoteInit.main(ZygoteInit.java:1139)
03-27 23:56:25.914 7172 7172 E CustomActivityOnCrash: IMPORTANT WARNING! You already have an UncaughtExceptionHandler, are you sure this is correct? If you use a custom UncaughtExceptionHandler, you must initialize it AFTER CustomActivityOnCrash! Installing anyway, but your original handler will not be called.
03-27 23:56:26.120 7172 7198 W LibraryVersion: Failed to get app version for libraryName: firebase-iid
03-27 23:56:26.174 7220 7220 E com.mbwhatsapp: Not starting debugger since process cannot load the jdwp agent.
03-27 23:56:26.219 7220 7220 W System.err: java.lang.ClassNotFoundException: mbmodsd.mbmodsw.ui.views.btn.BtnBK
03-27 23:56:26.219 7220 7220 W System.err: at java.lang.Runtime.nativeLoad(Native Method)
03-27 23:56:26.219 7220 7220 W System.err: at java.lang.Runtime.nativeLoad(Runtime.java:1121)
03-27 23:56:26.219 7220 7220 W System.err: at java.lang.Runtime.loadLibrary0(Runtime.java:1075)
03-27 23:56:26.219 7220 7220 W System.err: at java.lang.Runtime.loadLibrary0(Runtime.java:998)
03-27 23:56:26.219 7220 7220 W System.err: at java.lang.System.loadLibrary(System.java:1661)
03-27 23:56:26.219 7220 7220 W System.err: at arm.EpicVm.<clinit>(Unknown Source:2)
03-27 23:56:26.219 7220 7220 W System.err: at java.lang.Class.newInstance(Native Method)
03-27 23:56:26.219 7220 7220 W System.err: at android.app.AppComponentFactory.instantiateApplication(AppComponentFactory.java:76)
03-27 23:56:26.219 7220 7220 W System.err: at androidx.core.app.CoreComponentFactory.instantiateApplication(Unknown Source:0)
03-27 23:56:26.219 7220 7220 W System.err: at android.app.Instrumentation.newApplication(Instrumentation.java:1236)
03-27 23:56:26.219 7220 7220 W System.err: at android.app.LoadedApk.makeApplicationInner(LoadedApk.java:1466)
03-27 23:56:26.219 7220 7220 W System.err: at android.app.LoadedApk.makeApplicationInner(LoadedApk.java:1399)
03-27 23:56:26.219 7220 7220 W System.err: at android.app.ActivityThread.handleBindApplication(ActivityThread.java:6964)
03-27 23:56:26.219 7220 7220 W System.err: at android.app.ActivityThread.-$ $Nest$mhandleBindApplication(Unknown Source:0)
03-27 23:56:26.219 7220 7220 W System.err: at android.app.ActivityThread$H.handleMessage(ActivityThread.java:2227)
03-27 23:56:26.219 7220 7220 W System.err: at android.os.Handler.dispatchMessage(Handler.java:106)
03-27 23:56:26.219 7220 7220 W System.err: at android.os.Looper.loopOnce(Looper.java:204)
03-27 23:56:26.219 7220 7220 W System.err: at android.os.Looper.loop(Looper.java:291)
03-27 23:56:26.219 7220 7220 W System.err: at android.app.ActivityThread.main(ActivityThread.java:8148)
03-27 23:56:26.219 7220 7220 W System.err: at java.lang.reflect.Method.invoke(Native Method)
03-27 23:56:26.219 7220 7220 W System.err: at com.android.internal.os.RuntimeInit$MethodAndArgsCaller.run(RuntimeInit.java:601)
03-27 23:56:26.219 7220 7220 W System.err: at com.android.internal.os.ZygoteInit.main(ZygoteInit.java:1139)
03-27 23:56:26.235 7220 7220 E CustomActivityOnCrash: IMPORTANT WARNING! You already have an UncaughtExceptionHandler, are you sure this is correct? If you use a custom UncaughtExceptionHandler, you must initialize it AFTER CustomActivityOnCrash! Installing anyway, but your original handler will not be called.
03-27 23:56:26.264 7220 7241 W LibraryVersion: Failed to get app version for libraryName: firebase-iid
03-27 23:56:26.321 7220 7220 W com.mbwhatsapp: Accessing hidden method Lcom/android/org/conscrypt/OpenSSLSocketImpl;->setUseSessionTickets(Z)V (max- target-q,core-platform-api, reflection, denied)
03-27 23:56:26.321 7220 7220 W com.mbwhatsapp: Accessing hidden method Lcom/android/org/conscrypt/AbstractConscryptSocket;->setUseSessionTickets(Z)V (max- target-q, reflection, denied)
03-27 23:56:26.401 7258 7258 E libprocessgroup: Support AOSP Freezer= 0
03-27 23:56:26.688 7220 7276 W com.mbwhatsapp: Method void X.2rL.A03(java.lang.Integer) failed lock verification and will run slower.
03-27 23:56:26.688 7220 7276 W com.mbwhatsapp: Common causes for lock verification issues are non-optimized dex code
03-27 23:56:26.688 7220 7276 W com.mbwhatsapp: and incorrect proguard optimizations.
03-27 23:56:26.692 7220 7220 W com.mbwhatsapp: Method void X.0eU.A0h(X.0tK, boolean) failed lock verification and will run slower.
03-27 23:56:26.702 7220 7220 W libc : Access denied finding property "vendor.transsion.scroll_adjust.support"
03-27 23:56:26.781 7220 7286 W QT : qt_process_init() called
03-27 23:56:26.781 7220 7286 E QT : [QT]file does not exist
03-27 23:56:26.781 7220 7286 W QT : Support!!
03-27 23:56:26.781 7220 7286 E QT : [QT]file does not exist
03-27 23:56:26.818 7220 7220 E com.mbwhatsapp: Invalid ID 0x00000000.
03-27 23:56:26.818 7220 7220 W System.err: android.content.res.Resources$NotFoundException: String resource ID #0x0
03-27 23:56:26.818 7220 7220 W System.err:
03-27 23:56:26.819 7220 7220 W System.err: at android.content.res.Resources.getText(Resources.java:453)
03-27 23:56:26.819 7220 7220 W System.err:
03-27 23:56:26.819 7220 7220 W System.err: at android.content.res.Resources.getString(Resources.java:546)
03-27 23:56:26.819 7220 7220 W System.err:
03-27 23:56:26.819 7220 7220 W System.err: at X.35t.A0E(Unknown Source:46)
03-27 23:56:26.819 7220 7220 W System.err:
03-27 23:56:26.819 7220 7220 W System.err: at com.mbwhatsapp.yo.yo.getString(Native Method)
03-27 23:56:26.819 7220 7220 W System.err:
03-27 23:56:26.819 7220 7220 W System.err: at com.mbwhatsapp.yo.yo.getString(Native Method)
03-27 23:56:26.819 7220 7220 W System.err:
03-27 23:56:26.819 7220 7220 W System.err: at com.mbwhatsapp.youbasha.task.utils.requestAllFilesAccess14(Native Method)
03-27 23:56:26.819 7220 7220 W System.err:
03-27 23:56:26.819 7220 7220 W System.err: at com.mbwhatsapp.yo.dep.showStoragePermissionRequest(Native Method)
03-27 23:56:26.819 7220 7220 W System.err:
03-27 23:56:26.819 7220 7220 W System.err: at com.mbwhatsapp.registration.EULA.onCreate(Unknown Source:248)
03-27 23:56:26.819 7220 7220 W System.err:
03-27 23:56:26.819 7220 7220 W System.err: at android.app.Activity.performCreate(Activity.java:8338)
03-27 23:56:26.819 7220 7220 W System.err:
03-27 23:56:26.819 7220 7220 W System.err: at android.app.Activity.performCreate(Activity.java:8317)
03-27 23:56:26.819 7220 7220 W System.err:
03-27 23:56:26.819 7220 7220 W System.err: at android.app.Instrumentation.callActivityOnCreate(Instrumentation.java:1388)
03-27 23:56:26.819 7220 7220 W System.err:
03-27 23:56:26.819 7220 7220 W System.err: at android.app.ActivityThread.performLaunchActivity(ActivityThread.java:3764)
03-27 23:56:26.819 7220 7220 W System.err:
03-27 23:56:26.819 7220 7220 W System.err: at android.app.ActivityThread.handleLaunchActivity(ActivityThread.java:3978)
03-27 23:56:26.819 7220 7220 W System.err:
03-27 23:56:26.819 7220 7220 W System.err: at android.app.servertransaction.LaunchActivityItem.execute(LaunchActivityItem.java:10 1)
03-27 23:56:26.819 7220 7220 W System.err:
03-27 23:56:26.819 7220 7220 W System.err: at android.app.servertransaction.TransactionExecutor.executeCallbacks(TransactionExecu tor.java:145)
03-27 23:56:26.819 7220 7220 W System.err:
03-27 23:56:26.819 7220 7220 W System.err: at android.app.servertransaction.TransactionExecutor.execute(TransactionExecutor.java: 105)
03-27 23:56:26.819 7220 7220 W System.err:
03-27 23:56:26.819 7220 7220 W System.err: at android.app.ActivityThread$H.handleMessage(ActivityThread.java:2401)
03-27 23:56:26.819 7220 7220 W System.err:
03-27 23:56:26.819 7220 7220 W System.err: at android.os.Handler.dispatchMessage(Handler.java:106)
03-27 23:56:26.819 7220 7220 W System.err:
03-27 23:56:26.819 7220 7220 W System.err: at android.os.Looper.loopOnce(Looper.java:204)
03-27 23:56:26.819 7220 7220 W System.err:
03-27 23:56:26.819 7220 7220 W System.err: at android.os.Looper.loop(Looper.java:291)
03-27 23:56:26.819 7220 7220 W System.err:
03-27 23:56:26.819 7220 7220 W System.err: at android.app.ActivityThread.main(ActivityThread.java:8148)
03-27 23:56:26.819 7220 7220 W System.err:
03-27 23:56:26.819 7220 7220 W System.err: at java.lang.reflect.Method.invoke(Native Method)
03-27 23:56:26.819 7220 7220 W System.err:
03-27 23:56:26.819 7220 7220 W System.err: at com.android.internal.os.RuntimeInit$MethodAndArgsCaller.run(RuntimeInit.java:601)
03-27 23:56:26.819 7220 7220 W System.err:
03-27 23:56:26.819 7220 7220 W System.err: at com.android.internal.os.ZygoteInit.main(ZygoteInit.java:1139)
03-27 23:56:26.819 7220 7220 W System.err:
03-27 23:56:26.855 7220 7220 W Activity: Can request only one set of permissions at a time
03-27 23:56:26.890 7220 7295 E RenderScript: Failed loading RS driver: dlopen failed: library "libRSDriver_mtk.so" not found
03-27 23:56:26.890 7220 7295 E RenderScript: Failed to load runtime libRSDriver_mtk.so, loading default
03-27 23:56:26.911 7220 7220 E ArmVmp : Match on catch block at 0x0a in for 0x269
03-27 23:56:26.971 7220 7220 E FBI : Can't load library: dlopen failed: library "libmagtsync.so" not found
03-27 23:56:26.985 7220 7285 W OpenGLRenderer: ShaderCache::tranMaxTotalSize is 1048576
03-27 23:56:27.046 7220 7285 W Parcel : Expecting binder but got null!
03-27 23:56:27.298 7220 7285 W Parcel : Expecting binder but got null!
03-27 23:56:27.563 7220 7220 E com.mbwhatsapp: Invalid ID 0x00000000.
03-27 23:56:27.564 7220 7220 E com.mbwhatsapp: Invalid ID 0x00000000.
03-27 23:56:27.564 7220 7220 E com.mbwhatsapp: Invalid ID 0x00000000.
03-27 23:56:27.564 7220 7220 E com.mbwhatsapp: Invalid ID 0x00000000.
03-27 23:56:27.564 7220 7220 E com.mbwhatsapp: Invalid ID 0x00000000.
03-27 23:56:27.564 7220 7220 E com.mbwhatsapp: Invalid ID 0x00000000.
03-27 23:56:27.564 7220 7220 E com.mbwhatsapp: Invalid ID 0x00000000.
03-27 23:56:27.565 7220 7220 E com.mbwhatsapp: Invalid ID 0x00000000.
03-27 23:56:29.839 7220 7220 W Activity: Can request only one set of permissions at a time
03-27 23:56:29.839 7220 7220 W Activity: Can request only one set of permissions at a time
03-27 23:56:31.217 7220 7220 E RippleDrawable: The RippleDrawable.STYLE_PATTERNED animation is not supported for a non-hardware accelerated Canvas. Skipping animation.
03-27 23:56:31.231 7220 7220 E RippleDrawable: The RippleDrawable.STYLE_PATTERNED animation is not supported for a non-hardware accelerated Canvas. Skipping animation.
03-27 23:56:31.249 7220 7220 E RippleDrawable: The RippleDrawable.STYLE_PATTERNED animation is not supported for a non-hardware accelerated Canvas. Skipping animation.
03-27 23:56:31.265 7220 7220 E RippleDrawable: The RippleDrawable.STYLE_PATTERNED animation is not supported for a non-hardware accelerated Canvas. Skipping animation.
03-27 23:56:31.281 7220 7220 E RippleDrawable: The RippleDrawable.STYLE_PATTERNED animation is not supported for a non-hardware accelerated Canvas. Skipping animation.
03-27 23:56:32.483 7220 7220 W libc : Access denied finding property "vendor.transsion.scroll_adjust.support"
03-27 23:56:32.483 7220 7220 W libc : Access denied finding property "vendor.transsion.scroll_adjust.support"
03-27 23:56:32.508 7220 7373 E ShortcutInfoCompatSaver: Failed to load saved values from file /data/user/0/com.mbwhatsapp/files/ShortcutInfoCompatSaver_share_targets/ targets.xml. Old state removed, new added
03-27 23:56:32.508 7220 7373 E ShortcutInfoCompatSaver: java.io.FileNotFoundException: /data/user/0/com.mbwhatsapp/files/ShortcutInfoCompatSaver_share_targets/ targets.xml: open failed: ENOENT (No such file or directory)
03-27 23:56:32.508 7220 7373 E ShortcutInfoCompatSaver: at libcore.io.IoBridge.open(IoBridge.java:574)
03-27 23:56:32.508 7220 7373 E ShortcutInfoCompatSaver: at java.io.FileInputStream.<init>(FileInputStream.java:160)
03-27 23:56:32.508 7220 7373 E ShortcutInfoCompatSaver: at X.0nz.run(Unknown Source:82)
03-27 23:56:32.508 7220 7373 E ShortcutInfoCompatSaver: at java.util.concurrent.Executors$RunnableAdapter.call(Executors.java:463)
03-27 23:56:32.508 7220 7373 E ShortcutInfoCompatSaver: at java.util.concurrent.FutureTask.run(FutureTask.java:264)
03-27 23:56:32.508 7220 7373 E ShortcutInfoCompatSaver: at java.util.concurrent.ThreadPoolExecutor.runWorker(ThreadPoolExecutor.java:1137)
03-27 23:56:32.508 7220 7373 E ShortcutInfoCompatSaver: at java.util.concurrent.ThreadPoolExecutor$Worker.run(ThreadPoolExecutor.java:637)
03-27 23:56:32.508 7220 7373 E ShortcutInfoCompatSaver: at java.lang.Thread.run(Thread.java:1012)
03-27 23:56:32.508 7220 7373 E ShortcutInfoCompatSaver: Caused by: android.system.ErrnoException: open failed: ENOENT (No such file or directory)
03-27 23:56:32.508 7220 7373 E ShortcutInfoCompatSaver: at libcore.io.Linux.open(Native Method)
03-27 23:56:32.508 7220 7373 E ShortcutInfoCompatSaver: at libcore.io.ForwardingOs.open(ForwardingOs.java:563)
03-27 23:56:32.508 7220 7373 E ShortcutInfoCompatSaver: at libcore.io.BlockGuardOs.open(BlockGuardOs.java:274)
03-27 23:56:32.508 7220 7373 E ShortcutInfoCompatSaver: at libcore.io.ForwardingOs.open(ForwardingOs.java:563)
03-27 23:56:32.508 7220 7373 E ShortcutInfoCompatSaver: at android.app.ActivityThread$AndroidOs.open(ActivityThread.java:8032)
03-27 23:56:32.508 7220 7373 E ShortcutInfoCompatSaver: at libcore.io.IoBridge.open(IoBridge.java:560)
03-27 23:56:32.508 7220 7373 E ShortcutInfoCompatSaver: ... 7 more
03-27 23:56:32.529 7220 7285 E FrameEvents: updateAcquireFence: Did not find frame.
03-27 23:56:32.540 7220 7285 E FrameEvents: updateAcquireFence: Did not find frame.
03-27 23:56:32.544 7220 7285 E FrameEvents: updateAcquireFence: Did not find frame.
03-27 23:56:32.547 7220 7220 W com.mbwhatsapp: type=1400 audit(0.0:4368): avc: denied { read } for name="osrelease" dev="proc" ino=331385 scontext=u:r:untrusted_app:s0:c225,c256,c512,c768 tcontext=u:object_r:proc:s0 tclass=file permissive=0 app=com.mbwhatsapp
03-27 23:56:32.547 7220 7220 W com.mbwhatsapp: type=1400 audit(0.0:4369): avc: denied { read } for name="version" dev="proc" ino=331386 scontext=u:r:untrusted_app:s0:c225,c256,c512,c768 tcontext=u:object_r:proc:s0 tclass=file permissive=0 app=com.mbwhatsapp
03-27 23:56:34.478 7220 7220 W libc : Access denied finding property "vendor.transsion.scroll_adjust.support"
03-27 23:56:34.478 7220 7220 W libc : Access denied finding property "vendor.transsion.scroll_adjust.support"
03-27 23:56:34.560 7220 7285 W Parcel : Expecting binder but got null!
03-27 23:56:35.808 7220 7220 W OnBackInvokedCallback: OnBackInvokedCallback is not enabled for the application.
03-27 23:56:35.808 7220 7220 W OnBackInvokedCallback: Set 'android:enableOnBackInvokedCallback="true"' in the application manifest.
03-27 23:56:36.293 7220 7228 W com.mbwhatsapp: Cleared Reference was only reachable from finalizer (only reported once)
03-27 23:56:40.257 7220 7220 W libc : Access denied finding property "vendor.transsion.scroll_adjust.support"
03-27 23:56:40.258 7220 7220 W libc : Access denied finding property "vendor.transsion.scroll_adjust.support"
03-27 23:56:40.260 7220 7220 W libc : Access denied finding property "vendor.transsion.scroll_adjust.support"
03-27 23:56:40.260 7220 7220 W libc : Access denied finding property "vendor.transsion.scroll_adjust.support"
03-27 23:56:40.317 7220 7285 W Parcel : Expecting binder but got null!
03-27 23:56:41.138 7220 7262 E PlayCore: UID: [10225] PID: [7220] StandardIntegrity : Phonesky is not installed.
03-27 23:56:42.247 7220 7220 W libc : Access denied finding property "vendor.transsion.scroll_adjust.support"
03-27 23:56:42.247 7220 7220 W libc : Access denied finding property "vendor.transsion.scroll_adjust.support"
03-27 23:56:42.248 7220 7220 W libc : Access denied finding property "vendor.transsion.scroll_adjust.support"
03-27 23:56:42.248 7220 7220 W libc : Access denied finding property "vendor.transsion.scroll_adjust.support"
03-27 23:56:42.282 7220 7285 W Parcel : Expecting binder but got null!
03-27 23:56:42.284 7220 7220 W OnBackInvokedCallback: OnBackInvokedCallback is not enabled for the application.
03-27 23:56:42.284 7220 7220 W OnBackInvokedCallback: Set 'android:enableOnBackInvokedCallback="true"' in the application manifest.
03-27 23:56:43.308 7220 7220 W OnBackInvokedCallback: OnBackInvokedCallback is not enabled for the application.
03-27 23:56:43.308 7220 7220 W OnBackInvokedCallback: Set 'android:enableOnBackInvokedCallback="true"' in the application manifest.
03-27 23:56:43.661 7220 7220 W libc : Access denied finding property "vendor.transsion.scroll_adjust.support"
03-27 23:56:43.661 7220 7220 W libc : Access denied finding property "vendor.transsion.scroll_adjust.support"
03-27 23:56:43.699 7220 7220 W libc : Access denied finding property "vendor.transsion.scroll_adjust.support"
03-27 23:56:43.699 7220 7220 W libc : Access denied finding property "vendor.transsion.scroll_adjust.support"
03-27 23:56:43.700 7220 7220 W libc : Access denied finding property "vendor.transsion.scroll_adjust.support"
03-27 23:56:43.700 7220 7220 W libc : Access denied finding property "vendor.transsion.scroll_adjust.support"
03-27 23:56:43.731 7220 7285 W Parcel : Expecting binder but got null!
03-27 23:56:43.762 7220 7285 W Parcel : Expecting binder but got null!
03-27 23:56:47.525 7220 7220 W libc : Access denied finding property "vendor.transsion.scroll_adjust.support"
03-27 23:56:47.525 7220 7220 W libc : Access denied finding property "vendor.transsion.scroll_adjust.support"
03-27 23:56:47.572 7220 7285 W Parcel : Expecting binder but got null!
03-27 23:56:47.589 7220 7220 E ImeBackDispatcher: Ime callback not found. Ignoring unregisterReceivedCallback. callbackId: 178789113
03-27 23:56:47.640 7220 7220 W OnBackInvokedCallback: OnBackInvokedCallback is not enabled for the application.
03-27 23:56:47.640 7220 7220 W OnBackInvokedCallback: Set 'android:enableOnBackInvokedCallback="true"' in the application manifest.
03-27 23:57:09.409 7220 7220 W libc : Access denied finding property "vendor.transsion.scroll_adjust.support"
03-27 23:57:09.409 7220 7220 W libc : Access denied finding property "vendor.transsion.scroll_adjust.support"
03-27 23:57:09.439 7220 7220 W Activity: Can request only one set of permissions at a time
03-27 23:57:09.495 7220 7285 W Parcel : Expecting binder but got null!
03-27 23:57:10.932 7220 7220 W libc : Access denied finding property "vendor.transsion.scroll_adjust.support"
03-27 23:57:10.932 7220 7220 W libc : Access denied finding property "vendor.transsion.scroll_adjust.support"
03-27 23:57:10.970 7220 7220 W X.0Z6 : Invalid or missing region code (Indonesia) provided.
03-27 23:57:11.012 7220 7285 W Parcel : Expecting binder but got null!
03-27 23:57:11.177 7220 7220 W OnBackInvokedCallback: OnBackInvokedCallback is not enabled for the application.
03-27 23:57:11.177 7220 7220 W OnBackInvokedCallback: Set 'android:enableOnBackInvokedCallback="true"' in the application manifest.
03-27 23:57:12.135 7220 7285 W Parcel : Expecting binder but got null!
03-27 23:57:12.972 7220 7220 W libc : Access denied finding property "vendor.transsion.scroll_adjust.support"
03-27 23:57:12.972 7220 7220 W libc : Access denied finding property "vendor.transsion.scroll_adjust.support"
03-27 23:57:13.061 7220 7285 W Parcel : Expecting binder but got null!
03-27 23:57:13.102 7220 7220 W OnBackInvokedCallback: OnBackInvokedCallback is not enabled for the application.
03-27 23:57:13.102 7220 7220 W OnBackInvokedCallback: Set 'android:enableOnBackInvokedCallback="true"' in the application manifest.
03-27 23:57:59.685 7220 7220 E config_debug: TranMultiDecorCaptionView updateConfiguration config: {1.0 510mcc11mnc [in_ID] ldltr sw470dp w470dp h788dp 367dpi nrml long hdr widecg port night finger -keyb/v/h -nav/h winConfig={ mBounds=Rect(0, 0 - 1080, 1917) mAppBounds=Rect(0, 0 - 1080, 1917) mMaxBounds=Rect(0, 0 - 1080, 1917) mDisplayRotation=ROTATION_0 mWindowingMode=fullscreen mDisplayWindowingMode=fullscreen mMultiWindowMode=BIG_ACTIVE_ mMultiWindowId=10 mWindowResiable=6 mInLargeScreen=0 mActivityType=standard mAlwaysOnTop=undefined mRotation=ROTATION_0 mDisplayUniqueId=0} as.3 s.4 fontWeightAdjustment=0}
03-27 23:58:06.427 7220 7220 E config_debug: TranMultiDecorCaptionView updateConfiguration config: {1.0 510mcc11mnc [in_ID] ldltr sw470dp w470dp h788dp 367dpi nrml long hdr widecg port night finger -keyb/v/h -nav/h winConfig={ mBounds=Rect(0, 0 - 1080, 1917) mAppBounds=Rect(0, 0 - 1080, 1917) mMaxBounds=Rect(0, 0 - 1080, 1917) mDisplayRotation=ROTATION_0 mWindowingMode=fullscreen mDisplayWindowingMode=fullscreen mMultiWindowMode=BIG mMultiWindowId=10 mWindowResiable=6 mInLargeScreen=0 mActivityType=standard mAlwaysOnTop=undefined mRotation=ROTATION_0 mDisplayUniqueId=0} as.3 s.5 fontWeightAdjustment=0}
03-27 23:58:11.235 7220 7220 E config_debug: TranMultiDecorCaptionView updateConfiguration config: {1.0 510mcc11mnc [in_ID] ldltr sw470dp w470dp h788dp 367dpi nrml long hdr widecg port night finger -keyb/v/h -nav/h winConfig={ mBounds=Rect(0, 0 - 1080, 1917) mAppBounds=Rect(0, 0 - 1080, 1917) mMaxBounds=Rect(0, 0 - 1080, 1917) mDisplayRotation=ROTATION_0 mWindowingMode=fullscreen mDisplayWindowingMode=fullscreen mMultiWindowMode=BIG_ACTIVE_ mMultiWindowId=10 mWindowResiable=6 mInLargeScreen=0 mActivityType=standard mAlwaysOnTop=undefined mRotation=ROTATION_0 mDisplayUniqueId=0} as.3 s.6 fontWeightAdjustment=0}
03-27 23:58:11.382 7220 7220 E config_debug: TranMultiDecorCaptionView updateConfiguration config: {1.0 510mcc11mnc [in_ID] ldltr sw470dp w470dp h788dp 367dpi nrml long hdr widecg port night finger -keyb/v/h -nav/h winConfig={ mBounds=Rect(0, 0 - 1080, 1917) mAppBounds=Rect(0, 0 - 1080, 1917) mMaxBounds=Rect(0, 0 - 1080, 1917) mDisplayRotation=ROTATION_0 mWindowingMode=fullscreen mDisplayWindowingMode=fullscreen mMultiWindowMode=BIG_ACTIVE__LINE_ mMultiWindowId=10 mWindowResiable=6 mInLargeScreen=0 mActivityType=standard mAlwaysOnTop=undefined mRotation=ROTATION_0 mDisplayUniqueId=0} as.3 s.7 fontWeightAdjustment=0}
03-27 23:58:12.340 7220 7220 E config_debug: TranMultiDecorCaptionView updateConfiguration config: {1.0 510mcc11mnc [in_ID] ldltr sw470dp w470dp h788dp 367dpi nrml long hdr widecg port night finger -keyb/v/h -nav/h winConfig={ mBounds=Rect(0, 0 - 1080, 1917) mAppBounds=Rect(0, 0 - 1080, 1917) mMaxBounds=Rect(0, 0 - 1080, 1917) mDisplayRotation=ROTATION_0 mWindowingMode=fullscreen mDisplayWindowingMode=fullscreen mMultiWindowMode=SMALL_LINE__MASK mMultiWindowId=10 mWindowResiable=6 mInLargeScreen=0 mActivityType=standard mAlwaysOnTop=undefined mRotation=ROTATION_0 mDisplayUniqueId=0} as.3 s.8 fontWeightAdjustment=0}
03-27 23:58:13.098 7220 7220 E config_debug: TranMultiDecorCaptionView updateConfiguration config: {1.0 510mcc11mnc [in_ID] ldltr sw470dp w470dp h788dp 367dpi nrml long hdr widecg port night finger -keyb/v/h -nav/h winConfig={ mBounds=Rect(0, 0 - 1080, 1917) mAppBounds=Rect(0, 0 - 1080, 1917) mMaxBounds=Rect(0, 0 - 1080, 1917) mDisplayRotation=ROTATION_0 mWindowingMode=fullscreen mDisplayWindowingMode=fullscreen mMultiWindowMode=WELT_LINE__MASK mMultiWindowId=10 mWindowResiable=6 mInLargeScreen=0 mActivityType=standard mAlwaysOnTop=undefined mRotation=ROTATION_0 mDisplayUniqueId=0} as.3 s.9 fontWeightAdjustment=0}
03-27 23:58:26.823 7220 7220 E config_debug: TranMultiDecorCaptionView updateConfiguration config: {1.0 510mcc11mnc [in_ID] ldltr sw470dp w470dp h788dp 367dpi nrml long hdr widecg port night finger -keyb/v/h -nav/h winConfig={ mBounds=Rect(0, 0 - 1080, 1917) mAppBounds=Rect(0, 0 - 1080, 1917) mMaxBounds=Rect(0, 0 - 1080, 1917) mDisplayRotation=ROTATION_0 mWindowingMode=fullscreen mDisplayWindowingMode=fullscreen mMultiWindowMode=BIG_ACTIVE_ mMultiWindowId=10 mWindowResiable=6 mInLargeScreen=0 mActivityType=standard mAlwaysOnTop=undefined mRotation=ROTATION_0 mDisplayUniqueId=0} as.3 s.14 fontWeightAdjustment=0}
03-27 23:58:42.576 7220 7220 E config_debug: TranMultiDecorCaptionView updateConfiguration config: {1.0 510mcc11mnc [in_ID] ldltr sw470dp w470dp h788dp 367dpi nrml long hdr widecg port night finger -keyb/v/h -nav/h winConfig={ mBounds=Rect(0, 0 - 1080, 1917) mAppBounds=Rect(0, 0 - 1080, 1917) mMaxBounds=Rect(0, 0 - 1080, 1917) mDisplayRotation=ROTATION_0 mWindowingMode=fullscreen mDisplayWindowingMode=fullscreen mMultiWindowMode=BIG_ACTIVE__LINE_ mMultiWindowId=10 mWindowResiable=6 mInLargeScreen=0 mActivityType=standard mAlwaysOnTop=undefined mRotation=ROTATION_0 mDisplayUniqueId=0} as.3 s.16 fontWeightAdjustment=0}
03-27 23:58:42.843 7220 7220 E config_debug: TranMultiDecorCaptionView updateConfiguration config: {1.0 510mcc11mnc [in_ID] ldltr sw470dp w470dp h788dp 367dpi nrml long hdr widecg port night finger -keyb/v/h -nav/h winConfig={ mBounds=Rect(0, 0 - 1080, 1917) mAppBounds=Rect(0, 0 - 1080, 1917) mMaxBounds=Rect(0, 0 - 1080, 1917) mDisplayRotation=ROTATION_0 mWindowingMode=fullscreen mDisplayWindowingMode=fullscreen mMultiWindowMode=SMALL_LINE__MASK mMultiWindowId=10 mWindowResiable=6 mInLargeScreen=0 mActivityType=standard mAlwaysOnTop=undefined mRotation=ROTATION_0 mDisplayUniqueId=0} as.3 s.17 fontWeightAdjustment=0}
03-27 23:58:43.020 7220 7220 E config_debug: TranMultiDecorCaptionView updateConfiguration config: {1.0 510mcc11mnc [in_ID] ldltr sw470dp w470dp h788dp 367dpi nrml long hdr widecg port night finger -keyb/v/h -nav/h winConfig={ mBounds=Rect(0, 0 - 1080, 1917) mAppBounds=Rect(0, 0 - 1080, 1917) mMaxBounds=Rect(0, 0 - 1080, 1917) mDisplayRotation=ROTATION_0 mWindowingMode=fullscreen mDisplayWindowingMode=fullscreen mMultiWindowMode=SMALL mMultiWindowId=10 mWindowResiable=6 mInLargeScreen=0 mActivityType=standard mAlwaysOnTop=undefined mRotation=ROTATION_0 mDisplayUniqueId=0} as.3 s.18 fontWeightAdjustment=0}
03-27 23:58:52.017 7220 7220 W libc : Access denied finding property "vendor.transsion.scroll_adjust.support"
03-27 23:58:52.017 7220 7220 W libc : Access denied finding property "vendor.transsion.scroll_adjust.support"
03-27 23:58:52.309 7220 7220 E config_debug: TranMultiDecorCaptionView updateConfiguration config: {1.0 510mcc11mnc [in_ID] ldltr sw470dp w470dp h788dp 367dpi nrml long hdr widecg port night finger -keyb/v/h -nav/h winConfig={ mBounds=Rect(0, 0 - 1080, 1917) mAppBounds=Rect(0, 0 - 1080, 1917) mMaxBounds=Rect(0, 0 - 1080, 1917) mDisplayRotation=ROTATION_0 mWindowingMode=fullscreen mDisplayWindowingMode=fullscreen mMultiWindowMode=SMALL mMultiWindowId=10 mWindowResiable=6 mInLargeScreen=0 mActivityType=standard mAlwaysOnTop=undefined mRotation=ROTATION_0 mDisplayUniqueId=0} as.3 s.1 fontWeightAdjustment=0}
03-27 23:58:52.401 7220 7285 W Parcel : Expecting binder but got null!
03-27 23:58:57.762 7220 8954 E SQLiteDatabase: Error inserting dirty_version=-1 version=0 lt_hash=null collection_name=critical_unblock_low
03-27 23:58:57.762 7220 8954 E SQLiteDatabase: android.database.sqlite.SQLiteConstraintException: UNIQUE constraint failed: collection_versions.collection_name (code 1555 SQLITE_CONSTRAINT_PRIMARYKEY)
03-27 23:58:57.762 7220 8954 E SQLiteDatabase: at android.database.sqlite.SQLiteConnection.nativeExecuteForLastInsertedRowId(Native Method)
03-27 23:58:57.762 7220 8954 E SQLiteDatabase: at android.database.sqlite.SQLiteConnection.executeForLastInsertedRowId(SQLiteConnecti on.java:961)
03-27 23:58:57.762 7220 8954 E SQLiteDatabase: at android.database.sqlite.SQLiteSession.executeForLastInsertedRowId(SQLiteSession.jav a:790)
03-27 23:58:57.762 7220 8954 E SQLiteDatabase: at android.database.sqlite.SQLiteStatement.executeInsert(SQLiteStatement.java:89)
03-27 23:58:57.762 7220 8954 E SQLiteDatabase: at android.database.sqlite.SQLiteDatabase.insertWithOnConflict(SQLiteDatabase.java:187 4)
03-27 23:58:57.762 7220 8954 E SQLiteDatabase: at android.database.sqlite.SQLiteDatabase.insert(SQLiteDatabase.java:1743)
03-27 23:58:57.762 7220 8954 E SQLiteDatabase: at X.2tm.A08(Unknown Source:6)
03-27 23:58:57.762 7220 8954 E SQLiteDatabase: at X.2sR.A03(Unknown Source:39)
03-27 23:58:57.762 7220 8954 E SQLiteDatabase: at X.2sR.A04(Unknown Source:29)
03-27 23:58:57.762 7220 8954 E SQLiteDatabase: at X.3Uy.A01(Unknown Source:1345)
03-27 23:58:57.762 7220 8954 E SQLiteDatabase: at X.3Uy.A02(Unknown Source:93)
03-27 23:58:57.762 7220 8954 E SQLiteDatabase: at X.3g7.run(Unknown Source:259)
03-27 23:58:57.762 7220 8954 E SQLiteDatabase: at X.0yM.A1J(Unknown Source:2)
03-27 23:58:57.762 7220 8954 E SQLiteDatabase: at X.1nX.run(Unknown Source:91)
03-27 23:58:57.762 7220 8954 E SQLiteDatabase: at java.util.concurrent.ThreadPoolExecutor.runWorker(ThreadPoolExecutor.java:1137)
03-27 23:58:57.762 7220 8954 E SQLiteDatabase: at java.util.concurrent.ThreadPoolExecutor$Worker.run(ThreadPoolExecutor.java:637)
03-27 23:58:57.762 7220 8954 E SQLiteDatabase: at X.3gH.run(Unknown Source:1548)
03-27 23:58:57.762 7220 8954 E SQLiteDatabase: at java.lang.Thread.run(Thread.java:1012)
03-27 23:58:57.763 7220 8954 E SQLiteDatabase: Error inserting dirty_version=-1 version=0 lt_hash=null collection_name=critical_block
03-27 23:58:57.763 7220 8954 E SQLiteDatabase: android.database.sqlite.SQLiteConstraintException: UNIQUE constraint failed: collection_versions.collection_name (code 1555 SQLITE_CONSTRAINT_PRIMARYKEY)
03-27 23:58:57.763 7220 8954 E SQLiteDatabase: at android.database.sqlite.SQLiteConnection.nativeExecuteForLastInsertedRowId(Native Method)
03-27 23:58:57.763 7220 8954 E SQLiteDatabase: at android.database.sqlite.SQLiteConnection.executeForLastInsertedRowId(SQLiteConnecti on.java:961)
03-27 23:58:57.763 7220 8954 E SQLiteDatabase: at android.database.sqlite.SQLiteSession.executeForLastInsertedRowId(SQLiteSession.jav a:790)
03-27 23:58:57.763 7220 8954 E SQLiteDatabase: at android.database.sqlite.SQLiteStatement.executeInsert(SQLiteStatement.java:89)
03-27 23:58:57.763 7220 8954 E SQLiteDatabase: at android.database.sqlite.SQLiteDatabase.insertWithOnConflict(SQLiteDatabase.java:187 4)
03-27 23:58:57.763 7220 8954 E SQLiteDatabase: at android.database.sqlite.SQLiteDatabase.insert(SQLiteDatabase.java:1743)
03-27 23:58:57.763 7220 8954 E SQLiteDatabase: at X.2tm.A08(Unknown Source:6)
03-27 23:58:57.763 7220 8954 E SQLiteDatabase: at X.2sR.A03(Unknown Source:39)
03-27 23:58:57.763 7220 8954 E SQLiteDatabase: at X.2sR.A04(Unknown Source:29)
03-27 23:58:57.763 7220 8954 E SQLiteDatabase: at X.3Uy.A01(Unknown Source:1345)
03-27 23:58:57.763 7220 8954 E SQLiteDatabase: at X.3Uy.A02(Unknown Source:93)
03-27 23:58:57.763 7220 8954 E SQLiteDatabase: at X.3g7.run(Unknown Source:259)
03-27 23:58:57.763 7220 8954 E SQLiteDatabase: at X.0yM.A1J(Unknown Source:2)
03-27 23:58:57.763 7220 8954 E SQLiteDatabase: at X.1nX.run(Unknown Source:91)
03-27 23:58:57.763 7220 8954 E SQLiteDatabase: at java.util.concurrent.ThreadPoolExecutor.runWorker(ThreadPoolExecutor.java:1137)
03-27 23:58:57.763 7220 8954 E SQLiteDatabase: at java.util.concurrent.ThreadPoolExecutor$Worker.run(ThreadPoolExecutor.java:637)
03-27 23:58:57.763 7220 8954 E SQLiteDatabase: at X.3gH.run(Unknown Source:1548)
03-27 23:58:57.763 7220 8954 E SQLiteDatabase: at java.lang.Thread.run(Thread.java:1012)
03-27 23:58:58.540 7220 7355 E SQLiteDatabase: Error inserting dirty_version=-1 version=0 lt_hash=null collection_name=critical_block
03-27 23:58:58.540 7220 7355 E SQLiteDatabase: android.database.sqlite.SQLiteConstraintException: UNIQUE constraint failed: collection_versions.collection_name (code 1555 SQLITE_CONSTRAINT_PRIMARYKEY)
03-27 23:58:58.540 7220 7355 E SQLiteDatabase: at android.database.sqlite.SQLiteConnection.nativeExecuteForLastInsertedRowId(Native Method)
03-27 23:58:58.540 7220 7355 E SQLiteDatabase: at android.database.sqlite.SQLiteConnection.executeForLastInsertedRowId(SQLiteConnecti on.java:961)
03-27 23:58:58.540 7220 7355 E SQLiteDatabase: at android.database.sqlite.SQLiteSession.executeForLastInsertedRowId(SQLiteSession.jav a:790)
03-27 23:58:58.540 7220 7355 E SQLiteDatabase: at android.database.sqlite.SQLiteStatement.executeInsert(SQLiteStatement.java:89)
03-27 23:58:58.540 7220 7355 E SQLiteDatabase: at android.database.sqlite.SQLiteDatabase.insertWithOnConflict(SQLiteDatabase.java:187 4)
03-27 23:58:58.540 7220 7355 E SQLiteDatabase: at android.database.sqlite.SQLiteDatabase.insert(SQLiteDatabase.java:1743)
03-27 23:58:58.540 7220 7355 E SQLiteDatabase: at X.2tm.A08(Unknown Source:6)
03-27 23:58:58.540 7220 7355 E SQLiteDatabase: at X.2sR.A03(Unknown Source:39)
03-27 23:58:58.540 7220 7355 E SQLiteDatabase: at X.2sR.A05(Unknown Source:14)
03-27 23:58:58.540 7220 7355 E SQLiteDatabase: at X.32N.A07(Unknown Source:2205)
03-27 23:58:58.540 7220 7355 E SQLiteDatabase: at X.32N.A06(Unknown Source:507)
03-27 23:58:58.540 7220 7355 E SQLiteDatabase: at X.3eA.run(Unknown Source:2207)
03-27 23:58:58.540 7220 7355 E SQLiteDatabase: at java.util.concurrent.ThreadPoolExecutor.runWorker(ThreadPoolExecutor.java:1137)
03-27 23:58:58.540 7220 7355 E SQLiteDatabase: at java.util.concurrent.ThreadPoolExecutor$Worker.run(ThreadPoolExecutor.java:637)
03-27 23:58:58.540 7220 7355 E SQLiteDatabase: at X.3gH.run(Unknown Source:1548)
03-27 23:58:58.540 7220 7355 E SQLiteDatabase: at java.lang.Thread.run(Thread.java:1012)
03-27 23:59:00.280 7220 7355 E SQLiteDatabase: Error inserting dirty_version=-1 version=0 lt_hash=null collection_name=critical_unblock_low
03-27 23:59:00.280 7220 7355 E SQLiteDatabase: android.database.sqlite.SQLiteConstraintException: UNIQUE constraint failed: collection_versions.collection_name (code 1555 SQLITE_CONSTRAINT_PRIMARYKEY)
03-27 23:59:00.280 7220 7355 E SQLiteDatabase: at android.database.sqlite.SQLiteConnection.nativeExecuteForLastInsertedRowId(Native Method)
03-27 23:59:00.280 7220 7355 E SQLiteDatabase: at android.database.sqlite.SQLiteConnection.executeForLastInsertedRowId(SQLiteConnecti on.java:961)
03-27 23:59:00.280 7220 7355 E SQLiteDatabase: at android.database.sqlite.SQLiteSession.executeForLastInsertedRowId(SQLiteSession.jav a:790)
03-27 23:59:00.280 7220 7355 E SQLiteDatabase: at android.database.sqlite.SQLiteStatement.executeInsert(SQLiteStatement.java:89)
03-27 23:59:00.280 7220 7355 E SQLiteDatabase: at android.database.sqlite.SQLiteDatabase.insertWithOnConflict(SQLiteDatabase.java:187 4)
03-27 23:59:00.280 7220 7355 E SQLiteDatabase: at android.database.sqlite.SQLiteDatabase.insert(SQLiteDatabase.java:1743)
03-27 23:59:00.280 7220 7355 E SQLiteDatabase: at X.2tm.A08(Unknown Source:6)
03-27 23:59:00.280 7220 7355 E SQLiteDatabase: at X.2sR.A03(Unknown Source:39)
03-27 23:59:00.280 7220 7355 E SQLiteDatabase: at X.2sR.A05(Unknown Source:14)
03-27 23:59:00.280 7220 7355 E SQLiteDatabase: at X.32N.A07(Unknown Source:2205)
03-27 23:59:00.280 7220 7355 E SQLiteDatabase: at X.32N.A06(Unknown Source:507)
03-27 23:59:00.280 7220 7355 E SQLiteDatabase: at X.3eA.run(Unknown Source:2207)
03-27 23:59:00.280 7220 7355 E SQLiteDatabase: at java.util.concurrent.ThreadPoolExecutor.runWorker(ThreadPoolExecutor.java:1137)
03-27 23:59:00.280 7220 7355 E SQLiteDatabase: at java.util.concurrent.ThreadPoolExecutor$Worker.run(ThreadPoolExecutor.java:637)
03-27 23:59:00.280 7220 7355 E SQLiteDatabase: at X.3gH.run(Unknown Source:1548)
03-27 23:59:00.280 7220 7355 E SQLiteDatabase: at java.lang.Thread.run(Thread.java:1012)
03-27 23:59:00.307 7220 9065 W ziparchive: Unable to open '/data/user_de/0/com.google.android.gms/app_chimera/m/0000000b/DynamiteLoader.dm': No such file or directory
03-27 23:59:00.307 7220 9065 W ziparchive: Unable to open '/data/user_de/0/com.google.android.gms/app_chimera/m/0000000b/DynamiteLoader.dm': No such file or directory
03-27 23:59:00.330 7220 9065 W System : ClassLoader referenced unknown path:
03-27 23:59:00.342 7220 9065 W ziparchive: Unable to open '/data/user_de/0/com.google.android.gms/app_chimera/m/0000000a/CronetDynamite.dm': No such file or directory
03-27 23:59:00.342 7220 9065 W ziparchive: Unable to open '/data/user_de/0/com.google.android.gms/app_chimera/m/0000000a/CronetDynamite.dm': No such file or directory
03-27 23:59:00.425 7220 9071 E chromium: [0327/235900.425101:ERROR:cronet_context.cc(158)] Invalid QUIC hint host: .whatsapp.com
03-27 23:59:00.425 7220 9071 E chromium: [0327/235900.425254:ERROR:cronet_context.cc(158)] Invalid QUIC hint host: .cdninstagram.com
03-27 23:59:00.425 7220 9071 E chromium: [0327/235900.425278:ERROR:cronet_context.cc(158)] Invalid QUIC hint host: .fbcdn.net
03-27 23:59:00.425 7220 9071 E chromium: [0327/235900.425291:ERROR:cronet_context.cc(158)] Invalid QUIC hint host: .facebook.com
03-27 23:59:00.425 7220 9071 E chromium: [0327/235900.425303:ERROR:cronet_context.cc(158)] Invalid QUIC hint host: .instagram.com
03-27 23:59:00.425 7220 9071 E chromium: [0327/235900.425314:ERROR:cronet_context.cc(158)] Invalid QUIC hint host: .whatsapp.net
03-27 23:59:00.585 7220 7281 E SQLiteDatabase: Error inserting dirty_version=-1 version=0 lt_hash=null collection_name=regular_low
03-27 23:59:00.585 7220 7281 E SQLiteDatabase: android.database.sqlite.SQLiteConstraintException: UNIQUE constraint failed: collection_versions.collection_name (code 1555 SQLITE_CONSTRAINT_PRIMARYKEY)
03-27 23:59:00.585 7220 7281 E SQLiteDatabase: at android.database.sqlite.SQLiteConnection.nativeExecuteForLastInsertedRowId(Native Method)
03-27 23:59:00.585 7220 7281 E SQLiteDatabase: at android.database.sqlite.SQLiteConnection.executeForLastInsertedRowId(SQLiteConnecti on.java:961)
03-27 23:59:00.585 7220 7281 E SQLiteDatabase: at android.database.sqlite.SQLiteSession.executeForLastInsertedRowId(SQLiteSession.jav a:790)
03-27 23:59:00.585 7220 7281 E SQLiteDatabase: at android.database.sqlite.SQLiteStatement.executeInsert(SQLiteStatement.java:89)
03-27 23:59:00.585 7220 7281 E SQLiteDatabase: at android.database.sqlite.SQLiteDatabase.insertWithOnConflict(SQLiteDatabase.java:187 4)
03-27 23:59:00.585 7220 7281 E SQLiteDatabase: at android.database.sqlite.SQLiteDatabase.insert(SQLiteDatabase.java:1743)
03-27 23:59:00.585 7220 7281 E SQLiteDatabase: at X.2tm.A08(Unknown Source:6)
03-27 23:59:00.585 7220 7281 E SQLiteDatabase: at X.2sR.A03(Unknown Source:39)
03-27 23:59:00.585 7220 7281 E SQLiteDatabase: at X.2sR.A04(Unknown Source:29)
03-27 23:59:00.585 7220 7281 E SQLiteDatabase: at X.3dx.run(Unknown Source:1075)
03-27 23:59:00.585 7220 7281 E SQLiteDatabase: at java.util.concurrent.ThreadPoolExecutor.runWorker(ThreadPoolExecutor.java:1137)
03-27 23:59:00.585 7220 7281 E SQLiteDatabase: at java.util.concurrent.ThreadPoolExecutor$Worker.run(ThreadPoolExecutor.java:637)
03-27 23:59:00.585 7220 7281 E SQLiteDatabase: at X.3gH.run(Unknown Source:1548)
03-27 23:59:00.585 7220 7281 E SQLiteDatabase: at java.lang.Thread.run(Thread.java:1012)
03-27 23:59:00.585 7220 7281 E SQLiteDatabase: Error inserting dirty_version=-1 version=0 lt_hash=null collection_name=regular
03-27 23:59:00.585 7220 7281 E SQLiteDatabase: android.database.sqlite.SQLiteConstraintException: UNIQUE constraint failed: collection_versions.collection_name (code 1555 SQLITE_CONSTRAINT_PRIMARYKEY)
03-27 23:59:00.585 7220 7281 E SQLiteDatabase: at android.database.sqlite.SQLiteConnection.nativeExecuteForLastInsertedRowId(Native Method)
03-27 23:59:00.585 7220 7281 E SQLiteDatabase: at android.database.sqlite.SQLiteConnection.executeForLastInsertedRowId(SQLiteConnecti on.java:961)
03-27 23:59:00.585 7220 7281 E SQLiteDatabase: at android.database.sqlite.SQLiteSession.executeForLastInsertedRowId(SQLiteSession.jav a:790)
03-27 23:59:00.585 7220 7281 E SQLiteDatabase: at android.database.sqlite.SQLiteStatement.executeInsert(SQLiteStatement.java:89)
03-27 23:59:00.585 7220 7281 E SQLiteDatabase: at android.database.sqlite.SQLiteDatabase.insertWithOnConflict(SQLiteDatabase.java:187 4)
03-27 23:59:00.585 7220 7281 E SQLiteDatabase: at android.database.sqlite.SQLiteDatabase.insert(SQLiteDatabase.java:1743)
03-27 23:59:00.585 7220 7281 E SQLiteDatabase: at X.2tm.A08(Unknown Source:6)
03-27 23:59:00.585 7220 7281 E SQLiteDatabase: at X.2sR.A03(Unknown Source:39)
03-27 23:59:00.585 7220 7281 E SQLiteDatabase: at X.2sR.A04(Unknown Source:29)
03-27 23:59:00.585 7220 7281 E SQLiteDatabase: at X.3dx.run(Unknown Source:1075)
03-27 23:59:00.585 7220 7281 E SQLiteDatabase: at java.util.concurrent.ThreadPoolExecutor.runWorker(ThreadPoolExecutor.java:1137)
03-27 23:59:00.585 7220 7281 E SQLiteDatabase: at java.util.concurrent.ThreadPoolExecutor$Worker.run(ThreadPoolExecutor.java:637)
03-27 23:59:00.585 7220 7281 E SQLiteDatabase: at X.3gH.run(Unknown Source:1548)
03-27 23:59:00.585 7220 7281 E SQLiteDatabase: at java.lang.Thread.run(Thread.java:1012)
03-27 23:59:00.623 7220 8954 E SQLiteDatabase: Error inserting dirty_version=-1 version=0 lt_hash=null collection_name=regular
03-27 23:59:00.623 7220 8954 E SQLiteDatabase: android.database.sqlite.SQLiteConstraintException: UNIQUE constraint failed: collection_versions.collection_name (code 1555 SQLITE_CONSTRAINT_PRIMARYKEY)
03-27 23:59:00.623 7220 8954 E SQLiteDatabase: at android.database.sqlite.SQLiteConnection.nativeExecuteForLastInsertedRowId(Native Method)
03-27 23:59:00.623 7220 8954 E SQLiteDatabase: at android.database.sqlite.SQLiteConnection.executeForLastInsertedRowId(SQLiteConnecti on.java:961)
03-27 23:59:00.623 7220 8954 E SQLiteDatabase: at android.database.sqlite.SQLiteSession.executeForLastInsertedRowId(SQLiteSession.jav a:790)
03-27 23:59:00.623 7220 8954 E SQLiteDatabase: at android.database.sqlite.SQLiteStatement.executeInsert(SQLiteStatement.java:89)
03-27 23:59:00.623 7220 8954 E SQLiteDatabase: at android.database.sqlite.SQLiteDatabase.insertWithOnConflict(SQLiteDatabase.java:187 4)
03-27 23:59:00.623 7220 8954 E SQLiteDatabase: at android.database.sqlite.SQLiteDatabase.insert(SQLiteDatabase.java:1743)
03-27 23:59:00.623 7220 8954 E SQLiteDatabase: at X.2tm.A08(Unknown Source:6)
03-27 23:59:00.623 7220 8954 E SQLiteDatabase: at X.2sR.A03(Unknown Source:39)
03-27 23:59:00.623 7220 8954 E SQLiteDatabase: at X.2sR.A05(Unknown Source:14)
03-27 23:59:00.623 7220 8954 E SQLiteDatabase: at X.32N.A07(Unknown Source:2205)
03-27 23:59:00.623 7220 8954 E SQLiteDatabase: at X.32N.A06(Unknown Source:507)
03-27 23:59:00.623 7220 8954 E SQLiteDatabase: at X.3eA.run(Unknown Source:2207)
03-27 23:59:00.623 7220 8954 E SQLiteDatabase: at java.util.concurrent.ThreadPoolExecutor.runWorker(ThreadPoolExecutor.java:1137)
03-27 23:59:00.623 7220 8954 E SQLiteDatabase: at java.util.concurrent.ThreadPoolExecutor$Worker.run(ThreadPoolExecutor.java:637)
03-27 23:59:00.623 7220 8954 E SQLiteDatabase: at X.3gH.run(Unknown Source:1548)
03-27 23:59:00.623 7220 8954 E SQLiteDatabase: at java.lang.Thread.run(Thread.java:1012)
03-27 23:59:00.635 7220 8954 E SQLiteDatabase: Error inserting dirty_version=-1 version=0 lt_hash=null collection_name=regular_low
03-27 23:59:00.635 7220 8954 E SQLiteDatabase: android.database.sqlite.SQLiteConstraintException: UNIQUE constraint failed: collection_versions.collection_name (code 1555 SQLITE_CONSTRAINT_PRIMARYKEY)
03-27 23:59:00.635 7220 8954 E SQLiteDatabase: at android.database.sqlite.SQLiteConnection.nativeExecuteForLastInsertedRowId(Native Method)
03-27 23:59:00.635 7220 8954 E SQLiteDatabase: at android.database.sqlite.SQLiteConnection.executeForLastInsertedRowId(SQLiteConnecti on.java:961)
03-27 23:59:00.635 7220 8954 E SQLiteDatabase: at android.database.sqlite.SQLiteSession.executeForLastInsertedRowId(SQLiteSession.jav a:790)
03-27 23:59:00.635 7220 8954 E SQLiteDatabase: at android.database.sqlite.SQLiteStatement.executeInsert(SQLiteStatement.java:89)
03-27 23:59:00.635 7220 8954 E SQLiteDatabase: at android.database.sqlite.SQLiteDatabase.insertWithOnConflict(SQLiteDatabase.java:187 4)
03-27 23:59:00.635 7220 8954 E SQLiteDatabase: at android.database.sqlite.SQLiteDatabase.insert(SQLiteDatabase.java:1743)
03-27 23:59:00.635 7220 8954 E SQLiteDatabase: at X.2tm.A08(Unknown Source:6)
03-27 23:59:00.635 7220 8954 E SQLiteDatabase: at X.2sR.A03(Unknown Source:39)
03-27 23:59:00.635 7220 8954 E SQLiteDatabase: at X.2sR.A05(Unknown Source:14)
03-27 23:59:00.635 7220 8954 E SQLiteDatabase: at X.32N.A07(Unknown Source:2205)
03-27 23:59:00.635 7220 8954 E SQLiteDatabase: at X.32N.A06(Unknown Source:507)
03-27 23:59:00.635 7220 8954 E SQLiteDatabase: at X.3eA.run(Unknown Source:2207)
03-27 23:59:00.635 7220 8954 E SQLiteDatabase: at java.util.concurrent.ThreadPoolExecutor.runWorker(ThreadPoolExecutor.java:1137)
03-27 23:59:00.635 7220 8954 E SQLiteDatabase: at java.util.concurrent.ThreadPoolExecutor$Worker.run(ThreadPoolExecutor.java:637)
03-27 23:59:00.635 7220 8954 E SQLiteDatabase: at X.3gH.run(Unknown Source:1548)
03-27 23:59:00.635 7220 8954 E SQLiteDatabase: at java.lang.Thread.run(Thread.java:1012)
03-27 23:59:00.706 7220 7220 W libc : Access denied finding property "vendor.transsion.scroll_adjust.support"
03-27 23:59:00.706 7220 7220 W libc : Access denied finding property "vendor.transsion.scroll_adjust.support"
03-27 23:59:00.707 7220 7220 W libc : Access denied finding property "vendor.transsion.scroll_adjust.support"
03-27 23:59:00.708 7220 7220 W libc : Access denied finding property "vendor.transsion.scroll_adjust.support"
03-27 23:59:00.752 7220 7220 E ion : ioctl c0044901 failed with code -1: Invalid argument
03-27 23:59:00.777 7220 7220 E config_debug: TranMultiDecorCaptionView updateConfiguration config: {1.0 510mcc11mnc [in_ID] ldltr sw470dp w470dp h788dp 367dpi nrml long hdr widecg port night finger -keyb/v/h -nav/h winConfig={ mBounds=Rect(0, 0 - 1080, 1917) mAppBounds=Rect(0, 0 - 1080, 1917) mMaxBounds=Rect(0, 0 - 1080, 1917) mDisplayRotation=ROTATION_0 mWindowingMode=fullscreen mDisplayWindowingMode=fullscreen mMultiWindowMode=SMALL mMultiWindowId=10 mWindowResiable=6 mInLargeScreen=0 mActivityType=standard mAlwaysOnTop=undefined mRotation=ROTATION_0 mDisplayUniqueId=0} as.3 s.1 fontWeightAdjustment=0}
