03-28 06:15:35.176 16564 16564 E ArmVmp : Match on catch block at 0xc3 in for 0x14d
03-28 06:15:35.179 16564 16564 E ArmVmp : Match on catch block at 0xc3 in for 0x149
03-28 06:15:35.181 16564 16564 E ArmVmp : Match on catch block at 0xc3 in for 0x14d
03-28 06:15:35.197 16564 16564 E ArmVmp : Match on catch block at 0xc3 in for 0x159
03-28 06:15:35.199 16564 16564 E ArmVmp : Match on catch block at 0xc3 in for 0x155
03-28 06:15:35.201 16564 16564 E ArmVmp : Match on catch block at 0xc3 in for 0x159
03-28 06:15:35.209 16564 16564 E ArmVmp : Match on catch block at 0xc3 in for 0x155
03-28 06:15:35.212 16564 16564 E ArmVmp : Match on catch block at 0xc3 in for 0x151
03-28 06:15:35.217 16564 16564 E ArmVmp : Match on catch block at 0xc3 in for 0x155
03-28 06:15:35.225 16564 16564 E ArmVmp : Match on catch block at 0xc3 in for 0x155
03-28 06:15:35.228 16564 16564 E ArmVmp : Match on catch block at 0xc3 in for 0x151
03-28 06:15:35.230 16564 16564 E ArmVmp : Match on catch block at 0xc3 in for 0x155
03-28 06:15:35.282 16564 16564 E ArmVmp : Match on catch block at 0xc3 in for 0x141
03-28 06:15:35.284 16564 16564 E ArmVmp : Match on catch block at 0xc3 in for 0x159
03-28 06:15:35.286 16564 16564 E ArmVmp : Match on catch block at 0xc3 in for 0x141
03-28 06:15:35.293 16564 16564 E ArmVmp : Match on catch block at 0xc3 in for 0x151
03-28 06:15:35.296 16564 16564 E ArmVmp : Match on catch block at 0xc3 in for 0x14d
03-28 06:15:35.297 16564 16564 E ArmVmp : Match on catch block at 0xc3 in for 0x151
03-28 06:15:35.374 16564 16564 E ArmVmp : Match on catch block at 0xc3 in for 0x155
03-28 06:15:35.376 16564 16564 E ArmVmp : Match on catch block at 0xc3 in for 0x151
03-28 06:15:35.377 16564 16564 E ArmVmp : Match on catch block at 0xc3 in for 0x155
03-28 06:15:35.388 16564 16564 E ArmVmp : Match on catch block at 0xc3 in for 0x155
03-28 06:15:35.389 16564 16564 E ArmVmp : Match on catch block at 0xc3 in for 0x151
03-28 06:15:35.390 16564 16564 E ArmVmp : Match on catch block at 0xc3 in for 0x155
03-28 06:15:35.400 16564 16564 E ArmVmp : Match on catch block at 0xc3 in for 0x14d
03-28 06:15:35.401 16564 16564 E ArmVmp : Match on catch block at 0xc3 in for 0x149
03-28 06:15:35.402 16564 16564 E ArmVmp : Match on catch block at 0xc3 in for 0x14d
03-28 06:15:35.407 16564 16564 E ArmVmp : Match on catch block at 0xc3 in for 0x145
03-28 06:15:35.408 16564 16564 E ArmVmp : Match on catch block at 0xc3 in for 0x141
03-28 06:15:35.409 16564 16564 E ArmVmp : Match on catch block at 0xc3 in for 0x145
03-28 06:15:35.413 16564 16564 E ArmVmp : Match on catch block at 0xc3 in for 0x145
03-28 06:15:35.414 16564 16564 E ArmVmp : Match on catch block at 0xc3 in for 0x141
03-28 06:15:35.415 16564 16564 E ArmVmp : Match on catch block at 0xc3 in for 0x145
03-28 06:15:35.420 16564 16564 E ArmVmp : Match on catch block at 0xc3 in for 0x159
03-28 06:15:35.421 16564 16564 E ArmVmp : Match on catch block at 0xc3 in for 0x155
03-28 06:15:35.422 16564 16564 E ArmVmp : Match on catch block at 0xc3 in for 0x159
03-28 06:15:35.428 16564 16564 E ArmVmp : Match on catch block at 0xc3 in for 0x151
03-28 06:15:35.429 16564 16564 E ArmVmp : Match on catch block at 0xc3 in for 0x14d
03-28 06:15:35.430 16564 16564 E ArmVmp : Match on catch block at 0xc3 in for 0x151
03-28 06:15:35.434 16564 16564 E ArmVmp : Match on catch block at 0xc3 in for 0x149
03-28 06:15:35.436 16564 16564 E ArmVmp : Match on catch block at 0xc3 in for 0x145
03-28 06:15:35.438 16564 16564 E ArmVmp : Match on catch block at 0xc3 in for 0x149
03-28 06:15:35.444 16564 16564 E ArmVmp : Match on catch block at 0xc3 in for 0x141
03-28 06:15:35.446 16564 16564 E ArmVmp : Match on catch block at 0xc3 in for 0x159
03-28 06:15:35.447 16564 16564 E ArmVmp : Match on catch block at 0xc3 in for 0x141
03-28 06:15:35.451 16564 16564 E ArmVmp : Match on catch block at 0xc3 in for 0x155
03-28 06:15:35.453 16564 16564 E ArmVmp : Match on catch block at 0xc3 in for 0x151
03-28 06:15:35.454 16564 16564 E ArmVmp : Match on catch block at 0xc3 in for 0x155
03-28 06:15:35.460 16564 16564 E ArmVmp : Match on catch block at 0xc3 in for 0x14d
03-28 06:15:35.461 16564 16564 E ArmVmp : Match on catch block at 0xc3 in for 0x149
03-28 06:15:35.462 16564 16564 E ArmVmp : Match on catch block at 0xc3 in for 0x14d
03-28 06:15:35.748 16564 16564 E ArmVmp : Match on catch block at 0xc3 in for 0x159
03-28 06:15:35.750 16564 16564 E ArmVmp : Match on catch block at 0xc3 in for 0x155
03-28 06:15:35.752 16564 16564 E ArmVmp : Match on catch block at 0xc3 in for 0x159
03-28 06:15:46.609 16564 16564 W libc : Access denied finding property "vendor.transsion.scroll_adjust.support"
03-28 06:15:46.609 16564 16564 W libc : Access denied finding property "vendor.transsion.scroll_adjust.support"
03-28 06:15:46.633 16564 16564 W libc : Access denied finding property "vendor.transsion.scroll_adjust.support"
03-28 06:15:46.633 16564 16564 W libc : Access denied finding property "vendor.transsion.scroll_adjust.support"
03-28 06:15:46.679 16564 16564 E ArmVmp : Match on catch block at 0x0a in for 0x189
03-28 06:15:46.682 16564 16564 E ArmVmp : Match on catch block at 0x0a in for 0x181
03-28 06:15:46.683 16564 27599 E ArmVmp : Match on catch block at 0x48 in for 0x115
03-28 06:15:46.683 16564 27599 W System.err: java.net.UnknownHostException: Unable to resolve host "translate.googleapis.com": No address associated with hostname
03-28 06:15:46.683 16564 27599 W System.err:
03-28 06:15:46.683 16564 27599 W System.err: at java.net.Inet6AddressImpl.lookupHostByName(Inet6AddressImpl.java:156)
03-28 06:15:46.683 16564 27599 W System.err:
03-28 06:15:46.683 16564 27599 W System.err: at java.net.Inet6AddressImpl.lookupAllHostAddr(Inet6AddressImpl.java:103)
03-28 06:15:46.683 16564 27599 W System.err:
03-28 06:15:46.683 16564 27599 W System.err: at java.net.InetAddress.getAllByName(InetAddress.java:1152)
03-28 06:15:46.683 16564 27599 W System.err:
03-28 06:15:46.683 16564 27599 W System.err: at com.android.okhttp.Dns$1.lookup(Dns.java:41)
03-28 06:15:46.684 16564 27599 W System.err:
03-28 06:15:46.684 16564 27599 W System.err: at com.android.okhttp.internal.http.RouteSelector.resetNextInetSocketAddress(RouteSele ctor.java:178)
03-28 06:15:46.684 16564 27599 W System.err:
03-28 06:15:46.684 16564 27599 W System.err: at com.android.okhttp.internal.http.RouteSelector.nextProxy(RouteSelector.java:144)
03-28 06:15:46.684 16564 27599 W System.err:
03-28 06:15:46.684 16564 27599 W System.err: at com.android.okhttp.internal.http.RouteSelector.next(RouteSelector.java:86)
03-28 06:15:46.684 16564 27599 W System.err:
03-28 06:15:46.684 16564 27599 W System.err: at com.android.okhttp.internal.http.StreamAllocation.findConnection(StreamAllocation.j ava:176)
03-28 06:15:46.684 16564 27599 W System.err:
03-28 06:15:46.684 16564 27599 W System.err: at com.android.okhttp.internal.http.StreamAllocation.findHealthyConnection(StreamAlloc ation.java:128)
03-28 06:15:46.684 16564 27599 W System.err:
03-28 06:15:46.684 16564 27599 W System.err: at com.android.okhttp.internal.http.StreamAllocation.newStream(StreamAllocation.java:9 7)
03-28 06:15:46.684 16564 27599 W System.err:
03-28 06:15:46.684 16564 27599 W System.err: at com.android.okhttp.internal.http.HttpEngine.connect(HttpEngine.java:289)
03-28 06:15:46.684 16564 27599 W System.err:
03-28 06:15:46.684 16564 27599 W System.err: at com.android.okhttp.internal.http.HttpEngine.sendRequest(HttpEngine.java:232)
03-28 06:15:46.684 16564 27599 W System.err:
03-28 06:15:46.684 16564 27599 W System.err: at com.android.okhttp.internal.huc.HttpURLConnectionImpl.execute(HttpURLConnectionImpl .java:465)
03-28 06:15:46.684 16564 27599 W System.err:
03-28 06:15:46.684 16564 27599 W System.err: at com.android.okhttp.internal.huc.HttpURLConnectionImpl.connect(HttpURLConnectionImpl .java:131)
03-28 06:15:46.684 16564 27599 W System.err:
03-28 06:15:46.684 16564 27599 W System.err: at com.android.okhttp.internal.huc.DelegatingHttpsURLConnection.connect(DelegatingHttp sURLConnection.java:90)
03-28 06:15:46.684 16564 27599 W System.err:
03-28 06:15:46.684 16564 27599 W System.err: at com.android.okhttp.internal.huc.HttpsURLConnectionImpl.connect(HttpsURLConnectionIm pl.java:30)
03-28 06:15:46.684 16564 27599 W System.err:
03-28 06:15:46.684 16564 27599 W System.err: at mbmodsd.mbmodsw.home.MBTranslator.translate(Native Method)
03-28 06:15:46.684 16564 27599 W System.err:
03-28 06:15:46.684 16564 27599 W System.err: at mbmodsd.mbmodsw.home.MBTranslator$Async.doInBackground(Native Method)
03-28 06:15:46.684 16564 27599 W System.err:
03-28 06:15:46.684 16564 27599 W System.err: at mbmodsd.mbmodsw.home.MBTranslator$Async.doInBackground(Native Method)
03-28 06:15:46.684 16564 27599 W System.err:
03-28 06:15:46.684 16564 27599 W System.err: at android.os.AsyncTask$3.call(AsyncTask.java:394)
03-28 06:15:46.684 16564 27599 W System.err:
03-28 06:15:46.684 16564 27599 W System.err: at java.util.concurrent.FutureTask.run(FutureTask.java:264)
03-28 06:15:46.684 16564 27599 W System.err:
03-28 06:15:46.684 16564 27599 W System.err: at android.os.AsyncTask$SerialExecutor$1.run(AsyncTask.java:305)
03-28 06:15:46.684 16564 27599 W System.err:
03-28 06:15:46.684 16564 27599 W System.err: at java.util.concurrent.ThreadPoolExecutor.runWorker(ThreadPoolExecutor.java:1137)
03-28 06:15:46.684 16564 27599 W System.err:
03-28 06:15:46.684 16564 27599 W System.err: at java.util.concurrent.ThreadPoolExecutor$Worker.run(ThreadPoolExecutor.java:637)
03-28 06:15:46.684 16564 27599 W System.err:
03-28 06:15:46.685 16564 27599 W System.err: at java.lang.Thread.run(Thread.java:1012)
03-28 06:15:46.685 16564 27599 W System.err:
03-28 06:15:46.685 16564 27599 W System.err: Caused by: android.system.GaiException: android_getaddrinfo failed: EAI_NODATA (No address associated with hostname)
03-28 06:15:46.685 16564 27599 W System.err:
03-28 06:15:46.685 16564 27599 W System.err: at libcore.io.Linux.android_getaddrinfo(Native Method)
03-28 06:15:46.685 16564 27599 W System.err:
03-28 06:15:46.685 16564 27599 W System.err: at libcore.io.ForwardingOs.android_getaddrinfo(ForwardingOs.java:133)
03-28 06:15:46.685 16564 27599 W System.err:
03-28 06:15:46.685 16564 27599 W System.err: at libcore.io.BlockGuardOs.android_getaddrinfo(BlockGuardOs.java:222)
03-28 06:15:46.685 16564 27599 W System.err:
03-28 06:15:46.685 16564 27599 W System.err: at libcore.io.ForwardingOs.android_getaddrinfo(ForwardingOs.java:133)
03-28 06:15:46.685 16564 27599 W System.err:
03-28 06:15:46.685 16564 27599 W System.err: at java.net.Inet6AddressImpl.lookupHostByName(Inet6AddressImpl.java:135)
03-28 06:15:46.685 16564 27599 W System.err:
03-28 06:15:46.685 16564 27599 W System.err: ... 24 more
03-28 06:15:46.685 16564 27599 W System.err:
03-28 06:15:46.685 16564 27599 E ArmVmp : Match on catch block at 0x48 in for 0x131
03-28 06:15:46.685 16564 27599 W System.err: java.net.UnknownHostException: Unable to resolve host "translate.googleapis.com": No address associated with hostname
03-28 06:15:46.685 16564 27599 W System.err:
03-28 06:15:46.685 16564 27599 W System.err: at java.net.Inet6AddressImpl.lookupHostByName(Inet6AddressImpl.java:124)
03-28 06:15:46.685 16564 27599 W System.err:
03-28 06:15:46.685 16564 27599 W System.err: at java.net.Inet6AddressImpl.lookupAllHostAddr(Inet6AddressImpl.java:103)
03-28 06:15:46.685 16564 27599 W System.err:
03-28 06:15:46.685 16564 27599 W System.err: at java.net.InetAddress.getAllByName(InetAddress.java:1152)
03-28 06:15:46.685 16564 27599 W System.err:
03-28 06:15:46.685 16564 27599 W System.err: at com.android.okhttp.Dns$1.lookup(Dns.java:41)
03-28 06:15:46.686 16564 27599 W System.err:
03-28 06:15:46.686 16564 27599 W System.err: at com.android.okhttp.internal.http.RouteSelector.resetNextInetSocketAddress(RouteSele ctor.java:178)
03-28 06:15:46.686 16564 27599 W System.err:
03-28 06:15:46.686 16564 27599 W System.err: at com.android.okhttp.internal.http.RouteSelector.nextProxy(RouteSelector.java:144)
03-28 06:15:46.686 16564 27599 W System.err:
03-28 06:15:46.686 16564 27599 W System.err: at com.android.okhttp.internal.http.RouteSelector.next(RouteSelector.java:86)
03-28 06:15:46.686 16564 27599 W System.err:
03-28 06:15:46.686 16564 27599 W System.err: at com.android.okhttp.internal.http.StreamAllocation.findConnection(StreamAllocation.j ava:176)
03-28 06:15:46.686 16564 27599 W System.err:
03-28 06:15:46.686 16564 27599 W System.err: at com.android.okhttp.internal.http.StreamAllocation.findHealthyConnection(StreamAlloc ation.java:128)
03-28 06:15:46.686 16564 27599 W System.err:
03-28 06:15:46.686 16564 27599 W System.err: at com.android.okhttp.internal.http.StreamAllocation.newStream(StreamAllocation.java:9 7)
03-28 06:15:46.686 16564 27599 W System.err:
03-28 06:15:46.686 16564 27599 W System.err: at com.android.okhttp.internal.http.HttpEngine.connect(HttpEngine.java:289)
03-28 06:15:46.686 16564 27599 W System.err:
03-28 06:15:46.686 16564 27599 W System.err: at com.android.okhttp.internal.http.HttpEngine.sendRequest(HttpEngine.java:232)
03-28 06:15:46.686 16564 27599 W System.err:
03-28 06:15:46.686 16564 27599 W System.err: at com.android.okhttp.internal.huc.HttpURLConnectionImpl.execute(HttpURLConnectionImpl .java:465)
03-28 06:15:46.686 16564 27599 W System.err:
03-28 06:15:46.686 16564 27599 W System.err: at com.android.okhttp.internal.huc.HttpURLConnectionImpl.connect(HttpURLConnectionImpl .java:131)
03-28 06:15:46.686 16564 27599 W System.err:
03-28 06:15:46.686 16564 27599 W System.err: at com.android.okhttp.internal.huc.DelegatingHttpsURLConnection.connect(DelegatingHttp sURLConnection.java:90)
03-28 06:15:46.686 16564 27599 W System.err:
03-28 06:15:46.686 16564 27599 W System.err: at com.android.okhttp.internal.huc.HttpsURLConnectionImpl.connect(HttpsURLConnectionIm pl.java:30)
03-28 06:15:46.687 16564 27599 W System.err:
03-28 06:15:46.687 16564 27599 W System.err: at mbmodsd.mbmodsw.home.MBTranslator.translate(Native Method)
03-28 06:15:46.688 16564 27599 W System.err:
03-28 06:15:46.688 16564 27599 W System.err: at mbmodsd.mbmodsw.home.MBTranslator$Async.doInBackground(Native Method)
03-28 06:15:46.688 16564 27599 W System.err:
03-28 06:15:46.689 16564 27599 W System.err: at mbmodsd.mbmodsw.home.MBTranslator$Async.doInBackground(Native Method)
03-28 06:15:46.689 16564 27599 W System.err:
03-28 06:15:46.689 16564 27599 W System.err: at android.os.AsyncTask$3.call(AsyncTask.java:394)
03-28 06:15:46.689 16564 27599 W System.err:
03-28 06:15:46.689 16564 27599 W System.err: at java.util.concurrent.FutureTask.run(FutureTask.java:264)
03-28 06:15:46.689 16564 27599 W System.err:
03-28 06:15:46.689 16564 27599 W System.err: at android.os.AsyncTask$SerialExecutor$1.run(AsyncTask.java:305)
03-28 06:15:46.689 16564 27599 W System.err:
03-28 06:15:46.689 16564 27599 W System.err: at java.util.concurrent.ThreadPoolExecutor.runWorker(ThreadPoolExecutor.java:1137)
03-28 06:15:46.689 16564 27599 W System.err:
03-28 06:15:46.689 16564 27599 W System.err: at java.util.concurrent.ThreadPoolExecutor$Worker.run(ThreadPoolExecutor.java:637)
03-28 06:15:46.689 16564 27599 W System.err:
03-28 06:15:46.689 16564 27599 W System.err: at java.lang.Thread.run(Thread.java:1012)
03-28 06:15:46.689 16564 27599 W System.err:
03-28 06:15:46.869 16564 16564 E ArmVmp : Match on catch block at 0xc3 in for 0x175
03-28 06:15:46.871 16564 16564 E ArmVmp : Match on catch block at 0xc3 in for 0x16d
03-28 06:15:46.873 16564 16564 E ArmVmp : Match on catch block at 0xc3 in for 0x165
03-28 06:15:46.903 16564 26768 W Parcel : Expecting binder but got null!
03-28 06:15:46.918 16564 16564 E ArmVmp : Match on catch block at 0xc3 in for 0x155
03-28 06:15:46.921 16564 16564 E ArmVmp : Match on catch block at 0xc3 in for 0x151
03-28 06:15:46.922 16564 16564 E ArmVmp : Match on catch block at 0xc3 in for 0x155
03-28 06:15:46.970 16564 16564 E ArmVmp : Match on catch block at 0xc3 in for 0x14d
03-28 06:15:46.972 16564 16564 E ArmVmp : Match on catch block at 0xc3 in for 0x149
03-28 06:15:46.973 16564 16564 E ArmVmp : Match on catch block at 0xc3 in for 0x14d
03-28 06:15:46.989 16564 16564 E ArmVmp : Match on catch block at 0xc3 in for 0x145
03-28 06:15:46.991 16564 16564 E ArmVmp : Match on catch block at 0xc3 in for 0x141
03-28 06:15:46.993 16564 16564 E ArmVmp : Match on catch block at 0xc3 in for 0x145
03-28 06:15:47.018 16564 16564 E ArmVmp : Match on catch block at 0xc3 in for 0x141
03-28 06:15:47.019 16564 16564 E ArmVmp : Match on catch block at 0xc3 in for 0x159
03-28 06:15:47.020 16564 16564 E ArmVmp : Match on catch block at 0xc3 in for 0x141
03-28 06:15:47.037 16564 16564 E ArmVmp : Match on catch block at 0xc3 in for 0x155
03-28 06:15:47.037 16564 16575 W System : A resource failed to call CursorWindow.close.
03-28 06:15:47.037 16564 16575 W System : A resource failed to call AbstractCursor.close.
03-28 06:15:47.037 16564 16575 W System : A resource failed to call CursorWindow.close.
03-28 06:15:47.037 16564 16575 W System : A resource failed to call AbstractCursor.close.
03-28 06:15:47.037 16564 16575 W System : A resource failed to call CursorWindow.close.
03-28 06:15:47.037 16564 16575 W System : A resource failed to call AbstractCursor.close.
03-28 06:15:47.037 16564 16575 W System : A resource failed to call CursorWindow.close.
03-28 06:15:47.037 16564 16575 W System : A resource failed to call AbstractCursor.close.
03-28 06:15:47.037 16564 16575 W System : A resource failed to call CursorWindow.close.
03-28 06:15:47.037 16564 16575 W System : A resource failed to call AbstractCursor.close.
03-28 06:15:47.038 16564 16564 E ArmVmp : Match on catch block at 0xc3 in for 0x151
03-28 06:15:47.039 16564 16564 E ArmVmp : Match on catch block at 0xc3 in for 0x155
03-28 06:15:47.047 16564 16564 E ArmVmp : Match on catch block at 0xc3 in for 0x14d
03-28 06:15:47.049 16564 16564 E ArmVmp : Match on catch block at 0xc3 in for 0x149
03-28 06:15:47.050 16564 16564 E ArmVmp : Match on catch block at 0xc3 in for 0x14d
03-28 06:15:47.052 16564 16564 E ArmVmp : Match on catch block at 0xc3 in for 0x14d
03-28 06:15:47.053 16564 16564 E ArmVmp : Match on catch block at 0xc3 in for 0x149
03-28 06:15:47.055 16564 16564 E ArmVmp : Match on catch block at 0xc3 in for 0x14d
03-28 06:15:47.060 16564 16564 E ArmVmp : Match on catch block at 0xc3 in for 0x14d
03-28 06:15:47.062 16564 16564 E ArmVmp : Match on catch block at 0xc3 in for 0x149
03-28 06:15:47.064 16564 16564 E ArmVmp : Match on catch block at 0xc3 in for 0x14d
03-28 06:15:47.068 16564 16564 E ArmVmp : Match on catch block at 0xc3 in for 0x14d
03-28 06:15:47.070 16564 16564 E ArmVmp : Match on catch block at 0xc3 in for 0x149
03-28 06:15:47.071 16564 16564 E ArmVmp : Match on catch block at 0xc3 in for 0x14d
03-28 06:15:47.453 16564 16564 E ArmVmp : Match on catch block at 0xc3 in for 0x159
03-28 06:15:47.457 16564 16564 E ArmVmp : Match on catch block at 0xc3 in for 0x155
03-28 06:15:47.459 16564 16564 E ArmVmp : Match on catch block at 0xc3 in for 0x159
03-28 06:15:47.536 16564 16564 E ArmVmp : Match on catch block at 0xc3 in for 0x151
03-28 06:15:47.539 16564 16564 E ArmVmp : Match on catch block at 0xc3 in for 0x14d
03-28 06:15:47.541 16564 16564 E ArmVmp : Match on catch block at 0xc3 in for 0x151
03-28 06:15:47.552 16564 16564 E ArmVmp : Match on catch block at 0xc3 in for 0x151
03-28 06:15:47.555 16564 16564 E ArmVmp : Match on catch block at 0xc3 in for 0x14d
03-28 06:15:47.557 16564 16564 E ArmVmp : Match on catch block at 0xc3 in for 0x151
03-28 06:15:47.569 16564 16564 E ArmVmp : Match on catch block at 0xc3 in for 0x151
03-28 06:15:47.574 16564 16564 E ArmVmp : Match on catch block at 0xc3 in for 0x14d
03-28 06:15:47.576 16564 16564 E ArmVmp : Match on catch block at 0xc3 in for 0x151
03-28 06:15:47.585 16564 16564 E ArmVmp : Match on catch block at 0xc3 in for 0x151
03-28 06:15:47.587 16564 16564 E ArmVmp : Match on catch block at 0xc3 in for 0x14d
03-28 06:15:47.589 16564 16564 E ArmVmp : Match on catch block at 0xc3 in for 0x151
03-28 06:15:47.602 16564 16564 E ArmVmp : Match on catch block at 0xc3 in for 0x151
03-28 06:15:47.607 16564 16564 E ArmVmp : Match on catch block at 0xc3 in for 0x14d
03-28 06:15:47.609 16564 16564 E ArmVmp : Match on catch block at 0xc3 in for 0x151
03-28 06:15:47.618 16564 16564 E ArmVmp : Match on catch block at 0xc3 in for 0x151
03-28 06:15:47.621 16564 16564 E ArmVmp : Match on catch block at 0xc3 in for 0x14d
03-28 06:15:47.624 16564 16564 E ArmVmp : Match on catch block at 0xc3 in for 0x151
03-28 06:15:47.635 16564 16564 E ArmVmp : Match on catch block at 0xc3 in for 0x151
03-28 06:15:47.639 16564 16564 E ArmVmp : Match on catch block at 0xc3 in for 0x14d
03-28 06:15:47.642 16564 16564 E ArmVmp : Match on catch block at 0xc3 in for 0x151
03-28 06:15:47.651 16564 16564 E ArmVmp : Match on catch block at 0xc3 in for 0x151
03-28 06:15:47.653 16564 16564 E ArmVmp : Match on catch block at 0xc3 in for 0x14d
03-28 06:15:47.654 16564 16564 E ArmVmp : Match on catch block at 0xc3 in for 0x151
03-28 06:15:47.669 16564 16564 E ArmVmp : Match on catch block at 0xc3 in for 0x151
03-28 06:15:47.675 16564 16564 E ArmVmp : Match on catch block at 0xc3 in for 0x14d
03-28 06:15:47.678 16564 16564 E ArmVmp : Match on catch block at 0xc3 in for 0x151
03-28 06:15:47.685 16564 16564 E ArmVmp : Match on catch block at 0xc3 in for 0x151
03-28 06:15:47.687 16564 16564 E ArmVmp : Match on catch block at 0xc3 in for 0x14d
03-28 06:15:47.689 16564 16564 E ArmVmp : Match on catch block at 0xc3 in for 0x151
03-28 06:15:47.702 16564 16564 E ArmVmp : Match on catch block at 0xc3 in for 0x151
03-28 06:15:47.706 16564 16564 E ArmVmp : Match on catch block at 0xc3 in for 0x14d
03-28 06:15:47.707 16564 16564 E ArmVmp : Match on catch block at 0xc3 in for 0x151
03-28 06:15:47.718 16564 16564 E ArmVmp : Match on catch block at 0xc3 in for 0x151
03-28 06:15:47.721 16564 16564 E ArmVmp : Match on catch block at 0xc3 in for 0x14d
03-28 06:15:47.723 16564 16564 E ArmVmp : Match on catch block at 0xc3 in for 0x151
03-28 06:15:47.735 16564 16564 E ArmVmp : Match on catch block at 0xc3 in for 0x151
03-28 06:15:47.738 16564 16564 E ArmVmp : Match on catch block at 0xc3 in for 0x14d
03-28 06:15:47.740 16564 16564 E ArmVmp : Match on catch block at 0xc3 in for 0x151
03-28 06:15:47.751 16564 16564 E ArmVmp : Match on catch block at 0xc3 in for 0x151
03-28 06:15:47.754 16564 16564 E ArmVmp : Match on catch block at 0xc3 in for 0x14d
03-28 06:15:47.756 16564 16564 E ArmVmp : Match on catch block at 0xc3 in for 0x151
03-28 06:15:47.768 16564 16564 E ArmVmp : Match on catch block at 0xc3 in for 0x151
03-28 06:15:47.771 16564 16564 E ArmVmp : Match on catch block at 0xc3 in for 0x14d
03-28 06:15:47.773 16564 16564 E ArmVmp : Match on catch block at 0xc3 in for 0x151
03-28 06:15:47.787 16564 16564 E ArmVmp : Match on catch block at 0xc3 in for 0x145
03-28 06:15:47.790 16564 16564 E ArmVmp : Match on catch block at 0xc3 in for 0x141
03-28 06:15:47.792 16564 16564 E ArmVmp : Match on catch block at 0xc3 in for 0x145
03-28 06:15:47.801 16564 16564 E ArmVmp : Match on catch block at 0xc3 in for 0x145
03-28 06:15:47.804 16564 16564 E ArmVmp : Match on catch block at 0xc3 in for 0x141
03-28 06:15:47.806 16564 16564 E ArmVmp : Match on catch block at 0xc3 in for 0x145
03-28 06:15:47.819 16564 16564 E ArmVmp : Match on catch block at 0xc3 in for 0x145
03-28 06:15:47.824 16564 16564 E ArmVmp : Match on catch block at 0xc3 in for 0x141
03-28 06:15:47.825 16564 16564 E ArmVmp : Match on catch block at 0xc3 in for 0x145
03-28 06:15:47.913 16564 16564 E ArmVmp : Match on catch block at 0xc3 in for 0x149
03-28 06:15:47.916 16564 16564 E ArmVmp : Match on catch block at 0xc3 in for 0x145
03-28 06:15:47.926 16564 16564 E ArmVmp : Match on catch block at 0xc3 in for 0x155
03-28 06:15:47.929 16564 16564 E ArmVmp : Match on catch block at 0xc3 in for 0x151
03-28 06:15:47.938 16564 16564 E ArmVmp : Match on catch block at 0xc3 in for 0x141
03-28 06:15:47.940 16564 16564 E ArmVmp : Match on catch block at 0xc3 in for 0x159
03-28 06:15:47.951 16564 16564 E ArmVmp : Match on catch block at 0xc3 in for 0x151
03-28 06:15:47.954 16564 16564 E ArmVmp : Match on catch block at 0xc3 in for 0x14d
03-28 06:15:47.968 16564 16564 E ArmVmp : Match on catch block at 0xc3 in for 0x141
03-28 06:15:47.972 16564 16564 E ArmVmp : Match on catch block at 0xc3 in for 0x159
03-28 06:15:47.985 16564 16564 E ArmVmp : Match on catch block at 0xc3 in for 0x14d
03-28 06:15:47.988 16564 16564 E ArmVmp : Match on catch block at 0xc3 in for 0x149
03-28 06:15:48.001 16564 16564 E ArmVmp : Match on catch block at 0xc3 in for 0x159
03-28 06:15:48.004 16564 16564 E ArmVmp : Match on catch block at 0xc3 in for 0x155
03-28 06:15:48.468 16564 16564 E ArmVmp : Match on catch block at 0xc3 in for 0x14d
03-28 06:15:48.472 16564 16564 E ArmVmp : Match on catch block at 0xc3 in for 0x149
03-28 06:15:48.751 16564 16564 E ArmVmp : Match on catch block at 0xc3 in for 0x14d
03-28 06:15:48.753 16564 16564 E ArmVmp : Match on catch block at 0xc3 in for 0x149
03-28 06:15:48.780 16564 16564 E ArmVmp : Match on catch block at 0xc3 in for 0x159
03-28 06:15:48.782 16564 16564 E ArmVmp : Match on catch block at 0xc3 in for 0x155
03-28 06:15:48.799 16564 16564 E ArmVmp : Match on catch block at 0xc3 in for 0x149
03-28 06:15:48.801 16564 16564 E ArmVmp : Match on catch block at 0xc3 in for 0x145
03-28 06:15:48.846 16564 26768 W Parcel : Expecting binder but got null!
03-28 06:15:48.847 16564 16564 E ArmVmp : Match on catch block at 0xc3 in for 0x155
03-28 06:15:48.848 16564 16564 E ArmVmp : Match on catch block at 0xc3 in for 0x151
03-28 06:15:48.855 16564 16564 E ArmVmp : Match on catch block at 0xc3 in for 0x14d
03-28 06:15:48.857 16564 16564 E ArmVmp : Match on catch block at 0xc3 in for 0x149
03-28 06:15:48.866 16564 16564 E ArmVmp : Match on catch block at 0xc3 in for 0x159
03-28 06:15:48.867 16564 16564 E ArmVmp : Match on catch block at 0xc3 in for 0x155
03-28 06:15:48.883 16564 16564 E ArmVmp : Match on catch block at 0xc3 in for 0x149
03-28 06:15:48.885 16564 16564 E ArmVmp : Match on catch block at 0xc3 in for 0x145
03-28 06:15:48.901 16564 16564 E ArmVmp : Match on catch block at 0xc3 in for 0x155
03-28 06:15:48.902 16564 16564 E ArmVmp : Match on catch block at 0xc3 in for 0x151
03-28 06:15:48.918 16564 16564 E ArmVmp : Match on catch block at 0xc3 in for 0x145
03-28 06:15:48.922 16564 16564 E ArmVmp : Match on catch block at 0xc3 in for 0x141
03-28 06:15:48.934 16564 16564 E ArmVmp : Match on catch block at 0xc3 in for 0x151
03-28 06:15:48.937 16564 16564 E ArmVmp : Match on catch block at 0xc3 in for 0x14d
03-28 06:15:48.950 16564 16564 E ArmVmp : Match on catch block at 0xc3 in for 0x141
03-28 06:15:48.953 16564 16564 E ArmVmp : Match on catch block at 0xc3 in for 0x159
03-28 06:15:49.217 16564 16564 E ArmVmp : Match on catch block at 0xc3 in for 0x159
03-28 06:15:49.221 16564 16564 E ArmVmp : Match on catch block at 0xc3 in for 0x155
03-28 06:15:49.551 16564 16564 E ArmVmp : Match on catch block at 0xc3 in for 0x149
03-28 06:15:49.556 16564 16564 E ArmVmp : Match on catch block at 0xc3 in for 0x145
03-28 06:15:49.566 16564 16564 E ArmVmp : Match on catch block at 0xc3 in for 0x155
03-28 06:15:49.570 16564 16564 E ArmVmp : Match on catch block at 0xc3 in for 0x151
03-28 06:15:49.583 16564 16564 E ArmVmp : Match on catch block at 0xc3 in for 0x145
03-28 06:15:49.586 16564 16564 E ArmVmp : Match on catch block at 0xc3 in for 0x141
03-28 06:15:49.599 16564 16564 E ArmVmp : Match on catch block at 0xc3 in for 0x151
03-28 06:15:49.603 16564 16564 E ArmVmp : Match on catch block at 0xc3 in for 0x14d
03-28 06:15:49.617 16564 16564 E ArmVmp : Match on catch block at 0xc3 in for 0x141
03-28 06:15:49.620 16564 16564 E ArmVmp : Match on catch block at 0xc3 in for 0x159
03-28 06:15:49.633 16564 16564 E ArmVmp : Match on catch block at 0xc3 in for 0x14d
03-28 06:15:49.636 16564 16564 E ArmVmp : Match on catch block at 0xc3 in for 0x149
03-28 06:15:49.649 16564 16564 E ArmVmp : Match on catch block at 0xc3 in for 0x159
03-28 06:15:49.652 16564 16564 E ArmVmp : Match on catch block at 0xc3 in for 0x155
03-28 06:15:49.666 16564 16564 E ArmVmp : Match on catch block at 0xc3 in for 0x149
03-28 06:15:49.668 16564 16564 E ArmVmp : Match on catch block at 0xc3 in for 0x145
03-28 06:15:49.682 16564 16564 E ArmVmp : Match on catch block at 0xc3 in for 0x155
03-28 06:15:49.686 16564 16564 E ArmVmp : Match on catch block at 0xc3 in for 0x151
03-28 06:15:49.699 16564 16564 E ArmVmp : Match on catch block at 0xc3 in for 0x145
03-28 06:15:49.703 16564 16564 E ArmVmp : Match on catch block at 0xc3 in for 0x141
03-28 06:15:49.716 16564 16564 E ArmVmp : Match on catch block at 0xc3 in for 0x151
03-28 06:15:49.718 16564 16564 E ArmVmp : Match on catch block at 0xc3 in for 0x14d
03-28 06:15:49.732 16564 16564 E ArmVmp : Match on catch block at 0xc3 in for 0x141
03-28 06:15:49.736 16564 16564 E ArmVmp : Match on catch block at 0xc3 in for 0x159
03-28 06:15:49.749 16564 16564 E ArmVmp : Match on catch block at 0xc3 in for 0x14d
03-28 06:15:49.753 16564 16564 E ArmVmp : Match on catch block at 0xc3 in for 0x149
03-28 06:15:49.766 16564 16564 E ArmVmp : Match on catch block at 0xc3 in for 0x155
03-28 06:15:49.769 16564 16564 E ArmVmp : Match on catch block at 0xc3 in for 0x151
03-28 06:15:49.783 16564 16564 E ArmVmp : Match on catch block at 0xc3 in for 0x145
03-28 06:15:49.786 16564 16564 E ArmVmp : Match on catch block at 0xc3 in for 0x141
03-28 06:15:49.800 16564 16564 E ArmVmp : Match on catch block at 0xc3 in for 0x151
03-28 06:15:49.802 16564 16564 E ArmVmp : Match on catch block at 0xc3 in for 0x14d
03-28 06:15:50.126 16564 16564 E ArmVmp : Match on catch block at 0xc3 in for 0x14d
03-28 06:15:50.128 16564 16564 E ArmVmp : Match on catch block at 0xc3 in for 0x149
03-28 06:15:50.141 16564 16564 E ArmVmp : Match on catch block at 0xc3 in for 0x159
03-28 06:15:50.143 16564 16564 E ArmVmp : Match on catch block at 0xc3 in for 0x155
03-28 06:15:50.149 16564 16564 E ArmVmp : Match on catch block at 0xc3 in for 0x149
03-28 06:15:50.151 16564 16564 E ArmVmp : Match on catch block at 0xc3 in for 0x145
03-28 06:15:50.165 16564 16564 E ArmVmp : Match on catch block at 0xc3 in for 0x155
03-28 06:15:50.168 16564 16564 E ArmVmp : Match on catch block at 0xc3 in for 0x151
03-28 06:15:50.182 16564 16564 E ArmVmp : Match on catch block at 0xc3 in for 0x145
03-28 06:15:50.185 16564 16564 E ArmVmp : Match on catch block at 0xc3 in for 0x141
03-28 06:15:50.198 16564 16564 E ArmVmp : Match on catch block at 0xc3 in for 0x151
03-28 06:15:50.201 16564 16564 E ArmVmp : Match on catch block at 0xc3 in for 0x14d
03-28 06:15:50.215 16564 16564 E ArmVmp : Match on catch block at 0xc3 in for 0x141
03-28 06:15:50.218 16564 16564 E ArmVmp : Match on catch block at 0xc3 in for 0x159
03-28 06:15:50.232 16564 16564 E ArmVmp : Match on catch block at 0xc3 in for 0x14d
03-28 06:15:50.234 16564 16564 E ArmVmp : Match on catch block at 0xc3 in for 0x149
03-28 06:15:50.648 16564 16564 E ArmVmp : Match on catch block at 0xc3 in for 0x141
03-28 06:15:50.652 16564 16564 E ArmVmp : Match on catch block at 0xc3 in for 0x159
03-28 06:15:50.821 16564 16564 W StickerImageFil: type=1400 audit(0.0:34600): avc: granted { execute } for path="/data/data/com.mbwhatsapp/files/decompressed/libs.spk.zst/libstatic-webp.so" dev="dm-45" ino=18688 scontext=u:r:untrusted_app:s0:c225,c256,c512,c768 tcontext=u:object_r:app_data_file:s0:c225,c256,c512,c768 tclass=file app=com.mbwhatsapp
03-28 06:15:50.995 16564 16564 W libc : Access denied finding property "vendor.transsion.scroll_adjust.support"
03-28 06:15:50.996 16564 16564 W libc : Access denied finding property "vendor.transsion.scroll_adjust.support"
03-28 06:15:51.014 16564 16564 W libc : Access denied finding property "vendor.transsion.scroll_adjust.support"
03-28 06:15:51.014 16564 16564 W libc : Access denied finding property "vendor.transsion.scroll_adjust.support"
03-28 06:15:51.046 16564 16575 W System : A resource failed to call CursorWindow.close.
03-28 06:15:51.046 16564 16575 W System : A resource failed to call AbstractCursor.close.
03-28 06:15:51.047 16564 16575 W System : A resource failed to call CursorWindow.close.
03-28 06:15:51.047 16564 16575 W System : A resource failed to call AbstractCursor.close.
03-28 06:15:51.047 16564 16575 W System : A resource failed to call CursorWindow.close.
03-28 06:15:51.047 16564 16575 W System : A resource failed to call AbstractCursor.close.
03-28 06:15:51.047 16564 16575 W System : A resource failed to call CursorWindow.close.
03-28 06:15:51.047 16564 16575 W System : A resource failed to call AbstractCursor.close.
03-28 06:15:51.047 16564 16575 W System : A resource failed to call CursorWindow.close.
03-28 06:15:51.047 16564 16575 W System : A resource failed to call AbstractCursor.close.
03-28 06:15:51.047 16564 16575 W System : A resource failed to call CursorWindow.close.
03-28 06:15:51.047 16564 16575 W System : A resource failed to call AbstractCursor.close.
03-28 06:15:51.047 16564 16575 W System : A resource failed to call CursorWindow.close.
03-28 06:15:51.047 16564 16575 W System : A resource failed to call AbstractCursor.close.
03-28 06:15:51.047 16564 16575 W System : A resource failed to call CursorWindow.close.
03-28 06:15:51.047 16564 16575 W System : A resource failed to call AbstractCursor.close.
03-28 06:15:51.047 16564 16575 W System : A resource failed to call CursorWindow.close.
03-28 06:15:51.047 16564 16575 W System : A resource failed to call AbstractCursor.close.
03-28 06:15:51.047 16564 16575 W System : A resource failed to call CursorWindow.close.
03-28 06:15:51.047 16564 16575 W System : A resource failed to call AbstractCursor.close.
03-28 06:15:51.047 16564 16575 W System : A resource failed to call CursorWindow.close.
03-28 06:15:51.047 16564 16575 W System : A resource failed to call AbstractCursor.close.
03-28 06:15:51.054 16564 16564 W libc : Access denied finding property "vendor.transsion.scroll_adjust.support"
03-28 06:15:51.054 16564 16564 W libc : Access denied finding property "vendor.transsion.scroll_adjust.support"
03-28 06:15:51.067 16564 26768 W Parcel : Expecting binder but got null!
03-28 06:15:51.072 16564 16564 W libc : Access denied finding property "vendor.transsion.scroll_adjust.support"
03-28 06:15:51.073 16564 16564 W libc : Access denied finding property "vendor.transsion.scroll_adjust.support"
03-28 06:15:51.102 16564 26768 W Parcel : Expecting binder but got null!
03-28 06:15:51.112 16564 16564 E ArmVmp : Match on catch block at 0xc3 in for 0x14d
03-28 06:15:51.114 16564 16564 E ArmVmp : Match on catch block at 0xc3 in for 0x149
03-28 06:15:51.129 16564 16564 E ArmVmp : Match on catch block at 0xc3 in for 0x159
03-28 06:15:51.130 16564 16564 E ArmVmp : Match on catch block at 0xc3 in for 0x155
03-28 06:15:51.145 16564 16564 E ArmVmp : Match on catch block at 0xc3 in for 0x14d
03-28 06:15:51.146 16564 16564 E ArmVmp : Match on catch block at 0xc3 in for 0x149
03-28 06:15:51.154 16564 16564 E ArmVmp : Match on catch block at 0xc3 in for 0x159
03-28 06:15:51.156 16564 16564 E ArmVmp : Match on catch block at 0xc3 in for 0x155
03-28 06:15:51.166 16564 16564 E ArmVmp : Match on catch block at 0xc3 in for 0x149
03-28 06:15:51.168 16564 16564 E ArmVmp : Match on catch block at 0xc3 in for 0x145
03-28 06:15:51.183 16564 16564 E ArmVmp : Match on catch block at 0xc3 in for 0x155
03-28 06:15:51.185 16564 16564 E ArmVmp : Match on catch block at 0xc3 in for 0x151
03-28 06:15:51.198 16564 16564 E ArmVmp : Match on catch block at 0xc3 in for 0x14d
03-28 06:15:51.199 16564 16564 E ArmVmp : Match on catch block at 0xc3 in for 0x149
03-28 06:15:51.215 16564 16564 E ArmVmp : Match on catch block at 0xc3 in for 0x159
03-28 06:15:51.217 16564 16564 E ArmVmp : Match on catch block at 0xc3 in for 0x155
03-28 06:15:51.719 16564 16564 E ArmVmp : Match on catch block at 0xc3 in for 0x155
03-28 06:15:51.723 16564 16564 E ArmVmp : Match on catch block at 0xc3 in for 0x151
03-28 06:15:51.730 16564 16564 E ArmVmp : Match on catch block at 0xc3 in for 0x145
03-28 06:15:51.734 16564 16564 E ArmVmp : Match on catch block at 0xc3 in for 0x141
03-28 06:15:52.871 16564 16575 W System : A resource failed to call CursorWindow.close.
03-28 06:15:52.872 16564 16575 W System : A resource failed to call AbstractCursor.close.
03-28 06:15:52.872 16564 16575 W System : A resource failed to call CursorWindow.close.
03-28 06:15:52.872 16564 16575 W System : A resource failed to call AbstractCursor.close.
03-28 06:15:52.872 16564 16575 W System : A resource failed to call CursorWindow.close.
03-28 06:15:52.872 16564 16575 W System : A resource failed to call AbstractCursor.close.
03-28 06:15:52.872 16564 16575 W System : A resource failed to call CursorWindow.close.
03-28 06:15:52.872 16564 16575 W System : A resource failed to call AbstractCursor.close.
03-28 06:15:52.872 16564 16575 W System : A resource failed to call CursorWindow.close.
03-28 06:15:52.872 16564 16575 W System : A resource failed to call AbstractCursor.close.
03-28 06:15:53.311 16564 16564 W libc : Access denied finding property "vendor.transsion.scroll_adjust.support"
03-28 06:15:53.311 16564 16564 W libc : Access denied finding property "vendor.transsion.scroll_adjust.support"
03-28 06:15:53.327 16564 16564 E ArmVmp : Match on catch block at 0xc3 in for 0x141
03-28 06:15:53.330 16564 16564 E ArmVmp : Match on catch block at 0xc3 in for 0x159
03-28 06:15:53.346 16564 16564 E ArmVmp : Match on catch block at 0xc3 in for 0x155
03-28 06:15:53.348 16564 16564 E ArmVmp : Match on catch block at 0xc3 in for 0x151
03-28 06:15:53.363 16564 16564 E ArmVmp : Match on catch block at 0xc3 in for 0x151
03-28 06:15:53.371 16564 16564 E ArmVmp : Match on catch block at 0xc3 in for 0x14d
03-28 06:15:53.383 16564 16564 E ArmVmp : Match on catch block at 0xc3 in for 0x141
03-28 06:15:53.387 16564 16564 E ArmVmp : Match on catch block at 0xc3 in for 0x159
03-28 06:15:53.396 16564 16564 E ArmVmp : Match on catch block at 0xc3 in for 0x14d
03-28 06:15:53.402 16564 16564 E ArmVmp : Match on catch block at 0xc3 in for 0x149
03-28 06:15:53.413 16564 16564 E ArmVmp : Match on catch block at 0xc3 in for 0x159
03-28 06:15:53.416 16564 16564 E ArmVmp : Match on catch block at 0xc3 in for 0x155
03-28 06:15:53.428 16564 16564 E ArmVmp : Match on catch block at 0xc3 in for 0x149
03-28 06:15:53.431 16564 16564 E ArmVmp : Match on catch block at 0xc3 in for 0x145
03-28 06:15:53.444 16564 16564 E ArmVmp : Match on catch block at 0xc3 in for 0x155
03-28 06:15:53.448 16564 16564 E ArmVmp : Match on catch block at 0xc3 in for 0x151
03-28 06:15:53.461 16564 16564 E ArmVmp : Match on catch block at 0xc3 in for 0x149
03-28 06:15:53.464 16564 16564 E ArmVmp : Match on catch block at 0xc3 in for 0x145
03-28 06:15:53.477 16564 16564 E ArmVmp : Match on catch block at 0xc3 in for 0x141
03-28 06:15:53.478 16564 16564 E ArmVmp : Match on catch block at 0xc3 in for 0x159
03-28 06:15:53.508 16564 16564 E ArmVmp : Match on catch block at 0xc3 in for 0x14d
03-28 06:15:53.509 16564 16564 E ArmVmp : Match on catch block at 0xc3 in for 0x149
03-28 06:15:53.533 16564 16564 E ArmVmp : Match on catch block at 0xc3 in for 0x151
03-28 06:15:53.534 16564 16564 E ArmVmp : Match on catch block at 0xc3 in for 0x14d
03-28 06:15:53.556 16564 16564 E ArmVmp : Match on catch block at 0xc3 in for 0x14d
03-28 06:15:53.557 16564 16564 E ArmVmp : Match on catch block at 0xc3 in for 0x149
03-28 06:15:53.562 16564 16564 E ArmVmp : Match on catch block at 0xc3 in for 0x159
03-28 06:15:53.563 16564 16564 E ArmVmp : Match on catch block at 0xc3 in for 0x155
03-28 06:15:53.583 16564 16564 E ArmVmp : Match on catch block at 0xc3 in for 0x149
03-28 06:15:53.586 16564 16564 E ArmVmp : Match on catch block at 0xc3 in for 0x145
03-28 06:15:53.594 16564 16564 E ArmVmp : Match on catch block at 0xc3 in for 0x155
03-28 06:15:53.596 16564 16564 E ArmVmp : Match on catch block at 0xc3 in for 0x151
03-28 06:15:53.611 16564 16564 E ArmVmp : Match on catch block at 0xc3 in for 0x145
03-28 06:15:53.613 16564 16564 E ArmVmp : Match on catch block at 0xc3 in for 0x141
03-28 06:15:53.627 16564 16564 E ArmVmp : Match on catch block at 0xc3 in for 0x151
03-28 06:15:53.630 16564 16564 E ArmVmp : Match on catch block at 0xc3 in for 0x14d
03-28 06:15:53.644 16564 16564 E ArmVmp : Match on catch block at 0xc3 in for 0x141
03-28 06:15:53.647 16564 16564 E ArmVmp : Match on catch block at 0xc3 in for 0x159
03-28 06:15:54.061 16564 16564 E ArmVmp : Match on catch block at 0xc3 in for 0x151
03-28 06:15:54.066 16564 16564 E ArmVmp : Match on catch block at 0xc3 in for 0x14d
03-28 06:15:54.259 16564 16564 E ArmVmp : Match on catch block at 0xc3 in for 0x149
03-28 06:15:54.261 16564 16564 E ArmVmp : Match on catch block at 0xc3 in for 0x145
03-28 06:15:54.276 16564 16564 E ArmVmp : Match on catch block at 0xc3 in for 0x155
03-28 06:15:54.278 16564 16564 E ArmVmp : Match on catch block at 0xc3 in for 0x151
03-28 06:15:54.293 16564 16564 E ArmVmp : Match on catch block at 0xc3 in for 0x145
03-28 06:15:54.294 16564 16564 E ArmVmp : Match on catch block at 0xc3 in for 0x141
03-28 06:15:54.301 16564 16564 E ArmVmp : Match on catch block at 0xc3 in for 0x151
03-28 06:15:54.303 16564 16564 E ArmVmp : Match on catch block at 0xc3 in for 0x14d
03-28 06:15:54.309 16564 16564 E ArmVmp : Match on catch block at 0xc3 in for 0x141
03-28 06:15:54.312 16564 16564 E ArmVmp : Match on catch block at 0xc3 in for 0x159
03-28 06:15:54.318 16564 16564 E ArmVmp : Match on catch block at 0xc3 in for 0x14d
03-28 06:15:54.319 16564 16564 E ArmVmp : Match on catch block at 0xc3 in for 0x149
03-28 06:15:54.326 16564 16564 E ArmVmp : Match on catch block at 0xc3 in for 0x159
03-28 06:15:54.328 16564 16564 E ArmVmp : Match on catch block at 0xc3 in for 0x155
03-28 06:15:54.334 16564 16564 E ArmVmp : Match on catch block at 0xc3 in for 0x149
03-28 06:15:54.336 16564 16564 E ArmVmp : Match on catch block at 0xc3 in for 0x145
03-28 06:15:54.343 16564 16564 E ArmVmp : Match on catch block at 0xc3 in for 0x155
03-28 06:15:54.344 16564 16564 E ArmVmp : Match on catch block at 0xc3 in for 0x151
03-28 06:15:54.351 16564 16564 E ArmVmp : Match on catch block at 0xc3 in for 0x145
03-28 06:15:54.353 16564 16564 E ArmVmp : Match on catch block at 0xc3 in for 0x141
03-28 06:15:54.359 16564 16564 E ArmVmp : Match on catch block at 0xc3 in for 0x151
03-28 06:15:54.362 16564 16564 E ArmVmp : Match on catch block at 0xc3 in for 0x14d
03-28 06:15:54.838 16564 16564 E ArmVmp : Match on catch block at 0xc3 in for 0x145
03-28 06:15:54.858 16564 16564 E ArmVmp : Match on catch block at 0xc3 in for 0x141
03-28 06:33:26.626 16564 16564 E TranChoreographerImpl: skippedFrames: 31
03-28 06:33:27.532 16564 30349 E SQLiteDatabase: Error inserting dirty_version=-1 version=0 lt_hash=null collection_name=regular_low
03-28 06:33:27.532 16564 30349 E SQLiteDatabase: android.database.sqlite.SQLiteConstraintException: UNIQUE constraint failed: collection_versions.collection_name (code 1555 SQLITE_CONSTRAINT_PRIMARYKEY)
03-28 06:33:27.532 16564 30349 E SQLiteDatabase: at android.database.sqlite.SQLiteConnection.nativeExecuteForLastInsertedRowId(Native Method)
03-28 06:33:27.532 16564 30349 E SQLiteDatabase: at android.database.sqlite.SQLiteConnection.executeForLastInsertedRowId(SQLiteConnecti on.java:961)
03-28 06:33:27.532 16564 30349 E SQLiteDatabase: at android.database.sqlite.SQLiteSession.executeForLastInsertedRowId(SQLiteSession.jav a:790)
03-28 06:33:27.532 16564 30349 E SQLiteDatabase: at android.database.sqlite.SQLiteStatement.executeInsert(SQLiteStatement.java:89)
03-28 06:33:27.532 16564 30349 E SQLiteDatabase: at android.database.sqlite.SQLiteDatabase.insertWithOnConflict(SQLiteDatabase.java:187 4)
03-28 06:33:27.532 16564 30349 E SQLiteDatabase: at android.database.sqlite.SQLiteDatabase.insert(SQLiteDatabase.java:1743)
03-28 06:33:27.532 16564 30349 E SQLiteDatabase: at X.2tm.A08(Unknown Source:6)
03-28 06:33:27.532 16564 30349 E SQLiteDatabase: at X.2sR.A03(Unknown Source:39)
03-28 06:33:27.532 16564 30349 E SQLiteDatabase: at X.2sR.A05(Unknown Source:14)
03-28 06:33:27.532 16564 30349 E SQLiteDatabase: at X.32N.A07(Unknown Source:2205)
03-28 06:33:27.532 16564 30349 E SQLiteDatabase: at X.32N.A06(Unknown Source:507)
03-28 06:33:27.532 16564 30349 E SQLiteDatabase: at X.3eA.run(Unknown Source:1820)
03-28 06:33:27.532 16564 30349 E SQLiteDatabase: at java.util.concurrent.ThreadPoolExecutor.runWorker(ThreadPoolExecutor.java:1137)
03-28 06:33:27.532 16564 30349 E SQLiteDatabase: at java.util.concurrent.ThreadPoolExecutor$Worker.run(ThreadPoolExecutor.java:637)
03-28 06:33:27.532 16564 30349 E SQLiteDatabase: at X.3gH.run(Unknown Source:1548)
03-28 06:33:27.532 16564 30349 E SQLiteDatabase: at java.lang.Thread.run(Thread.java:1012)
03-28 06:33:27.960 16564 16615 E SQLiteDatabase: Error inserting transferred=1 media_job_uuid=d5c1a2c3-dc66-47f2-89c0-fce4d02f34b2 transcoded=0 gif_attribution=0 first_scan_length=6724 direct_path=/o1/v/t62.7118-24/f1/m231/up-oil-image-341fd77d- 738d-4f49-9e26-59be21fefa20?ccb=9-4&oh=01_ASC-wfo54efU- wdnKKeWnbqhletqW18VbPDuwwJZwsJS3Q&oe=662C22C4&_nc_sid=000000 thumbnail_height_width_ratio=1.8 is_animated_sticker=0 file_hash=cVlKbrw4xa32Doa5zPo7S7o+XK9saSAU0uqV7izmT0w= file_path=/data/user/0/com.mbwhatsapp/files/ViewOnce/IMG-luafz28b.jpg file_size=48849 partial_media_hash=soJWHruAQxp/WqPY6eB12CP4CIWzeyxIHO1nemOtJNE= face_x=0 face_y=0 height=1280 trim_to=0 media_key_timestamp=1711581540000 message_url=https://mmg.whatsapp.net/o1/v/t62.7118-24/f1/m231/up-oil-image- 341fd77d-738d-4f49-9e26-59be21fefa20?ccb=9-4&oh=01_ASC-wfo54efU- wdnKKeWnbqhletqW18VbPDuwwJZwsJS3Q&oe=662C22C4&_nc_sid=000000&mms3=true media_caption=null trim_from=0 mime_type=image/jpeg partial_media_enc_hash=null width=720 original_file_hash=null has_streaming_sidecar=1 autotransfer_retry_enabled=1 media_upload_handle=null message_row_id=167 multicast_id=null enc_file_hash=JZHWbuHwHp1z6th9zZVpiGChFPd0YoiVFjLrJGYt+8c= mute_video=0 page_count=0 first_scan_sidecar=[B@613790 suspicious_content=0 file_length=48849 media_name=null media_duration=0 chat_row_id=3 media_key=[B@1b2b889
03-28 06:33:27.960 16564 16615 E SQLiteDatabase: android.database.sqlite.SQLiteConstraintException: UNIQUE constraint failed: message_media.message_row_id (code 1555 SQLITE_CONSTRAINT_PRIMARYKEY)
03-28 06:33:27.960 16564 16615 E SQLiteDatabase: at android.database.sqlite.SQLiteConnection.nativeExecuteForLastInsertedRowId(Native Method)
03-28 06:33:27.960 16564 16615 E SQLiteDatabase: at android.database.sqlite.SQLiteConnection.executeForLastInsertedRowId(SQLiteConnecti on.java:961)
03-28 06:33:27.960 16564 16615 E SQLiteDatabase: at android.database.sqlite.SQLiteSession.executeForLastInsertedRowId(SQLiteSession.jav a:790)
03-28 06:33:27.960 16564 16615 E SQLiteDatabase: at android.database.sqlite.SQLiteStatement.executeInsert(SQLiteStatement.java:89)
03-28 06:33:27.960 16564 16615 E SQLiteDatabase: at android.database.sqlite.SQLiteDatabase.insertWithOnConflict(SQLiteDatabase.java:187 4)
03-28 06:33:27.960 16564 16615 E SQLiteDatabase: at android.database.sqlite.SQLiteDatabase.insert(SQLiteDatabase.java:1743)
03-28 06:33:27.960 16564 16615 E SQLiteDatabase: at X.2tm.A08(Unknown Source:6)
03-28 06:33:27.960 16564 16615 E SQLiteDatabase: at X.35Y.A07(Unknown Source:212)
03-28 06:33:27.960 16564 16615 E SQLiteDatabase: at X.3QF.A14(Unknown Source:470)
03-28 06:33:27.960 16564 16615 E SQLiteDatabase: at X.3gU.run(Unknown Source:982)
03-28 06:33:27.960 16564 16615 E SQLiteDatabase: at android.os.Handler.handleCallback(Handler.java:942)
03-28 06:33:27.960 16564 16615 E SQLiteDatabase: at android.os.Handler.dispatchMessage(Handler.java:99)
03-28 06:33:27.960 16564 16615 E SQLiteDatabase: at X.0zq.dispatchMessage(Unknown Source:4)
03-28 06:33:27.960 16564 16615 E SQLiteDatabase: at android.os.Looper.loopOnce(Looper.java:204)
03-28 06:33:27.960 16564 16615 E SQLiteDatabase: at android.os.Looper.loop(Looper.java:291)
03-28 06:33:27.960 16564 16615 E SQLiteDatabase: at android.os.HandlerThread.run(HandlerThread.java:67)
03-28 06:33:28.001 16564 25532 E SQLiteDatabase: Error inserting dirty_version=-1 version=0 lt_hash=null collection_name=regular_low
03-28 06:33:28.001 16564 25532 E SQLiteDatabase: android.database.sqlite.SQLiteConstraintException: UNIQUE constraint failed: collection_versions.collection_name (code 1555 SQLITE_CONSTRAINT_PRIMARYKEY)
03-28 06:33:28.001 16564 25532 E SQLiteDatabase: at android.database.sqlite.SQLiteConnection.nativeExecuteForLastInsertedRowId(Native Method)
03-28 06:33:28.001 16564 25532 E SQLiteDatabase: at android.database.sqlite.SQLiteConnection.executeForLastInsertedRowId(SQLiteConnecti on.java:961)
03-28 06:33:28.001 16564 25532 E SQLiteDatabase: at android.database.sqlite.SQLiteSession.executeForLastInsertedRowId(SQLiteSession.jav a:790)
03-28 06:33:28.001 16564 25532 E SQLiteDatabase: at android.database.sqlite.SQLiteStatement.executeInsert(SQLiteStatement.java:89)
03-28 06:33:28.001 16564 25532 E SQLiteDatabase: at android.database.sqlite.SQLiteDatabase.insertWithOnConflict(SQLiteDatabase.java:187 4)
03-28 06:33:28.001 16564 25532 E SQLiteDatabase: at android.database.sqlite.SQLiteDatabase.insert(SQLiteDatabase.java:1743)
03-28 06:33:28.001 16564 25532 E SQLiteDatabase: at X.2tm.A08(Unknown Source:6)
03-28 06:33:28.001 16564 25532 E SQLiteDatabase: at X.2sR.A03(Unknown Source:39)
03-28 06:33:28.001 16564 25532 E SQLiteDatabase: at X.2sR.A05(Unknown Source:14)
03-28 06:33:28.001 16564 25532 E SQLiteDatabase: at X.3eA.run(Unknown Source:2101)
03-28 06:33:28.001 16564 25532 E SQLiteDatabase: at java.util.concurrent.ThreadPoolExecutor.runWorker(ThreadPoolExecutor.java:1137)
03-28 06:33:28.001 16564 25532 E SQLiteDatabase: at java.util.concurrent.ThreadPoolExecutor$Worker.run(ThreadPoolExecutor.java:637)
03-28 06:33:28.001 16564 25532 E SQLiteDatabase: at X.3gH.run(Unknown Source:1548)
