03-28 12:22:15.146 27279 27733 W Codec2Client: query -- param skipped: index = 1342179345.
03-28 12:22:15.146 27279 27733 W Codec2Client: query -- param skipped: index = 2415921170.
03-28 12:22:15.149 27279 27734 W Codec2Client: query -- param skipped: index = 1342179345.
03-28 12:22:15.149 27279 27734 W Codec2Client: query -- param skipped: index = 2415921170.
03-28 12:22:15.197 27279 27342 W Parcel : Expecting binder but got null!
03-28 12:22:15.213 27279 27748 E CCodec : before change, configure, format : AMessage(what = 0x00000000) = {
03-28 12:22:15.213 27279 27748 E CCodec : string mime = "audio/vorbis"
03-28 12:22:15.213 27279 27748 E CCodec : int64_t durationUs = 249433
03-28 12:22:15.213 27279 27748 E CCodec : int32_t track-id = 1
03-28 12:22:15.213 27279 27748 E CCodec : Buffer csd-0 = {
03-28 12:22:15.213 27279 27748 E CCodec : 00000000: 01 76 6f 72 62 69 73 00 00 00 00 02 44 ac 00 00 .vorbis.....D...
03-28 12:22:15.213 27279 27748 E CCodec : 00000010: 00 00 00 00 00 6b 03 00 00 00 00 00 b8 01 .....k........
03-28 12:22:15.213 27279 27748 E CCodec : }
03-28 12:22:15.213 27279 27748 E CCodec : Buffer *csd-1 = 0xb400007958d1bee0
03-28 12:22:15.213 27279 27748 E CCodec : int32_t bitrate = 224000
03-28 12:22:15.213 27279 27748 E CCodec : int32_t channel-count = 2
03-28 12:22:15.213 27279 27748 E CCodec : int32_t sample-rate = 44100
03-28 12:22:15.213 27279 27748 E CCodec : int32_t channel-mask = 3
03-28 12:22:15.213 27279 27748 E CCodec : int32_t flags = 0
03-28 12:22:15.213 27279 27748 E CCodec : } , width 0 , higth 0
03-28 12:22:15.215 27279 27748 W Codec2Client: query -- param skipped: index = 1107298332.
03-28 12:22:15.226 27279 27748 W Codec2Client: query -- param skipped: index = 1342179345.
03-28 12:22:15.226 27279 27748 W Codec2Client: query -- param skipped: index = 2415921170.
03-28 12:22:15.226 27279 27750 E CCodec : before change, configure, format : AMessage(what = 0x00000000) = {
03-28 12:22:15.226 27279 27750 E CCodec : string mime = "audio/vorbis"
03-28 12:22:15.226 27279 27750 E CCodec : int64_t durationUs = 1191564
03-28 12:22:15.226 27279 27750 E CCodec : int32_t track-id = 1
03-28 12:22:15.226 27279 27750 E CCodec : Buffer csd-0 = {
03-28 12:22:15.226 27279 27750 E CCodec : 00000000: 01 76 6f 72 62 69 73 00 00 00 00 02 44 ac 00 00 .vorbis.....D...
03-28 12:22:15.226 27279 27750 E CCodec : 00000010: 00 00 00 00 00 6b 03 00 00 00 00 00 b8 01 .....k........
03-28 12:22:15.226 27279 27750 E CCodec : }
03-28 12:22:15.226 27279 27750 E CCodec : Buffer *csd-1 = 0xb400007958d1b9e0
03-28 12:22:15.226 27279 27750 E CCodec : int32_t bitrate = 224000
03-28 12:22:15.226 27279 27750 E CCodec : int32_t channel-count = 2
03-28 12:22:15.226 27279 27750 E CCodec : int32_t sample-rate = 44100
03-28 12:22:15.226 27279 27750 E CCodec : int32_t channel-mask = 3
03-28 12:22:15.226 27279 27750 E CCodec : int32_t flags = 0
03-28 12:22:15.226 27279 27750 E CCodec : } , width 0 , higth 0
03-28 12:22:15.227 27279 27750 W Codec2Client: query -- param skipped: index = 1107298332.
03-28 12:22:15.228 27279 27279 E ArmVmp : Match on catch block at 0xc3 in for 0x145
03-28 12:22:15.230 27279 27750 W Codec2Client: query -- param skipped: index = 1342179345.
03-28 12:22:15.230 27279 27750 W Codec2Client: query -- param skipped: index = 2415921170.
03-28 12:22:15.246 27279 27279 E ArmVmp : Match on catch block at 0xc3 in for 0x141
03-28 12:22:15.259 27279 27279 E ArmVmp : Match on catch block at 0xc3 in for 0x159
03-28 12:22:15.262 27279 27279 E ArmVmp : Match on catch block at 0xc3 in for 0x155
03-28 12:22:15.281 27279 27279 E ArmVmp : Match on catch block at 0xc3 in for 0x145
03-28 12:22:15.284 27279 27279 E ArmVmp : Match on catch block at 0xc3 in for 0x141
03-28 12:22:15.298 27279 27279 E ArmVmp : Match on catch block at 0xc3 in for 0x14d
03-28 12:22:15.300 27279 27279 E ArmVmp : Match on catch block at 0xc3 in for 0x149
03-28 12:22:15.300 27279 27757 E CCodec : before change, configure, format : AMessage(what = 0x00000000) = {
03-28 12:22:15.300 27279 27757 E CCodec : string mime = "audio/vorbis"
03-28 12:22:15.300 27279 27757 E CCodec : int64_t durationUs = 65238
03-28 12:22:15.300 27279 27757 E CCodec : int32_t track-id = 1
03-28 12:22:15.300 27279 27757 E CCodec : Buffer csd-0 = {
03-28 12:22:15.300 27279 27757 E CCodec : 00000000: 01 76 6f 72 62 69 73 00 00 00 00 02 44 ac 00 00 .vorbis.....D...
03-28 12:22:15.300 27279 27757 E CCodec : 00000010: 00 00 00 00 00 6b 03 00 00 00 00 00 b8 01 .....k........
03-28 12:22:15.300 27279 27757 E CCodec : }
03-28 12:22:15.300 27279 27757 E CCodec : Buffer *csd-1 = 0xb400007958d0dc50
03-28 12:22:15.300 27279 27757 E CCodec : int32_t bitrate = 224000
03-28 12:22:15.300 27279 27757 E CCodec : int32_t channel-count = 2
03-28 12:22:15.300 27279 27757 E CCodec : int32_t sample-rate = 44100
03-28 12:22:15.300 27279 27757 E CCodec : int32_t channel-mask = 3
03-28 12:22:15.300 27279 27757 E CCodec : int32_t flags = 0
03-28 12:22:15.300 27279 27757 E CCodec : } , width 0 , higth 0
03-28 12:22:15.300 27279 27757 W Codec2Client: query -- param skipped: index = 1107298332.
03-28 12:22:15.306 27279 27279 E ArmVmp : Match on catch block at 0xc3 in for 0x159
03-28 12:22:15.308 27279 27279 E ArmVmp : Match on catch block at 0xc3 in for 0x155
03-28 12:22:15.312 27279 27757 W Codec2Client: query -- param skipped: index = 1342179345.
03-28 12:22:15.312 27279 27757 W Codec2Client: query -- param skipped: index = 2415921170.
03-28 12:22:15.325 27279 27279 E ArmVmp : Match on catch block at 0xc3 in for 0x149
03-28 12:22:15.330 27279 27279 E ArmVmp : Match on catch block at 0xc3 in for 0x145
03-28 12:22:15.336 27279 27279 E ArmVmp : Match on catch block at 0xc3 in for 0x155
03-28 12:22:15.336 27279 27762 E CCodec : before change, configure, format : AMessage(what = 0x00000000) = {
03-28 12:22:15.336 27279 27762 E CCodec : string mime = "audio/vorbis"
03-28 12:22:15.336 27279 27762 E CCodec : int64_t durationUs = 105260
03-28 12:22:15.336 27279 27762 E CCodec : int32_t track-id = 1
03-28 12:22:15.336 27279 27762 E CCodec : Buffer csd-0 = {
03-28 12:22:15.336 27279 27762 E CCodec : 00000000: 01 76 6f 72 62 69 73 00 00 00 00 02 44 ac 00 00 .vorbis.....D...
03-28 12:22:15.336 27279 27762 E CCodec : 00000010: 00 00 00 00 00 6b 03 00 00 00 00 00 b8 01 .....k........
03-28 12:22:15.336 27279 27762 E CCodec : }
03-28 12:22:15.336 27279 27762 E CCodec : Buffer *csd-1 = 0xb400007958ce9df0
03-28 12:22:15.336 27279 27762 E CCodec : int32_t bitrate = 224000
03-28 12:22:15.336 27279 27762 E CCodec : int32_t channel-count = 2
03-28 12:22:15.336 27279 27762 E CCodec : int32_t sample-rate = 44100
03-28 12:22:15.336 27279 27762 E CCodec : int32_t channel-mask = 3
03-28 12:22:15.336 27279 27762 E CCodec : int32_t flags = 0
03-28 12:22:15.336 27279 27762 E CCodec : } , width 0 , higth 0
03-28 12:22:15.338 27279 27762 W Codec2Client: query -- param skipped: index = 1107298332.
03-28 12:22:15.339 27279 27279 E ArmVmp : Match on catch block at 0xc3 in for 0x151
03-28 12:22:15.341 27279 27762 W Codec2Client: query -- param skipped: index = 1342179345.
03-28 12:22:15.341 27279 27762 W Codec2Client: query -- param skipped: index = 2415921170.
03-28 12:22:15.395 27279 27279 E ArmVmp : Match on catch block at 0xc3 in for 0x155
03-28 12:22:15.396 27279 27279 E ArmVmp : Match on catch block at 0xc3 in for 0x151
03-28 12:22:15.398 27279 27279 W OnBackInvokedCallback: OnBackInvokedCallback is not enabled for the application.
03-28 12:22:15.398 27279 27279 W OnBackInvokedCallback: Set 'android:enableOnBackInvokedCallback="true"' in the application manifest.
03-28 12:22:15.407 27279 27279 E ArmVmp : Match on catch block at 0xc3 in for 0x155
03-28 12:22:15.408 27279 27279 E ArmVmp : Match on catch block at 0xc3 in for 0x151
03-28 12:22:15.417 27279 27279 E ArmVmp : Match on catch block at 0xc3 in for 0x145
03-28 12:22:15.418 27279 27279 E ArmVmp : Match on catch block at 0xc3 in for 0x141
03-28 12:22:15.435 27279 27279 E ArmVmp : Match on catch block at 0xc3 in for 0x151
03-28 12:22:15.436 27279 27279 E ArmVmp : Match on catch block at 0xc3 in for 0x14d
03-28 12:22:15.450 27279 27279 E ArmVmp : Match on catch block at 0xc3 in for 0x141
03-28 12:22:15.452 27279 27279 E ArmVmp : Match on catch block at 0xc3 in for 0x159
03-28 12:22:15.459 27279 27279 E ArmVmp : Match on catch block at 0xc3 in for 0x141
03-28 12:22:15.461 27279 27279 E ArmVmp : Match on catch block at 0xc3 in for 0x159
03-28 12:22:15.478 27279 27279 E ArmVmp : Match on catch block at 0xc3 in for 0x159
03-28 12:22:15.480 27279 27279 E ArmVmp : Match on catch block at 0xc3 in for 0x155
03-28 12:22:15.493 27279 27279 E ArmVmp : Match on catch block at 0xc3 in for 0x149
03-28 12:22:15.494 27279 27279 E ArmVmp : Match on catch block at 0xc3 in for 0x145
03-28 12:22:15.509 27279 27279 E ArmVmp : Match on catch block at 0xc3 in for 0x155
03-28 12:22:15.510 27279 27279 E ArmVmp : Match on catch block at 0xc3 in for 0x151
03-28 12:22:15.525 27279 27279 E ArmVmp : Match on catch block at 0xc3 in for 0x145
03-28 12:22:15.527 27279 27279 E ArmVmp : Match on catch block at 0xc3 in for 0x141
03-28 12:22:15.542 27279 27279 E ArmVmp : Match on catch block at 0xc3 in for 0x145
03-28 12:22:15.544 27279 27279 E ArmVmp : Match on catch block at 0xc3 in for 0x141
03-28 12:22:15.559 27279 27279 E ArmVmp : Match on catch block at 0xc3 in for 0x151
03-28 12:22:15.560 27279 27279 E ArmVmp : Match on catch block at 0xc3 in for 0x14d
03-28 12:22:15.576 27279 27279 E ArmVmp : Match on catch block at 0xc3 in for 0x141
03-28 12:22:15.577 27279 27279 E ArmVmp : Match on catch block at 0xc3 in for 0x159
03-28 12:22:15.592 27279 27279 E ArmVmp : Match on catch block at 0xc3 in for 0x14d
03-28 12:22:15.594 27279 27279 E ArmVmp : Match on catch block at 0xc3 in for 0x149
03-28 12:22:15.609 27279 27279 E ArmVmp : Match on catch block at 0xc3 in for 0x159
03-28 12:22:15.610 27279 27279 E ArmVmp : Match on catch block at 0xc3 in for 0x155
03-28 12:22:15.626 27279 27279 E ArmVmp : Match on catch block at 0xc3 in for 0x149
03-28 12:22:15.627 27279 27279 E ArmVmp : Match on catch block at 0xc3 in for 0x145
03-28 12:22:15.642 27279 27279 E ArmVmp : Match on catch block at 0xc3 in for 0x155
03-28 12:22:15.644 27279 27279 E ArmVmp : Match on catch block at 0xc3 in for 0x151
03-28 12:22:15.658 27279 27279 E ArmVmp : Match on catch block at 0xc3 in for 0x145
03-28 12:22:15.660 27279 27279 E ArmVmp : Match on catch block at 0xc3 in for 0x141
03-28 12:22:15.675 27279 27279 E ArmVmp : Match on catch block at 0xc3 in for 0x151
03-28 12:22:15.676 27279 27279 E ArmVmp : Match on catch block at 0xc3 in for 0x14d
03-28 12:22:15.692 27279 27279 E ArmVmp : Match on catch block at 0xc3 in for 0x141
03-28 12:22:15.695 27279 27279 E ArmVmp : Match on catch block at 0xc3 in for 0x159
03-28 12:22:15.776 27279 27279 E ArmVmp : Match on catch block at 0xc3 in for 0x159
03-28 12:22:15.777 27279 27279 E ArmVmp : Match on catch block at 0xc3 in for 0x155
03-28 12:22:15.793 27279 27279 E ArmVmp : Match on catch block at 0xc3 in for 0x14d
03-28 12:22:15.794 27279 27279 E ArmVmp : Match on catch block at 0xc3 in for 0x149
03-28 12:22:15.808 27279 27279 E ArmVmp : Match on catch block at 0xc3 in for 0x14d
03-28 12:22:15.810 27279 27279 E ArmVmp : Match on catch block at 0xc3 in for 0x149
03-28 12:22:15.910 27279 27279 E ArmVmp : Match on catch block at 0xc3 in for 0x141
03-28 12:22:15.913 27279 27279 E ArmVmp : Match on catch block at 0xc3 in for 0x159
03-28 12:22:16.061 27279 27279 E ArmVmp : Match on catch block at 0xc3 in for 0x149
03-28 12:22:16.064 27279 27279 E ArmVmp : Match on catch block at 0xc3 in for 0x145
03-28 12:22:16.105 27279 27279 E ArmVmp : Match on catch block at 0xc3 in for 0x149
03-28 12:22:16.109 27279 27279 E ArmVmp : Match on catch block at 0xc3 in for 0x145
03-28 12:22:16.133 27279 27279 E ArmVmp : Match on catch block at 0xc3 in for 0x151
03-28 12:22:16.137 27279 27279 E ArmVmp : Match on catch block at 0xc3 in for 0x14d
03-28 12:22:16.154 27279 27342 W Parcel : Expecting binder but got null!
03-28 12:22:16.165 27279 27279 E ArmVmp : Match on catch block at 0xc3 in for 0x155
03-28 12:22:16.167 27279 27279 E ArmVmp : Match on catch block at 0xc3 in for 0x151
03-28 12:22:16.175 27279 27279 E ArmVmp : Match on catch block at 0xc3 in for 0x151
03-28 12:22:16.178 27279 27279 E ArmVmp : Match on catch block at 0xc3 in for 0x14d
03-28 12:22:16.192 27279 27279 E ArmVmp : Match on catch block at 0xc3 in for 0x155
03-28 12:22:16.194 27279 27279 E ArmVmp : Match on catch block at 0xc3 in for 0x151
03-28 12:22:16.208 27279 27279 E ArmVmp : Match on catch block at 0xc3 in for 0x159
03-28 12:22:16.211 27279 27279 E ArmVmp : Match on catch block at 0xc3 in for 0x155
03-28 12:22:16.225 27279 27279 E ArmVmp : Match on catch block at 0xc3 in for 0x141
03-28 12:22:16.228 27279 27279 E ArmVmp : Match on catch block at 0xc3 in for 0x159
03-28 12:22:16.242 27279 27279 E ArmVmp : Match on catch block at 0xc3 in for 0x145
03-28 12:22:16.244 27279 27279 E ArmVmp : Match on catch block at 0xc3 in for 0x141
03-28 12:22:16.259 27279 27279 E ArmVmp : Match on catch block at 0xc3 in for 0x151
03-28 12:22:16.261 27279 27279 E ArmVmp : Match on catch block at 0xc3 in for 0x14d
03-28 12:22:16.294 27279 27279 E ArmVmp : Match on catch block at 0xc3 in for 0x159
03-28 12:22:16.297 27279 27279 E ArmVmp : Match on catch block at 0xc3 in for 0x155
03-28 12:22:16.309 27279 27279 E ArmVmp : Match on catch block at 0xc3 in for 0x141
03-28 12:22:16.311 27279 27279 E ArmVmp : Match on catch block at 0xc3 in for 0x159
03-28 12:22:16.325 27279 27279 E ArmVmp : Match on catch block at 0xc3 in for 0x145
03-28 12:22:16.328 27279 27279 E ArmVmp : Match on catch block at 0xc3 in for 0x141
03-28 12:22:16.341 27279 27279 E ArmVmp : Match on catch block at 0xc3 in for 0x149
03-28 12:22:16.344 27279 27279 E ArmVmp : Match on catch block at 0xc3 in for 0x145
03-28 12:22:16.358 27279 27279 E ArmVmp : Match on catch block at 0xc3 in for 0x141
03-28 12:22:16.361 27279 27279 E ArmVmp : Match on catch block at 0xc3 in for 0x159
03-28 12:22:16.375 27279 27279 E ArmVmp : Match on catch block at 0xc3 in for 0x145
03-28 12:22:16.377 27279 27279 E ArmVmp : Match on catch block at 0xc3 in for 0x141
03-28 12:22:16.392 27279 27279 E ArmVmp : Match on catch block at 0xc3 in for 0x149
03-28 12:22:16.394 27279 27279 E ArmVmp : Match on catch block at 0xc3 in for 0x145
03-28 12:22:16.408 27279 27279 E ArmVmp : Match on catch block at 0xc3 in for 0x14d
03-28 12:22:16.410 27279 27279 E ArmVmp : Match on catch block at 0xc3 in for 0x149
03-28 12:22:16.425 27279 27279 E ArmVmp : Match on catch block at 0xc3 in for 0x151
03-28 12:22:16.427 27279 27279 E ArmVmp : Match on catch block at 0xc3 in for 0x14d
03-28 12:22:16.442 27279 27279 E ArmVmp : Match on catch block at 0xc3 in for 0x155
03-28 12:22:16.444 27279 27279 E ArmVmp : Match on catch block at 0xc3 in for 0x151
03-28 12:22:16.458 27279 27279 E ArmVmp : Match on catch block at 0xc3 in for 0x159
03-28 12:22:16.460 27279 27279 E ArmVmp : Match on catch block at 0xc3 in for 0x155
03-28 12:22:16.475 27279 27279 E ArmVmp : Match on catch block at 0xc3 in for 0x141
03-28 12:22:16.477 27279 27279 E ArmVmp : Match on catch block at 0xc3 in for 0x159
03-28 12:22:16.491 27279 27279 E ArmVmp : Match on catch block at 0xc3 in for 0x145
03-28 12:22:16.494 27279 27279 E ArmVmp : Match on catch block at 0xc3 in for 0x141
03-28 12:22:16.508 27279 27279 E ArmVmp : Match on catch block at 0xc3 in for 0x149
03-28 12:22:16.510 27279 27279 E ArmVmp : Match on catch block at 0xc3 in for 0x145
03-28 12:22:16.526 27279 27279 E ArmVmp : Match on catch block at 0xc3 in for 0x14d
03-28 12:22:16.527 27279 27279 E ArmVmp : Match on catch block at 0xc3 in for 0x149
03-28 12:22:16.576 27279 27279 E ArmVmp : Match on catch block at 0xc3 in for 0x159
03-28 12:22:16.579 27279 27279 E ArmVmp : Match on catch block at 0xc3 in for 0x155
03-28 12:22:16.678 27279 27279 E ArmVmp : Match on catch block at 0xc3 in for 0x141
03-28 12:22:16.681 27279 27279 E ArmVmp : Match on catch block at 0xc3 in for 0x159
03-28 12:22:16.711 27279 27279 E ArmVmp : Match on catch block at 0xc3 in for 0x145
03-28 12:22:16.713 27279 27279 E ArmVmp : Match on catch block at 0xc3 in for 0x141
03-28 12:22:16.754 27279 27279 E ArmVmp : Match on catch block at 0xc3 in for 0x149
03-28 12:22:16.755 27279 27279 E ArmVmp : Match on catch block at 0xc3 in for 0x145
03-28 12:22:16.780 27279 27279 E ArmVmp : Match on catch block at 0xc3 in for 0x149
03-28 12:22:16.781 27279 27279 E ArmVmp : Match on catch block at 0xc3 in for 0x145
03-28 12:22:16.790 27279 27279 E ArmVmp : Match on catch block at 0xc3 in for 0x14d
03-28 12:22:16.793 27279 27279 E ArmVmp : Match on catch block at 0xc3 in for 0x149
03-28 12:22:16.810 27279 27279 E ArmVmp : Match on catch block at 0xc3 in for 0x141
03-28 12:22:16.812 27279 27279 E ArmVmp : Match on catch block at 0xc3 in for 0x159
03-28 12:22:16.823 27279 27279 E ArmVmp : Match on catch block at 0xc3 in for 0x155
03-28 12:22:16.825 27279 27279 E ArmVmp : Match on catch block at 0xc3 in for 0x151
03-28 12:22:16.834 27279 27279 E ArmVmp : Match on catch block at 0xc3 in for 0x145
03-28 12:22:16.836 27279 27279 E ArmVmp : Match on catch block at 0xc3 in for 0x141
03-28 12:22:16.847 27279 27279 E ArmVmp : Match on catch block at 0xc3 in for 0x149
03-28 12:22:16.848 27279 27279 E ArmVmp : Match on catch block at 0xc3 in for 0x145
03-28 12:22:17.156 27279 27279 E ArmVmp : Match on catch block at 0xc3 in for 0x159
03-28 12:22:17.159 27279 27279 E ArmVmp : Match on catch block at 0xc3 in for 0x155
03-28 12:22:17.777 27279 27279 W libc : Access denied finding property "vendor.transsion.scroll_adjust.support"
03-28 12:22:17.777 27279 27279 W libc : Access denied finding property "vendor.transsion.scroll_adjust.support"
03-28 12:22:17.797 27279 27279 W libc : Access denied finding property "vendor.transsion.scroll_adjust.support"
03-28 12:22:17.797 27279 27279 W libc : Access denied finding property "vendor.transsion.scroll_adjust.support"
03-28 12:22:17.834 27279 27279 E ArmVmp : Match on catch block at 0x0a in for 0x199
03-28 12:22:17.837 27279 27279 E ArmVmp : Match on catch block at 0x0a in for 0x191
03-28 12:22:18.035 27279 27279 E ArmVmp : Match on catch block at 0xc3 in for 0x161
03-28 12:22:18.036 27279 27279 E ArmVmp : Match on catch block at 0xc3 in for 0x175
03-28 12:22:18.051 27279 27342 W Parcel : Expecting binder but got null!
03-28 12:22:18.070 27279 27279 E ArmVmp : Match on catch block at 0xc3 in for 0x155
03-28 12:22:18.071 27279 27279 E ArmVmp : Match on catch block at 0xc3 in for 0x151
03-28 12:22:18.083 27279 27279 E ArmVmp : Match on catch block at 0xc3 in for 0x145
03-28 12:22:18.084 27279 27279 E ArmVmp : Match on catch block at 0xc3 in for 0x141
03-28 12:22:18.110 27279 27279 E ArmVmp : Match on catch block at 0xc3 in for 0x159
03-28 12:22:18.111 27279 27279 E ArmVmp : Match on catch block at 0xc3 in for 0x155
03-28 12:22:18.132 27279 27279 E ArmVmp : Match on catch block at 0xc3 in for 0x155
03-28 12:22:18.135 27279 27279 E ArmVmp : Match on catch block at 0xc3 in for 0x151
03-28 12:22:18.147 27279 27342 W Parcel : Expecting binder but got null!
03-28 12:22:18.156 27279 27279 E ArmVmp : Match on catch block at 0xc3 in for 0x159
03-28 12:22:18.157 27279 27279 E ArmVmp : Match on catch block at 0xc3 in for 0x155
03-28 12:22:18.167 27279 27279 E ArmVmp : Match on catch block at 0xc3 in for 0x155
03-28 12:22:18.168 27279 27279 E ArmVmp : Match on catch block at 0xc3 in for 0x151
03-28 12:22:18.176 27279 27279 E ArmVmp : Match on catch block at 0xc3 in for 0x151
03-28 12:22:18.177 27279 27279 E ArmVmp : Match on catch block at 0xc3 in for 0x14d
03-28 12:22:18.186 27279 27279 E ArmVmp : Match on catch block at 0xc3 in for 0x155
03-28 12:22:18.188 27279 27279 E ArmVmp : Match on catch block at 0xc3 in for 0x151
03-28 12:22:18.192 27279 27279 E ArmVmp : Match on catch block at 0xc3 in for 0x159
03-28 12:22:18.193 27279 27279 E ArmVmp : Match on catch block at 0xc3 in for 0x155
03-28 12:22:18.199 27279 27279 E ArmVmp : Match on catch block at 0xc3 in for 0x141
03-28 12:22:18.200 27279 27279 E ArmVmp : Match on catch block at 0xc3 in for 0x159
03-28 12:22:18.207 27279 27279 E ArmVmp : Match on catch block at 0xc3 in for 0x145
03-28 12:22:18.208 27279 27279 E ArmVmp : Match on catch block at 0xc3 in for 0x141
03-28 12:22:18.214 27279 27279 E ArmVmp : Match on catch block at 0xc3 in for 0x149
03-28 12:22:18.215 27279 27279 E ArmVmp : Match on catch block at 0xc3 in for 0x145
03-28 12:22:18.622 27279 27279 E ArmVmp : Match on catch block at 0xc3 in for 0x155
03-28 12:22:18.623 27279 27279 E ArmVmp : Match on catch block at 0xc3 in for 0x151
03-28 12:22:18.672 27279 27279 E ArmVmp : Match on catch block at 0xc3 in for 0x145
03-28 12:22:18.673 27279 27279 E ArmVmp : Match on catch block at 0xc3 in for 0x141
03-28 12:22:18.688 27279 27279 E ArmVmp : Match on catch block at 0xc3 in for 0x149
03-28 12:22:18.689 27279 27279 E ArmVmp : Match on catch block at 0xc3 in for 0x145
03-28 12:22:18.705 27279 27279 E ArmVmp : Match on catch block at 0xc3 in for 0x14d
03-28 12:22:18.706 27279 27279 E ArmVmp : Match on catch block at 0xc3 in for 0x149
03-28 12:22:18.722 27279 27279 E ArmVmp : Match on catch block at 0xc3 in for 0x151
03-28 12:22:18.723 27279 27279 E ArmVmp : Match on catch block at 0xc3 in for 0x14d
03-28 12:22:18.739 27279 27279 E ArmVmp : Match on catch block at 0xc3 in for 0x155
03-28 12:22:18.740 27279 27279 E ArmVmp : Match on catch block at 0xc3 in for 0x151
03-28 12:22:18.756 27279 27279 E ArmVmp : Match on catch block at 0xc3 in for 0x159
03-28 12:22:18.758 27279 27279 E ArmVmp : Match on catch block at 0xc3 in for 0x155
03-28 12:22:18.773 27279 27279 E ArmVmp : Match on catch block at 0xc3 in for 0x141
03-28 12:22:18.774 27279 27279 E ArmVmp : Match on catch block at 0xc3 in for 0x159
03-28 12:22:18.788 27279 27279 E ArmVmp : Match on catch block at 0xc3 in for 0x145
03-28 12:22:18.789 27279 27279 E ArmVmp : Match on catch block at 0xc3 in for 0x141
03-28 12:22:18.805 27279 27279 E ArmVmp : Match on catch block at 0xc3 in for 0x149
03-28 12:22:18.807 27279 27279 E ArmVmp : Match on catch block at 0xc3 in for 0x145
03-28 12:22:18.823 27279 27279 E ArmVmp : Match on catch block at 0xc3 in for 0x14d
03-28 12:22:18.824 27279 27279 E ArmVmp : Match on catch block at 0xc3 in for 0x149
03-28 12:22:18.838 27279 27279 E ArmVmp : Match on catch block at 0xc3 in for 0x151
03-28 12:22:18.839 27279 27279 E ArmVmp : Match on catch block at 0xc3 in for 0x14d
03-28 12:22:18.854 27279 27279 E ArmVmp : Match on catch block at 0xc3 in for 0x155
03-28 12:22:18.856 27279 27279 E ArmVmp : Match on catch block at 0xc3 in for 0x151
03-28 12:22:18.871 27279 27279 E ArmVmp : Match on catch block at 0xc3 in for 0x159
03-28 12:22:18.872 27279 27279 E ArmVmp : Match on catch block at 0xc3 in for 0x155
03-28 12:22:18.888 27279 27279 E ArmVmp : Match on catch block at 0xc3 in for 0x141
03-28 12:22:18.889 27279 27279 E ArmVmp : Match on catch block at 0xc3 in for 0x159
03-28 12:22:18.906 27279 27279 E ArmVmp : Match on catch block at 0xc3 in for 0x145
03-28 12:22:18.907 27279 27279 E ArmVmp : Match on catch block at 0xc3 in for 0x141
03-28 12:22:18.921 27279 27279 E ArmVmp : Match on catch block at 0xc3 in for 0x149
03-28 12:22:18.922 27279 27279 E ArmVmp : Match on catch block at 0xc3 in for 0x145
03-28 12:22:18.938 27279 27279 E ArmVmp : Match on catch block at 0xc3 in for 0x14d
03-28 12:22:18.939 27279 27279 E ArmVmp : Match on catch block at 0xc3 in for 0x149
03-28 12:22:18.955 27279 27279 E ArmVmp : Match on catch block at 0xc3 in for 0x151
03-28 12:22:18.957 27279 27279 E ArmVmp : Match on catch block at 0xc3 in for 0x14d
03-28 12:22:18.971 27279 27279 E ArmVmp : Match on catch block at 0xc3 in for 0x155
03-28 12:22:18.972 27279 27279 E ArmVmp : Match on catch block at 0xc3 in for 0x151
03-28 12:22:19.025 27279 27279 W os.MultipleLicesFactory: instance failed. Factory=com.transsion.activityembedding.ActivityEmbeddingLiceFactory from android.app.IActivityOptionsLice
03-28 12:22:19.037 27279 27279 E ArmVmp : Match on catch block at 0xc3 in for 0x141
03-28 12:22:19.038 27279 27279 E ArmVmp : Match on catch block at 0xc3 in for 0x159
03-28 12:22:19.057 27279 27342 E FrameEvents: updateAcquireFence: Did not find frame.
03-28 12:22:19.059 27279 27342 E FrameEvents: updateAcquireFence: Did not find frame.
03-28 12:22:19.062 27279 27342 E FrameEvents: updateAcquireFence: Did not find frame.
03-28 12:22:19.122 27279 27279 W MessageThumbsTh: type=1400 audit(0.0:40116): avc: denied { search } for name="ppm" dev="proc" ino=4026531920 scontext=u:r:untrusted_app:s0:c225,c256,c512,c768 tcontext=u:object_r:proc_ppm:s0 tclass=dir permissive=0 app=com.mbwhatsapp
03-28 12:22:19.126 27279 27279 W MessageThumbsTh: type=1400 audit(0.0:40117): avc: denied { search } for name="ppm" dev="proc" ino=4026531920 scontext=u:r:untrusted_app:s0:c225,c256,c512,c768 tcontext=u:object_r:proc_ppm:s0 tclass=dir permissive=0 app=com.mbwhatsapp
03-28 12:22:19.137 27279 27279 E ArmVmp : Match on catch block at 0xc3 in for 0x151
03-28 12:22:19.138 27279 27279 E ArmVmp : Match on catch block at 0xc3 in for 0x14d
03-28 12:22:19.147 27279 27279 E ArmVmp : Match on catch block at 0xc3 in for 0x155
03-28 12:22:19.148 27279 27279 E ArmVmp : Match on catch block at 0xc3 in for 0x151
03-28 12:22:19.146 27279 27279 W MessageThumbsTh: type=1400 audit(0.0:40118): avc: denied { search } for name="ppm" dev="proc" ino=4026531920 scontext=u:r:untrusted_app:s0:c225,c256,c512,c768 tcontext=u:object_r:proc_ppm:s0 tclass=dir permissive=0 app=com.mbwhatsapp
03-28 12:22:19.150 27279 27279 W MessageThumbsTh: type=1400 audit(0.0:40119): avc: denied { search } for name="ppm" dev="proc" ino=4026531920 scontext=u:r:untrusted_app:s0:c225,c256,c512,c768 tcontext=u:object_r:proc_ppm:s0 tclass=dir permissive=0 app=com.mbwhatsapp
03-28 12:22:19.162 27279 27279 W MessageThumbsTh: type=1400 audit(0.0:40120): avc: denied { search } for name="ppm" dev="proc" ino=4026531920 scontext=u:r:untrusted_app:s0:c225,c256,c512,c768 tcontext=u:object_r:proc_ppm:s0 tclass=dir permissive=0 app=com.mbwhatsapp
03-28 12:22:19.180 27279 27342 W Parcel : Expecting binder but got null!
03-28 12:22:19.181 27279 27279 E ArmVmp : Match on catch block at 0xc3 in for 0x159
03-28 12:22:19.182 27279 27279 E ArmVmp : Match on catch block at 0xc3 in for 0x155
03-28 12:22:19.187 27279 27279 E ArmVmp : Match on catch block at 0xc3 in for 0x141
03-28 12:22:19.188 27279 27279 E ArmVmp : Match on catch block at 0xc3 in for 0x159
03-28 12:22:19.193 27279 27279 E ArmVmp : Match on catch block at 0xc3 in for 0x145
03-28 12:22:19.195 27279 27279 E ArmVmp : Match on catch block at 0xc3 in for 0x141
03-28 12:22:19.205 27279 27279 E ArmVmp : Match on catch block at 0xc3 in for 0x149
03-28 12:22:19.206 27279 27279 E ArmVmp : Match on catch block at 0xc3 in for 0x145
03-28 12:22:19.221 27279 27279 E ArmVmp : Match on catch block at 0xc3 in for 0x14d
03-28 12:22:19.222 27279 27279 E ArmVmp : Match on catch block at 0xc3 in for 0x149
03-28 12:22:19.689 27279 27279 E ArmVmp : Match on catch block at 0xc3 in for 0x14d
03-28 12:22:19.692 27279 27279 E ArmVmp : Match on catch block at 0xc3 in for 0x149
03-28 12:22:19.698 27279 27279 W libc : Access denied finding property "vendor.transsion.scroll_adjust.support"
03-28 12:22:19.698 27279 27279 W libc : Access denied finding property "vendor.transsion.scroll_adjust.support"
03-28 12:22:19.703 27279 27279 E ArmVmp : Match on catch block at 0xc3 in for 0x155
03-28 12:22:19.705 27279 27279 E ArmVmp : Match on catch block at 0xc3 in for 0x151
03-28 12:22:19.722 27279 27279 E ArmVmp : Match on catch block at 0xc3 in for 0x159
03-28 12:22:19.725 27279 27279 E ArmVmp : Match on catch block at 0xc3 in for 0x155
03-28 12:22:19.742 27279 27279 E ArmVmp : Match on catch block at 0xc3 in for 0x145
03-28 12:22:19.746 27279 27279 E ArmVmp : Match on catch block at 0xc3 in for 0x141
03-28 12:22:19.756 27279 27279 E ArmVmp : Match on catch block at 0xc3 in for 0x14d
03-28 12:22:19.759 27279 27279 E ArmVmp : Match on catch block at 0xc3 in for 0x149
03-28 12:22:19.773 27279 27279 E ArmVmp : Match on catch block at 0xc3 in for 0x155
03-28 12:22:19.776 27279 27279 E ArmVmp : Match on catch block at 0xc3 in for 0x151
03-28 12:22:19.783 27279 27279 W libc : Access denied finding property "vendor.transsion.scroll_adjust.support"
03-28 12:22:19.783 27279 27279 W libc : Access denied finding property "vendor.transsion.scroll_adjust.support"
03-28 12:22:19.784 27279 27279 W libc : Access denied finding property "vendor.transsion.scroll_adjust.support"
03-28 12:22:19.795 27279 27279 E ArmVmp : Match on catch block at 0xc3 in for 0x14d
03-28 12:22:19.797 27279 27279 E ArmVmp : Match on catch block at 0xc3 in for 0x149
03-28 12:22:19.804 27279 27279 E ArmVmp : Match on catch block at 0xc3 in for 0x151
03-28 12:22:19.807 27279 27279 E ArmVmp : Match on catch block at 0xc3 in for 0x14d
03-28 12:22:19.821 27279 27279 E ArmVmp : Match on catch block at 0xc3 in for 0x155
03-28 12:22:19.823 27279 27279 E ArmVmp : Match on catch block at 0xc3 in for 0x151
03-28 12:22:19.838 27279 27279 E ArmVmp : Match on catch block at 0xc3 in for 0x159
03-28 12:22:19.840 27279 27279 E ArmVmp : Match on catch block at 0xc3 in for 0x155
03-28 12:22:19.855 27279 27279 E ArmVmp : Match on catch block at 0xc3 in for 0x141
03-28 12:22:19.858 27279 27279 E ArmVmp : Match on catch block at 0xc3 in for 0x159
03-28 12:22:19.871 27279 27279 E ArmVmp : Match on catch block at 0xc3 in for 0x145
03-28 12:22:19.873 27279 27279 E ArmVmp : Match on catch block at 0xc3 in for 0x141
03-28 12:22:19.888 27279 27279 E ArmVmp : Match on catch block at 0xc3 in for 0x149
03-28 12:22:19.890 27279 27279 E ArmVmp : Match on catch block at 0xc3 in for 0x145
03-28 12:22:19.898 27279 27279 E ArmVmp : Match on catch block at 0xc3 in for 0x14d
03-28 12:22:19.900 27279 27279 E ArmVmp : Match on catch block at 0xc3 in for 0x149
03-28 12:22:19.922 27279 27279 E ArmVmp : Match on catch block at 0xc3 in for 0x14d
03-28 12:22:19.924 27279 27279 E ArmVmp : Match on catch block at 0xc3 in for 0x149
03-28 12:22:19.932 27279 27279 E ArmVmp : Match on catch block at 0xc3 in for 0x151
03-28 12:22:19.933 27279 27279 E ArmVmp : Match on catch block at 0xc3 in for 0x14d
03-28 12:22:19.943 27279 27279 E ArmVmp : Match on catch block at 0xc3 in for 0x155
03-28 12:22:19.944 27279 27279 E ArmVmp : Match on catch block at 0xc3 in for 0x151
03-28 12:22:20.126 27279 27279 W MessageThumbsTh: type=1400 audit(0.0:40126): avc: denied { search } for name="ppm" dev="proc" ino=4026531920 scontext=u:r:untrusted_app:s0:c225,c256,c512,c768 tcontext=u:object_r:proc_ppm:s0 tclass=dir permissive=0 app=com.mbwhatsapp
03-28 12:22:20.126 27279 27279 W MessageThumbsTh: type=1400 audit(0.0:40127): avc: denied { search } for name="ppm" dev="proc" ino=4026531920 scontext=u:r:untrusted_app:s0:c225,c256,c512,c768 tcontext=u:object_r:proc_ppm:s0 tclass=dir permissive=0 app=com.mbwhatsapp
03-28 12:22:20.582 27279 27279 W MessageThumbsTh: type=1400 audit(0.0:40128): avc: denied { search } for name="ppm" dev="proc" ino=4026531920 scontext=u:r:untrusted_app:s0:c225,c256,c512,c768 tcontext=u:object_r:proc_ppm:s0 tclass=dir permissive=0 app=com.mbwhatsapp
03-28 12:22:20.586 27279 27279 W MessageThumbsTh: type=1400 audit(0.0:40129): avc: denied { search } for name="ppm" dev="proc" ino=4026531920 scontext=u:r:untrusted_app:s0:c225,c256,c512,c768 tcontext=u:object_r:proc_ppm:s0 tclass=dir permissive=0 app=com.mbwhatsapp
03-28 12:22:20.586 27279 27279 W MessageThumbsTh: type=1400 audit(0.0:40130): avc: denied { search } for name="ppm" dev="proc" ino=4026531920 scontext=u:r:untrusted_app:s0:c225,c256,c512,c768 tcontext=u:object_r:proc_ppm:s0 tclass=dir permissive=0 app=com.mbwhatsapp
03-28 12:22:21.414 27279 27279 W MessageThumbsTh: type=1400 audit(0.0:40137): avc: denied { search } for name="ppm" dev="proc" ino=4026531920 scontext=u:r:untrusted_app:s0:c225,c256,c512,c768 tcontext=u:object_r:proc_ppm:s0 tclass=dir permissive=0 app=com.mbwhatsapp
03-28 12:22:21.418 27279 27279 W MessageThumbsTh: type=1400 audit(0.0:40138): avc: denied { search } for name="ppm" dev="proc" ino=4026531920 scontext=u:r:untrusted_app:s0:c225,c256,c512,c768 tcontext=u:object_r:proc_ppm:s0 tclass=dir permissive=0 app=com.mbwhatsapp
03-28 12:22:21.418 27279 27279 W MessageThumbsTh: type=1400 audit(0.0:40139): avc: denied { search } for name="ppm" dev="proc" ino=4026531920 scontext=u:r:untrusted_app:s0:c225,c256,c512,c768 tcontext=u:object_r:proc_ppm:s0 tclass=dir permissive=0 app=com.mbwhatsapp
03-28 12:22:21.782 27279 27342 W Parcel : Expecting binder but got null!
03-28 12:22:23.358 27279 27279 W MessageThumbsTh: type=1400 audit(0.0:40140): avc: denied { search } for name="ppm" dev="proc" ino=4026531920 scontext=u:r:untrusted_app:s0:c225,c256,c512,c768 tcontext=u:object_r:proc_ppm:s0 tclass=dir permissive=0 app=com.mbwhatsapp
03-28 12:22:23.358 27279 27279 W MessageThumbsTh: type=1400 audit(0.0:40141): avc: denied { search } for name="ppm" dev="proc" ino=4026531920 scontext=u:r:untrusted_app:s0:c225,c256,c512,c768 tcontext=u:object_r:proc_ppm:s0 tclass=dir permissive=0 app=com.mbwhatsapp
03-28 12:22:23.362 27279 27279 W MessageThumbsTh: type=1400 audit(0.0:40142): avc: denied { search } for name="ppm" dev="proc" ino=4026531920 scontext=u:r:untrusted_app:s0:c225,c256,c512,c768 tcontext=u:object_r:proc_ppm:s0 tclass=dir permissive=0 app=com.mbwhatsapp
03-28 12:22:23.542 27279 27279 W MessageThumbsTh: type=1400 audit(0.0:40143): avc: denied { search } for name="ppm" dev="proc" ino=4026531920 scontext=u:r:untrusted_app:s0:c225,c256,c512,c768 tcontext=u:object_r:proc_ppm:s0 tclass=dir permissive=0 app=com.mbwhatsapp
03-28 12:22:23.542 27279 27279 W MessageThumbsTh: type=1400 audit(0.0:40144): avc: denied { search } for name="ppm" dev="proc" ino=4026531920 scontext=u:r:untrusted_app:s0:c225,c256,c512,c768 tcontext=u:object_r:proc_ppm:s0 tclass=dir permissive=0 app=com.mbwhatsapp
03-28 12:22:23.546 27279 27279 W MessageThumbsTh: type=1400 audit(0.0:40145): avc: denied { search } for name="ppm" dev="proc" ino=4026531920 scontext=u:r:untrusted_app:s0:c225,c256,c512,c768 tcontext=u:object_r:proc_ppm:s0 tclass=dir permissive=0 app=com.mbwhatsapp
03-28 12:22:23.798 27279 27279 W MessageThumbsTh: type=1400 audit(0.0:40146): avc: denied { search } for name="ppm" dev="proc" ino=4026531920 scontext=u:r:untrusted_app:s0:c225,c256,c512,c768 tcontext=u:object_r:proc_ppm:s0 tclass=dir permissive=0 app=com.mbwhatsapp
03-28 12:22:26.773 27279 27279 E ArmVmp : Match on catch block at 0xc3 in for 0x155
03-28 12:22:26.778 27279 27279 E ArmVmp : Match on catch block at 0xc3 in for 0x151
03-28 12:22:26.784 27279 27279 E ArmVmp : Match on catch block at 0xc3 in for 0x159
03-28 12:22:26.790 27279 27279 E ArmVmp : Match on catch block at 0xc3 in for 0x155
03-28 12:22:27.094 27279 27279 E ArmVmp : Match on catch block at 0xc3 in for 0x14d
03-28 12:22:27.095 27279 27279 E ArmVmp : Match on catch block at 0xc3 in for 0x149
03-28 12:22:27.122 27279 27279 E ArmVmp : Match on catch block at 0xc3 in for 0x151
03-28 12:22:27.123 27279 27279 E ArmVmp : Match on catch block at 0xc3 in for 0x14d
03-28 12:22:27.160 27279 27279 E ArmVmp : Match on catch block at 0xc3 in for 0x145
03-28 12:22:27.161 27279 27279 E ArmVmp : Match on catch block at 0xc3 in for 0x141
03-28 12:22:27.179 27279 27279 E ArmVmp : Match on catch block at 0xc3 in for 0x145
03-28 12:22:27.180 27279 27279 E ArmVmp : Match on catch block at 0xc3 in for 0x141
03-28 12:22:27.185 27279 27279 E ArmVmp : Match on catch block at 0xc3 in for 0x149
03-28 12:22:27.186 27279 27279 E ArmVmp : Match on catch block at 0xc3 in for 0x145
03-28 12:22:27.195 27279 27279 E ArmVmp : Match on catch block at 0xc3 in for 0x14d
03-28 12:22:27.197 27279 27279 E ArmVmp : Match on catch block at 0xc3 in for 0x149
03-28 12:22:27.212 27279 27279 E ArmVmp : Match on catch block at 0xc3 in for 0x151
03-28 12:22:27.214 27279 27279 E ArmVmp : Match on catch block at 0xc3 in for 0x14d
03-28 12:22:27.229 27279 27279 E ArmVmp : Match on catch block at 0xc3 in for 0x155
03-28 12:22:27.232 27279 27279 E ArmVmp : Match on catch block at 0xc3 in for 0x151
03-28 12:22:27.245 27279 27279 E ArmVmp : Match on catch block at 0xc3 in for 0x159
03-28 12:22:27.248 27279 27279 E ArmVmp : Match on catch block at 0xc3 in for 0x155
03-28 12:22:27.262 27279 27279 E ArmVmp : Match on catch block at 0xc3 in for 0x141
03-28 12:22:27.264 27279 27279 E ArmVmp : Match on catch block at 0xc3 in for 0x159
03-28 12:22:27.679 27279 27279 E ArmVmp : Match on catch block at 0xc3 in for 0x151
03-28 12:22:27.683 27279 27279 E ArmVmp : Match on catch block at 0xc3 in for 0x14d
03-28 12:22:28.179 27279 27279 E ArmVmp : Match on catch block at 0xc3 in for 0x159
03-28 12:22:28.183 27279 27279 E ArmVmp : Match on catch block at 0xc3 in for 0x155
03-28 12:22:28.686 27279 27279 E ArmVmp : Match on catch block at 0xc3 in for 0x14d
03-28 12:22:28.692 27279 27279 E ArmVmp : Match on catch block at 0xc3 in for 0x149
03-28 12:22:28.756 27279 27279 E ArmVmp : Match on catch block at 0xc3 in for 0x141
03-28 12:22:28.762 27279 27279 E ArmVmp : Match on catch block at 0xc3 in for 0x159
03-28 12:22:28.771 27279 27279 E ArmVmp : Match on catch block at 0xc3 in for 0x145
03-28 12:22:28.777 27279 27279 E ArmVmp : Match on catch block at 0xc3 in for 0x141
03-28 12:22:28.792 27279 27279 E ArmVmp : Match on catch block at 0xc3 in for 0x149
03-28 12:22:28.801 27279 27279 E ArmVmp : Match on catch block at 0xc3 in for 0x145
03-28 12:22:28.809 27279 27279 E ArmVmp : Match on catch block at 0xc3 in for 0x14d
03-28 12:22:28.815 27279 27279 E ArmVmp : Match on catch block at 0xc3 in for 0x149
03-28 12:22:28.832 27279 27279 E ArmVmp : Match on catch block at 0xc3 in for 0x151
03-28 12:22:28.838 27279 27279 E ArmVmp : Match on catch block at 0xc3 in for 0x14d
03-28 12:22:28.847 27279 27279 E ArmVmp : Match on catch block at 0xc3 in for 0x155
03-28 12:22:28.852 27279 27279 E ArmVmp : Match on catch block at 0xc3 in for 0x151
03-28 12:22:28.865 27279 27279 E ArmVmp : Match on catch block at 0xc3 in for 0x159
03-28 12:22:28.870 27279 27279 E ArmVmp : Match on catch block at 0xc3 in for 0x155
03-28 12:22:28.886 27279 27279 E ArmVmp : Match on catch block at 0xc3 in for 0x141
03-28 12:22:28.891 27279 27279 E ArmVmp : Match on catch block at 0xc3 in for 0x159
03-28 12:22:28.903 27279 27279 E ArmVmp : Match on catch block at 0xc3 in for 0x159
03-28 12:22:28.908 27279 27279 E ArmVmp : Match on catch block at 0xc3 in for 0x155
03-28 12:22:28.942 27279 27279 E ArmVmp : Match on catch block at 0xc3 in for 0x14d
03-28 12:22:28.946 27279 27279 E ArmVmp : Match on catch block at 0xc3 in for 0x149
03-28 12:22:28.955 27279 27279 E ArmVmp : Match on catch block at 0xc3 in for 0x151
03-28 12:22:28.959 27279 27279 E ArmVmp : Match on catch block at 0xc3 in for 0x14d
03-28 12:22:28.966 27279 27279 W OnBackInvokedCallback: OnBackInvokedCallback is not enabled for the application.
03-28 12:22:28.966 27279 27279 W OnBackInvokedCallback: Set 'android:enableOnBackInvokedCallback="true"' in the application manifest.
03-28 12:22:29.088 27279 27279 E ArmVmp : Match on catch block at 0xc3 in for 0x145
03-28 12:22:29.092 27279 27279 E ArmVmp : Match on catch block at 0xc3 in for 0x141
03-28 12:22:29.101 27279 27279 E ArmVmp : Match on catch block at 0xc3 in for 0x149
03-28 12:22:29.105 27279 27279 E ArmVmp : Match on catch block at 0xc3 in for 0x145
03-28 12:22:29.186 27279 27279 E ArmVmp : Match on catch block at 0xc3 in for 0x145
03-28 12:22:29.195 27279 27279 E ArmVmp : Match on catch block at 0xc3 in for 0x141
03-28 12:22:29.685 27279 27279 E ArmVmp : Match on catch block at 0xc3 in for 0x155
03-28 12:22:29.697 27279 27279 E ArmVmp : Match on catch block at 0xc3 in for 0x151
03-28 12:22:30.185 27279 27279 E ArmVmp : Match on catch block at 0xc3 in for 0x159
03-28 12:22:30.192 27279 27279 E ArmVmp : Match on catch block at 0xc3 in for 0x155
03-28 12:22:30.666 27279 27279 E ArmVmp : Match on catch block at 0xc3 in for 0x141
03-28 12:22:30.671 27279 27279 E ArmVmp : Match on catch block at 0xc3 in for 0x159
03-28 12:22:30.683 27279 27279 E ArmVmp : Match on catch block at 0xc3 in for 0x145
03-28 12:22:30.688 27279 27279 E ArmVmp : Match on catch block at 0xc3 in for 0x141
03-28 12:22:30.700 27279 27279 E ArmVmp : Match on catch block at 0xc3 in for 0x149
03-28 12:22:30.705 27279 27279 E ArmVmp : Match on catch block at 0xc3 in for 0x145
03-28 12:22:30.717 27279 27279 E ArmVmp : Match on catch block at 0xc3 in for 0x14d
03-28 12:22:30.722 27279 27279 E ArmVmp : Match on catch block at 0xc3 in for 0x149
03-28 12:22:30.729 27279 27279 E ArmVmp : Match on catch block at 0xc3 in for 0x151
03-28 12:22:30.735 27279 27279 E ArmVmp : Match on catch block at 0xc3 in for 0x14d
03-28 12:22:30.741 27279 27279 E ArmVmp : Match on catch block at 0xc3 in for 0x155
03-28 12:22:30.746 27279 27279 E ArmVmp : Match on catch block at 0xc3 in for 0x151
03-28 12:22:30.761 27279 27279 E ArmVmp : Match on catch block at 0xc3 in for 0x159
03-28 12:22:30.766 27279 27279 E ArmVmp : Match on catch block at 0xc3 in for 0x155
03-28 12:22:30.776 27279 27279 E ArmVmp : Match on catch block at 0xc3 in for 0x141
03-28 12:22:30.779 27279 27279 E ArmVmp : Match on catch block at 0xc3 in for 0x159
03-28 12:22:30.791 27279 27279 E ArmVmp : Match on catch block at 0xc3 in for 0x145
03-28 12:22:30.795 27279 27279 E ArmVmp : Match on catch block at 0xc3 in for 0x141
03-28 12:22:30.809 27279 27279 E ArmVmp : Match on catch block at 0xc3 in for 0x149
03-28 12:22:30.816 27279 27279 E ArmVmp : Match on catch block at 0xc3 in for 0x145
03-28 12:22:30.825 27279 27279 E ArmVmp : Match on catch block at 0xc3 in for 0x14d
03-28 12:22:30.831 27279 27279 E ArmVmp : Match on catch block at 0xc3 in for 0x149
03-28 12:22:30.843 27279 27279 E ArmVmp : Match on catch block at 0xc3 in for 0x151
03-28 12:22:30.860 27279 27279 E ArmVmp : Match on catch block at 0xc3 in for 0x14d
03-28 12:22:30.868 27279 27279 E ArmVmp : Match on catch block at 0xc3 in for 0x155
03-28 12:22:30.873 27279 27279 E ArmVmp : Match on catch block at 0xc3 in for 0x151
03-28 12:22:30.880 27279 27279 E ArmVmp : Match on catch block at 0xc3 in for 0x159
03-28 12:22:30.884 27279 27279 E ArmVmp : Match on catch block at 0xc3 in for 0x155
03-28 12:22:30.892 27279 27279 E ArmVmp : Match on catch block at 0xc3 in for 0x141
03-28 12:22:30.897 27279 27279 E ArmVmp : Match on catch block at 0xc3 in for 0x159
03-28 12:22:30.909 27279 27279 E ArmVmp : Match on catch block at 0xc3 in for 0x145
03-28 12:22:30.915 27279 27279 E ArmVmp : Match on catch block at 0xc3 in for 0x141
03-28 12:22:30.921 27279 27279 E ArmVmp : Match on catch block at 0xc3 in for 0x149
03-28 12:22:30.927 27279 27279 E ArmVmp : Match on catch block at 0xc3 in for 0x145
03-28 12:22:31.182 27279 27279 E ArmVmp : Match on catch block at 0xc3 in for 0x159
03-28 12:22:31.185 27279 27279 E ArmVmp : Match on catch block at 0xc3 in for 0x155
03-28 12:22:31.687 27279 27279 E ArmVmp : Match on catch block at 0xc3 in for 0x14d
03-28 12:22:31.694 27279 27279 E ArmVmp : Match on catch block at 0xc3 in for 0x149
03-28 12:22:32.181 27279 27279 E ArmVmp : Match on catch block at 0xc3 in for 0x159
03-28 12:22:32.184 27279 27279 E ArmVmp : Match on catch block at 0xc3 in for 0x155
03-28 12:22:32.489 27279 27279 E ArmVmp : Match on catch block at 0xc3 in for 0x159
03-28 12:22:32.495 27279 27279 E ArmVmp : Match on catch block at 0xc3 in for 0x155
03-28 12:22:32.512 27279 27279 E ArmVmp : Match on catch block at 0xc3 in for 0x155
03-28 12:22:32.521 27279 27279 E ArmVmp : Match on catch block at 0xc3 in for 0x151
03-28 12:22:32.528 27279 27279 E ArmVmp : Match on catch block at 0xc3 in for 0x159
03-28 12:22:32.533 27279 27279 E ArmVmp : Match on catch block at 0xc3 in for 0x155
03-28 12:22:32.539 27279 27279 E ArmVmp : Match on catch block at 0xc3 in for 0x141
03-28 12:22:32.543 27279 27279 E ArmVmp : Match on catch block at 0xc3 in for 0x159
03-28 12:22:32.548 27279 27279 E ArmVmp : Match on catch block at 0xc3 in for 0x145
03-28 12:22:32.552 27279 27279 E ArmVmp : Match on catch block at 0xc3 in for 0x141
03-28 12:22:32.558 27279 27279 E ArmVmp : Match on catch block at 0xc3 in for 0x149
03-28 12:22:32.563 27279 27279 E ArmVmp : Match on catch block at 0xc3 in for 0x145
03-28 12:22:32.568 27279 27279 E ArmVmp : Match on catch block at 0xc3 in for 0x14d
03-28 12:22:32.573 27279 27279 E ArmVmp : Match on catch block at 0xc3 in for 0x149
03-28 12:22:32.579 27279 27279 E ArmVmp : Match on catch block at 0xc3 in for 0x151
03-28 12:22:32.584 27279 27279 E ArmVmp : Match on catch block at 0xc3 in for 0x14d
03-28 12:22:32.589 27279 27279 E ArmVmp : Match on catch block at 0xc3 in for 0x155
03-28 12:22:32.594 27279 27279 E ArmVmp : Match on catch block at 0xc3 in for 0x151
03-28 12:22:32.601 27279 27279 E ArmVmp : Match on catch block at 0xc3 in for 0x159
03-28 12:22:32.604 27279 27279 E ArmVmp : Match on catch block at 0xc3 in for 0x155
03-28 12:22:32.608 27279 27279 E ArmVmp : Match on catch block at 0xc3 in for 0x141
03-28 12:22:32.610 27279 27279 E ArmVmp : Match on catch block at 0xc3 in for 0x159
03-28 12:22:32.615 27279 27279 E ArmVmp : Match on catch block at 0xc3 in for 0x145
03-28 12:22:32.618 27279 27279 E ArmVmp : Match on catch block at 0xc3 in for 0x141
03-28 12:22:32.622 27279 27279 E ArmVmp : Match on catch block at 0xc3 in for 0x149
03-28 12:22:32.623 27279 27279 E ArmVmp : Match on catch block at 0xc3 in for 0x145
03-28 12:22:32.630 27279 27279 E ArmVmp : Match on catch block at 0xc3 in for 0x14d
03-28 12:22:32.632 27279 27279 E ArmVmp : Match on catch block at 0xc3 in for 0x149
03-28 12:22:32.638 27279 27279 E ArmVmp : Match on catch block at 0xc3 in for 0x151
03-28 12:22:32.640 27279 27279 E ArmVmp : Match on catch block at 0xc3 in for 0x14d
03-28 12:22:32.646 27279 27279 E ArmVmp : Match on catch block at 0xc3 in for 0x155
03-28 12:22:32.649 27279 27279 E ArmVmp : Match on catch block at 0xc3 in for 0x151
03-28 12:22:32.654 27279 27279 E ArmVmp : Match on catch block at 0xc3 in for 0x159
03-28 12:22:32.656 27279 27279 E ArmVmp : Match on catch block at 0xc3 in for 0x155
03-28 12:22:32.663 27279 27279 E ArmVmp : Match on catch block at 0xc3 in for 0x141
03-28 12:22:32.666 27279 27279 E ArmVmp : Match on catch block at 0xc3 in for 0x159
03-28 12:22:32.980 27279 27279 E ArmVmp : Match on catch block at 0xc3 in for 0x14d
03-28 12:22:32.982 27279 27279 E ArmVmp : Match on catch block at 0xc3 in for 0x149
03-28 12:22:33.057 27279 27279 E ArmVmp : Match on catch block at 0xc3 in for 0x145
03-28 12:22:33.060 27279 27279 E ArmVmp : Match on catch block at 0xc3 in for 0x141
03-28 12:22:33.066 27279 27279 E ArmVmp : Match on catch block at 0xc3 in for 0x149
03-28 12:22:33.068 27279 27279 E ArmVmp : Match on catch block at 0xc3 in for 0x145
03-28 12:22:33.072 27279 27279 E ArmVmp : Match on catch block at 0xc3 in for 0x14d
03-28 12:22:33.074 27279 27279 E ArmVmp : Match on catch block at 0xc3 in for 0x149
03-28 12:22:33.080 27279 27279 E ArmVmp : Match on catch block at 0xc3 in for 0x151
03-28 12:22:33.082 27279 27279 E ArmVmp : Match on catch block at 0xc3 in for 0x14d
03-28 12:22:33.088 27279 27279 E ArmVmp : Match on catch block at 0xc3 in for 0x155
03-28 12:22:33.091 27279 27279 E ArmVmp : Match on catch block at 0xc3 in for 0x151
03-28 12:22:33.096 27279 27279 E ArmVmp : Match on catch block at 0xc3 in for 0x159
03-28 12:22:33.099 27279 27279 E ArmVmp : Match on catch block at 0xc3 in for 0x155
03-28 12:22:33.105 27279 27279 E ArmVmp : Match on catch block at 0xc3 in for 0x141
03-28 12:22:33.107 27279 27279 E ArmVmp : Match on catch block at 0xc3 in for 0x159
03-28 12:22:33.113 27279 27279 E ArmVmp : Match on catch block at 0xc3 in for 0x145
03-28 12:22:33.115 27279 27279 E ArmVmp : Match on catch block at 0xc3 in for 0x141
03-28 12:22:33.122 27279 27279 E ArmVmp : Match on catch block at 0xc3 in for 0x149
03-28 12:22:33.124 27279 27279 E ArmVmp : Match on catch block at 0xc3 in for 0x145
03-28 12:22:33.129 27279 27279 E ArmVmp : Match on catch block at 0xc3 in for 0x14d
03-28 12:22:33.131 27279 27279 E ArmVmp : Match on catch block at 0xc3 in for 0x149
03-28 12:22:33.138 27279 27279 E ArmVmp : Match on catch block at 0xc3 in for 0x151
03-28 12:22:33.140 27279 27279 E ArmVmp : Match on catch block at 0xc3 in for 0x14d
03-28 12:22:33.148 27279 27279 E ArmVmp : Match on catch block at 0xc3 in for 0x155
03-28 12:22:33.150 27279 27279 E ArmVmp : Match on catch block at 0xc3 in for 0x151
03-28 12:22:33.154 27279 27279 E ArmVmp : Match on catch block at 0xc3 in for 0x159
03-28 12:22:33.155 27279 27279 E ArmVmp : Match on catch block at 0xc3 in for 0x155
03-28 12:22:33.162 27279 27279 E ArmVmp : Match on catch block at 0xc3 in for 0x141
03-28 12:22:33.164 27279 27279 E ArmVmp : Match on catch block at 0xc3 in for 0x159
03-28 12:22:33.171 27279 27279 E ArmVmp : Match on catch block at 0xc3 in for 0x145
03-28 12:22:33.173 27279 27279 E ArmVmp : Match on catch block at 0xc3 in for 0x141
03-28 12:22:33.179 27279 27279 E ArmVmp : Match on catch block at 0xc3 in for 0x149
03-28 12:22:33.181 27279 27279 E ArmVmp : Match on catch block at 0xc3 in for 0x145
03-28 12:22:33.187 27279 27279 E ArmVmp : Match on catch block at 0xc3 in for 0x14d
03-28 12:22:33.189 27279 27279 E ArmVmp : Match on catch block at 0xc3 in for 0x149
03-28 12:22:33.196 27279 27279 E ArmVmp : Match on catch block at 0xc3 in for 0x151
03-28 12:22:33.198 27279 27279 E ArmVmp : Match on catch block at 0xc3 in for 0x14d
03-28 12:22:33.204 27279 27279 E ArmVmp : Match on catch block at 0xc3 in for 0x155
03-28 12:22:33.206 27279 27279 E ArmVmp : Match on catch block at 0xc3 in for 0x151
03-28 12:22:33.213 27279 27279 E ArmVmp : Match on catch block at 0xc3 in for 0x159
03-28 12:22:33.214 27279 27279 E ArmVmp : Match on catch block at 0xc3 in for 0x155
