03-28 12:21:47.298 27279 27279 W MessageThumbsTh: type=1400 audit(0.0:40055): avc: denied { search } for name="ppm" dev="proc" ino=4026531920 scontext=u:r:untrusted_app:s0:c225,c256,c512,c768 tcontext=u:object_r:proc_ppm:s0 tclass=dir permissive=0 app=com.mbwhatsapp
03-28 12:21:47.413 27279 27279 E ArmVmp : Match on catch block at 0xc3 in for 0x179
03-28 12:21:47.415 27279 27279 E ArmVmp : Match on catch block at 0xc3 in for 0x179
03-28 12:21:47.417 27279 27279 E ArmVmp : Match on catch block at 0xc3 in for 0x171
03-28 12:21:47.434 27279 27342 W Parcel : Expecting binder but got null! --------- beginning of system
03-28 12:21:47.471 27279 27279 E TranChoreographerImpl: skippedFrames: 30
03-28 12:21:47.476 27279 27279 E ArmVmp : Match on catch block at 0xc3 in for 0x145
03-28 12:21:47.477 27279 27279 E ArmVmp : Match on catch block at 0xc3 in for 0x145
03-28 12:21:47.478 27279 27279 E ArmVmp : Match on catch block at 0xc3 in for 0x149
03-28 12:21:47.496 27279 27342 W Parcel : Expecting binder but got null!
03-28 12:21:47.514 27279 27279 E ArmVmp : Match on catch block at 0xc3 in for 0x145
03-28 12:21:47.515 27279 27279 E ArmVmp : Match on catch block at 0xc3 in for 0x141
03-28 12:21:47.516 27279 27279 E ArmVmp : Match on catch block at 0xc3 in for 0x145
03-28 12:21:47.532 27279 27279 E ArmVmp : Match on catch block at 0xc3 in for 0x14d
03-28 12:21:47.534 27279 27279 E ArmVmp : Match on catch block at 0xc3 in for 0x149
03-28 12:21:47.535 27279 27279 E ArmVmp : Match on catch block at 0xc3 in for 0x14d
03-28 12:21:47.558 27279 27279 E ArmVmp : Match on catch block at 0xc3 in for 0x14d
03-28 12:21:47.558 27279 27279 E ArmVmp : Match on catch block at 0xc3 in for 0x149
03-28 12:21:47.559 27279 27279 E ArmVmp : Match on catch block at 0xc3 in for 0x14d
03-28 12:21:47.575 27279 27279 E ArmVmp : Match on catch block at 0xc3 in for 0x145
03-28 12:21:47.576 27279 27279 E ArmVmp : Match on catch block at 0xc3 in for 0x141
03-28 12:21:47.577 27279 27279 E ArmVmp : Match on catch block at 0xc3 in for 0x145
03-28 12:21:47.583 27279 27279 E ArmVmp : Match on catch block at 0xc3 in for 0x159
03-28 12:21:47.585 27279 27279 E ArmVmp : Match on catch block at 0xc3 in for 0x155
03-28 12:21:47.586 27279 27279 E ArmVmp : Match on catch block at 0xc3 in for 0x159
03-28 12:21:47.595 27279 27279 E ArmVmp : Match on catch block at 0xc3 in for 0x141
03-28 12:21:47.597 27279 27279 E ArmVmp : Match on catch block at 0xc3 in for 0x159
03-28 12:21:47.598 27279 27279 E ArmVmp : Match on catch block at 0xc3 in for 0x141
03-28 12:21:47.605 27279 27279 E ArmVmp : Match on catch block at 0xc3 in for 0x141
03-28 12:21:47.606 27279 27279 E ArmVmp : Match on catch block at 0xc3 in for 0x159
03-28 12:21:47.607 27279 27279 E ArmVmp : Match on catch block at 0xc3 in for 0x141
03-28 12:21:47.613 27279 27279 E ArmVmp : Match on catch block at 0xc3 in for 0x141
03-28 12:21:47.615 27279 27279 E ArmVmp : Match on catch block at 0xc3 in for 0x159
03-28 12:21:47.616 27279 27279 E ArmVmp : Match on catch block at 0xc3 in for 0x141
03-28 12:21:48.018 27279 27279 E ArmVmp : Match on catch block at 0xc3 in for 0x151
03-28 12:21:48.020 27279 27279 E ArmVmp : Match on catch block at 0xc3 in for 0x14d
03-28 12:21:48.023 27279 27279 E ArmVmp : Match on catch block at 0xc3 in for 0x151
03-28 12:21:48.034 27279 27279 E ArmVmp : Match on catch block at 0xc3 in for 0x151
03-28 12:21:48.036 27279 27279 E ArmVmp : Match on catch block at 0xc3 in for 0x14d
03-28 12:21:48.037 27279 27279 E ArmVmp : Match on catch block at 0xc3 in for 0x151
03-28 12:21:48.051 27279 27279 E ArmVmp : Match on catch block at 0xc3 in for 0x151
03-28 12:21:48.052 27279 27279 E ArmVmp : Match on catch block at 0xc3 in for 0x14d
03-28 12:21:48.053 27279 27279 E ArmVmp : Match on catch block at 0xc3 in for 0x151
03-28 12:21:48.068 27279 27279 E ArmVmp : Match on catch block at 0xc3 in for 0x151
03-28 12:21:48.069 27279 27279 E ArmVmp : Match on catch block at 0xc3 in for 0x14d
03-28 12:21:48.070 27279 27279 E ArmVmp : Match on catch block at 0xc3 in for 0x151
03-28 12:21:48.090 27279 27279 E ArmVmp : Match on catch block at 0xc3 in for 0x149
03-28 12:21:48.092 27279 27279 E ArmVmp : Match on catch block at 0xc3 in for 0x145
03-28 12:21:48.093 27279 27279 E ArmVmp : Match on catch block at 0xc3 in for 0x149
03-28 12:21:48.097 27279 27279 E ArmVmp : Match on catch block at 0xc3 in for 0x149
03-28 12:21:48.099 27279 27279 E ArmVmp : Match on catch block at 0xc3 in for 0x145
03-28 12:21:48.100 27279 27279 E ArmVmp : Match on catch block at 0xc3 in for 0x149
03-28 12:21:48.102 27279 27279 W OnBackInvokedCallback: OnBackInvokedCallback is not enabled for the application.
03-28 12:21:48.102 27279 27279 W OnBackInvokedCallback: Set 'android:enableOnBackInvokedCallback="true"' in the application manifest.
03-28 12:21:48.110 27279 27279 E ArmVmp : Match on catch block at 0xc3 in for 0x149
03-28 12:21:48.112 27279 27279 E ArmVmp : Match on catch block at 0xc3 in for 0x145
03-28 12:21:48.114 27279 27279 E ArmVmp : Match on catch block at 0xc3 in for 0x149
03-28 12:21:48.126 27279 27279 E ArmVmp : Match on catch block at 0xc3 in for 0x149
03-28 12:21:48.128 27279 27279 E ArmVmp : Match on catch block at 0xc3 in for 0x145
03-28 12:21:48.130 27279 27279 E ArmVmp : Match on catch block at 0xc3 in for 0x149
03-28 12:21:48.134 27279 27279 E ArmVmp : Match on catch block at 0xc3 in for 0x149
03-28 12:21:48.135 27279 27279 E ArmVmp : Match on catch block at 0xc3 in for 0x145
03-28 12:21:48.136 27279 27279 E ArmVmp : Match on catch block at 0xc3 in for 0x149
03-28 12:21:48.159 27279 27279 E ArmVmp : Match on catch block at 0xc3 in for 0x141
03-28 12:21:48.161 27279 27279 E ArmVmp : Match on catch block at 0xc3 in for 0x159
03-28 12:21:48.162 27279 27279 E ArmVmp : Match on catch block at 0xc3 in for 0x141
03-28 12:21:48.168 27279 27279 E ArmVmp : Match on catch block at 0xc3 in for 0x141
03-28 12:21:48.169 27279 27279 E ArmVmp : Match on catch block at 0xc3 in for 0x159
03-28 12:21:48.171 27279 27279 E ArmVmp : Match on catch block at 0xc3 in for 0x141
03-28 12:21:48.184 27279 27279 E ArmVmp : Match on catch block at 0xc3 in for 0x141
03-28 12:21:48.186 27279 27279 E ArmVmp : Match on catch block at 0xc3 in for 0x159
03-28 12:21:48.187 27279 27279 E ArmVmp : Match on catch block at 0xc3 in for 0x141
03-28 12:21:48.201 27279 27279 E ArmVmp : Match on catch block at 0xc3 in for 0x141
03-28 12:21:48.203 27279 27279 E ArmVmp : Match on catch block at 0xc3 in for 0x159
03-28 12:21:48.204 27279 27279 E ArmVmp : Match on catch block at 0xc3 in for 0x141
03-28 12:21:48.218 27279 27279 E ArmVmp : Match on catch block at 0xc3 in for 0x141
03-28 12:21:48.219 27279 27279 E ArmVmp : Match on catch block at 0xc3 in for 0x159
03-28 12:21:48.220 27279 27279 E ArmVmp : Match on catch block at 0xc3 in for 0x141
03-28 12:21:48.234 27279 27279 E ArmVmp : Match on catch block at 0xc3 in for 0x141
03-28 12:21:48.236 27279 27279 E ArmVmp : Match on catch block at 0xc3 in for 0x159
03-28 12:21:48.236 27279 27279 E ArmVmp : Match on catch block at 0xc3 in for 0x141
03-28 12:21:48.251 27279 27279 E ArmVmp : Match on catch block at 0xc3 in for 0x141
03-28 12:21:48.252 27279 27279 E ArmVmp : Match on catch block at 0xc3 in for 0x159
03-28 12:21:48.253 27279 27279 E ArmVmp : Match on catch block at 0xc3 in for 0x141
03-28 12:21:48.268 27279 27279 E ArmVmp : Match on catch block at 0xc3 in for 0x141
03-28 12:21:48.269 27279 27279 E ArmVmp : Match on catch block at 0xc3 in for 0x159
03-28 12:21:48.270 27279 27279 E ArmVmp : Match on catch block at 0xc3 in for 0x141
03-28 12:21:48.284 27279 27279 E ArmVmp : Match on catch block at 0xc3 in for 0x141
03-28 12:21:48.285 27279 27279 E ArmVmp : Match on catch block at 0xc3 in for 0x159
03-28 12:21:48.286 27279 27279 E ArmVmp : Match on catch block at 0xc3 in for 0x141
03-28 12:21:48.301 27279 27279 E ArmVmp : Match on catch block at 0xc3 in for 0x141
03-28 12:21:48.302 27279 27279 E ArmVmp : Match on catch block at 0xc3 in for 0x159
03-28 12:21:48.303 27279 27279 E ArmVmp : Match on catch block at 0xc3 in for 0x141
03-28 12:21:48.317 27279 27279 E ArmVmp : Match on catch block at 0xc3 in for 0x141
03-28 12:21:48.319 27279 27279 E ArmVmp : Match on catch block at 0xc3 in for 0x159
03-28 12:21:48.320 27279 27279 E ArmVmp : Match on catch block at 0xc3 in for 0x141
03-28 12:21:48.334 27279 27279 E ArmVmp : Match on catch block at 0xc3 in for 0x141
03-28 12:21:48.336 27279 27279 E ArmVmp : Match on catch block at 0xc3 in for 0x159
03-28 12:21:48.336 27279 27279 E ArmVmp : Match on catch block at 0xc3 in for 0x141
03-28 12:21:48.519 27279 27279 E ArmVmp : Match on catch block at 0xc3 in for 0x141
03-28 12:21:48.524 27279 27279 E ArmVmp : Match on catch block at 0xc3 in for 0x159
03-28 12:21:48.527 27279 27279 E ArmVmp : Match on catch block at 0xc3 in for 0x141
03-28 12:21:48.905 27279 27279 E ArmVmp : Match on catch block at 0xc3 in for 0x145
03-28 12:21:48.908 27279 27279 E ArmVmp : Match on catch block at 0xc3 in for 0x141
03-28 12:21:48.909 27279 27279 E ArmVmp : Match on catch block at 0xc3 in for 0x145
03-28 12:21:48.917 27279 27279 E ArmVmp : Match on catch block at 0xc3 in for 0x159
03-28 12:21:48.919 27279 27279 E ArmVmp : Match on catch block at 0xc3 in for 0x155
03-28 12:21:48.920 27279 27279 E ArmVmp : Match on catch block at 0xc3 in for 0x159
03-28 12:21:48.936 27279 27279 E ArmVmp : Match on catch block at 0xc3 in for 0x159
03-28 12:21:48.942 27279 27279 E ArmVmp : Match on catch block at 0xc3 in for 0x155
03-28 12:21:48.945 27279 27279 E ArmVmp : Match on catch block at 0xc3 in for 0x159
03-28 12:21:48.953 27279 27279 E ArmVmp : Match on catch block at 0xc3 in for 0x159
03-28 12:21:48.962 27279 27279 E ArmVmp : Match on catch block at 0xc3 in for 0x155
03-28 12:21:48.964 27279 27279 E ArmVmp : Match on catch block at 0xc3 in for 0x159
03-28 12:21:48.968 27279 27279 E ArmVmp : Match on catch block at 0xc3 in for 0x159
03-28 12:21:48.974 27279 27279 E ArmVmp : Match on catch block at 0xc3 in for 0x155
03-28 12:21:48.976 27279 27279 E ArmVmp : Match on catch block at 0xc3 in for 0x159
03-28 12:21:48.985 27279 27279 E ArmVmp : Match on catch block at 0xc3 in for 0x159
03-28 12:21:48.988 27279 27279 E ArmVmp : Match on catch block at 0xc3 in for 0x155
03-28 12:21:48.990 27279 27279 E ArmVmp : Match on catch block at 0xc3 in for 0x159
03-28 12:21:49.001 27279 27279 E ArmVmp : Match on catch block at 0xc3 in for 0x159
03-28 12:21:49.005 27279 27279 E ArmVmp : Match on catch block at 0xc3 in for 0x155
03-28 12:21:49.009 27279 27279 E ArmVmp : Match on catch block at 0xc3 in for 0x159
03-28 12:21:49.022 27279 27279 E ArmVmp : Match on catch block at 0xc3 in for 0x159
03-28 12:21:49.027 27279 27279 E ArmVmp : Match on catch block at 0xc3 in for 0x155
03-28 12:21:49.030 27279 27279 E ArmVmp : Match on catch block at 0xc3 in for 0x159
03-28 12:21:49.041 27279 27279 E ArmVmp : Match on catch block at 0xc3 in for 0x145
03-28 12:21:49.048 27279 27279 E ArmVmp : Match on catch block at 0xc3 in for 0x141
03-28 12:21:49.051 27279 27279 E ArmVmp : Match on catch block at 0xc3 in for 0x145
03-28 12:21:49.068 27279 27279 E ArmVmp : Match on catch block at 0xc3 in for 0x145
03-28 12:21:49.074 27279 27279 E ArmVmp : Match on catch block at 0xc3 in for 0x141
03-28 12:21:49.076 27279 27279 E ArmVmp : Match on catch block at 0xc3 in for 0x145
03-28 12:21:49.085 27279 27279 E ArmVmp : Match on catch block at 0xc3 in for 0x145
03-28 12:21:49.089 27279 27279 E ArmVmp : Match on catch block at 0xc3 in for 0x141
03-28 12:21:49.091 27279 27279 E ArmVmp : Match on catch block at 0xc3 in for 0x145
03-28 12:21:49.101 27279 27279 E ArmVmp : Match on catch block at 0xc3 in for 0x145
03-28 12:21:49.105 27279 27279 E ArmVmp : Match on catch block at 0xc3 in for 0x141
03-28 12:21:49.108 27279 27279 E ArmVmp : Match on catch block at 0xc3 in for 0x145
03-28 12:21:49.118 27279 27279 E ArmVmp : Match on catch block at 0xc3 in for 0x14d
03-28 12:21:49.121 27279 27279 E ArmVmp : Match on catch block at 0xc3 in for 0x149
03-28 12:21:49.124 27279 27279 E ArmVmp : Match on catch block at 0xc3 in for 0x14d
03-28 12:21:49.301 27279 27279 E ArmVmp : Match on catch block at 0xc3 in for 0x159
03-28 12:21:49.304 27279 27279 E ArmVmp : Match on catch block at 0xc3 in for 0x155
03-28 12:21:49.307 27279 27279 E ArmVmp : Match on catch block at 0xc3 in for 0x159
03-28 12:21:49.451 27279 27279 E ArmVmp : Match on catch block at 0xc3 in for 0x149
03-28 12:21:49.454 27279 27279 E ArmVmp : Match on catch block at 0xc3 in for 0x145
03-28 12:21:49.456 27279 27279 E ArmVmp : Match on catch block at 0xc3 in for 0x149
03-28 12:21:49.617 27279 27279 E ArmVmp : Match on catch block at 0xc3 in for 0x151
03-28 12:21:49.620 27279 27279 E ArmVmp : Match on catch block at 0xc3 in for 0x14d
03-28 12:21:49.624 27279 27279 E ArmVmp : Match on catch block at 0xc3 in for 0x151
03-28 12:21:49.769 27279 27279 E ArmVmp : Match on catch block at 0xc3 in for 0x151
03-28 12:21:49.777 27279 27279 E ArmVmp : Match on catch block at 0xc3 in for 0x14d
03-28 12:21:49.782 27279 27279 E ArmVmp : Match on catch block at 0xc3 in for 0x151
03-28 12:21:49.790 27279 27279 E ArmVmp : Match on catch block at 0xc3 in for 0x151
03-28 12:21:49.799 27279 27279 E ArmVmp : Match on catch block at 0xc3 in for 0x14d
03-28 12:21:49.804 27279 27279 E ArmVmp : Match on catch block at 0xc3 in for 0x151
03-28 12:21:49.818 27279 27279 E ArmVmp : Match on catch block at 0xc3 in for 0x151
03-28 12:21:49.825 27279 27279 E ArmVmp : Match on catch block at 0xc3 in for 0x14d
03-28 12:21:49.830 27279 27279 E ArmVmp : Match on catch block at 0xc3 in for 0x151
03-28 12:21:49.836 27279 27279 E ArmVmp : Match on catch block at 0xc3 in for 0x151
03-28 12:21:49.846 27279 27279 E ArmVmp : Match on catch block at 0xc3 in for 0x14d
03-28 12:21:49.850 27279 27279 E ArmVmp : Match on catch block at 0xc3 in for 0x151
03-28 12:21:49.858 27279 27279 E ArmVmp : Match on catch block at 0xc3 in for 0x151
03-28 12:21:49.865 27279 27279 E ArmVmp : Match on catch block at 0xc3 in for 0x14d
03-28 12:21:49.869 27279 27279 E ArmVmp : Match on catch block at 0xc3 in for 0x151
03-28 12:21:49.884 27279 27279 E ArmVmp : Match on catch block at 0xc3 in for 0x151
03-28 12:21:49.891 27279 27279 E ArmVmp : Match on catch block at 0xc3 in for 0x14d
03-28 12:21:49.896 27279 27279 E ArmVmp : Match on catch block at 0xc3 in for 0x151
03-28 12:21:49.903 27279 27279 E ArmVmp : Match on catch block at 0xc3 in for 0x151
03-28 12:21:49.910 27279 27279 E ArmVmp : Match on catch block at 0xc3 in for 0x14d
03-28 12:21:49.913 27279 27279 E ArmVmp : Match on catch block at 0xc3 in for 0x151
03-28 12:21:49.921 27279 27279 E ArmVmp : Match on catch block at 0xc3 in for 0x151
03-28 12:21:49.928 27279 27279 E ArmVmp : Match on catch block at 0xc3 in for 0x14d
03-28 12:21:49.932 27279 27279 E ArmVmp : Match on catch block at 0xc3 in for 0x151
03-28 12:21:49.938 27279 27279 E ArmVmp : Match on catch block at 0xc3 in for 0x151
03-28 12:21:49.945 27279 27279 E ArmVmp : Match on catch block at 0xc3 in for 0x14d
03-28 12:21:49.950 27279 27279 E ArmVmp : Match on catch block at 0xc3 in for 0x151
03-28 12:21:49.956 27279 27279 E ArmVmp : Match on catch block at 0xc3 in for 0x151
03-28 12:21:49.962 27279 27279 E ArmVmp : Match on catch block at 0xc3 in for 0x14d
03-28 12:21:49.967 27279 27279 E ArmVmp : Match on catch block at 0xc3 in for 0x151
03-28 12:21:49.974 27279 27279 E ArmVmp : Match on catch block at 0xc3 in for 0x151
03-28 12:21:49.981 27279 27279 E ArmVmp : Match on catch block at 0xc3 in for 0x14d
03-28 12:21:49.985 27279 27279 E ArmVmp : Match on catch block at 0xc3 in for 0x151
03-28 12:21:50.000 27279 27279 E ArmVmp : Match on catch block at 0xc3 in for 0x151
03-28 12:21:50.007 27279 27279 E ArmVmp : Match on catch block at 0xc3 in for 0x14d
03-28 12:21:50.010 27279 27279 E ArmVmp : Match on catch block at 0xc3 in for 0x151
03-28 12:21:50.018 27279 27279 E ArmVmp : Match on catch block at 0xc3 in for 0x151
03-28 12:21:50.025 27279 27279 E ArmVmp : Match on catch block at 0xc3 in for 0x14d
03-28 12:21:50.029 27279 27279 E ArmVmp : Match on catch block at 0xc3 in for 0x151
03-28 12:21:50.117 27279 27279 E ArmVmp : Match on catch block at 0xc3 in for 0x151
03-28 12:21:50.122 27279 27279 E ArmVmp : Match on catch block at 0xc3 in for 0x14d
03-28 12:21:50.125 27279 27279 E ArmVmp : Match on catch block at 0xc3 in for 0x151
03-28 12:21:50.150 27279 27279 E ArmVmp : Match on catch block at 0xc3 in for 0x159
03-28 12:21:50.154 27279 27279 E ArmVmp : Match on catch block at 0xc3 in for 0x155
03-28 12:21:50.156 27279 27279 E ArmVmp : Match on catch block at 0xc3 in for 0x159
03-28 12:21:50.285 27279 27279 E ArmVmp : Match on catch block at 0xc3 in for 0x151
03-28 12:21:50.293 27279 27279 E ArmVmp : Match on catch block at 0xc3 in for 0x14d
03-28 12:21:50.297 27279 27279 E ArmVmp : Match on catch block at 0xc3 in for 0x151
03-28 12:21:50.326 27279 27279 E ArmVmp : Match on catch block at 0xc3 in for 0x141
03-28 12:21:50.334 27279 27279 E ArmVmp : Match on catch block at 0xc3 in for 0x159
03-28 12:21:50.338 27279 27279 E ArmVmp : Match on catch block at 0xc3 in for 0x141
03-28 12:21:50.394 27279 27279 E ArmVmp : Match on catch block at 0xc3 in for 0x159
03-28 12:21:50.400 27279 27279 E ArmVmp : Match on catch block at 0xc3 in for 0x155
03-28 12:21:50.414 27279 27279 E ArmVmp : Match on catch block at 0xc3 in for 0x149
03-28 12:21:50.417 27279 27279 E ArmVmp : Match on catch block at 0xc3 in for 0x145
03-28 12:21:50.475 27279 27279 E ArmVmp : Match on catch block at 0xc3 in for 0x149
03-28 12:21:50.479 27279 27279 E ArmVmp : Match on catch block at 0xc3 in for 0x145
03-28 12:21:50.493 27279 27279 E ArmVmp : Match on catch block at 0xc3 in for 0x145
03-28 12:21:50.495 27279 27279 E ArmVmp : Match on catch block at 0xc3 in for 0x141
03-28 12:21:50.518 27279 27279 E ArmVmp : Match on catch block at 0xc3 in for 0x159
03-28 12:21:50.521 27279 27279 E ArmVmp : Match on catch block at 0xc3 in for 0x155
03-28 12:21:50.537 27279 27279 E ArmVmp : Match on catch block at 0xc3 in for 0x145
03-28 12:21:50.539 27279 27279 E ArmVmp : Match on catch block at 0xc3 in for 0x141
03-28 12:21:50.560 27279 27342 W Parcel : Expecting binder but got null!
03-28 12:21:50.819 27279 27279 E ArmVmp : Match on catch block at 0xc3 in for 0x151
03-28 12:21:50.822 27279 27279 E ArmVmp : Match on catch block at 0xc3 in for 0x14d
03-28 12:21:50.836 27279 27279 E ArmVmp : Match on catch block at 0xc3 in for 0x145
03-28 12:21:50.839 27279 27279 E ArmVmp : Match on catch block at 0xc3 in for 0x141
03-28 12:21:50.842 27279 27354 W MediaPlayer: Use of stream types is deprecated for operations other than volume control
03-28 12:21:50.842 27279 27354 W MediaPlayer: See the documentation of setAudioStreamType() for what to use instead with android.media.AudioAttributes to qualify your playback use case
03-28 12:21:50.948 27279 27287 W com.mbwhatsapp: Cleared Reference was only reachable from finalizer (only reported once)
03-28 12:21:51.304 27279 27279 E ArmVmp : Match on catch block at 0xc3 in for 0x14d
03-28 12:21:51.307 27279 27279 E ArmVmp : Match on catch block at 0xc3 in for 0x149
03-28 12:21:51.327 27279 27279 E ArmVmp : Match on catch block at 0xc3 in for 0x141
03-28 12:21:51.332 27279 27279 E ArmVmp : Match on catch block at 0xc3 in for 0x159
03-28 12:21:51.358 27279 27279 E ArmVmp : Match on catch block at 0xc3 in for 0x159
03-28 12:21:51.360 27279 27279 E ArmVmp : Match on catch block at 0xc3 in for 0x155
03-28 12:21:51.772 27279 27279 E ArmVmp : Match on catch block at 0xc3 in for 0x155
03-28 12:21:51.774 27279 27279 E ArmVmp : Match on catch block at 0xc3 in for 0x151
03-28 12:21:51.782 27279 27279 E ArmVmp : Match on catch block at 0xc3 in for 0x145
03-28 12:21:51.786 27279 27279 E ArmVmp : Match on catch block at 0xc3 in for 0x141
03-28 12:21:51.865 27279 27279 E ArmVmp : Match on catch block at 0xc3 in for 0x151
03-28 12:21:51.867 27279 27279 E ArmVmp : Match on catch block at 0xc3 in for 0x14d
03-28 12:21:51.983 27279 27279 E ArmVmp : Match on catch block at 0xc3 in for 0x141
03-28 12:21:51.987 27279 27279 E ArmVmp : Match on catch block at 0xc3 in for 0x159
03-28 12:21:52.066 27279 27279 E ArmVmp : Match on catch block at 0xc3 in for 0x159
03-28 12:21:52.067 27279 27279 E ArmVmp : Match on catch block at 0xc3 in for 0x155
03-28 12:21:52.082 27279 27279 E ArmVmp : Match on catch block at 0xc3 in for 0x149
03-28 12:21:52.086 27279 27279 E ArmVmp : Match on catch block at 0xc3 in for 0x145
03-28 12:21:52.099 27279 27279 E ArmVmp : Match on catch block at 0xc3 in for 0x155
03-28 12:21:52.101 27279 27279 E ArmVmp : Match on catch block at 0xc3 in for 0x151
03-28 12:21:52.115 27279 27279 E ArmVmp : Match on catch block at 0xc3 in for 0x145
03-28 12:21:52.118 27279 27279 E ArmVmp : Match on catch block at 0xc3 in for 0x141
03-28 12:21:52.131 27279 27279 E ArmVmp : Match on catch block at 0xc3 in for 0x151
03-28 12:21:52.134 27279 27279 E ArmVmp : Match on catch block at 0xc3 in for 0x14d
03-28 12:21:52.152 27279 27279 E ArmVmp : Match on catch block at 0xc3 in for 0x159
03-28 12:21:52.156 27279 27279 E ArmVmp : Match on catch block at 0xc3 in for 0x155
03-28 12:21:52.175 27279 27279 E ArmVmp : Match on catch block at 0xc3 in for 0x149
03-28 12:21:52.176 27279 27279 E ArmVmp : Match on catch block at 0xc3 in for 0x145
03-28 12:21:52.197 27279 27279 E ArmVmp : Match on catch block at 0xc3 in for 0x155
03-28 12:21:52.198 27279 27279 E ArmVmp : Match on catch block at 0xc3 in for 0x151
03-28 12:21:52.217 27279 27279 E ArmVmp : Match on catch block at 0xc3 in for 0x149
03-28 12:21:52.218 27279 27279 E ArmVmp : Match on catch block at 0xc3 in for 0x145
03-28 12:21:52.273 27279 27279 E ArmVmp : Match on catch block at 0xc3 in for 0x159
03-28 12:21:52.274 27279 27279 E ArmVmp : Match on catch block at 0xc3 in for 0x155
03-28 12:21:52.308 27279 27279 E ArmVmp : Match on catch block at 0xc3 in for 0x149
03-28 12:21:52.310 27279 27279 E ArmVmp : Match on catch block at 0xc3 in for 0x145
03-28 12:21:52.336 27279 27279 E ArmVmp : Match on catch block at 0xc3 in for 0x145
03-28 12:21:52.337 27279 27279 E ArmVmp : Match on catch block at 0xc3 in for 0x141
03-28 12:21:52.351 27279 27279 E ArmVmp : Match on catch block at 0xc3 in for 0x149
03-28 12:21:52.352 27279 27279 E ArmVmp : Match on catch block at 0xc3 in for 0x145
03-28 12:21:52.667 27279 27279 E ArmVmp : Match on catch block at 0xc3 in for 0x151
03-28 12:21:52.669 27279 27279 E ArmVmp : Match on catch block at 0xc3 in for 0x14d
03-28 12:21:53.319 27279 27279 W libc : Access denied finding property "vendor.transsion.scroll_adjust.support"
03-28 12:21:53.319 27279 27279 W libc : Access denied finding property "vendor.transsion.scroll_adjust.support"
03-28 12:21:53.339 27279 27279 W libc : Access denied finding property "vendor.transsion.scroll_adjust.support"
03-28 12:21:53.339 27279 27279 W libc : Access denied finding property "vendor.transsion.scroll_adjust.support"
03-28 12:21:53.373 27279 27279 E ArmVmp : Match on catch block at 0x0a in for 0x191
03-28 12:21:53.374 27279 27279 E ArmVmp : Match on catch block at 0x0a in for 0x189
03-28 12:21:53.520 27279 27279 E ArmVmp : Match on catch block at 0xc3 in for 0x179
03-28 12:21:53.521 27279 27279 E ArmVmp : Match on catch block at 0xc3 in for 0x171
03-28 12:21:53.523 27279 27279 E ArmVmp : Match on catch block at 0xc3 in for 0x169
03-28 12:21:53.538 27279 27342 W Parcel : Expecting binder but got null!
03-28 12:21:53.551 27279 27279 E ArmVmp : Match on catch block at 0xc3 in for 0x145
03-28 12:21:53.552 27279 27279 E ArmVmp : Match on catch block at 0xc3 in for 0x141
03-28 12:21:53.553 27279 27279 E ArmVmp : Match on catch block at 0xc3 in for 0x145
03-28 12:21:53.570 27279 27279 E ArmVmp : Match on catch block at 0xc3 in for 0x141
03-28 12:21:53.571 27279 27279 E ArmVmp : Match on catch block at 0xc3 in for 0x159
03-28 12:21:53.572 27279 27279 E ArmVmp : Match on catch block at 0xc3 in for 0x141
03-28 12:21:53.596 27279 27279 E ArmVmp : Match on catch block at 0xc3 in for 0x149
03-28 12:21:53.598 27279 27279 E ArmVmp : Match on catch block at 0xc3 in for 0x145
03-28 12:21:53.599 27279 27279 E ArmVmp : Match on catch block at 0xc3 in for 0x149
03-28 12:21:53.612 27279 27279 E ArmVmp : Match on catch block at 0xc3 in for 0x159
03-28 12:21:53.613 27279 27279 E ArmVmp : Match on catch block at 0xc3 in for 0x155
03-28 12:21:53.614 27279 27279 E ArmVmp : Match on catch block at 0xc3 in for 0x159
03-28 12:21:53.623 27279 27279 E ArmVmp : Match on catch block at 0xc3 in for 0x151
03-28 12:21:53.625 27279 27279 E ArmVmp : Match on catch block at 0xc3 in for 0x14d
03-28 12:21:53.625 27279 27279 E ArmVmp : Match on catch block at 0xc3 in for 0x151
03-28 12:21:53.632 27279 27279 E ArmVmp : Match on catch block at 0xc3 in for 0x155
03-28 12:21:53.634 27279 27279 E ArmVmp : Match on catch block at 0xc3 in for 0x151
03-28 12:21:53.635 27279 27279 E ArmVmp : Match on catch block at 0xc3 in for 0x155
03-28 12:21:53.644 27279 27279 E ArmVmp : Match on catch block at 0xc3 in for 0x14d
03-28 12:21:53.647 27279 27279 E ArmVmp : Match on catch block at 0xc3 in for 0x149
03-28 12:21:53.649 27279 27279 E ArmVmp : Match on catch block at 0xc3 in for 0x14d
03-28 12:21:53.655 27279 27279 E ArmVmp : Match on catch block at 0xc3 in for 0x145
03-28 12:21:53.657 27279 27279 E ArmVmp : Match on catch block at 0xc3 in for 0x141
03-28 12:21:53.658 27279 27279 E ArmVmp : Match on catch block at 0xc3 in for 0x145
03-28 12:21:53.666 27279 27279 E ArmVmp : Match on catch block at 0xc3 in for 0x159
03-28 12:21:53.668 27279 27279 E ArmVmp : Match on catch block at 0xc3 in for 0x155
03-28 12:21:53.669 27279 27279 E ArmVmp : Match on catch block at 0xc3 in for 0x159
03-28 12:21:53.672 27279 27279 E ArmVmp : Match on catch block at 0xc3 in for 0x159
03-28 12:21:53.674 27279 27279 E ArmVmp : Match on catch block at 0xc3 in for 0x155
03-28 12:21:53.675 27279 27279 E ArmVmp : Match on catch block at 0xc3 in for 0x159
03-28 12:21:53.677 27279 27279 E ArmVmp : Match on catch block at 0xc3 in for 0x159
03-28 12:21:53.679 27279 27279 E ArmVmp : Match on catch block at 0xc3 in for 0x155
03-28 12:21:53.680 27279 27279 E ArmVmp : Match on catch block at 0xc3 in for 0x159
03-28 12:21:53.686 27279 27279 E ArmVmp : Match on catch block at 0xc3 in for 0x159
03-28 12:21:53.687 27279 27279 E ArmVmp : Match on catch block at 0xc3 in for 0x155
03-28 12:21:53.688 27279 27279 E ArmVmp : Match on catch block at 0xc3 in for 0x159
03-28 12:21:53.694 27279 27279 E ArmVmp : Match on catch block at 0xc3 in for 0x159
03-28 12:21:53.695 27279 27279 E ArmVmp : Match on catch block at 0xc3 in for 0x155
03-28 12:21:53.696 27279 27279 E ArmVmp : Match on catch block at 0xc3 in for 0x159
03-28 12:21:53.702 27279 27279 E ArmVmp : Match on catch block at 0xc3 in for 0x159
03-28 12:21:53.704 27279 27279 E ArmVmp : Match on catch block at 0xc3 in for 0x155
03-28 12:21:53.706 27279 27279 E ArmVmp : Match on catch block at 0xc3 in for 0x159
03-28 12:21:53.712 27279 27279 E ArmVmp : Match on catch block at 0xc3 in for 0x159
03-28 12:21:53.713 27279 27279 E ArmVmp : Match on catch block at 0xc3 in for 0x155
03-28 12:21:53.714 27279 27279 E ArmVmp : Match on catch block at 0xc3 in for 0x159
03-28 12:21:53.719 27279 27279 E ArmVmp : Match on catch block at 0xc3 in for 0x159
03-28 12:21:53.720 27279 27279 E ArmVmp : Match on catch block at 0xc3 in for 0x155
03-28 12:21:53.721 27279 27279 E ArmVmp : Match on catch block at 0xc3 in for 0x159
03-28 12:21:53.727 27279 27279 E ArmVmp : Match on catch block at 0xc3 in for 0x159
03-28 12:21:53.728 27279 27279 E ArmVmp : Match on catch block at 0xc3 in for 0x155
03-28 12:21:53.729 27279 27279 E ArmVmp : Match on catch block at 0xc3 in for 0x159
03-28 12:21:53.737 27279 27279 E ArmVmp : Match on catch block at 0xc3 in for 0x159
03-28 12:21:53.739 27279 27279 E ArmVmp : Match on catch block at 0xc3 in for 0x155
03-28 12:21:53.741 27279 27279 E ArmVmp : Match on catch block at 0xc3 in for 0x159
03-28 12:21:53.744 27279 27279 E ArmVmp : Match on catch block at 0xc3 in for 0x159
03-28 12:21:53.745 27279 27279 E ArmVmp : Match on catch block at 0xc3 in for 0x155
03-28 12:21:53.746 27279 27279 E ArmVmp : Match on catch block at 0xc3 in for 0x159
03-28 12:21:53.752 27279 27279 E ArmVmp : Match on catch block at 0xc3 in for 0x159
03-28 12:21:53.753 27279 27279 E ArmVmp : Match on catch block at 0xc3 in for 0x155
03-28 12:21:53.754 27279 27279 E ArmVmp : Match on catch block at 0xc3 in for 0x159
03-28 12:21:53.761 27279 27279 E ArmVmp : Match on catch block at 0xc3 in for 0x159
03-28 12:21:53.763 27279 27279 E ArmVmp : Match on catch block at 0xc3 in for 0x155
03-28 12:21:53.764 27279 27279 E ArmVmp : Match on catch block at 0xc3 in for 0x159
03-28 12:21:53.770 27279 27279 E ArmVmp : Match on catch block at 0xc3 in for 0x159
03-28 12:21:53.771 27279 27279 E ArmVmp : Match on catch block at 0xc3 in for 0x155
03-28 12:21:53.772 27279 27279 E ArmVmp : Match on catch block at 0xc3 in for 0x159
03-28 12:21:53.777 27279 27279 E ArmVmp : Match on catch block at 0xc3 in for 0x159
03-28 12:21:53.778 27279 27279 E ArmVmp : Match on catch block at 0xc3 in for 0x155
03-28 12:21:53.779 27279 27279 E ArmVmp : Match on catch block at 0xc3 in for 0x159
03-28 12:21:53.786 27279 27279 E ArmVmp : Match on catch block at 0xc3 in for 0x159
03-28 12:21:53.787 27279 27279 E ArmVmp : Match on catch block at 0xc3 in for 0x155
03-28 12:21:53.787 27279 27279 E ArmVmp : Match on catch block at 0xc3 in for 0x159
03-28 12:21:53.794 27279 27279 E ArmVmp : Match on catch block at 0xc3 in for 0x159
03-28 12:21:53.797 27279 27279 E ArmVmp : Match on catch block at 0xc3 in for 0x155
03-28 12:21:53.798 27279 27279 E ArmVmp : Match on catch block at 0xc3 in for 0x159
03-28 12:21:53.803 27279 27279 E ArmVmp : Match on catch block at 0xc3 in for 0x159
03-28 12:21:53.804 27279 27279 E ArmVmp : Match on catch block at 0xc3 in for 0x155
03-28 12:21:53.805 27279 27279 E ArmVmp : Match on catch block at 0xc3 in for 0x159
03-28 12:21:53.810 27279 27279 E ArmVmp : Match on catch block at 0xc3 in for 0x159
03-28 12:21:53.812 27279 27279 E ArmVmp : Match on catch block at 0xc3 in for 0x155
03-28 12:21:53.813 27279 27279 E ArmVmp : Match on catch block at 0xc3 in for 0x159
03-28 12:21:53.819 27279 27279 E ArmVmp : Match on catch block at 0xc3 in for 0x159
03-28 12:21:53.820 27279 27279 E ArmVmp : Match on catch block at 0xc3 in for 0x155
03-28 12:21:53.821 27279 27279 E ArmVmp : Match on catch block at 0xc3 in for 0x159
03-28 12:21:53.830 27279 27279 E ArmVmp : Match on catch block at 0xc3 in for 0x159
03-28 12:21:53.831 27279 27279 E ArmVmp : Match on catch block at 0xc3 in for 0x155
03-28 12:21:53.832 27279 27279 E ArmVmp : Match on catch block at 0xc3 in for 0x159
03-28 12:21:53.836 27279 27279 E ArmVmp : Match on catch block at 0xc3 in for 0x159
03-28 12:21:53.837 27279 27279 E ArmVmp : Match on catch block at 0xc3 in for 0x155
03-28 12:21:53.838 27279 27279 E ArmVmp : Match on catch block at 0xc3 in for 0x159
03-28 12:21:53.844 27279 27279 E ArmVmp : Match on catch block at 0xc3 in for 0x159
03-28 12:21:53.845 27279 27279 E ArmVmp : Match on catch block at 0xc3 in for 0x155
03-28 12:21:53.846 27279 27279 E ArmVmp : Match on catch block at 0xc3 in for 0x159
03-28 12:21:53.855 27279 27279 E ArmVmp : Match on catch block at 0xc3 in for 0x159
03-28 12:21:53.856 27279 27279 E ArmVmp : Match on catch block at 0xc3 in for 0x155
03-28 12:21:53.857 27279 27279 E ArmVmp : Match on catch block at 0xc3 in for 0x159
03-28 12:21:53.860 27279 27279 E ArmVmp : Match on catch block at 0xc3 in for 0x159
03-28 12:21:53.861 27279 27279 E ArmVmp : Match on catch block at 0xc3 in for 0x155
03-28 12:21:53.862 27279 27279 E ArmVmp : Match on catch block at 0xc3 in for 0x159
03-28 12:21:53.870 27279 27279 E ArmVmp : Match on catch block at 0xc3 in for 0x14d
03-28 12:21:53.871 27279 27279 E ArmVmp : Match on catch block at 0xc3 in for 0x149
03-28 12:21:53.872 27279 27279 E ArmVmp : Match on catch block at 0xc3 in for 0x14d
03-28 12:21:54.095 27279 27279 E ArmVmp : Match on catch block at 0xc3 in for 0x159
03-28 12:21:54.098 27279 27279 E ArmVmp : Match on catch block at 0xc3 in for 0x155
03-28 12:21:54.101 27279 27279 E ArmVmp : Match on catch block at 0xc3 in for 0x159
03-28 12:21:54.211 27279 27279 E ArmVmp : Match on catch block at 0xc3 in for 0x14d
03-28 12:21:54.214 27279 27279 E ArmVmp : Match on catch block at 0xc3 in for 0x149
03-28 12:21:54.217 27279 27279 E ArmVmp : Match on catch block at 0xc3 in for 0x14d
03-28 12:21:54.227 27279 27279 E ArmVmp : Match on catch block at 0xc3 in for 0x14d
03-28 12:21:54.230 27279 27279 E ArmVmp : Match on catch block at 0xc3 in for 0x149
03-28 12:21:54.231 27279 27279 E ArmVmp : Match on catch block at 0xc3 in for 0x14d
03-28 12:21:54.243 27279 27279 E ArmVmp : Match on catch block at 0xc3 in for 0x14d
03-28 12:21:54.245 27279 27279 E ArmVmp : Match on catch block at 0xc3 in for 0x149
03-28 12:21:54.246 27279 27279 E ArmVmp : Match on catch block at 0xc3 in for 0x14d
03-28 12:21:54.262 27279 27279 E ArmVmp : Match on catch block at 0xc3 in for 0x151
03-28 12:21:54.263 27279 27279 E ArmVmp : Match on catch block at 0xc3 in for 0x14d
03-28 12:21:54.264 27279 27279 E ArmVmp : Match on catch block at 0xc3 in for 0x151
03-28 12:21:54.277 27279 27279 E ArmVmp : Match on catch block at 0xc3 in for 0x149
03-28 12:21:54.279 27279 27279 E ArmVmp : Match on catch block at 0xc3 in for 0x145
03-28 12:21:54.281 27279 27279 E ArmVmp : Match on catch block at 0xc3 in for 0x149
03-28 12:21:54.298 27279 27279 E ArmVmp : Match on catch block at 0xc3 in for 0x155
03-28 12:21:54.300 27279 27279 E ArmVmp : Match on catch block at 0xc3 in for 0x151
03-28 12:21:54.302 27279 27279 E ArmVmp : Match on catch block at 0xc3 in for 0x155
03-28 12:21:54.311 27279 27279 E ArmVmp : Match on catch block at 0xc3 in for 0x155
03-28 12:21:54.312 27279 27279 E ArmVmp : Match on catch block at 0xc3 in for 0x151
03-28 12:21:54.313 27279 27279 E ArmVmp : Match on catch block at 0xc3 in for 0x155
03-28 12:21:54.315 27279 27279 W OnBackInvokedCallback: OnBackInvokedCallback is not enabled for the application.
03-28 12:21:54.315 27279 27279 W OnBackInvokedCallback: Set 'android:enableOnBackInvokedCallback="true"' in the application manifest.
03-28 12:21:54.327 27279 27279 E ArmVmp : Match on catch block at 0xc3 in for 0x155
03-28 12:21:54.328 27279 27279 E ArmVmp : Match on catch block at 0xc3 in for 0x151
03-28 12:21:54.329 27279 27279 E ArmVmp : Match on catch block at 0xc3 in for 0x155
03-28 12:21:54.344 27279 27279 E ArmVmp : Match on catch block at 0xc3 in for 0x155
03-28 12:21:54.348 27279 27279 E ArmVmp : Match on catch block at 0xc3 in for 0x151
03-28 12:21:54.349 27279 27279 E ArmVmp : Match on catch block at 0xc3 in for 0x155
03-28 12:21:54.360 27279 27279 E ArmVmp : Match on catch block at 0xc3 in for 0x155
03-28 12:21:54.362 27279 27279 E ArmVmp : Match on catch block at 0xc3 in for 0x151
03-28 12:21:54.363 27279 27279 E ArmVmp : Match on catch block at 0xc3 in for 0x155
03-28 12:21:54.397 27279 27279 E ArmVmp : Match on catch block at 0xc3 in for 0x155
03-28 12:21:54.399 27279 27279 E ArmVmp : Match on catch block at 0xc3 in for 0x151
03-28 12:21:54.401 27279 27279 E ArmVmp : Match on catch block at 0xc3 in for 0x155
03-28 12:21:54.425 27279 27279 E ArmVmp : Match on catch block at 0xc3 in for 0x14d
03-28 12:21:54.426 27279 27279 E ArmVmp : Match on catch block at 0xc3 in for 0x149
03-28 12:21:54.428 27279 27279 E ArmVmp : Match on catch block at 0xc3 in for 0x14d
03-28 12:21:54.437 27279 27354 W MediaPlayer: Use of stream types is deprecated for operations other than volume control
03-28 12:21:54.437 27279 27354 W MediaPlayer: See the documentation of setAudioStreamType() for what to use instead with android.media.AudioAttributes to qualify your playback use case
03-28 12:21:54.437 27279 27279 E ArmVmp : Match on catch block at 0xc3 in for 0x145
03-28 12:21:54.439 27279 27279 E ArmVmp : Match on catch block at 0xc3 in for 0x141
03-28 12:21:54.440 27279 27279 E ArmVmp : Match on catch block at 0xc3 in for 0x145
03-28 12:21:54.446 27279 27279 E ArmVmp : Match on catch block at 0xc3 in for 0x149
03-28 12:21:54.447 27279 27279 E ArmVmp : Match on catch block at 0xc3 in for 0x145
03-28 12:21:54.448 27279 27279 E ArmVmp : Match on catch block at 0xc3 in for 0x149
03-28 12:21:54.452 27279 27279 E ArmVmp : Match on catch block at 0xc3 in for 0x141
03-28 12:21:54.453 27279 27279 E ArmVmp : Match on catch block at 0xc3 in for 0x159
03-28 12:21:54.454 27279 27279 E ArmVmp : Match on catch block at 0xc3 in for 0x141
03-28 12:21:54.468 27279 27279 E ArmVmp : Match on catch block at 0xc3 in for 0x141
03-28 12:21:54.470 27279 27279 E ArmVmp : Match on catch block at 0xc3 in for 0x159
03-28 12:21:54.471 27279 27279 E ArmVmp : Match on catch block at 0xc3 in for 0x141
03-28 12:21:54.485 27279 27279 E ArmVmp : Match on catch block at 0xc3 in for 0x141
03-28 12:21:54.487 27279 27279 E ArmVmp : Match on catch block at 0xc3 in for 0x159
03-28 12:21:54.488 27279 27279 E ArmVmp : Match on catch block at 0xc3 in for 0x141
03-28 12:21:54.502 27279 27279 E ArmVmp : Match on catch block at 0xc3 in for 0x141
03-28 12:21:54.504 27279 27279 E ArmVmp : Match on catch block at 0xc3 in for 0x159
03-28 12:21:54.506 27279 27279 E ArmVmp : Match on catch block at 0xc3 in for 0x141
03-28 12:21:54.519 27279 27279 E ArmVmp : Match on catch block at 0xc3 in for 0x141
03-28 12:21:54.521 27279 27279 E ArmVmp : Match on catch block at 0xc3 in for 0x159
03-28 12:21:54.522 27279 27279 E ArmVmp : Match on catch block at 0xc3 in for 0x141
03-28 12:21:54.602 27279 27279 E ArmVmp : Match on catch block at 0xc3 in for 0x141
03-28 12:21:54.607 27279 27279 E ArmVmp : Match on catch block at 0xc3 in for 0x159
03-28 12:21:54.609 27279 27279 E ArmVmp : Match on catch block at 0xc3 in for 0x141
03-28 12:21:55.103 27279 27279 E ArmVmp : Match on catch block at 0xc3 in for 0x155
03-28 12:21:55.109 27279 27279 E ArmVmp : Match on catch block at 0xc3 in for 0x151
03-28 12:21:55.112 27279 27279 E ArmVmp : Match on catch block at 0xc3 in for 0x155
03-28 12:21:55.602 27279 27279 E ArmVmp : Match on catch block at 0xc3 in for 0x159
03-28 12:21:55.608 27279 27279 E ArmVmp : Match on catch block at 0xc3 in for 0x155
03-28 12:21:55.612 27279 27279 E ArmVmp : Match on catch block at 0xc3 in for 0x159
03-28 12:21:56.035 27279 27279 E ArmVmp : Match on catch block at 0xc3 in for 0x159
03-28 12:21:56.041 27279 27279 E ArmVmp : Match on catch block at 0xc3 in for 0x155
03-28 12:21:56.044 27279 27279 E ArmVmp : Match on catch block at 0xc3 in for 0x159
03-28 12:21:56.053 27279 27279 E ArmVmp : Match on catch block at 0xc3 in for 0x159
03-28 12:21:56.057 27279 27279 E ArmVmp : Match on catch block at 0xc3 in for 0x155
03-28 12:21:56.062 27279 27279 E ArmVmp : Match on catch block at 0xc3 in for 0x159
03-28 12:21:56.069 27279 27279 E ArmVmp : Match on catch block at 0xc3 in for 0x159
03-28 12:21:56.077 27279 27279 E ArmVmp : Match on catch block at 0xc3 in for 0x155
03-28 12:21:56.081 27279 27279 E ArmVmp : Match on catch block at 0xc3 in for 0x159
03-28 12:21:56.088 27279 27279 E ArmVmp : Match on catch block at 0xc3 in for 0x159
03-28 12:21:56.092 27279 27279 E ArmVmp : Match on catch block at 0xc3 in for 0x155
03-28 12:21:56.095 27279 27279 E ArmVmp : Match on catch block at 0xc3 in for 0x159
03-28 12:21:56.102 27279 27279 E ArmVmp : Match on catch block at 0xc3 in for 0x159
03-28 12:21:56.110 27279 27279 E ArmVmp : Match on catch block at 0xc3 in for 0x155
03-28 12:21:56.113 27279 27279 E ArmVmp : Match on catch block at 0xc3 in for 0x159
03-28 12:21:56.122 27279 27279 E ArmVmp : Match on catch block at 0xc3 in for 0x159
03-28 12:21:56.127 27279 27279 E ArmVmp : Match on catch block at 0xc3 in for 0x155
03-28 12:21:56.131 27279 27279 E ArmVmp : Match on catch block at 0xc3 in for 0x159
03-28 12:21:56.139 27279 27279 E ArmVmp : Match on catch block at 0xc3 in for 0x159
03-28 12:21:56.144 27279 27279 E ArmVmp : Match on catch block at 0xc3 in for 0x155
03-28 12:21:56.146 27279 27279 E ArmVmp : Match on catch block at 0xc3 in for 0x159
03-28 12:21:56.150 27279 27279 E ArmVmp : Match on catch block at 0xc3 in for 0x159
03-28 12:21:56.154 27279 27279 E ArmVmp : Match on catch block at 0xc3 in for 0x155
03-28 12:21:56.157 27279 27279 E ArmVmp : Match on catch block at 0xc3 in for 0x159
03-28 12:21:56.168 27279 27279 E ArmVmp : Match on catch block at 0xc3 in for 0x159
03-28 12:21:56.171 27279 27279 E ArmVmp : Match on catch block at 0xc3 in for 0x155
03-28 12:21:56.172 27279 27279 E ArmVmp : Match on catch block at 0xc3 in for 0x159
03-28 12:21:56.184 27279 27279 E ArmVmp : Match on catch block at 0xc3 in for 0x159
03-28 12:21:56.187 27279 27279 E ArmVmp : Match on catch block at 0xc3 in for 0x155
03-28 12:21:56.189 27279 27279 E ArmVmp : Match on catch block at 0xc3 in for 0x159
03-28 12:21:56.201 27279 27279 E ArmVmp : Match on catch block at 0xc3 in for 0x159
03-28 12:21:56.204 27279 27279 E ArmVmp : Match on catch block at 0xc3 in for 0x155
03-28 12:21:56.205 27279 27279 E ArmVmp : Match on catch block at 0xc3 in for 0x159
03-28 12:21:56.217 27279 27279 E ArmVmp : Match on catch block at 0xc3 in for 0x159
03-28 12:21:56.222 27279 27279 E ArmVmp : Match on catch block at 0xc3 in for 0x155
03-28 12:21:56.223 27279 27279 E ArmVmp : Match on catch block at 0xc3 in for 0x159
03-28 12:21:56.234 27279 27279 E ArmVmp : Match on catch block at 0xc3 in for 0x159
03-28 12:21:56.238 27279 27279 E ArmVmp : Match on catch block at 0xc3 in for 0x155
03-28 12:21:56.241 27279 27279 E ArmVmp : Match on catch block at 0xc3 in for 0x159
03-28 12:21:56.250 27279 27279 E ArmVmp : Match on catch block at 0xc3 in for 0x159
03-28 12:21:56.254 27279 27279 E ArmVmp : Match on catch block at 0xc3 in for 0x155
03-28 12:21:56.257 27279 27279 E ArmVmp : Match on catch block at 0xc3 in for 0x159
03-28 12:21:56.267 27279 27279 E ArmVmp : Match on catch block at 0xc3 in for 0x159
03-28 12:21:56.271 27279 27279 E ArmVmp : Match on catch block at 0xc3 in for 0x155
03-28 12:21:56.273 27279 27279 E ArmVmp : Match on catch block at 0xc3 in for 0x159
03-28 12:21:56.283 27279 27279 E ArmVmp : Match on catch block at 0xc3 in for 0x159
03-28 12:21:56.287 27279 27279 E ArmVmp : Match on catch block at 0xc3 in for 0x155
03-28 12:21:56.290 27279 27279 E ArmVmp : Match on catch block at 0xc3 in for 0x159
03-28 12:21:56.618 27279 27279 E ArmVmp : Match on catch block at 0xc3 in for 0x145
03-28 12:21:56.622 27279 27279 E ArmVmp : Match on catch block at 0xc3 in for 0x141
03-28 12:21:56.624 27279 27279 E ArmVmp : Match on catch block at 0xc3 in for 0x145
03-28 12:21:56.917 27279 27279 E ArmVmp : Match on catch block at 0xc3 in for 0x141
03-28 12:21:56.919 27279 27279 E ArmVmp : Match on catch block at 0xc3 in for 0x159
03-28 12:21:56.920 27279 27279 E ArmVmp : Match on catch block at 0xc3 in for 0x141
03-28 12:21:56.934 27279 27279 E ArmVmp : Match on catch block at 0xc3 in for 0x155
03-28 12:21:56.937 27279 27279 E ArmVmp : Match on catch block at 0xc3 in for 0x151
03-28 12:21:56.938 27279 27279 E ArmVmp : Match on catch block at 0xc3 in for 0x155
03-28 12:21:56.950 27279 27279 E ArmVmp : Match on catch block at 0xc3 in for 0x155
03-28 12:21:56.952 27279 27279 E ArmVmp : Match on catch block at 0xc3 in for 0x151
03-28 12:21:56.955 27279 27279 E ArmVmp : Match on catch block at 0xc3 in for 0x155
03-28 12:21:56.966 27279 27279 E ArmVmp : Match on catch block at 0xc3 in for 0x155
03-28 12:21:56.968 27279 27279 E ArmVmp : Match on catch block at 0xc3 in for 0x151
03-28 12:21:56.970 27279 27279 E ArmVmp : Match on catch block at 0xc3 in for 0x155
03-28 12:21:56.983 27279 27279 E ArmVmp : Match on catch block at 0xc3 in for 0x155
03-28 12:21:56.986 27279 27279 E ArmVmp : Match on catch block at 0xc3 in for 0x151
03-28 12:21:56.989 27279 27279 E ArmVmp : Match on catch block at 0xc3 in for 0x155
03-28 12:21:56.999 27279 27279 E ArmVmp : Match on catch block at 0xc3 in for 0x155
03-28 12:21:57.002 27279 27279 E ArmVmp : Match on catch block at 0xc3 in for 0x151
03-28 12:21:57.005 27279 27279 E ArmVmp : Match on catch block at 0xc3 in for 0x155
03-28 12:21:57.017 27279 27279 E ArmVmp : Match on catch block at 0xc3 in for 0x155
03-28 12:21:57.020 27279 27279 E ArmVmp : Match on catch block at 0xc3 in for 0x151
03-28 12:21:57.023 27279 27279 E ArmVmp : Match on catch block at 0xc3 in for 0x155
03-28 12:21:57.035 27279 27279 E ArmVmp : Match on catch block at 0xc3 in for 0x141
03-28 12:21:57.040 27279 27279 E ArmVmp : Match on catch block at 0xc3 in for 0x159
03-28 12:21:57.042 27279 27279 E ArmVmp : Match on catch block at 0xc3 in for 0x141
03-28 12:21:57.049 27279 27279 E ArmVmp : Match on catch block at 0xc3 in for 0x141
03-28 12:21:57.053 27279 27279 E ArmVmp : Match on catch block at 0xc3 in for 0x159
03-28 12:21:57.056 27279 27279 E ArmVmp : Match on catch block at 0xc3 in for 0x141
03-28 12:21:57.066 27279 27279 E ArmVmp : Match on catch block at 0xc3 in for 0x141
03-28 12:21:57.069 27279 27279 E ArmVmp : Match on catch block at 0xc3 in for 0x159
03-28 12:21:57.073 27279 27279 E ArmVmp : Match on catch block at 0xc3 in for 0x141
03-28 12:21:57.083 27279 27279 E ArmVmp : Match on catch block at 0xc3 in for 0x141
03-28 12:21:57.086 27279 27279 E ArmVmp : Match on catch block at 0xc3 in for 0x159
03-28 12:21:57.089 27279 27279 E ArmVmp : Match on catch block at 0xc3 in for 0x141
03-28 12:21:57.099 27279 27279 E ArmVmp : Match on catch block at 0xc3 in for 0x141
03-28 12:21:57.105 27279 27279 E ArmVmp : Match on catch block at 0xc3 in for 0x159
03-28 12:21:57.107 27279 27279 E ArmVmp : Match on catch block at 0xc3 in for 0x141
03-28 12:21:57.116 27279 27279 E ArmVmp : Match on catch block at 0xc3 in for 0x141
03-28 12:21:57.120 27279 27279 E ArmVmp : Match on catch block at 0xc3 in for 0x159
03-28 12:21:57.122 27279 27279 E ArmVmp : Match on catch block at 0xc3 in for 0x141
03-28 12:21:57.217 27279 27279 E ArmVmp : Match on catch block at 0xc3 in for 0x149
03-28 12:21:57.222 27279 27279 E ArmVmp : Match on catch block at 0xc3 in for 0x145
03-28 12:21:57.224 27279 27279 E ArmVmp : Match on catch block at 0xc3 in for 0x149
03-28 12:21:57.366 27279 27279 E ArmVmp : Match on catch block at 0xc3 in for 0x151
03-28 12:21:57.369 27279 27279 E ArmVmp : Match on catch block at 0xc3 in for 0x14d
03-28 12:21:57.371 27279 27279 E ArmVmp : Match on catch block at 0xc3 in for 0x151
03-28 12:21:57.466 27279 27279 E ArmVmp : Match on catch block at 0xc3 in for 0x145
03-28 12:21:57.473 27279 27279 E ArmVmp : Match on catch block at 0xc3 in for 0x141
03-28 12:21:57.474 27279 27279 E ArmVmp : Match on catch block at 0xc3 in for 0x145
03-28 12:21:57.949 27279 27279 E ArmVmp : Match on catch block at 0xc3 in for 0x14d
03-28 12:21:57.953 27279 27279 E ArmVmp : Match on catch block at 0xc3 in for 0x149
03-28 12:21:57.955 27279 27279 E ArmVmp : Match on catch block at 0xc3 in for 0x14d
03-28 12:21:58.032 27279 27279 E ArmVmp : Match on catch block at 0xc3 in for 0x155
03-28 12:21:58.036 27279 27279 E ArmVmp : Match on catch block at 0xc3 in for 0x151
03-28 12:21:58.038 27279 27279 E ArmVmp : Match on catch block at 0xc3 in for 0x155
03-28 12:21:58.148 27279 27279 E ArmVmp : Match on catch block at 0xc3 in for 0x141
03-28 12:21:58.152 27279 27279 E ArmVmp : Match on catch block at 0xc3 in for 0x159
03-28 12:21:58.155 27279 27279 E ArmVmp : Match on catch block at 0xc3 in for 0x141
03-28 12:21:58.298 27279 27279 E ArmVmp : Match on catch block at 0xc3 in for 0x149
03-28 12:21:58.302 27279 27279 E ArmVmp : Match on catch block at 0xc3 in for 0x145
03-28 12:21:58.304 27279 27279 E ArmVmp : Match on catch block at 0xc3 in for 0x149
03-28 12:21:58.381 27279 27279 E ArmVmp : Match on catch block at 0xc3 in for 0x159
03-28 12:21:58.384 27279 27279 E ArmVmp : Match on catch block at 0xc3 in for 0x155
03-28 12:21:58.385 27279 27279 E ArmVmp : Match on catch block at 0xc3 in for 0x159
03-28 12:21:58.765 27279 27279 E ArmVmp : Match on catch block at 0xc3 in for 0x145
03-28 12:21:58.768 27279 27279 E ArmVmp : Match on catch block at 0xc3 in for 0x141
03-28 12:21:58.770 27279 27279 E ArmVmp : Match on catch block at 0xc3 in for 0x145
03-28 12:21:58.782 27279 27279 E ArmVmp : Match on catch block at 0xc3 in for 0x145
03-28 12:21:58.788 27279 27279 E ArmVmp : Match on catch block at 0xc3 in for 0x141
03-28 12:21:58.790 27279 27279 E ArmVmp : Match on catch block at 0xc3 in for 0x145
03-28 12:21:59.017 27279 27279 E ArmVmp : Match on catch block at 0xc3 in for 0x14d
03-28 12:21:59.022 27279 27279 E ArmVmp : Match on catch block at 0xc3 in for 0x149
03-28 12:21:59.025 27279 27279 E ArmVmp : Match on catch block at 0xc3 in for 0x14d
03-28 12:21:59.515 27279 27279 E ArmVmp : Match on catch block at 0xc3 in for 0x14d
03-28 12:21:59.522 27279 27279 E ArmVmp : Match on catch block at 0xc3 in for 0x149
03-28 12:21:59.524 27279 27279 E ArmVmp : Match on catch block at 0xc3 in for 0x14d
03-28 12:22:00.014 27279 27279 E ArmVmp : Match on catch block at 0xc3 in for 0x14d
03-28 12:22:00.020 27279 27279 E ArmVmp : Match on catch block at 0xc3 in for 0x149
03-28 12:22:00.023 27279 27279 E ArmVmp : Match on catch block at 0xc3 in for 0x14d
03-28 12:22:00.081 27279 27279 E ArmVmp : Match on catch block at 0xc3 in for 0x155
03-28 12:22:00.091 27279 27279 E ArmVmp : Match on catch block at 0xc3 in for 0x151
03-28 12:22:00.093 27279 27279 E ArmVmp : Match on catch block at 0xc3 in for 0x155
03-28 12:22:00.282 27279 27279 E ArmVmp : Match on catch block at 0xc3 in for 0x141
03-28 12:22:00.289 27279 27279 E ArmVmp : Match on catch block at 0xc3 in for 0x159
03-28 12:22:00.294 27279 27279 E ArmVmp : Match on catch block at 0xc3 in for 0x141
03-28 12:22:00.447 27279 27279 E ArmVmp : Match on catch block at 0xc3 in for 0x149
03-28 12:22:00.451 27279 27279 E ArmVmp : Match on catch block at 0xc3 in for 0x145
03-28 12:22:00.454 27279 27279 E ArmVmp : Match on catch block at 0xc3 in for 0x149
