03-28 12:23:09.806 27279 27279 W RenderThread: type=1400 audit(0.0:40507): avc: denied { getattr } for name="dmabuf:" dev="dmabuf" ino=1 scontext=u:r:untrusted_app:s0:c225,c256,c512,c768 tcontext=u:object_r:unlabeled:s0 tclass=filesystem permissive=0 app=com.mbwhatsapp
03-28 12:23:09.906 27279 27329 E SQLiteDatabase: Error inserting transferred=1 media_job_uuid=0f7b98f8-f276-41c1-8be8-7ca6ea3d2702 transcoded=0 gif_attribution=0 first_scan_length=0 direct_path=/v/t62.7161- 24/32802387_439291705259264_2338571482552958739_n.enc?ccb=11- 4&oh=01_ASCbRfb5jxw7Jt_12iy2rKLnsPWyWoDmyltWdXsIbiYDzQ&oe=662C283D&_nc_sid=5e03e0 thumbnail_height_width_ratio=1.7777778 is_animated_sticker=0 file_hash=lUUiMdviE1gJxrWEeQZ1oyT0ZC1Af71ibso/Rcs0VnI= file_path=Media/.Statuses/a626d302cdaf40a8867f1f5d97d22b06.mp4 file_size=2030739 partial_media_hash=null face_x=0 face_y=0 height=1024 trim_to=0 media_key_timestamp=1711591981000 message_url=https://mmg.whatsapp.net/v/t62.7161- 24/32802387_439291705259264_2338571482552958739_n.enc?ccb=11- 4&oh=01_ASCbRfb5jxw7Jt_12iy2rKLnsPWyWoDmyltWdXsIbiYDzQ&oe=662C283D&_nc_sid=5e03e0&m ms3=true media_caption=null trim_from=0 mime_type=video/mp4 partial_media_enc_hash=null width=576 original_file_hash=null has_streaming_sidecar=1 autotransfer_retry_enabled=1 media_upload_handle=null message_row_id=181 multicast_id=null enc_file_hash=49G0owErp8Nbe6ZtSBb7AqxgvrvMm6jGrUBUJVdrONQ= mute_video=0 page_count=0 first_scan_sidecar=null suspicious_content=0 file_length=2030739 media_name=null media_duration=14 chat_row_id=20 media_key=[B@1950cee
03-28 12:23:09.906 27279 27329 E SQLiteDatabase: android.database.sqlite.SQLiteConstraintException: UNIQUE constraint failed: message_media.message_row_id (code 1555 SQLITE_CONSTRAINT_PRIMARYKEY)
03-28 12:23:09.906 27279 27329 E SQLiteDatabase: at android.database.sqlite.SQLiteConnection.nativeExecuteForLastInsertedRowId(Native Method)
03-28 12:23:09.906 27279 27329 E SQLiteDatabase: at android.database.sqlite.SQLiteConnection.executeForLastInsertedRowId(SQLiteConnecti on.java:961)
03-28 12:23:09.906 27279 27329 E SQLiteDatabase: at android.database.sqlite.SQLiteSession.executeForLastInsertedRowId(SQLiteSession.jav a:790)
03-28 12:23:09.906 27279 27329 E SQLiteDatabase: at android.database.sqlite.SQLiteStatement.executeInsert(SQLiteStatement.java:89)
03-28 12:23:09.906 27279 27329 E SQLiteDatabase: at android.database.sqlite.SQLiteDatabase.insertWithOnConflict(SQLiteDatabase.java:187 4)
03-28 12:23:09.906 27279 27329 E SQLiteDatabase: at android.database.sqlite.SQLiteDatabase.insert(SQLiteDatabase.java:1743)
03-28 12:23:09.906 27279 27329 E SQLiteDatabase: at X.2tm.A08(Unknown Source:6)
03-28 12:23:09.906 27279 27329 E SQLiteDatabase: at X.35Y.A07(Unknown Source:212)
03-28 12:23:09.906 27279 27329 E SQLiteDatabase: at X.3QF.A14(Unknown Source:470)
03-28 12:23:09.906 27279 27329 E SQLiteDatabase: at X.3gU.run(Unknown Source:982)
03-28 12:23:09.906 27279 27329 E SQLiteDatabase: at android.os.Handler.handleCallback(Handler.java:942)
03-28 12:23:09.906 27279 27329 E SQLiteDatabase: at android.os.Handler.dispatchMessage(Handler.java:99)
03-28 12:23:09.906 27279 27329 E SQLiteDatabase: at X.0zq.dispatchMessage(Unknown Source:4)
03-28 12:23:09.906 27279 27329 E SQLiteDatabase: at android.os.Looper.loopOnce(Looper.java:204)
03-28 12:23:09.906 27279 27329 E SQLiteDatabase: at android.os.Looper.loop(Looper.java:291)
03-28 12:23:09.906 27279 27329 E SQLiteDatabase: at android.os.HandlerThread.run(HandlerThread.java:67)
03-28 12:23:09.906 27279 27279 W RenderThread: type=1400 audit(0.0:40508): avc: denied { getattr } for name="dmabuf:" dev="dmabuf" ino=1 scontext=u:r:untrusted_app:s0:c225,c256,c512,c768 tcontext=u:object_r:unlabeled:s0 tclass=filesystem permissive=0 app=com.mbwhatsapp
03-28 12:23:09.906 27279 27279 W RenderThread: type=1400 audit(0.0:40509): avc: denied { getattr } for name="dmabuf:" dev="dmabuf" ino=1 scontext=u:r:untrusted_app:s0:c225,c256,c512,c768 tcontext=u:object_r:unlabeled:s0 tclass=filesystem permissive=0 app=com.mbwhatsapp
03-28 12:23:09.933 27279 27329 E SQLiteDatabase: Error inserting transferred=0 media_job_uuid=d2c3c945-61d2-4e7c-ada0-d4f365e2d0a8 transcoded=0 gif_attribution=0 first_scan_length=0 direct_path=/v/t62.7161- 24/35783942_1914993688920418_4074941219949981364_n.enc?ccb=11-4&oh=01_ASDIjA- uDQUX5t_NLwsNxJ9DLxK4FLmHzaGh-BlPIL2fbg&oe=662C5DD1&_nc_sid=5e03e0 thumbnail_height_width_ratio=1.3333334 is_animated_sticker=0 file_hash=wnSZ9rHmDa/AEYb8z/MAxQeAT9FqK3fvIcPVdBLfz+I= file_path=null file_size=0 partial_media_hash=null face_x=0 face_y=0 height=960 trim_to=0 media_key_timestamp=1711598842000 message_url=https://mmg.whatsapp.net/v/t62.7161- 24/35783942_1914993688920418_4074941219949981364_n.enc?ccb=11-4&oh=01_ASDIjA- uDQUX5t_NLwsNxJ9DLxK4FLmHzaGh-BlPIL2fbg&oe=662C5DD1&_nc_sid=5e03e0&mms3=true media_caption=null trim_from=0 mime_type=video/mp4 partial_media_enc_hash=null width=720 original_file_hash=null has_streaming_sidecar=1 autotransfer_retry_enabled=1 media_upload_handle=null message_row_id=204 multicast_id=null enc_file_hash=F5+2XlctrCiam1p1VFj6Sk4kgCC4u/5anXGxZUQmkOs= mute_video=0 page_count=0 first_scan_sidecar=null suspicious_content=0 file_length=1898552 media_name=null media_duration=30 chat_row_id=20 media_key=[B@3526173
03-28 12:23:09.933 27279 27329 E SQLiteDatabase: android.database.sqlite.SQLiteConstraintException: UNIQUE constraint failed: message_media.message_row_id (code 1555 SQLITE_CONSTRAINT_PRIMARYKEY)
03-28 12:23:09.933 27279 27329 E SQLiteDatabase: at android.database.sqlite.SQLiteConnection.nativeExecuteForLastInsertedRowId(Native Method)
03-28 12:23:09.933 27279 27329 E SQLiteDatabase: at android.database.sqlite.SQLiteConnection.executeForLastInsertedRowId(SQLiteConnecti on.java:961)
03-28 12:23:09.933 27279 27329 E SQLiteDatabase: at android.database.sqlite.SQLiteSession.executeForLastInsertedRowId(SQLiteSession.jav a:790)
03-28 12:23:09.933 27279 27329 E SQLiteDatabase: at android.database.sqlite.SQLiteStatement.executeInsert(SQLiteStatement.java:89)
03-28 12:23:09.933 27279 27329 E SQLiteDatabase: at android.database.sqlite.SQLiteDatabase.insertWithOnConflict(SQLiteDatabase.java:187 4)
03-28 12:23:09.933 27279 27329 E SQLiteDatabase: at android.database.sqlite.SQLiteDatabase.insert(SQLiteDatabase.java:1743)
03-28 12:23:09.933 27279 27329 E SQLiteDatabase: at X.2tm.A08(Unknown Source:6)
03-28 12:23:09.933 27279 27329 E SQLiteDatabase: at X.35Y.A07(Unknown Source:212)
03-28 12:23:09.933 27279 27329 E SQLiteDatabase: at X.3QF.A14(Unknown Source:470)
03-28 12:23:09.933 27279 27329 E SQLiteDatabase: at X.3gU.run(Unknown Source:982)
03-28 12:23:09.933 27279 27329 E SQLiteDatabase: at android.os.Handler.handleCallback(Handler.java:942)
03-28 12:23:09.933 27279 27329 E SQLiteDatabase: at android.os.Handler.dispatchMessage(Handler.java:99)
03-28 12:23:09.933 27279 27329 E SQLiteDatabase: at X.0zq.dispatchMessage(Unknown Source:4)
03-28 12:23:09.933 27279 27329 E SQLiteDatabase: at android.os.Looper.loopOnce(Looper.java:204)
03-28 12:23:09.933 27279 27329 E SQLiteDatabase: at android.os.Looper.loop(Looper.java:291)
03-28 12:23:09.933 27279 27329 E SQLiteDatabase: at android.os.HandlerThread.run(HandlerThread.java:67)
03-28 12:23:09.942 27279 27279 W RenderThread: type=1400 audit(0.0:40510): avc: denied { getattr } for name="dmabuf:" dev="dmabuf" ino=1 scontext=u:r:untrusted_app:s0:c225,c256,c512,c768 tcontext=u:object_r:unlabeled:s0 tclass=filesystem permissive=0 app=com.mbwhatsapp
03-28 12:23:10.028 27279 27329 E SQLiteDatabase: Error inserting transferred=0 media_job_uuid=2e3d18fe-d931-4557-8738-6b1ecc495425 transcoded=0 gif_attribution=0 first_scan_length=0 direct_path=/v/t62.7161- 24/30598637_1123091442442755_4886315699129822183_n.enc?ccb=11- 4&oh=01_ASAhZSSyi_sYseWiH3oeQ2Y25HE-xU1u-eE-XL3YePsgeg&oe=662C5C3C&_nc_sid=5e03e0 thumbnail_height_width_ratio=1.7777778 is_animated_sticker=0 file_hash=mY93MoFDANyEnQjdywO74e0YF1avkrA1P8jDiDKCyUg= file_path=null file_size=0 partial_media_hash=null face_x=0 face_y=0 height=1280 trim_to=0 media_key_timestamp=1711591980000 message_url=https://mmg.whatsapp.net/v/t62.7161- 24/30598637_1123091442442755_4886315699129822183_n.enc?ccb=11- 4&oh=01_ASAhZSSyi_sYseWiH3oeQ2Y25HE-xU1u-eE- XL3YePsgeg&oe=662C5C3C&_nc_sid=5e03e0&mms3=true media_caption=null trim_from=0 mime_type=video/mp4 partial_media_enc_hash=null width=720 original_file_hash=null has_streaming_sidecar=1 autotransfer_retry_enabled=1 media_upload_handle=null message_row_id=180 multicast_id=null enc_file_hash=S/R0U8lz7XH+D7qT84NnhBqQEKJsuniW4WnWmoleFO0= mute_video=0 page_count=0 first_scan_sidecar=null suspicious_content=0 file_length=5905053 media_name=null media_duration=15 chat_row_id=20 media_key=[B@c880247
03-28 12:23:10.028 27279 27329 E SQLiteDatabase: android.database.sqlite.SQLiteConstraintException: UNIQUE constraint failed: message_media.message_row_id (code 1555 SQLITE_CONSTRAINT_PRIMARYKEY)
03-28 12:23:10.028 27279 27329 E SQLiteDatabase: at android.database.sqlite.SQLiteConnection.nativeExecuteForLastInsertedRowId(Native Method)
03-28 12:23:10.028 27279 27329 E SQLiteDatabase: at android.database.sqlite.SQLiteConnection.executeForLastInsertedRowId(SQLiteConnecti on.java:961)
03-28 12:23:10.028 27279 27329 E SQLiteDatabase: at android.database.sqlite.SQLiteSession.executeForLastInsertedRowId(SQLiteSession.jav a:790)
03-28 12:23:10.028 27279 27329 E SQLiteDatabase: at android.database.sqlite.SQLiteStatement.executeInsert(SQLiteStatement.java:89)
03-28 12:23:10.028 27279 27329 E SQLiteDatabase: at android.database.sqlite.SQLiteDatabase.insertWithOnConflict(SQLiteDatabase.java:187 4)
03-28 12:23:10.028 27279 27329 E SQLiteDatabase: at android.database.sqlite.SQLiteDatabase.insert(SQLiteDatabase.java:1743)
03-28 12:23:10.028 27279 27329 E SQLiteDatabase: at X.2tm.A08(Unknown Source:6)
03-28 12:23:10.028 27279 27329 E SQLiteDatabase: at X.35Y.A07(Unknown Source:212)
03-28 12:23:10.028 27279 27329 E SQLiteDatabase: at X.3QF.A14(Unknown Source:470)
03-28 12:23:10.028 27279 27329 E SQLiteDatabase: at X.3gU.run(Unknown Source:982)
03-28 12:23:10.028 27279 27329 E SQLiteDatabase: at android.os.Handler.handleCallback(Handler.java:942)
03-28 12:23:10.028 27279 27329 E SQLiteDatabase: at android.os.Handler.dispatchMessage(Handler.java:99)
03-28 12:23:10.028 27279 27329 E SQLiteDatabase: at X.0zq.dispatchMessage(Unknown Source:4)
03-28 12:23:10.028 27279 27329 E SQLiteDatabase: at android.os.Looper.loopOnce(Looper.java:204)
03-28 12:23:10.028 27279 27329 E SQLiteDatabase: at android.os.Looper.loop(Looper.java:291)
03-28 12:23:10.028 27279 27329 E SQLiteDatabase: at android.os.HandlerThread.run(HandlerThread.java:67)
03-28 12:23:10.212 27279 27329 E SQLiteDatabase: Error inserting transferred=0 media_job_uuid=5355cf0f-1484-419d-9947-311d9ad6c72f transcoded=0 gif_attribution=0 first_scan_length=0 direct_path=/v/t62.7161- 24/31472208_726370683027775_4124718176869502175_n.enc?ccb=11- 4&oh=01_ASDQMFUSXu31lpz8MumfeyxjCMu-SKmyO-Hr1oYOgubk4A&oe=662BEDD3&_nc_sid=5e03e0 thumbnail_height_width_ratio=1.3333334 is_animated_sticker=0 file_hash=zujtrvwKMok/jwxUcjSPSG8mXENn0TnVIvRMS4nZCpk= file_path=null file_size=0 partial_media_hash=null face_x=0 face_y=0 height=640 trim_to=0 media_key_timestamp=1711563133000 message_url=https://mmg.whatsapp.net/v/t62.7161- 24/31472208_726370683027775_4124718176869502175_n.enc?ccb=11- 4&oh=01_ASDQMFUSXu31lpz8MumfeyxjCMu-SKmyO- Hr1oYOgubk4A&oe=662BEDD3&_nc_sid=5e03e0&mms3=true media_caption=null trim_from=0 mime_type=video/mp4 partial_media_enc_hash=null width=480 original_file_hash=null has_streaming_sidecar=1 autotransfer_retry_enabled=1 media_upload_handle=null message_row_id=129 multicast_id=null enc_file_hash=wIWjt7DGzAQKywbPw7995JKgFTf+K6I15J9xJeYxFbs= mute_video=0 page_count=0 first_scan_sidecar=null suspicious_content=0 file_length=2037614 media_name=null media_duration=15 chat_row_id=20 media_key=[B@9c6ea5
03-28 12:23:10.212 27279 27329 E SQLiteDatabase: android.database.sqlite.SQLiteConstraintException: UNIQUE constraint failed: message_media.message_row_id (code 1555 SQLITE_CONSTRAINT_PRIMARYKEY)
03-28 12:23:10.212 27279 27329 E SQLiteDatabase: at android.database.sqlite.SQLiteConnection.nativeExecuteForLastInsertedRowId(Native Method)
03-28 12:23:10.212 27279 27329 E SQLiteDatabase: at android.database.sqlite.SQLiteConnection.executeForLastInsertedRowId(SQLiteConnecti on.java:961)
03-28 12:23:10.212 27279 27329 E SQLiteDatabase: at android.database.sqlite.SQLiteSession.executeForLastInsertedRowId(SQLiteSession.jav a:790)
03-28 12:23:10.212 27279 27329 E SQLiteDatabase: at android.database.sqlite.SQLiteStatement.executeInsert(SQLiteStatement.java:89)
03-28 12:23:10.212 27279 27329 E SQLiteDatabase: at android.database.sqlite.SQLiteDatabase.insertWithOnConflict(SQLiteDatabase.java:187 4)
03-28 12:23:10.212 27279 27329 E SQLiteDatabase: at android.database.sqlite.SQLiteDatabase.insert(SQLiteDatabase.java:1743)
03-28 12:23:10.212 27279 27329 E SQLiteDatabase: at X.2tm.A08(Unknown Source:6)
03-28 12:23:10.212 27279 27329 E SQLiteDatabase: at X.35Y.A07(Unknown Source:212)
03-28 12:23:10.212 27279 27329 E SQLiteDatabase: at X.3QF.A14(Unknown Source:470)
03-28 12:23:10.212 27279 27329 E SQLiteDatabase: at X.3gU.run(Unknown Source:982)
03-28 12:23:10.212 27279 27329 E SQLiteDatabase: at android.os.Handler.handleCallback(Handler.java:942)
03-28 12:23:10.212 27279 27329 E SQLiteDatabase: at android.os.Handler.dispatchMessage(Handler.java:99)
03-28 12:23:10.212 27279 27329 E SQLiteDatabase: at X.0zq.dispatchMessage(Unknown Source:4)
03-28 12:23:10.212 27279 27329 E SQLiteDatabase: at android.os.Looper.loopOnce(Looper.java:204)
03-28 12:23:10.212 27279 27329 E SQLiteDatabase: at android.os.Looper.loop(Looper.java:291)
03-28 12:23:10.212 27279 27329 E SQLiteDatabase: at android.os.HandlerThread.run(HandlerThread.java:67)
03-28 12:23:10.387 27279 27342 W Parcel : Expecting binder but got null!
03-28 12:23:10.495 27279 28610 W Codec2Client: query -- param skipped: index = 1342179345.
03-28 12:23:10.495 27279 28610 W Codec2Client: query -- param skipped: index = 2415921170.
03-28 12:23:10.495 27279 28610 W Codec2Client: query -- param skipped: index = 1610614798.
03-28 12:23:10.497 27279 28620 W Codec2Client: query -- param skipped: index = 1342179345.
03-28 12:23:10.497 27279 28620 W Codec2Client: query -- param skipped: index = 2415921170.
03-28 12:23:10.497 27279 28620 W Codec2Client: query -- param skipped: index = 1610614798.
03-28 12:23:36.542 27279 27279 W com.mbwhatsapp: type=1400 audit(0.0:40544): avc: denied { search } for comm=4D65646961446F776E6C6F61642023 name="ppm" dev="proc" ino=4026531920 scontext=u:r:untrusted_app:s0:c225,c256,c512,c768 tcontext=u:object_r:proc_ppm:s0 tclass=dir permissive=0 app=com.mbwhatsapp
03-28 12:23:36.550 27279 27279 W com.mbwhatsapp: type=1400 audit(0.0:40545): avc: denied { search } for comm=4D65646961446F776E6C6F61642023 name="ppm" dev="proc" ino=4026531920 scontext=u:r:untrusted_app:s0:c225,c256,c512,c768 tcontext=u:object_r:proc_ppm:s0 tclass=dir permissive=0 app=com.mbwhatsapp
03-28 12:23:36.550 27279 27279 W com.mbwhatsapp: type=1400 audit(0.0:40546): avc: denied { search } for comm=4D65646961446F776E6C6F61642023 name="ppm" dev="proc" ino=4026531920 scontext=u:r:untrusted_app:s0:c225,c256,c512,c768 tcontext=u:object_r:proc_ppm:s0 tclass=dir permissive=0 app=com.mbwhatsapp
03-28 12:23:36.720 27279 27329 E SQLiteDatabase: Error inserting transferred=1 media_job_uuid=e2add11c-aa8b-446b-a18e-55f3df402aa4 transcoded=0 gif_attribution=0 first_scan_length=13573 direct_path=/v/t62.7118- 24/17636111_988488162839237_1557847852431946553_n.enc?ccb=11- 4&oh=01_ASBVcwRIDoemUMJ9nHpGwvGIzwi5g4g7aWFzBRAfCKv0UQ&oe=662C57C7&_nc_sid=5e03e0 thumbnail_height_width_ratio=1.7647059 is_animated_sticker=0 file_hash=lNc82VT8MWqFdf4aZ9qZjFhAPAkrRvZ7kI2jRMpZxGY= file_path=Media/MBWhatsApp Images/IMG-20240328-WA0020.jpg file_size=135589 partial_media_hash=sGOv+xNInwiVodVrRhYbN4uqN559THlSy/YQghBsqGg= face_x=0 face_y=0 height=1599 trim_to=0 media_key_timestamp=1711603409000 message_url=https://mmg.whatsapp.net/v/t62.7118- 24/17636111_988488162839237_1557847852431946553_n.enc?ccb=11- 4&oh=01_ASBVcwRIDoemUMJ9nHpGwvGIzwi5g4g7aWFzBRAfCKv0UQ&oe=662C57C7&_nc_sid=5e03e0&m ms3=true media_caption=null trim_from=0 mime_type=image/jpeg partial_media_enc_hash=null width=899 original_file_hash=null has_streaming_sidecar=1 autotransfer_retry_enabled=1 media_upload_handle=null message_row_id=270 multicast_id=null enc_file_hash=kkG8fPPgaN6ldYjKJiO4atKTVqAB+xouQjO5yHyNnTk= mute_video=0 page_count=0 first_scan_sidecar=[B@eba9f69 suspicious_content=0 file_length=135589 media_name=null media_duration=0 chat_row_id=2 media_key=[B@63e0dee
03-28 12:23:36.720 27279 27329 E SQLiteDatabase: android.database.sqlite.SQLiteConstraintException: UNIQUE constraint failed: message_media.message_row_id (code 1555 SQLITE_CONSTRAINT_PRIMARYKEY)
03-28 12:23:36.720 27279 27329 E SQLiteDatabase: at android.database.sqlite.SQLiteConnection.nativeExecuteForLastInsertedRowId(Native Method)
03-28 12:23:36.720 27279 27329 E SQLiteDatabase: at android.database.sqlite.SQLiteConnection.executeForLastInsertedRowId(SQLiteConnecti on.java:961)
03-28 12:23:36.720 27279 27329 E SQLiteDatabase: at android.database.sqlite.SQLiteSession.executeForLastInsertedRowId(SQLiteSession.jav a:790)
03-28 12:23:36.720 27279 27329 E SQLiteDatabase: at android.database.sqlite.SQLiteStatement.executeInsert(SQLiteStatement.java:89)
03-28 12:23:36.720 27279 27329 E SQLiteDatabase: at android.database.sqlite.SQLiteDatabase.insertWithOnConflict(SQLiteDatabase.java:187 4)
03-28 12:23:36.720 27279 27329 E SQLiteDatabase: at android.database.sqlite.SQLiteDatabase.insert(SQLiteDatabase.java:1743)
03-28 12:23:36.720 27279 27329 E SQLiteDatabase: at X.2tm.A08(Unknown Source:6)
03-28 12:23:36.720 27279 27329 E SQLiteDatabase: at X.35Y.A07(Unknown Source:212)
03-28 12:23:36.720 27279 27329 E SQLiteDatabase: at X.3QF.A14(Unknown Source:470)
03-28 12:23:36.720 27279 27329 E SQLiteDatabase: at X.3gU.run(Unknown Source:982)
03-28 12:23:36.720 27279 27329 E SQLiteDatabase: at android.os.Handler.handleCallback(Handler.java:942)
03-28 12:23:36.720 27279 27329 E SQLiteDatabase: at android.os.Handler.dispatchMessage(Handler.java:99)
03-28 12:23:36.720 27279 27329 E SQLiteDatabase: at X.0zq.dispatchMessage(Unknown Source:4)
03-28 12:23:36.720 27279 27329 E SQLiteDatabase: at android.os.Looper.loopOnce(Looper.java:204)
03-28 12:23:36.720 27279 27329 E SQLiteDatabase: at android.os.Looper.loop(Looper.java:291)
03-28 12:23:36.720 27279 27329 E SQLiteDatabase: at android.os.HandlerThread.run(HandlerThread.java:67)
03-28 12:23:39.117 27279 27330 E SQLiteDatabase: Error inserting transferred=1 media_job_uuid=e2add11c-aa8b-446b-a18e-55f3df402aa4 transcoded=0 gif_attribution=0 first_scan_length=13573 direct_path=/v/t62.7118- 24/17636111_988488162839237_1557847852431946553_n.enc?ccb=11- 4&oh=01_ASBVcwRIDoemUMJ9nHpGwvGIzwi5g4g7aWFzBRAfCKv0UQ&oe=662C57C7&_nc_sid=5e03e0 thumbnail_height_width_ratio=1.7647059 is_animated_sticker=0 file_hash=lNc82VT8MWqFdf4aZ9qZjFhAPAkrRvZ7kI2jRMpZxGY= file_path=Media/MBWhatsApp Images/IMG-20240328-WA0020.jpg file_size=135589 partial_media_hash=sGOv+xNInwiVodVrRhYbN4uqN559THlSy/YQghBsqGg= face_x=0 face_y=0 height=1599 trim_to=0 media_key_timestamp=1711603409000 message_url=https://mmg.whatsapp.net/v/t62.7118- 24/17636111_988488162839237_1557847852431946553_n.enc?ccb=11- 4&oh=01_ASBVcwRIDoemUMJ9nHpGwvGIzwi5g4g7aWFzBRAfCKv0UQ&oe=662C57C7&_nc_sid=5e03e0&m ms3=true media_caption=null trim_from=0 mime_type=image/jpeg partial_media_enc_hash=null width=899 original_file_hash=null has_streaming_sidecar=1 autotransfer_retry_enabled=1 media_upload_handle=null message_row_id=270 multicast_id=null enc_file_hash=kkG8fPPgaN6ldYjKJiO4atKTVqAB+xouQjO5yHyNnTk= mute_video=0 page_count=0 first_scan_sidecar=[B@eba9f69 suspicious_content=0 file_length=135589 media_name=null media_duration=0 chat_row_id=2 media_key=[B@63e0dee
03-28 12:23:39.117 27279 27330 E SQLiteDatabase: android.database.sqlite.SQLiteConstraintException: UNIQUE constraint failed: message_media.message_row_id (code 1555 SQLITE_CONSTRAINT_PRIMARYKEY)
03-28 12:23:39.117 27279 27330 E SQLiteDatabase: at android.database.sqlite.SQLiteConnection.nativeExecuteForLastInsertedRowId(Native Method)
03-28 12:23:39.117 27279 27330 E SQLiteDatabase: at android.database.sqlite.SQLiteConnection.executeForLastInsertedRowId(SQLiteConnecti on.java:961)
03-28 12:23:39.117 27279 27330 E SQLiteDatabase: at android.database.sqlite.SQLiteSession.executeForLastInsertedRowId(SQLiteSession.jav a:790)
03-28 12:23:39.117 27279 27330 E SQLiteDatabase: at android.database.sqlite.SQLiteStatement.executeInsert(SQLiteStatement.java:89)
03-28 12:23:39.117 27279 27330 E SQLiteDatabase: at android.database.sqlite.SQLiteDatabase.insertWithOnConflict(SQLiteDatabase.java:187 4)
03-28 12:23:39.117 27279 27330 E SQLiteDatabase: at android.database.sqlite.SQLiteDatabase.insert(SQLiteDatabase.java:1743)
03-28 12:23:39.117 27279 27330 E SQLiteDatabase: at X.2tm.A08(Unknown Source:6)
03-28 12:23:39.117 27279 27330 E SQLiteDatabase: at X.35Y.A07(Unknown Source:212)
03-28 12:23:39.117 27279 27330 E SQLiteDatabase: at X.3QF.A14(Unknown Source:470)
03-28 12:23:39.117 27279 27330 E SQLiteDatabase: at X.31e.A03(Unknown Source:174)
03-28 12:23:39.117 27279 27330 E SQLiteDatabase: at X.31e.A04(Unknown Source:134)
03-28 12:23:39.117 27279 27330 E SQLiteDatabase: at X.3Uz.A07(Unknown Source:136)
03-28 12:23:39.117 27279 27330 E SQLiteDatabase: at X.3Uz.A02(Unknown Source:692)
03-28 12:23:39.117 27279 27330 E SQLiteDatabase: at X.3eS.run(Unknown Source:4041)
03-28 12:23:39.117 27279 27330 E SQLiteDatabase: at android.os.Handler.handleCallback(Handler.java:942)
03-28 12:23:39.117 27279 27330 E SQLiteDatabase: at android.os.Handler.dispatchMessage(Handler.java:99)
03-28 12:23:39.117 27279 27330 E SQLiteDatabase: at X.0zr.dispatchMessage(Unknown Source:4)
03-28 12:23:39.117 27279 27330 E SQLiteDatabase: at android.os.Looper.loopOnce(Looper.java:204)
03-28 12:23:39.117 27279 27330 E SQLiteDatabase: at android.os.Looper.loop(Looper.java:291)
03-28 12:23:39.117 27279 27330 E SQLiteDatabase: at android.os.HandlerThread.run(HandlerThread.java:67)
03-28 12:23:52.712 27279 27279 E TranChoreographerImpl: skippedFrames: 754
03-28 12:24:30.591 27279 27279 E TranChoreographerImpl: skippedFrames: 651
03-28 12:24:31.426 27279 28728 E SQLiteDatabase: Error inserting dirty_version=-1 version=0 lt_hash=null collection_name=critical_unblock_low
03-28 12:24:31.426 27279 28728 E SQLiteDatabase: android.database.sqlite.SQLiteConstraintException: UNIQUE constraint failed: collection_versions.collection_name (code 1555 SQLITE_CONSTRAINT_PRIMARYKEY)
03-28 12:24:31.426 27279 28728 E SQLiteDatabase: at android.database.sqlite.SQLiteConnection.nativeExecuteForLastInsertedRowId(Native Method)
03-28 12:24:31.426 27279 28728 E SQLiteDatabase: at android.database.sqlite.SQLiteConnection.executeForLastInsertedRowId(SQLiteConnecti on.java:961)
03-28 12:24:31.426 27279 28728 E SQLiteDatabase: at android.database.sqlite.SQLiteSession.executeForLastInsertedRowId(SQLiteSession.jav a:790)
03-28 12:24:31.426 27279 28728 E SQLiteDatabase: at android.database.sqlite.SQLiteStatement.executeInsert(SQLiteStatement.java:89)
03-28 12:24:31.426 27279 28728 E SQLiteDatabase: at android.database.sqlite.SQLiteDatabase.insertWithOnConflict(SQLiteDatabase.java:187 4)
03-28 12:24:31.426 27279 28728 E SQLiteDatabase: at android.database.sqlite.SQLiteDatabase.insert(SQLiteDatabase.java:1743)
03-28 12:24:31.426 27279 28728 E SQLiteDatabase: at X.2tm.A08(Unknown Source:6)
03-28 12:24:31.426 27279 28728 E SQLiteDatabase: at X.2sR.A03(Unknown Source:39)
03-28 12:24:31.426 27279 28728 E SQLiteDatabase: at X.2sR.A04(Unknown Source:29)
03-28 12:24:31.426 27279 28728 E SQLiteDatabase: at X.3Uy.A01(Unknown Source:1345)
03-28 12:24:31.426 27279 28728 E SQLiteDatabase: at X.3Uy.A02(Unknown Source:93)
03-28 12:24:31.426 27279 28728 E SQLiteDatabase: at X.3g7.run(Unknown Source:259)
03-28 12:24:31.426 27279 28728 E SQLiteDatabase: at X.0yM.A1J(Unknown Source:2)
03-28 12:24:31.426 27279 28728 E SQLiteDatabase: at X.1nX.run(Unknown Source:91)
03-28 12:24:31.426 27279 28728 E SQLiteDatabase: at java.util.concurrent.ThreadPoolExecutor.runWorker(ThreadPoolExecutor.java:1137)
03-28 12:24:31.426 27279 28728 E SQLiteDatabase: at java.util.concurrent.ThreadPoolExecutor$Worker.run(ThreadPoolExecutor.java:637)
03-28 12:24:31.426 27279 28728 E SQLiteDatabase: at X.3gH.run(Unknown Source:1548)
03-28 12:24:31.426 27279 28728 E SQLiteDatabase: at java.lang.Thread.run(Thread.java:1012)
03-28 12:24:31.965 27279 29346 E SQLiteDatabase: Error inserting dirty_version=-1 version=0 lt_hash=null collection_name=critical_unblock_low
03-28 12:24:31.965 27279 29346 E SQLiteDatabase: android.database.sqlite.SQLiteConstraintException: UNIQUE constraint failed: collection_versions.collection_name (code 1555 SQLITE_CONSTRAINT_PRIMARYKEY)
03-28 12:24:31.965 27279 29346 E SQLiteDatabase: at android.database.sqlite.SQLiteConnection.nativeExecuteForLastInsertedRowId(Native Method)
03-28 12:24:31.965 27279 29346 E SQLiteDatabase: at android.database.sqlite.SQLiteConnection.executeForLastInsertedRowId(SQLiteConnecti on.java:961)
03-28 12:24:31.965 27279 29346 E SQLiteDatabase: at android.database.sqlite.SQLiteSession.executeForLastInsertedRowId(SQLiteSession.jav a:790)
03-28 12:24:31.965 27279 29346 E SQLiteDatabase: at android.database.sqlite.SQLiteStatement.executeInsert(SQLiteStatement.java:89)
03-28 12:24:31.965 27279 29346 E SQLiteDatabase: at android.database.sqlite.SQLiteDatabase.insertWithOnConflict(SQLiteDatabase.java:187 4)
03-28 12:24:31.965 27279 29346 E SQLiteDatabase: at android.database.sqlite.SQLiteDatabase.insert(SQLiteDatabase.java:1743)
03-28 12:24:31.965 27279 29346 E SQLiteDatabase: at X.2tm.A08(Unknown Source:6)
03-28 12:24:31.965 27279 29346 E SQLiteDatabase: at X.2sR.A03(Unknown Source:39)
03-28 12:24:31.965 27279 29346 E SQLiteDatabase: at X.2sR.A05(Unknown Source:14)
03-28 12:24:31.965 27279 29346 E SQLiteDatabase: at X.32N.A07(Unknown Source:2205)
03-28 12:24:31.965 27279 29346 E SQLiteDatabase: at X.32N.A06(Unknown Source:507)
03-28 12:24:31.965 27279 29346 E SQLiteDatabase: at X.3eA.run(Unknown Source:2207)
03-28 12:24:31.965 27279 29346 E SQLiteDatabase: at java.util.concurrent.ThreadPoolExecutor.runWorker(ThreadPoolExecutor.java:1137)
03-28 12:24:31.965 27279 29346 E SQLiteDatabase: at java.util.concurrent.ThreadPoolExecutor$Worker.run(ThreadPoolExecutor.java:637)
03-28 12:24:31.965 27279 29346 E SQLiteDatabase: at X.3gH.run(Unknown Source:1548)
03-28 12:24:31.965 27279 29346 E SQLiteDatabase: at java.lang.Thread.run(Thread.java:1012)
03-28 12:24:40.702 27279 29347 E SQLiteDatabase: Error inserting dirty_version=-1 version=0 lt_hash=null collection_name=critical_unblock_low
03-28 12:24:40.702 27279 29347 E SQLiteDatabase: android.database.sqlite.SQLiteConstraintException: UNIQUE constraint failed: collection_versions.collection_name (code 1555 SQLITE_CONSTRAINT_PRIMARYKEY)
03-28 12:24:40.702 27279 29347 E SQLiteDatabase: at android.database.sqlite.SQLiteConnection.nativeExecuteForLastInsertedRowId(Native Method)
03-28 12:24:40.702 27279 29347 E SQLiteDatabase: at android.database.sqlite.SQLiteConnection.executeForLastInsertedRowId(SQLiteConnecti on.java:961)
03-28 12:24:40.702 27279 29347 E SQLiteDatabase: at android.database.sqlite.SQLiteSession.executeForLastInsertedRowId(SQLiteSession.jav a:790)
03-28 12:24:40.702 27279 29347 E SQLiteDatabase: at android.database.sqlite.SQLiteStatement.executeInsert(SQLiteStatement.java:89)
03-28 12:24:40.702 27279 29347 E SQLiteDatabase: at android.database.sqlite.SQLiteDatabase.insertWithOnConflict(SQLiteDatabase.java:187 4)
03-28 12:24:40.702 27279 29347 E SQLiteDatabase: at android.database.sqlite.SQLiteDatabase.insert(SQLiteDatabase.java:1743)
03-28 12:24:40.702 27279 29347 E SQLiteDatabase: at X.2tm.A08(Unknown Source:6)
03-28 12:24:40.702 27279 29347 E SQLiteDatabase: at X.2sR.A03(Unknown Source:39)
03-28 12:24:40.702 27279 29347 E SQLiteDatabase: at X.2sR.A04(Unknown Source:29)
03-28 12:24:40.702 27279 29347 E SQLiteDatabase: at X.3Uy.A01(Unknown Source:1345)
03-28 12:24:40.702 27279 29347 E SQLiteDatabase: at X.3Uy.A02(Unknown Source:93)
03-28 12:24:40.702 27279 29347 E SQLiteDatabase: at X.3g7.run(Unknown Source:259)
03-28 12:24:40.702 27279 29347 E SQLiteDatabase: at X.0yM.A1J(Unknown Source:2)
03-28 12:24:40.702 27279 29347 E SQLiteDatabase: at X.1nX.run(Unknown Source:91)
03-28 12:24:40.702 27279 29347 E SQLiteDatabase: at java.util.concurrent.ThreadPoolExecutor.runWorker(ThreadPoolExecutor.java:1137)
03-28 12:24:40.702 27279 29347 E SQLiteDatabase: at java.util.concurrent.ThreadPoolExecutor$Worker.run(ThreadPoolExecutor.java:637)
03-28 12:24:40.702 27279 29347 E SQLiteDatabase: at X.3gH.run(Unknown Source:1548)
03-28 12:24:40.702 27279 29347 E SQLiteDatabase: at java.lang.Thread.run(Thread.java:1012)
03-28 12:24:41.154 27279 29346 E SQLiteDatabase: Error inserting dirty_version=-1 version=0 lt_hash=null collection_name=critical_unblock_low
03-28 12:24:41.154 27279 29346 E SQLiteDatabase: android.database.sqlite.SQLiteConstraintException: UNIQUE constraint failed: collection_versions.collection_name (code 1555 SQLITE_CONSTRAINT_PRIMARYKEY)
03-28 12:24:41.154 27279 29346 E SQLiteDatabase: at android.database.sqlite.SQLiteConnection.nativeExecuteForLastInsertedRowId(Native Method)
03-28 12:24:41.154 27279 29346 E SQLiteDatabase: at android.database.sqlite.SQLiteConnection.executeForLastInsertedRowId(SQLiteConnecti on.java:961)
03-28 12:24:41.154 27279 29346 E SQLiteDatabase: at android.database.sqlite.SQLiteSession.executeForLastInsertedRowId(SQLiteSession.jav a:790)
03-28 12:24:41.154 27279 29346 E SQLiteDatabase: at android.database.sqlite.SQLiteStatement.executeInsert(SQLiteStatement.java:89)
03-28 12:24:41.154 27279 29346 E SQLiteDatabase: at android.database.sqlite.SQLiteDatabase.insertWithOnConflict(SQLiteDatabase.java:187 4)
03-28 12:24:41.154 27279 29346 E SQLiteDatabase: at android.database.sqlite.SQLiteDatabase.insert(SQLiteDatabase.java:1743)
03-28 12:24:41.154 27279 29346 E SQLiteDatabase: at X.2tm.A08(Unknown Source:6)
03-28 12:24:41.154 27279 29346 E SQLiteDatabase: at X.2sR.A03(Unknown Source:39)
03-28 12:24:41.154 27279 29346 E SQLiteDatabase: at X.2sR.A05(Unknown Source:14)
03-28 12:24:41.154 27279 29346 E SQLiteDatabase: at X.32N.A07(Unknown Source:2205)
03-28 12:24:41.154 27279 29346 E SQLiteDatabase: at X.32N.A06(Unknown Source:507)
03-28 12:24:41.154 27279 29346 E SQLiteDatabase: at X.3eA.run(Unknown Source:2207)
03-28 12:24:41.154 27279 29346 E SQLiteDatabase: at java.util.concurrent.ThreadPoolExecutor.runWorker(ThreadPoolExecutor.java:1137)
03-28 12:24:41.154 27279 29346 E SQLiteDatabase: at java.util.concurrent.ThreadPoolExecutor$Worker.run(ThreadPoolExecutor.java:637)
03-28 12:24:41.154 27279 29346 E SQLiteDatabase: at X.3gH.run(Unknown Source:1548)
03-28 12:24:41.154 27279 29346 E SQLiteDatabase: at java.lang.Thread.run(Thread.java:1012)
03-28 12:24:43.399 27279 27279 W Choreographer: Frame time is 0.005059 now = 28500376445544 timestampNanos = 28500376450603 ms in the future! Check that graphics HAL is generating vsync timestamps using the correct timebase.
03-28 12:24:58.606 27279 27279 E TranChoreographerImpl: skippedFrames: 119
03-28 12:25:00.195 27279 27279 W libc : Access denied finding property "vendor.transsion.scroll_adjust.support"
03-28 12:25:00.196 27279 27279 W libc : Access denied finding property "vendor.transsion.scroll_adjust.support"
03-28 12:25:00.222 27279 27279 W libc : Access denied finding property "vendor.transsion.scroll_adjust.support"
03-28 12:25:00.222 27279 27279 W libc : Access denied finding property "vendor.transsion.scroll_adjust.support"
03-28 12:25:00.273 27279 27279 E ArmVmp : Match on catch block at 0x0a in for 0x18d
03-28 12:25:00.274 27279 27279 E ArmVmp : Match on catch block at 0x0a in for 0x185
03-28 12:25:00.346 27279 27279 W MessageThumbsTh: type=1400 audit(0.0:40646): avc: denied { search } for name="ppm" dev="proc" ino=4026531920 scontext=u:r:untrusted_app:s0:c225,c256,c512,c768 tcontext=u:object_r:proc_ppm:s0 tclass=dir permissive=0 app=com.mbwhatsapp
03-28 12:25:00.346 27279 27279 W MessageThumbsTh: type=1400 audit(0.0:40647): avc: denied { search } for name="ppm" dev="proc" ino=4026531920 scontext=u:r:untrusted_app:s0:c225,c256,c512,c768 tcontext=u:object_r:proc_ppm:s0 tclass=dir permissive=0 app=com.mbwhatsapp
03-28 12:25:00.416 27279 27279 E ArmVmp : Match on catch block at 0xc3 in for 0x171
03-28 12:25:00.418 27279 27279 E ArmVmp : Match on catch block at 0xc3 in for 0x169
03-28 12:25:00.419 27279 27279 E ArmVmp : Match on catch block at 0xc3 in for 0x161
03-28 12:25:00.438 27279 27279 W MessageThumbsTh: type=1400 audit(0.0:40648): avc: denied { search } for name="ppm" dev="proc" ino=4026531920 scontext=u:r:untrusted_app:s0:c225,c256,c512,c768 tcontext=u:object_r:proc_ppm:s0 tclass=dir permissive=0 app=com.mbwhatsapp
03-28 12:25:00.438 27279 27279 W MessageThumbsTh: type=1400 audit(0.0:40649): avc: denied { search } for name="ppm" dev="proc" ino=4026531920 scontext=u:r:untrusted_app:s0:c225,c256,c512,c768 tcontext=u:object_r:proc_ppm:s0 tclass=dir permissive=0 app=com.mbwhatsapp
03-28 12:25:00.443 27279 27342 W Parcel : Expecting binder but got null!
03-28 12:25:00.453 27279 27279 E ArmVmp : Match on catch block at 0xc3 in for 0x14d
03-28 12:25:00.454 27279 27279 E ArmVmp : Match on catch block at 0xc3 in for 0x149
03-28 12:25:00.455 27279 27279 E ArmVmp : Match on catch block at 0xc3 in for 0x14d
03-28 12:25:00.466 27279 27279 E ArmVmp : Match on catch block at 0xc3 in for 0x141
03-28 12:25:00.468 27279 27279 E ArmVmp : Match on catch block at 0xc3 in for 0x159
03-28 12:25:00.469 27279 27279 E ArmVmp : Match on catch block at 0xc3 in for 0x141
03-28 12:25:00.481 27279 27279 E ArmVmp : Match on catch block at 0xc3 in for 0x141
03-28 12:25:00.482 27279 27279 E ArmVmp : Match on catch block at 0xc3 in for 0x159
03-28 12:25:00.483 27279 27279 E ArmVmp : Match on catch block at 0xc3 in for 0x141
03-28 12:25:00.482 27279 27279 W MessageThumbsTh: type=1400 audit(0.0:40650): avc: denied { search } for name="ppm" dev="proc" ino=4026531920 scontext=u:r:untrusted_app:s0:c225,c256,c512,c768 tcontext=u:object_r:proc_ppm:s0 tclass=dir permissive=0 app=com.mbwhatsapp
03-28 12:25:00.491 27279 27279 E ArmVmp : Match on catch block at 0xc3 in for 0x145
03-28 12:25:00.492 27279 27279 E ArmVmp : Match on catch block at 0xc3 in for 0x141
03-28 12:25:00.493 27279 27279 E ArmVmp : Match on catch block at 0xc3 in for 0x145
03-28 12:25:00.498 27279 27279 E ArmVmp : Match on catch block at 0xc3 in for 0x159
03-28 12:25:00.500 27279 27279 E ArmVmp : Match on catch block at 0xc3 in for 0x155
03-28 12:25:00.501 27279 27279 E ArmVmp : Match on catch block at 0xc3 in for 0x159
03-28 12:25:00.503 27279 27279 E ArmVmp : Match on catch block at 0xc3 in for 0x159
03-28 12:25:00.506 27279 27279 E ArmVmp : Match on catch block at 0xc3 in for 0x155
03-28 12:25:00.509 27279 27279 E ArmVmp : Match on catch block at 0xc3 in for 0x159
03-28 12:25:00.512 27279 27279 E ArmVmp : Match on catch block at 0xc3 in for 0x159
03-28 12:25:00.516 27279 27279 E ArmVmp : Match on catch block at 0xc3 in for 0x155
03-28 12:25:00.517 27279 27279 E ArmVmp : Match on catch block at 0xc3 in for 0x159
03-28 12:25:00.520 27279 27279 E ArmVmp : Match on catch block at 0xc3 in for 0x159
03-28 12:25:00.522 27279 27279 E ArmVmp : Match on catch block at 0xc3 in for 0x155
03-28 12:25:00.524 27279 27279 E ArmVmp : Match on catch block at 0xc3 in for 0x159
03-28 12:25:00.531 27279 27279 E ArmVmp : Match on catch block at 0xc3 in for 0x145
03-28 12:25:00.532 27279 27279 E ArmVmp : Match on catch block at 0xc3 in for 0x141
03-28 12:25:00.533 27279 27279 E ArmVmp : Match on catch block at 0xc3 in for 0x145
03-28 12:25:00.538 27279 27279 E ArmVmp : Match on catch block at 0xc3 in for 0x145
03-28 12:25:00.539 27279 27279 E ArmVmp : Match on catch block at 0xc3 in for 0x141
03-28 12:25:00.540 27279 27279 E ArmVmp : Match on catch block at 0xc3 in for 0x145
03-28 12:25:00.545 27279 27279 E ArmVmp : Match on catch block at 0xc3 in for 0x145
03-28 12:25:00.547 27279 27279 E ArmVmp : Match on catch block at 0xc3 in for 0x141
03-28 12:25:00.548 27279 27279 E ArmVmp : Match on catch block at 0xc3 in for 0x145
03-28 12:25:00.556 27279 27279 E ArmVmp : Match on catch block at 0xc3 in for 0x14d
03-28 12:25:00.558 27279 27279 E ArmVmp : Match on catch block at 0xc3 in for 0x149
03-28 12:25:00.558 27279 27279 E ArmVmp : Match on catch block at 0xc3 in for 0x14d
03-28 12:25:00.562 27279 27279 E ArmVmp : Match on catch block at 0xc3 in for 0x14d
03-28 12:25:00.566 27279 27279 E ArmVmp : Match on catch block at 0xc3 in for 0x149
03-28 12:25:00.567 27279 27279 E ArmVmp : Match on catch block at 0xc3 in for 0x14d
03-28 12:25:00.570 27279 27279 E ArmVmp : Match on catch block at 0xc3 in for 0x14d
03-28 12:25:00.572 27279 27279 E ArmVmp : Match on catch block at 0xc3 in for 0x149
03-28 12:25:00.574 27279 27279 E ArmVmp : Match on catch block at 0xc3 in for 0x14d
03-28 12:25:00.590 27279 27279 E ArmVmp : Match on catch block at 0xc3 in for 0x159
03-28 12:25:00.593 27279 27279 E ArmVmp : Match on catch block at 0xc3 in for 0x155
03-28 12:25:00.594 27279 27279 E ArmVmp : Match on catch block at 0xc3 in for 0x159
03-28 12:25:00.597 27279 27279 E ArmVmp : Match on catch block at 0xc3 in for 0x159
03-28 12:25:00.598 27279 27279 E ArmVmp : Match on catch block at 0xc3 in for 0x155
03-28 12:25:00.599 27279 27279 E ArmVmp : Match on catch block at 0xc3 in for 0x159
03-28 12:25:00.978 27279 27279 E ArmVmp : Match on catch block at 0xc3 in for 0x151
03-28 12:25:00.979 27279 27279 E ArmVmp : Match on catch block at 0xc3 in for 0x14d
03-28 12:25:00.980 27279 27279 E ArmVmp : Match on catch block at 0xc3 in for 0x151
03-28 12:25:01.091 27279 27279 E ArmVmp : Match on catch block at 0xc3 in for 0x149
03-28 12:25:01.095 27279 27279 E ArmVmp : Match on catch block at 0xc3 in for 0x145
03-28 12:25:01.097 27279 27279 E ArmVmp : Match on catch block at 0xc3 in for 0x149
03-28 12:25:01.101 27279 27279 E ArmVmp : Match on catch block at 0xc3 in for 0x149
03-28 12:25:01.104 27279 27279 E ArmVmp : Match on catch block at 0xc3 in for 0x145
03-28 12:25:01.107 27279 27279 E ArmVmp : Match on catch block at 0xc3 in for 0x149
03-28 12:25:01.111 27279 27279 E ArmVmp : Match on catch block at 0xc3 in for 0x149
03-28 12:25:01.113 27279 27279 E ArmVmp : Match on catch block at 0xc3 in for 0x145
03-28 12:25:01.114 27279 27279 E ArmVmp : Match on catch block at 0xc3 in for 0x149
03-28 12:25:01.116 27279 27279 W OnBackInvokedCallback: OnBackInvokedCallback is not enabled for the application.
03-28 12:25:01.116 27279 27279 W OnBackInvokedCallback: Set 'android:enableOnBackInvokedCallback="true"' in the application manifest.
03-28 12:25:01.128 27279 27279 E ArmVmp : Match on catch block at 0xc3 in for 0x149
03-28 12:25:01.130 27279 27279 E ArmVmp : Match on catch block at 0xc3 in for 0x145
03-28 12:25:01.131 27279 27279 E ArmVmp : Match on catch block at 0xc3 in for 0x149
03-28 12:25:01.144 27279 27279 E ArmVmp : Match on catch block at 0xc3 in for 0x149
03-28 12:25:01.146 27279 27279 E ArmVmp : Match on catch block at 0xc3 in for 0x145
03-28 12:25:01.147 27279 27279 E ArmVmp : Match on catch block at 0xc3 in for 0x149
03-28 12:25:01.166 27279 27279 E ArmVmp : Match on catch block at 0xc3 in for 0x149
03-28 12:25:01.169 27279 27279 E ArmVmp : Match on catch block at 0xc3 in for 0x145
03-28 12:25:01.171 27279 27279 E ArmVmp : Match on catch block at 0xc3 in for 0x149
03-28 12:25:01.178 27279 27279 E ArmVmp : Match on catch block at 0xc3 in for 0x149
03-28 12:25:01.181 27279 27279 E ArmVmp : Match on catch block at 0xc3 in for 0x145
03-28 12:25:01.182 27279 27279 E ArmVmp : Match on catch block at 0xc3 in for 0x149
03-28 12:25:01.195 27279 27279 E ArmVmp : Match on catch block at 0xc3 in for 0x149
03-28 12:25:01.197 27279 27279 E ArmVmp : Match on catch block at 0xc3 in for 0x145
03-28 12:25:01.198 27279 27279 E ArmVmp : Match on catch block at 0xc3 in for 0x149
03-28 12:25:01.212 27279 27279 E ArmVmp : Match on catch block at 0xc3 in for 0x149
03-28 12:25:01.215 27279 27279 E ArmVmp : Match on catch block at 0xc3 in for 0x145
03-28 12:25:01.217 27279 27279 E ArmVmp : Match on catch block at 0xc3 in for 0x149
03-28 12:25:01.228 27279 27279 E ArmVmp : Match on catch block at 0xc3 in for 0x149
03-28 12:25:01.230 27279 27279 E ArmVmp : Match on catch block at 0xc3 in for 0x145
03-28 12:25:01.232 27279 27279 E ArmVmp : Match on catch block at 0xc3 in for 0x149
03-28 12:25:01.245 27279 27279 E ArmVmp : Match on catch block at 0xc3 in for 0x149
03-28 12:25:01.248 27279 27279 E ArmVmp : Match on catch block at 0xc3 in for 0x145
03-28 12:25:01.250 27279 27279 E ArmVmp : Match on catch block at 0xc3 in for 0x149
03-28 12:25:01.262 27279 27279 E ArmVmp : Match on catch block at 0xc3 in for 0x149
03-28 12:25:01.265 27279 27279 E ArmVmp : Match on catch block at 0xc3 in for 0x145
03-28 12:25:01.267 27279 27279 E ArmVmp : Match on catch block at 0xc3 in for 0x149
03-28 12:25:01.278 27279 27279 E ArmVmp : Match on catch block at 0xc3 in for 0x149
03-28 12:25:01.281 27279 27279 E ArmVmp : Match on catch block at 0xc3 in for 0x145
03-28 12:25:01.283 27279 27279 E ArmVmp : Match on catch block at 0xc3 in for 0x149
03-28 12:25:01.295 27279 27279 E ArmVmp : Match on catch block at 0xc3 in for 0x149
03-28 12:25:01.298 27279 27279 E ArmVmp : Match on catch block at 0xc3 in for 0x145
03-28 12:25:01.299 27279 27279 E ArmVmp : Match on catch block at 0xc3 in for 0x149
03-28 12:25:01.312 27279 27279 E ArmVmp : Match on catch block at 0xc3 in for 0x149
03-28 12:25:01.315 27279 27279 E ArmVmp : Match on catch block at 0xc3 in for 0x145
03-28 12:25:01.316 27279 27279 E ArmVmp : Match on catch block at 0xc3 in for 0x149
03-28 12:25:01.328 27279 27279 E ArmVmp : Match on catch block at 0xc3 in for 0x149
03-28 12:25:01.331 27279 27279 E ArmVmp : Match on catch block at 0xc3 in for 0x145
03-28 12:25:01.333 27279 27279 E ArmVmp : Match on catch block at 0xc3 in for 0x149
03-28 12:25:01.345 27279 27279 E ArmVmp : Match on catch block at 0xc3 in for 0x149
03-28 12:25:01.348 27279 27279 E ArmVmp : Match on catch block at 0xc3 in for 0x145
03-28 12:25:01.350 27279 27279 E ArmVmp : Match on catch block at 0xc3 in for 0x149
03-28 12:25:01.362 27279 27279 E ArmVmp : Match on catch block at 0xc3 in for 0x149
03-28 12:25:01.365 27279 27279 E ArmVmp : Match on catch block at 0xc3 in for 0x145
03-28 12:25:01.366 27279 27279 E ArmVmp : Match on catch block at 0xc3 in for 0x149
03-28 12:25:01.378 27279 27279 E ArmVmp : Match on catch block at 0xc3 in for 0x149
03-28 12:25:01.381 27279 27279 E ArmVmp : Match on catch block at 0xc3 in for 0x145
03-28 12:25:01.383 27279 27279 E ArmVmp : Match on catch block at 0xc3 in for 0x149
03-28 12:25:01.395 27279 27279 E ArmVmp : Match on catch block at 0xc3 in for 0x149
03-28 12:25:01.398 27279 27279 E ArmVmp : Match on catch block at 0xc3 in for 0x145
03-28 12:25:01.400 27279 27279 E ArmVmp : Match on catch block at 0xc3 in for 0x149
03-28 12:25:01.412 27279 27279 E ArmVmp : Match on catch block at 0xc3 in for 0x149
03-28 12:25:01.415 27279 27279 E ArmVmp : Match on catch block at 0xc3 in for 0x145
03-28 12:25:01.417 27279 27279 E ArmVmp : Match on catch block at 0xc3 in for 0x149
03-28 12:25:01.428 27279 27279 E ArmVmp : Match on catch block at 0xc3 in for 0x149
03-28 12:25:01.431 27279 27279 E ArmVmp : Match on catch block at 0xc3 in for 0x145
03-28 12:25:01.432 27279 27279 E ArmVmp : Match on catch block at 0xc3 in for 0x149
03-28 12:25:01.478 27279 27279 E ArmVmp : Match on catch block at 0xc3 in for 0x151
03-28 12:25:01.481 27279 27279 E ArmVmp : Match on catch block at 0xc3 in for 0x14d
03-28 12:25:01.482 27279 27279 E ArmVmp : Match on catch block at 0xc3 in for 0x151
03-28 12:25:01.847 27279 27279 E ArmVmp : Match on catch block at 0xc3 in for 0x14d
03-28 12:25:01.850 27279 27279 E ArmVmp : Match on catch block at 0xc3 in for 0x149
03-28 12:25:01.851 27279 27279 E ArmVmp : Match on catch block at 0xc3 in for 0x14d
03-28 12:25:01.861 27279 27279 E ArmVmp : Match on catch block at 0xc3 in for 0x149
03-28 12:25:01.863 27279 27279 E ArmVmp : Match on catch block at 0xc3 in for 0x145
03-28 12:25:01.865 27279 27279 E ArmVmp : Match on catch block at 0xc3 in for 0x149
03-28 12:25:01.878 27279 27279 E ArmVmp : Match on catch block at 0xc3 in for 0x149
03-28 12:25:01.880 27279 27279 E ArmVmp : Match on catch block at 0xc3 in for 0x145
03-28 12:25:01.881 27279 27279 E ArmVmp : Match on catch block at 0xc3 in for 0x149
03-28 12:25:01.894 27279 27279 E ArmVmp : Match on catch block at 0xc3 in for 0x149
03-28 12:25:01.897 27279 27279 E ArmVmp : Match on catch block at 0xc3 in for 0x145
03-28 12:25:01.899 27279 27279 E ArmVmp : Match on catch block at 0xc3 in for 0x149
03-28 12:25:01.911 27279 27279 E ArmVmp : Match on catch block at 0xc3 in for 0x151
03-28 12:25:01.914 27279 27279 E ArmVmp : Match on catch block at 0xc3 in for 0x14d
03-28 12:25:01.915 27279 27279 E ArmVmp : Match on catch block at 0xc3 in for 0x151
03-28 12:25:01.928 27279 27279 E ArmVmp : Match on catch block at 0xc3 in for 0x151
03-28 12:25:01.930 27279 27279 E ArmVmp : Match on catch block at 0xc3 in for 0x14d
03-28 12:25:01.933 27279 27279 E ArmVmp : Match on catch block at 0xc3 in for 0x151
03-28 12:25:01.944 27279 27279 E ArmVmp : Match on catch block at 0xc3 in for 0x151
03-28 12:25:01.947 27279 27279 E ArmVmp : Match on catch block at 0xc3 in for 0x14d
03-28 12:25:01.949 27279 27279 E ArmVmp : Match on catch block at 0xc3 in for 0x151
03-28 12:25:01.962 27279 27279 E ArmVmp : Match on catch block at 0xc3 in for 0x151
03-28 12:25:01.965 27279 27279 E ArmVmp : Match on catch block at 0xc3 in for 0x14d
03-28 12:25:01.967 27279 27279 E ArmVmp : Match on catch block at 0xc3 in for 0x151
03-28 12:25:01.977 27279 27279 E ArmVmp : Match on catch block at 0xc3 in for 0x151
03-28 12:25:01.980 27279 27279 E ArmVmp : Match on catch block at 0xc3 in for 0x14d
03-28 12:25:01.981 27279 27279 E ArmVmp : Match on catch block at 0xc3 in for 0x151
03-28 12:25:01.994 27279 27279 E ArmVmp : Match on catch block at 0xc3 in for 0x151
03-28 12:25:01.997 27279 27279 E ArmVmp : Match on catch block at 0xc3 in for 0x14d
03-28 12:25:01.998 27279 27279 E ArmVmp : Match on catch block at 0xc3 in for 0x151
03-28 12:25:02.010 27279 27279 E ArmVmp : Match on catch block at 0xc3 in for 0x151
03-28 12:25:02.012 27279 27279 E ArmVmp : Match on catch block at 0xc3 in for 0x14d
03-28 12:25:02.014 27279 27279 E ArmVmp : Match on catch block at 0xc3 in for 0x151
03-28 12:25:02.027 27279 27279 E ArmVmp : Match on catch block at 0xc3 in for 0x151
03-28 12:25:02.030 27279 27279 E ArmVmp : Match on catch block at 0xc3 in for 0x14d
03-28 12:25:02.032 27279 27279 E ArmVmp : Match on catch block at 0xc3 in for 0x151
03-28 12:25:02.045 27279 27279 E ArmVmp : Match on catch block at 0xc3 in for 0x151
03-28 12:25:02.048 27279 27279 E ArmVmp : Match on catch block at 0xc3 in for 0x14d
03-28 12:25:02.050 27279 27279 E ArmVmp : Match on catch block at 0xc3 in for 0x151
03-28 12:25:02.094 27279 27279 E ArmVmp : Match on catch block at 0xc3 in for 0x145
03-28 12:25:02.098 27279 27279 E ArmVmp : Match on catch block at 0xc3 in for 0x141
03-28 12:25:02.100 27279 27279 E ArmVmp : Match on catch block at 0xc3 in for 0x145
03-28 12:25:02.278 27279 27279 E ArmVmp : Match on catch block at 0xc3 in for 0x159
03-28 12:25:02.284 27279 27279 E ArmVmp : Match on catch block at 0xc3 in for 0x155
03-28 12:25:02.289 27279 27279 E ArmVmp : Match on catch block at 0xc3 in for 0x159
03-28 12:25:02.444 27279 27279 E ArmVmp : Match on catch block at 0xc3 in for 0x14d
03-28 12:25:02.448 27279 27279 E ArmVmp : Match on catch block at 0xc3 in for 0x149
03-28 12:25:02.451 27279 27279 E ArmVmp : Match on catch block at 0xc3 in for 0x14d
03-28 12:25:02.545 27279 27279 E ArmVmp : Match on catch block at 0xc3 in for 0x14d
03-28 12:25:02.549 27279 27279 E ArmVmp : Match on catch block at 0xc3 in for 0x149
03-28 12:25:02.551 27279 27279 E ArmVmp : Match on catch block at 0xc3 in for 0x14d
03-28 12:25:02.777 27279 27279 E ArmVmp : Match on catch block at 0xc3 in for 0x141
03-28 12:25:02.780 27279 27279 E ArmVmp : Match on catch block at 0xc3 in for 0x159
03-28 12:25:02.782 27279 27279 E ArmVmp : Match on catch block at 0xc3 in for 0x141
03-28 12:25:02.794 27279 27279 E ArmVmp : Match on catch block at 0xc3 in for 0x141
03-28 12:25:02.798 27279 27279 E ArmVmp : Match on catch block at 0xc3 in for 0x159
03-28 12:25:02.801 27279 27279 E ArmVmp : Match on catch block at 0xc3 in for 0x141
03-28 12:25:02.810 27279 27279 E ArmVmp : Match on catch block at 0xc3 in for 0x141
03-28 12:25:02.814 27279 27279 E ArmVmp : Match on catch block at 0xc3 in for 0x159
03-28 12:25:02.816 27279 27279 E ArmVmp : Match on catch block at 0xc3 in for 0x141
03-28 12:25:02.827 27279 27279 E ArmVmp : Match on catch block at 0xc3 in for 0x141
03-28 12:25:02.831 27279 27279 E ArmVmp : Match on catch block at 0xc3 in for 0x159
03-28 12:25:02.832 27279 27279 E ArmVmp : Match on catch block at 0xc3 in for 0x141
03-28 12:25:02.843 27279 27279 E ArmVmp : Match on catch block at 0xc3 in for 0x141
03-28 12:25:02.847 27279 27279 E ArmVmp : Match on catch block at 0xc3 in for 0x159
03-28 12:25:02.849 27279 27279 E ArmVmp : Match on catch block at 0xc3 in for 0x141
03-28 12:25:02.860 27279 27279 E ArmVmp : Match on catch block at 0xc3 in for 0x141
03-28 12:25:02.865 27279 27279 E ArmVmp : Match on catch block at 0xc3 in for 0x159
03-28 12:25:02.867 27279 27279 E ArmVmp : Match on catch block at 0xc3 in for 0x141
03-28 12:25:02.876 27279 27279 E ArmVmp : Match on catch block at 0xc3 in for 0x145
