03-28 06:33:28.001 16564 25532 E SQLiteDatabase: at java.lang.Thread.run(Thread.java:1012)
03-28 06:34:55.923 16564 17083 W WM-Processor: Didn't find WorkSpec for id WorkGenerationalId(workSpecId=e6f11778-930e-49a9-87ff-473cbc285682, generation=0)
03-28 06:34:55.925 16564 17083 W WM-Processor: Didn't find WorkSpec for id WorkGenerationalId(workSpecId=e6f11778-930e-49a9-87ff-473cbc285682, generation=0)
03-28 06:34:55.926 16564 17083 W WM-Processor: Didn't find WorkSpec for id WorkGenerationalId(workSpecId=e6f11778-930e-49a9-87ff-473cbc285682, generation=0)
03-28 07:07:41.192 16564 16564 W pool-15-thread-: type=1400 audit(0.0:35527): avc: granted { execute } for path="/data/data/com.mbwhatsapp/files/decompressed/libs.spk.zst/libgifimage.so" dev="dm-45" ino=17943 scontext=u:r:untrusted_app:s0:c225,c256,c512,c768 tcontext=u:object_r:app_data_file:s0:c225,c256,c512,c768 tclass=file app=com.mbwhatsapp
03-28 07:07:41.243 16564 16615 E SQLiteDatabase: Error inserting transferred=1 media_job_uuid=17548cd4-cc46-4773-88b7-c06449c8184f transcoded=0 gif_attribution=0 first_scan_length=0 direct_path=/v/t62.7161- 24/30773475_1083022822988578_2820260520102826890_n.enc?ccb=11- 4&oh=01_ASAKGwbK66N0yyGbqihHRVS8FG6lKu3nELu3kUS-ka11fw&oe=662C2EA3&_nc_sid=5e03e0 thumbnail_height_width_ratio=1.8 is_animated_sticker=0 file_hash=z0A3KvZ3KK4I6RQp1LvgXl8ZXOBWst1V9oNjzIBvnto= file_path=/data/user/0/com.mbwhatsapp/files/ViewOnce/VID-luah72k4.mp4 file_size=3331156 partial_media_hash=null face_x=0 face_y=0 height=656 trim_to=0 media_key_timestamp=1711584454000 message_url=https://mmg.whatsapp.net/v/t62.7161- 24/30773475_1083022822988578_2820260520102826890_n.enc?ccb=11- 4&oh=01_ASAKGwbK66N0yyGbqihHRVS8FG6lKu3nELu3kUS- ka11fw&oe=662C2EA3&_nc_sid=5e03e0&mms3=true media_caption=null trim_from=0 mime_type=video/mp4 partial_media_enc_hash=null width=368 original_file_hash=null has_streaming_sidecar=0 autotransfer_retry_enabled=1 media_upload_handle=null message_row_id=169 multicast_id=null enc_file_hash=gewM+Gt0mRIOi0a340lkAig2gDa0gSpQwHWW0Jrweks= mute_video=0 page_count=0 first_scan_sidecar=null suspicious_content=0 file_length=3331156 media_name=null media_duration=13 chat_row_id=3 media_key=[B@6d45f01
03-28 07:07:41.243 16564 16615 E SQLiteDatabase: android.database.sqlite.SQLiteConstraintException: UNIQUE constraint failed: message_media.message_row_id (code 1555 SQLITE_CONSTRAINT_PRIMARYKEY)
03-28 07:07:41.243 16564 16615 E SQLiteDatabase: at android.database.sqlite.SQLiteConnection.nativeExecuteForLastInsertedRowId(Native Method)
03-28 07:07:41.243 16564 16615 E SQLiteDatabase: at android.database.sqlite.SQLiteConnection.executeForLastInsertedRowId(SQLiteConnecti on.java:961)
03-28 07:07:41.243 16564 16615 E SQLiteDatabase: at android.database.sqlite.SQLiteSession.executeForLastInsertedRowId(SQLiteSession.jav a:790)
03-28 07:07:41.243 16564 16615 E SQLiteDatabase: at android.database.sqlite.SQLiteStatement.executeInsert(SQLiteStatement.java:89)
03-28 07:07:41.243 16564 16615 E SQLiteDatabase: at android.database.sqlite.SQLiteDatabase.insertWithOnConflict(SQLiteDatabase.java:187 4)
03-28 07:07:41.243 16564 16615 E SQLiteDatabase: at android.database.sqlite.SQLiteDatabase.insert(SQLiteDatabase.java:1743)
03-28 07:07:41.243 16564 16615 E SQLiteDatabase: at X.2tm.A08(Unknown Source:6)
03-28 07:07:41.243 16564 16615 E SQLiteDatabase: at X.35Y.A07(Unknown Source:212)
03-28 07:07:41.243 16564 16615 E SQLiteDatabase: at X.3QF.A14(Unknown Source:470)
03-28 07:07:41.243 16564 16615 E SQLiteDatabase: at X.3gU.run(Unknown Source:982)
03-28 07:07:41.243 16564 16615 E SQLiteDatabase: at android.os.Handler.handleCallback(Handler.java:942)
03-28 07:07:41.243 16564 16615 E SQLiteDatabase: at android.os.Handler.dispatchMessage(Handler.java:99)
03-28 07:07:41.243 16564 16615 E SQLiteDatabase: at X.0zq.dispatchMessage(Unknown Source:4)
03-28 07:07:41.243 16564 16615 E SQLiteDatabase: at android.os.Looper.loopOnce(Looper.java:204)
03-28 07:07:41.243 16564 16615 E SQLiteDatabase: at android.os.Looper.loop(Looper.java:291)
03-28 07:07:41.243 16564 16615 E SQLiteDatabase: at android.os.HandlerThread.run(HandlerThread.java:67)
03-28 07:36:00.431 16564 17083 W WM-SystemJobScheduler: Unable to schedule work ID 0839d3ae-ec14-4343-bac8-5d2d2d481729
03-28 08:40:45.652 16564 17082 W WM-SystemJobScheduler: Unable to schedule work ID f8256454-ef3e-44b1-9060-3161bc1e86d5
03-28 08:40:46.443 16564 7235 E SQLiteDatabase: Error inserting transferred=0 media_job_uuid=null transcoded=0 gif_attribution=0 first_scan_length=0 direct_path=/m1/v/t24/An-dT-F_UmjNm_WJg- 23zi5nmcGTiRg6FINHZtbQkX5XZDquQUD74jvcqSSnhYapVjidz8RASxtLKOlpRhKXn4QCr_uuGKmlcpkq6 cRW7bwm-rAWHaBoG-3DTXx-eR6OhA?ccb=10- 5&oh=01_ASAQ_IXPtw5hS4s0v5JZNYDE9I913MWA2jYjaESELJ3Xfw&oe=662C481C&_nc_sid=5e03e0 thumbnail_height_width_ratio=1.4418604 is_animated_sticker=0 file_hash=yo0i299g8I/jERG0rE7ZBaEvMlr6yltZJkkBTlfBqz8= file_path=null file_size=0 partial_media_hash=null face_x=0 face_y=0 height=1000 trim_to=0 media_key_timestamp=0 message_url=null media_caption=null trim_from=0 mime_type=image/jpeg partial_media_enc_hash=null width=687 original_file_hash=null has_streaming_sidecar=0 autotransfer_retry_enabled=0 media_upload_handle=null message_row_id=171 multicast_id=null enc_file_hash=null mute_video=0 page_count=0 first_scan_sidecar=null suspicious_content=0 file_length=119933 media_name=null media_duration=0 chat_row_id=71 media_key=null
03-28 08:40:46.443 16564 7235 E SQLiteDatabase: android.database.sqlite.SQLiteConstraintException: UNIQUE constraint failed: message_media.message_row_id (code 1555 SQLITE_CONSTRAINT_PRIMARYKEY)
03-28 08:40:46.443 16564 7235 E SQLiteDatabase: at android.database.sqlite.SQLiteConnection.nativeExecuteForLastInsertedRowId(Native Method)
03-28 08:40:46.443 16564 7235 E SQLiteDatabase: at android.database.sqlite.SQLiteConnection.executeForLastInsertedRowId(SQLiteConnecti on.java:961)
03-28 08:40:46.443 16564 7235 E SQLiteDatabase: at android.database.sqlite.SQLiteSession.executeForLastInsertedRowId(SQLiteSession.jav a:790)
03-28 08:40:46.443 16564 7235 E SQLiteDatabase: at android.database.sqlite.SQLiteStatement.executeInsert(SQLiteStatement.java:89)
03-28 08:40:46.443 16564 7235 E SQLiteDatabase: at android.database.sqlite.SQLiteDatabase.insertWithOnConflict(SQLiteDatabase.java:187 4)
03-28 08:40:46.443 16564 7235 E SQLiteDatabase: at android.database.sqlite.SQLiteDatabase.insert(SQLiteDatabase.java:1743)
03-28 08:40:46.443 16564 7235 E SQLiteDatabase: at X.2tm.A08(Unknown Source:6)
03-28 08:40:46.443 16564 7235 E SQLiteDatabase: at X.35Y.A07(Unknown Source:212)
03-28 08:40:46.443 16564 7235 E SQLiteDatabase: at X.3QF.A14(Unknown Source:470)
03-28 08:40:46.443 16564 7235 E SQLiteDatabase: at X.2rh.A03(Unknown Source:289)
03-28 08:40:46.443 16564 7235 E SQLiteDatabase: at X.3eK.run(Unknown Source:598)
03-28 08:40:46.443 16564 7235 E SQLiteDatabase: at X.0yM.A1J(Unknown Source:2)
03-28 08:40:46.443 16564 7235 E SQLiteDatabase: at X.1nX.run(Unknown Source:91)
03-28 08:40:46.443 16564 7235 E SQLiteDatabase: at java.util.concurrent.ThreadPoolExecutor.runWorker(ThreadPoolExecutor.java:1137)
03-28 08:40:46.443 16564 7235 E SQLiteDatabase: at java.util.concurrent.ThreadPoolExecutor$Worker.run(ThreadPoolExecutor.java:637)
03-28 08:40:46.443 16564 7235 E SQLiteDatabase: at X.3gH.run(Unknown Source:1548)
03-28 08:40:46.443 16564 7235 E SQLiteDatabase: at java.lang.Thread.run(Thread.java:1012)
03-28 09:49:10.510 16564 17082 W WM-SystemJobScheduler: Unable to schedule work ID c36ffa9c-de7f-401c-b7b5-96884125a25e
03-28 09:49:12.962 16564 16615 E SQLiteDatabase: Error inserting transferred=1 media_job_uuid=3ef94f3c-d7b0-4e8d-a57e-f49cf5a98db9 transcoded=0 gif_attribution=0 first_scan_length=8943 direct_path=/o1/v/t62.7118-24/f1/m234/up-oil-image-38ad5518- 2eaf-437f-a6d6-601385f6ca73?ccb=9-4&oh=01_ASAugbA6oyaDssa- gjHEtEgxWVJJgo5cjdBXAPt2WJikvA&oe=662C42BC&_nc_sid=000000 thumbnail_height_width_ratio=1.3333334 is_animated_sticker=0 file_hash=V5v7XvkFKtGmnFJMTm7Plr0kJIvKkpLGLuzLXbtpDMA= file_path=Media/.Statuses/30f678b30964453c80930775e9537418.jpg file_size=72764 partial_media_hash=2OxofEKOYc7eVa7/UBpihbx2ERDxLa6FhAGcNST4JkY= face_x=0 face_y=0 height=1080 trim_to=0 media_key_timestamp=1711591979000 message_url=https://mmg.whatsapp.net/o1/v/t62.7118-24/f1/m234/up-oil-image- 38ad5518-2eaf-437f-a6d6-601385f6ca73?ccb=9-4&oh=01_ASAugbA6oyaDssa- gjHEtEgxWVJJgo5cjdBXAPt2WJikvA&oe=662C42BC&_nc_sid=000000&mms3=true media_caption=null trim_from=0 mime_type=image/jpeg partial_media_enc_hash=null width=809 original_file_hash=null has_streaming_sidecar=1 autotransfer_retry_enabled=1 media_upload_handle=null message_row_id=179 multicast_id=null enc_file_hash=ZozAl6m6yrOIlIP8PQKi78gdMpsbciSzmj5AtZWQF4g= mute_video=0 page_count=0 first_scan_sidecar=[B@d9499b0 suspicious_content=0 file_length=72764 media_name=null media_duration=0 chat_row_id=20 media_key=[B@d394029
03-28 09:49:12.962 16564 16615 E SQLiteDatabase: android.database.sqlite.SQLiteConstraintException: UNIQUE constraint failed: message_media.message_row_id (code 1555 SQLITE_CONSTRAINT_PRIMARYKEY)
03-28 09:49:12.962 16564 16615 E SQLiteDatabase: at android.database.sqlite.SQLiteConnection.nativeExecuteForLastInsertedRowId(Native Method)
03-28 09:49:12.962 16564 16615 E SQLiteDatabase: at android.database.sqlite.SQLiteConnection.executeForLastInsertedRowId(SQLiteConnecti on.java:961)
03-28 09:49:12.962 16564 16615 E SQLiteDatabase: at android.database.sqlite.SQLiteSession.executeForLastInsertedRowId(SQLiteSession.jav a:790)
03-28 09:49:12.962 16564 16615 E SQLiteDatabase: at android.database.sqlite.SQLiteStatement.executeInsert(SQLiteStatement.java:89)
03-28 09:49:12.962 16564 16615 E SQLiteDatabase: at android.database.sqlite.SQLiteDatabase.insertWithOnConflict(SQLiteDatabase.java:187 4)
03-28 09:49:12.962 16564 16615 E SQLiteDatabase: at android.database.sqlite.SQLiteDatabase.insert(SQLiteDatabase.java:1743)
03-28 09:49:12.962 16564 16615 E SQLiteDatabase: at X.2tm.A08(Unknown Source:6)
03-28 09:49:12.962 16564 16615 E SQLiteDatabase: at X.35Y.A07(Unknown Source:212)
03-28 09:49:12.962 16564 16615 E SQLiteDatabase: at X.3QF.A14(Unknown Source:470)
03-28 09:49:12.962 16564 16615 E SQLiteDatabase: at X.3gU.run(Unknown Source:982)
03-28 09:49:12.962 16564 16615 E SQLiteDatabase: at android.os.Handler.handleCallback(Handler.java:942)
03-28 09:49:12.962 16564 16615 E SQLiteDatabase: at android.os.Handler.dispatchMessage(Handler.java:99)
03-28 09:49:12.962 16564 16615 E SQLiteDatabase: at X.0zq.dispatchMessage(Unknown Source:4)
03-28 09:49:12.962 16564 16615 E SQLiteDatabase: at android.os.Looper.loopOnce(Looper.java:204)
03-28 09:49:12.962 16564 16615 E SQLiteDatabase: at android.os.Looper.loop(Looper.java:291)
03-28 09:49:12.962 16564 16615 E SQLiteDatabase: at android.os.HandlerThread.run(HandlerThread.java:67)
03-28 09:56:11.667 16564 17082 W WM-SystemJobScheduler: Unable to schedule work ID 1799a3b1-7652-4759-b9a8-d58ce237b820
03-28 09:56:13.107 16564 16615 E SQLiteDatabase: Error inserting transferred=1 media_job_uuid=b2da7b12-eaa2-4239-bda4-ce0899921997 transcoded=0 gif_attribution=0 first_scan_length=4822 direct_path=/v/t62.15575- 24/30541816_1499802914213465_5936409379717344568_n.enc?ccb=11- 4&oh=01_ASCGWhgHsUV5C6RUJa8p_rMSreE3cHdt9mlB_A8IcmZJWw&oe=662C45D1&_nc_sid=5e03e0 thumbnail_height_width_ratio=1.0 is_animated_sticker=1 file_hash=m0x45LvO7vepsJ9uq0TTOvGcTOogKGb3o4i1lsHnbcA= file_path=Media/MBWhatsApp Stickers/STK-20240328-WA0002.webp file_size=243116 partial_media_hash=null face_x=0 face_y=0 height=64 trim_to=0 media_key_timestamp=1711594569000 message_url=https://mmg.whatsapp.net/v/t62.15575- 24/30541816_1499802914213465_5936409379717344568_n.enc?ccb=11- 4&oh=01_ASCGWhgHsUV5C6RUJa8p_rMSreE3cHdt9mlB_A8IcmZJWw&oe=662C45D1&_nc_sid=5e03e0&m ms3=true media_caption=null trim_from=0 mime_type=image/webp partial_media_enc_hash=null width=64 original_file_hash=null has_streaming_sidecar=0 autotransfer_retry_enabled=1 media_upload_handle=null message_row_id=190 multicast_id=null enc_file_hash=dq0PN89Z/E9+ApNA0tnKOgeJjGh68mQi93Qc4ERVp88= mute_video=0 page_count=0 first_scan_sidecar=[B@1a24c9b suspicious_content=0 file_length=243116 media_name=null media_duration=0 chat_row_id=3 media_key=[B@540838
03-28 09:56:13.107 16564 16615 E SQLiteDatabase: android.database.sqlite.SQLiteConstraintException: UNIQUE constraint failed: message_media.message_row_id (code 1555 SQLITE_CONSTRAINT_PRIMARYKEY)
03-28 09:56:13.107 16564 16615 E SQLiteDatabase: at android.database.sqlite.SQLiteConnection.nativeExecuteForLastInsertedRowId(Native Method)
03-28 09:56:13.107 16564 16615 E SQLiteDatabase: at android.database.sqlite.SQLiteConnection.executeForLastInsertedRowId(SQLiteConnecti on.java:961)
03-28 09:56:13.107 16564 16615 E SQLiteDatabase: at android.database.sqlite.SQLiteSession.executeForLastInsertedRowId(SQLiteSession.jav a:790)
03-28 09:56:13.107 16564 16615 E SQLiteDatabase: at android.database.sqlite.SQLiteStatement.executeInsert(SQLiteStatement.java:89)
03-28 09:56:13.107 16564 16615 E SQLiteDatabase: at android.database.sqlite.SQLiteDatabase.insertWithOnConflict(SQLiteDatabase.java:187 4)
03-28 09:56:13.107 16564 16615 E SQLiteDatabase: at android.database.sqlite.SQLiteDatabase.insert(SQLiteDatabase.java:1743)
03-28 09:56:13.107 16564 16615 E SQLiteDatabase: at X.2tm.A08(Unknown Source:6)
03-28 09:56:13.107 16564 16615 E SQLiteDatabase: at X.35Y.A07(Unknown Source:212)
03-28 09:56:13.107 16564 16615 E SQLiteDatabase: at X.3QF.A14(Unknown Source:470)
03-28 09:56:13.107 16564 16615 E SQLiteDatabase: at X.3gU.run(Unknown Source:982)
03-28 09:56:13.107 16564 16615 E SQLiteDatabase: at android.os.Handler.handleCallback(Handler.java:942)
03-28 09:56:13.107 16564 16615 E SQLiteDatabase: at android.os.Handler.dispatchMessage(Handler.java:99)
03-28 09:56:13.107 16564 16615 E SQLiteDatabase: at X.0zq.dispatchMessage(Unknown Source:4)
03-28 09:56:13.107 16564 16615 E SQLiteDatabase: at android.os.Looper.loopOnce(Looper.java:204)
03-28 09:56:13.107 16564 16615 E SQLiteDatabase: at android.os.Looper.loop(Looper.java:291)
03-28 09:56:13.107 16564 16615 E SQLiteDatabase: at android.os.HandlerThread.run(HandlerThread.java:67)
03-28 09:56:13.601 16564 7763 E SQLiteDatabase: Error inserting dirty_version=-1 version=0 lt_hash=null collection_name=critical_unblock_low
03-28 09:56:13.601 16564 7763 E SQLiteDatabase: android.database.sqlite.SQLiteConstraintException: UNIQUE constraint failed: collection_versions.collection_name (code 1555 SQLITE_CONSTRAINT_PRIMARYKEY)
03-28 09:56:13.601 16564 7763 E SQLiteDatabase: at android.database.sqlite.SQLiteConnection.nativeExecuteForLastInsertedRowId(Native Method)
03-28 09:56:13.601 16564 7763 E SQLiteDatabase: at android.database.sqlite.SQLiteConnection.executeForLastInsertedRowId(SQLiteConnecti on.java:961)
03-28 09:56:13.601 16564 7763 E SQLiteDatabase: at android.database.sqlite.SQLiteSession.executeForLastInsertedRowId(SQLiteSession.jav a:790)
03-28 09:56:13.601 16564 7763 E SQLiteDatabase: at android.database.sqlite.SQLiteStatement.executeInsert(SQLiteStatement.java:89)
03-28 09:56:13.601 16564 7763 E SQLiteDatabase: at android.database.sqlite.SQLiteDatabase.insertWithOnConflict(SQLiteDatabase.java:187 4)
03-28 09:56:13.601 16564 7763 E SQLiteDatabase: at android.database.sqlite.SQLiteDatabase.insert(SQLiteDatabase.java:1743)
03-28 09:56:13.601 16564 7763 E SQLiteDatabase: at X.2tm.A08(Unknown Source:6)
03-28 09:56:13.601 16564 7763 E SQLiteDatabase: at X.2sR.A03(Unknown Source:39)
03-28 09:56:13.601 16564 7763 E SQLiteDatabase: at X.2sR.A04(Unknown Source:29)
03-28 09:56:13.601 16564 7763 E SQLiteDatabase: at X.3Uy.A01(Unknown Source:1345)
03-28 09:56:13.601 16564 7763 E SQLiteDatabase: at X.3Uy.A02(Unknown Source:93)
03-28 09:56:13.601 16564 7763 E SQLiteDatabase: at X.3g7.run(Unknown Source:259)
03-28 09:56:13.601 16564 7763 E SQLiteDatabase: at X.0yM.A1J(Unknown Source:2)
03-28 09:56:13.601 16564 7763 E SQLiteDatabase: at X.1nX.run(Unknown Source:91)
03-28 09:56:13.601 16564 7763 E SQLiteDatabase: at java.util.concurrent.ThreadPoolExecutor.runWorker(ThreadPoolExecutor.java:1137)
03-28 09:56:13.601 16564 7763 E SQLiteDatabase: at java.util.concurrent.ThreadPoolExecutor$Worker.run(ThreadPoolExecutor.java:637)
03-28 09:56:13.601 16564 7763 E SQLiteDatabase: at X.3gH.run(Unknown Source:1548)
03-28 09:56:13.601 16564 7763 E SQLiteDatabase: at java.lang.Thread.run(Thread.java:1012)
03-28 09:56:14.091 16564 8218 E SQLiteDatabase: Error inserting dirty_version=-1 version=0 lt_hash=null collection_name=critical_unblock_low
03-28 09:56:14.091 16564 8218 E SQLiteDatabase: android.database.sqlite.SQLiteConstraintException: UNIQUE constraint failed: collection_versions.collection_name (code 1555 SQLITE_CONSTRAINT_PRIMARYKEY)
03-28 09:56:14.091 16564 8218 E SQLiteDatabase: at android.database.sqlite.SQLiteConnection.nativeExecuteForLastInsertedRowId(Native Method)
03-28 09:56:14.091 16564 8218 E SQLiteDatabase: at android.database.sqlite.SQLiteConnection.executeForLastInsertedRowId(SQLiteConnecti on.java:961)
03-28 09:56:14.091 16564 8218 E SQLiteDatabase: at android.database.sqlite.SQLiteSession.executeForLastInsertedRowId(SQLiteSession.jav a:790)
03-28 09:56:14.091 16564 8218 E SQLiteDatabase: at android.database.sqlite.SQLiteStatement.executeInsert(SQLiteStatement.java:89)
03-28 09:56:14.091 16564 8218 E SQLiteDatabase: at android.database.sqlite.SQLiteDatabase.insertWithOnConflict(SQLiteDatabase.java:187 4)
03-28 09:56:14.091 16564 8218 E SQLiteDatabase: at android.database.sqlite.SQLiteDatabase.insert(SQLiteDatabase.java:1743)
03-28 09:56:14.091 16564 8218 E SQLiteDatabase: at X.2tm.A08(Unknown Source:6)
03-28 09:56:14.091 16564 8218 E SQLiteDatabase: at X.2sR.A03(Unknown Source:39)
03-28 09:56:14.091 16564 8218 E SQLiteDatabase: at X.2sR.A05(Unknown Source:14)
03-28 09:56:14.091 16564 8218 E SQLiteDatabase: at X.32N.A07(Unknown Source:2205)
03-28 09:56:14.091 16564 8218 E SQLiteDatabase: at X.32N.A06(Unknown Source:507)
03-28 09:56:14.091 16564 8218 E SQLiteDatabase: at X.3eA.run(Unknown Source:2207)
03-28 09:56:14.091 16564 8218 E SQLiteDatabase: at java.util.concurrent.ThreadPoolExecutor.runWorker(ThreadPoolExecutor.java:1137)
03-28 09:56:14.091 16564 8218 E SQLiteDatabase: at java.util.concurrent.ThreadPoolExecutor$Worker.run(ThreadPoolExecutor.java:637)
03-28 09:56:14.091 16564 8218 E SQLiteDatabase: at X.3gH.run(Unknown Source:1548)
03-28 09:56:14.091 16564 8218 E SQLiteDatabase: at java.lang.Thread.run(Thread.java:1012)
03-28 10:02:53.647 16564 17080 W WM-SystemJobScheduler: Unable to schedule work ID 2bcf17d2-ff1c-4f53-86fb-9ab041ba2258
03-28 10:05:59.029 16564 17080 W WM-SystemJobScheduler: Unable to schedule work ID 0990962e-c7a6-4177-8006-2edda3348633
03-28 10:33:32.384 16564 17081 W ConnectivityManager.CallbackHandler: callback not found for CALLBACK_CAP_CHANGED message
03-28 10:56:18.516 16564 17083 W WM-SystemJobScheduler: Unable to schedule work ID 02ebaf60-a9f4-4f7f-8539-d4d0c45c8d01
03-28 11:02:10.885 16564 17083 W WM-SystemJobScheduler: Unable to schedule work ID 16dc6b5a-b75a-4d21-bfc8-aaebf09bab16
03-28 11:02:12.065 16564 10162 E ion : ioctl c0044901 failed with code -1: Invalid argument
03-28 11:02:12.079 16564 3592 E DatabaseUtils: Writing exception to parcel
03-28 11:02:12.079 16564 3592 E DatabaseUtils: java.lang.SecurityException: Permission Denial: reading com.mbwhatsapp.contentprovider.MediaProvider uri content://com.mbwhatsapp.provider.media/item/7a993745-92ac-4641-9b54-8f8d31055294 from pid=1836, uid=10163 requires the provider be exported, or grantUriPermission()
03-28 11:02:12.079 16564 3592 E DatabaseUtils: at android.content.ContentProvider.enforceReadPermissionInner(ContentProvider.java:901 )
03-28 11:02:12.079 16564 3592 E DatabaseUtils: at android.content.ContentProvider$Transport.enforceReadPermission(ContentProvider.jav a:714)
03-28 11:02:12.079 16564 3592 E DatabaseUtils: at android.content.ContentProvider$Transport.enforceFilePermission(ContentProvider.jav a:704)
03-28 11:02:12.079 16564 3592 E DatabaseUtils: at android.content.ContentProvider$Transport.openTypedAssetFile(ContentProvider.java:5 63)
03-28 11:02:12.079 16564 3592 E DatabaseUtils: at android.content.ContentProviderNative.onTransact(ContentProviderNative.java:327)
03-28 11:02:12.079 16564 3592 E DatabaseUtils: at android.os.Binder.execTransactInternal(Binder.java:1286)
03-28 11:02:12.079 16564 3592 E DatabaseUtils: at android.os.Binder.execTransact(Binder.java:1245)
03-28 11:02:12.112 16564 3592 E DatabaseUtils: Writing exception to parcel
03-28 11:02:12.112 16564 3592 E DatabaseUtils: java.lang.SecurityException: Permission Denial: reading com.mbwhatsapp.contentprovider.MediaProvider uri content://com.mbwhatsapp.provider.media/item/24045767-e7e6-4a94-8bc7-735189a3a84e from pid=1836, uid=10163 requires the provider be exported, or grantUriPermission()
03-28 11:02:12.112 16564 3592 E DatabaseUtils: at android.content.ContentProvider.enforceReadPermissionInner(ContentProvider.java:901 )
03-28 11:02:12.112 16564 3592 E DatabaseUtils: at android.content.ContentProvider$Transport.enforceReadPermission(ContentProvider.jav a:714)
03-28 11:02:12.112 16564 3592 E DatabaseUtils: at android.content.ContentProvider$Transport.enforceFilePermission(ContentProvider.jav a:704)
03-28 11:02:12.112 16564 3592 E DatabaseUtils: at android.content.ContentProvider$Transport.openTypedAssetFile(ContentProvider.java:5 63)
03-28 11:02:12.112 16564 3592 E DatabaseUtils: at android.content.ContentProviderNative.onTransact(ContentProviderNative.java:327)
03-28 11:02:12.112 16564 3592 E DatabaseUtils: at android.os.Binder.execTransactInternal(Binder.java:1286)
03-28 11:02:12.112 16564 3592 E DatabaseUtils: at android.os.Binder.execTransact(Binder.java:1245)
03-28 11:02:12.190 16564 16615 E SQLiteDatabase: Error inserting transferred=1 media_job_uuid=b77f7577-dcbf-46de-87f5-95476d907ade transcoded=0 gif_attribution=0 first_scan_length=0 direct_path=/v/t62.7118- 24/40888175_722439713393237_8702466875894324887_n.enc?ccb=11- 4&oh=01_ASCdx9gfnSt2xCkbyWZajRgC_JFYlIm4Y9a4aSdfMenWwA&oe=662C4C33&_nc_sid=5e03e0 thumbnail_height_width_ratio=2.1818182 is_animated_sticker=0 file_hash=SEAVG2pmr6FCiGyryC9lL++ZSZoylL/J7n2yNLNidp8= file_path=Media/.Statuses/20140bd6a6434991a3f4abaf8e14a97b.jpg file_size=161939 partial_media_hash=null face_x=0 face_y=0 height=1560 trim_to=0 media_key_timestamp=1711597744000 message_url=https://mmg.whatsapp.net/v/t62.7118- 24/40888175_722439713393237_8702466875894324887_n.enc?ccb=11- 4&oh=01_ASCdx9gfnSt2xCkbyWZajRgC_JFYlIm4Y9a4aSdfMenWwA&oe=662C4C33&_nc_sid=5e03e0&m ms3=true media_caption=null trim_from=0 mime_type=image/jpeg partial_media_enc_hash=null width=720 original_file_hash=null has_streaming_sidecar=0 autotransfer_retry_enabled=1 media_upload_handle=null message_row_id=195 multicast_id=null enc_file_hash=TkaWCGU1/PDa3jh9GX7GA0aCrK2pkrGTbpsEGLKSStw= mute_video=0 page_count=0 first_scan_sidecar=null suspicious_content=0 file_length=161939 media_name=null media_duration=0 chat_row_id=20 media_key=[B@8f7137
03-28 11:02:12.190 16564 16615 E SQLiteDatabase: android.database.sqlite.SQLiteConstraintException: UNIQUE constraint failed: message_media.message_row_id (code 1555 SQLITE_CONSTRAINT_PRIMARYKEY)
03-28 11:02:12.190 16564 16615 E SQLiteDatabase: at android.database.sqlite.SQLiteConnection.nativeExecuteForLastInsertedRowId(Native Method)
03-28 11:02:12.190 16564 16615 E SQLiteDatabase: at android.database.sqlite.SQLiteConnection.executeForLastInsertedRowId(SQLiteConnecti on.java:961)
03-28 11:02:12.190 16564 16615 E SQLiteDatabase: at android.database.sqlite.SQLiteSession.executeForLastInsertedRowId(SQLiteSession.jav a:790)
03-28 11:02:12.190 16564 16615 E SQLiteDatabase: at android.database.sqlite.SQLiteStatement.executeInsert(SQLiteStatement.java:89)
03-28 11:02:12.190 16564 16615 E SQLiteDatabase: at android.database.sqlite.SQLiteDatabase.insertWithOnConflict(SQLiteDatabase.java:187 4)
03-28 11:02:12.190 16564 16615 E SQLiteDatabase: at android.database.sqlite.SQLiteDatabase.insert(SQLiteDatabase.java:1743)
03-28 11:02:12.190 16564 16615 E SQLiteDatabase: at X.2tm.A08(Unknown Source:6)
03-28 11:02:12.190 16564 16615 E SQLiteDatabase: at X.35Y.A07(Unknown Source:212)
03-28 11:02:12.190 16564 16615 E SQLiteDatabase: at X.3QF.A14(Unknown Source:470)
03-28 11:02:12.190 16564 16615 E SQLiteDatabase: at X.3gU.run(Unknown Source:982)
03-28 11:02:12.190 16564 16615 E SQLiteDatabase: at android.os.Handler.handleCallback(Handler.java:942)
03-28 11:02:12.190 16564 16615 E SQLiteDatabase: at android.os.Handler.dispatchMessage(Handler.java:99)
03-28 11:02:12.190 16564 16615 E SQLiteDatabase: at X.0zq.dispatchMessage(Unknown Source:4)
03-28 11:02:12.190 16564 16615 E SQLiteDatabase: at android.os.Looper.loopOnce(Looper.java:204)
03-28 11:02:12.190 16564 16615 E SQLiteDatabase: at android.os.Looper.loop(Looper.java:291)
03-28 11:02:12.190 16564 16615 E SQLiteDatabase: at android.os.HandlerThread.run(HandlerThread.java:67)
03-28 11:02:13.171 16564 16615 E SQLiteDatabase: Error inserting transferred=0 media_job_uuid=eaa8bab9-e3f9-4d5b-a597-5144bddb9e2f transcoded=0 gif_attribution=0 first_scan_length=0 direct_path=/v/t62.7161- 24/29185530_385160371072197_6374041590022121775_n.enc?ccb=11- 4&oh=01_ASC2iTldUptq0QMIwrNc8EgKYexgYFLz8wD3EFL5Gp8P4g&oe=662C73BA&_nc_sid=5e03e0 thumbnail_height_width_ratio=1.3333334 is_animated_sticker=0 file_hash=HeA+eFxDuV1d7c9FFyXGVQ6ubj6utyOsELY2YsWwoAs= file_path=null file_size=0 partial_media_hash=null face_x=0 face_y=0 height=960 trim_to=0 media_key_timestamp=1711598129000 message_url=https://mmg.whatsapp.net/v/t62.7161- 24/29185530_385160371072197_6374041590022121775_n.enc?ccb=11- 4&oh=01_ASC2iTldUptq0QMIwrNc8EgKYexgYFLz8wD3EFL5Gp8P4g&oe=662C73BA&_nc_sid=5e03e0&m ms3=true media_caption=null trim_from=0 mime_type=video/mp4 partial_media_enc_hash=null width=720 original_file_hash=null has_streaming_sidecar=0 autotransfer_retry_enabled=1 media_upload_handle=null message_row_id=197 multicast_id=null enc_file_hash=tlWV1mDDYE2a5qP1r1ngZlbh79IazUxGwWCz2aZLfe8= mute_video=0 page_count=0 first_scan_sidecar=null suspicious_content=0 file_length=3366104 media_name=null media_duration=10 chat_row_id=3 media_key=[B@b824621
03-28 11:02:13.171 16564 16615 E SQLiteDatabase: android.database.sqlite.SQLiteConstraintException: UNIQUE constraint failed: message_media.message_row_id (code 1555 SQLITE_CONSTRAINT_PRIMARYKEY)
03-28 11:02:13.171 16564 16615 E SQLiteDatabase: at android.database.sqlite.SQLiteConnection.nativeExecuteForLastInsertedRowId(Native Method)
03-28 11:02:13.171 16564 16615 E SQLiteDatabase: at android.database.sqlite.SQLiteConnection.executeForLastInsertedRowId(SQLiteConnecti on.java:961)
03-28 11:02:13.171 16564 16615 E SQLiteDatabase: at android.database.sqlite.SQLiteSession.executeForLastInsertedRowId(SQLiteSession.jav a:790)
03-28 11:02:13.171 16564 16615 E SQLiteDatabase: at android.database.sqlite.SQLiteStatement.executeInsert(SQLiteStatement.java:89)
03-28 11:02:13.171 16564 16615 E SQLiteDatabase: at android.database.sqlite.SQLiteDatabase.insertWithOnConflict(SQLiteDatabase.java:187 4)
03-28 11:02:13.171 16564 16615 E SQLiteDatabase: at android.database.sqlite.SQLiteDatabase.insert(SQLiteDatabase.java:1743)
03-28 11:02:13.171 16564 16615 E SQLiteDatabase: at X.2tm.A08(Unknown Source:6)
03-28 11:02:13.171 16564 16615 E SQLiteDatabase: at X.35Y.A07(Unknown Source:212)
03-28 11:02:13.171 16564 16615 E SQLiteDatabase: at X.3QF.A14(Unknown Source:470)
03-28 11:02:13.171 16564 16615 E SQLiteDatabase: at X.3gU.run(Unknown Source:982)
03-28 11:02:13.171 16564 16615 E SQLiteDatabase: at android.os.Handler.handleCallback(Handler.java:942)
03-28 11:02:13.171 16564 16615 E SQLiteDatabase: at android.os.Handler.dispatchMessage(Handler.java:99)
03-28 11:02:13.171 16564 16615 E SQLiteDatabase: at X.0zq.dispatchMessage(Unknown Source:4)
03-28 11:02:13.171 16564 16615 E SQLiteDatabase: at android.os.Looper.loopOnce(Looper.java:204)
03-28 11:02:13.171 16564 16615 E SQLiteDatabase: at android.os.Looper.loop(Looper.java:291)
03-28 11:02:13.171 16564 16615 E SQLiteDatabase: at android.os.HandlerThread.run(HandlerThread.java:67)
03-28 11:27:19.894 16564 17081 W ConnectivityManager.CallbackHandler: callback not found for CALLBACK_CAP_CHANGED message
03-28 11:27:19.933 16564 17080 W WM-SystemJobScheduler: Unable to schedule work ID 162db3d7-69bf-4c2a-805f-07575f23f6f7
03-28 11:59:59.882 16564 13099 E SQLiteDatabase: Error inserting dirty_version=-1 version=0 lt_hash=null collection_name=critical_unblock_low
03-28 11:59:59.882 16564 13099 E SQLiteDatabase: android.database.sqlite.SQLiteConstraintException: UNIQUE constraint failed: collection_versions.collection_name (code 1555 SQLITE_CONSTRAINT_PRIMARYKEY)
03-28 11:59:59.882 16564 13099 E SQLiteDatabase: at android.database.sqlite.SQLiteConnection.nativeExecuteForLastInsertedRowId(Native Method)
03-28 11:59:59.882 16564 13099 E SQLiteDatabase: at android.database.sqlite.SQLiteConnection.executeForLastInsertedRowId(SQLiteConnecti on.java:961)
03-28 11:59:59.882 16564 13099 E SQLiteDatabase: at android.database.sqlite.SQLiteSession.executeForLastInsertedRowId(SQLiteSession.jav a:790)
03-28 11:59:59.882 16564 13099 E SQLiteDatabase: at android.database.sqlite.SQLiteStatement.executeInsert(SQLiteStatement.java:89)
03-28 11:59:59.882 16564 13099 E SQLiteDatabase: at android.database.sqlite.SQLiteDatabase.insertWithOnConflict(SQLiteDatabase.java:187 4)
03-28 11:59:59.882 16564 13099 E SQLiteDatabase: at android.database.sqlite.SQLiteDatabase.insert(SQLiteDatabase.java:1743)
03-28 11:59:59.882 16564 13099 E SQLiteDatabase: at X.2tm.A08(Unknown Source:6)
03-28 11:59:59.882 16564 13099 E SQLiteDatabase: at X.2sR.A03(Unknown Source:39)
03-28 11:59:59.882 16564 13099 E SQLiteDatabase: at X.2sR.A04(Unknown Source:29)
03-28 11:59:59.882 16564 13099 E SQLiteDatabase: at X.3Uy.A01(Unknown Source:1345)
03-28 11:59:59.882 16564 13099 E SQLiteDatabase: at X.3Uy.A02(Unknown Source:93)
03-28 11:59:59.882 16564 13099 E SQLiteDatabase: at X.3g7.run(Unknown Source:259)
03-28 11:59:59.882 16564 13099 E SQLiteDatabase: at X.0yM.A1J(Unknown Source:2)
03-28 11:59:59.882 16564 13099 E SQLiteDatabase: at X.1nX.run(Unknown Source:91)
03-28 11:59:59.882 16564 13099 E SQLiteDatabase: at java.util.concurrent.ThreadPoolExecutor.runWorker(ThreadPoolExecutor.java:1137)
03-28 11:59:59.882 16564 13099 E SQLiteDatabase: at java.util.concurrent.ThreadPoolExecutor$Worker.run(ThreadPoolExecutor.java:637)
03-28 11:59:59.882 16564 13099 E SQLiteDatabase: at X.3gH.run(Unknown Source:1548)
03-28 11:59:59.882 16564 13099 E SQLiteDatabase: at java.lang.Thread.run(Thread.java:1012)
03-28 12:00:00.504 16564 10480 E SQLiteDatabase: Error inserting dirty_version=-1 version=0 lt_hash=null collection_name=critical_unblock_low
03-28 12:00:00.504 16564 10480 E SQLiteDatabase: android.database.sqlite.SQLiteConstraintException: UNIQUE constraint failed: collection_versions.collection_name (code 1555 SQLITE_CONSTRAINT_PRIMARYKEY)
03-28 12:00:00.504 16564 10480 E SQLiteDatabase: at android.database.sqlite.SQLiteConnection.nativeExecuteForLastInsertedRowId(Native Method)
03-28 12:00:00.504 16564 10480 E SQLiteDatabase: at android.database.sqlite.SQLiteConnection.executeForLastInsertedRowId(SQLiteConnecti on.java:961)
03-28 12:00:00.504 16564 10480 E SQLiteDatabase: at android.database.sqlite.SQLiteSession.executeForLastInsertedRowId(SQLiteSession.jav a:790)
03-28 12:00:00.504 16564 10480 E SQLiteDatabase: at android.database.sqlite.SQLiteStatement.executeInsert(SQLiteStatement.java:89)
03-28 12:00:00.504 16564 10480 E SQLiteDatabase: at android.database.sqlite.SQLiteDatabase.insertWithOnConflict(SQLiteDatabase.java:187 4)
03-28 12:00:00.504 16564 10480 E SQLiteDatabase: at android.database.sqlite.SQLiteDatabase.insert(SQLiteDatabase.java:1743)
03-28 12:00:00.504 16564 10480 E SQLiteDatabase: at X.2tm.A08(Unknown Source:6)
03-28 12:00:00.504 16564 10480 E SQLiteDatabase: at X.2sR.A03(Unknown Source:39)
03-28 12:00:00.504 16564 10480 E SQLiteDatabase: at X.2sR.A05(Unknown Source:14)
03-28 12:00:00.504 16564 10480 E SQLiteDatabase: at X.32N.A07(Unknown Source:2205)
03-28 12:00:00.504 16564 10480 E SQLiteDatabase: at X.32N.A06(Unknown Source:507)
03-28 12:00:00.504 16564 10480 E SQLiteDatabase: at X.3eA.run(Unknown Source:2207)
03-28 12:00:00.504 16564 10480 E SQLiteDatabase: at java.util.concurrent.ThreadPoolExecutor.runWorker(ThreadPoolExecutor.java:1137)
03-28 12:00:00.504 16564 10480 E SQLiteDatabase: at java.util.concurrent.ThreadPoolExecutor$Worker.run(ThreadPoolExecutor.java:637)
03-28 12:00:00.504 16564 10480 E SQLiteDatabase: at X.3gH.run(Unknown Source:1548)
03-28 12:00:00.504 16564 10480 E SQLiteDatabase: at java.lang.Thread.run(Thread.java:1012)
03-28 12:14:58.164 16564 17080 W WM-SystemJobScheduler: Unable to schedule work ID 047d602f-1ee8-45ba-ae0d-21356797cda6
03-28 12:14:58.811 16564 17080 W WM-SystemJobScheduler: Unable to schedule work ID 90a9050b-806c-49ed-a43d-2dfb5db283f9
03-28 12:15:28.862 16564 17083 W WM-SystemJobScheduler: Unable to schedule work ID 1fae6526-cda9-4729-ae3a-77de7d7c7b4b
03-28 12:17:14.686 16564 16564 W libc : Access denied finding property "vendor.transsion.scroll_adjust.support"
03-28 12:17:14.686 16564 16564 W libc : Access denied finding property "vendor.transsion.scroll_adjust.support"
03-28 12:17:14.724 16564 16564 W libc : Access denied finding property "vendor.transsion.scroll_adjust.support"
03-28 12:17:14.725 16564 16564 W libc : Access denied finding property "vendor.transsion.scroll_adjust.support"
03-28 12:17:14.776 16564 16564 E ArmVmp : Match on catch block at 0x0a in for 0x18d
03-28 12:17:14.778 16564 16564 E ArmVmp : Match on catch block at 0x0a in for 0x185
03-28 12:17:14.882 16564 16564 E ArmVmp : Match on catch block at 0xc3 in for 0x161
03-28 12:17:14.888 16564 16564 E ArmVmp : Match on catch block at 0xc3 in for 0x175
03-28 12:17:14.890 16564 16564 E ArmVmp : Match on catch block at 0xc3 in for 0x16d
03-28 12:17:14.923 16564 26768 W Parcel : Expecting binder but got null!
03-28 12:17:14.932 16564 16564 E ArmVmp : Match on catch block at 0xc3 in for 0x149
03-28 12:17:14.933 16564 16564 E ArmVmp : Match on catch block at 0xc3 in for 0x145
03-28 12:17:14.934 16564 16564 E ArmVmp : Match on catch block at 0xc3 in for 0x149
03-28 12:17:14.943 16564 16564 E ArmVmp : Match on catch block at 0xc3 in for 0x151
03-28 12:17:14.944 16564 16564 E ArmVmp : Match on catch block at 0xc3 in for 0x14d
03-28 12:17:14.945 16564 16564 E ArmVmp : Match on catch block at 0xc3 in for 0x151
03-28 12:17:14.958 16564 16564 E ArmVmp : Match on catch block at 0xc3 in for 0x151
03-28 12:17:14.959 16564 16564 E ArmVmp : Match on catch block at 0xc3 in for 0x14d
03-28 12:17:14.961 16564 16564 E ArmVmp : Match on catch block at 0xc3 in for 0x151
03-28 12:17:14.974 16564 16564 E ArmVmp : Match on catch block at 0xc3 in for 0x151
03-28 12:17:14.975 16564 16564 E ArmVmp : Match on catch block at 0xc3 in for 0x14d
03-28 12:17:14.976 16564 16564 E ArmVmp : Match on catch block at 0xc3 in for 0x151
03-28 12:17:14.997 16564 16564 E ArmVmp : Match on catch block at 0xc3 in for 0x151
03-28 12:17:14.998 16564 16564 E ArmVmp : Match on catch block at 0xc3 in for 0x14d
03-28 12:17:15.000 16564 16564 E ArmVmp : Match on catch block at 0xc3 in for 0x151
03-28 12:17:15.008 16564 16564 E ArmVmp : Match on catch block at 0xc3 in for 0x14d
03-28 12:17:15.009 16564 16564 E ArmVmp : Match on catch block at 0xc3 in for 0x149
03-28 12:17:15.011 16564 16564 E ArmVmp : Match on catch block at 0xc3 in for 0x14d
03-28 12:17:15.024 16564 16564 E ArmVmp : Match on catch block at 0xc3 in for 0x159
03-28 12:17:15.026 16564 16564 E ArmVmp : Match on catch block at 0xc3 in for 0x155
03-28 12:17:15.027 16564 16564 E ArmVmp : Match on catch block at 0xc3 in for 0x159
03-28 12:17:15.033 16564 16564 E ArmVmp : Match on catch block at 0xc3 in for 0x159
03-28 12:17:15.034 16564 16564 E ArmVmp : Match on catch block at 0xc3 in for 0x155
03-28 12:17:15.035 16564 16564 E ArmVmp : Match on catch block at 0xc3 in for 0x159
03-28 12:17:15.041 16564 16564 E ArmVmp : Match on catch block at 0xc3 in for 0x159
03-28 12:17:15.042 16564 16564 E ArmVmp : Match on catch block at 0xc3 in for 0x155
03-28 12:17:15.042 16564 16564 E ArmVmp : Match on catch block at 0xc3 in for 0x159
03-28 12:17:15.049 16564 16564 E ArmVmp : Match on catch block at 0xc3 in for 0x159
03-28 12:17:15.050 16564 16564 E ArmVmp : Match on catch block at 0xc3 in for 0x155
03-28 12:17:15.051 16564 16564 E ArmVmp : Match on catch block at 0xc3 in for 0x159
03-28 12:17:15.058 16564 16564 E ArmVmp : Match on catch block at 0xc3 in for 0x159
03-28 12:17:15.059 16564 16564 E ArmVmp : Match on catch block at 0xc3 in for 0x155
03-28 12:17:15.059 16564 16564 E ArmVmp : Match on catch block at 0xc3 in for 0x159
03-28 12:17:15.066 16564 16564 E ArmVmp : Match on catch block at 0xc3 in for 0x159
03-28 12:17:15.067 16564 16564 E ArmVmp : Match on catch block at 0xc3 in for 0x155
03-28 12:17:15.068 16564 16564 E ArmVmp : Match on catch block at 0xc3 in for 0x159
03-28 12:17:15.074 16564 16564 E ArmVmp : Match on catch block at 0xc3 in for 0x159
03-28 12:17:15.075 16564 16564 E ArmVmp : Match on catch block at 0xc3 in for 0x155
03-28 12:17:15.076 16564 16564 E ArmVmp : Match on catch block at 0xc3 in for 0x159
03-28 12:17:15.082 16564 16564 E ArmVmp : Match on catch block at 0xc3 in for 0x159
03-28 12:17:15.083 16564 16564 E ArmVmp : Match on catch block at 0xc3 in for 0x155
03-28 12:17:15.084 16564 16564 E ArmVmp : Match on catch block at 0xc3 in for 0x159
03-28 12:17:15.091 16564 16564 E ArmVmp : Match on catch block at 0xc3 in for 0x159
03-28 12:17:15.092 16564 16564 E ArmVmp : Match on catch block at 0xc3 in for 0x155
03-28 12:17:15.093 16564 16564 E ArmVmp : Match on catch block at 0xc3 in for 0x159
03-28 12:17:15.099 16564 16564 E ArmVmp : Match on catch block at 0xc3 in for 0x159
03-28 12:17:15.100 16564 16564 E ArmVmp : Match on catch block at 0xc3 in for 0x155
03-28 12:17:15.101 16564 16564 E ArmVmp : Match on catch block at 0xc3 in for 0x159
03-28 12:17:15.107 16564 16564 E ArmVmp : Match on catch block at 0xc3 in for 0x159
03-28 12:17:15.109 16564 16564 E ArmVmp : Match on catch block at 0xc3 in for 0x155
03-28 12:17:15.110 16564 16564 E ArmVmp : Match on catch block at 0xc3 in for 0x159
03-28 12:17:15.116 16564 16564 E ArmVmp : Match on catch block at 0xc3 in for 0x159
03-28 12:17:15.117 16564 16564 E ArmVmp : Match on catch block at 0xc3 in for 0x155
03-28 12:17:15.117 16564 16564 E ArmVmp : Match on catch block at 0xc3 in for 0x159
03-28 12:17:15.124 16564 16564 E ArmVmp : Match on catch block at 0xc3 in for 0x159
03-28 12:17:15.125 16564 16564 E ArmVmp : Match on catch block at 0xc3 in for 0x155
03-28 12:17:15.126 16564 16564 E ArmVmp : Match on catch block at 0xc3 in for 0x159
03-28 12:17:15.132 16564 16564 E ArmVmp : Match on catch block at 0xc3 in for 0x159
03-28 12:17:15.133 16564 16564 E ArmVmp : Match on catch block at 0xc3 in for 0x155
03-28 12:17:15.134 16564 16564 E ArmVmp : Match on catch block at 0xc3 in for 0x159
03-28 12:17:15.141 16564 16564 E ArmVmp : Match on catch block at 0xc3 in for 0x159
03-28 12:17:15.142 16564 16564 E ArmVmp : Match on catch block at 0xc3 in for 0x155
03-28 12:17:15.143 16564 16564 E ArmVmp : Match on catch block at 0xc3 in for 0x159
03-28 12:17:15.149 16564 16564 E ArmVmp : Match on catch block at 0xc3 in for 0x159
03-28 12:17:15.150 16564 16564 E ArmVmp : Match on catch block at 0xc3 in for 0x155
03-28 12:17:15.151 16564 16564 E ArmVmp : Match on catch block at 0xc3 in for 0x159
03-28 12:17:15.165 16564 16564 E ArmVmp : Match on catch block at 0xc3 in for 0x149
03-28 12:17:15.166 16564 16564 E ArmVmp : Match on catch block at 0xc3 in for 0x145
03-28 12:17:15.167 16564 16564 E ArmVmp : Match on catch block at 0xc3 in for 0x149
03-28 12:17:15.174 16564 16564 E ArmVmp : Match on catch block at 0xc3 in for 0x149
03-28 12:17:15.175 16564 16564 E ArmVmp : Match on catch block at 0xc3 in for 0x145
03-28 12:17:15.176 16564 16564 E ArmVmp : Match on catch block at 0xc3 in for 0x149
03-28 12:17:15.202 16564 16564 E ArmVmp : Match on catch block at 0xc3 in for 0x149
03-28 12:17:15.203 16564 16564 E ArmVmp : Match on catch block at 0xc3 in for 0x145
03-28 12:17:15.204 16564 16564 E ArmVmp : Match on catch block at 0xc3 in for 0x149
03-28 12:17:15.217 16564 16564 E ArmVmp : Match on catch block at 0xc3 in for 0x149
03-28 12:17:15.218 16564 16564 E ArmVmp : Match on catch block at 0xc3 in for 0x145
03-28 12:17:15.219 16564 16564 E ArmVmp : Match on catch block at 0xc3 in for 0x149
03-28 12:17:15.235 16564 16564 E ArmVmp : Match on catch block at 0xc3 in for 0x149
03-28 12:17:15.237 16564 16564 E ArmVmp : Match on catch block at 0xc3 in for 0x145
03-28 12:17:15.237 16564 16564 E ArmVmp : Match on catch block at 0xc3 in for 0x149
03-28 12:17:15.252 16564 16564 E ArmVmp : Match on catch block at 0xc3 in for 0x149
03-28 12:17:15.253 16564 16564 E ArmVmp : Match on catch block at 0xc3 in for 0x145
03-28 12:17:15.255 16564 16564 E ArmVmp : Match on catch block at 0xc3 in for 0x149
03-28 12:17:15.490 16564 16564 E ArmVmp : Match on catch block at 0xc3 in for 0x141
03-28 12:17:15.492 16564 16564 E ArmVmp : Match on catch block at 0xc3 in for 0x159
03-28 12:17:15.493 16564 16564 E ArmVmp : Match on catch block at 0xc3 in for 0x141
03-28 12:17:15.560 16564 16564 E ArmVmp : Match on catch block at 0xc3 in for 0x145
03-28 12:17:15.562 16564 16564 E ArmVmp : Match on catch block at 0xc3 in for 0x141
03-28 12:17:15.563 16564 16564 E ArmVmp : Match on catch block at 0xc3 in for 0x145
03-28 12:17:15.573 16564 16564 E ArmVmp : Match on catch block at 0xc3 in for 0x145
03-28 12:17:15.574 16564 16564 E ArmVmp : Match on catch block at 0xc3 in for 0x141
03-28 12:17:15.575 16564 16564 E ArmVmp : Match on catch block at 0xc3 in for 0x145
03-28 12:17:15.576 16564 16564 W OnBackInvokedCallback: OnBackInvokedCallback is not enabled for the application.
03-28 12:17:15.576 16564 16564 W OnBackInvokedCallback: Set 'android:enableOnBackInvokedCallback="true"' in the application manifest.
03-28 12:17:15.627 16564 16564 E ArmVmp : Match on catch block at 0xc3 in for 0x141
03-28 12:17:15.628 16564 16564 E ArmVmp : Match on catch block at 0xc3 in for 0x159
03-28 12:17:15.630 16564 16564 E ArmVmp : Match on catch block at 0xc3 in for 0x141
03-28 12:17:15.640 16564 16564 E ArmVmp : Match on catch block at 0xc3 in for 0x141
03-28 12:17:15.641 16564 16564 E ArmVmp : Match on catch block at 0xc3 in for 0x159
03-28 12:17:15.642 16564 16564 E ArmVmp : Match on catch block at 0xc3 in for 0x141
03-28 12:17:15.656 16564 16564 E ArmVmp : Match on catch block at 0xc3 in for 0x141
03-28 12:17:15.657 16564 16564 E ArmVmp : Match on catch block at 0xc3 in for 0x159
03-28 12:17:15.659 16564 16564 E ArmVmp : Match on catch block at 0xc3 in for 0x141
03-28 12:17:15.673 16564 16564 E ArmVmp : Match on catch block at 0xc3 in for 0x141
03-28 12:17:15.674 16564 16564 E ArmVmp : Match on catch block at 0xc3 in for 0x159
03-28 12:17:15.676 16564 16564 E ArmVmp : Match on catch block at 0xc3 in for 0x141
03-28 12:17:15.690 16564 16564 E ArmVmp : Match on catch block at 0xc3 in for 0x141
03-28 12:17:15.691 16564 16564 E ArmVmp : Match on catch block at 0xc3 in for 0x159
03-28 12:17:15.692 16564 16564 E ArmVmp : Match on catch block at 0xc3 in for 0x141
03-28 12:17:15.706 16564 16564 E ArmVmp : Match on catch block at 0xc3 in for 0x141
03-28 12:17:15.707 16564 16564 E ArmVmp : Match on catch block at 0xc3 in for 0x159
03-28 12:17:15.708 16564 16564 E ArmVmp : Match on catch block at 0xc3 in for 0x141
03-28 12:17:15.723 16564 16564 E ArmVmp : Match on catch block at 0xc3 in for 0x141
03-28 12:17:15.724 16564 16564 E ArmVmp : Match on catch block at 0xc3 in for 0x159
03-28 12:17:15.725 16564 16564 E ArmVmp : Match on catch block at 0xc3 in for 0x141
03-28 12:17:15.740 16564 16564 E ArmVmp : Match on catch block at 0xc3 in for 0x141
03-28 12:17:15.741 16564 16564 E ArmVmp : Match on catch block at 0xc3 in for 0x159
03-28 12:17:15.742 16564 16564 E ArmVmp : Match on catch block at 0xc3 in for 0x141
03-28 12:17:15.756 16564 16564 E ArmVmp : Match on catch block at 0xc3 in for 0x141
03-28 12:17:15.757 16564 16564 E ArmVmp : Match on catch block at 0xc3 in for 0x159
03-28 12:17:15.758 16564 16564 E ArmVmp : Match on catch block at 0xc3 in for 0x141
03-28 12:17:15.773 16564 16564 E ArmVmp : Match on catch block at 0xc3 in for 0x141
03-28 12:17:15.775 16564 16564 E ArmVmp : Match on catch block at 0xc3 in for 0x159
03-28 12:17:15.775 16564 16564 E ArmVmp : Match on catch block at 0xc3 in for 0x141
03-28 12:17:15.791 16564 16564 E ArmVmp : Match on catch block at 0xc3 in for 0x141
03-28 12:17:15.794 16564 16564 E ArmVmp : Match on catch block at 0xc3 in for 0x159
03-28 12:17:15.795 16564 16564 E ArmVmp : Match on catch block at 0xc3 in for 0x141
03-28 12:17:15.808 16564 16564 E ArmVmp : Match on catch block at 0xc3 in for 0x141
03-28 12:17:15.810 16564 16564 E ArmVmp : Match on catch block at 0xc3 in for 0x159
03-28 12:17:15.812 16564 16564 E ArmVmp : Match on catch block at 0xc3 in for 0x141
03-28 12:17:15.824 16564 16564 E ArmVmp : Match on catch block at 0xc3 in for 0x141
03-28 12:17:15.827 16564 16564 E ArmVmp : Match on catch block at 0xc3 in for 0x159
03-28 12:17:15.829 16564 16564 E ArmVmp : Match on catch block at 0xc3 in for 0x141
03-28 12:17:15.841 16564 16564 E ArmVmp : Match on catch block at 0xc3 in for 0x141
03-28 12:17:15.844 16564 16564 E ArmVmp : Match on catch block at 0xc3 in for 0x159
03-28 12:17:15.846 16564 16564 E ArmVmp : Match on catch block at 0xc3 in for 0x141
03-28 12:17:15.857 16564 16564 E ArmVmp : Match on catch block at 0xc3 in for 0x141
03-28 12:17:15.859 16564 16564 E ArmVmp : Match on catch block at 0xc3 in for 0x159
03-28 12:17:15.861 16564 16564 E ArmVmp : Match on catch block at 0xc3 in for 0x141
03-28 12:17:15.874 16564 16564 E ArmVmp : Match on catch block at 0xc3 in for 0x141
03-28 12:17:15.877 16564 16564 E ArmVmp : Match on catch block at 0xc3 in for 0x159
03-28 12:17:15.879 16564 16564 E ArmVmp : Match on catch block at 0xc3 in for 0x141
03-28 12:17:15.890 16564 16564 E ArmVmp : Match on catch block at 0xc3 in for 0x141
03-28 12:17:15.893 16564 16564 E ArmVmp : Match on catch block at 0xc3 in for 0x159
03-28 12:17:15.895 16564 16564 E ArmVmp : Match on catch block at 0xc3 in for 0x141
03-28 12:17:15.907 16564 16564 E ArmVmp : Match on catch block at 0xc3 in for 0x141
03-28 12:17:15.910 16564 16564 E ArmVmp : Match on catch block at 0xc3 in for 0x159
03-28 12:17:15.912 16564 16564 E ArmVmp : Match on catch block at 0xc3 in for 0x141
03-28 12:17:15.924 16564 16564 E ArmVmp : Match on catch block at 0xc3 in for 0x141
03-28 12:17:15.926 16564 16564 E ArmVmp : Match on catch block at 0xc3 in for 0x159
03-28 12:17:15.928 16564 16564 E ArmVmp : Match on catch block at 0xc3 in for 0x141
03-28 12:17:15.941 16564 16564 E ArmVmp : Match on catch block at 0xc3 in for 0x141
03-28 12:17:15.944 16564 16564 E ArmVmp : Match on catch block at 0xc3 in for 0x159
03-28 12:17:15.945 16564 16564 E ArmVmp : Match on catch block at 0xc3 in for 0x141
03-28 12:17:15.957 16564 16564 E ArmVmp : Match on catch block at 0xc3 in for 0x141
03-28 12:17:15.960 16564 16564 E ArmVmp : Match on catch block at 0xc3 in for 0x159
03-28 12:17:15.962 16564 16564 E ArmVmp : Match on catch block at 0xc3 in for 0x141
03-28 12:17:15.991 16564 16564 E ArmVmp : Match on catch block at 0xc3 in for 0x141
03-28 12:17:15.993 16564 16564 E ArmVmp : Match on catch block at 0xc3 in for 0x159
03-28 12:17:15.995 16564 16564 E ArmVmp : Match on catch block at 0xc3 in for 0x141
03-28 12:17:16.490 16564 16564 E ArmVmp : Match on catch block at 0xc3 in for 0x141
03-28 12:17:16.492 16564 16564 E ArmVmp : Match on catch block at 0xc3 in for 0x159
03-28 12:17:16.494 16564 16564 E ArmVmp : Match on catch block at 0xc3 in for 0x141
03-28 12:17:16.990 16564 16564 E ArmVmp : Match on catch block at 0xc3 in for 0x141
03-28 12:17:16.994 16564 16564 E ArmVmp : Match on catch block at 0xc3 in for 0x159
03-28 12:17:16.996 16564 16564 E ArmVmp : Match on catch block at 0xc3 in for 0x141
03-28 12:17:17.240 16564 16564 E ArmVmp : Match on catch block at 0xc3 in for 0x141
03-28 12:17:17.246 16564 16564 E ArmVmp : Match on catch block at 0xc3 in for 0x159
03-28 12:17:17.249 16564 16564 E ArmVmp : Match on catch block at 0xc3 in for 0x141
03-28 12:17:17.256 16564 16564 E ArmVmp : Match on catch block at 0xc3 in for 0x141
03-28 12:17:17.261 16564 16564 E ArmVmp : Match on catch block at 0xc3 in for 0x159
03-28 12:17:17.263 16564 16564 E ArmVmp : Match on catch block at 0xc3 in for 0x141
03-28 12:17:17.273 16564 16564 E ArmVmp : Match on catch block at 0xc3 in for 0x141
03-28 12:17:17.276 16564 16564 E ArmVmp : Match on catch block at 0xc3 in for 0x159
03-28 12:17:17.278 16564 16564 E ArmVmp : Match on catch block at 0xc3 in for 0x141
03-28 12:17:17.289 16564 16564 E ArmVmp : Match on catch block at 0xc3 in for 0x141
03-28 12:17:17.293 16564 16564 E ArmVmp : Match on catch block at 0xc3 in for 0x159
03-28 12:17:17.296 16564 16564 E ArmVmp : Match on catch block at 0xc3 in for 0x141
03-28 12:17:17.306 16564 16564 E ArmVmp : Match on catch block at 0xc3 in for 0x141
03-28 12:17:17.309 16564 16564 E ArmVmp : Match on catch block at 0xc3 in for 0x159
03-28 12:17:17.311 16564 16564 E ArmVmp : Match on catch block at 0xc3 in for 0x141
03-28 12:17:17.323 16564 16564 E ArmVmp : Match on catch block at 0xc3 in for 0x141
03-28 12:17:17.327 16564 16564 E ArmVmp : Match on catch block at 0xc3 in for 0x159
03-28 12:17:17.329 16564 16564 E ArmVmp : Match on catch block at 0xc3 in for 0x141
03-28 12:17:17.339 16564 16564 E ArmVmp : Match on catch block at 0xc3 in for 0x141
03-28 12:17:17.343 16564 16564 E ArmVmp : Match on catch block at 0xc3 in for 0x159
