03-28 15:51:57.537 26849 26849 E ArmVmp : Match on catch block at 0xc3 in for 0x14d
03-28 15:51:57.539 26849 26849 E ArmVmp : Match on catch block at 0xc3 in for 0x149
03-28 15:51:57.653 26849 26849 E ArmVmp : Match on catch block at 0xc3 in for 0x155
03-28 15:51:57.654 26849 26849 E ArmVmp : Match on catch block at 0xc3 in for 0x151
03-28 15:51:57.670 26849 26849 E ArmVmp : Match on catch block at 0xc3 in for 0x159
03-28 15:51:57.671 26849 26849 E ArmVmp : Match on catch block at 0xc3 in for 0x155
03-28 15:51:57.686 26849 26849 E ArmVmp : Match on catch block at 0xc3 in for 0x141
03-28 15:51:57.687 26849 26849 E ArmVmp : Match on catch block at 0xc3 in for 0x159
03-28 15:51:57.694 26849 26849 E ArmVmp : Match on catch block at 0xc3 in for 0x145
03-28 15:51:57.696 26849 26849 E ArmVmp : Match on catch block at 0xc3 in for 0x141
03-28 15:51:57.703 26849 26849 E ArmVmp : Match on catch block at 0xc3 in for 0x149
03-28 15:51:57.704 26849 26849 E ArmVmp : Match on catch block at 0xc3 in for 0x145
03-28 15:51:57.711 26849 26849 E ArmVmp : Match on catch block at 0xc3 in for 0x14d
03-28 15:51:57.712 26849 26849 E ArmVmp : Match on catch block at 0xc3 in for 0x149
03-28 15:51:57.719 26849 26849 E ArmVmp : Match on catch block at 0xc3 in for 0x151
03-28 15:51:57.721 26849 26849 E ArmVmp : Match on catch block at 0xc3 in for 0x14d
03-28 15:51:57.727 26849 26849 E ArmVmp : Match on catch block at 0xc3 in for 0x155
03-28 15:51:57.729 26849 26849 E ArmVmp : Match on catch block at 0xc3 in for 0x151
03-28 15:51:57.736 26849 26849 E ArmVmp : Match on catch block at 0xc3 in for 0x159
03-28 15:51:57.738 26849 26849 E ArmVmp : Match on catch block at 0xc3 in for 0x155
03-28 15:51:57.745 26849 26849 E ArmVmp : Match on catch block at 0xc3 in for 0x141
03-28 15:51:57.746 26849 26849 E ArmVmp : Match on catch block at 0xc3 in for 0x159
03-28 15:51:57.752 26849 26849 E ArmVmp : Match on catch block at 0xc3 in for 0x145
03-28 15:51:57.753 26849 26849 E ArmVmp : Match on catch block at 0xc3 in for 0x141
03-28 15:51:57.778 26849 26849 E ArmVmp : Match on catch block at 0xc3 in for 0x14d
03-28 15:51:57.779 26849 26849 E ArmVmp : Match on catch block at 0xc3 in for 0x149
03-28 15:51:57.786 26849 26849 E ArmVmp : Match on catch block at 0xc3 in for 0x151
03-28 15:51:57.787 26849 26849 E ArmVmp : Match on catch block at 0xc3 in for 0x14d
03-28 15:51:57.794 26849 26849 E ArmVmp : Match on catch block at 0xc3 in for 0x155
03-28 15:51:57.795 26849 26849 E ArmVmp : Match on catch block at 0xc3 in for 0x151
03-28 15:51:57.802 26849 26849 E ArmVmp : Match on catch block at 0xc3 in for 0x159
03-28 15:51:57.803 26849 26849 E ArmVmp : Match on catch block at 0xc3 in for 0x155
03-28 15:51:57.811 26849 26849 E ArmVmp : Match on catch block at 0xc3 in for 0x141
03-28 15:51:57.812 26849 26849 E ArmVmp : Match on catch block at 0xc3 in for 0x159
03-28 15:51:57.819 26849 26849 E ArmVmp : Match on catch block at 0xc3 in for 0x145
03-28 15:51:57.820 26849 26849 E ArmVmp : Match on catch block at 0xc3 in for 0x141
03-28 15:51:57.827 26849 26849 E ArmVmp : Match on catch block at 0xc3 in for 0x149
03-28 15:51:57.828 26849 26849 E ArmVmp : Match on catch block at 0xc3 in for 0x145
03-28 15:51:57.836 26849 26849 E ArmVmp : Match on catch block at 0xc3 in for 0x14d
03-28 15:51:57.837 26849 26849 E ArmVmp : Match on catch block at 0xc3 in for 0x149
03-28 15:51:57.844 26849 26849 E ArmVmp : Match on catch block at 0xc3 in for 0x151
03-28 15:51:57.846 26849 26849 E ArmVmp : Match on catch block at 0xc3 in for 0x14d
03-28 15:51:57.853 26849 26849 E ArmVmp : Match on catch block at 0xc3 in for 0x155
03-28 15:51:57.854 26849 26849 E ArmVmp : Match on catch block at 0xc3 in for 0x151
03-28 15:51:57.861 26849 26849 E ArmVmp : Match on catch block at 0xc3 in for 0x159
03-28 15:51:57.862 26849 26849 E ArmVmp : Match on catch block at 0xc3 in for 0x155
03-28 15:51:57.869 26849 26849 E ArmVmp : Match on catch block at 0xc3 in for 0x141
03-28 15:51:57.870 26849 26849 E ArmVmp : Match on catch block at 0xc3 in for 0x159
03-28 15:51:57.877 26849 26849 E ArmVmp : Match on catch block at 0xc3 in for 0x145
03-28 15:51:57.878 26849 26849 E ArmVmp : Match on catch block at 0xc3 in for 0x141
03-28 15:51:57.886 26849 26849 E ArmVmp : Match on catch block at 0xc3 in for 0x149
03-28 15:51:57.887 26849 26849 E ArmVmp : Match on catch block at 0xc3 in for 0x145
03-28 15:51:57.894 26849 26849 E ArmVmp : Match on catch block at 0xc3 in for 0x14d
03-28 15:51:57.895 26849 26849 E ArmVmp : Match on catch block at 0xc3 in for 0x149
03-28 15:51:57.902 26849 26849 E ArmVmp : Match on catch block at 0xc3 in for 0x151
03-28 15:51:57.903 26849 26849 E ArmVmp : Match on catch block at 0xc3 in for 0x14d
03-28 15:51:57.910 26849 26849 E ArmVmp : Match on catch block at 0xc3 in for 0x155
03-28 15:51:57.911 26849 26849 E ArmVmp : Match on catch block at 0xc3 in for 0x151
03-28 15:51:57.919 26849 26849 E ArmVmp : Match on catch block at 0xc3 in for 0x159
03-28 15:51:57.920 26849 26849 E ArmVmp : Match on catch block at 0xc3 in for 0x155
03-28 15:51:57.927 26849 26849 E ArmVmp : Match on catch block at 0xc3 in for 0x141
03-28 15:51:57.928 26849 26849 E ArmVmp : Match on catch block at 0xc3 in for 0x159
03-28 15:51:57.935 26849 26849 E ArmVmp : Match on catch block at 0xc3 in for 0x145
03-28 15:51:57.936 26849 26849 E ArmVmp : Match on catch block at 0xc3 in for 0x141
03-28 15:51:57.944 26849 26849 E ArmVmp : Match on catch block at 0xc3 in for 0x149
03-28 15:51:57.945 26849 26849 E ArmVmp : Match on catch block at 0xc3 in for 0x145
03-28 15:51:57.952 26849 26849 E ArmVmp : Match on catch block at 0xc3 in for 0x14d
03-28 15:51:57.953 26849 26849 E ArmVmp : Match on catch block at 0xc3 in for 0x149
03-28 15:51:57.960 26849 26849 E ArmVmp : Match on catch block at 0xc3 in for 0x151
03-28 15:51:57.961 26849 26849 E ArmVmp : Match on catch block at 0xc3 in for 0x14d
03-28 15:51:57.969 26849 26849 E ArmVmp : Match on catch block at 0xc3 in for 0x155
03-28 15:51:57.970 26849 26849 E ArmVmp : Match on catch block at 0xc3 in for 0x151
03-28 15:51:57.977 26849 26849 E ArmVmp : Match on catch block at 0xc3 in for 0x159
03-28 15:51:57.978 26849 26849 E ArmVmp : Match on catch block at 0xc3 in for 0x155
03-28 15:51:57.985 26849 26849 E ArmVmp : Match on catch block at 0xc3 in for 0x141
03-28 15:51:57.986 26849 26849 E ArmVmp : Match on catch block at 0xc3 in for 0x159
03-28 15:51:57.994 26849 26849 E ArmVmp : Match on catch block at 0xc3 in for 0x145
03-28 15:51:57.995 26849 26849 E ArmVmp : Match on catch block at 0xc3 in for 0x141
03-28 15:51:58.002 26849 26849 E ArmVmp : Match on catch block at 0xc3 in for 0x149
03-28 15:51:58.003 26849 26849 E ArmVmp : Match on catch block at 0xc3 in for 0x145
03-28 15:51:58.010 26849 26849 E ArmVmp : Match on catch block at 0xc3 in for 0x14d
03-28 15:51:58.012 26849 26849 E ArmVmp : Match on catch block at 0xc3 in for 0x149
03-28 15:51:58.019 26849 26849 E ArmVmp : Match on catch block at 0xc3 in for 0x151
03-28 15:51:58.020 26849 26849 E ArmVmp : Match on catch block at 0xc3 in for 0x14d
03-28 15:51:58.027 26849 26849 E ArmVmp : Match on catch block at 0xc3 in for 0x155
03-28 15:51:58.028 26849 26849 E ArmVmp : Match on catch block at 0xc3 in for 0x151
03-28 15:51:58.035 26849 26849 E ArmVmp : Match on catch block at 0xc3 in for 0x159
03-28 15:51:58.037 26849 26849 E ArmVmp : Match on catch block at 0xc3 in for 0x155
03-28 15:51:58.044 26849 26849 E ArmVmp : Match on catch block at 0xc3 in for 0x141
03-28 15:51:58.045 26849 26849 E ArmVmp : Match on catch block at 0xc3 in for 0x159
03-28 15:51:58.052 26849 26849 E ArmVmp : Match on catch block at 0xc3 in for 0x145
03-28 15:51:58.053 26849 26849 E ArmVmp : Match on catch block at 0xc3 in for 0x141
03-28 15:51:58.060 26849 26849 E ArmVmp : Match on catch block at 0xc3 in for 0x149
03-28 15:51:58.061 26849 26849 E ArmVmp : Match on catch block at 0xc3 in for 0x145
03-28 15:51:58.069 26849 26849 E ArmVmp : Match on catch block at 0xc3 in for 0x14d
03-28 15:51:58.070 26849 26849 E ArmVmp : Match on catch block at 0xc3 in for 0x149
03-28 15:51:58.077 26849 26849 E ArmVmp : Match on catch block at 0xc3 in for 0x151
03-28 15:51:58.078 26849 26849 E ArmVmp : Match on catch block at 0xc3 in for 0x14d
03-28 15:51:58.085 26849 26849 E ArmVmp : Match on catch block at 0xc3 in for 0x155
03-28 15:51:58.086 26849 26849 E ArmVmp : Match on catch block at 0xc3 in for 0x151
03-28 15:51:58.262 26849 26849 E ArmVmp : Match on catch block at 0xc3 in for 0x159
03-28 15:51:58.263 26849 26849 E ArmVmp : Match on catch block at 0xc3 in for 0x155
03-28 16:01:22.393 26849 26849 E ArmVmp : Match on catch block at 0x0a in for 0x18d
03-28 16:01:22.394 26849 26849 E ArmVmp : Match on catch block at 0x0a in for 0x185
03-28 16:01:22.451 26849 26849 E ArmVmp : Match on catch block at 0xc3 in for 0x145
03-28 16:01:22.476 26849 26849 E ArmVmp : Match on catch block at 0xc3 in for 0x141
03-28 16:01:22.496 26849 26849 E ArmVmp : Match on catch block at 0xc3 in for 0x159
03-28 16:01:22.497 26849 26849 E ArmVmp : Match on catch block at 0xc3 in for 0x155
03-28 16:01:22.501 26849 26849 E ArmVmp : Match on catch block at 0xc3 in for 0x141
03-28 16:01:22.503 26849 26849 E ArmVmp : Match on catch block at 0xc3 in for 0x159
03-28 16:01:22.527 26849 26849 E ArmVmp : Match on catch block at 0xc3 in for 0x141
03-28 16:01:22.528 26849 26849 E ArmVmp : Match on catch block at 0xc3 in for 0x159
03-28 16:01:22.533 26849 26849 E ArmVmp : Match on catch block at 0xc3 in for 0x145
03-28 16:01:22.534 26849 26849 E ArmVmp : Match on catch block at 0xc3 in for 0x141
03-28 16:01:22.539 26849 26849 E ArmVmp : Match on catch block at 0xc3 in for 0x149
03-28 16:01:22.540 26849 26849 E ArmVmp : Match on catch block at 0xc3 in for 0x145
03-28 16:01:22.549 26849 26849 E ArmVmp : Match on catch block at 0xc3 in for 0x14d
03-28 16:01:22.551 26849 26849 E ArmVmp : Match on catch block at 0xc3 in for 0x149
03-28 16:01:22.556 26849 26849 E ArmVmp : Match on catch block at 0xc3 in for 0x151
03-28 16:01:22.557 26849 26849 E ArmVmp : Match on catch block at 0xc3 in for 0x14d
03-28 16:01:22.564 26849 26849 E ArmVmp : Match on catch block at 0xc3 in for 0x155
03-28 16:01:22.565 26849 26849 E ArmVmp : Match on catch block at 0xc3 in for 0x151
03-28 16:01:22.572 26849 26849 E ArmVmp : Match on catch block at 0xc3 in for 0x159
03-28 16:01:22.573 26849 26849 E ArmVmp : Match on catch block at 0xc3 in for 0x155
03-28 16:01:22.581 26849 26849 E ArmVmp : Match on catch block at 0xc3 in for 0x141
03-28 16:01:22.582 26849 26849 E ArmVmp : Match on catch block at 0xc3 in for 0x159
03-28 16:01:22.589 26849 26849 E ArmVmp : Match on catch block at 0xc3 in for 0x145
03-28 16:01:22.591 26849 26849 E ArmVmp : Match on catch block at 0xc3 in for 0x141
03-28 16:01:22.597 26849 26849 E ArmVmp : Match on catch block at 0xc3 in for 0x149
03-28 16:01:22.600 26849 26849 E ArmVmp : Match on catch block at 0xc3 in for 0x145
03-28 16:01:22.606 26849 26849 E ArmVmp : Match on catch block at 0xc3 in for 0x14d
03-28 16:01:22.607 26849 26849 E ArmVmp : Match on catch block at 0xc3 in for 0x149
03-28 16:01:22.614 26849 26849 E ArmVmp : Match on catch block at 0xc3 in for 0x151
03-28 16:01:22.615 26849 26849 E ArmVmp : Match on catch block at 0xc3 in for 0x14d
03-28 16:01:23.023 26849 26849 E ArmVmp : Match on catch block at 0xc3 in for 0x159
03-28 16:01:23.025 26849 26849 E ArmVmp : Match on catch block at 0xc3 in for 0x155
03-28 16:01:23.241 26849 26849 E ArmVmp : Match on catch block at 0xc3 in for 0x141
03-28 16:01:23.245 26849 26849 E ArmVmp : Match on catch block at 0xc3 in for 0x159
03-28 16:01:23.257 26849 26849 E ArmVmp : Match on catch block at 0xc3 in for 0x145
03-28 16:01:23.259 26849 26849 E ArmVmp : Match on catch block at 0xc3 in for 0x141
03-28 16:01:23.274 26849 26849 E ArmVmp : Match on catch block at 0xc3 in for 0x149
03-28 16:01:23.276 26849 26849 E ArmVmp : Match on catch block at 0xc3 in for 0x145
03-28 16:01:23.289 26849 26849 E ArmVmp : Match on catch block at 0xc3 in for 0x14d
03-28 16:01:23.291 26849 26849 E ArmVmp : Match on catch block at 0xc3 in for 0x149
03-28 16:01:23.306 26849 26849 E ArmVmp : Match on catch block at 0xc3 in for 0x151
03-28 16:01:23.308 26849 26849 E ArmVmp : Match on catch block at 0xc3 in for 0x14d
03-28 16:01:23.323 26849 26849 E ArmVmp : Match on catch block at 0xc3 in for 0x155
03-28 16:01:23.325 26849 26849 E ArmVmp : Match on catch block at 0xc3 in for 0x151
03-28 16:01:23.347 26849 26849 E ArmVmp : Match on catch block at 0xc3 in for 0x159
03-28 16:01:23.349 26849 26849 E ArmVmp : Match on catch block at 0xc3 in for 0x155
03-28 16:01:23.356 26849 26849 E ArmVmp : Match on catch block at 0xc3 in for 0x145
03-28 16:01:23.357 26849 26849 E ArmVmp : Match on catch block at 0xc3 in for 0x141
03-28 16:01:23.373 26849 26849 E ArmVmp : Match on catch block at 0xc3 in for 0x149
03-28 16:01:23.375 26849 26849 E ArmVmp : Match on catch block at 0xc3 in for 0x145
03-28 16:01:23.389 26849 26849 E ArmVmp : Match on catch block at 0xc3 in for 0x14d
03-28 16:01:23.391 26849 26849 E ArmVmp : Match on catch block at 0xc3 in for 0x149
03-28 16:01:23.405 26849 26849 E ArmVmp : Match on catch block at 0xc3 in for 0x151
03-28 16:01:23.407 26849 26849 E ArmVmp : Match on catch block at 0xc3 in for 0x14d
03-28 16:01:23.422 26849 26849 E ArmVmp : Match on catch block at 0xc3 in for 0x155
03-28 16:01:23.425 26849 26849 E ArmVmp : Match on catch block at 0xc3 in for 0x151
03-28 16:01:23.444 26849 26849 E ArmVmp : Match on catch block at 0xc3 in for 0x14d
03-28 16:01:23.446 26849 26849 E ArmVmp : Match on catch block at 0xc3 in for 0x149
03-28 16:01:23.455 26849 26849 E ArmVmp : Match on catch block at 0xc3 in for 0x151
03-28 16:01:23.457 26849 26849 E ArmVmp : Match on catch block at 0xc3 in for 0x14d
03-28 16:01:23.473 26849 26849 E ArmVmp : Match on catch block at 0xc3 in for 0x155
03-28 16:01:23.475 26849 26849 E ArmVmp : Match on catch block at 0xc3 in for 0x151
03-28 16:01:23.499 26849 26849 E ArmVmp : Match on catch block at 0xc3 in for 0x14d
03-28 16:01:23.500 26849 26849 E ArmVmp : Match on catch block at 0xc3 in for 0x149
03-28 16:01:23.598 26849 26849 E ArmVmp : Match on catch block at 0xc3 in for 0x155
03-28 16:01:23.599 26849 26849 E ArmVmp : Match on catch block at 0xc3 in for 0x151
03-28 16:01:23.650 26849 26849 E ArmVmp : Match on catch block at 0xc3 in for 0x155
03-28 16:01:23.651 26849 26849 E ArmVmp : Match on catch block at 0xc3 in for 0x151
03-28 16:01:23.682 26849 26849 E ArmVmp : Match on catch block at 0xc3 in for 0x159
03-28 16:01:23.684 26849 26849 E ArmVmp : Match on catch block at 0xc3 in for 0x155
03-28 16:01:24.483 26849 27434 W Parcel : Expecting binder but got null!
03-28 16:01:24.720 26849 26919 E SQLiteDatabase: Error inserting transferred=0 media_job_uuid=5d71b89d-840d-4798-9fd6-634ba8983284 transcoded=0 gif_attribution=0 first_scan_length=14269 direct_path=/v/t62.7118- 24/35590416_965228988666409_3804542398322936328_n.enc?ccb=11- 4&oh=01_ASC4Ulop6ca2IExDy2LIUjU5jpszc5xOsTH5oNF2K2h5Mw&oe=662C84F1&_nc_sid=5e03e0 thumbnail_height_width_ratio=1.8181819 is_animated_sticker=0 file_hash=n4cfDjf6mX40wK1DugFkV9KK8enzmwTicz6pmIH3nEQ= file_path=null file_size=0 partial_media_hash=X+MASNTQj8PlG35I5O0K2B4NDOFuDJssM4FtYgwVSzg= face_x=0 face_y=0 height=1599 trim_to=0 media_key_timestamp=1711615969000 message_url=https://mmg.whatsapp.net/v/t62.7118- 24/35590416_965228988666409_3804542398322936328_n.enc?ccb=11- 4&oh=01_ASC4Ulop6ca2IExDy2LIUjU5jpszc5xOsTH5oNF2K2h5Mw&oe=662C84F1&_nc_sid=5e03e0&m ms3=true media_caption=null trim_from=0 mime_type=image/jpeg partial_media_enc_hash=null width=899 original_file_hash=null has_streaming_sidecar=1 autotransfer_retry_enabled=0 media_upload_handle=null message_row_id=401 multicast_id=null enc_file_hash=nE/COoFVEqxmGOlmaZ9j07c6MMvw9fSDM53e/hZrsxQ= mute_video=0 page_count=0 first_scan_sidecar=[B@e6f1434 suspicious_content=0 file_length=134341 media_name=null media_duration=0 chat_row_id=20 media_key=[B@1aba25d
03-28 16:01:24.720 26849 26919 E SQLiteDatabase: android.database.sqlite.SQLiteConstraintException: UNIQUE constraint failed: message_media.message_row_id (code 1555 SQLITE_CONSTRAINT_PRIMARYKEY)
03-28 16:01:24.720 26849 26919 E SQLiteDatabase: at android.database.sqlite.SQLiteConnection.nativeExecuteForLastInsertedRowId(Native Method)
03-28 16:01:24.720 26849 26919 E SQLiteDatabase: at android.database.sqlite.SQLiteConnection.executeForLastInsertedRowId(SQLiteConnecti on.java:961)
03-28 16:01:24.720 26849 26919 E SQLiteDatabase: at android.database.sqlite.SQLiteSession.executeForLastInsertedRowId(SQLiteSession.jav a:790)
03-28 16:01:24.720 26849 26919 E SQLiteDatabase: at android.database.sqlite.SQLiteStatement.executeInsert(SQLiteStatement.java:89)
03-28 16:01:24.720 26849 26919 E SQLiteDatabase: at android.database.sqlite.SQLiteDatabase.insertWithOnConflict(SQLiteDatabase.java:187 4)
03-28 16:01:24.720 26849 26919 E SQLiteDatabase: at android.database.sqlite.SQLiteDatabase.insert(SQLiteDatabase.java:1743)
03-28 16:01:24.720 26849 26919 E SQLiteDatabase: at X.2tm.A08(Unknown Source:6)
03-28 16:01:24.720 26849 26919 E SQLiteDatabase: at X.35Y.A07(Unknown Source:212)
03-28 16:01:24.720 26849 26919 E SQLiteDatabase: at X.3QF.A14(Unknown Source:470)
03-28 16:01:24.720 26849 26919 E SQLiteDatabase: at X.3gU.run(Unknown Source:982)
03-28 16:01:24.720 26849 26919 E SQLiteDatabase: at android.os.Handler.handleCallback(Handler.java:942)
03-28 16:01:24.720 26849 26919 E SQLiteDatabase: at android.os.Handler.dispatchMessage(Handler.java:99)
03-28 16:01:24.720 26849 26919 E SQLiteDatabase: at X.0zq.dispatchMessage(Unknown Source:4)
03-28 16:01:24.720 26849 26919 E SQLiteDatabase: at android.os.Looper.loopOnce(Looper.java:204)
03-28 16:01:24.720 26849 26919 E SQLiteDatabase: at android.os.Looper.loop(Looper.java:291)
03-28 16:01:24.720 26849 26919 E SQLiteDatabase: at android.os.HandlerThread.run(HandlerThread.java:67)
03-28 16:01:24.765 26849 26919 E SQLiteDatabase: Error inserting transferred=0 media_job_uuid=5d71b89d-840d-4798-9fd6-634ba8983284 transcoded=0 gif_attribution=0 first_scan_length=14269 direct_path=/v/t62.7118- 24/35590416_965228988666409_3804542398322936328_n.enc?ccb=11- 4&oh=01_ASC4Ulop6ca2IExDy2LIUjU5jpszc5xOsTH5oNF2K2h5Mw&oe=662C84F1&_nc_sid=5e03e0 thumbnail_height_width_ratio=1.8181819 is_animated_sticker=0 file_hash=n4cfDjf6mX40wK1DugFkV9KK8enzmwTicz6pmIH3nEQ= file_path=null file_size=0 partial_media_hash=X+MASNTQj8PlG35I5O0K2B4NDOFuDJssM4FtYgwVSzg= face_x=0 face_y=0 height=1599 trim_to=0 media_key_timestamp=1711615969000 message_url=https://mmg.whatsapp.net/v/t62.7118- 24/35590416_965228988666409_3804542398322936328_n.enc?ccb=11- 4&oh=01_ASC4Ulop6ca2IExDy2LIUjU5jpszc5xOsTH5oNF2K2h5Mw&oe=662C84F1&_nc_sid=5e03e0&m ms3=true media_caption=null trim_from=0 mime_type=image/jpeg partial_media_enc_hash=null width=899 original_file_hash=null has_streaming_sidecar=1 autotransfer_retry_enabled=0 media_upload_handle=null message_row_id=401 multicast_id=null enc_file_hash=nE/COoFVEqxmGOlmaZ9j07c6MMvw9fSDM53e/hZrsxQ= mute_video=0 page_count=0 first_scan_sidecar=[B@e6f1434 suspicious_content=0 file_length=134341 media_name=null media_duration=0 chat_row_id=20 media_key=[B@1aba25d
03-28 16:01:24.765 26849 26919 E SQLiteDatabase: android.database.sqlite.SQLiteConstraintException: UNIQUE constraint failed: message_media.message_row_id (code 1555 SQLITE_CONSTRAINT_PRIMARYKEY)
03-28 16:01:24.765 26849 26919 E SQLiteDatabase: at android.database.sqlite.SQLiteConnection.nativeExecuteForLastInsertedRowId(Native Method)
03-28 16:01:24.765 26849 26919 E SQLiteDatabase: at android.database.sqlite.SQLiteConnection.executeForLastInsertedRowId(SQLiteConnecti on.java:961)
03-28 16:01:24.765 26849 26919 E SQLiteDatabase: at android.database.sqlite.SQLiteSession.executeForLastInsertedRowId(SQLiteSession.jav a:790)
03-28 16:01:24.765 26849 26919 E SQLiteDatabase: at android.database.sqlite.SQLiteStatement.executeInsert(SQLiteStatement.java:89)
03-28 16:01:24.765 26849 26919 E SQLiteDatabase: at android.database.sqlite.SQLiteDatabase.insertWithOnConflict(SQLiteDatabase.java:187 4)
03-28 16:01:24.765 26849 26919 E SQLiteDatabase: at android.database.sqlite.SQLiteDatabase.insert(SQLiteDatabase.java:1743)
03-28 16:01:24.765 26849 26919 E SQLiteDatabase: at X.2tm.A08(Unknown Source:6)
03-28 16:01:24.765 26849 26919 E SQLiteDatabase: at X.35Y.A07(Unknown Source:212)
03-28 16:01:24.765 26849 26919 E SQLiteDatabase: at X.3QF.A14(Unknown Source:470)
03-28 16:01:24.765 26849 26919 E SQLiteDatabase: at X.3gU.run(Unknown Source:982)
03-28 16:01:24.765 26849 26919 E SQLiteDatabase: at android.os.Handler.handleCallback(Handler.java:942)
03-28 16:01:24.765 26849 26919 E SQLiteDatabase: at android.os.Handler.dispatchMessage(Handler.java:99)
03-28 16:01:24.765 26849 26919 E SQLiteDatabase: at X.0zq.dispatchMessage(Unknown Source:4)
03-28 16:01:24.765 26849 26919 E SQLiteDatabase: at android.os.Looper.loopOnce(Looper.java:204)
03-28 16:01:24.765 26849 26919 E SQLiteDatabase: at android.os.Looper.loop(Looper.java:291)
03-28 16:01:24.765 26849 26919 E SQLiteDatabase: at android.os.HandlerThread.run(HandlerThread.java:67)
03-28 16:01:25.950 26849 28123 E ActivityThread: Failed to find provider info for androidx.car.app.connection
03-28 16:01:25.960 26849 26849 W CarApp.Conn: Null response from content provider when checking connection to the car, treating as disconnected
03-28 16:01:25.972 26849 31790 W AudioManager: Use of stream types is deprecated for operations other than volume control
03-28 16:01:25.972 26849 31790 W AudioManager: See the documentation of requestAudioFocus() for what to use instead with android.media.AudioAttributes to qualify your playback use case
03-28 16:01:25.973 26849 26849 W SoundPool: Use of stream types is deprecated for operations other than volume control
03-28 16:01:25.973 26849 26849 W SoundPool: See the documentation of SoundPool() for what to use instead with android.media.AudioAttributes to qualify your playback use case
03-28 16:01:26.039 26849 31801 E CCodec : before change, configure, format : AMessage(what = 0x00000000) = {
03-28 16:01:26.039 26849 31801 E CCodec : string mime = "audio/vorbis"
03-28 16:01:26.039 26849 31801 E CCodec : int64_t durationUs = 560975
03-28 16:01:26.039 26849 31801 E CCodec : int32_t track-id = 1
03-28 16:01:26.039 26849 31801 E CCodec : Buffer csd-0 = {
03-28 16:01:26.039 26849 31801 E CCodec : 00000000: 01 76 6f 72 62 69 73 00 00 00 00 01 44 ac 00 00 .vorbis.....D...
03-28 16:01:26.039 26849 31801 E CCodec : 00000010: 00 00 00 00 c0 d4 01 00 00 00 00 00 b8 01 ..............
03-28 16:01:26.039 26849 31801 E CCodec : }
03-28 16:01:26.039 26849 31801 E CCodec : Buffer *csd-1 = 0xb4000077d2aa8ee0
03-28 16:01:26.039 26849 31801 E CCodec : int32_t bitrate = 120000
03-28 16:01:26.039 26849 31801 E CCodec : int32_t channel-count = 1
03-28 16:01:26.039 26849 31801 E CCodec : int32_t sample-rate = 44100
03-28 16:01:26.039 26849 31801 E CCodec : int32_t channel-mask = 1
03-28 16:01:26.039 26849 31801 E CCodec : int32_t flags = 0
03-28 16:01:26.039 26849 31801 E CCodec : } , width 0 , higth 0
03-28 16:01:26.040 26849 31800 E CCodec : before change, configure, format : AMessage(what = 0x00000000) = {
03-28 16:01:26.040 26849 31800 E CCodec : string mime = "audio/vorbis"
03-28 16:01:26.040 26849 31800 E CCodec : int64_t durationUs = 377375
03-28 16:01:26.040 26849 31800 E CCodec : int32_t track-id = 1
03-28 16:01:26.040 26849 31800 E CCodec : Buffer csd-0 = {
03-28 16:01:26.040 26849 31800 E CCodec : 00000000: 01 76 6f 72 62 69 73 00 00 00 00 02 80 bb 00 00 .vorbis.........
03-28 16:01:26.040 26849 31800 E CCodec : 00000010: 00 00 00 00 00 ee 02 00 00 00 00 00 b8 01 ..............
03-28 16:01:26.040 26849 31800 E CCodec : }
03-28 16:01:26.040 26849 31800 E CCodec : Buffer *csd-1 = 0xb4000077d28ca150
03-28 16:01:26.040 26849 31800 E CCodec : int32_t bitrate = 192000
03-28 16:01:26.040 26849 31800 E CCodec : int32_t channel-count = 2
03-28 16:01:26.040 26849 31800 E CCodec : int32_t sample-rate = 48000
03-28 16:01:26.040 26849 31800 E CCodec : int32_t channel-mask = 3
03-28 16:01:26.040 26849 31800 E CCodec : int32_t flags = 0
03-28 16:01:26.040 26849 31800 E CCodec : } , width 0 , higth 0
03-28 16:01:26.040 26849 31801 W Codec2Client: query -- param skipped: index = 1107298332.
03-28 16:01:26.040 26849 31800 W Codec2Client: query -- param skipped: index = 1107298332.
03-28 16:01:26.041 26849 31800 W Codec2Client: query -- param skipped: index = 1342179345.
03-28 16:01:26.041 26849 31800 W Codec2Client: query -- param skipped: index = 2415921170.
03-28 16:01:26.041 26849 31801 W Codec2Client: query -- param skipped: index = 1342179345.
03-28 16:01:26.041 26849 31801 W Codec2Client: query -- param skipped: index = 2415921170.
03-28 16:01:26.095 26849 26849 W libc : Access denied finding property "vendor.transsion.scroll_adjust.support"
03-28 16:01:26.095 26849 26849 W libc : Access denied finding property "vendor.transsion.scroll_adjust.support"
03-28 16:01:26.096 26849 26849 W libc : Access denied finding property "vendor.transsion.scroll_adjust.support"
03-28 16:01:26.097 26849 26849 W libc : Access denied finding property "vendor.transsion.scroll_adjust.support"
03-28 16:01:26.104 26849 26849 W libc : Access denied finding property "vendor.transsion.scroll_adjust.support"
03-28 16:01:26.104 26849 26849 W libc : Access denied finding property "vendor.transsion.scroll_adjust.support"
03-28 16:01:26.112 26849 31812 E CCodec : before change, configure, format : AMessage(what = 0x00000000) = {
03-28 16:01:26.112 26849 31812 E CCodec : string mime = "audio/vorbis"
03-28 16:01:26.112 26849 31812 E CCodec : int64_t durationUs = 450068
03-28 16:01:26.112 26849 31812 E CCodec : int32_t track-id = 1
03-28 16:01:26.112 26849 31812 E CCodec : Buffer csd-0 = {
03-28 16:01:26.112 26849 31812 E CCodec : 00000000: 01 76 6f 72 62 69 73 00 00 00 00 01 44 ac 00 00 .vorbis.....D...
03-28 16:01:26.112 26849 31812 E CCodec : 00000010: 00 00 00 00 c0 d4 01 00 00 00 00 00 b8 01 ..............
03-28 16:01:26.112 26849 31812 E CCodec : }
03-28 16:01:26.112 26849 31812 E CCodec : Buffer *csd-1 = 0xb4000077d28bc190
03-28 16:01:26.112 26849 31812 E CCodec : int32_t bitrate = 120000
03-28 16:01:26.112 26849 31812 E CCodec : int32_t channel-count = 1
03-28 16:01:26.112 26849 31812 E CCodec : int32_t sample-rate = 44100
03-28 16:01:26.112 26849 31812 E CCodec : int32_t channel-mask = 1
03-28 16:01:26.112 26849 31812 E CCodec : int32_t flags = 0
03-28 16:01:26.112 26849 31812 E CCodec : } , width 0 , higth 0
03-28 16:01:26.114 26849 31812 W Codec2Client: query -- param skipped: index = 1107298332.
03-28 16:01:26.115 26849 31812 W Codec2Client: query -- param skipped: index = 1342179345.
03-28 16:01:26.115 26849 31812 W Codec2Client: query -- param skipped: index = 2415921170.
03-28 16:01:26.123 26849 26849 W libc : Access denied finding property "vendor.transsion.scroll_adjust.support"
03-28 16:01:26.123 26849 26849 W libc : Access denied finding property "vendor.transsion.scroll_adjust.support"
03-28 16:01:26.152 26849 26849 W libc : Access denied finding property "vendor.transsion.scroll_adjust.support"
03-28 16:01:26.152 26849 26849 W libc : Access denied finding property "vendor.transsion.scroll_adjust.support"
03-28 16:01:26.153 26849 26849 W libc : Access denied finding property "vendor.transsion.scroll_adjust.support"
03-28 16:01:26.153 26849 26849 W libc : Access denied finding property "vendor.transsion.scroll_adjust.support"
03-28 16:01:26.161 26849 31815 E CCodec : before change, configure, format : AMessage(what = 0x00000000) = {
03-28 16:01:26.161 26849 31815 E CCodec : string mime = "audio/vorbis"
03-28 16:01:26.161 26849 31815 E CCodec : int64_t durationUs = 365895
03-28 16:01:26.161 26849 31815 E CCodec : int32_t track-id = 1
03-28 16:01:26.161 26849 31815 E CCodec : Buffer csd-0 = {
03-28 16:01:26.161 26849 31815 E CCodec : 00000000: 01 76 6f 72 62 69 73 00 00 00 00 01 44 ac 00 00 .vorbis.....D...
03-28 16:01:26.161 26849 31815 E CCodec : 00000010: 00 00 00 00 c0 d4 01 00 00 00 00 00 b8 01 ..............
03-28 16:01:26.161 26849 31815 E CCodec : }
03-28 16:01:26.161 26849 31815 E CCodec : Buffer *csd-1 = 0xb4000077d2aa7090
03-28 16:01:26.161 26849 31815 E CCodec : int32_t bitrate = 120000
03-28 16:01:26.161 26849 31815 E CCodec : int32_t channel-count = 1
03-28 16:01:26.161 26849 31815 E CCodec : int32_t sample-rate = 44100
03-28 16:01:26.161 26849 31815 E CCodec : int32_t channel-mask = 1
03-28 16:01:26.161 26849 31815 E CCodec : int32_t flags = 0
03-28 16:01:26.161 26849 31815 E CCodec : } , width 0 , higth 0
03-28 16:01:26.162 26849 31815 W Codec2Client: query -- param skipped: index = 1107298332.
03-28 16:01:26.165 26849 31815 W Codec2Client: query -- param skipped: index = 1342179345.
03-28 16:01:26.165 26849 31815 W Codec2Client: query -- param skipped: index = 2415921170.
03-28 16:01:26.184 26849 31818 E CCodec : before change, configure, format : AMessage(what = 0x00000000) = {
03-28 16:01:26.184 26849 31818 E CCodec : string mime = "audio/vorbis"
03-28 16:01:26.184 26849 31818 E CCodec : int64_t durationUs = 408594
03-28 16:01:26.184 26849 31818 E CCodec : int32_t track-id = 1
03-28 16:01:26.184 26849 31818 E CCodec : Buffer csd-0 = {
03-28 16:01:26.184 26849 31818 E CCodec : 00000000: 01 76 6f 72 62 69 73 00 00 00 00 01 44 ac 00 00 .vorbis.....D...
03-28 16:01:26.184 26849 31818 E CCodec : 00000010: 00 00 00 00 c0 d4 01 00 00 00 00 00 b8 01 ..............
03-28 16:01:26.184 26849 31818 E CCodec : }
03-28 16:01:26.184 26849 31818 E CCodec : Buffer *csd-1 = 0xb4000077d28cba50
03-28 16:01:26.184 26849 31818 E CCodec : int32_t bitrate = 120000
03-28 16:01:26.184 26849 31818 E CCodec : int32_t channel-count = 1
03-28 16:01:26.184 26849 31818 E CCodec : int32_t sample-rate = 44100
03-28 16:01:26.184 26849 31818 E CCodec : int32_t channel-mask = 1
03-28 16:01:26.184 26849 31818 E CCodec : int32_t flags = 0
03-28 16:01:26.184 26849 31818 E CCodec : } , width 0 , higth 0
03-28 16:01:26.188 26849 31818 W Codec2Client: query -- param skipped: index = 1107298332.
03-28 16:01:26.189 26849 31818 W Codec2Client: query -- param skipped: index = 1342179345.
03-28 16:01:26.189 26849 31818 W Codec2Client: query -- param skipped: index = 2415921170.
03-28 16:01:26.248 26849 26849 W libc : Access denied finding property "vendor.transsion.scroll_adjust.support"
03-28 16:01:26.248 26849 26849 W libc : Access denied finding property "vendor.transsion.scroll_adjust.support"
03-28 16:01:26.253 26849 27434 W Parcel : Expecting binder but got null!
03-28 16:01:26.285 26849 27434 W Parcel : Expecting binder but got null!
03-28 16:01:26.288 26849 26849 W BottomSheetBehavior: BottomSheetBehavior now supports multiple callbacks. `setBottomSheetCallback()` removes all existing callbacks, including ones set internally by library authors, which may result in unintended behavior. This may change in the future. Please use `addBottomSheetCallback()` and `removeBottomSheetCallback()` instead to set your own callbacks.
03-28 16:01:26.460 26849 27434 W Parcel : Expecting binder but got null!
03-28 16:01:26.735 26849 31803 W libOpenSLES: Conversion from OpenSL ES positional channel mask 0x4 to Android mask 0 loses channels
03-28 16:01:27.129 26849 26849 E TranChoreographerImpl: skippedFrames: 30
03-28 16:01:49.195 26849 26849 W libc : Access denied finding property "vendor.transsion.scroll_adjust.support"
03-28 16:02:29.557 26849 26849 W libc : Access denied finding property "vendor.transsion.scroll_adjust.support"
03-28 16:02:31.789 26849 26849 W libc : Access denied finding property "vendor.transsion.scroll_adjust.support"
03-28 16:02:31.789 26849 26849 W libc : Access denied finding property "vendor.transsion.scroll_adjust.support"
03-28 16:02:31.814 26849 26849 W libc : Access denied finding property "vendor.transsion.scroll_adjust.support"
03-28 16:02:31.814 26849 26849 W libc : Access denied finding property "vendor.transsion.scroll_adjust.support"
03-28 16:02:31.858 26849 26849 E ArmVmp : Match on catch block at 0x0a in for 0x18d
03-28 16:02:31.860 26849 26849 E ArmVmp : Match on catch block at 0x0a in for 0x185
03-28 16:02:31.925 26849 26849 E ArmVmp : Match on catch block at 0xc3 in for 0x179
03-28 16:02:31.925 26849 26849 E ArmVmp : Match on catch block at 0xc3 in for 0x171
03-28 16:02:31.940 26849 27434 W Parcel : Expecting binder but got null!
03-28 16:02:31.961 26849 26849 E ArmVmp : Match on catch block at 0xc3 in for 0x145
03-28 16:02:31.962 26849 26849 E ArmVmp : Match on catch block at 0xc3 in for 0x141
03-28 16:02:31.985 26849 26849 E ArmVmp : Match on catch block at 0xc3 in for 0x145
03-28 16:02:31.986 26849 26849 E ArmVmp : Match on catch block at 0xc3 in for 0x141
03-28 16:02:32.001 26849 26849 E ArmVmp : Match on catch block at 0xc3 in for 0x159
03-28 16:02:32.002 26849 26849 E ArmVmp : Match on catch block at 0xc3 in for 0x155
03-28 16:02:32.010 26849 26849 E ArmVmp : Match on catch block at 0xc3 in for 0x155
03-28 16:02:32.012 26849 26849 E ArmVmp : Match on catch block at 0xc3 in for 0x151
03-28 16:02:32.017 26849 26849 E ArmVmp : Match on catch block at 0xc3 in for 0x151
03-28 16:02:32.017 26849 26849 E ArmVmp : Match on catch block at 0xc3 in for 0x14d
03-28 16:02:32.023 26849 26849 E ArmVmp : Match on catch block at 0xc3 in for 0x14d
03-28 16:02:32.025 26849 26849 E ArmVmp : Match on catch block at 0xc3 in for 0x149
03-28 16:02:32.032 26849 26849 E ArmVmp : Match on catch block at 0xc3 in for 0x149
03-28 16:02:32.034 26849 26849 E ArmVmp : Match on catch block at 0xc3 in for 0x145
03-28 16:02:32.040 26849 26849 E ArmVmp : Match on catch block at 0xc3 in for 0x145
03-28 16:02:32.042 26849 26849 E ArmVmp : Match on catch block at 0xc3 in for 0x141
03-28 16:02:32.047 26849 26849 E ArmVmp : Match on catch block at 0xc3 in for 0x141
03-28 16:02:32.048 26849 26849 E ArmVmp : Match on catch block at 0xc3 in for 0x159
03-28 16:02:32.056 26849 26849 E ArmVmp : Match on catch block at 0xc3 in for 0x159
03-28 16:02:32.057 26849 26849 E ArmVmp : Match on catch block at 0xc3 in for 0x155
03-28 16:02:32.062 26849 26849 E ArmVmp : Match on catch block at 0xc3 in for 0x155
03-28 16:02:32.063 26849 26849 E ArmVmp : Match on catch block at 0xc3 in for 0x151
03-28 16:02:32.070 26849 26849 E ArmVmp : Match on catch block at 0xc3 in for 0x151
03-28 16:02:32.071 26849 26849 E ArmVmp : Match on catch block at 0xc3 in for 0x14d
03-28 16:02:32.078 26849 26849 E ArmVmp : Match on catch block at 0xc3 in for 0x155
03-28 16:02:32.080 26849 26849 E ArmVmp : Match on catch block at 0xc3 in for 0x151
03-28 16:02:32.445 26849 26849 E ArmVmp : Match on catch block at 0xc3 in for 0x155
03-28 16:02:32.446 26849 26849 E ArmVmp : Match on catch block at 0xc3 in for 0x151
03-28 16:02:32.473 26849 26849 E ArmVmp : Match on catch block at 0xc3 in for 0x141
03-28 16:02:32.474 26849 26849 E ArmVmp : Match on catch block at 0xc3 in for 0x159
03-28 16:02:32.481 26849 27434 E FrameEvents: updateAcquireFence: Did not find frame.
03-28 16:02:32.491 26849 26849 E ArmVmp : Match on catch block at 0xc3 in for 0x145
03-28 16:02:32.492 26849 26849 E ArmVmp : Match on catch block at 0xc3 in for 0x141
03-28 16:02:32.545 26849 26849 W libc : Access denied finding property "vendor.transsion.scroll_adjust.support"
03-28 16:02:32.545 26849 26849 W libc : Access denied finding property "vendor.transsion.scroll_adjust.support"
03-28 16:02:32.549 26849 26849 W ResourceType: Bad XML block: header size 18254 or total size 169478669 is larger than data size 380
03-28 16:02:32.550 26849 26849 W ResourceType: Bad XML block: header size 18254 or total size 169478669 is larger than data size 633
03-28 16:02:32.556 26849 26849 W ResourceType: Bad XML block: header size 18254 or total size 169478669 is larger than data size 677
03-28 16:02:32.557 26849 26849 W ResourceType: Bad XML block: header size 18254 or total size 169478669 is larger than data size 248
03-28 16:02:32.559 26849 26849 W ResourceType: Bad XML block: header size 18254 or total size 169478669 is larger than data size 571
03-28 16:02:32.561 26849 26849 W ResourceType: Bad XML block: header size 18254 or total size 169478669 is larger than data size 333
03-28 16:02:32.562 26849 26849 W ResourceType: Bad XML block: header size 18254 or total size 169478669 is larger than data size 650
03-28 16:02:32.563 26849 26849 W ResourceType: Bad XML block: header size 18254 or total size 169478669 is larger than data size 1150
03-28 16:02:32.564 26849 26849 W ResourceType: Bad XML block: header size 18254 or total size 169478669 is larger than data size 491
03-28 16:02:32.565 26849 26849 W ResourceType: Bad XML block: header size 18254 or total size 169478669 is larger than data size 1150
03-28 16:02:32.566 26849 26849 W ResourceType: Bad XML block: header size 18254 or total size 169478669 is larger than data size 659
03-28 16:02:32.567 26849 26849 W ResourceType: Bad XML block: header size 18254 or total size 169478669 is larger than data size 593
03-28 16:02:32.569 26849 26849 W libc : Access denied finding property "vendor.transsion.scroll_adjust.support"
03-28 16:02:32.569 26849 26849 W libc : Access denied finding property "vendor.transsion.scroll_adjust.support"
03-28 16:02:32.579 26849 26849 W ResourceType: Bad XML block: header size 18254 or total size 169478669 is larger than data size 473
03-28 16:02:32.580 26849 26849 W ResourceType: Bad XML block: header size 18254 or total size 169478669 is larger than data size 510
03-28 16:02:32.585 26849 26849 W SQLiteLog: (28) double-quoted string literal: "10"
03-28 16:02:32.585 26849 26849 W SQLiteLog: (28) double-quoted string literal: "10"
03-28 16:02:32.599 26849 26849 W ResourceType: Bad XML block: header size 18254 or total size 169478669 is larger than data size 473
03-28 16:02:32.616 26849 26849 E ArmVmp : Match on catch block at 0xc3 in for 0x141
03-28 16:02:32.617 26849 26849 E ArmVmp : Match on catch block at 0xc3 in for 0x159
03-28 16:02:32.631 26849 26849 W View : requestLayout() improperly called by android.widget.Space{717af34 I.ED..... ......I. 28,83-37,92 #7f0b00ba app:id/action_tile_spacing} during layout: running second layout pass
03-28 16:02:32.631 26849 26849 W View : requestLayout() improperly called by android.widget.Space{2afa15d I.ED..... ......I. 28,83-37,92 #7f0b00ba app:id/action_tile_spacing} during layout: running second layout pass
03-28 16:02:32.631 26849 26849 W View : requestLayout() improperly called by android.widget.Space{2e03ad2 I.ED..... ......I. 28,83-37,92 #7f0b00ba app:id/action_tile_spacing} during layout: running second layout pass
03-28 16:02:32.640 26849 26849 E ArmVmp : Match on catch block at 0xc3 in for 0x151
03-28 16:02:32.641 26849 26849 E ArmVmp : Match on catch block at 0xc3 in for 0x14d
03-28 16:02:32.650 26849 26849 E ArmVmp : Match on catch block at 0xc3 in for 0x14d
03-28 16:02:32.651 26849 26849 E ArmVmp : Match on catch block at 0xc3 in for 0x149
03-28 16:02:32.676 26849 27434 W Parcel : Expecting binder but got null!
03-28 16:02:32.677 26849 26849 E ArmVmp : Match on catch block at 0xc3 in for 0x151
03-28 16:02:32.678 26849 26849 E ArmVmp : Match on catch block at 0xc3 in for 0x14d
03-28 16:02:32.685 26849 26849 E ArmVmp : Match on catch block at 0xc3 in for 0x155
03-28 16:02:32.686 26849 26849 E ArmVmp : Match on catch block at 0xc3 in for 0x151
03-28 16:02:32.691 26849 26849 E ArmVmp : Match on catch block at 0xc3 in for 0x159
03-28 16:02:32.693 26849 26849 E ArmVmp : Match on catch block at 0xc3 in for 0x155
03-28 16:02:32.702 26849 26849 E ArmVmp : Match on catch block at 0xc3 in for 0x141
03-28 16:02:32.703 26849 26849 E ArmVmp : Match on catch block at 0xc3 in for 0x159
03-28 16:02:32.714 26849 26849 E ArmVmp : Match on catch block at 0xc3 in for 0x145
03-28 16:02:32.716 26849 26849 E ArmVmp : Match on catch block at 0xc3 in for 0x141
03-28 16:02:32.721 26849 26849 E ArmVmp : Match on catch block at 0xc3 in for 0x149
03-28 16:02:32.721 26849 26849 E ArmVmp : Match on catch block at 0xc3 in for 0x145
03-28 16:02:32.727 26849 26849 E ArmVmp : Match on catch block at 0xc3 in for 0x14d
03-28 16:02:32.728 26849 26849 E ArmVmp : Match on catch block at 0xc3 in for 0x149
03-28 16:02:32.744 26849 26849 E ArmVmp : Match on catch block at 0xc3 in for 0x151
03-28 16:02:32.745 26849 26849 E ArmVmp : Match on catch block at 0xc3 in for 0x14d
03-28 16:02:32.783 26849 26849 E ArmVmp : Match on catch block at 0xc3 in for 0x155
03-28 16:02:32.784 26849 26849 E ArmVmp : Match on catch block at 0xc3 in for 0x151
03-28 16:02:32.809 26849 26849 E ArmVmp : Match on catch block at 0xc3 in for 0x159
03-28 16:02:32.810 26849 26849 E ArmVmp : Match on catch block at 0xc3 in for 0x155
03-28 16:02:32.831 26849 26849 E ArmVmp : Match on catch block at 0xc3 in for 0x141
03-28 16:02:32.832 26849 26849 E ArmVmp : Match on catch block at 0xc3 in for 0x159
03-28 16:02:32.845 26849 26849 W VRI[GroupChatInfoActivity]: Dropping event (paused for transition):MotionEvent { action=ACTION_DOWN, actionButton=0, id[0]=0, x[0]=555.0, y[0]=195.0, toolType[0]=TOOL_TYPE_FINGER, buttonState=0, classification=NONE, metaState=0, flags=0x0, edgeFlags=0x0, pointerCount=1, historySize=0, eventTime=4220835, downTime=4220835, deviceId=5, source=0x1002, displayId=0, eventId=940608172 }
03-28 16:02:32.860 26849 26849 E ArmVmp : Match on catch block at 0xc3 in for 0x145
03-28 16:02:32.861 26849 26849 E ArmVmp : Match on catch block at 0xc3 in for 0x141
03-28 16:02:32.880 26849 26849 E ArmVmp : Match on catch block at 0xc3 in for 0x149
03-28 16:02:32.881 26849 26849 E ArmVmp : Match on catch block at 0xc3 in for 0x145
03-28 16:02:32.910 26849 26849 E ArmVmp : Match on catch block at 0xc3 in for 0x14d
03-28 16:02:32.911 26849 26849 E ArmVmp : Match on catch block at 0xc3 in for 0x149
03-28 16:02:32.930 26849 26849 E ArmVmp : Match on catch block at 0xc3 in for 0x151
03-28 16:02:32.931 26849 26849 E ArmVmp : Match on catch block at 0xc3 in for 0x14d
03-28 16:02:32.945 26849 26849 W VRI[GroupChatInfoActivity]: Cancelling event (paused for transition):MotionEvent { action=ACTION_CANCEL, actionButton=0, id[0]=0, x[0]=555.0, y[0]=195.0, toolType[0]=TOOL_TYPE_FINGER, buttonState=0, classification=NONE, metaState=0, flags=0x0, edgeFlags=0x0, pointerCount=1, historySize=0, eventTime=4220924, downTime=4220835, deviceId=5, source=0x1002, displayId=0, eventId=69398032 }
03-28 16:02:32.945 26849 26849 W VRI[GroupChatInfoActivity]: Cancelling event (paused for transition):MotionEvent { action=ACTION_CANCEL, actionButton=0, id[0]=0, x[0]=555.0, y[0]=195.0, toolType[0]=TOOL_TYPE_FINGER, buttonState=0, classification=NONE, metaState=0, flags=0x0, edgeFlags=0x0, pointerCount=1, historySize=0, eventTime=4220924, downTime=4220835, deviceId=5, source=0x1002, displayId=0, eventId=69398032 }
03-28 16:02:32.945 26849 26849 W VRI[GroupChatInfoActivity]: Cancelling event (paused for transition):MotionEvent { action=ACTION_CANCEL, actionButton=0, id[0]=0, x[0]=555.0, y[0]=195.0, toolType[0]=TOOL_TYPE_FINGER, buttonState=0, classification=NONE, metaState=0, flags=0x0, edgeFlags=0x0, pointerCount=1, historySize=0, eventTime=4220924, downTime=4220835, deviceId=5, source=0x1002, displayId=0, eventId=69398032 }
03-28 16:02:32.945 26849 26849 W VRI[GroupChatInfoActivity]: Cancelling event (paused for transition):MotionEvent { action=ACTION_CANCEL, actionButton=0, id[0]=0, x[0]=555.0, y[0]=195.0, toolType[0]=TOOL_TYPE_FINGER, buttonState=0, classification=NONE, metaState=0, flags=0x0, edgeFlags=0x0, pointerCount=1, historySize=0, eventTime=4220924, downTime=4220835, deviceId=5, source=0x1002, displayId=0, eventId=69398032 }
03-28 16:02:32.961 26849 26849 E ArmVmp : Match on catch block at 0xc3 in for 0x155
03-28 16:02:32.962 26849 26849 E ArmVmp : Match on catch block at 0xc3 in for 0x151
03-28 16:02:32.996 26849 26849 E ArmVmp : Match on catch block at 0xc3 in for 0x159
03-28 16:02:32.997 26849 26849 E ArmVmp : Match on catch block at 0xc3 in for 0x155
03-28 16:02:33.561 26849 26849 W libc : Access denied finding property "vendor.transsion.scroll_adjust.support"
03-28 16:02:33.561 26849 26849 W libc : Access denied finding property "vendor.transsion.scroll_adjust.support"
03-28 16:02:33.561 26849 26849 W libc : Access denied finding property "vendor.transsion.scroll_adjust.support"
03-28 16:02:34.736 26849 27434 W Parcel : Expecting binder but got null!
03-28 16:02:35.428 26849 26849 W libc : Access denied finding property "vendor.transsion.scroll_adjust.support"
03-28 16:02:35.428 26849 26849 W libc : Access denied finding property "vendor.transsion.scroll_adjust.support"
03-28 16:02:35.432 26849 26849 W libc : Access denied finding property "vendor.transsion.scroll_adjust.support"
03-28 16:02:35.432 26849 26849 W libc : Access denied finding property "vendor.transsion.scroll_adjust.support"
03-28 16:02:35.516 26849 27434 W Parcel : Expecting binder but got null!
03-28 16:02:35.980 26849 26849 W View : requestLayout() improperly called by com.mbwhatsapp.TextEmojiLabel{abc8a60 VFED..C.. ......ID 0,0-302,67 #7f0b06ab app:id/conversation_contact_name} during layout: running second layout pass
03-28 16:02:35.990 26849 26849 W View : requestLayout() improperly called by com.mbwhatsapp.TextEmojiLabel{abc8a60 VFED..C.. ......ID 0,0-302,67 #7f0b06ab app:id/conversation_contact_name} during layout: running second layout pass
03-28 16:02:36.374 26849 31795 W AudioManager: Use of stream types is deprecated for operations other than volume control
03-28 16:02:36.374 26849 31795 W AudioManager: See the documentation of requestAudioFocus() for what to use instead with android.media.AudioAttributes to qualify your playback use case
03-28 16:02:36.377 26849 26849 W SoundPool: Use of stream types is deprecated for operations other than volume control
03-28 16:02:36.378 26849 26849 W SoundPool: See the documentation of SoundPool() for what to use instead with android.media.AudioAttributes to qualify your playback use case
03-28 16:02:36.399 26849 32148 E CCodec : before change, configure, format : AMessage(what = 0x00000000) = {
03-28 16:02:36.399 26849 32148 E CCodec : string mime = "audio/vorbis"
03-28 16:02:36.399 26849 32148 E CCodec : int64_t durationUs = 560975
03-28 16:02:36.399 26849 32148 E CCodec : int32_t track-id = 1
03-28 16:02:36.399 26849 32148 E CCodec : Buffer csd-0 = {
03-28 16:02:36.399 26849 32148 E CCodec : 00000000: 01 76 6f 72 62 69 73 00 00 00 00 01 44 ac 00 00 .vorbis.....D...
03-28 16:02:36.399 26849 32148 E CCodec : 00000010: 00 00 00 00 c0 d4 01 00 00 00 00 00 b8 01 ..............
03-28 16:02:36.399 26849 32148 E CCodec : }
03-28 16:02:36.399 26849 32148 E CCodec : Buffer *csd-1 = 0xb4000077d28ec2f0
03-28 16:02:36.399 26849 32148 E CCodec : int32_t bitrate = 120000
03-28 16:02:36.399 26849 32148 E CCodec : int32_t channel-count = 1
03-28 16:02:36.399 26849 32148 E CCodec : int32_t sample-rate = 44100
03-28 16:02:36.399 26849 32148 E CCodec : int32_t channel-mask = 1
03-28 16:02:36.399 26849 32148 E CCodec : int32_t flags = 0
03-28 16:02:36.399 26849 32148 E CCodec : } , width 0 , higth 0
03-28 16:02:36.399 26849 32148 W Codec2Client: query -- param skipped: index = 1107298332.
03-28 16:02:36.401 26849 32149 E CCodec : before change, configure, format : AMessage(what = 0x00000000) = {
03-28 16:02:36.401 26849 32149 E CCodec : string mime = "audio/vorbis"
03-28 16:02:36.401 26849 32149 E CCodec : int64_t durationUs = 377375
03-28 16:02:36.401 26849 32149 E CCodec : int32_t track-id = 1
03-28 16:02:36.401 26849 32149 E CCodec : Buffer csd-0 = {
03-28 16:02:36.401 26849 32149 E CCodec : 00000000: 01 76 6f 72 62 69 73 00 00 00 00 02 80 bb 00 00 .vorbis.........
03-28 16:02:36.401 26849 32149 E CCodec : 00000010: 00 00 00 00 00 ee 02 00 00 00 00 00 b8 01 ..............
03-28 16:02:36.401 26849 32149 E CCodec : }
03-28 16:02:36.401 26849 32149 E CCodec : Buffer *csd-1 = 0xb4000077d28eddd0
03-28 16:02:36.401 26849 32149 E CCodec : int32_t bitrate = 192000
03-28 16:02:36.401 26849 32149 E CCodec : int32_t channel-count = 2
03-28 16:02:36.401 26849 32149 E CCodec : int32_t sample-rate = 48000
03-28 16:02:36.401 26849 32149 E CCodec : int32_t channel-mask = 3
03-28 16:02:36.401 26849 32149 E CCodec : int32_t flags = 0
03-28 16:02:36.401 26849 32149 E CCodec : } , width 0 , higth 0
03-28 16:02:36.402 26849 32149 W Codec2Client: query -- param skipped: index = 1107298332.
03-28 16:02:36.402 26849 32149 W Codec2Client: query -- param skipped: index = 1342179345.
03-28 16:02:36.402 26849 32149 W Codec2Client: query -- param skipped: index = 2415921170.
03-28 16:02:36.422 26849 32148 W Codec2Client: query -- param skipped: index = 1342179345.
03-28 16:02:36.422 26849 32148 W Codec2Client: query -- param skipped: index = 2415921170.
03-28 16:02:36.466 26849 32156 E CCodec : before change, configure, format : AMessage(what = 0x00000000) = {
03-28 16:02:36.466 26849 32156 E CCodec : string mime = "audio/vorbis"
03-28 16:02:36.466 26849 32156 E CCodec : int64_t durationUs = 450068
03-28 16:02:36.466 26849 32156 E CCodec : int32_t track-id = 1
03-28 16:02:36.466 26849 32156 E CCodec : Buffer csd-0 = {
03-28 16:02:36.466 26849 32156 E CCodec : 00000000: 01 76 6f 72 62 69 73 00 00 00 00 01 44 ac 00 00 .vorbis.....D...
03-28 16:02:36.466 26849 32156 E CCodec : 00000010: 00 00 00 00 c0 d4 01 00 00 00 00 00 b8 01 ..............
03-28 16:02:36.466 26849 32156 E CCodec : }
03-28 16:02:36.466 26849 32156 E CCodec : Buffer *csd-1 = 0xb4000077d28e7d90
03-28 16:02:36.466 26849 32156 E CCodec : int32_t bitrate = 120000
03-28 16:02:36.466 26849 32156 E CCodec : int32_t channel-count = 1
03-28 16:02:36.466 26849 32156 E CCodec : int32_t sample-rate = 44100
03-28 16:02:36.466 26849 32156 E CCodec : int32_t channel-mask = 1
03-28 16:02:36.466 26849 32156 E CCodec : int32_t flags = 0
03-28 16:02:36.466 26849 32156 E CCodec : } , width 0 , higth 0
03-28 16:02:36.467 26849 32156 W Codec2Client: query -- param skipped: index = 1107298332.
