03-28 12:17:31.497 16564 16564 E ArmVmp : Match on catch block at 0xc3 in for 0x14d
03-28 12:17:31.502 16564 16564 E ArmVmp : Match on catch block at 0xc3 in for 0x149
03-28 12:17:31.506 16564 16564 E ArmVmp : Match on catch block at 0xc3 in for 0x14d
03-28 12:17:31.680 16564 16564 E ArmVmp : Match on catch block at 0xc3 in for 0x155
03-28 12:17:31.684 16564 16564 E ArmVmp : Match on catch block at 0xc3 in for 0x151
03-28 12:17:31.688 16564 16564 E ArmVmp : Match on catch block at 0xc3 in for 0x155
03-28 12:17:31.864 16564 16564 E ArmVmp : Match on catch block at 0xc3 in for 0x141
03-28 12:17:31.868 16564 16564 E ArmVmp : Match on catch block at 0xc3 in for 0x159
03-28 12:17:31.871 16564 16564 E ArmVmp : Match on catch block at 0xc3 in for 0x141
03-28 12:17:32.349 16564 16564 E ArmVmp : Match on catch block at 0xc3 in for 0x149
03-28 12:17:32.355 16564 16564 E ArmVmp : Match on catch block at 0xc3 in for 0x145
03-28 12:17:32.357 16564 16564 E ArmVmp : Match on catch block at 0xc3 in for 0x149
03-28 12:17:32.546 16564 16564 E ArmVmp : Match on catch block at 0xc3 in for 0x151
03-28 12:17:32.551 16564 16564 E ArmVmp : Match on catch block at 0xc3 in for 0x14d
03-28 12:17:32.555 16564 16564 E ArmVmp : Match on catch block at 0xc3 in for 0x151
03-28 12:17:32.778 16564 16564 E ArmVmp : Match on catch block at 0xc3 in for 0x159
03-28 12:17:32.783 16564 16564 E ArmVmp : Match on catch block at 0xc3 in for 0x155
03-28 12:17:32.787 16564 16564 E ArmVmp : Match on catch block at 0xc3 in for 0x159
03-28 12:17:32.996 16564 16564 E ArmVmp : Match on catch block at 0xc3 in for 0x145
03-28 12:17:33.001 16564 16564 E ArmVmp : Match on catch block at 0xc3 in for 0x141
03-28 12:17:33.005 16564 16564 E ArmVmp : Match on catch block at 0xc3 in for 0x145
03-28 12:17:33.199 16564 16564 E ArmVmp : Match on catch block at 0xc3 in for 0x14d
03-28 12:17:33.202 16564 16564 E ArmVmp : Match on catch block at 0xc3 in for 0x149
03-28 12:17:33.206 16564 16564 E ArmVmp : Match on catch block at 0xc3 in for 0x14d
03-28 12:17:33.343 16564 16564 E ArmVmp : Match on catch block at 0xc3 in for 0x155
03-28 12:17:33.347 16564 16564 E ArmVmp : Match on catch block at 0xc3 in for 0x151
03-28 12:17:33.351 16564 16564 E ArmVmp : Match on catch block at 0xc3 in for 0x155
03-28 12:17:33.361 16564 16564 E ArmVmp : Match on catch block at 0xc3 in for 0x155
03-28 12:17:33.364 16564 16564 E ArmVmp : Match on catch block at 0xc3 in for 0x151
03-28 12:17:33.367 16564 16564 E ArmVmp : Match on catch block at 0xc3 in for 0x155
03-28 12:17:33.477 16564 16564 E ArmVmp : Match on catch block at 0xc3 in for 0x141
03-28 12:17:33.480 16564 16564 E ArmVmp : Match on catch block at 0xc3 in for 0x159
03-28 12:17:33.483 16564 16564 E ArmVmp : Match on catch block at 0xc3 in for 0x141
03-28 12:17:33.760 16564 16564 E ArmVmp : Match on catch block at 0xc3 in for 0x14d
03-28 12:17:33.763 16564 16564 E ArmVmp : Match on catch block at 0xc3 in for 0x149
03-28 12:17:33.765 16564 16564 E ArmVmp : Match on catch block at 0xc3 in for 0x14d
03-28 12:17:33.777 16564 16564 E ArmVmp : Match on catch block at 0xc3 in for 0x159
03-28 12:17:33.780 16564 16564 E ArmVmp : Match on catch block at 0xc3 in for 0x155
03-28 12:17:33.782 16564 16564 E ArmVmp : Match on catch block at 0xc3 in for 0x159
03-28 12:17:33.805 16564 16564 E ArmVmp : Match on catch block at 0xc3 in for 0x141
03-28 12:17:33.811 16564 16564 E ArmVmp : Match on catch block at 0xc3 in for 0x159
03-28 12:17:33.843 16564 16564 E ArmVmp : Match on catch block at 0xc3 in for 0x141
03-28 12:17:33.844 16564 16564 E ArmVmp : Match on catch block at 0xc3 in for 0x159
03-28 12:17:33.856 16564 16564 E ArmVmp : Match on catch block at 0xc3 in for 0x145
03-28 12:17:33.858 16564 16564 E ArmVmp : Match on catch block at 0xc3 in for 0x141
03-28 12:17:33.866 16564 16564 E ArmVmp : Match on catch block at 0xc3 in for 0x149
03-28 12:17:33.868 16564 16564 E ArmVmp : Match on catch block at 0xc3 in for 0x145
03-28 12:17:33.876 16564 16564 E ArmVmp : Match on catch block at 0xc3 in for 0x155
03-28 12:17:33.879 16564 16564 E ArmVmp : Match on catch block at 0xc3 in for 0x151
03-28 12:17:33.893 16564 16564 E ArmVmp : Match on catch block at 0xc3 in for 0x145
03-28 12:17:33.895 16564 16564 E ArmVmp : Match on catch block at 0xc3 in for 0x141
03-28 12:17:33.909 16564 16564 E ArmVmp : Match on catch block at 0xc3 in for 0x151
03-28 12:17:33.911 16564 16564 E ArmVmp : Match on catch block at 0xc3 in for 0x14d
03-28 12:17:33.926 16564 16564 E ArmVmp : Match on catch block at 0xc3 in for 0x141
03-28 12:17:33.928 16564 16564 E ArmVmp : Match on catch block at 0xc3 in for 0x159
03-28 12:17:33.943 16564 16564 E ArmVmp : Match on catch block at 0xc3 in for 0x14d
03-28 12:17:33.947 16564 16564 E ArmVmp : Match on catch block at 0xc3 in for 0x149
03-28 12:17:33.960 16564 16564 E ArmVmp : Match on catch block at 0xc3 in for 0x159
03-28 12:17:33.963 16564 16564 E ArmVmp : Match on catch block at 0xc3 in for 0x155
03-28 12:17:33.976 16564 16564 E ArmVmp : Match on catch block at 0xc3 in for 0x149
03-28 12:17:33.978 16564 16564 E ArmVmp : Match on catch block at 0xc3 in for 0x145
03-28 12:17:34.164 16564 16564 E ArmVmp : Match on catch block at 0xc3 in for 0x14d
03-28 12:17:34.166 16564 16564 E ArmVmp : Match on catch block at 0xc3 in for 0x149
03-28 12:17:34.177 16564 16564 E ArmVmp : Match on catch block at 0xc3 in for 0x159
03-28 12:17:34.179 16564 16564 E ArmVmp : Match on catch block at 0xc3 in for 0x155
03-28 12:17:34.193 16564 16564 E ArmVmp : Match on catch block at 0xc3 in for 0x159
03-28 12:17:34.195 16564 16564 E ArmVmp : Match on catch block at 0xc3 in for 0x155
03-28 12:17:34.209 16564 16564 E ArmVmp : Match on catch block at 0xc3 in for 0x14d
03-28 12:17:34.211 16564 16564 E ArmVmp : Match on catch block at 0xc3 in for 0x149
03-28 12:17:34.275 16564 16564 E ArmVmp : Match on catch block at 0xc3 in for 0x141
03-28 12:17:34.277 16564 16564 E ArmVmp : Match on catch block at 0xc3 in for 0x159
03-28 12:17:34.393 16564 16564 E ArmVmp : Match on catch block at 0xc3 in for 0x141
03-28 12:17:34.394 16564 16564 E ArmVmp : Match on catch block at 0xc3 in for 0x159
03-28 12:17:34.478 16564 16564 E ArmVmp : Match on catch block at 0xc3 in for 0x141
03-28 12:17:34.479 16564 16564 E ArmVmp : Match on catch block at 0xc3 in for 0x159
03-28 12:17:34.492 16564 16564 E ArmVmp : Match on catch block at 0xc3 in for 0x145
03-28 12:17:34.493 16564 16564 E ArmVmp : Match on catch block at 0xc3 in for 0x141
03-28 12:17:34.598 16564 16564 E ArmVmp : Match on catch block at 0xc3 in for 0x145
03-28 12:17:34.599 16564 16564 E ArmVmp : Match on catch block at 0xc3 in for 0x141
03-28 12:17:34.614 16564 16564 E ArmVmp : Match on catch block at 0xc3 in for 0x141
03-28 12:17:34.616 16564 16564 E ArmVmp : Match on catch block at 0xc3 in for 0x159
03-28 12:17:34.628 16564 16564 E ArmVmp : Match on catch block at 0xc3 in for 0x155
03-28 12:17:34.629 16564 16564 E ArmVmp : Match on catch block at 0xc3 in for 0x151
03-28 12:17:34.646 16564 16564 E ArmVmp : Match on catch block at 0xc3 in for 0x14d
03-28 12:17:34.647 16564 16564 E ArmVmp : Match on catch block at 0xc3 in for 0x149
03-28 12:17:34.666 16564 16564 E ArmVmp : Match on catch block at 0xc3 in for 0x151
03-28 12:17:34.667 16564 16564 E ArmVmp : Match on catch block at 0xc3 in for 0x14d
03-28 12:17:34.669 16564 16564 E ArmVmp : Match on catch block at 0xc3 in for 0x141
03-28 12:17:34.670 16564 16564 E ArmVmp : Match on catch block at 0xc3 in for 0x159
03-28 12:17:34.675 16564 16564 E ArmVmp : Match on catch block at 0xc3 in for 0x145
03-28 12:17:34.677 16564 16564 E ArmVmp : Match on catch block at 0xc3 in for 0x141
03-28 12:17:34.684 16564 16564 E ArmVmp : Match on catch block at 0xc3 in for 0x149
03-28 12:17:34.685 16564 16564 E ArmVmp : Match on catch block at 0xc3 in for 0x145
03-28 12:17:34.692 16564 16564 E ArmVmp : Match on catch block at 0xc3 in for 0x14d
03-28 12:17:34.693 16564 16564 E ArmVmp : Match on catch block at 0xc3 in for 0x149
03-28 12:17:34.975 16564 16564 E ArmVmp : Match on catch block at 0xc3 in for 0x145
03-28 12:17:34.977 16564 16564 E ArmVmp : Match on catch block at 0xc3 in for 0x141
03-28 12:17:38.871 16564 16564 W libc : Access denied finding property "vendor.transsion.scroll_adjust.support"
03-28 12:17:38.871 16564 16564 W libc : Access denied finding property "vendor.transsion.scroll_adjust.support"
03-28 12:17:38.872 16564 16564 W libc : Access denied finding property "vendor.transsion.scroll_adjust.support"
03-28 12:17:38.872 16564 16564 W libc : Access denied finding property "vendor.transsion.scroll_adjust.support"
03-28 12:17:38.918 16564 26768 W Parcel : Expecting binder but got null!
03-28 12:17:38.953 16564 16564 W libc : Access denied finding property "vendor.transsion.scroll_adjust.support"
03-28 12:17:38.953 16564 16564 W libc : Access denied finding property "vendor.transsion.scroll_adjust.support"
03-28 12:17:38.954 16564 16564 W BottomSheetBehavior: BottomSheetBehavior now supports multiple callbacks. `setBottomSheetCallback()` removes all existing callbacks, including ones set internally by library authors, which may result in unintended behavior. This may change in the future. Please use `addBottomSheetCallback()` and `removeBottomSheetCallback()` instead to set your own callbacks.
03-28 12:17:38.954 16564 16564 W BottomSheetBehavior: BottomSheetBehavior now supports multiple callbacks. `setBottomSheetCallback()` removes all existing callbacks, including ones set internally by library authors, which may result in unintended behavior. This may change in the future. Please use `addBottomSheetCallback()` and `removeBottomSheetCallback()` instead to set your own callbacks.
03-28 12:17:38.963 16564 16564 W libc : Access denied finding property "vendor.transsion.scroll_adjust.support"
03-28 12:17:38.964 16564 16564 W libc : Access denied finding property "vendor.transsion.scroll_adjust.support"
03-28 12:17:38.964 16564 16564 W BottomSheetBehavior: BottomSheetBehavior now supports multiple callbacks. `setBottomSheetCallback()` removes all existing callbacks, including ones set internally by library authors, which may result in unintended behavior. This may change in the future. Please use `addBottomSheetCallback()` and `removeBottomSheetCallback()` instead to set your own callbacks.
03-28 12:17:38.964 16564 16564 W BottomSheetBehavior: BottomSheetBehavior now supports multiple callbacks. `setBottomSheetCallback()` removes all existing callbacks, including ones set internally by library authors, which may result in unintended behavior. This may change in the future. Please use `addBottomSheetCallback()` and `removeBottomSheetCallback()` instead to set your own callbacks.
03-28 12:17:38.977 16564 16564 W libc : Access denied finding property "vendor.transsion.scroll_adjust.support"
03-28 12:17:38.977 16564 16564 W libc : Access denied finding property "vendor.transsion.scroll_adjust.support"
03-28 12:17:38.978 16564 16564 W BottomSheetBehavior: BottomSheetBehavior now supports multiple callbacks. `setBottomSheetCallback()` removes all existing callbacks, including ones set internally by library authors, which may result in unintended behavior. This may change in the future. Please use `addBottomSheetCallback()` and `removeBottomSheetCallback()` instead to set your own callbacks.
03-28 12:17:38.978 16564 16564 W BottomSheetBehavior: BottomSheetBehavior now supports multiple callbacks. `setBottomSheetCallback()` removes all existing callbacks, including ones set internally by library authors, which may result in unintended behavior. This may change in the future. Please use `addBottomSheetCallback()` and `removeBottomSheetCallback()` instead to set your own callbacks.
03-28 12:17:38.997 16564 16564 W libc : Access denied finding property "vendor.transsion.scroll_adjust.support"
03-28 12:17:38.997 16564 16564 W libc : Access denied finding property "vendor.transsion.scroll_adjust.support"
03-28 12:17:38.997 16564 16564 E RecyclerView: No adapter attached; skipping layout
03-28 12:17:38.998 16564 16564 W libc : Access denied finding property "vendor.transsion.scroll_adjust.support"
03-28 12:17:38.998 16564 16564 W libc : Access denied finding property "vendor.transsion.scroll_adjust.support"
03-28 12:17:38.999 16564 16564 W libc : Access denied finding property "vendor.transsion.scroll_adjust.support"
03-28 12:17:38.999 16564 16564 W libc : Access denied finding property "vendor.transsion.scroll_adjust.support"
03-28 12:17:38.999 16564 16564 E RecyclerView: No adapter attached; skipping layout
03-28 12:17:39.000 16564 16564 W libc : Access denied finding property "vendor.transsion.scroll_adjust.support"
03-28 12:17:39.000 16564 16564 W libc : Access denied finding property "vendor.transsion.scroll_adjust.support"
03-28 12:17:39.002 16564 16564 W libc : Access denied finding property "vendor.transsion.scroll_adjust.support"
03-28 12:17:39.002 16564 16564 W libc : Access denied finding property "vendor.transsion.scroll_adjust.support"
03-28 12:17:39.003 16564 16564 W libc : Access denied finding property "vendor.transsion.scroll_adjust.support"
03-28 12:17:39.004 16564 16564 W libc : Access denied finding property "vendor.transsion.scroll_adjust.support"
03-28 12:17:39.004 16564 16564 E RecyclerView: No adapter attached; skipping layout
03-28 12:17:39.308 16564 16615 E SQLiteDatabase: Error inserting transferred=0 media_job_uuid=fba3089b-824f-43f0-a97a-2e98fca0e10d transcoded=0 gif_attribution=0 first_scan_length=0 direct_path=/v/t62.7161- 24/32608703_807447558085169_720428347254037244_n.enc?ccb=11- 4&oh=01_ASDEvimxH3uJlFJARqzwcZGHAbPZewN8JDnHirFRCzxJaQ&oe=662BD6AE&_nc_sid=5e03e0 thumbnail_height_width_ratio=1.7777778 is_animated_sticker=0 file_hash=6EvOOhKGSCjXAAMMeHT8X5fXwzLArbMjZYGKfa9aCAU= file_path=null file_size=0 partial_media_hash=null face_x=0 face_y=0 height=850 trim_to=0 media_key_timestamp=1711561176000 message_url=https://mmg.whatsapp.net/v/t62.7161- 24/32608703_807447558085169_720428347254037244_n.enc?ccb=11- 4&oh=01_ASDEvimxH3uJlFJARqzwcZGHAbPZewN8JDnHirFRCzxJaQ&oe=662BD6AE&_nc_sid=5e03e0&m ms3=true media_caption=null trim_from=0 mime_type=video/mp4 partial_media_enc_hash=null width=478 original_file_hash=null has_streaming_sidecar=1 autotransfer_retry_enabled=1 media_upload_handle=null message_row_id=125 multicast_id=null enc_file_hash=syuLVqKh1tD1rzkcvsMChZU+h/geiU6wMhPlLS36vj8= mute_video=0 page_count=0 first_scan_sidecar=null suspicious_content=0 file_length=5267021 media_name=null media_duration=16 chat_row_id=20 media_key=[B@4432f3d
03-28 12:17:39.308 16564 16615 E SQLiteDatabase: android.database.sqlite.SQLiteConstraintException: UNIQUE constraint failed: message_media.message_row_id (code 1555 SQLITE_CONSTRAINT_PRIMARYKEY)
03-28 12:17:39.308 16564 16615 E SQLiteDatabase: at android.database.sqlite.SQLiteConnection.nativeExecuteForLastInsertedRowId(Native Method)
03-28 12:17:39.308 16564 16615 E SQLiteDatabase: at android.database.sqlite.SQLiteConnection.executeForLastInsertedRowId(SQLiteConnecti on.java:961)
03-28 12:17:39.308 16564 16615 E SQLiteDatabase: at android.database.sqlite.SQLiteSession.executeForLastInsertedRowId(SQLiteSession.jav a:790)
03-28 12:17:39.308 16564 16615 E SQLiteDatabase: at android.database.sqlite.SQLiteStatement.executeInsert(SQLiteStatement.java:89)
03-28 12:17:39.308 16564 16615 E SQLiteDatabase: at android.database.sqlite.SQLiteDatabase.insertWithOnConflict(SQLiteDatabase.java:187 4)
03-28 12:17:39.308 16564 16615 E SQLiteDatabase: at android.database.sqlite.SQLiteDatabase.insert(SQLiteDatabase.java:1743)
03-28 12:17:39.308 16564 16615 E SQLiteDatabase: at X.2tm.A08(Unknown Source:6)
03-28 12:17:39.308 16564 16615 E SQLiteDatabase: at X.35Y.A07(Unknown Source:212)
03-28 12:17:39.308 16564 16615 E SQLiteDatabase: at X.3QF.A14(Unknown Source:470)
03-28 12:17:39.308 16564 16615 E SQLiteDatabase: at X.3gU.run(Unknown Source:982)
03-28 12:17:39.308 16564 16615 E SQLiteDatabase: at android.os.Handler.handleCallback(Handler.java:942)
03-28 12:17:39.308 16564 16615 E SQLiteDatabase: at android.os.Handler.dispatchMessage(Handler.java:99)
03-28 12:17:39.308 16564 16615 E SQLiteDatabase: at X.0zq.dispatchMessage(Unknown Source:4)
03-28 12:17:39.308 16564 16615 E SQLiteDatabase: at android.os.Looper.loopOnce(Looper.java:204)
03-28 12:17:39.308 16564 16615 E SQLiteDatabase: at android.os.Looper.loop(Looper.java:291)
03-28 12:17:39.308 16564 16615 E SQLiteDatabase: at android.os.HandlerThread.run(HandlerThread.java:67)
03-28 12:17:39.862 16564 16615 E SQLiteDatabase: Error inserting transferred=0 media_job_uuid=df853bc6-7ac3-4a85-a020-cf2dbc5c780a transcoded=0 gif_attribution=0 first_scan_length=0 direct_path=/v/t62.7161- 24/19248906_1135832347433740_2864541376529604220_n.enc?ccb=11- 4&oh=01_ASCmz6Ey2AX7vGXWtbdO2-lYiy-I_d4ITH560kVr2YBmSA&oe=662C441B&_nc_sid=5e03e0 thumbnail_height_width_ratio=0.44791666 is_animated_sticker=0 file_hash=w49LWsngI7Gv/zDYHsxtH5uA7MRklqJxaOLGkZt0JRQ= file_path=null file_size=0 partial_media_hash=null face_x=0 face_y=0 height=288 trim_to=0 media_key_timestamp=1711592716000 message_url=https://mmg.whatsapp.net/v/t62.7161- 24/19248906_1135832347433740_2864541376529604220_n.enc?ccb=11- 4&oh=01_ASCmz6Ey2AX7vGXWtbdO2-lYiy- I_d4ITH560kVr2YBmSA&oe=662C441B&_nc_sid=5e03e0&mms3=true media_caption=null trim_from=0 mime_type=video/mp4 partial_media_enc_hash=null width=640 original_file_hash=null has_streaming_sidecar=1 autotransfer_retry_enabled=1 media_upload_handle=null message_row_id=187 multicast_id=null enc_file_hash=RbckpmaJaRIW+N2FlD/7wiCSGdfIvRkVHouNQFjj5LQ= mute_video=0 page_count=0 first_scan_sidecar=null suspicious_content=0 file_length=1049155 media_name=null media_duration=30 chat_row_id=20 media_key=[B@7d47d08
03-28 12:17:39.862 16564 16615 E SQLiteDatabase: android.database.sqlite.SQLiteConstraintException: UNIQUE constraint failed: message_media.message_row_id (code 1555 SQLITE_CONSTRAINT_PRIMARYKEY)
03-28 12:17:39.862 16564 16615 E SQLiteDatabase: at android.database.sqlite.SQLiteConnection.nativeExecuteForLastInsertedRowId(Native Method)
03-28 12:17:39.862 16564 16615 E SQLiteDatabase: at android.database.sqlite.SQLiteConnection.executeForLastInsertedRowId(SQLiteConnecti on.java:961)
03-28 12:17:39.862 16564 16615 E SQLiteDatabase: at android.database.sqlite.SQLiteSession.executeForLastInsertedRowId(SQLiteSession.jav a:790)
03-28 12:17:39.862 16564 16615 E SQLiteDatabase: at android.database.sqlite.SQLiteStatement.executeInsert(SQLiteStatement.java:89)
03-28 12:17:39.862 16564 16615 E SQLiteDatabase: at android.database.sqlite.SQLiteDatabase.insertWithOnConflict(SQLiteDatabase.java:187 4)
03-28 12:17:39.862 16564 16615 E SQLiteDatabase: at android.database.sqlite.SQLiteDatabase.insert(SQLiteDatabase.java:1743)
03-28 12:17:39.862 16564 16615 E SQLiteDatabase: at X.2tm.A08(Unknown Source:6)
03-28 12:17:39.862 16564 16615 E SQLiteDatabase: at X.35Y.A07(Unknown Source:212)
03-28 12:17:39.862 16564 16615 E SQLiteDatabase: at X.3QF.A14(Unknown Source:470)
03-28 12:17:39.862 16564 16615 E SQLiteDatabase: at X.3gU.run(Unknown Source:982)
03-28 12:17:39.862 16564 16615 E SQLiteDatabase: at android.os.Handler.handleCallback(Handler.java:942)
03-28 12:17:39.862 16564 16615 E SQLiteDatabase: at android.os.Handler.dispatchMessage(Handler.java:99)
03-28 12:17:39.862 16564 16615 E SQLiteDatabase: at X.0zq.dispatchMessage(Unknown Source:4)
03-28 12:17:39.862 16564 16615 E SQLiteDatabase: at android.os.Looper.loopOnce(Looper.java:204)
03-28 12:17:39.862 16564 16615 E SQLiteDatabase: at android.os.Looper.loop(Looper.java:291)
03-28 12:17:39.862 16564 16615 E SQLiteDatabase: at android.os.HandlerThread.run(HandlerThread.java:67)
03-28 12:17:46.050 16564 16564 W libc : Access denied finding property "vendor.transsion.scroll_adjust.support"
03-28 12:17:46.050 16564 16564 W libc : Access denied finding property "vendor.transsion.scroll_adjust.support"
03-28 12:17:46.050 16564 16564 W BottomSheetBehavior: BottomSheetBehavior now supports multiple callbacks. `setBottomSheetCallback()` removes all existing callbacks, including ones set internally by library authors, which may result in unintended behavior. This may change in the future. Please use `addBottomSheetCallback()` and `removeBottomSheetCallback()` instead to set your own callbacks.
03-28 12:17:46.050 16564 16564 W BottomSheetBehavior: BottomSheetBehavior now supports multiple callbacks. `setBottomSheetCallback()` removes all existing callbacks, including ones set internally by library authors, which may result in unintended behavior. This may change in the future. Please use `addBottomSheetCallback()` and `removeBottomSheetCallback()` instead to set your own callbacks.
03-28 12:17:46.063 16564 16564 W libc : Access denied finding property "vendor.transsion.scroll_adjust.support"
03-28 12:17:46.063 16564 16564 W libc : Access denied finding property "vendor.transsion.scroll_adjust.support"
03-28 12:17:46.063 16564 16564 W BottomSheetBehavior: BottomSheetBehavior now supports multiple callbacks. `setBottomSheetCallback()` removes all existing callbacks, including ones set internally by library authors, which may result in unintended behavior. This may change in the future. Please use `addBottomSheetCallback()` and `removeBottomSheetCallback()` instead to set your own callbacks.
03-28 12:17:46.063 16564 16564 W BottomSheetBehavior: BottomSheetBehavior now supports multiple callbacks. `setBottomSheetCallback()` removes all existing callbacks, including ones set internally by library authors, which may result in unintended behavior. This may change in the future. Please use `addBottomSheetCallback()` and `removeBottomSheetCallback()` instead to set your own callbacks.
03-28 12:17:46.069 16564 16564 W libc : Access denied finding property "vendor.transsion.scroll_adjust.support"
03-28 12:17:46.069 16564 16564 W libc : Access denied finding property "vendor.transsion.scroll_adjust.support"
03-28 12:17:46.069 16564 16564 E RecyclerView: No adapter attached; skipping layout
03-28 12:17:46.069 16564 16564 W libc : Access denied finding property "vendor.transsion.scroll_adjust.support"
03-28 12:17:46.069 16564 16564 W libc : Access denied finding property "vendor.transsion.scroll_adjust.support"
03-28 12:17:46.837 16564 16615 E SQLiteDatabase: Error inserting transferred=1 media_job_uuid=df853bc6-7ac3-4a85-a020-cf2dbc5c780a transcoded=0 gif_attribution=0 first_scan_length=0 direct_path=/v/t62.7161- 24/19248906_1135832347433740_2864541376529604220_n.enc?ccb=11- 4&oh=01_ASCmz6Ey2AX7vGXWtbdO2-lYiy-I_d4ITH560kVr2YBmSA&oe=662C441B&_nc_sid=5e03e0 thumbnail_height_width_ratio=0.44791666 is_animated_sticker=0 file_hash=w49LWsngI7Gv/zDYHsxtH5uA7MRklqJxaOLGkZt0JRQ= file_path=Media/.Statuses/f3a400c59d11456789354f08e596a279.mp4 file_size=1049155 partial_media_hash=null face_x=0 face_y=0 height=288 trim_to=0 media_key_timestamp=1711592716000 message_url=https://mmg.whatsapp.net/v/t62.7161- 24/19248906_1135832347433740_2864541376529604220_n.enc?ccb=11- 4&oh=01_ASCmz6Ey2AX7vGXWtbdO2-lYiy- I_d4ITH560kVr2YBmSA&oe=662C441B&_nc_sid=5e03e0&mms3=true media_caption=null trim_from=0 mime_type=video/mp4 partial_media_enc_hash=null width=640 original_file_hash=null has_streaming_sidecar=1 autotransfer_retry_enabled=1 media_upload_handle=null message_row_id=187 multicast_id=null enc_file_hash=RbckpmaJaRIW+N2FlD/7wiCSGdfIvRkVHouNQFjj5LQ= mute_video=0 page_count=0 first_scan_sidecar=null suspicious_content=0 file_length=1049155 media_name=null media_duration=30 chat_row_id=20 media_key=[B@7d47d08
03-28 12:17:46.837 16564 16615 E SQLiteDatabase: android.database.sqlite.SQLiteConstraintException: UNIQUE constraint failed: message_media.message_row_id (code 1555 SQLITE_CONSTRAINT_PRIMARYKEY)
03-28 12:17:46.837 16564 16615 E SQLiteDatabase: at android.database.sqlite.SQLiteConnection.nativeExecuteForLastInsertedRowId(Native Method)
03-28 12:17:46.837 16564 16615 E SQLiteDatabase: at android.database.sqlite.SQLiteConnection.executeForLastInsertedRowId(SQLiteConnecti on.java:961)
03-28 12:17:46.837 16564 16615 E SQLiteDatabase: at android.database.sqlite.SQLiteSession.executeForLastInsertedRowId(SQLiteSession.jav a:790)
03-28 12:17:46.837 16564 16615 E SQLiteDatabase: at android.database.sqlite.SQLiteStatement.executeInsert(SQLiteStatement.java:89)
03-28 12:17:46.837 16564 16615 E SQLiteDatabase: at android.database.sqlite.SQLiteDatabase.insertWithOnConflict(SQLiteDatabase.java:187 4)
03-28 12:17:46.837 16564 16615 E SQLiteDatabase: at android.database.sqlite.SQLiteDatabase.insert(SQLiteDatabase.java:1743)
03-28 12:17:46.837 16564 16615 E SQLiteDatabase: at X.2tm.A08(Unknown Source:6)
03-28 12:17:46.837 16564 16615 E SQLiteDatabase: at X.35Y.A07(Unknown Source:212)
03-28 12:17:46.837 16564 16615 E SQLiteDatabase: at X.3QF.A14(Unknown Source:470)
03-28 12:17:46.837 16564 16615 E SQLiteDatabase: at X.3gU.run(Unknown Source:982)
03-28 12:17:46.837 16564 16615 E SQLiteDatabase: at android.os.Handler.handleCallback(Handler.java:942)
03-28 12:17:46.837 16564 16615 E SQLiteDatabase: at android.os.Handler.dispatchMessage(Handler.java:99)
03-28 12:17:46.837 16564 16615 E SQLiteDatabase: at X.0zq.dispatchMessage(Unknown Source:4)
03-28 12:17:46.837 16564 16615 E SQLiteDatabase: at android.os.Looper.loopOnce(Looper.java:204)
03-28 12:17:46.837 16564 16615 E SQLiteDatabase: at android.os.Looper.loop(Looper.java:291)
03-28 12:17:46.837 16564 16615 E SQLiteDatabase: at android.os.HandlerThread.run(HandlerThread.java:67)
03-28 12:17:46.849 16564 24068 W AudioCapabilities: Unsupported mime audio/x-adpcm- dvi-ima
03-28 12:17:46.849 16564 24068 W AudioCapabilities: Unsupported mime audio/x-adpcm- dvi-ima
03-28 12:17:46.850 16564 24068 W AudioCapabilities: Unsupported mime audio/x-adpcm- ms
03-28 12:17:46.850 16564 24068 W AudioCapabilities: Unsupported mime audio/x-adpcm- ms
03-28 12:17:46.850 16564 24068 W AudioCapabilities: Unsupported mime audio/alac
03-28 12:17:46.850 16564 24068 W AudioCapabilities: Unsupported mime audio/alac
03-28 12:17:46.850 16564 24068 W AudioCapabilities: Unsupported mime audio/ape
03-28 12:17:46.850 16564 24068 W AudioCapabilities: Unsupported mime audio/ape
03-28 12:17:46.855 16564 24068 W VideoCapabilities: Unsupported mime image/vnd.android.heic
03-28 12:17:46.856 16564 24068 W VideoCapabilities: Unsupported mime image/vnd.android.heic
03-28 12:17:46.856 16564 24068 W VideoCapabilities: Unsupported mime image/vnd.android.heic
03-28 12:17:46.856 16564 24068 W VideoCapabilities: Unsupported mime image/vnd.android.heic
03-28 12:17:46.857 16564 24068 W VideoCapabilities: Unrecognized profile/level 32768/256 for video/mp4v-es
03-28 12:17:46.857 16564 24068 W VideoCapabilities: Unrecognized profile/level 32768/256 for video/mp4v-es
03-28 12:17:46.857 16564 24068 W VideoCapabilities: Unsupported mime video/x-ms-wmv
03-28 12:17:46.857 16564 24068 W VideoCapabilities: Unsupported mime video/x-ms-wmv
03-28 12:17:46.895 16564 24072 W ColorUtils: expected specified color aspects (2:0:0:0)
03-28 12:17:46.898 16564 24072 E CCodec : before change, configure, format : AMessage(what = 0x00000000) = {
03-28 12:17:46.898 16564 24072 E CCodec : Buffer csd-1 = {
03-28 12:17:46.898 16564 24072 E CCodec : 00000000: 00 00 00 01 68 ee 0d 83 ....h...
03-28 12:17:46.898 16564 24072 E CCodec : }
03-28 12:17:46.898 16564 24072 E CCodec : int32_t max-height = 288
03-28 12:17:46.898 16564 24072 E CCodec : int32_t max-width = 640
03-28 12:17:46.898 16564 24072 E CCodec : string mime = "video/avc"
03-28 12:17:46.898 16564 24072 E CCodec : int32_t width = 640
03-28 12:17:46.898 16564 24072 E CCodec : int32_t priority = 0
03-28 12:17:46.898 16564 24072 E CCodec : float frame-rate = 25.859495
03-28 12:17:46.898 16564 24072 E CCodec : int32_t rotation-degrees = 0
03-28 12:17:46.898 16564 24072 E CCodec : int32_t max-input-size = 28320
03-28 12:17:46.898 16564 24072 E CCodec : int32_t height = 288
03-28 12:17:46.898 16564 24072 E CCodec : Buffer csd-0 = {
03-28 12:17:46.898 16564 24072 E CCodec : 00000000: 00 00 00 01 67 64 80 1e ac b4 05 01 2d 35 05 06 ....gd......-5..
03-28 12:17:46.898 16564 24072 E CCodec : 00000010: 06 07 8b 17 50 ....P
03-28 12:17:46.898 16564 24072 E CCodec : }
03-28 12:17:46.898 16564 24072 E CCodec : RefBase *native-window = 0xb400007a98db3c20
03-28 12:17:46.898 16564 24072 E CCodec : int32_t flags = 0
03-28 12:17:46.898 16564 24072 E CCodec : int32_t vendor.mtk.vdec.buffer.fetch.timeout.ms.value = 500
03-28 12:17:46.898 16564 24072 E CCodec : } , width 640 , higth 288
03-28 12:17:46.899 16564 24072 W Codec2Client: query -- param skipped: index = 1107298332.
03-28 12:17:46.899 16564 24072 W CCodec : This behavior is subject to change. It is recommended that app developers double check whether the requested max input size is in reasonable range.
03-28 12:17:46.904 16564 24072 W Codec2Client: query -- param skipped: index = 1342179345.
03-28 12:17:46.904 16564 24072 W Codec2Client: query -- param skipped: index = 2415921170.
03-28 12:17:46.904 16564 24072 W Codec2Client: query -- param skipped: index = 1610614798.
03-28 12:17:46.936 16564 24096 E CCodec : before change, configure, format : AMessage(what = 0x00000000) = {
03-28 12:17:46.936 16564 24096 E CCodec : int32_t sample-rate = 44100
03-28 12:17:46.936 16564 24096 E CCodec : string mime = "audio/mp4a-latm"
03-28 12:17:46.936 16564 24096 E CCodec : int32_t channel-count = 2
03-28 12:17:46.936 16564 24096 E CCodec : int32_t priority = 0
03-28 12:17:46.936 16564 24096 E CCodec : int32_t max-input-size = 594
03-28 12:17:46.936 16564 24096 E CCodec : Buffer csd-0 = {
03-28 12:17:46.936 16564 24096 E CCodec : 00000000: 12 10 ..
03-28 12:17:46.936 16564 24096 E CCodec : }
03-28 12:17:46.936 16564 24096 E CCodec : int32_t flags = 0
03-28 12:17:46.936 16564 24096 E CCodec : } , width 0 , higth 0
03-28 12:17:46.938 16564 24096 W Codec2Client: query -- param skipped: index = 1107298332.
03-28 12:17:46.938 16564 24096 W CCodec : This behavior is subject to change. It is recommended that app developers double check whether the requested max input size is in reasonable range.
03-28 12:17:46.939 16564 24096 W Codec2Client: query -- param skipped: index = 1342179345.
03-28 12:17:46.939 16564 24096 W Codec2Client: query -- param skipped: index = 2415921170.
03-28 12:17:46.939 16564 24096 W Codec2Client: query -- param skipped: index = 1610614798.
03-28 12:17:47.034 16564 16564 W RenderThread: type=1400 audit(0.0:39055): avc: denied { getattr } for name="dmabuf:" dev="dmabuf" ino=1 scontext=u:r:untrusted_app:s0:c225,c256,c512,c768 tcontext=u:object_r:unlabeled:s0 tclass=filesystem permissive=0 app=com.mbwhatsapp
03-28 12:17:47.034 16564 16564 W RenderThread: type=1400 audit(0.0:39056): avc: denied { getattr } for name="dmabuf:" dev="dmabuf" ino=1 scontext=u:r:untrusted_app:s0:c225,c256,c512,c768 tcontext=u:object_r:unlabeled:s0 tclass=filesystem permissive=0 app=com.mbwhatsapp
03-28 12:17:47.130 16564 16564 W RenderThread: type=1400 audit(0.0:39057): avc: denied { getattr } for name="dmabuf:" dev="dmabuf" ino=1 scontext=u:r:untrusted_app:s0:c225,c256,c512,c768 tcontext=u:object_r:unlabeled:s0 tclass=filesystem permissive=0 app=com.mbwhatsapp
03-28 12:17:47.130 16564 16564 W RenderThread: type=1400 audit(0.0:39058): avc: denied { getattr } for name="dmabuf:" dev="dmabuf" ino=1 scontext=u:r:untrusted_app:s0:c225,c256,c512,c768 tcontext=u:object_r:unlabeled:s0 tclass=filesystem permissive=0 app=com.mbwhatsapp
03-28 12:17:47.158 16564 16564 W RenderThread: type=1400 audit(0.0:39059): avc: denied { getattr } for name="dmabuf:" dev="dmabuf" ino=1 scontext=u:r:untrusted_app:s0:c225,c256,c512,c768 tcontext=u:object_r:unlabeled:s0 tclass=filesystem permissive=0 app=com.mbwhatsapp
03-28 12:17:47.158 16564 16564 W RenderThread: type=1400 audit(0.0:39060): avc: denied { getattr } for name="dmabuf:" dev="dmabuf" ino=1 scontext=u:r:untrusted_app:s0:c225,c256,c512,c768 tcontext=u:object_r:unlabeled:s0 tclass=filesystem permissive=0 app=com.mbwhatsapp
03-28 12:17:47.454 16564 16615 E SQLiteDatabase: Error inserting transferred=0 media_job_uuid=dd52d0e1-0661-4273-9938-568c595e0b46 transcoded=0 gif_attribution=0 first_scan_length=0 direct_path=/v/t62.7161- 24/41204930_1135151614161803_7400589880206541820_n.enc?ccb=11-4&oh=01_ASB48C_- WSRPJN4VArPgK49qKiwjL7c2t177H2_-DSYuDQ&oe=662C569D&_nc_sid=5e03e0 thumbnail_height_width_ratio=0.44791666 is_animated_sticker=0 file_hash=3NHc7Rfk295iOvBYkNtaxZy/Zu9tlO9BId4tVCZmZAQ= file_path=null file_size=0 partial_media_hash=null face_x=0 face_y=0 height=288 trim_to=0 media_key_timestamp=1711594578000 message_url=https://mmg.whatsapp.net/v/t62.7161- 24/41204930_1135151614161803_7400589880206541820_n.enc?ccb=11-4&oh=01_ASB48C_- WSRPJN4VArPgK49qKiwjL7c2t177H2_-DSYuDQ&oe=662C569D&_nc_sid=5e03e0&mms3=true media_caption=null trim_from=0 mime_type=video/mp4 partial_media_enc_hash=null width=640 original_file_hash=null has_streaming_sidecar=1 autotransfer_retry_enabled=1 media_upload_handle=null message_row_id=191 multicast_id=null enc_file_hash=/xGQRFYaOsPFN4WnwUFBh2nakGUjvD6WFXcwXPdPPGA= mute_video=0 page_count=0 first_scan_sidecar=null suspicious_content=0 file_length=1241110 media_name=null media_duration=30 chat_row_id=20 media_key=[B@52c3bb2
03-28 12:17:47.454 16564 16615 E SQLiteDatabase: android.database.sqlite.SQLiteConstraintException: UNIQUE constraint failed: message_media.message_row_id (code 1555 SQLITE_CONSTRAINT_PRIMARYKEY)
03-28 12:17:47.454 16564 16615 E SQLiteDatabase: at android.database.sqlite.SQLiteConnection.nativeExecuteForLastInsertedRowId(Native Method)
03-28 12:17:47.454 16564 16615 E SQLiteDatabase: at android.database.sqlite.SQLiteConnection.executeForLastInsertedRowId(SQLiteConnecti on.java:961)
03-28 12:17:47.454 16564 16615 E SQLiteDatabase: at android.database.sqlite.SQLiteSession.executeForLastInsertedRowId(SQLiteSession.jav a:790)
03-28 12:17:47.454 16564 16615 E SQLiteDatabase: at android.database.sqlite.SQLiteStatement.executeInsert(SQLiteStatement.java:89)
03-28 12:17:47.454 16564 16615 E SQLiteDatabase: at android.database.sqlite.SQLiteDatabase.insertWithOnConflict(SQLiteDatabase.java:187 4)
03-28 12:17:47.454 16564 16615 E SQLiteDatabase: at android.database.sqlite.SQLiteDatabase.insert(SQLiteDatabase.java:1743)
03-28 12:17:47.454 16564 16615 E SQLiteDatabase: at X.2tm.A08(Unknown Source:6)
03-28 12:17:47.454 16564 16615 E SQLiteDatabase: at X.35Y.A07(Unknown Source:212)
03-28 12:17:47.454 16564 16615 E SQLiteDatabase: at X.3QF.A14(Unknown Source:470)
03-28 12:17:47.454 16564 16615 E SQLiteDatabase: at X.3gU.run(Unknown Source:982)
03-28 12:17:47.454 16564 16615 E SQLiteDatabase: at android.os.Handler.handleCallback(Handler.java:942)
03-28 12:17:47.454 16564 16615 E SQLiteDatabase: at android.os.Handler.dispatchMessage(Handler.java:99)
03-28 12:17:47.454 16564 16615 E SQLiteDatabase: at X.0zq.dispatchMessage(Unknown Source:4)
03-28 12:17:47.454 16564 16615 E SQLiteDatabase: at android.os.Looper.loopOnce(Looper.java:204)
03-28 12:17:47.454 16564 16615 E SQLiteDatabase: at android.os.Looper.loop(Looper.java:291)
03-28 12:17:47.454 16564 16615 E SQLiteDatabase: at android.os.HandlerThread.run(HandlerThread.java:67)
03-28 12:17:49.787 16564 24071 W Codec2Client: query -- param skipped: index = 1342179345.
03-28 12:17:49.787 16564 24071 W Codec2Client: query -- param skipped: index = 2415921170.
03-28 12:17:49.787 16564 24071 W Codec2Client: query -- param skipped: index = 1610614798.
03-28 12:17:49.789 16564 24096 W Codec2Client: query -- param skipped: index = 1342179345.
03-28 12:17:49.789 16564 24096 W Codec2Client: query -- param skipped: index = 2415921170.
03-28 12:17:49.789 16564 24096 W Codec2Client: query -- param skipped: index = 1610614798.
03-28 12:17:49.798 16564 16564 W libc : Access denied finding property "vendor.transsion.scroll_adjust.support"
03-28 12:17:49.798 16564 16564 W libc : Access denied finding property "vendor.transsion.scroll_adjust.support"
03-28 12:17:49.798 16564 16564 W libc : Access denied finding property "vendor.transsion.scroll_adjust.support"
03-28 12:17:49.798 16564 16564 W libc : Access denied finding property "vendor.transsion.scroll_adjust.support"
03-28 12:17:49.798 16564 16564 E RecyclerView: No adapter attached; skipping layout
03-28 12:17:49.854 16564 24140 W ColorUtils: expected specified color aspects (2:0:0:0)
03-28 12:17:49.856 16564 24140 E CCodec : before change, configure, format : AMessage(what = 0x00000000) = {
03-28 12:17:49.856 16564 24140 E CCodec : Buffer csd-1 = {
03-28 12:17:49.856 16564 24140 E CCodec : 00000000: 00 00 00 01 68 ee 0d 83 ....h...
03-28 12:17:49.856 16564 24140 E CCodec : }
03-28 12:17:49.856 16564 24140 E CCodec : int32_t max-height = 288
03-28 12:17:49.856 16564 24140 E CCodec : int32_t max-width = 640
03-28 12:17:49.856 16564 24140 E CCodec : string mime = "video/avc"
03-28 12:17:49.856 16564 24140 E CCodec : int32_t width = 640
03-28 12:17:49.856 16564 24140 E CCodec : int32_t priority = 0
03-28 12:17:49.856 16564 24140 E CCodec : float frame-rate = 25.903524
03-28 12:17:49.856 16564 24140 E CCodec : int32_t rotation-degrees = 0
03-28 12:17:49.856 16564 24140 E CCodec : int32_t max-input-size = 29112
03-28 12:17:49.856 16564 24140 E CCodec : int32_t height = 288
03-28 12:17:49.856 16564 24140 E CCodec : Buffer csd-0 = {
03-28 12:17:49.856 16564 24140 E CCodec : 00000000: 00 00 00 01 67 64 80 1e ac b4 05 01 2d 35 05 06 ....gd......-5..
03-28 12:17:49.856 16564 24140 E CCodec : 00000010: 06 07 8b 17 50 ....P
03-28 12:17:49.856 16564 24140 E CCodec : }
03-28 12:17:49.856 16564 24140 E CCodec : RefBase *native-window = 0xb400007a98db3c20
03-28 12:17:49.856 16564 24140 E CCodec : int32_t flags = 0
03-28 12:17:49.856 16564 24140 E CCodec : int32_t vendor.mtk.vdec.buffer.fetch.timeout.ms.value = 500
03-28 12:17:49.856 16564 24140 E CCodec : } , width 640 , higth 288
03-28 12:17:49.858 16564 24140 W Codec2Client: query -- param skipped: index = 1107298332.
03-28 12:17:49.859 16564 24140 W CCodec : This behavior is subject to change. It is recommended that app developers double check whether the requested max input size is in reasonable range.
03-28 12:17:49.866 16564 24140 W Codec2Client: query -- param skipped: index = 1342179345.
03-28 12:17:49.866 16564 24140 W Codec2Client: query -- param skipped: index = 2415921170.
03-28 12:17:49.866 16564 24140 W Codec2Client: query -- param skipped: index = 1610614798.
03-28 12:17:49.919 16564 24150 E CCodec : before change, configure, format : AMessage(what = 0x00000000) = {
03-28 12:17:49.919 16564 24150 E CCodec : int32_t sample-rate = 44100
03-28 12:17:49.919 16564 24150 E CCodec : string mime = "audio/mp4a-latm"
03-28 12:17:49.919 16564 24150 E CCodec : int32_t channel-count = 2
03-28 12:17:49.919 16564 24150 E CCodec : int32_t priority = 0
03-28 12:17:49.919 16564 24150 E CCodec : int32_t max-input-size = 575
03-28 12:17:49.919 16564 24150 E CCodec : Buffer csd-0 = {
03-28 12:17:49.919 16564 24150 E CCodec : 00000000: 12 10 ..
03-28 12:17:49.919 16564 24150 E CCodec : }
03-28 12:17:49.919 16564 24150 E CCodec : int32_t flags = 0
03-28 12:17:49.919 16564 24150 E CCodec : } , width 0 , higth 0
03-28 12:17:49.920 16564 24150 W Codec2Client: query -- param skipped: index = 1107298332.
03-28 12:17:49.920 16564 24150 W CCodec : This behavior is subject to change. It is recommended that app developers double check whether the requested max input size is in reasonable range.
03-28 12:17:49.921 16564 24150 W Codec2Client: query -- param skipped: index = 1342179345.
03-28 12:17:49.921 16564 24150 W Codec2Client: query -- param skipped: index = 2415921170.
03-28 12:17:49.921 16564 24150 W Codec2Client: query -- param skipped: index = 1610614798.
03-28 12:17:49.946 16564 16564 W RenderThread: type=1400 audit(0.0:39097): avc: denied { getattr } for name="dmabuf:" dev="dmabuf" ino=1 scontext=u:r:untrusted_app:s0:c225,c256,c512,c768 tcontext=u:object_r:unlabeled:s0 tclass=filesystem permissive=0 app=com.mbwhatsapp
03-28 12:17:49.946 16564 16564 W RenderThread: type=1400 audit(0.0:39098): avc: denied { getattr } for name="dmabuf:" dev="dmabuf" ino=1 scontext=u:r:untrusted_app:s0:c225,c256,c512,c768 tcontext=u:object_r:unlabeled:s0 tclass=filesystem permissive=0 app=com.mbwhatsapp
03-28 12:17:49.994 16564 16564 W RenderThread: type=1400 audit(0.0:39099): avc: denied { getattr } for name="dmabuf:" dev="dmabuf" ino=1 scontext=u:r:untrusted_app:s0:c225,c256,c512,c768 tcontext=u:object_r:unlabeled:s0 tclass=filesystem permissive=0 app=com.mbwhatsapp
03-28 12:17:49.994 16564 16564 W RenderThread: type=1400 audit(0.0:39100): avc: denied { getattr } for name="dmabuf:" dev="dmabuf" ino=1 scontext=u:r:untrusted_app:s0:c225,c256,c512,c768 tcontext=u:object_r:unlabeled:s0 tclass=filesystem permissive=0 app=com.mbwhatsapp
03-28 12:17:50.010 16564 16564 W RenderThread: type=1400 audit(0.0:39101): avc: denied { getattr } for name="dmabuf:" dev="dmabuf" ino=1 scontext=u:r:untrusted_app:s0:c225,c256,c512,c768 tcontext=u:object_r:unlabeled:s0 tclass=filesystem permissive=0 app=com.mbwhatsapp
03-28 12:17:50.613 16564 16564 W libc : Access denied finding property "vendor.transsion.scroll_adjust.support"
03-28 12:17:50.613 16564 16564 W libc : Access denied finding property "vendor.transsion.scroll_adjust.support"
03-28 12:17:50.613 16564 16564 W BottomSheetBehavior: BottomSheetBehavior now supports multiple callbacks. `setBottomSheetCallback()` removes all existing callbacks, including ones set internally by library authors, which may result in unintended behavior. This may change in the future. Please use `addBottomSheetCallback()` and `removeBottomSheetCallback()` instead to set your own callbacks.
03-28 12:17:50.613 16564 16564 W BottomSheetBehavior: BottomSheetBehavior now supports multiple callbacks. `setBottomSheetCallback()` removes all existing callbacks, including ones set internally by library authors, which may result in unintended behavior. This may change in the future. Please use `addBottomSheetCallback()` and `removeBottomSheetCallback()` instead to set your own callbacks.
03-28 12:17:50.620 16564 24139 W Codec2Client: query -- param skipped: index = 1342179345.
03-28 12:17:50.620 16564 24139 W Codec2Client: query -- param skipped: index = 2415921170.
03-28 12:17:50.620 16564 24139 W Codec2Client: query -- param skipped: index = 1610614798.
03-28 12:17:50.624 16564 24150 W Codec2Client: query -- param skipped: index = 1342179345.
03-28 12:17:50.625 16564 24150 W Codec2Client: query -- param skipped: index = 2415921170.
03-28 12:17:50.625 16564 24150 W Codec2Client: query -- param skipped: index = 1610614798.
03-28 12:17:50.629 16564 16564 W libc : Access denied finding property "vendor.transsion.scroll_adjust.support"
03-28 12:17:50.630 16564 16564 W libc : Access denied finding property "vendor.transsion.scroll_adjust.support"
03-28 12:17:50.630 16564 16564 W BottomSheetBehavior: BottomSheetBehavior now supports multiple callbacks. `setBottomSheetCallback()` removes all existing callbacks, including ones set internally by library authors, which may result in unintended behavior. This may change in the future. Please use `addBottomSheetCallback()` and `removeBottomSheetCallback()` instead to set your own callbacks.
03-28 12:17:50.630 16564 16564 W BottomSheetBehavior: BottomSheetBehavior now supports multiple callbacks. `setBottomSheetCallback()` removes all existing callbacks, including ones set internally by library authors, which may result in unintended behavior. This may change in the future. Please use `addBottomSheetCallback()` and `removeBottomSheetCallback()` instead to set your own callbacks.
03-28 12:17:50.634 16564 16564 W libc : Access denied finding property "vendor.transsion.scroll_adjust.support"
03-28 12:17:50.634 16564 16564 W libc : Access denied finding property "vendor.transsion.scroll_adjust.support"
03-28 12:17:50.634 16564 16564 W libc : Access denied finding property "vendor.transsion.scroll_adjust.support"
03-28 12:17:50.634 16564 16564 W libc : Access denied finding property "vendor.transsion.scroll_adjust.support"
03-28 12:17:50.634 16564 16564 E RecyclerView: No adapter attached; skipping layout
03-28 12:17:50.800 16564 16615 E SQLiteDatabase: Error inserting transferred=1 media_job_uuid=dd52d0e1-0661-4273-9938-568c595e0b46 transcoded=0 gif_attribution=0 first_scan_length=0 direct_path=/v/t62.7161- 24/41204930_1135151614161803_7400589880206541820_n.enc?ccb=11-4&oh=01_ASB48C_- WSRPJN4VArPgK49qKiwjL7c2t177H2_-DSYuDQ&oe=662C569D&_nc_sid=5e03e0 thumbnail_height_width_ratio=0.44791666 is_animated_sticker=0 file_hash=3NHc7Rfk295iOvBYkNtaxZy/Zu9tlO9BId4tVCZmZAQ= file_path=Media/.Statuses/7f47d5c6e2b54e8dae4c3ec435aec749.mp4 file_size=1241110 partial_media_hash=null face_x=0 face_y=0 height=288 trim_to=0 media_key_timestamp=1711594578000 message_url=https://mmg.whatsapp.net/v/t62.7161- 24/41204930_1135151614161803_7400589880206541820_n.enc?ccb=11-4&oh=01_ASB48C_- WSRPJN4VArPgK49qKiwjL7c2t177H2_-DSYuDQ&oe=662C569D&_nc_sid=5e03e0&mms3=true media_caption=null trim_from=0 mime_type=video/mp4 partial_media_enc_hash=null width=640 original_file_hash=null has_streaming_sidecar=1 autotransfer_retry_enabled=1 media_upload_handle=null message_row_id=191 multicast_id=null enc_file_hash=/xGQRFYaOsPFN4WnwUFBh2nakGUjvD6WFXcwXPdPPGA= mute_video=0 page_count=0 first_scan_sidecar=null suspicious_content=0 file_length=1241110 media_name=null media_duration=30 chat_row_id=20 media_key=[B@52c3bb2
03-28 12:17:50.800 16564 16615 E SQLiteDatabase: android.database.sqlite.SQLiteConstraintException: UNIQUE constraint failed: message_media.message_row_id (code 1555 SQLITE_CONSTRAINT_PRIMARYKEY)
03-28 12:17:50.800 16564 16615 E SQLiteDatabase: at android.database.sqlite.SQLiteConnection.nativeExecuteForLastInsertedRowId(Native Method)
03-28 12:17:50.800 16564 16615 E SQLiteDatabase: at android.database.sqlite.SQLiteConnection.executeForLastInsertedRowId(SQLiteConnecti on.java:961)
03-28 12:17:50.800 16564 16615 E SQLiteDatabase: at android.database.sqlite.SQLiteSession.executeForLastInsertedRowId(SQLiteSession.jav a:790)
03-28 12:17:50.800 16564 16615 E SQLiteDatabase: at android.database.sqlite.SQLiteStatement.executeInsert(SQLiteStatement.java:89)
03-28 12:17:50.800 16564 16615 E SQLiteDatabase: at android.database.sqlite.SQLiteDatabase.insertWithOnConflict(SQLiteDatabase.java:187 4)
03-28 12:17:50.800 16564 16615 E SQLiteDatabase: at android.database.sqlite.SQLiteDatabase.insert(SQLiteDatabase.java:1743)
03-28 12:17:50.800 16564 16615 E SQLiteDatabase: at X.2tm.A08(Unknown Source:6)
03-28 12:17:50.800 16564 16615 E SQLiteDatabase: at X.35Y.A07(Unknown Source:212)
03-28 12:17:50.800 16564 16615 E SQLiteDatabase: at X.3QF.A14(Unknown Source:470)
03-28 12:17:50.800 16564 16615 E SQLiteDatabase: at X.3gU.run(Unknown Source:982)
03-28 12:17:50.800 16564 16615 E SQLiteDatabase: at android.os.Handler.handleCallback(Handler.java:942)
03-28 12:17:50.800 16564 16615 E SQLiteDatabase: at android.os.Handler.dispatchMessage(Handler.java:99)
03-28 12:17:50.800 16564 16615 E SQLiteDatabase: at X.0zq.dispatchMessage(Unknown Source:4)
03-28 12:17:50.800 16564 16615 E SQLiteDatabase: at android.os.Looper.loopOnce(Looper.java:204)
03-28 12:17:50.800 16564 16615 E SQLiteDatabase: at android.os.Looper.loop(Looper.java:291)
03-28 12:17:50.800 16564 16615 E SQLiteDatabase: at android.os.HandlerThread.run(HandlerThread.java:67)
03-28 12:17:52.015 16564 16615 E SQLiteDatabase: Error inserting transferred=0 media_job_uuid=2e3d18fe-d931-4557-8738-6b1ecc495425 transcoded=0 gif_attribution=0 first_scan_length=0 direct_path=/v/t62.7161- 24/30598637_1123091442442755_4886315699129822183_n.enc?ccb=11- 4&oh=01_ASAhZSSyi_sYseWiH3oeQ2Y25HE-xU1u-eE-XL3YePsgeg&oe=662C5C3C&_nc_sid=5e03e0 thumbnail_height_width_ratio=1.7777778 is_animated_sticker=0 file_hash=mY93MoFDANyEnQjdywO74e0YF1avkrA1P8jDiDKCyUg= file_path=null file_size=0 partial_media_hash=null face_x=0 face_y=0 height=1280 trim_to=0 media_key_timestamp=1711591980000 message_url=https://mmg.whatsapp.net/v/t62.7161- 24/30598637_1123091442442755_4886315699129822183_n.enc?ccb=11- 4&oh=01_ASAhZSSyi_sYseWiH3oeQ2Y25HE-xU1u-eE- XL3YePsgeg&oe=662C5C3C&_nc_sid=5e03e0&mms3=true media_caption=null trim_from=0 mime_type=video/mp4 partial_media_enc_hash=null width=720 original_file_hash=null has_streaming_sidecar=1 autotransfer_retry_enabled=1 media_upload_handle=null message_row_id=180 multicast_id=null enc_file_hash=S/R0U8lz7XH+D7qT84NnhBqQEKJsuniW4WnWmoleFO0= mute_video=0 page_count=0 first_scan_sidecar=null suspicious_content=0 file_length=5905053 media_name=null media_duration=15 chat_row_id=20 media_key=[B@e68cf8d
03-28 12:17:52.015 16564 16615 E SQLiteDatabase: android.database.sqlite.SQLiteConstraintException: UNIQUE constraint failed: message_media.message_row_id (code 1555 SQLITE_CONSTRAINT_PRIMARYKEY)
03-28 12:17:52.015 16564 16615 E SQLiteDatabase: at android.database.sqlite.SQLiteConnection.nativeExecuteForLastInsertedRowId(Native Method)
03-28 12:17:52.015 16564 16615 E SQLiteDatabase: at android.database.sqlite.SQLiteConnection.executeForLastInsertedRowId(SQLiteConnecti on.java:961)
03-28 12:17:52.015 16564 16615 E SQLiteDatabase: at android.database.sqlite.SQLiteSession.executeForLastInsertedRowId(SQLiteSession.jav a:790)
03-28 12:17:52.015 16564 16615 E SQLiteDatabase: at android.database.sqlite.SQLiteStatement.executeInsert(SQLiteStatement.java:89)
03-28 12:17:52.015 16564 16615 E SQLiteDatabase: at android.database.sqlite.SQLiteDatabase.insertWithOnConflict(SQLiteDatabase.java:187 4)
03-28 12:17:52.015 16564 16615 E SQLiteDatabase: at android.database.sqlite.SQLiteDatabase.insert(SQLiteDatabase.java:1743)
03-28 12:17:52.015 16564 16615 E SQLiteDatabase: at X.2tm.A08(Unknown Source:6)
03-28 12:17:52.015 16564 16615 E SQLiteDatabase: at X.35Y.A07(Unknown Source:212)
03-28 12:17:52.015 16564 16615 E SQLiteDatabase: at X.3QF.A14(Unknown Source:470)
03-28 12:17:52.015 16564 16615 E SQLiteDatabase: at X.3gU.run(Unknown Source:982)
