03-28 12:22:46.915 27279 27279 E ArmVmp : Match on catch block at 0xc3 in for 0x159
03-28 12:22:46.917 27279 27279 E ArmVmp : Match on catch block at 0xc3 in for 0x155
03-28 12:22:46.940 27279 27279 E ArmVmp : Match on catch block at 0xc3 in for 0x149
03-28 12:22:46.942 27279 27279 E ArmVmp : Match on catch block at 0xc3 in for 0x145
03-28 12:22:46.955 27279 27279 E ArmVmp : Match on catch block at 0xc3 in for 0x14d
03-28 12:22:46.957 27279 27279 E ArmVmp : Match on catch block at 0xc3 in for 0x149
03-28 12:22:46.968 27279 27279 E ArmVmp : Match on catch block at 0xc3 in for 0x151
03-28 12:22:46.970 27279 27279 E ArmVmp : Match on catch block at 0xc3 in for 0x14d
03-28 12:22:46.978 27279 27279 E ArmVmp : Match on catch block at 0xc3 in for 0x155
03-28 12:22:46.979 27279 27279 E ArmVmp : Match on catch block at 0xc3 in for 0x151
03-28 12:22:46.987 27279 27279 E ArmVmp : Match on catch block at 0xc3 in for 0x159
03-28 12:22:46.988 27279 27279 E ArmVmp : Match on catch block at 0xc3 in for 0x155
03-28 12:22:46.997 27279 27279 E ArmVmp : Match on catch block at 0xc3 in for 0x141
03-28 12:22:46.999 27279 27279 E ArmVmp : Match on catch block at 0xc3 in for 0x159
03-28 12:22:47.006 27279 27279 E ArmVmp : Match on catch block at 0xc3 in for 0x145
03-28 12:22:47.008 27279 27279 E ArmVmp : Match on catch block at 0xc3 in for 0x141
03-28 12:22:47.016 27279 27279 E ArmVmp : Match on catch block at 0xc3 in for 0x149
03-28 12:22:47.017 27279 27279 E ArmVmp : Match on catch block at 0xc3 in for 0x145
03-28 12:22:47.024 27279 27279 E ArmVmp : Match on catch block at 0xc3 in for 0x14d
03-28 12:22:47.025 27279 27279 E ArmVmp : Match on catch block at 0xc3 in for 0x149
03-28 12:22:47.032 27279 27279 E ArmVmp : Match on catch block at 0xc3 in for 0x151
03-28 12:22:47.034 27279 27279 E ArmVmp : Match on catch block at 0xc3 in for 0x14d
03-28 12:22:47.040 27279 27279 E ArmVmp : Match on catch block at 0xc3 in for 0x155
03-28 12:22:47.041 27279 27279 E ArmVmp : Match on catch block at 0xc3 in for 0x151
03-28 12:22:47.048 27279 27279 E ArmVmp : Match on catch block at 0xc3 in for 0x14d
03-28 12:22:47.049 27279 27279 E ArmVmp : Match on catch block at 0xc3 in for 0x149
03-28 12:22:47.057 27279 27279 E ArmVmp : Match on catch block at 0xc3 in for 0x151
03-28 12:22:47.058 27279 27279 E ArmVmp : Match on catch block at 0xc3 in for 0x14d
03-28 12:22:47.062 27279 27279 E ArmVmp : Match on catch block at 0xc3 in for 0x141
03-28 12:22:47.064 27279 27279 E ArmVmp : Match on catch block at 0xc3 in for 0x159
03-28 12:22:47.069 27279 27279 E ArmVmp : Match on catch block at 0xc3 in for 0x14d
03-28 12:22:47.070 27279 27279 E ArmVmp : Match on catch block at 0xc3 in for 0x149
03-28 12:22:47.078 27279 27279 E ArmVmp : Match on catch block at 0xc3 in for 0x159
03-28 12:22:47.079 27279 27279 E ArmVmp : Match on catch block at 0xc3 in for 0x155
03-28 12:22:47.086 27279 27279 E ArmVmp : Match on catch block at 0xc3 in for 0x149
03-28 12:22:47.087 27279 27279 E ArmVmp : Match on catch block at 0xc3 in for 0x145
03-28 12:22:47.094 27279 27279 E ArmVmp : Match on catch block at 0xc3 in for 0x155
03-28 12:22:47.096 27279 27279 E ArmVmp : Match on catch block at 0xc3 in for 0x151
03-28 12:22:47.103 27279 27279 E ArmVmp : Match on catch block at 0xc3 in for 0x145
03-28 12:22:47.104 27279 27279 E ArmVmp : Match on catch block at 0xc3 in for 0x141
03-28 12:22:47.111 27279 27279 E ArmVmp : Match on catch block at 0xc3 in for 0x151
03-28 12:22:47.112 27279 27279 E ArmVmp : Match on catch block at 0xc3 in for 0x14d
03-28 12:22:47.119 27279 27279 E ArmVmp : Match on catch block at 0xc3 in for 0x141
03-28 12:22:47.121 27279 27279 E ArmVmp : Match on catch block at 0xc3 in for 0x159
03-28 12:22:47.127 27279 27279 E ArmVmp : Match on catch block at 0xc3 in for 0x14d
03-28 12:22:47.129 27279 27279 E ArmVmp : Match on catch block at 0xc3 in for 0x149
03-28 12:22:47.136 27279 27279 E ArmVmp : Match on catch block at 0xc3 in for 0x159
03-28 12:22:47.137 27279 27279 E ArmVmp : Match on catch block at 0xc3 in for 0x155
03-28 12:22:47.144 27279 27279 E ArmVmp : Match on catch block at 0xc3 in for 0x149
03-28 12:22:47.145 27279 27279 E ArmVmp : Match on catch block at 0xc3 in for 0x145
03-28 12:22:47.152 27279 27279 E ArmVmp : Match on catch block at 0xc3 in for 0x155
03-28 12:22:47.153 27279 27279 E ArmVmp : Match on catch block at 0xc3 in for 0x151
03-28 12:22:48.832 27279 27342 W Parcel : Expecting binder but got null!
03-28 12:22:50.307 27279 27279 E ArmVmp : Match on catch block at 0x38 in for 0x16d
03-28 12:22:50.307 27279 27279 W System.err: java.lang.NumberFormatException: For input string: ""
03-28 12:22:50.307 27279 27279 W System.err:
03-28 12:22:50.307 27279 27279 W System.err: at java.lang.Integer.parseInt(Integer.java:757)
03-28 12:22:50.307 27279 27279 W System.err:
03-28 12:22:50.308 27279 27279 W System.err: at java.lang.Integer.parseInt(Integer.java:865)
03-28 12:22:50.308 27279 27279 W System.err:
03-28 12:22:50.308 27279 27279 W System.err: at mbmodsd.mbmodsw.home.HomeActivity.mbcRe(Native Method)
03-28 12:22:50.308 27279 27279 W System.err:
03-28 12:22:50.308 27279 27279 W System.err: at com.mbwhatsapp.HomeActivity.onPause(Unknown Source:9)
03-28 12:22:50.308 27279 27279 W System.err:
03-28 12:22:50.308 27279 27279 W System.err: at android.app.Activity.performPause(Activity.java:8534)
03-28 12:22:50.308 27279 27279 W System.err:
03-28 12:22:50.308 27279 27279 W System.err: at android.app.Instrumentation.callActivityOnPause(Instrumentation.java:1589)
03-28 12:22:50.308 27279 27279 W System.err:
03-28 12:22:50.308 27279 27279 W System.err: at android.app.ActivityThread.performPauseActivityIfNeeded(ActivityThread.java:5258)
03-28 12:22:50.308 27279 27279 W System.err:
03-28 12:22:50.308 27279 27279 W System.err: at android.app.ActivityThread.performPauseActivity(ActivityThread.java:5219)
03-28 12:22:50.308 27279 27279 W System.err:
03-28 12:22:50.308 27279 27279 W System.err: at android.app.ActivityThread.handlePauseActivity(ActivityThread.java:5171)
03-28 12:22:50.308 27279 27279 W System.err:
03-28 12:22:50.308 27279 27279 W System.err: at android.app.servertransaction.PauseActivityItem.execute(PauseActivityItem.java:47)
03-28 12:22:50.308 27279 27279 W System.err:
03-28 12:22:50.308 27279 27279 W System.err: at android.app.servertransaction.ActivityTransactionItem.execute(ActivityTransactionIt em.java:45)
03-28 12:22:50.308 27279 27279 W System.err:
03-28 12:22:50.308 27279 27279 W System.err: at android.app.servertransaction.TransactionExecutor.executeLifecycleState(Transaction Executor.java:186)
03-28 12:22:50.308 27279 27279 W System.err:
03-28 12:22:50.308 27279 27279 W System.err: at android.app.servertransaction.TransactionExecutor.execute(TransactionExecutor.java: 107)
03-28 12:22:50.308 27279 27279 W System.err:
03-28 12:22:50.308 27279 27279 W System.err: at android.app.ActivityThread$H.handleMessage(ActivityThread.java:2401)
03-28 12:22:50.308 27279 27279 W System.err:
03-28 12:22:50.308 27279 27279 W System.err: at android.os.Handler.dispatchMessage(Handler.java:106)
03-28 12:22:50.308 27279 27279 W System.err:
03-28 12:22:50.308 27279 27279 W System.err: at android.os.Looper.loopOnce(Looper.java:204)
03-28 12:22:50.308 27279 27279 W System.err:
03-28 12:22:50.308 27279 27279 W System.err: at android.os.Looper.loop(Looper.java:291)
03-28 12:22:50.308 27279 27279 W System.err:
03-28 12:22:50.308 27279 27279 W System.err: at android.app.ActivityThread.main(ActivityThread.java:8148)
03-28 12:22:50.308 27279 27279 W System.err:
03-28 12:22:50.308 27279 27279 W System.err: at java.lang.reflect.Method.invoke(Native Method)
03-28 12:22:50.308 27279 27279 W System.err:
03-28 12:22:50.308 27279 27279 W System.err: at com.android.internal.os.RuntimeInit$MethodAndArgsCaller.run(RuntimeInit.java:601)
03-28 12:22:50.308 27279 27279 W System.err:
03-28 12:22:50.308 27279 27279 W System.err: at com.android.internal.os.ZygoteInit.main(ZygoteInit.java:1139)
03-28 12:22:50.308 27279 27279 W System.err:
03-28 12:22:50.325 27279 27279 W libc : Access denied finding property "vendor.transsion.scroll_adjust.support"
03-28 12:22:50.325 27279 27279 W libc : Access denied finding property "vendor.transsion.scroll_adjust.support"
03-28 12:22:50.325 27279 27279 W libc : Access denied finding property "vendor.transsion.scroll_adjust.support"
03-28 12:22:50.325 27279 27279 W libc : Access denied finding property "vendor.transsion.scroll_adjust.support"
03-28 12:22:50.367 27279 27342 W Parcel : Expecting binder but got null!
03-28 12:22:50.387 27279 27279 W libc : Access denied finding property "vendor.transsion.scroll_adjust.support"
03-28 12:22:50.387 27279 27279 W libc : Access denied finding property "vendor.transsion.scroll_adjust.support"
03-28 12:22:50.388 27279 27279 W BottomSheetBehavior: BottomSheetBehavior now supports multiple callbacks. `setBottomSheetCallback()` removes all existing callbacks, including ones set internally by library authors, which may result in unintended behavior. This may change in the future. Please use `addBottomSheetCallback()` and `removeBottomSheetCallback()` instead to set your own callbacks.
03-28 12:22:50.388 27279 27279 W BottomSheetBehavior: BottomSheetBehavior now supports multiple callbacks. `setBottomSheetCallback()` removes all existing callbacks, including ones set internally by library authors, which may result in unintended behavior. This may change in the future. Please use `addBottomSheetCallback()` and `removeBottomSheetCallback()` instead to set your own callbacks.
03-28 12:22:50.444 27279 27279 W libc : Access denied finding property "vendor.transsion.scroll_adjust.support"
03-28 12:22:50.444 27279 27279 W libc : Access denied finding property "vendor.transsion.scroll_adjust.support"
03-28 12:22:50.444 27279 27279 W BottomSheetBehavior: BottomSheetBehavior now supports multiple callbacks. `setBottomSheetCallback()` removes all existing callbacks, including ones set internally by library authors, which may result in unintended behavior. This may change in the future. Please use `addBottomSheetCallback()` and `removeBottomSheetCallback()` instead to set your own callbacks.
03-28 12:22:50.444 27279 27279 W BottomSheetBehavior: BottomSheetBehavior now supports multiple callbacks. `setBottomSheetCallback()` removes all existing callbacks, including ones set internally by library authors, which may result in unintended behavior. This may change in the future. Please use `addBottomSheetCallback()` and `removeBottomSheetCallback()` instead to set your own callbacks.
03-28 12:22:50.456 27279 27279 W libc : Access denied finding property "vendor.transsion.scroll_adjust.support"
03-28 12:22:50.456 27279 27279 W libc : Access denied finding property "vendor.transsion.scroll_adjust.support"
03-28 12:22:50.456 27279 27279 W libc : Access denied finding property "vendor.transsion.scroll_adjust.support"
03-28 12:22:50.456 27279 27279 W libc : Access denied finding property "vendor.transsion.scroll_adjust.support"
03-28 12:22:50.457 27279 27279 E RecyclerView: No adapter attached; skipping layout
03-28 12:22:50.457 27279 27279 W libc : Access denied finding property "vendor.transsion.scroll_adjust.support"
03-28 12:22:50.457 27279 27279 W libc : Access denied finding property "vendor.transsion.scroll_adjust.support"
03-28 12:22:50.457 27279 27279 E RecyclerView: No adapter attached; skipping layout
03-28 12:22:50.457 27279 27279 W libc : Access denied finding property "vendor.transsion.scroll_adjust.support"
03-28 12:22:50.457 27279 27279 W libc : Access denied finding property "vendor.transsion.scroll_adjust.support"
03-28 12:22:50.812 27279 28105 W AudioCapabilities: Unsupported mime audio/x-adpcm- dvi-ima
03-28 12:22:50.812 27279 28105 W AudioCapabilities: Unsupported mime audio/x-adpcm- dvi-ima
03-28 12:22:50.812 27279 28105 W AudioCapabilities: Unsupported mime audio/x-adpcm- ms
03-28 12:22:50.812 27279 28105 W AudioCapabilities: Unsupported mime audio/x-adpcm- ms
03-28 12:22:50.812 27279 28105 W AudioCapabilities: Unsupported mime audio/alac
03-28 12:22:50.812 27279 28105 W AudioCapabilities: Unsupported mime audio/alac
03-28 12:22:50.812 27279 28105 W AudioCapabilities: Unsupported mime audio/ape
03-28 12:22:50.812 27279 28105 W AudioCapabilities: Unsupported mime audio/ape
03-28 12:22:50.814 27279 28105 W VideoCapabilities: Unsupported mime image/vnd.android.heic
03-28 12:22:50.814 27279 28105 W VideoCapabilities: Unsupported mime image/vnd.android.heic
03-28 12:22:50.814 27279 28105 W VideoCapabilities: Unsupported mime image/vnd.android.heic
03-28 12:22:50.814 27279 28105 W VideoCapabilities: Unsupported mime image/vnd.android.heic
03-28 12:22:50.815 27279 28105 W VideoCapabilities: Unrecognized profile/level 32768/256 for video/mp4v-es
03-28 12:22:50.815 27279 28105 W VideoCapabilities: Unrecognized profile/level 32768/256 for video/mp4v-es
03-28 12:22:50.815 27279 28105 W VideoCapabilities: Unsupported mime video/x-ms-wmv
03-28 12:22:50.815 27279 28105 W VideoCapabilities: Unsupported mime video/x-ms-wmv
03-28 12:22:50.844 27279 28127 W ColorUtils: expected specified color aspects (2:0:0:0)
03-28 12:22:50.847 27279 28127 E CCodec : before change, configure, format : AMessage(what = 0x00000000) = {
03-28 12:22:50.847 27279 28127 E CCodec : Buffer csd-1 = {
03-28 12:22:50.847 27279 28127 E CCodec : 00000000: 00 00 00 01 68 ee 3c 80 ....h.<.
03-28 12:22:50.847 27279 28127 E CCodec : }
03-28 12:22:50.847 27279 28127 E CCodec : int32_t max-height = 640
03-28 12:22:50.847 27279 28127 E CCodec : int32_t max-width = 480
03-28 12:22:50.847 27279 28127 E CCodec : string mime = "video/avc"
03-28 12:22:50.847 27279 28127 E CCodec : int32_t width = 480
03-28 12:22:50.847 27279 28127 E CCodec : int32_t priority = 0
03-28 12:22:50.847 27279 28127 E CCodec : float frame-rate = 25.000000
03-28 12:22:50.847 27279 28127 E CCodec : int32_t rotation-degrees = 0
03-28 12:22:50.847 27279 28127 E CCodec : int32_t max-input-size = 69988
03-28 12:22:50.847 27279 28127 E CCodec : int32_t height = 640
03-28 12:22:50.847 27279 28127 E CCodec : Buffer csd-0 = {
03-28 12:22:50.847 27279 28127 E CCodec : 00000000: 00 00 00 01 67 64 c0 1e ac d2 07 81 44 90 83 00 ....gd......D...
03-28 12:22:50.847 27279 28127 E CCodec : 00000010: 83 02 c2 21 1a 80 ...!..
03-28 12:22:50.847 27279 28127 E CCodec : }
03-28 12:22:50.847 27279 28127 E CCodec : RefBase *native-window = 0xb400007a98d98150
03-28 12:22:50.847 27279 28127 E CCodec : int32_t flags = 0
03-28 12:22:50.847 27279 28127 E CCodec : int32_t vendor.mtk.vdec.buffer.fetch.timeout.ms.value = 500
03-28 12:22:50.847 27279 28127 E CCodec : } , width 480 , higth 640
03-28 12:22:50.848 27279 28127 W Codec2Client: query -- param skipped: index = 1107298332.
03-28 12:22:50.848 27279 28127 W CCodec : This behavior is subject to change. It is recommended that app developers double check whether the requested max input size is in reasonable range.
03-28 12:22:50.852 27279 28127 W Codec2Client: query -- param skipped: index = 1342179345.
03-28 12:22:50.852 27279 28127 W Codec2Client: query -- param skipped: index = 2415921170.
03-28 12:22:50.852 27279 28127 W Codec2Client: query -- param skipped: index = 1610614798.
03-28 12:22:50.901 27279 28138 E CCodec : before change, configure, format : AMessage(what = 0x00000000) = {
03-28 12:22:50.901 27279 28138 E CCodec : int32_t sample-rate = 44100
03-28 12:22:50.901 27279 28138 E CCodec : string mime = "audio/mp4a-latm"
03-28 12:22:50.901 27279 28138 E CCodec : int32_t channel-count = 2
03-28 12:22:50.901 27279 28138 E CCodec : int32_t priority = 0
03-28 12:22:50.901 27279 28138 E CCodec : int32_t max-input-size = 718
03-28 12:22:50.901 27279 28138 E CCodec : Buffer csd-0 = {
03-28 12:22:50.901 27279 28138 E CCodec : 00000000: 12 10 ..
03-28 12:22:50.901 27279 28138 E CCodec : }
03-28 12:22:50.901 27279 28138 E CCodec : int32_t flags = 0
03-28 12:22:50.901 27279 28138 E CCodec : } , width 0 , higth 0
03-28 12:22:50.904 27279 28138 W Codec2Client: query -- param skipped: index = 1107298332.
03-28 12:22:50.904 27279 28138 W CCodec : This behavior is subject to change. It is recommended that app developers double check whether the requested max input size is in reasonable range.
03-28 12:22:50.905 27279 28138 W Codec2Client: query -- param skipped: index = 1342179345.
03-28 12:22:50.905 27279 28138 W Codec2Client: query -- param skipped: index = 2415921170.
03-28 12:22:50.905 27279 28138 W Codec2Client: query -- param skipped: index = 1610614798.
03-28 12:22:51.394 27279 27279 W RenderThread: type=1400 audit(0.0:40217): avc: denied { getattr } for name="dmabuf:" dev="dmabuf" ino=1 scontext=u:r:untrusted_app:s0:c225,c256,c512,c768 tcontext=u:object_r:unlabeled:s0 tclass=filesystem permissive=0 app=com.mbwhatsapp
03-28 12:22:51.394 27279 27279 W RenderThread: type=1400 audit(0.0:40218): avc: denied { getattr } for name="dmabuf:" dev="dmabuf" ino=1 scontext=u:r:untrusted_app:s0:c225,c256,c512,c768 tcontext=u:object_r:unlabeled:s0 tclass=filesystem permissive=0 app=com.mbwhatsapp
03-28 12:22:51.446 27279 27279 W RenderThread: type=1400 audit(0.0:40219): avc: denied { getattr } for name="dmabuf:" dev="dmabuf" ino=1 scontext=u:r:untrusted_app:s0:c225,c256,c512,c768 tcontext=u:object_r:unlabeled:s0 tclass=filesystem permissive=0 app=com.mbwhatsapp
03-28 12:22:51.446 27279 27279 W RenderThread: type=1400 audit(0.0:40220): avc: denied { getattr } for name="dmabuf:" dev="dmabuf" ino=1 scontext=u:r:untrusted_app:s0:c225,c256,c512,c768 tcontext=u:object_r:unlabeled:s0 tclass=filesystem permissive=0 app=com.mbwhatsapp
03-28 12:22:51.478 27279 27279 W RenderThread: type=1400 audit(0.0:40221): avc: denied { getattr } for name="dmabuf:" dev="dmabuf" ino=1 scontext=u:r:untrusted_app:s0:c225,c256,c512,c768 tcontext=u:object_r:unlabeled:s0 tclass=filesystem permissive=0 app=com.mbwhatsapp
03-28 12:22:51.765 27279 27329 E SQLiteDatabase: Error inserting transferred=1 media_job_uuid=2fd1ca23-1e64-4661-94ab-684be6680592 transcoded=0 gif_attribution=0 first_scan_length=0 direct_path=/v/t62.7161- 24/40677932_1334818057194262_5061985093549445952_n.enc?ccb=11- 4&oh=01_ASCKz4FzI3E7x6vVf8J2Nhk7xgsMN2MJPzS3ZWcDCSkszQ&oe=662C80F7&_nc_sid=5e03e0 thumbnail_height_width_ratio=1.3333334 is_animated_sticker=0 file_hash=Kq2ZHZw+glIvVe1JKu3yjvylZJFsa73QGGob4u/GD4A= file_path=Media/.Statuses/81f52aeca68c42f982e6a7dd388118e2.mp4 file_size=2599751 partial_media_hash=null face_x=0 face_y=0 height=640 trim_to=0 media_key_timestamp=1711600805000 message_url=https://mmg.whatsapp.net/v/t62.7161- 24/40677932_1334818057194262_5061985093549445952_n.enc?ccb=11- 4&oh=01_ASCKz4FzI3E7x6vVf8J2Nhk7xgsMN2MJPzS3ZWcDCSkszQ&oe=662C80F7&_nc_sid=5e03e0&m ms3=true media_caption=null trim_from=0 mime_type=video/mp4 partial_media_enc_hash=null width=480 original_file_hash=null has_streaming_sidecar=1 autotransfer_retry_enabled=1 media_upload_handle=null message_row_id=214 multicast_id=null enc_file_hash=IvPfjrs+p2QYNwCgpXWbGCiRHh+DSPlRncTKOO5Q2ec= mute_video=0 page_count=0 first_scan_sidecar=null suspicious_content=0 file_length=2599751 media_name=null media_duration=22 chat_row_id=20 media_key=[B@1c7eeb3
03-28 12:22:51.765 27279 27329 E SQLiteDatabase: android.database.sqlite.SQLiteConstraintException: UNIQUE constraint failed: message_media.message_row_id (code 1555 SQLITE_CONSTRAINT_PRIMARYKEY)
03-28 12:22:51.765 27279 27329 E SQLiteDatabase: at android.database.sqlite.SQLiteConnection.nativeExecuteForLastInsertedRowId(Native Method)
03-28 12:22:51.765 27279 27329 E SQLiteDatabase: at android.database.sqlite.SQLiteConnection.executeForLastInsertedRowId(SQLiteConnecti on.java:961)
03-28 12:22:51.765 27279 27329 E SQLiteDatabase: at android.database.sqlite.SQLiteSession.executeForLastInsertedRowId(SQLiteSession.jav a:790)
03-28 12:22:51.765 27279 27329 E SQLiteDatabase: at android.database.sqlite.SQLiteStatement.executeInsert(SQLiteStatement.java:89)
03-28 12:22:51.765 27279 27329 E SQLiteDatabase: at android.database.sqlite.SQLiteDatabase.insertWithOnConflict(SQLiteDatabase.java:187 4)
03-28 12:22:51.765 27279 27329 E SQLiteDatabase: at android.database.sqlite.SQLiteDatabase.insert(SQLiteDatabase.java:1743)
03-28 12:22:51.765 27279 27329 E SQLiteDatabase: at X.2tm.A08(Unknown Source:6)
03-28 12:22:51.765 27279 27329 E SQLiteDatabase: at X.35Y.A07(Unknown Source:212)
03-28 12:22:51.765 27279 27329 E SQLiteDatabase: at X.3QF.A14(Unknown Source:470)
03-28 12:22:51.765 27279 27329 E SQLiteDatabase: at X.3gU.run(Unknown Source:982)
03-28 12:22:51.765 27279 27329 E SQLiteDatabase: at android.os.Handler.handleCallback(Handler.java:942)
03-28 12:22:51.765 27279 27329 E SQLiteDatabase: at android.os.Handler.dispatchMessage(Handler.java:99)
03-28 12:22:51.765 27279 27329 E SQLiteDatabase: at X.0zq.dispatchMessage(Unknown Source:4)
03-28 12:22:51.765 27279 27329 E SQLiteDatabase: at android.os.Looper.loopOnce(Looper.java:204)
03-28 12:22:51.765 27279 27329 E SQLiteDatabase: at android.os.Looper.loop(Looper.java:291)
03-28 12:22:51.765 27279 27329 E SQLiteDatabase: at android.os.HandlerThread.run(HandlerThread.java:67)
03-28 12:22:52.463 27279 27329 E SQLiteDatabase: Error inserting transferred=0 media_job_uuid=b8d0bbcc-05c0-480a-8e4e-004da03bb5ff transcoded=0 gif_attribution=0 first_scan_length=0 direct_path=/v/t62.7161- 24/11835857_1621647128681060_8486743406951094634_n.enc?ccb=11-4&oh=01_ASAu- mAkM9R1vqlqSDPNlyZhJzyubzRZ6g8Uutr8UOAzow&oe=662C3AAC&_nc_sid=5e03e0 thumbnail_height_width_ratio=1.8113208 is_animated_sticker=0 file_hash=Y8kG23d3Nqm/djQEdsjJiBrpAO3E5DSpM/kk9O7mt3A= file_path=null file_size=0 partial_media_hash=null face_x=0 face_y=0 height=640 trim_to=0 media_key_timestamp=1711592465000 message_url=https://mmg.whatsapp.net/v/t62.7161- 24/11835857_1621647128681060_8486743406951094634_n.enc?ccb=11-4&oh=01_ASAu- mAkM9R1vqlqSDPNlyZhJzyubzRZ6g8Uutr8UOAzow&oe=662C3AAC&_nc_sid=5e03e0&mms3=true media_caption=null trim_from=0 mime_type=video/mp4 partial_media_enc_hash=null width=352 original_file_hash=null has_streaming_sidecar=1 autotransfer_retry_enabled=1 media_upload_handle=null message_row_id=183 multicast_id=null enc_file_hash=2BwRE9N4YdCdGsAhb58ZP0m3+0FhzY9VAUXMxW+JgDI= mute_video=0 page_count=0 first_scan_sidecar=null suspicious_content=0 file_length=3959666 media_name=null media_duration=30 chat_row_id=20 media_key=[B@8680851
03-28 12:22:52.463 27279 27329 E SQLiteDatabase: android.database.sqlite.SQLiteConstraintException: UNIQUE constraint failed: message_media.message_row_id (code 1555 SQLITE_CONSTRAINT_PRIMARYKEY)
03-28 12:22:52.463 27279 27329 E SQLiteDatabase: at android.database.sqlite.SQLiteConnection.nativeExecuteForLastInsertedRowId(Native Method)
03-28 12:22:52.463 27279 27329 E SQLiteDatabase: at android.database.sqlite.SQLiteConnection.executeForLastInsertedRowId(SQLiteConnecti on.java:961)
03-28 12:22:52.463 27279 27329 E SQLiteDatabase: at android.database.sqlite.SQLiteSession.executeForLastInsertedRowId(SQLiteSession.jav a:790)
03-28 12:22:52.463 27279 27329 E SQLiteDatabase: at android.database.sqlite.SQLiteStatement.executeInsert(SQLiteStatement.java:89)
03-28 12:22:52.463 27279 27329 E SQLiteDatabase: at android.database.sqlite.SQLiteDatabase.insertWithOnConflict(SQLiteDatabase.java:187 4)
03-28 12:22:52.463 27279 27329 E SQLiteDatabase: at android.database.sqlite.SQLiteDatabase.insert(SQLiteDatabase.java:1743)
03-28 12:22:52.463 27279 27329 E SQLiteDatabase: at X.2tm.A08(Unknown Source:6)
03-28 12:22:52.463 27279 27329 E SQLiteDatabase: at X.35Y.A07(Unknown Source:212)
03-28 12:22:52.463 27279 27329 E SQLiteDatabase: at X.3QF.A14(Unknown Source:470)
03-28 12:22:52.463 27279 27329 E SQLiteDatabase: at X.3gU.run(Unknown Source:982)
03-28 12:22:52.463 27279 27329 E SQLiteDatabase: at android.os.Handler.handleCallback(Handler.java:942)
03-28 12:22:52.463 27279 27329 E SQLiteDatabase: at android.os.Handler.dispatchMessage(Handler.java:99)
03-28 12:22:52.463 27279 27329 E SQLiteDatabase: at X.0zq.dispatchMessage(Unknown Source:4)
03-28 12:22:52.463 27279 27329 E SQLiteDatabase: at android.os.Looper.loopOnce(Looper.java:204)
03-28 12:22:52.463 27279 27329 E SQLiteDatabase: at android.os.Looper.loop(Looper.java:291)
03-28 12:22:52.463 27279 27329 E SQLiteDatabase: at android.os.HandlerThread.run(HandlerThread.java:67)
03-28 12:22:56.268 27279 28126 W Codec2Client: query -- param skipped: index = 1342179345.
03-28 12:22:56.268 27279 28126 W Codec2Client: query -- param skipped: index = 2415921170.
03-28 12:22:56.268 27279 28126 W Codec2Client: query -- param skipped: index = 1610614798.
03-28 12:22:56.269 27279 28138 W Codec2Client: query -- param skipped: index = 1342179345.
03-28 12:22:56.269 27279 28138 W Codec2Client: query -- param skipped: index = 2415921170.
03-28 12:22:56.269 27279 28138 W Codec2Client: query -- param skipped: index = 1610614798.
03-28 12:22:56.275 27279 27279 W libc : Access denied finding property "vendor.transsion.scroll_adjust.support"
03-28 12:22:56.275 27279 27279 W libc : Access denied finding property "vendor.transsion.scroll_adjust.support"
03-28 12:22:56.275 27279 27279 W BottomSheetBehavior: BottomSheetBehavior now supports multiple callbacks. `setBottomSheetCallback()` removes all existing callbacks, including ones set internally by library authors, which may result in unintended behavior. This may change in the future. Please use `addBottomSheetCallback()` and `removeBottomSheetCallback()` instead to set your own callbacks.
03-28 12:22:56.275 27279 27279 W BottomSheetBehavior: BottomSheetBehavior now supports multiple callbacks. `setBottomSheetCallback()` removes all existing callbacks, including ones set internally by library authors, which may result in unintended behavior. This may change in the future. Please use `addBottomSheetCallback()` and `removeBottomSheetCallback()` instead to set your own callbacks.
03-28 12:22:56.290 27279 27279 W libc : Access denied finding property "vendor.transsion.scroll_adjust.support"
03-28 12:22:56.290 27279 27279 W libc : Access denied finding property "vendor.transsion.scroll_adjust.support"
03-28 12:22:56.291 27279 27279 W BottomSheetBehavior: BottomSheetBehavior now supports multiple callbacks. `setBottomSheetCallback()` removes all existing callbacks, including ones set internally by library authors, which may result in unintended behavior. This may change in the future. Please use `addBottomSheetCallback()` and `removeBottomSheetCallback()` instead to set your own callbacks.
03-28 12:22:56.291 27279 27279 W BottomSheetBehavior: BottomSheetBehavior now supports multiple callbacks. `setBottomSheetCallback()` removes all existing callbacks, including ones set internally by library authors, which may result in unintended behavior. This may change in the future. Please use `addBottomSheetCallback()` and `removeBottomSheetCallback()` instead to set your own callbacks.
03-28 12:22:56.296 27279 27279 W libc : Access denied finding property "vendor.transsion.scroll_adjust.support"
03-28 12:22:56.297 27279 27279 W libc : Access denied finding property "vendor.transsion.scroll_adjust.support"
03-28 12:22:56.297 27279 27279 E RecyclerView: No adapter attached; skipping layout
03-28 12:22:56.297 27279 27279 W libc : Access denied finding property "vendor.transsion.scroll_adjust.support"
03-28 12:22:56.297 27279 27279 W libc : Access denied finding property "vendor.transsion.scroll_adjust.support"
03-28 12:22:57.035 27279 28193 W ColorUtils: expected specified color aspects (2:0:0:0)
03-28 12:22:57.036 27279 28193 E CCodec : before change, configure, format : AMessage(what = 0x00000000) = {
03-28 12:22:57.036 27279 28193 E CCodec : Buffer csd-1 = {
03-28 12:22:57.036 27279 28193 E CCodec : 00000000: 00 00 00 01 68 ca 43 c8 ....h.C.
03-28 12:22:57.036 27279 28193 E CCodec : }
03-28 12:22:57.036 27279 28193 E CCodec : int32_t max-height = 640
03-28 12:22:57.036 27279 28193 E CCodec : int32_t max-width = 352
03-28 12:22:57.036 27279 28193 E CCodec : string mime = "video/avc"
03-28 12:22:57.036 27279 28193 E CCodec : int32_t width = 352
03-28 12:22:57.036 27279 28193 E CCodec : int32_t priority = 0
03-28 12:22:57.036 27279 28193 E CCodec : float frame-rate = 29.917004
03-28 12:22:57.036 27279 28193 E CCodec : int32_t rotation-degrees = 0
03-28 12:22:57.036 27279 28193 E CCodec : int32_t max-input-size = 29592
03-28 12:22:57.036 27279 28193 E CCodec : int32_t height = 640
03-28 12:22:57.036 27279 28193 E CCodec : Buffer csd-0 = {
03-28 12:22:57.036 27279 28193 E CCodec : 00000000: 00 00 00 01 67 64 00 1e ac 1b 1a 81 60 51 a6 a0 ....gd......`Q..
03-28 12:22:57.036 27279 28193 E CCodec : 00000010: 40 40 40 f0 88 46 e0 @@@..F.
03-28 12:22:57.036 27279 28193 E CCodec : }
03-28 12:22:57.036 27279 28193 E CCodec : RefBase *native-window = 0xb400007a98db8040
03-28 12:22:57.036 27279 28193 E CCodec : int32_t flags = 0
03-28 12:22:57.036 27279 28193 E CCodec : int32_t vendor.mtk.vdec.buffer.fetch.timeout.ms.value = 500
03-28 12:22:57.036 27279 28193 E CCodec : } , width 352 , higth 640
03-28 12:22:57.037 27279 28193 W Codec2Client: query -- param skipped: index = 1107298332.
03-28 12:22:57.037 27279 28193 W CCodec : This behavior is subject to change. It is recommended that app developers double check whether the requested max input size is in reasonable range.
03-28 12:22:57.041 27279 28193 W Codec2Client: query -- param skipped: index = 1342179345.
03-28 12:22:57.041 27279 28193 W Codec2Client: query -- param skipped: index = 2415921170.
03-28 12:22:57.041 27279 28193 W Codec2Client: query -- param skipped: index = 1610614798.
03-28 12:22:57.064 27279 28202 E CCodec : before change, configure, format : AMessage(what = 0x00000000) = {
03-28 12:22:57.064 27279 28202 E CCodec : int32_t sample-rate = 44100
03-28 12:22:57.064 27279 28202 E CCodec : string mime = "audio/mp4a-latm"
03-28 12:22:57.064 27279 28202 E CCodec : int32_t channel-count = 2
03-28 12:22:57.064 27279 28202 E CCodec : int32_t priority = 0
03-28 12:22:57.064 27279 28202 E CCodec : int32_t max-input-size = 565
03-28 12:22:57.064 27279 28202 E CCodec : Buffer csd-0 = {
03-28 12:22:57.064 27279 28202 E CCodec : 00000000: 12 10 ..
03-28 12:22:57.064 27279 28202 E CCodec : }
03-28 12:22:57.064 27279 28202 E CCodec : int32_t flags = 0
03-28 12:22:57.064 27279 28202 E CCodec : } , width 0 , higth 0
03-28 12:22:57.065 27279 28202 W Codec2Client: query -- param skipped: index = 1107298332.
03-28 12:22:57.065 27279 28202 W CCodec : This behavior is subject to change. It is recommended that app developers double check whether the requested max input size is in reasonable range.
03-28 12:22:57.066 27279 28202 W Codec2Client: query -- param skipped: index = 1342179345.
03-28 12:22:57.066 27279 28202 W Codec2Client: query -- param skipped: index = 2415921170.
03-28 12:22:57.066 27279 28202 W Codec2Client: query -- param skipped: index = 1610614798.
03-28 12:22:57.106 27279 27279 W RenderThread: type=1400 audit(0.0:40248): avc: denied { getattr } for name="dmabuf:" dev="dmabuf" ino=1 scontext=u:r:untrusted_app:s0:c225,c256,c512,c768 tcontext=u:object_r:unlabeled:s0 tclass=filesystem permissive=0 app=com.mbwhatsapp
03-28 12:22:57.106 27279 27279 W RenderThread: type=1400 audit(0.0:40249): avc: denied { getattr } for name="dmabuf:" dev="dmabuf" ino=1 scontext=u:r:untrusted_app:s0:c225,c256,c512,c768 tcontext=u:object_r:unlabeled:s0 tclass=filesystem permissive=0 app=com.mbwhatsapp
03-28 12:22:57.122 27279 27279 W RenderThread: type=1400 audit(0.0:40250): avc: denied { getattr } for name="dmabuf:" dev="dmabuf" ino=1 scontext=u:r:untrusted_app:s0:c225,c256,c512,c768 tcontext=u:object_r:unlabeled:s0 tclass=filesystem permissive=0 app=com.mbwhatsapp
03-28 12:22:57.402 27279 27279 W RenderThread: type=1400 audit(0.0:40268): avc: denied { getattr } for name="dmabuf:" dev="dmabuf" ino=1 scontext=u:r:untrusted_app:s0:c225,c256,c512,c768 tcontext=u:object_r:unlabeled:s0 tclass=filesystem permissive=0 app=com.mbwhatsapp
03-28 12:22:57.402 27279 27279 W RenderThread: type=1400 audit(0.0:40269): avc: denied { getattr } for name="dmabuf:" dev="dmabuf" ino=1 scontext=u:r:untrusted_app:s0:c225,c256,c512,c768 tcontext=u:object_r:unlabeled:s0 tclass=filesystem permissive=0 app=com.mbwhatsapp
03-28 12:22:57.438 27279 27279 W RenderThread: type=1400 audit(0.0:40272): avc: denied { getattr } for name="dmabuf:" dev="dmabuf" ino=1 scontext=u:r:untrusted_app:s0:c225,c256,c512,c768 tcontext=u:object_r:unlabeled:s0 tclass=filesystem permissive=0 app=com.mbwhatsapp
03-28 12:22:57.624 27279 27329 E SQLiteDatabase: Error inserting transferred=1 media_job_uuid=b8d0bbcc-05c0-480a-8e4e-004da03bb5ff transcoded=0 gif_attribution=0 first_scan_length=0 direct_path=/v/t62.7161- 24/11835857_1621647128681060_8486743406951094634_n.enc?ccb=11-4&oh=01_ASAu- mAkM9R1vqlqSDPNlyZhJzyubzRZ6g8Uutr8UOAzow&oe=662C3AAC&_nc_sid=5e03e0 thumbnail_height_width_ratio=1.8113208 is_animated_sticker=0 file_hash=Y8kG23d3Nqm/djQEdsjJiBrpAO3E5DSpM/kk9O7mt3A= file_path=Media/.Statuses/425407b5cf814514a690d354d36bd8d7.mp4 file_size=3959666 partial_media_hash=null face_x=0 face_y=0 height=640 trim_to=0 media_key_timestamp=1711592465000 message_url=https://mmg.whatsapp.net/v/t62.7161- 24/11835857_1621647128681060_8486743406951094634_n.enc?ccb=11-4&oh=01_ASAu- mAkM9R1vqlqSDPNlyZhJzyubzRZ6g8Uutr8UOAzow&oe=662C3AAC&_nc_sid=5e03e0&mms3=true media_caption=null trim_from=0 mime_type=video/mp4 partial_media_enc_hash=null width=352 original_file_hash=null has_streaming_sidecar=1 autotransfer_retry_enabled=1 media_upload_handle=null message_row_id=183 multicast_id=null enc_file_hash=2BwRE9N4YdCdGsAhb58ZP0m3+0FhzY9VAUXMxW+JgDI= mute_video=0 page_count=0 first_scan_sidecar=null suspicious_content=0 file_length=3959666 media_name=null media_duration=30 chat_row_id=20 media_key=[B@8680851
03-28 12:22:57.624 27279 27329 E SQLiteDatabase: android.database.sqlite.SQLiteConstraintException: UNIQUE constraint failed: message_media.message_row_id (code 1555 SQLITE_CONSTRAINT_PRIMARYKEY)
03-28 12:22:57.624 27279 27329 E SQLiteDatabase: at android.database.sqlite.SQLiteConnection.nativeExecuteForLastInsertedRowId(Native Method)
03-28 12:22:57.624 27279 27329 E SQLiteDatabase: at android.database.sqlite.SQLiteConnection.executeForLastInsertedRowId(SQLiteConnecti on.java:961)
03-28 12:22:57.624 27279 27329 E SQLiteDatabase: at android.database.sqlite.SQLiteSession.executeForLastInsertedRowId(SQLiteSession.jav a:790)
03-28 12:22:57.624 27279 27329 E SQLiteDatabase: at android.database.sqlite.SQLiteStatement.executeInsert(SQLiteStatement.java:89)
03-28 12:22:57.624 27279 27329 E SQLiteDatabase: at android.database.sqlite.SQLiteDatabase.insertWithOnConflict(SQLiteDatabase.java:187 4)
03-28 12:22:57.624 27279 27329 E SQLiteDatabase: at android.database.sqlite.SQLiteDatabase.insert(SQLiteDatabase.java:1743)
03-28 12:22:57.624 27279 27329 E SQLiteDatabase: at X.2tm.A08(Unknown Source:6)
03-28 12:22:57.624 27279 27329 E SQLiteDatabase: at X.35Y.A07(Unknown Source:212)
03-28 12:22:57.624 27279 27329 E SQLiteDatabase: at X.3QF.A14(Unknown Source:470)
03-28 12:22:57.624 27279 27329 E SQLiteDatabase: at X.3gU.run(Unknown Source:982)
03-28 12:22:57.624 27279 27329 E SQLiteDatabase: at android.os.Handler.handleCallback(Handler.java:942)
03-28 12:22:57.624 27279 27329 E SQLiteDatabase: at android.os.Handler.dispatchMessage(Handler.java:99)
03-28 12:22:57.624 27279 27329 E SQLiteDatabase: at X.0zq.dispatchMessage(Unknown Source:4)
03-28 12:22:57.624 27279 27329 E SQLiteDatabase: at android.os.Looper.loopOnce(Looper.java:204)
03-28 12:22:57.624 27279 27329 E SQLiteDatabase: at android.os.Looper.loop(Looper.java:291)
03-28 12:22:57.624 27279 27329 E SQLiteDatabase: at android.os.HandlerThread.run(HandlerThread.java:67)
03-28 12:22:57.923 27279 27329 E SQLiteDatabase: Error inserting transferred=0 media_job_uuid=ac1ae36c-8197-462a-8ba8-be6bfe7292d1 transcoded=0 gif_attribution=0 first_scan_length=0 direct_path=/v/t62.7161- 24/31376866_1208884810095120_7792147069782797938_n.enc?ccb=11- 4&oh=01_ASDf8XeX8hffMKdEV14j6H8XuXwu53VkBvRzEmDXuAKgoQ&oe=662C5269&_nc_sid=5e03e0 thumbnail_height_width_ratio=1.7777778 is_animated_sticker=0 file_hash=NExCcwi0AWeSw/hk5TTjRM97i14AFwj7lFHg3K8huKY= file_path=null file_size=0 partial_media_hash=null face_x=0 face_y=0 height=1024 trim_to=0 media_key_timestamp=1711592482000 message_url=https://mmg.whatsapp.net/v/t62.7161- 24/31376866_1208884810095120_7792147069782797938_n.enc?ccb=11- 4&oh=01_ASDf8XeX8hffMKdEV14j6H8XuXwu53VkBvRzEmDXuAKgoQ&oe=662C5269&_nc_sid=5e03e0&m ms3=true media_caption=null trim_from=0 mime_type=video/mp4 partial_media_enc_hash=null width=576 original_file_hash=null has_streaming_sidecar=1 autotransfer_retry_enabled=1 media_upload_handle=null message_row_id=184 multicast_id=null enc_file_hash=OjrqU2YdY7n6kKyy1LR/fwyanTiYOULunGn4RZiO0Ng= mute_video=0 page_count=0 first_scan_sidecar=null suspicious_content=0 file_length=656848 media_name=null media_duration=15 chat_row_id=20 media_key=[B@2f7d62e
03-28 12:22:57.923 27279 27329 E SQLiteDatabase: android.database.sqlite.SQLiteConstraintException: UNIQUE constraint failed: message_media.message_row_id (code 1555 SQLITE_CONSTRAINT_PRIMARYKEY)
03-28 12:22:57.923 27279 27329 E SQLiteDatabase: at android.database.sqlite.SQLiteConnection.nativeExecuteForLastInsertedRowId(Native Method)
03-28 12:22:57.923 27279 27329 E SQLiteDatabase: at android.database.sqlite.SQLiteConnection.executeForLastInsertedRowId(SQLiteConnecti on.java:961)
03-28 12:22:57.923 27279 27329 E SQLiteDatabase: at android.database.sqlite.SQLiteSession.executeForLastInsertedRowId(SQLiteSession.jav a:790)
03-28 12:22:57.923 27279 27329 E SQLiteDatabase: at android.database.sqlite.SQLiteStatement.executeInsert(SQLiteStatement.java:89)
03-28 12:22:57.923 27279 27329 E SQLiteDatabase: at android.database.sqlite.SQLiteDatabase.insertWithOnConflict(SQLiteDatabase.java:187 4)
03-28 12:22:57.923 27279 27329 E SQLiteDatabase: at android.database.sqlite.SQLiteDatabase.insert(SQLiteDatabase.java:1743)
03-28 12:22:57.923 27279 27329 E SQLiteDatabase: at X.2tm.A08(Unknown Source:6)
03-28 12:22:57.923 27279 27329 E SQLiteDatabase: at X.35Y.A07(Unknown Source:212)
03-28 12:22:57.923 27279 27329 E SQLiteDatabase: at X.3QF.A14(Unknown Source:470)
03-28 12:22:57.923 27279 27329 E SQLiteDatabase: at X.3gU.run(Unknown Source:982)
03-28 12:22:57.923 27279 27329 E SQLiteDatabase: at android.os.Handler.handleCallback(Handler.java:942)
03-28 12:22:57.923 27279 27329 E SQLiteDatabase: at android.os.Handler.dispatchMessage(Handler.java:99)
03-28 12:22:57.923 27279 27329 E SQLiteDatabase: at X.0zq.dispatchMessage(Unknown Source:4)
03-28 12:22:57.923 27279 27329 E SQLiteDatabase: at android.os.Looper.loopOnce(Looper.java:204)
03-28 12:22:57.923 27279 27329 E SQLiteDatabase: at android.os.Looper.loop(Looper.java:291)
03-28 12:22:57.923 27279 27329 E SQLiteDatabase: at android.os.HandlerThread.run(HandlerThread.java:67)
03-28 12:22:58.324 27279 27329 E SQLiteDatabase: Error inserting transferred=0 media_job_uuid=fba3089b-824f-43f0-a97a-2e98fca0e10d transcoded=0 gif_attribution=0 first_scan_length=0 direct_path=/v/t62.7161- 24/32608703_807447558085169_720428347254037244_n.enc?ccb=11- 4&oh=01_ASDEvimxH3uJlFJARqzwcZGHAbPZewN8JDnHirFRCzxJaQ&oe=662BD6AE&_nc_sid=5e03e0 thumbnail_height_width_ratio=1.7777778 is_animated_sticker=0 file_hash=6EvOOhKGSCjXAAMMeHT8X5fXwzLArbMjZYGKfa9aCAU= file_path=null file_size=0 partial_media_hash=null face_x=0 face_y=0 height=850 trim_to=0 media_key_timestamp=1711561176000 message_url=https://mmg.whatsapp.net/v/t62.7161- 24/32608703_807447558085169_720428347254037244_n.enc?ccb=11- 4&oh=01_ASDEvimxH3uJlFJARqzwcZGHAbPZewN8JDnHirFRCzxJaQ&oe=662BD6AE&_nc_sid=5e03e0&m ms3=true media_caption=null trim_from=0 mime_type=video/mp4 partial_media_enc_hash=null width=478 original_file_hash=null has_streaming_sidecar=1 autotransfer_retry_enabled=1 media_upload_handle=null message_row_id=125 multicast_id=null enc_file_hash=syuLVqKh1tD1rzkcvsMChZU+h/geiU6wMhPlLS36vj8= mute_video=0 page_count=0 first_scan_sidecar=null suspicious_content=0 file_length=5267021 media_name=null media_duration=16 chat_row_id=20 media_key=[B@5209fab
03-28 12:22:58.324 27279 27329 E SQLiteDatabase: android.database.sqlite.SQLiteConstraintException: UNIQUE constraint failed: message_media.message_row_id (code 1555 SQLITE_CONSTRAINT_PRIMARYKEY)
03-28 12:22:58.324 27279 27329 E SQLiteDatabase: at android.database.sqlite.SQLiteConnection.nativeExecuteForLastInsertedRowId(Native Method)
03-28 12:22:58.324 27279 27329 E SQLiteDatabase: at android.database.sqlite.SQLiteConnection.executeForLastInsertedRowId(SQLiteConnecti on.java:961)
03-28 12:22:58.324 27279 27329 E SQLiteDatabase: at android.database.sqlite.SQLiteSession.executeForLastInsertedRowId(SQLiteSession.jav a:790)
03-28 12:22:58.324 27279 27329 E SQLiteDatabase: at android.database.sqlite.SQLiteStatement.executeInsert(SQLiteStatement.java:89)
03-28 12:22:58.324 27279 27329 E SQLiteDatabase: at android.database.sqlite.SQLiteDatabase.insertWithOnConflict(SQLiteDatabase.java:187 4)
03-28 12:22:58.324 27279 27329 E SQLiteDatabase: at android.database.sqlite.SQLiteDatabase.insert(SQLiteDatabase.java:1743)
03-28 12:22:58.324 27279 27329 E SQLiteDatabase: at X.2tm.A08(Unknown Source:6)
03-28 12:22:58.324 27279 27329 E SQLiteDatabase: at X.35Y.A07(Unknown Source:212)
03-28 12:22:58.324 27279 27329 E SQLiteDatabase: at X.3QF.A14(Unknown Source:470)
03-28 12:22:58.324 27279 27329 E SQLiteDatabase: at X.3gU.run(Unknown Source:982)
03-28 12:22:58.324 27279 27329 E SQLiteDatabase: at android.os.Handler.handleCallback(Handler.java:942)
03-28 12:22:58.324 27279 27329 E SQLiteDatabase: at android.os.Handler.dispatchMessage(Handler.java:99)
03-28 12:22:58.324 27279 27329 E SQLiteDatabase: at X.0zq.dispatchMessage(Unknown Source:4)
03-28 12:22:58.324 27279 27329 E SQLiteDatabase: at android.os.Looper.loopOnce(Looper.java:204)
03-28 12:22:58.324 27279 27329 E SQLiteDatabase: at android.os.Looper.loop(Looper.java:291)
03-28 12:22:58.324 27279 27329 E SQLiteDatabase: at android.os.HandlerThread.run(HandlerThread.java:67)
03-28 12:23:00.093 27279 28192 W Codec2Client: query -- param skipped: index = 1342179345.
03-28 12:23:00.093 27279 28192 W Codec2Client: query -- param skipped: index = 2415921170.
03-28 12:23:00.093 27279 28192 W Codec2Client: query -- param skipped: index = 1610614798.
03-28 12:23:00.095 27279 28202 W Codec2Client: query -- param skipped: index = 1342179345.
03-28 12:23:00.095 27279 28202 W Codec2Client: query -- param skipped: index = 2415921170.
03-28 12:23:00.095 27279 28202 W Codec2Client: query -- param skipped: index = 1610614798.
03-28 12:23:00.101 27279 27279 W libc : Access denied finding property "vendor.transsion.scroll_adjust.support"
03-28 12:23:00.101 27279 27279 W libc : Access denied finding property "vendor.transsion.scroll_adjust.support"
03-28 12:23:00.102 27279 27279 W BottomSheetBehavior: BottomSheetBehavior now supports multiple callbacks. `setBottomSheetCallback()` removes all existing callbacks, including ones set internally by library authors, which may result in unintended behavior. This may change in the future. Please use `addBottomSheetCallback()` and `removeBottomSheetCallback()` instead to set your own callbacks.
03-28 12:23:00.102 27279 27279 W BottomSheetBehavior: BottomSheetBehavior now supports multiple callbacks. `setBottomSheetCallback()` removes all existing callbacks, including ones set internally by library authors, which may result in unintended behavior. This may change in the future. Please use `addBottomSheetCallback()` and `removeBottomSheetCallback()` instead to set your own callbacks.
03-28 12:23:00.105 27279 27279 W libc : Access denied finding property "vendor.transsion.scroll_adjust.support"
03-28 12:23:00.105 27279 27279 W libc : Access denied finding property "vendor.transsion.scroll_adjust.support"
03-28 12:23:00.105 27279 27279 W libc : Access denied finding property "vendor.transsion.scroll_adjust.support"
03-28 12:23:00.105 27279 27279 W libc : Access denied finding property "vendor.transsion.scroll_adjust.support"
03-28 12:23:00.105 27279 27279 E RecyclerView: No adapter attached; skipping layout
03-28 12:23:00.138 27279 28279 W ColorUtils: expected specified color aspects (2:0:0:0)
03-28 12:23:00.140 27279 28279 E CCodec : before change, configure, format : AMessage(what = 0x00000000) = {
03-28 12:23:00.140 27279 28279 E CCodec : Buffer csd-1 = {
03-28 12:23:00.140 27279 28279 E CCodec : 00000000: 00 00 00 01 68 e9 78 b2 c8 b0 ....h.x...
03-28 12:23:00.140 27279 28279 E CCodec : }
03-28 12:23:00.140 27279 28279 E CCodec : int32_t max-height = 1024
03-28 12:23:00.140 27279 28279 E CCodec : int32_t max-width = 576
03-28 12:23:00.140 27279 28279 E CCodec : string mime = "video/avc"
03-28 12:23:00.140 27279 28279 E CCodec : int32_t width = 576
03-28 12:23:00.140 27279 28279 E CCodec : int32_t priority = 0
03-28 12:23:00.140 27279 28279 E CCodec : float frame-rate = 25.000000
03-28 12:23:00.140 27279 28279 E CCodec : int32_t rotation-degrees = 0
03-28 12:23:00.140 27279 28279 E CCodec : int32_t max-input-size = 32157
03-28 12:23:00.140 27279 28279 E CCodec : int32_t height = 1024
03-28 12:23:00.140 27279 28279 E CCodec : Buffer csd-0 = {
03-28 12:23:00.140 27279 28279 E CCodec : 00000000: 00 00 00 01 67 64 00 1f ac d9 80 90 08 1b 01 6a ....gd.........j
03-28 12:23:00.140 27279 28279 E CCodec : 00000010: 02 02 02 80 00 00 03 00 80 00 00 19 07 8c 18 cd ................
03-28 12:23:00.140 27279 28279 E CCodec : }
03-28 12:23:00.140 27279 28279 E CCodec : RefBase *native-window = 0xb400007a98db5e30
03-28 12:23:00.140 27279 28279 E CCodec : int32_t flags = 0
03-28 12:23:00.140 27279 28279 E CCodec : int32_t vendor.mtk.vdec.buffer.fetch.timeout.ms.value = 500
03-28 12:23:00.140 27279 28279 E CCodec : } , width 576 , higth 1024
03-28 12:23:00.141 27279 28279 W Codec2Client: query -- param skipped: index = 1107298332.
03-28 12:23:00.141 27279 28279 W CCodec : This behavior is subject to change. It is recommended that app developers double check whether the requested max input size is in reasonable range.
03-28 12:23:00.145 27279 28279 W Codec2Client: query -- param skipped: index = 1342179345.
03-28 12:23:00.145 27279 28279 W Codec2Client: query -- param skipped: index = 2415921170.
03-28 12:23:00.145 27279 28279 W Codec2Client: query -- param skipped: index = 1610614798.
03-28 12:23:00.172 27279 28289 E CCodec : before change, configure, format : AMessage(what = 0x00000000) = {
03-28 12:23:00.172 27279 28289 E CCodec : int32_t sample-rate = 44100
03-28 12:23:00.172 27279 28289 E CCodec : string mime = "audio/mp4a-latm"
03-28 12:23:00.172 27279 28289 E CCodec : int32_t channel-count = 2
03-28 12:23:00.172 27279 28289 E CCodec : int32_t priority = 0
03-28 12:23:00.172 27279 28289 E CCodec : int32_t max-input-size = 601
03-28 12:23:00.172 27279 28289 E CCodec : Buffer csd-0 = {
03-28 12:23:00.172 27279 28289 E CCodec : 00000000: 12 10 ..
03-28 12:23:00.172 27279 28289 E CCodec : }
03-28 12:23:00.172 27279 28289 E CCodec : int32_t flags = 0
03-28 12:23:00.172 27279 28289 E CCodec : } , width 0 , higth 0
03-28 12:23:00.174 27279 28289 W Codec2Client: query -- param skipped: index = 1107298332.
03-28 12:23:00.174 27279 28289 W CCodec : This behavior is subject to change. It is recommended that app developers double check whether the requested max input size is in reasonable range.
03-28 12:23:00.174 27279 28289 W Codec2Client: query -- param skipped: index = 1342179345.
03-28 12:23:00.175 27279 28289 W Codec2Client: query -- param skipped: index = 2415921170.
03-28 12:23:00.175 27279 28289 W Codec2Client: query -- param skipped: index = 1610614798.
03-28 12:23:00.218 27279 27279 W RenderThread: type=1400 audit(0.0:40296): avc: denied { getattr } for name="dmabuf:" dev="dmabuf" ino=1 scontext=u:r:untrusted_app:s0:c225,c256,c512,c768 tcontext=u:object_r:unlabeled:s0 tclass=filesystem permissive=0 app=com.mbwhatsapp
03-28 12:23:00.218 27279 27279 W RenderThread: type=1400 audit(0.0:40297): avc: denied { getattr } for name="dmabuf:" dev="dmabuf" ino=1 scontext=u:r:untrusted_app:s0:c225,c256,c512,c768 tcontext=u:object_r:unlabeled:s0 tclass=filesystem permissive=0 app=com.mbwhatsapp
03-28 12:23:00.302 27279 27279 W RenderThread: type=1400 audit(0.0:40298): avc: denied { getattr } for name="dmabuf:" dev="dmabuf" ino=1 scontext=u:r:untrusted_app:s0:c225,c256,c512,c768 tcontext=u:object_r:unlabeled:s0 tclass=filesystem permissive=0 app=com.mbwhatsapp
03-28 12:23:00.302 27279 27279 W RenderThread: type=1400 audit(0.0:40299): avc: denied { getattr } for name="dmabuf:" dev="dmabuf" ino=1 scontext=u:r:untrusted_app:s0:c225,c256,c512,c768 tcontext=u:object_r:unlabeled:s0 tclass=filesystem permissive=0 app=com.mbwhatsapp
03-28 12:23:00.350 27279 27279 W RenderThread: type=1400 audit(0.0:40300): avc: denied { getattr } for name="dmabuf:" dev="dmabuf" ino=1 scontext=u:r:untrusted_app:s0:c225,c256,c512,c768 tcontext=u:object_r:unlabeled:s0 tclass=filesystem permissive=0 app=com.mbwhatsapp
03-28 12:23:00.350 27279 27279 W RenderThread: type=1400 audit(0.0:40301): avc: denied { getattr } for name="dmabuf:" dev="dmabuf" ino=1 scontext=u:r:untrusted_app:s0:c225,c256,c512,c768 tcontext=u:object_r:unlabeled:s0 tclass=filesystem permissive=0 app=com.mbwhatsapp
03-28 12:23:00.402 27279 27279 W RenderThread: type=1400 audit(0.0:40302): avc: denied { getattr } for name="dmabuf:" dev="dmabuf" ino=1 scontext=u:r:untrusted_app:s0:c225,c256,c512,c768 tcontext=u:object_r:unlabeled:s0 tclass=filesystem permissive=0 app=com.mbwhatsapp
03-28 12:23:00.402 27279 27279 W RenderThread: type=1400 audit(0.0:40303): avc: denied { getattr } for name="dmabuf:" dev="dmabuf" ino=1 scontext=u:r:untrusted_app:s0:c225,c256,c512,c768 tcontext=u:object_r:unlabeled:s0 tclass=filesystem permissive=0 app=com.mbwhatsapp
