03-28 12:22:00.563 27279 27279 E ArmVmp : Match on catch block at 0xc3 in for 0x151
03-28 12:22:00.570 27279 27279 E ArmVmp : Match on catch block at 0xc3 in for 0x14d
03-28 12:22:00.572 27279 27279 E ArmVmp : Match on catch block at 0xc3 in for 0x151
03-28 12:22:00.747 27279 27279 E ArmVmp : Match on catch block at 0xc3 in for 0x159
03-28 12:22:00.753 27279 27279 E ArmVmp : Match on catch block at 0xc3 in for 0x155
03-28 12:22:00.756 27279 27279 E ArmVmp : Match on catch block at 0xc3 in for 0x159
03-28 12:22:01.060 27279 27279 E ArmVmp : Match on catch block at 0xc3 in for 0x149
03-28 12:22:01.063 27279 27279 E ArmVmp : Match on catch block at 0xc3 in for 0x145
03-28 12:22:01.064 27279 27279 E ArmVmp : Match on catch block at 0xc3 in for 0x149
03-28 12:22:01.086 27279 27279 E ArmVmp : Match on catch block at 0xc3 in for 0x155
03-28 12:22:01.090 27279 27279 E ArmVmp : Match on catch block at 0xc3 in for 0x151
03-28 12:22:01.093 27279 27279 E ArmVmp : Match on catch block at 0xc3 in for 0x155
03-28 12:22:01.134 27279 27279 E ArmVmp : Match on catch block at 0xc3 in for 0x159
03-28 12:22:01.138 27279 27279 E ArmVmp : Match on catch block at 0xc3 in for 0x155
03-28 12:22:01.198 27279 27279 E ArmVmp : Match on catch block at 0xc3 in for 0x145
03-28 12:22:01.202 27279 27279 E ArmVmp : Match on catch block at 0xc3 in for 0x141
03-28 12:22:01.229 27279 27279 E ArmVmp : Match on catch block at 0xc3 in for 0x14d
03-28 12:22:01.232 27279 27279 E ArmVmp : Match on catch block at 0xc3 in for 0x149
03-28 12:22:01.244 27279 27279 E ArmVmp : Match on catch block at 0xc3 in for 0x151
03-28 12:22:01.247 27279 27279 E ArmVmp : Match on catch block at 0xc3 in for 0x14d
03-28 12:22:01.260 27279 27279 E ArmVmp : Match on catch block at 0xc3 in for 0x155
03-28 12:22:01.263 27279 27279 E ArmVmp : Match on catch block at 0xc3 in for 0x151
03-28 12:22:01.277 27279 27279 E ArmVmp : Match on catch block at 0xc3 in for 0x145
03-28 12:22:01.280 27279 27279 E ArmVmp : Match on catch block at 0xc3 in for 0x141
03-28 12:22:01.514 27279 27279 E ArmVmp : Match on catch block at 0xc3 in for 0x149
03-28 12:22:01.520 27279 27279 E ArmVmp : Match on catch block at 0xc3 in for 0x145
03-28 12:22:01.531 27279 27354 W MediaPlayer: Use of stream types is deprecated for operations other than volume control
03-28 12:22:01.531 27279 27354 W MediaPlayer: See the documentation of setAudioStreamType() for what to use instead with android.media.AudioAttributes to qualify your playback use case
03-28 12:22:01.532 27279 27279 E ArmVmp : Match on catch block at 0xc3 in for 0x14d
03-28 12:22:01.533 27279 27279 E ArmVmp : Match on catch block at 0xc3 in for 0x149
03-28 12:22:01.577 27279 27279 E ArmVmp : Match on catch block at 0xc3 in for 0x141
03-28 12:22:01.580 27279 27279 E ArmVmp : Match on catch block at 0xc3 in for 0x159
03-28 12:22:01.832 27279 27279 E ArmVmp : Match on catch block at 0xc3 in for 0x141
03-28 12:22:01.837 27279 27279 E ArmVmp : Match on catch block at 0xc3 in for 0x159
03-28 12:22:01.843 27279 27279 E ArmVmp : Match on catch block at 0xc3 in for 0x145
03-28 12:22:01.845 27279 27279 E ArmVmp : Match on catch block at 0xc3 in for 0x141
03-28 12:22:01.860 27279 27279 E ArmVmp : Match on catch block at 0xc3 in for 0x151
03-28 12:22:01.864 27279 27279 E ArmVmp : Match on catch block at 0xc3 in for 0x14d
03-28 12:22:01.877 27279 27279 E ArmVmp : Match on catch block at 0xc3 in for 0x141
03-28 12:22:01.881 27279 27279 E ArmVmp : Match on catch block at 0xc3 in for 0x159
03-28 12:22:01.895 27279 27279 E ArmVmp : Match on catch block at 0xc3 in for 0x14d
03-28 12:22:01.900 27279 27279 E ArmVmp : Match on catch block at 0xc3 in for 0x149
03-28 12:22:01.911 27279 27279 E ArmVmp : Match on catch block at 0xc3 in for 0x159
03-28 12:22:01.917 27279 27279 E ArmVmp : Match on catch block at 0xc3 in for 0x155
03-28 12:22:01.927 27279 27279 E ArmVmp : Match on catch block at 0xc3 in for 0x149
03-28 12:22:01.931 27279 27279 E ArmVmp : Match on catch block at 0xc3 in for 0x145
03-28 12:22:01.944 27279 27279 E ArmVmp : Match on catch block at 0xc3 in for 0x155
03-28 12:22:01.947 27279 27279 E ArmVmp : Match on catch block at 0xc3 in for 0x151
03-28 12:22:01.964 27279 27279 E ArmVmp : Match on catch block at 0xc3 in for 0x145
03-28 12:22:01.971 27279 27279 E ArmVmp : Match on catch block at 0xc3 in for 0x141
03-28 12:22:01.981 27279 27279 E ArmVmp : Match on catch block at 0xc3 in for 0x159
03-28 12:22:01.985 27279 27279 E ArmVmp : Match on catch block at 0xc3 in for 0x155
03-28 12:22:01.992 27279 27279 E ArmVmp : Match on catch block at 0xc3 in for 0x149
03-28 12:22:01.994 27279 27279 E ArmVmp : Match on catch block at 0xc3 in for 0x145
03-28 12:22:02.011 27279 27279 E ArmVmp : Match on catch block at 0xc3 in for 0x141
03-28 12:22:02.014 27279 27279 E ArmVmp : Match on catch block at 0xc3 in for 0x159
03-28 12:22:02.026 27279 27279 E ArmVmp : Match on catch block at 0xc3 in for 0x14d
03-28 12:22:02.029 27279 27279 E ArmVmp : Match on catch block at 0xc3 in for 0x149
03-28 12:22:02.111 27279 27279 E ArmVmp : Match on catch block at 0xc3 in for 0x145
03-28 12:22:02.116 27279 27279 E ArmVmp : Match on catch block at 0xc3 in for 0x141
03-28 12:22:02.243 27279 27279 E ArmVmp : Match on catch block at 0xc3 in for 0x145
03-28 12:22:02.245 27279 27279 E ArmVmp : Match on catch block at 0xc3 in for 0x141
03-28 12:22:02.560 27279 27279 E ArmVmp : Match on catch block at 0xc3 in for 0x151
03-28 12:22:02.565 27279 27279 E ArmVmp : Match on catch block at 0xc3 in for 0x14d
03-28 12:22:02.844 27279 27279 E ArmVmp : Match on catch block at 0xc3 in for 0x149
03-28 12:22:02.850 27279 27279 E ArmVmp : Match on catch block at 0xc3 in for 0x145
03-28 12:22:02.979 27279 27279 E ArmVmp : Match on catch block at 0xc3 in for 0x141
03-28 12:22:02.984 27279 27279 E ArmVmp : Match on catch block at 0xc3 in for 0x159
03-28 12:22:03.142 27279 27279 E ArmVmp : Match on catch block at 0xc3 in for 0x155
03-28 12:22:03.149 27279 27279 E ArmVmp : Match on catch block at 0xc3 in for 0x151
03-28 12:22:03.326 27279 27279 E ArmVmp : Match on catch block at 0xc3 in for 0x14d
03-28 12:22:03.332 27279 27279 E ArmVmp : Match on catch block at 0xc3 in for 0x149
03-28 12:22:03.459 27279 27279 E ArmVmp : Match on catch block at 0xc3 in for 0x145
03-28 12:22:03.464 27279 27279 E ArmVmp : Match on catch block at 0xc3 in for 0x141
03-28 12:22:03.609 27279 27279 E ArmVmp : Match on catch block at 0xc3 in for 0x159
03-28 12:22:03.615 27279 27279 E ArmVmp : Match on catch block at 0xc3 in for 0x155
03-28 12:22:03.626 27279 27279 E ArmVmp : Match on catch block at 0xc3 in for 0x149
03-28 12:22:03.633 27279 27279 E ArmVmp : Match on catch block at 0xc3 in for 0x145
03-28 12:22:03.642 27279 27279 E ArmVmp : Match on catch block at 0xc3 in for 0x155
03-28 12:22:03.648 27279 27279 E ArmVmp : Match on catch block at 0xc3 in for 0x151
03-28 12:22:03.665 27279 27279 E ArmVmp : Match on catch block at 0xc3 in for 0x14d
03-28 12:22:03.668 27279 27279 E ArmVmp : Match on catch block at 0xc3 in for 0x149
03-28 12:22:03.707 27279 27279 E ArmVmp : Match on catch block at 0xc3 in for 0x14d
03-28 12:22:03.710 27279 27279 E ArmVmp : Match on catch block at 0xc3 in for 0x149
03-28 12:22:03.758 27279 27279 E ArmVmp : Match on catch block at 0xc3 in for 0x141
03-28 12:22:03.762 27279 27279 E ArmVmp : Match on catch block at 0xc3 in for 0x159
03-28 12:22:03.780 27279 27342 W Parcel : Expecting binder but got null!
03-28 12:22:03.788 27279 27279 E ArmVmp : Match on catch block at 0xc3 in for 0x141
03-28 12:22:03.790 27279 27279 E ArmVmp : Match on catch block at 0xc3 in for 0x159
03-28 12:22:03.814 27279 27279 E ArmVmp : Match on catch block at 0xc3 in for 0x14d
03-28 12:22:03.816 27279 27279 E ArmVmp : Match on catch block at 0xc3 in for 0x149
03-28 12:22:03.823 27279 27279 E ArmVmp : Match on catch block at 0xc3 in for 0x159
03-28 12:22:03.825 27279 27279 E ArmVmp : Match on catch block at 0xc3 in for 0x155
03-28 12:22:03.841 27279 27279 E ArmVmp : Match on catch block at 0xc3 in for 0x149
03-28 12:22:03.843 27279 27279 E ArmVmp : Match on catch block at 0xc3 in for 0x145
03-28 12:22:03.857 27279 27279 E ArmVmp : Match on catch block at 0xc3 in for 0x155
03-28 12:22:03.860 27279 27279 E ArmVmp : Match on catch block at 0xc3 in for 0x151
03-28 12:22:03.874 27279 27279 E ArmVmp : Match on catch block at 0xc3 in for 0x145
03-28 12:22:03.876 27279 27279 E ArmVmp : Match on catch block at 0xc3 in for 0x141
03-28 12:22:03.890 27279 27279 E ArmVmp : Match on catch block at 0xc3 in for 0x151
03-28 12:22:03.893 27279 27279 E ArmVmp : Match on catch block at 0xc3 in for 0x14d
03-28 12:22:03.907 27279 27279 E ArmVmp : Match on catch block at 0xc3 in for 0x141
03-28 12:22:03.910 27279 27279 E ArmVmp : Match on catch block at 0xc3 in for 0x159
03-28 12:22:03.924 27279 27279 E ArmVmp : Match on catch block at 0xc3 in for 0x14d
03-28 12:22:03.927 27279 27279 E ArmVmp : Match on catch block at 0xc3 in for 0x149
03-28 12:22:03.940 27279 27279 E ArmVmp : Match on catch block at 0xc3 in for 0x159
03-28 12:22:03.942 27279 27279 E ArmVmp : Match on catch block at 0xc3 in for 0x155
03-28 12:22:03.958 27279 27279 E ArmVmp : Match on catch block at 0xc3 in for 0x149
03-28 12:22:03.962 27279 27279 E ArmVmp : Match on catch block at 0xc3 in for 0x145
03-28 12:22:03.974 27279 27279 E ArmVmp : Match on catch block at 0xc3 in for 0x155
03-28 12:22:03.977 27279 27279 E ArmVmp : Match on catch block at 0xc3 in for 0x151
03-28 12:22:03.990 27279 27279 E ArmVmp : Match on catch block at 0xc3 in for 0x145
03-28 12:22:03.993 27279 27279 E ArmVmp : Match on catch block at 0xc3 in for 0x141
03-28 12:22:04.007 27279 27279 E ArmVmp : Match on catch block at 0xc3 in for 0x145
03-28 12:22:04.010 27279 27279 E ArmVmp : Match on catch block at 0xc3 in for 0x141
03-28 12:22:04.024 27279 27279 E ArmVmp : Match on catch block at 0xc3 in for 0x151
03-28 12:22:04.026 27279 27279 E ArmVmp : Match on catch block at 0xc3 in for 0x14d
03-28 12:22:04.040 27279 27279 E ArmVmp : Match on catch block at 0xc3 in for 0x141
03-28 12:22:04.043 27279 27279 E ArmVmp : Match on catch block at 0xc3 in for 0x159
03-28 12:22:04.057 27279 27279 E ArmVmp : Match on catch block at 0xc3 in for 0x14d
03-28 12:22:04.060 27279 27279 E ArmVmp : Match on catch block at 0xc3 in for 0x149
03-28 12:22:04.074 27279 27279 E ArmVmp : Match on catch block at 0xc3 in for 0x159
03-28 12:22:04.077 27279 27279 E ArmVmp : Match on catch block at 0xc3 in for 0x155
03-28 12:22:04.090 27279 27279 E ArmVmp : Match on catch block at 0xc3 in for 0x149
03-28 12:22:04.093 27279 27279 E ArmVmp : Match on catch block at 0xc3 in for 0x145
03-28 12:22:04.107 27279 27279 E ArmVmp : Match on catch block at 0xc3 in for 0x155
03-28 12:22:04.109 27279 27279 E ArmVmp : Match on catch block at 0xc3 in for 0x151
03-28 12:22:04.123 27279 27279 E ArmVmp : Match on catch block at 0xc3 in for 0x145
03-28 12:22:04.126 27279 27279 E ArmVmp : Match on catch block at 0xc3 in for 0x141
03-28 12:22:04.140 27279 27279 E ArmVmp : Match on catch block at 0xc3 in for 0x151
03-28 12:22:04.143 27279 27279 E ArmVmp : Match on catch block at 0xc3 in for 0x14d
03-28 12:22:04.306 27279 27279 E ArmVmp : Match on catch block at 0xc3 in for 0x155
03-28 12:22:04.309 27279 27279 E ArmVmp : Match on catch block at 0xc3 in for 0x151
03-28 12:22:04.326 27279 27279 E ArmVmp : Match on catch block at 0xc3 in for 0x155
03-28 12:22:04.327 27279 27279 E ArmVmp : Match on catch block at 0xc3 in for 0x151
03-28 12:22:04.353 27279 27279 E ArmVmp : Match on catch block at 0xc3 in for 0x145
03-28 12:22:04.355 27279 27279 E ArmVmp : Match on catch block at 0xc3 in for 0x141
03-28 12:22:04.381 27279 27279 E ArmVmp : Match on catch block at 0xc3 in for 0x141
03-28 12:22:04.383 27279 27279 E ArmVmp : Match on catch block at 0xc3 in for 0x159
03-28 12:22:04.393 27279 27279 E ArmVmp : Match on catch block at 0xc3 in for 0x159
03-28 12:22:04.395 27279 27279 E ArmVmp : Match on catch block at 0xc3 in for 0x155
03-28 12:22:04.402 27279 27279 E ArmVmp : Match on catch block at 0xc3 in for 0x141
03-28 12:22:04.404 27279 27279 E ArmVmp : Match on catch block at 0xc3 in for 0x159
03-28 12:22:04.407 27279 27279 E ArmVmp : Match on catch block at 0xc3 in for 0x145
03-28 12:22:04.409 27279 27279 E ArmVmp : Match on catch block at 0xc3 in for 0x141
03-28 12:22:04.434 27279 27279 E ArmVmp : Match on catch block at 0xc3 in for 0x14d
03-28 12:22:04.435 27279 27279 E ArmVmp : Match on catch block at 0xc3 in for 0x149
03-28 12:22:04.449 27279 27279 E ArmVmp : Match on catch block at 0xc3 in for 0x155
03-28 12:22:04.451 27279 27279 E ArmVmp : Match on catch block at 0xc3 in for 0x151
03-28 12:22:04.470 27279 27279 E ArmVmp : Match on catch block at 0xc3 in for 0x14d
03-28 12:22:04.473 27279 27279 E ArmVmp : Match on catch block at 0xc3 in for 0x149
03-28 12:22:04.492 27279 27279 E ArmVmp : Match on catch block at 0xc3 in for 0x145
03-28 12:22:04.497 27279 27279 E ArmVmp : Match on catch block at 0xc3 in for 0x141
03-28 12:22:04.516 27279 27279 E ArmVmp : Match on catch block at 0xc3 in for 0x159
03-28 12:22:04.519 27279 27279 E ArmVmp : Match on catch block at 0xc3 in for 0x155
03-28 12:22:04.535 27279 27279 E ArmVmp : Match on catch block at 0xc3 in for 0x151
03-28 12:22:04.540 27279 27279 E ArmVmp : Match on catch block at 0xc3 in for 0x14d
03-28 12:22:04.720 27279 27279 E ArmVmp : Match on catch block at 0xc3 in for 0x151
03-28 12:22:04.722 27279 27279 E ArmVmp : Match on catch block at 0xc3 in for 0x14d
03-28 12:22:04.747 27279 27279 E ArmVmp : Match on catch block at 0xc3 in for 0x149
03-28 12:22:04.749 27279 27279 E ArmVmp : Match on catch block at 0xc3 in for 0x145
03-28 12:22:04.755 27279 27354 W MediaPlayer: Use of stream types is deprecated for operations other than volume control
03-28 12:22:04.756 27279 27354 W MediaPlayer: See the documentation of setAudioStreamType() for what to use instead with android.media.AudioAttributes to qualify your playback use case
03-28 12:22:04.761 27279 27279 E ArmVmp : Match on catch block at 0xc3 in for 0x149
03-28 12:22:04.763 27279 27279 E ArmVmp : Match on catch block at 0xc3 in for 0x145
03-28 12:22:04.774 27279 27279 E ArmVmp : Match on catch block at 0xc3 in for 0x151
03-28 12:22:04.776 27279 27279 E ArmVmp : Match on catch block at 0xc3 in for 0x14d
03-28 12:22:04.803 27279 27279 E ArmVmp : Match on catch block at 0xc3 in for 0x145
03-28 12:22:04.804 27279 27279 E ArmVmp : Match on catch block at 0xc3 in for 0x141
03-28 12:22:04.815 27279 27279 E ArmVmp : Match on catch block at 0xc3 in for 0x151
03-28 12:22:04.816 27279 27279 E ArmVmp : Match on catch block at 0xc3 in for 0x14d
03-28 12:22:04.822 27279 27279 E ArmVmp : Match on catch block at 0xc3 in for 0x141
03-28 12:22:04.824 27279 27279 E ArmVmp : Match on catch block at 0xc3 in for 0x159
03-28 12:22:04.839 27279 27279 E ArmVmp : Match on catch block at 0xc3 in for 0x14d
03-28 12:22:04.841 27279 27279 E ArmVmp : Match on catch block at 0xc3 in for 0x149
03-28 12:22:04.855 27279 27279 E ArmVmp : Match on catch block at 0xc3 in for 0x159
03-28 12:22:04.857 27279 27279 E ArmVmp : Match on catch block at 0xc3 in for 0x155
03-28 12:22:04.872 27279 27279 E ArmVmp : Match on catch block at 0xc3 in for 0x149
03-28 12:22:04.874 27279 27279 E ArmVmp : Match on catch block at 0xc3 in for 0x145
03-28 12:22:04.889 27279 27279 E ArmVmp : Match on catch block at 0xc3 in for 0x155
03-28 12:22:04.890 27279 27279 E ArmVmp : Match on catch block at 0xc3 in for 0x151
03-28 12:22:04.906 27279 27279 E ArmVmp : Match on catch block at 0xc3 in for 0x145
03-28 12:22:04.908 27279 27279 E ArmVmp : Match on catch block at 0xc3 in for 0x141
03-28 12:22:04.922 27279 27279 E ArmVmp : Match on catch block at 0xc3 in for 0x151
03-28 12:22:04.924 27279 27279 E ArmVmp : Match on catch block at 0xc3 in for 0x14d
03-28 12:22:04.939 27279 27279 E ArmVmp : Match on catch block at 0xc3 in for 0x141
03-28 12:22:04.941 27279 27279 E ArmVmp : Match on catch block at 0xc3 in for 0x159
03-28 12:22:04.956 27279 27279 E ArmVmp : Match on catch block at 0xc3 in for 0x14d
03-28 12:22:04.958 27279 27279 E ArmVmp : Match on catch block at 0xc3 in for 0x149
03-28 12:22:04.973 27279 27279 E ArmVmp : Match on catch block at 0xc3 in for 0x159
03-28 12:22:04.976 27279 27279 E ArmVmp : Match on catch block at 0xc3 in for 0x155
03-28 12:22:04.989 27279 27279 E ArmVmp : Match on catch block at 0xc3 in for 0x149
03-28 12:22:04.991 27279 27279 E ArmVmp : Match on catch block at 0xc3 in for 0x145
03-28 12:22:05.005 27279 27279 E ArmVmp : Match on catch block at 0xc3 in for 0x155
03-28 12:22:05.007 27279 27279 E ArmVmp : Match on catch block at 0xc3 in for 0x151
03-28 12:22:05.032 27279 27279 E ArmVmp : Match on catch block at 0xc3 in for 0x141
03-28 12:22:05.034 27279 27279 E ArmVmp : Match on catch block at 0xc3 in for 0x159
03-28 12:22:05.039 27279 27279 E ArmVmp : Match on catch block at 0xc3 in for 0x145
03-28 12:22:05.045 27279 27279 E ArmVmp : Match on catch block at 0xc3 in for 0x141
03-28 12:22:05.090 27279 27279 E ArmVmp : Match on catch block at 0xc3 in for 0x145
03-28 12:22:05.092 27279 27279 E ArmVmp : Match on catch block at 0xc3 in for 0x141
03-28 12:22:05.113 27279 27279 E ArmVmp : Match on catch block at 0xc3 in for 0x14d
03-28 12:22:05.114 27279 27279 E ArmVmp : Match on catch block at 0xc3 in for 0x149
03-28 12:22:05.122 27279 27279 E ArmVmp : Match on catch block at 0xc3 in for 0x141
03-28 12:22:05.124 27279 27279 E ArmVmp : Match on catch block at 0xc3 in for 0x159
03-28 12:22:05.139 27279 27279 E ArmVmp : Match on catch block at 0xc3 in for 0x14d
03-28 12:22:05.142 27279 27279 E ArmVmp : Match on catch block at 0xc3 in for 0x149
03-28 12:22:05.156 27279 27279 E ArmVmp : Match on catch block at 0xc3 in for 0x159
03-28 12:22:05.157 27279 27279 E ArmVmp : Match on catch block at 0xc3 in for 0x155
03-28 12:22:05.173 27279 27279 E ArmVmp : Match on catch block at 0xc3 in for 0x149
03-28 12:22:05.176 27279 27279 E ArmVmp : Match on catch block at 0xc3 in for 0x145
03-28 12:22:05.189 27279 27279 E ArmVmp : Match on catch block at 0xc3 in for 0x155
03-28 12:22:05.192 27279 27279 E ArmVmp : Match on catch block at 0xc3 in for 0x151
03-28 12:22:05.206 27279 27279 E ArmVmp : Match on catch block at 0xc3 in for 0x145
03-28 12:22:05.209 27279 27279 E ArmVmp : Match on catch block at 0xc3 in for 0x141
03-28 12:22:05.223 27279 27279 E ArmVmp : Match on catch block at 0xc3 in for 0x151
03-28 12:22:05.226 27279 27279 E ArmVmp : Match on catch block at 0xc3 in for 0x14d
03-28 12:22:05.239 27279 27279 E ArmVmp : Match on catch block at 0xc3 in for 0x141
03-28 12:22:05.242 27279 27279 E ArmVmp : Match on catch block at 0xc3 in for 0x159
03-28 12:22:05.256 27279 27279 E ArmVmp : Match on catch block at 0xc3 in for 0x14d
03-28 12:22:05.259 27279 27279 E ArmVmp : Match on catch block at 0xc3 in for 0x149
03-28 12:22:05.273 27279 27279 E ArmVmp : Match on catch block at 0xc3 in for 0x159
03-28 12:22:05.275 27279 27279 E ArmVmp : Match on catch block at 0xc3 in for 0x155
03-28 12:22:05.289 27279 27279 E ArmVmp : Match on catch block at 0xc3 in for 0x149
03-28 12:22:05.291 27279 27279 E ArmVmp : Match on catch block at 0xc3 in for 0x145
03-28 12:22:05.306 27279 27279 E ArmVmp : Match on catch block at 0xc3 in for 0x155
03-28 12:22:05.308 27279 27279 E ArmVmp : Match on catch block at 0xc3 in for 0x151
03-28 12:22:05.322 27279 27279 E ArmVmp : Match on catch block at 0xc3 in for 0x145
03-28 12:22:05.324 27279 27279 E ArmVmp : Match on catch block at 0xc3 in for 0x141
03-28 12:22:05.339 27279 27279 E ArmVmp : Match on catch block at 0xc3 in for 0x151
03-28 12:22:05.341 27279 27279 E ArmVmp : Match on catch block at 0xc3 in for 0x14d
03-28 12:22:05.355 27279 27279 E ArmVmp : Match on catch block at 0xc3 in for 0x141
03-28 12:22:05.358 27279 27279 E ArmVmp : Match on catch block at 0xc3 in for 0x159
03-28 12:22:05.372 27279 27279 E ArmVmp : Match on catch block at 0xc3 in for 0x141
03-28 12:22:05.375 27279 27279 E ArmVmp : Match on catch block at 0xc3 in for 0x159
03-28 12:22:05.388 27279 27279 E ArmVmp : Match on catch block at 0xc3 in for 0x14d
03-28 12:22:05.390 27279 27279 E ArmVmp : Match on catch block at 0xc3 in for 0x149
03-28 12:22:05.407 27279 27279 E ArmVmp : Match on catch block at 0xc3 in for 0x14d
03-28 12:22:05.409 27279 27279 E ArmVmp : Match on catch block at 0xc3 in for 0x149
03-28 12:22:05.422 27279 27279 E ArmVmp : Match on catch block at 0xc3 in for 0x159
03-28 12:22:05.424 27279 27279 E ArmVmp : Match on catch block at 0xc3 in for 0x155
03-28 12:22:05.438 27279 27279 E ArmVmp : Match on catch block at 0xc3 in for 0x149
03-28 12:22:05.441 27279 27279 E ArmVmp : Match on catch block at 0xc3 in for 0x145
03-28 12:22:05.455 27279 27279 E ArmVmp : Match on catch block at 0xc3 in for 0x155
03-28 12:22:05.457 27279 27279 E ArmVmp : Match on catch block at 0xc3 in for 0x151
03-28 12:22:05.472 27279 27279 E ArmVmp : Match on catch block at 0xc3 in for 0x145
03-28 12:22:05.474 27279 27279 E ArmVmp : Match on catch block at 0xc3 in for 0x141
03-28 12:22:05.488 27279 27279 E ArmVmp : Match on catch block at 0xc3 in for 0x151
03-28 12:22:05.491 27279 27279 E ArmVmp : Match on catch block at 0xc3 in for 0x14d
03-28 12:22:05.505 27279 27279 E ArmVmp : Match on catch block at 0xc3 in for 0x141
03-28 12:22:05.508 27279 27279 E ArmVmp : Match on catch block at 0xc3 in for 0x159
03-28 12:22:05.522 27279 27279 E ArmVmp : Match on catch block at 0xc3 in for 0x14d
03-28 12:22:05.525 27279 27279 E ArmVmp : Match on catch block at 0xc3 in for 0x149
03-28 12:22:05.762 27279 27342 W Parcel : Expecting binder but got null!
03-28 12:22:05.872 27279 27279 E ArmVmp : Match on catch block at 0xc3 in for 0x145
03-28 12:22:05.876 27279 27279 E ArmVmp : Match on catch block at 0xc3 in for 0x141
03-28 12:22:06.301 27279 27279 E ArmVmp : Match on catch block at 0xc3 in for 0x151
03-28 12:22:06.303 27279 27279 E ArmVmp : Match on catch block at 0xc3 in for 0x14d
03-28 12:22:06.310 27279 27279 E ArmVmp : Match on catch block at 0xc3 in for 0x141
03-28 12:22:06.313 27279 27279 E ArmVmp : Match on catch block at 0xc3 in for 0x159
03-28 12:22:06.372 27279 27279 E ArmVmp : Match on catch block at 0xc3 in for 0x159
03-28 12:22:06.376 27279 27279 E ArmVmp : Match on catch block at 0xc3 in for 0x155
03-28 12:22:06.725 27279 27279 E ArmVmp : Match on catch block at 0xc3 in for 0x14d
03-28 12:22:06.727 27279 27279 E ArmVmp : Match on catch block at 0xc3 in for 0x149
03-28 12:22:06.758 27279 27279 E ArmVmp : Match on catch block at 0xc3 in for 0x159
03-28 12:22:06.760 27279 27279 E ArmVmp : Match on catch block at 0xc3 in for 0x155
03-28 12:22:06.840 27279 27279 E ArmVmp : Match on catch block at 0xc3 in for 0x155
03-28 12:22:06.841 27279 27279 E ArmVmp : Match on catch block at 0xc3 in for 0x151
03-28 12:22:06.868 27279 27279 E ArmVmp : Match on catch block at 0xc3 in for 0x141
03-28 12:22:06.870 27279 27279 E ArmVmp : Match on catch block at 0xc3 in for 0x159
03-28 12:22:06.878 27279 27279 E ArmVmp : Match on catch block at 0xc3 in for 0x151
03-28 12:22:06.879 27279 27279 E ArmVmp : Match on catch block at 0xc3 in for 0x14d
03-28 12:22:06.898 27279 27279 E ArmVmp : Match on catch block at 0xc3 in for 0x14d
03-28 12:22:06.899 27279 27279 E ArmVmp : Match on catch block at 0xc3 in for 0x149
03-28 12:22:06.906 27279 27279 E ArmVmp : Match on catch block at 0xc3 in for 0x151
03-28 12:22:06.908 27279 27279 E ArmVmp : Match on catch block at 0xc3 in for 0x14d
03-28 12:22:06.911 27279 27279 E ArmVmp : Match on catch block at 0xc3 in for 0x141
03-28 12:22:06.912 27279 27279 E ArmVmp : Match on catch block at 0xc3 in for 0x159
03-28 12:22:06.920 27279 27279 E ArmVmp : Match on catch block at 0xc3 in for 0x145
03-28 12:22:06.921 27279 27279 E ArmVmp : Match on catch block at 0xc3 in for 0x141
03-28 12:22:07.254 27279 27279 E ArmVmp : Match on catch block at 0xc3 in for 0x149
03-28 12:22:07.258 27279 27279 E ArmVmp : Match on catch block at 0xc3 in for 0x145
03-28 12:22:07.790 27279 27342 W Parcel : Expecting binder but got null!
03-28 12:22:09.792 27279 27342 W Parcel : Expecting binder but got null!
03-28 12:22:10.679 27279 27279 W libc : Access denied finding property "vendor.transsion.scroll_adjust.support"
03-28 12:22:10.679 27279 27279 W libc : Access denied finding property "vendor.transsion.scroll_adjust.support"
03-28 12:22:10.699 27279 27279 W libc : Access denied finding property "vendor.transsion.scroll_adjust.support"
03-28 12:22:10.699 27279 27279 W libc : Access denied finding property "vendor.transsion.scroll_adjust.support"
03-28 12:22:10.732 27279 27279 E ArmVmp : Match on catch block at 0x0a in for 0x181
03-28 12:22:10.734 27279 27279 E ArmVmp : Match on catch block at 0x0a in for 0x195
03-28 12:22:10.867 27279 27279 E ArmVmp : Match on catch block at 0xc3 in for 0x16d
03-28 12:22:10.869 27279 27279 E ArmVmp : Match on catch block at 0xc3 in for 0x165
03-28 12:22:10.871 27279 27279 E ArmVmp : Match on catch block at 0xc3 in for 0x179
03-28 12:22:10.885 27279 27342 W Parcel : Expecting binder but got null!
03-28 12:22:10.897 27279 27279 E ArmVmp : Match on catch block at 0xc3 in for 0x159
03-28 12:22:10.898 27279 27279 E ArmVmp : Match on catch block at 0xc3 in for 0x155
03-28 12:22:10.899 27279 27279 E ArmVmp : Match on catch block at 0xc3 in for 0x159
03-28 12:22:10.912 27279 27279 E ArmVmp : Match on catch block at 0xc3 in for 0x14d
03-28 12:22:10.913 27279 27279 E ArmVmp : Match on catch block at 0xc3 in for 0x149
03-28 12:22:10.913 27279 27279 E ArmVmp : Match on catch block at 0xc3 in for 0x14d
03-28 12:22:10.937 27279 27279 E ArmVmp : Match on catch block at 0xc3 in for 0x151
03-28 12:22:10.939 27279 27279 E ArmVmp : Match on catch block at 0xc3 in for 0x14d
03-28 12:22:10.939 27279 27279 E ArmVmp : Match on catch block at 0xc3 in for 0x151
03-28 12:22:10.950 27279 27279 E ArmVmp : Match on catch block at 0xc3 in for 0x145
03-28 12:22:10.951 27279 27279 E ArmVmp : Match on catch block at 0xc3 in for 0x141
03-28 12:22:10.953 27279 27279 E ArmVmp : Match on catch block at 0xc3 in for 0x145
03-28 12:22:10.963 27279 27279 E ArmVmp : Match on catch block at 0xc3 in for 0x159
03-28 12:22:10.966 27279 27279 E ArmVmp : Match on catch block at 0xc3 in for 0x155
03-28 12:22:10.967 27279 27279 E ArmVmp : Match on catch block at 0xc3 in for 0x159
03-28 12:22:10.979 27279 27279 E ArmVmp : Match on catch block at 0xc3 in for 0x155
03-28 12:22:10.980 27279 27279 E ArmVmp : Match on catch block at 0xc3 in for 0x151
03-28 12:22:10.981 27279 27279 E ArmVmp : Match on catch block at 0xc3 in for 0x155
03-28 12:22:10.986 27279 27279 E ArmVmp : Match on catch block at 0xc3 in for 0x14d
03-28 12:22:10.988 27279 27279 E ArmVmp : Match on catch block at 0xc3 in for 0x149
03-28 12:22:10.988 27279 27279 E ArmVmp : Match on catch block at 0xc3 in for 0x14d
03-28 12:22:10.995 27279 27279 E ArmVmp : Match on catch block at 0xc3 in for 0x145
03-28 12:22:10.996 27279 27279 E ArmVmp : Match on catch block at 0xc3 in for 0x141
03-28 12:22:10.997 27279 27279 E ArmVmp : Match on catch block at 0xc3 in for 0x145
03-28 12:22:11.001 27279 27279 E ArmVmp : Match on catch block at 0xc3 in for 0x145
03-28 12:22:11.002 27279 27279 E ArmVmp : Match on catch block at 0xc3 in for 0x141
03-28 12:22:11.003 27279 27279 E ArmVmp : Match on catch block at 0xc3 in for 0x145
03-28 12:22:11.015 27279 27279 E ArmVmp : Match on catch block at 0xc3 in for 0x141
03-28 12:22:11.016 27279 27279 E ArmVmp : Match on catch block at 0xc3 in for 0x159
03-28 12:22:11.017 27279 27279 E ArmVmp : Match on catch block at 0xc3 in for 0x141
03-28 12:22:11.023 27279 27279 E ArmVmp : Match on catch block at 0xc3 in for 0x141
03-28 12:22:11.024 27279 27279 E ArmVmp : Match on catch block at 0xc3 in for 0x159
03-28 12:22:11.025 27279 27279 E ArmVmp : Match on catch block at 0xc3 in for 0x141
03-28 12:22:11.030 27279 27279 E ArmVmp : Match on catch block at 0xc3 in for 0x155
03-28 12:22:11.031 27279 27279 E ArmVmp : Match on catch block at 0xc3 in for 0x151
03-28 12:22:11.032 27279 27279 E ArmVmp : Match on catch block at 0xc3 in for 0x155
03-28 12:22:11.036 27279 27279 E ArmVmp : Match on catch block at 0xc3 in for 0x155
03-28 12:22:11.037 27279 27279 E ArmVmp : Match on catch block at 0xc3 in for 0x151
03-28 12:22:11.038 27279 27279 E ArmVmp : Match on catch block at 0xc3 in for 0x155
03-28 12:22:11.430 27279 27279 E ArmVmp : Match on catch block at 0xc3 in for 0x14d
03-28 12:22:11.431 27279 27279 E ArmVmp : Match on catch block at 0xc3 in for 0x149
03-28 12:22:11.432 27279 27279 E ArmVmp : Match on catch block at 0xc3 in for 0x14d
03-28 12:22:11.556 27279 27279 E ArmVmp : Match on catch block at 0xc3 in for 0x151
03-28 12:22:11.558 27279 27279 E ArmVmp : Match on catch block at 0xc3 in for 0x14d
03-28 12:22:11.560 27279 27279 E ArmVmp : Match on catch block at 0xc3 in for 0x151
03-28 12:22:11.572 27279 27279 E ArmVmp : Match on catch block at 0xc3 in for 0x151
03-28 12:22:11.574 27279 27279 E ArmVmp : Match on catch block at 0xc3 in for 0x14d
03-28 12:22:11.575 27279 27279 E ArmVmp : Match on catch block at 0xc3 in for 0x151
03-28 12:22:11.589 27279 27279 E ArmVmp : Match on catch block at 0xc3 in for 0x151
03-28 12:22:11.591 27279 27279 E ArmVmp : Match on catch block at 0xc3 in for 0x14d
03-28 12:22:11.593 27279 27279 E ArmVmp : Match on catch block at 0xc3 in for 0x151
03-28 12:22:11.607 27279 27279 E ArmVmp : Match on catch block at 0xc3 in for 0x151
03-28 12:22:11.609 27279 27279 E ArmVmp : Match on catch block at 0xc3 in for 0x14d
03-28 12:22:11.611 27279 27279 E ArmVmp : Match on catch block at 0xc3 in for 0x151
03-28 12:22:11.624 27279 27279 E ArmVmp : Match on catch block at 0xc3 in for 0x151
03-28 12:22:11.626 27279 27279 E ArmVmp : Match on catch block at 0xc3 in for 0x14d
03-28 12:22:11.629 27279 27279 E ArmVmp : Match on catch block at 0xc3 in for 0x151
03-28 12:22:11.640 27279 27279 E ArmVmp : Match on catch block at 0xc3 in for 0x151
03-28 12:22:11.643 27279 27279 E ArmVmp : Match on catch block at 0xc3 in for 0x14d
03-28 12:22:11.644 27279 27279 E ArmVmp : Match on catch block at 0xc3 in for 0x151
03-28 12:22:11.656 27279 27279 E ArmVmp : Match on catch block at 0xc3 in for 0x151
03-28 12:22:11.658 27279 27279 E ArmVmp : Match on catch block at 0xc3 in for 0x14d
03-28 12:22:11.659 27279 27279 E ArmVmp : Match on catch block at 0xc3 in for 0x151
03-28 12:22:11.673 27279 27279 E ArmVmp : Match on catch block at 0xc3 in for 0x151
03-28 12:22:11.676 27279 27279 E ArmVmp : Match on catch block at 0xc3 in for 0x14d
03-28 12:22:11.677 27279 27279 E ArmVmp : Match on catch block at 0xc3 in for 0x151
03-28 12:22:11.690 27279 27279 E ArmVmp : Match on catch block at 0xc3 in for 0x151
03-28 12:22:11.692 27279 27279 E ArmVmp : Match on catch block at 0xc3 in for 0x14d
03-28 12:22:11.694 27279 27279 E ArmVmp : Match on catch block at 0xc3 in for 0x151
03-28 12:22:11.706 27279 27279 E ArmVmp : Match on catch block at 0xc3 in for 0x151
03-28 12:22:11.708 27279 27279 E ArmVmp : Match on catch block at 0xc3 in for 0x14d
03-28 12:22:11.710 27279 27279 E ArmVmp : Match on catch block at 0xc3 in for 0x151
03-28 12:22:11.723 27279 27279 E ArmVmp : Match on catch block at 0xc3 in for 0x151
03-28 12:22:11.725 27279 27279 E ArmVmp : Match on catch block at 0xc3 in for 0x14d
03-28 12:22:11.727 27279 27279 E ArmVmp : Match on catch block at 0xc3 in for 0x151
03-28 12:22:11.739 27279 27279 E ArmVmp : Match on catch block at 0xc3 in for 0x151
03-28 12:22:11.742 27279 27279 E ArmVmp : Match on catch block at 0xc3 in for 0x14d
03-28 12:22:11.743 27279 27279 E ArmVmp : Match on catch block at 0xc3 in for 0x151
03-28 12:22:11.756 27279 27279 E ArmVmp : Match on catch block at 0xc3 in for 0x151
03-28 12:22:11.759 27279 27279 E ArmVmp : Match on catch block at 0xc3 in for 0x14d
03-28 12:22:11.761 27279 27279 E ArmVmp : Match on catch block at 0xc3 in for 0x151
03-28 12:22:11.793 27279 27279 E ArmVmp : Match on catch block at 0xc3 in for 0x151
03-28 12:22:11.795 27279 27279 E ArmVmp : Match on catch block at 0xc3 in for 0x14d
03-28 12:22:11.797 27279 27279 E ArmVmp : Match on catch block at 0xc3 in for 0x151
03-28 12:22:11.814 27279 27279 E ArmVmp : Match on catch block at 0xc3 in for 0x151
03-28 12:22:11.815 27279 27279 E ArmVmp : Match on catch block at 0xc3 in for 0x14d
03-28 12:22:11.817 27279 27279 E ArmVmp : Match on catch block at 0xc3 in for 0x151
03-28 12:22:11.831 27279 27342 W Parcel : Expecting binder but got null!
03-28 12:22:11.833 27279 27279 E ArmVmp : Match on catch block at 0xc3 in for 0x145
03-28 12:22:11.835 27279 27279 E ArmVmp : Match on catch block at 0xc3 in for 0x141
03-28 12:22:11.836 27279 27279 E ArmVmp : Match on catch block at 0xc3 in for 0x145
03-28 12:22:11.842 27279 27279 E ArmVmp : Match on catch block at 0xc3 in for 0x145
03-28 12:22:11.845 27279 27279 E ArmVmp : Match on catch block at 0xc3 in for 0x141
03-28 12:22:11.846 27279 27279 E ArmVmp : Match on catch block at 0xc3 in for 0x145
03-28 12:22:11.855 27279 27279 E ArmVmp : Match on catch block at 0xc3 in for 0x145
03-28 12:22:11.857 27279 27279 E ArmVmp : Match on catch block at 0xc3 in for 0x141
03-28 12:22:11.859 27279 27279 E ArmVmp : Match on catch block at 0xc3 in for 0x145
03-28 12:22:11.872 27279 27279 E ArmVmp : Match on catch block at 0xc3 in for 0x145
03-28 12:22:11.874 27279 27279 E ArmVmp : Match on catch block at 0xc3 in for 0x141
03-28 12:22:11.876 27279 27279 E ArmVmp : Match on catch block at 0xc3 in for 0x145
03-28 12:22:11.940 27279 27279 E ArmVmp : Match on catch block at 0xc3 in for 0x159
03-28 12:22:11.943 27279 27279 E ArmVmp : Match on catch block at 0xc3 in for 0x155
03-28 12:22:11.945 27279 27279 E ArmVmp : Match on catch block at 0xc3 in for 0x159
03-28 12:22:12.441 27279 27279 E ArmVmp : Match on catch block at 0xc3 in for 0x141
03-28 12:22:12.445 27279 27279 E ArmVmp : Match on catch block at 0xc3 in for 0x159
03-28 12:22:12.447 27279 27279 E ArmVmp : Match on catch block at 0xc3 in for 0x141
03-28 12:22:12.540 27279 27279 E ArmVmp : Match on catch block at 0xc3 in for 0x141
03-28 12:22:12.544 27279 27279 E ArmVmp : Match on catch block at 0xc3 in for 0x159
03-28 12:22:12.546 27279 27279 E ArmVmp : Match on catch block at 0xc3 in for 0x141
03-28 12:22:12.555 27279 27279 E ArmVmp : Match on catch block at 0xc3 in for 0x141
03-28 12:22:12.559 27279 27279 E ArmVmp : Match on catch block at 0xc3 in for 0x159
03-28 12:22:12.561 27279 27279 E ArmVmp : Match on catch block at 0xc3 in for 0x141
03-28 12:22:12.572 27279 27279 E ArmVmp : Match on catch block at 0xc3 in for 0x141
03-28 12:22:12.574 27279 27279 E ArmVmp : Match on catch block at 0xc3 in for 0x159
03-28 12:22:12.576 27279 27279 E ArmVmp : Match on catch block at 0xc3 in for 0x141
03-28 12:22:12.589 27279 27279 E ArmVmp : Match on catch block at 0xc3 in for 0x141
03-28 12:22:12.592 27279 27279 E ArmVmp : Match on catch block at 0xc3 in for 0x159
03-28 12:22:12.594 27279 27279 E ArmVmp : Match on catch block at 0xc3 in for 0x141
03-28 12:22:12.605 27279 27279 E ArmVmp : Match on catch block at 0xc3 in for 0x141
03-28 12:22:12.608 27279 27279 E ArmVmp : Match on catch block at 0xc3 in for 0x159
03-28 12:22:12.610 27279 27279 E ArmVmp : Match on catch block at 0xc3 in for 0x141
03-28 12:22:12.622 27279 27279 E ArmVmp : Match on catch block at 0xc3 in for 0x141
03-28 12:22:12.624 27279 27279 E ArmVmp : Match on catch block at 0xc3 in for 0x159
03-28 12:22:12.626 27279 27279 E ArmVmp : Match on catch block at 0xc3 in for 0x141
03-28 12:22:12.638 27279 27279 E ArmVmp : Match on catch block at 0xc3 in for 0x14d
03-28 12:22:12.641 27279 27279 E ArmVmp : Match on catch block at 0xc3 in for 0x149
03-28 12:22:12.643 27279 27279 E ArmVmp : Match on catch block at 0xc3 in for 0x14d
03-28 12:22:12.656 27279 27279 E ArmVmp : Match on catch block at 0xc3 in for 0x14d
03-28 12:22:12.658 27279 27279 E ArmVmp : Match on catch block at 0xc3 in for 0x149
03-28 12:22:12.660 27279 27279 E ArmVmp : Match on catch block at 0xc3 in for 0x14d
03-28 12:22:12.671 27279 27279 E ArmVmp : Match on catch block at 0xc3 in for 0x14d
03-28 12:22:12.674 27279 27279 E ArmVmp : Match on catch block at 0xc3 in for 0x149
03-28 12:22:12.676 27279 27279 E ArmVmp : Match on catch block at 0xc3 in for 0x14d
03-28 12:22:12.689 27279 27279 E ArmVmp : Match on catch block at 0xc3 in for 0x14d
03-28 12:22:12.692 27279 27279 E ArmVmp : Match on catch block at 0xc3 in for 0x149
03-28 12:22:12.694 27279 27279 E ArmVmp : Match on catch block at 0xc3 in for 0x14d
03-28 12:22:12.705 27279 27279 E ArmVmp : Match on catch block at 0xc3 in for 0x14d
03-28 12:22:12.709 27279 27279 E ArmVmp : Match on catch block at 0xc3 in for 0x149
03-28 12:22:12.711 27279 27279 E ArmVmp : Match on catch block at 0xc3 in for 0x14d
03-28 12:22:12.722 27279 27279 E ArmVmp : Match on catch block at 0xc3 in for 0x14d
03-28 12:22:12.725 27279 27279 E ArmVmp : Match on catch block at 0xc3 in for 0x149
03-28 12:22:12.727 27279 27279 E ArmVmp : Match on catch block at 0xc3 in for 0x14d
03-28 12:22:12.745 27279 27279 E ArmVmp : Match on catch block at 0xc3 in for 0x155
03-28 12:22:12.749 27279 27279 E ArmVmp : Match on catch block at 0xc3 in for 0x151
03-28 12:22:12.752 27279 27279 E ArmVmp : Match on catch block at 0xc3 in for 0x155
03-28 12:22:12.760 27279 27279 E ArmVmp : Match on catch block at 0xc3 in for 0x149
03-28 12:22:12.763 27279 27279 E ArmVmp : Match on catch block at 0xc3 in for 0x145
03-28 12:22:12.764 27279 27279 E ArmVmp : Match on catch block at 0xc3 in for 0x149
03-28 12:22:12.784 27279 27279 E ArmVmp : Match on catch block at 0xc3 in for 0x141
03-28 12:22:12.787 27279 27279 E ArmVmp : Match on catch block at 0xc3 in for 0x159
03-28 12:22:12.789 27279 27279 E ArmVmp : Match on catch block at 0xc3 in for 0x141
03-28 12:22:12.796 27279 27279 E ArmVmp : Match on catch block at 0xc3 in for 0x141
03-28 12:22:12.798 27279 27279 E ArmVmp : Match on catch block at 0xc3 in for 0x159
03-28 12:22:12.800 27279 27279 E ArmVmp : Match on catch block at 0xc3 in for 0x141
03-28 12:22:12.837 27279 27279 W OnBackInvokedCallback: OnBackInvokedCallback is not enabled for the application.
03-28 12:22:12.837 27279 27279 W OnBackInvokedCallback: Set 'android:enableOnBackInvokedCallback="true"' in the application manifest.
03-28 12:22:12.911 27279 27279 E ArmVmp : Match on catch block at 0xc3 in for 0x151
03-28 12:22:12.913 27279 27279 E ArmVmp : Match on catch block at 0xc3 in for 0x14d
03-28 12:22:12.914 27279 27279 E ArmVmp : Match on catch block at 0xc3 in for 0x151
03-28 12:22:12.921 27279 27279 E ArmVmp : Match on catch block at 0xc3 in for 0x149
03-28 12:22:12.923 27279 27279 E ArmVmp : Match on catch block at 0xc3 in for 0x145
03-28 12:22:12.925 27279 27279 E ArmVmp : Match on catch block at 0xc3 in for 0x149
03-28 12:22:12.938 27279 27279 E ArmVmp : Match on catch block at 0xc3 in for 0x149
03-28 12:22:12.941 27279 27279 E ArmVmp : Match on catch block at 0xc3 in for 0x145
03-28 12:22:12.943 27279 27279 E ArmVmp : Match on catch block at 0xc3 in for 0x149
03-28 12:22:13.423 27279 27279 E ArmVmp : Match on catch block at 0xc3 in for 0x145
03-28 12:22:13.425 27279 27279 E ArmVmp : Match on catch block at 0xc3 in for 0x141
03-28 12:22:13.427 27279 27279 E ArmVmp : Match on catch block at 0xc3 in for 0x145
03-28 12:22:13.437 27279 27279 E ArmVmp : Match on catch block at 0xc3 in for 0x141
03-28 12:22:13.440 27279 27279 E ArmVmp : Match on catch block at 0xc3 in for 0x159
03-28 12:22:13.442 27279 27279 E ArmVmp : Match on catch block at 0xc3 in for 0x141
03-28 12:22:13.454 27279 27279 E ArmVmp : Match on catch block at 0xc3 in for 0x141
03-28 12:22:13.456 27279 27279 E ArmVmp : Match on catch block at 0xc3 in for 0x159
03-28 12:22:13.457 27279 27279 E ArmVmp : Match on catch block at 0xc3 in for 0x141
03-28 12:22:13.470 27279 27279 E ArmVmp : Match on catch block at 0xc3 in for 0x141
03-28 12:22:13.472 27279 27279 E ArmVmp : Match on catch block at 0xc3 in for 0x159
03-28 12:22:13.474 27279 27279 E ArmVmp : Match on catch block at 0xc3 in for 0x141
03-28 12:22:13.488 27279 27279 E ArmVmp : Match on catch block at 0xc3 in for 0x141
03-28 12:22:13.490 27279 27279 E ArmVmp : Match on catch block at 0xc3 in for 0x159
03-28 12:22:13.492 27279 27279 E ArmVmp : Match on catch block at 0xc3 in for 0x141
03-28 12:22:13.503 27279 27279 E ArmVmp : Match on catch block at 0xc3 in for 0x141
03-28 12:22:13.505 27279 27279 E ArmVmp : Match on catch block at 0xc3 in for 0x159
03-28 12:22:13.506 27279 27279 E ArmVmp : Match on catch block at 0xc3 in for 0x141
03-28 12:22:13.521 27279 27279 E ArmVmp : Match on catch block at 0xc3 in for 0x141
03-28 12:22:13.523 27279 27279 E ArmVmp : Match on catch block at 0xc3 in for 0x159
03-28 12:22:13.524 27279 27279 E ArmVmp : Match on catch block at 0xc3 in for 0x141
03-28 12:22:13.537 27279 27279 E ArmVmp : Match on catch block at 0xc3 in for 0x141
03-28 12:22:13.540 27279 27279 E ArmVmp : Match on catch block at 0xc3 in for 0x159
03-28 12:22:13.542 27279 27279 E ArmVmp : Match on catch block at 0xc3 in for 0x141
03-28 12:22:13.556 27279 27279 E ArmVmp : Match on catch block at 0xc3 in for 0x141
03-28 12:22:13.558 27279 27279 E ArmVmp : Match on catch block at 0xc3 in for 0x159
03-28 12:22:13.559 27279 27279 E ArmVmp : Match on catch block at 0xc3 in for 0x141
03-28 12:22:13.570 27279 27279 E ArmVmp : Match on catch block at 0xc3 in for 0x141
03-28 12:22:13.572 27279 27279 E ArmVmp : Match on catch block at 0xc3 in for 0x159
03-28 12:22:13.573 27279 27279 E ArmVmp : Match on catch block at 0xc3 in for 0x141
03-28 12:22:13.587 27279 27279 E ArmVmp : Match on catch block at 0xc3 in for 0x141
03-28 12:22:13.590 27279 27279 E ArmVmp : Match on catch block at 0xc3 in for 0x159
03-28 12:22:13.592 27279 27279 E ArmVmp : Match on catch block at 0xc3 in for 0x141
03-28 12:22:13.605 27279 27279 E ArmVmp : Match on catch block at 0xc3 in for 0x141
03-28 12:22:13.607 27279 27279 E ArmVmp : Match on catch block at 0xc3 in for 0x159
03-28 12:22:13.609 27279 27279 E ArmVmp : Match on catch block at 0xc3 in for 0x141
03-28 12:22:13.620 27279 27279 E ArmVmp : Match on catch block at 0xc3 in for 0x149
03-28 12:22:13.624 27279 27279 E ArmVmp : Match on catch block at 0xc3 in for 0x145
03-28 12:22:13.627 27279 27279 E ArmVmp : Match on catch block at 0xc3 in for 0x149
03-28 12:22:13.704 27279 27279 E ArmVmp : Match on catch block at 0xc3 in for 0x151
03-28 12:22:13.707 27279 27279 E ArmVmp : Match on catch block at 0xc3 in for 0x14d
03-28 12:22:13.708 27279 27279 E ArmVmp : Match on catch block at 0xc3 in for 0x151
03-28 12:22:13.853 27279 27279 E ArmVmp : Match on catch block at 0xc3 in for 0x149
03-28 12:22:13.856 27279 27279 E ArmVmp : Match on catch block at 0xc3 in for 0x145
03-28 12:22:13.858 27279 27279 E ArmVmp : Match on catch block at 0xc3 in for 0x149
03-28 12:22:14.353 27279 27279 E ArmVmp : Match on catch block at 0xc3 in for 0x155
03-28 12:22:14.358 27279 27279 E ArmVmp : Match on catch block at 0xc3 in for 0x151
03-28 12:22:14.360 27279 27279 E ArmVmp : Match on catch block at 0xc3 in for 0x155
03-28 12:22:14.520 27279 27279 E ArmVmp : Match on catch block at 0xc3 in for 0x155
03-28 12:22:14.525 27279 27279 E ArmVmp : Match on catch block at 0xc3 in for 0x151
03-28 12:22:14.527 27279 27279 E ArmVmp : Match on catch block at 0xc3 in for 0x155
03-28 12:22:14.536 27279 27279 E ArmVmp : Match on catch block at 0xc3 in for 0x155
03-28 12:22:14.542 27279 27279 E ArmVmp : Match on catch block at 0xc3 in for 0x151
03-28 12:22:14.547 27279 27279 E ArmVmp : Match on catch block at 0xc3 in for 0x155
03-28 12:22:14.552 27279 27279 E ArmVmp : Match on catch block at 0xc3 in for 0x141
03-28 12:22:14.558 27279 27279 E ArmVmp : Match on catch block at 0xc3 in for 0x159
03-28 12:22:14.560 27279 27279 E ArmVmp : Match on catch block at 0xc3 in for 0x141
03-28 12:22:14.570 27279 27279 E ArmVmp : Match on catch block at 0xc3 in for 0x141
03-28 12:22:14.575 27279 27279 E ArmVmp : Match on catch block at 0xc3 in for 0x159
03-28 12:22:14.578 27279 27279 E ArmVmp : Match on catch block at 0xc3 in for 0x141
03-28 12:22:14.586 27279 27279 E ArmVmp : Match on catch block at 0xc3 in for 0x141
03-28 12:22:14.590 27279 27279 E ArmVmp : Match on catch block at 0xc3 in for 0x159
03-28 12:22:14.592 27279 27279 E ArmVmp : Match on catch block at 0xc3 in for 0x141
03-28 12:22:14.603 27279 27279 E ArmVmp : Match on catch block at 0xc3 in for 0x141
03-28 12:22:14.608 27279 27279 E ArmVmp : Match on catch block at 0xc3 in for 0x159
03-28 12:22:14.611 27279 27279 E ArmVmp : Match on catch block at 0xc3 in for 0x141
03-28 12:22:14.626 27279 27279 E ArmVmp : Match on catch block at 0xc3 in for 0x145
03-28 12:22:14.630 27279 27279 E ArmVmp : Match on catch block at 0xc3 in for 0x141
03-28 12:22:14.632 27279 27279 E ArmVmp : Match on catch block at 0xc3 in for 0x145
03-28 12:22:14.645 27279 27279 E ArmVmp : Match on catch block at 0xc3 in for 0x155
03-28 12:22:14.647 27279 27279 E ArmVmp : Match on catch block at 0xc3 in for 0x151
03-28 12:22:14.649 27279 27279 E ArmVmp : Match on catch block at 0xc3 in for 0x155
03-28 12:22:14.667 27279 27279 E ArmVmp : Match on catch block at 0xc3 in for 0x141
03-28 12:22:14.669 27279 27279 E ArmVmp : Match on catch block at 0xc3 in for 0x159
03-28 12:22:14.694 27279 27279 E ArmVmp : Match on catch block at 0xc3 in for 0x141
03-28 12:22:14.697 27279 27279 E ArmVmp : Match on catch block at 0xc3 in for 0x159
03-28 12:22:14.706 27279 27279 E ArmVmp : Match on catch block at 0xc3 in for 0x159
03-28 12:22:14.707 27279 27279 E ArmVmp : Match on catch block at 0xc3 in for 0x155
03-28 12:22:14.718 27279 27279 E ArmVmp : Match on catch block at 0xc3 in for 0x155
03-28 12:22:14.720 27279 27279 E ArmVmp : Match on catch block at 0xc3 in for 0x151
03-28 12:22:14.736 27279 27279 E ArmVmp : Match on catch block at 0xc3 in for 0x145
03-28 12:22:14.738 27279 27279 E ArmVmp : Match on catch block at 0xc3 in for 0x141
03-28 12:22:14.753 27279 27279 E ArmVmp : Match on catch block at 0xc3 in for 0x151
03-28 12:22:14.756 27279 27279 E ArmVmp : Match on catch block at 0xc3 in for 0x14d
03-28 12:22:14.770 27279 27279 E ArmVmp : Match on catch block at 0xc3 in for 0x141
03-28 12:22:14.774 27279 27279 E ArmVmp : Match on catch block at 0xc3 in for 0x159
03-28 12:22:14.786 27279 27279 E ArmVmp : Match on catch block at 0xc3 in for 0x14d
03-28 12:22:14.790 27279 27279 E ArmVmp : Match on catch block at 0xc3 in for 0x149
03-28 12:22:14.803 27279 27279 E ArmVmp : Match on catch block at 0xc3 in for 0x159
03-28 12:22:14.808 27279 27279 E ArmVmp : Match on catch block at 0xc3 in for 0x155
03-28 12:22:14.819 27279 27279 E ArmVmp : Match on catch block at 0xc3 in for 0x149
03-28 12:22:14.824 27279 27279 E ArmVmp : Match on catch block at 0xc3 in for 0x145
03-28 12:22:14.836 27279 27279 E ArmVmp : Match on catch block at 0xc3 in for 0x155
03-28 12:22:14.840 27279 27279 E ArmVmp : Match on catch block at 0xc3 in for 0x151
03-28 12:22:15.060 27279 27279 W SoundPool: Use of stream types is deprecated for operations other than volume control
03-28 12:22:15.060 27279 27279 W SoundPool: See the documentation of SoundPool() for what to use instead with android.media.AudioAttributes to qualify your playback use case
03-28 12:22:15.105 27279 27279 E ArmVmp : Match on catch block at 0xc3 in for 0x155
03-28 12:22:15.106 27279 27279 E ArmVmp : Match on catch block at 0xc3 in for 0x151
03-28 12:22:15.141 27279 27279 W libc : Access denied finding property "vendor.transsion.scroll_adjust.support"
03-28 12:22:15.141 27279 27279 W libc : Access denied finding property "vendor.transsion.scroll_adjust.support"
03-28 12:22:15.143 27279 27734 E CCodec : before change, configure, format : AMessage(what = 0x00000000) = {
03-28 12:22:15.143 27279 27734 E CCodec : string mime = "audio/vorbis"
03-28 12:22:15.143 27279 27734 E CCodec : int64_t durationUs = 65510
03-28 12:22:15.143 27279 27734 E CCodec : int32_t track-id = 1
03-28 12:22:15.143 27279 27734 E CCodec : Buffer csd-0 = {
03-28 12:22:15.143 27279 27734 E CCodec : 00000000: 01 76 6f 72 62 69 73 00 00 00 00 02 44 ac 00 00 .vorbis.....D...
03-28 12:22:15.143 27279 27734 E CCodec : 00000010: 00 00 00 00 00 6b 03 00 00 00 00 00 b8 01 .....k........
03-28 12:22:15.143 27279 27734 E CCodec : }
03-28 12:22:15.143 27279 27734 E CCodec : Buffer *csd-1 = 0xb400007958d1a9f0
03-28 12:22:15.143 27279 27734 E CCodec : int32_t bitrate = 224000
03-28 12:22:15.143 27279 27734 E CCodec : int32_t channel-count = 2
03-28 12:22:15.143 27279 27734 E CCodec : int32_t sample-rate = 44100
03-28 12:22:15.143 27279 27734 E CCodec : int32_t channel-mask = 3
03-28 12:22:15.143 27279 27734 E CCodec : int32_t flags = 0
03-28 12:22:15.143 27279 27734 E CCodec : } , width 0 , higth 0
03-28 12:22:15.143 27279 27733 E CCodec : before change, configure, format : AMessage(what = 0x00000000) = {
03-28 12:22:15.143 27279 27733 E CCodec : string mime = "audio/vorbis"
03-28 12:22:15.143 27279 27733 E CCodec : int64_t durationUs = 105260
03-28 12:22:15.143 27279 27733 E CCodec : int32_t track-id = 1
03-28 12:22:15.143 27279 27733 E CCodec : Buffer csd-0 = {
03-28 12:22:15.143 27279 27733 E CCodec : 00000000: 01 76 6f 72 62 69 73 00 00 00 00 02 44 ac 00 00 .vorbis.....D...
03-28 12:22:15.143 27279 27733 E CCodec : 00000010: 00 00 00 00 00 6b 03 00 00 00 00 00 b8 01 .....k........
03-28 12:22:15.143 27279 27733 E CCodec : }
03-28 12:22:15.143 27279 27733 E CCodec : Buffer *csd-1 = 0xb400007958d19a00
03-28 12:22:15.143 27279 27733 E CCodec : int32_t bitrate = 224000
03-28 12:22:15.143 27279 27733 E CCodec : int32_t channel-count = 2
03-28 12:22:15.143 27279 27733 E CCodec : int32_t sample-rate = 44100
03-28 12:22:15.143 27279 27733 E CCodec : int32_t channel-mask = 3
03-28 12:22:15.143 27279 27733 E CCodec : int32_t flags = 0
03-28 12:22:15.143 27279 27733 E CCodec : } , width 0 , higth 0
03-28 12:22:15.144 27279 27734 W Codec2Client: query -- param skipped: index = 1107298332.
03-28 12:22:15.144 27279 27733 W Codec2Client: query -- param skipped: index = 1107298332.
