03-27 23:59:02.818 7220 7220 W com.mbwhatsapp: Method void com.mbwhatsapp.HomeActivity.A6e() failed lock verification and will run slower.
03-27 23:59:02.918 7220 7220 W libc : Access denied finding property "vendor.transsion.scroll_adjust.support"
03-27 23:59:02.918 7220 7220 W libc : Access denied finding property "vendor.transsion.scroll_adjust.support"
03-27 23:59:02.921 7220 7220 W libc : Access denied finding property "vendor.transsion.scroll_adjust.support"
03-27 23:59:02.921 7220 7220 W libc : Access denied finding property "vendor.transsion.scroll_adjust.support"
03-27 23:59:03.153 7220 7220 E ArmVmp : Match on catch block at 0x0a in for 0x18d
03-27 23:59:03.175 7220 7220 E ArmVmp : Match on catch block at 0x0a in for 0x261
03-27 23:59:03.217 7220 9097 W com.mbwhatsapp: Accessing hidden method Lcom/android/org/conscrypt/ConscryptEngineSocket;->setUseSessionTickets(Z)V (max- target-q,core-platform-api, reflection, denied)
03-27 23:59:03.217 7220 9097 W com.mbwhatsapp: Accessing hidden method Lcom/android/org/conscrypt/OpenSSLSocketImpl;->setUseSessionTickets(Z)V (max- target-q,core-platform-api, reflection, denied)
03-27 23:59:03.218 7220 9097 W com.mbwhatsapp: Accessing hidden method Lcom/android/org/conscrypt/AbstractConscryptSocket;->setUseSessionTickets(Z)V (max- target-q, reflection, denied)
03-27 23:59:03.218 7220 9097 W com.mbwhatsapp: Accessing hidden method Lcom/android/org/conscrypt/ConscryptEngineSocket;->setHostname(Ljava/lang/String;)V (max-target-q,core-platform-api, reflection, denied)
03-27 23:59:03.218 7220 9097 W com.mbwhatsapp: Accessing hidden method Lcom/android/org/conscrypt/OpenSSLSocketImpl;->setHostname(Ljava/lang/String;)V (max-target-q,core-platform-api, reflection, denied)
03-27 23:59:03.218 7220 9097 W com.mbwhatsapp: Accessing hidden method Lcom/android/org/conscrypt/AbstractConscryptSocket;->setHostname(Ljava/lang/ String;)V (max-target-q, reflection, denied)
03-27 23:59:03.218 7220 9097 W com.mbwhatsapp: Accessing hidden method Lcom/android/org/conscrypt/OpenSSLSocketImpl;->setAlpnProtocols([B)V (max-target- q,core-platform-api, reflection, denied)
03-27 23:59:03.218 7220 9097 W com.mbwhatsapp: Accessing hidden method Lcom/android/org/conscrypt/AbstractConscryptSocket;->setAlpnProtocols([B)V (max- target-q, reflection, denied)
03-27 23:59:03.252 7220 7220 W Activity: Can request only one set of permissions at a time
03-27 23:59:03.297 7220 9097 W com.mbwhatsapp: Accessing hidden method Lcom/android/org/conscrypt/OpenSSLSocketImpl;->getAlpnSelectedProtocol()[B (max- target-q,core-platform-api, reflection, denied)
03-27 23:59:03.298 7220 9097 W com.mbwhatsapp: Accessing hidden method Lcom/android/org/conscrypt/AbstractConscryptSocket;->getAlpnSelectedProtocol()[B (max-target-q, reflection, denied)
03-27 23:59:03.453 7220 7339 E ArmVmp : No matching catch block at 0x07
03-27 23:59:03.453 7220 7339 E ArmVmp : Match on catch block at 0x02 in for 0x49
03-27 23:59:03.458 7220 7339 W System.err: java.io.FileNotFoundException: https://pastebin.com/raw/kwjaGXvm
03-27 23:59:03.458 7220 7339 W System.err:
03-27 23:59:03.459 7220 7339 W System.err: at com.android.okhttp.internal.huc.HttpURLConnectionImpl.getInputStream(HttpURLConnect ionImpl.java:255)
03-27 23:59:03.460 7220 7339 W System.err:
03-27 23:59:03.460 7220 7339 W System.err: at com.android.okhttp.internal.huc.DelegatingHttpsURLConnection.getInputStream(Delegat ingHttpsURLConnection.java:211)
03-27 23:59:03.460 7220 7339 W System.err:
03-27 23:59:03.460 7220 7339 W System.err: at com.android.okhttp.internal.huc.HttpsURLConnectionImpl.getInputStream(HttpsURLConne ctionImpl.java:30)
03-27 23:59:03.460 7220 7339 W System.err:
03-27 23:59:03.460 7220 7339 W System.err: at java.net.URL.openStream(URL.java:1072)
03-27 23:59:03.460 7220 7339 W System.err:
03-27 23:59:03.460 7220 7339 W System.err: at mbmodsd.mbmodsw.mbdialog.MBDialogMan.loadJsonFromUrl(Native Method)
03-27 23:59:03.460 7220 7339 W System.err:
03-27 23:59:03.460 7220 7339 W System.err: at mbmodsd.mbmodsw.mbdialog.MBDialogMan.access$000(Native Method)
03-27 23:59:03.460 7220 7339 W System.err:
03-27 23:59:03.461 7220 7339 W System.err: at mbmodsd.mbmodsw.mbdialog.MBDialogMan$FetchJsonTask.doInBackground(Native Method)
03-27 23:59:03.461 7220 7339 W System.err:
03-27 23:59:03.461 7220 7339 W System.err: at mbmodsd.mbmodsw.mbdialog.MBDialogMan$FetchJsonTask.doInBackground(Native Method)
03-27 23:59:03.461 7220 7339 W System.err:
03-27 23:59:03.461 7220 7339 W System.err: at android.os.AsyncTask$3.call(AsyncTask.java:394)
03-27 23:59:03.461 7220 7339 W System.err:
03-27 23:59:03.461 7220 7339 W System.err: at java.util.concurrent.FutureTask.run(FutureTask.java:264)
03-27 23:59:03.461 7220 7339 W System.err:
03-27 23:59:03.461 7220 7339 W System.err: at android.os.AsyncTask$SerialExecutor$1.run(AsyncTask.java:305)
03-27 23:59:03.461 7220 7339 W System.err:
03-27 23:59:03.461 7220 7339 W System.err: at java.util.concurrent.ThreadPoolExecutor.runWorker(ThreadPoolExecutor.java:1137)
03-27 23:59:03.461 7220 7339 W System.err:
03-27 23:59:03.464 7220 7339 W System.err: at java.util.concurrent.ThreadPoolExecutor$Worker.run(ThreadPoolExecutor.java:637)
03-27 23:59:03.464 7220 7339 W System.err:
03-27 23:59:03.464 7220 7339 W System.err: at java.lang.Thread.run(Thread.java:1012)
03-27 23:59:03.464 7220 7339 W System.err:
03-27 23:59:03.507 7220 7220 W libc : Access denied finding property "vendor.transsion.scroll_adjust.support"
03-27 23:59:03.508 7220 7220 W libc : Access denied finding property "vendor.transsion.scroll_adjust.support"
03-27 23:59:03.518 7220 7220 W libc : Access denied finding property "vendor.transsion.scroll_adjust.support"
03-27 23:59:03.518 7220 7220 W libc : Access denied finding property "vendor.transsion.scroll_adjust.support"
03-27 23:59:03.561 7220 7220 E config_debug: TranMultiDecorCaptionView updateConfiguration config: {1.0 510mcc11mnc [in_ID] ldltr sw470dp w470dp h788dp 367dpi nrml long hdr widecg port night finger -keyb/v/h -nav/h winConfig={ mBounds=Rect(0, 0 - 1080, 1917) mAppBounds=Rect(0, 0 - 1080, 1917) mMaxBounds=Rect(0, 0 - 1080, 1917) mDisplayRotation=ROTATION_0 mWindowingMode=fullscreen mDisplayWindowingMode=fullscreen mMultiWindowMode=SMALL mMultiWindowId=10 mWindowResiable=6 mInLargeScreen=0 mActivityType=standard mAlwaysOnTop=undefined mRotation=ROTATION_0 mDisplayUniqueId=0} as.3 s.1 fontWeightAdjustment=0}
03-27 23:59:03.909 7220 7285 W Parcel : Expecting binder but got null!
03-27 23:59:03.920 7220 7220 E ArmVmp : Match on catch block at 0x0a in for 0x1a1 --------- beginning of system
03-27 23:59:03.926 7220 7220 E TranChoreographerImpl: skippedFrames: 32
03-27 23:59:04.067 7220 7220 W libc : Access denied finding property "vendor.transsion.scroll_adjust.support"
03-27 23:59:04.067 7220 7220 W libc : Access denied finding property "vendor.transsion.scroll_adjust.support"
03-27 23:59:04.081 7220 9122 W LOTTIE : Animation contains merge paths. Merge paths are only supported on KitKat+ and must be manually enabled by calling enableMergePathsForKitKatAndAbove().
03-27 23:59:04.183 7220 7220 W libc : Access denied finding property "vendor.transsion.scroll_adjust.support"
03-27 23:59:04.183 7220 7220 W libc : Access denied finding property "vendor.transsion.scroll_adjust.support"
03-27 23:59:04.187 7220 7220 W LOTTIE : Animation contains merge paths but they are disabled.
03-27 23:59:04.272 7220 7230 W System : A resource failed to call end.
03-27 23:59:05.432 7220 7220 W ViewRootImpl: Not reporting timeline because gpuCompletedTime is 9.152445477218467E12ms ahead of presentTime. FRAME_TIMELINE_VSYNC_ID=1732880, INPUT_EVENT_ID=1681584980
03-27 23:59:07.040 7220 7220 W ViewRootImpl: Not reporting timeline because gpuCompletedTime is 9.152447239128988E12ms ahead of presentTime. FRAME_TIMELINE_VSYNC_ID=1734097, INPUT_EVENT_ID=1216967060
03-27 23:59:08.007 7220 7220 E config_debug: TranMultiDecorCaptionView updateConfiguration config: {1.0 510mcc11mnc [in_ID] ldltr sw470dp w470dp h788dp 367dpi nrml long hdr widecg port night finger -keyb/v/h -nav/h winConfig={ mBounds=Rect(0, 0 - 1080, 1917) mAppBounds=Rect(0, 0 - 1080, 1917) mMaxBounds=Rect(0, 0 - 1080, 1917) mDisplayRotation=ROTATION_0 mWindowingMode=fullscreen mDisplayWindowingMode=fullscreen mMultiWindowMode=BIG_ACTIVE_ mMultiWindowId=10 mWindowResiable=6 mInLargeScreen=0 mActivityType=standard mAlwaysOnTop=undefined mRotation=ROTATION_0 mDisplayUniqueId=0} as.3 s.2 fontWeightAdjustment=0}
03-28 00:18:29.531 7220 7220 W com.mbwhatsapp: type=1400 audit(0.0:8452): avc: granted { execute } for comm=4D65646961446F776E6C6F61642023 path="/data/data/com.mbwhatsapp/files/decompressed/libs.spk.zst/libstatic-webp.so" dev="dm-45" ino=18688 scontext=u:r:untrusted_app:s0:c225,c256,c512,c768 tcontext=u:object_r:app_data_file:s0:c225,c256,c512,c768 tclass=file app=com.mbwhatsapp
03-28 00:18:29.623 7220 7273 E SQLiteDatabase: Error inserting transferred=1 media_job_uuid=a0ec2e6b-a672-4700-be5a-4e5b1960a9b9 transcoded=0 gif_attribution=0 first_scan_length=0 direct_path=/v/t62.15575- 24/29539464_948364990204974_4600325754379728383_n.enc?ccb=11-4&oh=01_ASC6O- bBk9uAY_v9qsFoOwH9KoOjjo3enJNLNLWKg507rQ&oe=662BD392&_nc_sid=5e03e0 thumbnail_height_width_ratio=1.0 is_animated_sticker=0 file_hash=RNTYJN0XsvpPPXuujsYymCEkKiV9/4OA0GTCc5Ncsw8= file_path=Media/MBWhatsApp Stickers/STK-20240328-WA0000.webp file_size=79622 partial_media_hash=null face_x=0 face_y=0 height=64 trim_to=0 media_key_timestamp=1711559904000 message_url=https://mmg.whatsapp.net/v/t62.15575- 24/29539464_948364990204974_4600325754379728383_n.enc?ccb=11-4&oh=01_ASC6O- bBk9uAY_v9qsFoOwH9KoOjjo3enJNLNLWKg507rQ&oe=662BD392&_nc_sid=5e03e0&mms3=true media_caption=null trim_from=0 mime_type=image/webp partial_media_enc_hash=null width=64 original_file_hash=null has_streaming_sidecar=0 autotransfer_retry_enabled=1 media_upload_handle=null message_row_id=120 multicast_id=null enc_file_hash=XQikCnBssUSVe2jLLvyp5Ixn2mIvCzKUvhHN2NP4eF4= mute_video=0 page_count=0 first_scan_sidecar=null suspicious_content=0 file_length=79622 media_name=null media_duration=0 chat_row_id=3 media_key=[B@a567ad4
03-28 00:18:29.623 7220 7273 E SQLiteDatabase: android.database.sqlite.SQLiteConstraintException: UNIQUE constraint failed: message_media.message_row_id (code 1555 SQLITE_CONSTRAINT_PRIMARYKEY)
03-28 00:18:29.623 7220 7273 E SQLiteDatabase: at android.database.sqlite.SQLiteConnection.nativeExecuteForLastInsertedRowId(Native Method)
03-28 00:18:29.623 7220 7273 E SQLiteDatabase: at android.database.sqlite.SQLiteConnection.executeForLastInsertedRowId(SQLiteConnecti on.java:961)
03-28 00:18:29.623 7220 7273 E SQLiteDatabase: at android.database.sqlite.SQLiteSession.executeForLastInsertedRowId(SQLiteSession.jav a:790)
03-28 00:18:29.623 7220 7273 E SQLiteDatabase: at android.database.sqlite.SQLiteStatement.executeInsert(SQLiteStatement.java:89)
03-28 00:18:29.623 7220 7273 E SQLiteDatabase: at android.database.sqlite.SQLiteDatabase.insertWithOnConflict(SQLiteDatabase.java:187 4)
03-28 00:18:29.623 7220 7273 E SQLiteDatabase: at android.database.sqlite.SQLiteDatabase.insert(SQLiteDatabase.java:1743)
03-28 00:18:29.623 7220 7273 E SQLiteDatabase: at X.2tm.A08(Unknown Source:6)
03-28 00:18:29.623 7220 7273 E SQLiteDatabase: at X.35Y.A07(Unknown Source:212)
03-28 00:18:29.623 7220 7273 E SQLiteDatabase: at X.3QF.A14(Unknown Source:470)
03-28 00:18:29.623 7220 7273 E SQLiteDatabase: at X.3gU.run(Unknown Source:982)
03-28 00:18:29.623 7220 7273 E SQLiteDatabase: at android.os.Handler.handleCallback(Handler.java:942)
03-28 00:18:29.623 7220 7273 E SQLiteDatabase: at android.os.Handler.dispatchMessage(Handler.java:99)
03-28 00:18:29.623 7220 7273 E SQLiteDatabase: at X.0zq.dispatchMessage(Unknown Source:4)
03-28 00:18:29.623 7220 7273 E SQLiteDatabase: at android.os.Looper.loopOnce(Looper.java:204)
03-28 00:18:29.623 7220 7273 E SQLiteDatabase: at android.os.Looper.loop(Looper.java:291)
03-28 00:18:29.623 7220 7273 E SQLiteDatabase: at android.os.HandlerThread.run(HandlerThread.java:67)
03-28 00:18:32.604 7220 7220 W libc : Access denied finding property "vendor.transsion.scroll_adjust.support"
03-28 00:18:32.604 7220 7220 W libc : Access denied finding property "vendor.transsion.scroll_adjust.support"
03-28 00:18:32.657 7220 7220 W libc : Access denied finding property "vendor.transsion.scroll_adjust.support"
03-28 00:18:32.658 7220 7220 W libc : Access denied finding property "vendor.transsion.scroll_adjust.support"
03-28 00:18:32.701 7220 24402 W LOTTIE : Unknown shape type rd
03-28 00:18:32.889 7220 7220 E ArmVmp : Match on catch block at 0x0a in for 0x199
03-28 00:18:32.892 7220 7220 E ArmVmp : Match on catch block at 0x0a in for 0x195
03-28 00:18:32.907 7220 7220 E ArmVmp : Match on catch block at 0x0a in for 0x38d
03-28 00:18:32.937 7220 7220 W libc : Access denied finding property "vendor.transsion.scroll_adjust.support"
03-28 00:18:32.937 7220 7220 W libc : Access denied finding property "vendor.transsion.scroll_adjust.support"
03-28 00:18:33.005 7220 7285 W Parcel : Expecting binder but got null!
03-28 00:18:33.030 7220 7220 E config_debug: TranMultiDecorCaptionView updateConfiguration config: {1.0 510mcc11mnc [in_ID] ldltr sw470dp w423dp h658dp 367dpi nrml hdr widecg port night finger -keyb/v/h -nav/h winConfig={ mBounds=Rect(0, 0 - 1080, 1566) mAppBounds=Rect(0, 0 - 1080, 1566) mMaxBounds=Rect(0, 0 - 1080, 1566) mDisplayRotation=ROTATION_90 mWindowingMode=fullscreen mDisplayWindowingMode=fullscreen mMultiWindowMode=BIG_ACTIVE_ mMultiWindowId=13 mWindowResiable=6 mInLargeScreen=0 mActivityType=standard mAlwaysOnTop=undefined mRotation=ROTATION_90 mDisplayUniqueId=0} as.3 s.1 fontWeightAdjustment=0}
03-28 00:18:33.040 7220 7220 W libc : Access denied finding property "vendor.transsion.scroll_adjust.support"
03-28 00:18:33.040 7220 7220 W libc : Access denied finding property "vendor.transsion.scroll_adjust.support"
03-28 00:18:33.101 7220 7285 W Parcel : Expecting binder but got null!
03-28 00:18:33.118 7220 7220 E config_debug: TranMultiDecorCaptionView updateConfiguration config: {1.0 510mcc11mnc [in_ID] ldltr sw470dp w423dp h658dp 367dpi nrml hdr widecg port night finger -keyb/v/h -nav/h winConfig={ mBounds=Rect(0, 0 - 1080, 1566) mAppBounds=Rect(0, 0 - 1080, 1566) mMaxBounds=Rect(0, 0 - 1080, 1566) mDisplayRotation=ROTATION_90 mWindowingMode=fullscreen mDisplayWindowingMode=fullscreen mMultiWindowMode=BIG_ACTIVE_ mMultiWindowId=13 mWindowResiable=6 mInLargeScreen=0 mActivityType=standard mAlwaysOnTop=undefined mRotation=ROTATION_90 mDisplayUniqueId=0} as.3 s.1 fontWeightAdjustment=0}
03-28 00:18:33.345 7220 7220 E ArmVmp : Match on catch block at 0xc3 in for 0x175
03-28 00:18:33.348 7220 7220 E ArmVmp : Match on catch block at 0xc3 in for 0x16d
03-28 00:18:33.350 7220 7220 E ArmVmp : Match on catch block at 0xc3 in for 0x165
03-28 00:18:33.468 7220 7285 W Parcel : Expecting binder but got null!
03-28 00:18:33.507 7220 7220 E ArmVmp : Match on catch block at 0xc3 in for 0x141
03-28 00:18:33.511 7220 7220 E ArmVmp : Match on catch block at 0xc3 in for 0x159
03-28 00:18:33.515 7220 7220 E ArmVmp : Match on catch block at 0xc3 in for 0x141
03-28 00:18:33.740 7220 7220 E ArmVmp : Match on catch block at 0x0a in for 0x3f1
03-28 00:18:33.762 7220 7220 E ArmVmp : Match on catch block at 0xc3 in for 0x141
03-28 00:18:33.765 7220 7220 E ArmVmp : Match on catch block at 0xc3 in for 0x159
03-28 00:18:33.768 7220 7220 E ArmVmp : Match on catch block at 0xc3 in for 0x141
03-28 00:18:33.830 7220 7285 W Parcel : Expecting binder but got null!
03-28 00:18:33.876 7220 7220 E ArmVmp : Match on catch block at 0xc3 in for 0x14d
03-28 00:18:33.878 7220 7220 E ArmVmp : Match on catch block at 0xc3 in for 0x149
03-28 00:18:33.879 7220 7220 E ArmVmp : Match on catch block at 0xc3 in for 0x14d
03-28 00:18:33.915 7220 7220 E ArmVmp : Match on catch block at 0xc3 in for 0x151
03-28 00:18:33.916 7220 7220 E ArmVmp : Match on catch block at 0xc3 in for 0x14d
03-28 00:18:33.917 7220 7220 E ArmVmp : Match on catch block at 0xc3 in for 0x151
03-28 00:18:33.947 7220 7220 E ArmVmp : Match on catch block at 0xc3 in for 0x151
03-28 00:18:33.949 7220 7220 E ArmVmp : Match on catch block at 0xc3 in for 0x14d
03-28 00:18:33.950 7220 7220 E ArmVmp : Match on catch block at 0xc3 in for 0x151
03-28 00:18:33.994 7220 7220 E ArmVmp : Match on catch block at 0xc3 in for 0x14d
03-28 00:18:33.995 7220 7220 E ArmVmp : Match on catch block at 0xc3 in for 0x149
03-28 00:18:33.996 7220 7220 E ArmVmp : Match on catch block at 0xc3 in for 0x14d
03-28 00:18:34.028 7220 7220 E ArmVmp : Match on catch block at 0xc3 in for 0x149
03-28 00:18:34.030 7220 7220 E ArmVmp : Match on catch block at 0xc3 in for 0x145
03-28 00:18:34.031 7220 7220 E ArmVmp : Match on catch block at 0xc3 in for 0x149
03-28 00:18:34.059 7220 7220 E ArmVmp : Match on catch block at 0xc3 in for 0x145
03-28 00:18:34.060 7220 7220 E ArmVmp : Match on catch block at 0xc3 in for 0x141
03-28 00:18:34.061 7220 7220 E ArmVmp : Match on catch block at 0xc3 in for 0x145
03-28 00:18:34.086 7220 7220 E ArmVmp : Match on catch block at 0xc3 in for 0x141
03-28 00:18:34.087 7220 7220 E ArmVmp : Match on catch block at 0xc3 in for 0x159
03-28 00:18:34.088 7220 7220 E ArmVmp : Match on catch block at 0xc3 in for 0x141
03-28 00:18:34.112 7220 7220 E ArmVmp : Match on catch block at 0xc3 in for 0x159
03-28 00:18:34.113 7220 7220 E ArmVmp : Match on catch block at 0xc3 in for 0x155
03-28 00:18:34.114 7220 7220 E ArmVmp : Match on catch block at 0xc3 in for 0x159
03-28 00:18:34.134 7220 7220 E ArmVmp : Match on catch block at 0xc3 in for 0x155
03-28 00:18:34.136 7220 7220 E ArmVmp : Match on catch block at 0xc3 in for 0x151
03-28 00:18:34.137 7220 7220 E ArmVmp : Match on catch block at 0xc3 in for 0x155
03-28 00:18:34.158 7220 7220 E ArmVmp : Match on catch block at 0xc3 in for 0x151
03-28 00:18:34.159 7220 7220 E ArmVmp : Match on catch block at 0xc3 in for 0x14d
03-28 00:18:34.161 7220 7220 E ArmVmp : Match on catch block at 0xc3 in for 0x151
03-28 00:18:34.180 7220 7220 E ArmVmp : Match on catch block at 0xc3 in for 0x14d
03-28 00:18:34.182 7220 7220 E ArmVmp : Match on catch block at 0xc3 in for 0x149
03-28 00:18:34.183 7220 7220 E ArmVmp : Match on catch block at 0xc3 in for 0x14d
03-28 00:18:34.203 7220 7220 E ArmVmp : Match on catch block at 0xc3 in for 0x155
03-28 00:18:34.204 7220 7220 E ArmVmp : Match on catch block at 0xc3 in for 0x151
03-28 00:18:34.205 7220 7220 E ArmVmp : Match on catch block at 0xc3 in for 0x155
03-28 00:18:34.223 7220 7220 E ArmVmp : Match on catch block at 0xc3 in for 0x159
03-28 00:18:34.225 7220 7220 E ArmVmp : Match on catch block at 0xc3 in for 0x155
03-28 00:18:34.226 7220 7220 E ArmVmp : Match on catch block at 0xc3 in for 0x159
03-28 00:18:34.246 7220 7220 E ArmVmp : Match on catch block at 0xc3 in for 0x141
03-28 00:18:34.247 7220 7220 E ArmVmp : Match on catch block at 0xc3 in for 0x159
03-28 00:18:34.248 7220 7220 E ArmVmp : Match on catch block at 0xc3 in for 0x141
03-28 00:18:34.268 7220 7220 E ArmVmp : Match on catch block at 0xc3 in for 0x145
03-28 00:18:34.269 7220 7220 E ArmVmp : Match on catch block at 0xc3 in for 0x141
03-28 00:18:34.270 7220 7220 E ArmVmp : Match on catch block at 0xc3 in for 0x145
03-28 00:18:34.299 7220 7220 E ArmVmp : Match on catch block at 0xc3 in for 0x149
03-28 00:18:34.300 7220 7220 E ArmVmp : Match on catch block at 0xc3 in for 0x145
03-28 00:18:34.301 7220 7220 E ArmVmp : Match on catch block at 0xc3 in for 0x149
03-28 00:18:34.320 7220 7220 E ArmVmp : Match on catch block at 0xc3 in for 0x14d
03-28 00:18:34.322 7220 7220 E ArmVmp : Match on catch block at 0xc3 in for 0x149
03-28 00:18:34.323 7220 7220 E ArmVmp : Match on catch block at 0xc3 in for 0x14d
03-28 00:18:34.340 7220 7220 E ArmVmp : Match on catch block at 0xc3 in for 0x151
03-28 00:18:34.342 7220 7220 E ArmVmp : Match on catch block at 0xc3 in for 0x14d
03-28 00:18:34.343 7220 7220 E ArmVmp : Match on catch block at 0xc3 in for 0x151
03-28 00:18:34.361 7220 7220 E ArmVmp : Match on catch block at 0xc3 in for 0x155
03-28 00:18:34.363 7220 7220 E ArmVmp : Match on catch block at 0xc3 in for 0x151
03-28 00:18:34.364 7220 7220 E ArmVmp : Match on catch block at 0xc3 in for 0x155
03-28 00:18:34.382 7220 7220 E ArmVmp : Match on catch block at 0xc3 in for 0x159
03-28 00:18:34.384 7220 7220 E ArmVmp : Match on catch block at 0xc3 in for 0x155
03-28 00:18:34.385 7220 7220 E ArmVmp : Match on catch block at 0xc3 in for 0x159
03-28 00:18:34.403 7220 7220 E ArmVmp : Match on catch block at 0xc3 in for 0x141
03-28 00:18:34.404 7220 7220 E ArmVmp : Match on catch block at 0xc3 in for 0x159
03-28 00:18:34.405 7220 7220 E ArmVmp : Match on catch block at 0xc3 in for 0x141
03-28 00:18:34.425 7220 7220 E ArmVmp : Match on catch block at 0xc3 in for 0x145
03-28 00:18:34.426 7220 7220 E ArmVmp : Match on catch block at 0xc3 in for 0x141
03-28 00:18:34.427 7220 7220 E ArmVmp : Match on catch block at 0xc3 in for 0x145
03-28 00:18:34.445 7220 7220 E ArmVmp : Match on catch block at 0xc3 in for 0x149
03-28 00:18:34.446 7220 7220 E ArmVmp : Match on catch block at 0xc3 in for 0x145
03-28 00:18:34.447 7220 7220 E ArmVmp : Match on catch block at 0xc3 in for 0x149
03-28 00:18:34.467 7220 7220 E ArmVmp : Match on catch block at 0xc3 in for 0x14d
03-28 00:18:34.469 7220 7220 E ArmVmp : Match on catch block at 0xc3 in for 0x149
03-28 00:18:34.470 7220 7220 E ArmVmp : Match on catch block at 0xc3 in for 0x14d
03-28 00:18:34.488 7220 7220 E ArmVmp : Match on catch block at 0xc3 in for 0x155
03-28 00:18:34.489 7220 7220 E ArmVmp : Match on catch block at 0xc3 in for 0x151
03-28 00:18:34.490 7220 7220 E ArmVmp : Match on catch block at 0xc3 in for 0x155
03-28 00:18:34.509 7220 7220 E ArmVmp : Match on catch block at 0xc3 in for 0x145
03-28 00:18:34.510 7220 7220 E ArmVmp : Match on catch block at 0xc3 in for 0x141
03-28 00:18:34.511 7220 7220 E ArmVmp : Match on catch block at 0xc3 in for 0x145
03-28 00:18:34.531 7220 7220 E ArmVmp : Match on catch block at 0xc3 in for 0x151
03-28 00:18:34.533 7220 7220 E ArmVmp : Match on catch block at 0xc3 in for 0x14d
03-28 00:18:34.535 7220 7220 E ArmVmp : Match on catch block at 0xc3 in for 0x151
03-28 00:18:34.554 7220 7220 E ArmVmp : Match on catch block at 0xc3 in for 0x141
03-28 00:18:34.555 7220 7220 E ArmVmp : Match on catch block at 0xc3 in for 0x159
03-28 00:18:34.556 7220 7220 E ArmVmp : Match on catch block at 0xc3 in for 0x141
03-28 00:18:34.576 7220 7220 E ArmVmp : Match on catch block at 0xc3 in for 0x14d
03-28 00:18:34.578 7220 7220 E ArmVmp : Match on catch block at 0xc3 in for 0x149
03-28 00:18:34.579 7220 7220 E ArmVmp : Match on catch block at 0xc3 in for 0x14d
03-28 00:18:34.597 7220 7220 E ArmVmp : Match on catch block at 0xc3 in for 0x141
03-28 00:18:34.598 7220 7220 E ArmVmp : Match on catch block at 0xc3 in for 0x159
03-28 00:18:34.599 7220 7220 E ArmVmp : Match on catch block at 0xc3 in for 0x141
03-28 00:18:34.619 7220 7220 E ArmVmp : Match on catch block at 0xc3 in for 0x159
03-28 00:18:34.620 7220 7220 E ArmVmp : Match on catch block at 0xc3 in for 0x155
03-28 00:18:34.621 7220 7220 E ArmVmp : Match on catch block at 0xc3 in for 0x159
03-28 00:18:34.641 7220 7220 E ArmVmp : Match on catch block at 0xc3 in for 0x159
03-28 00:18:34.643 7220 7220 E ArmVmp : Match on catch block at 0xc3 in for 0x155
03-28 00:18:34.643 7220 7220 E ArmVmp : Match on catch block at 0xc3 in for 0x159
03-28 00:18:34.662 7220 7220 E ArmVmp : Match on catch block at 0xc3 in for 0x159
03-28 00:18:34.664 7220 7220 E ArmVmp : Match on catch block at 0xc3 in for 0x155
03-28 00:18:34.665 7220 7220 E ArmVmp : Match on catch block at 0xc3 in for 0x159
03-28 00:18:34.685 7220 7220 E ArmVmp : Match on catch block at 0xc3 in for 0x141
03-28 00:18:34.686 7220 7220 E ArmVmp : Match on catch block at 0xc3 in for 0x159
03-28 00:18:34.688 7220 7220 E ArmVmp : Match on catch block at 0xc3 in for 0x141
03-28 00:18:34.707 7220 7220 E ArmVmp : Match on catch block at 0xc3 in for 0x14d
03-28 00:18:34.708 7220 7220 E ArmVmp : Match on catch block at 0xc3 in for 0x149
03-28 00:18:34.709 7220 7220 E ArmVmp : Match on catch block at 0xc3 in for 0x14d
03-28 00:18:34.731 7220 7220 E ArmVmp : Match on catch block at 0xc3 in for 0x141
03-28 00:18:34.732 7220 7220 E ArmVmp : Match on catch block at 0xc3 in for 0x159
03-28 00:18:34.733 7220 7220 E ArmVmp : Match on catch block at 0xc3 in for 0x141
03-28 00:18:34.753 7220 7220 E ArmVmp : Match on catch block at 0xc3 in for 0x151
03-28 00:18:34.754 7220 7220 E ArmVmp : Match on catch block at 0xc3 in for 0x14d
03-28 00:18:34.755 7220 7220 E ArmVmp : Match on catch block at 0xc3 in for 0x151
03-28 00:18:34.778 7220 7220 E ArmVmp : Match on catch block at 0xc3 in for 0x145
03-28 00:18:34.779 7220 7220 E ArmVmp : Match on catch block at 0xc3 in for 0x141
03-28 00:18:34.780 7220 7220 E ArmVmp : Match on catch block at 0xc3 in for 0x145
03-28 00:18:34.802 7220 7220 E ArmVmp : Match on catch block at 0xc3 in for 0x155
03-28 00:18:34.803 7220 7220 E ArmVmp : Match on catch block at 0xc3 in for 0x151
03-28 00:18:34.804 7220 7220 E ArmVmp : Match on catch block at 0xc3 in for 0x155
03-28 00:18:34.824 7220 7220 E ArmVmp : Match on catch block at 0xc3 in for 0x149
03-28 00:18:34.825 7220 7220 E ArmVmp : Match on catch block at 0xc3 in for 0x145
03-28 00:18:34.826 7220 7220 E ArmVmp : Match on catch block at 0xc3 in for 0x149
03-28 00:18:34.845 7220 7220 E ArmVmp : Match on catch block at 0xc3 in for 0x159
03-28 00:18:34.847 7220 7220 E ArmVmp : Match on catch block at 0xc3 in for 0x155
03-28 00:18:34.847 7220 7220 E ArmVmp : Match on catch block at 0xc3 in for 0x159
03-28 00:18:34.868 7220 7220 E ArmVmp : Match on catch block at 0xc3 in for 0x14d
03-28 00:18:34.870 7220 7220 E ArmVmp : Match on catch block at 0xc3 in for 0x149
03-28 00:18:34.871 7220 7220 E ArmVmp : Match on catch block at 0xc3 in for 0x14d
03-28 00:18:34.896 7220 7220 E RippleDrawable: The RippleDrawable.STYLE_PATTERNED animation is not supported for a non-hardware accelerated Canvas. Skipping animation.
03-28 00:18:34.904 7220 7220 E ArmVmp : Match on catch block at 0xc3 in for 0x145
03-28 00:18:34.906 7220 7220 E ArmVmp : Match on catch block at 0xc3 in for 0x141
03-28 00:18:34.906 7220 7220 E ArmVmp : Match on catch block at 0xc3 in for 0x145
03-28 00:18:34.918 7220 7220 E RippleDrawable: The RippleDrawable.STYLE_PATTERNED animation is not supported for a non-hardware accelerated Canvas. Skipping animation.
03-28 00:18:34.926 7220 7220 E ArmVmp : Match on catch block at 0xc3 in for 0x155
03-28 00:18:34.927 7220 7220 E ArmVmp : Match on catch block at 0xc3 in for 0x151
03-28 00:18:34.928 7220 7220 E ArmVmp : Match on catch block at 0xc3 in for 0x155
03-28 00:18:34.939 7220 7220 E RippleDrawable: The RippleDrawable.STYLE_PATTERNED animation is not supported for a non-hardware accelerated Canvas. Skipping animation.
03-28 00:18:34.948 7220 7220 E ArmVmp : Match on catch block at 0xc3 in for 0x149
03-28 00:18:34.949 7220 7220 E ArmVmp : Match on catch block at 0xc3 in for 0x145
03-28 00:18:34.950 7220 7220 E ArmVmp : Match on catch block at 0xc3 in for 0x149
03-28 00:18:34.961 7220 7220 E RippleDrawable: The RippleDrawable.STYLE_PATTERNED animation is not supported for a non-hardware accelerated Canvas. Skipping animation.
03-28 00:18:34.969 7220 7220 E ArmVmp : Match on catch block at 0xc3 in for 0x149
03-28 00:18:34.971 7220 7220 E ArmVmp : Match on catch block at 0xc3 in for 0x145
03-28 00:18:34.971 7220 7220 E ArmVmp : Match on catch block at 0xc3 in for 0x149
03-28 00:18:34.982 7220 7220 E RippleDrawable: The RippleDrawable.STYLE_PATTERNED animation is not supported for a non-hardware accelerated Canvas. Skipping animation.
03-28 00:18:34.990 7220 7220 E ArmVmp : Match on catch block at 0xc3 in for 0x149
03-28 00:18:34.992 7220 7220 E ArmVmp : Match on catch block at 0xc3 in for 0x145
03-28 00:18:34.993 7220 7220 E ArmVmp : Match on catch block at 0xc3 in for 0x149
03-28 00:18:35.029 7220 7220 E ArmVmp : Match on catch block at 0xc3 in for 0x155
03-28 00:18:35.030 7220 7220 E ArmVmp : Match on catch block at 0xc3 in for 0x151
03-28 00:18:35.030 7220 7220 E ArmVmp : Match on catch block at 0xc3 in for 0x155
03-28 00:18:35.045 7220 7220 E ArmVmp : Match on catch block at 0xc3 in for 0x155
03-28 00:18:35.046 7220 7220 E ArmVmp : Match on catch block at 0xc3 in for 0x151
03-28 00:18:35.047 7220 7220 E ArmVmp : Match on catch block at 0xc3 in for 0x155
03-28 00:18:35.061 7220 7220 E ArmVmp : Match on catch block at 0xc3 in for 0x155
03-28 00:18:35.063 7220 7220 E ArmVmp : Match on catch block at 0xc3 in for 0x151
03-28 00:18:35.063 7220 7220 E ArmVmp : Match on catch block at 0xc3 in for 0x155
03-28 00:18:35.086 7220 7220 E ArmVmp : Match on catch block at 0xc3 in for 0x155
03-28 00:18:35.088 7220 7220 E ArmVmp : Match on catch block at 0xc3 in for 0x151
03-28 00:18:35.089 7220 7220 E ArmVmp : Match on catch block at 0xc3 in for 0x155
03-28 00:18:35.107 7220 7220 E ArmVmp : Match on catch block at 0xc3 in for 0x155
03-28 00:18:35.109 7220 7220 E ArmVmp : Match on catch block at 0xc3 in for 0x151
03-28 00:18:35.109 7220 7220 E ArmVmp : Match on catch block at 0xc3 in for 0x155
03-28 00:18:35.124 7220 7220 E ArmVmp : Match on catch block at 0xc3 in for 0x155
03-28 00:18:35.126 7220 7220 E ArmVmp : Match on catch block at 0xc3 in for 0x151
03-28 00:18:35.127 7220 7220 E ArmVmp : Match on catch block at 0xc3 in for 0x155
03-28 00:18:35.140 7220 7220 E ArmVmp : Match on catch block at 0xc3 in for 0x155
03-28 00:18:35.142 7220 7220 E ArmVmp : Match on catch block at 0xc3 in for 0x151
03-28 00:18:35.142 7220 7220 E ArmVmp : Match on catch block at 0xc3 in for 0x155
03-28 00:18:35.158 7220 7220 E ArmVmp : Match on catch block at 0xc3 in for 0x155
03-28 00:18:35.159 7220 7220 E ArmVmp : Match on catch block at 0xc3 in for 0x151
03-28 00:18:35.160 7220 7220 E ArmVmp : Match on catch block at 0xc3 in for 0x155
03-28 00:18:35.177 7220 7220 E ArmVmp : Match on catch block at 0xc3 in for 0x155
03-28 00:18:35.179 7220 7220 E ArmVmp : Match on catch block at 0xc3 in for 0x151
03-28 00:18:35.180 7220 7220 E ArmVmp : Match on catch block at 0xc3 in for 0x155
03-28 00:18:35.196 7220 7220 E ArmVmp : Match on catch block at 0xc3 in for 0x155
03-28 00:18:35.198 7220 7220 E ArmVmp : Match on catch block at 0xc3 in for 0x151
03-28 00:18:35.199 7220 7220 E ArmVmp : Match on catch block at 0xc3 in for 0x155
03-28 00:18:35.215 7220 7220 E ArmVmp : Match on catch block at 0xc3 in for 0x155
03-28 00:18:35.217 7220 7220 E ArmVmp : Match on catch block at 0xc3 in for 0x151
03-28 00:18:35.219 7220 7220 E ArmVmp : Match on catch block at 0xc3 in for 0x155
03-28 00:18:35.234 7220 7220 E ArmVmp : Match on catch block at 0xc3 in for 0x145
03-28 00:18:35.236 7220 7220 E ArmVmp : Match on catch block at 0xc3 in for 0x141
03-28 00:18:35.237 7220 7220 E ArmVmp : Match on catch block at 0xc3 in for 0x145
03-28 00:18:35.254 7220 7220 E ArmVmp : Match on catch block at 0xc3 in for 0x151
03-28 00:18:35.255 7220 7220 E ArmVmp : Match on catch block at 0xc3 in for 0x14d
03-28 00:18:35.256 7220 7220 E ArmVmp : Match on catch block at 0xc3 in for 0x151
03-28 00:18:35.270 7220 7220 E ArmVmp : Match on catch block at 0xc3 in for 0x141
03-28 00:18:35.271 7220 7220 E ArmVmp : Match on catch block at 0xc3 in for 0x159
03-28 00:18:35.272 7220 7220 E ArmVmp : Match on catch block at 0xc3 in for 0x141
03-28 00:18:35.285 7220 7220 E ArmVmp : Match on catch block at 0xc3 in for 0x14d
03-28 00:18:35.287 7220 7220 E ArmVmp : Match on catch block at 0xc3 in for 0x149
03-28 00:18:35.288 7220 7220 E ArmVmp : Match on catch block at 0xc3 in for 0x14d
03-28 00:18:35.301 7220 7220 E ArmVmp : Match on catch block at 0xc3 in for 0x159
03-28 00:18:35.302 7220 7220 E ArmVmp : Match on catch block at 0xc3 in for 0x155
03-28 00:18:35.304 7220 7220 E ArmVmp : Match on catch block at 0xc3 in for 0x159
03-28 00:18:35.318 7220 7220 E ArmVmp : Match on catch block at 0xc3 in for 0x149
03-28 00:18:35.320 7220 7220 E ArmVmp : Match on catch block at 0xc3 in for 0x145
03-28 00:18:35.321 7220 7220 E ArmVmp : Match on catch block at 0xc3 in for 0x149
03-28 00:18:35.335 7220 7220 E ArmVmp : Match on catch block at 0xc3 in for 0x155
03-28 00:18:35.337 7220 7220 E ArmVmp : Match on catch block at 0xc3 in for 0x151
03-28 00:18:35.338 7220 7220 E ArmVmp : Match on catch block at 0xc3 in for 0x155
03-28 00:18:35.353 7220 7220 E ArmVmp : Match on catch block at 0xc3 in for 0x151
03-28 00:18:35.354 7220 7220 E ArmVmp : Match on catch block at 0xc3 in for 0x14d
03-28 00:18:35.355 7220 7220 E ArmVmp : Match on catch block at 0xc3 in for 0x151
03-28 00:18:35.369 7220 7220 E ArmVmp : Match on catch block at 0xc3 in for 0x159
03-28 00:18:35.370 7220 7220 E ArmVmp : Match on catch block at 0xc3 in for 0x155
03-28 00:18:35.371 7220 7220 E ArmVmp : Match on catch block at 0xc3 in for 0x159
03-28 00:18:35.384 7220 7220 E ArmVmp : Match on catch block at 0xc3 in for 0x145
03-28 00:18:35.386 7220 7220 E ArmVmp : Match on catch block at 0xc3 in for 0x141
03-28 00:18:35.387 7220 7220 E ArmVmp : Match on catch block at 0xc3 in for 0x145
03-28 00:18:35.400 7220 7220 E ArmVmp : Match on catch block at 0xc3 in for 0x14d
03-28 00:18:35.401 7220 7220 E ArmVmp : Match on catch block at 0xc3 in for 0x149
03-28 00:18:35.402 7220 7220 E ArmVmp : Match on catch block at 0xc3 in for 0x14d
03-28 00:18:35.415 7220 7220 E ArmVmp : Match on catch block at 0xc3 in for 0x155
03-28 00:18:35.417 7220 7220 E ArmVmp : Match on catch block at 0xc3 in for 0x151
03-28 00:18:35.418 7220 7220 E ArmVmp : Match on catch block at 0xc3 in for 0x155
03-28 00:18:35.434 7220 7220 E ArmVmp : Match on catch block at 0xc3 in for 0x14d
03-28 00:18:35.436 7220 7220 E ArmVmp : Match on catch block at 0xc3 in for 0x149
03-28 00:18:35.437 7220 7220 E ArmVmp : Match on catch block at 0xc3 in for 0x14d
03-28 00:18:35.450 7220 7220 E ArmVmp : Match on catch block at 0xc3 in for 0x151
03-28 00:18:35.452 7220 7220 E ArmVmp : Match on catch block at 0xc3 in for 0x14d
03-28 00:18:35.452 7220 7220 E ArmVmp : Match on catch block at 0xc3 in for 0x151
03-28 00:18:35.460 7220 7220 E ArmVmp : Match on catch block at 0xc3 in for 0x155
03-28 00:18:35.462 7220 7220 E ArmVmp : Match on catch block at 0xc3 in for 0x151
03-28 00:18:35.462 7220 7220 E ArmVmp : Match on catch block at 0xc3 in for 0x155
03-28 00:18:35.507 7220 7220 E ArmVmp : Match on catch block at 0xc3 in for 0x141
03-28 00:18:35.510 7220 7220 E ArmVmp : Match on catch block at 0xc3 in for 0x159
03-28 00:18:35.512 7220 7220 E ArmVmp : Match on catch block at 0xc3 in for 0x141
03-28 00:18:35.523 7220 7220 E ArmVmp : Match on catch block at 0xc3 in for 0x149
03-28 00:18:35.525 7220 7220 E ArmVmp : Match on catch block at 0xc3 in for 0x145
03-28 00:18:35.526 7220 7220 E ArmVmp : Match on catch block at 0xc3 in for 0x149
03-28 00:18:35.539 7220 7220 E ArmVmp : Match on catch block at 0xc3 in for 0x145
03-28 00:18:35.541 7220 7220 E ArmVmp : Match on catch block at 0xc3 in for 0x141
03-28 00:18:35.542 7220 7220 E ArmVmp : Match on catch block at 0xc3 in for 0x145
03-28 00:18:35.577 7220 7220 E ArmVmp : Match on catch block at 0xc3 in for 0x14d
03-28 00:18:35.579 7220 7220 E ArmVmp : Match on catch block at 0xc3 in for 0x149
03-28 00:18:35.581 7220 7220 E ArmVmp : Match on catch block at 0xc3 in for 0x14d
03-28 00:18:35.591 7220 7220 E ArmVmp : Match on catch block at 0xc3 in for 0x14d
03-28 00:18:35.594 7220 7220 E ArmVmp : Match on catch block at 0xc3 in for 0x149
03-28 00:18:35.595 7220 7220 E ArmVmp : Match on catch block at 0xc3 in for 0x14d
03-28 00:18:35.606 7220 7220 E ArmVmp : Match on catch block at 0xc3 in for 0x155
03-28 00:18:35.608 7220 7220 E ArmVmp : Match on catch block at 0xc3 in for 0x151
03-28 00:18:35.610 7220 7220 E ArmVmp : Match on catch block at 0xc3 in for 0x155
03-28 00:18:35.622 7220 7220 E ArmVmp : Match on catch block at 0xc3 in for 0x155
03-28 00:18:35.624 7220 7220 E ArmVmp : Match on catch block at 0xc3 in for 0x151
03-28 00:18:35.626 7220 7220 E ArmVmp : Match on catch block at 0xc3 in for 0x155
03-28 00:18:35.640 7220 7220 E ArmVmp : Match on catch block at 0xc3 in for 0x155
03-28 00:18:35.642 7220 7220 E ArmVmp : Match on catch block at 0xc3 in for 0x151
03-28 00:18:35.644 7220 7220 E ArmVmp : Match on catch block at 0xc3 in for 0x155
03-28 00:18:35.656 7220 7220 E ArmVmp : Match on catch block at 0xc3 in for 0x155
03-28 00:18:35.658 7220 7220 E ArmVmp : Match on catch block at 0xc3 in for 0x151
03-28 00:18:35.659 7220 7220 E ArmVmp : Match on catch block at 0xc3 in for 0x155
03-28 00:18:35.673 7220 7220 E ArmVmp : Match on catch block at 0xc3 in for 0x155
03-28 00:18:35.675 7220 7220 E ArmVmp : Match on catch block at 0xc3 in for 0x151
03-28 00:18:35.676 7220 7220 E ArmVmp : Match on catch block at 0xc3 in for 0x155
03-28 00:18:35.689 7220 7220 E ArmVmp : Match on catch block at 0xc3 in for 0x155
03-28 00:18:35.691 7220 7220 E ArmVmp : Match on catch block at 0xc3 in for 0x151
03-28 00:18:35.693 7220 7220 E ArmVmp : Match on catch block at 0xc3 in for 0x155
03-28 00:18:35.706 7220 7220 E ArmVmp : Match on catch block at 0xc3 in for 0x155
03-28 00:18:35.710 7220 7220 E ArmVmp : Match on catch block at 0xc3 in for 0x151
03-28 00:18:35.711 7220 7220 E ArmVmp : Match on catch block at 0xc3 in for 0x155
03-28 00:18:35.723 7220 7220 E ArmVmp : Match on catch block at 0xc3 in for 0x155
03-28 00:18:35.727 7220 7220 E ArmVmp : Match on catch block at 0xc3 in for 0x151
03-28 00:18:35.728 7220 7220 E ArmVmp : Match on catch block at 0xc3 in for 0x155
03-28 00:18:35.741 7220 7220 E ArmVmp : Match on catch block at 0xc3 in for 0x155
03-28 00:18:35.749 7220 7220 E ArmVmp : Match on catch block at 0xc3 in for 0x151
03-28 00:18:35.751 7220 7220 E ArmVmp : Match on catch block at 0xc3 in for 0x155
03-28 00:18:35.760 7220 7220 E ArmVmp : Match on catch block at 0xc3 in for 0x141
03-28 00:18:35.762 7220 7220 E ArmVmp : Match on catch block at 0xc3 in for 0x159
03-28 00:18:35.763 7220 7220 E ArmVmp : Match on catch block at 0xc3 in for 0x141
03-28 00:18:35.972 7220 7220 E ArmVmp : Match on catch block at 0xc3 in for 0x141
03-28 00:18:35.973 7220 7220 E ArmVmp : Match on catch block at 0xc3 in for 0x159
03-28 00:18:35.975 7220 7220 E ArmVmp : Match on catch block at 0xc3 in for 0x141
03-28 00:18:36.438 7220 7220 E RippleDrawable: The RippleDrawable.STYLE_PATTERNED animation is not supported for a non-hardware accelerated Canvas. Skipping animation.
03-28 00:18:36.455 7220 7220 E RippleDrawable: The RippleDrawable.STYLE_PATTERNED animation is not supported for a non-hardware accelerated Canvas. Skipping animation.
03-28 00:18:36.475 7220 7220 E ArmVmp : Match on catch block at 0xc3 in for 0x159
03-28 00:18:36.479 7220 7220 E ArmVmp : Match on catch block at 0xc3 in for 0x155
03-28 00:18:36.481 7220 7220 E ArmVmp : Match on catch block at 0xc3 in for 0x159
03-28 00:18:36.487 7220 7220 E RippleDrawable: The RippleDrawable.STYLE_PATTERNED animation is not supported for a non-hardware accelerated Canvas. Skipping animation.
03-28 00:18:36.494 7220 7220 E RippleDrawable: The RippleDrawable.STYLE_PATTERNED animation is not supported for a non-hardware accelerated Canvas. Skipping animation.
03-28 00:18:36.582 7220 7220 E ArmVmp : Match on catch block at 0xc3 in for 0x155
03-28 00:18:36.585 7220 7220 E ArmVmp : Match on catch block at 0xc3 in for 0x151
03-28 00:18:36.588 7220 7220 E ArmVmp : Match on catch block at 0xc3 in for 0x155
03-28 00:18:36.598 7220 7220 E ArmVmp : Match on catch block at 0xc3 in for 0x145
03-28 00:18:36.614 7220 7220 E ArmVmp : Match on catch block at 0xc3 in for 0x141
03-28 00:18:36.615 7220 7220 E ArmVmp : Match on catch block at 0xc3 in for 0x145
03-28 00:18:36.657 7220 7220 E ArmVmp : Match on catch block at 0xc3 in for 0x14d
03-28 00:18:36.659 7220 7220 E ArmVmp : Match on catch block at 0xc3 in for 0x149
03-28 00:18:36.660 7220 7220 E ArmVmp : Match on catch block at 0xc3 in for 0x14d
03-28 00:18:36.710 7220 7285 W Parcel : Expecting binder but got null!
03-28 00:18:36.710 7220 7220 E ArmVmp : Match on catch block at 0xc3 in for 0x141
03-28 00:18:36.712 7220 7220 E ArmVmp : Match on catch block at 0xc3 in for 0x159
03-28 00:18:36.713 7220 7220 E ArmVmp : Match on catch block at 0xc3 in for 0x141
03-28 00:18:37.084 7220 7220 E ArmVmp : Match on catch block at 0xc3 in for 0x149
03-28 00:18:37.087 7220 7220 E ArmVmp : Match on catch block at 0xc3 in for 0x145
03-28 00:18:37.089 7220 7220 E ArmVmp : Match on catch block at 0xc3 in for 0x149
03-28 00:18:37.367 7220 7220 E ArmVmp : Match on catch block at 0xc3 in for 0x149
03-28 00:18:37.370 7220 7220 E ArmVmp : Match on catch block at 0xc3 in for 0x145
03-28 00:18:37.371 7220 7220 E ArmVmp : Match on catch block at 0xc3 in for 0x149
03-28 00:18:37.387 7220 7220 E ArmVmp : Match on catch block at 0xc3 in for 0x159
03-28 00:18:37.391 7220 7220 E ArmVmp : Match on catch block at 0xc3 in for 0x155
03-28 00:18:37.393 7220 7220 E ArmVmp : Match on catch block at 0xc3 in for 0x159
03-28 00:18:37.438 7220 7220 E ArmVmp : Match on catch block at 0xc3 in for 0x141
03-28 00:18:37.445 7220 7220 E ArmVmp : Match on catch block at 0xc3 in for 0x159
03-28 00:18:37.449 7220 7220 E ArmVmp : Match on catch block at 0xc3 in for 0x141
03-28 00:18:37.610 7220 7220 E ArmVmp : Match on catch block at 0xc3 in for 0x155
03-28 00:18:37.613 7220 7220 E ArmVmp : Match on catch block at 0xc3 in for 0x151
03-28 00:18:37.624 7220 7220 E ArmVmp : Match on catch block at 0xc3 in for 0x155
03-28 00:18:37.933 7220 7220 E ArmVmp : Match on catch block at 0xc3 in for 0x155
03-28 00:18:37.936 7220 7220 E ArmVmp : Match on catch block at 0xc3 in for 0x151
03-28 00:18:37.937 7220 7220 E ArmVmp : Match on catch block at 0xc3 in for 0x155
03-28 00:18:37.954 7220 7220 E ArmVmp : Match on catch block at 0xc3 in for 0x14d
03-28 00:18:37.956 7220 7220 E ArmVmp : Match on catch block at 0xc3 in for 0x149
03-28 00:18:37.957 7220 7220 E ArmVmp : Match on catch block at 0xc3 in for 0x14d
03-28 00:18:37.966 7220 7220 E ArmVmp : Match on catch block at 0xc3 in for 0x145
03-28 00:18:37.968 7220 7220 E ArmVmp : Match on catch block at 0xc3 in for 0x141
03-28 00:18:37.970 7220 7220 E ArmVmp : Match on catch block at 0xc3 in for 0x145
03-28 00:18:37.983 7220 7220 E ArmVmp : Match on catch block at 0xc3 in for 0x149
03-28 00:18:37.986 7220 7220 E ArmVmp : Match on catch block at 0xc3 in for 0x145
03-28 00:18:37.988 7220 7220 E ArmVmp : Match on catch block at 0xc3 in for 0x149
03-28 00:18:38.083 7220 7220 E ArmVmp : Match on catch block at 0xc3 in for 0x149
03-28 00:18:38.086 7220 7220 E ArmVmp : Match on catch block at 0xc3 in for 0x145
03-28 00:18:38.088 7220 7220 E ArmVmp : Match on catch block at 0xc3 in for 0x149
03-28 00:18:38.517 7220 7220 E ArmVmp : Match on catch block at 0xc3 in for 0x14d
03-28 00:18:38.520 7220 7220 E ArmVmp : Match on catch block at 0xc3 in for 0x149
03-28 00:18:38.522 7220 7220 E ArmVmp : Match on catch block at 0xc3 in for 0x14d
03-28 00:18:38.533 7220 7220 E ArmVmp : Match on catch block at 0xc3 in for 0x145
03-28 00:18:38.535 7220 7220 E ArmVmp : Match on catch block at 0xc3 in for 0x141
03-28 00:18:38.536 7220 7220 E ArmVmp : Match on catch block at 0xc3 in for 0x145
03-28 00:18:38.549 7220 7220 E ArmVmp : Match on catch block at 0xc3 in for 0x145
03-28 00:18:38.551 7220 7220 E ArmVmp : Match on catch block at 0xc3 in for 0x141
03-28 00:18:38.552 7220 7220 E ArmVmp : Match on catch block at 0xc3 in for 0x145
03-28 00:18:38.582 7220 7220 E ArmVmp : Match on catch block at 0xc3 in for 0x145
03-28 00:18:38.584 7220 7220 E ArmVmp : Match on catch block at 0xc3 in for 0x141
03-28 00:18:38.586 7220 7220 E ArmVmp : Match on catch block at 0xc3 in for 0x145
03-28 00:18:39.082 7220 7220 E ArmVmp : Match on catch block at 0xc3 in for 0x145
03-28 00:18:39.085 7220 7220 E ArmVmp : Match on catch block at 0xc3 in for 0x141
03-28 00:18:39.086 7220 7220 E ArmVmp : Match on catch block at 0xc3 in for 0x145
03-28 00:18:39.565 7220 7220 E ArmVmp : Match on catch block at 0xc3 in for 0x145
03-28 00:18:39.568 7220 7220 E ArmVmp : Match on catch block at 0xc3 in for 0x141
03-28 00:18:39.570 7220 7220 E ArmVmp : Match on catch block at 0xc3 in for 0x145
03-28 00:18:39.581 7220 7220 E ArmVmp : Match on catch block at 0xc3 in for 0x145
03-28 00:18:39.584 7220 7220 E ArmVmp : Match on catch block at 0xc3 in for 0x141
03-28 00:18:39.587 7220 7220 E ArmVmp : Match on catch block at 0xc3 in for 0x145
03-28 00:18:39.600 7220 7220 E ArmVmp : Match on catch block at 0xc3 in for 0x145
03-28 00:18:39.604 7220 7220 E ArmVmp : Match on catch block at 0xc3 in for 0x141
03-28 00:18:39.607 7220 7220 E ArmVmp : Match on catch block at 0xc3 in for 0x145
03-28 00:18:39.616 7220 7220 E ArmVmp : Match on catch block at 0xc3 in for 0x145
03-28 00:18:39.619 7220 7220 E ArmVmp : Match on catch block at 0xc3 in for 0x141
03-28 00:18:39.621 7220 7220 E ArmVmp : Match on catch block at 0xc3 in for 0x145
03-28 00:18:39.631 7220 7220 E ArmVmp : Match on catch block at 0xc3 in for 0x145
03-28 00:18:39.634 7220 7220 E ArmVmp : Match on catch block at 0xc3 in for 0x141
03-28 00:18:39.638 7220 7220 E ArmVmp : Match on catch block at 0xc3 in for 0x145
03-28 00:18:39.647 7220 7220 E ArmVmp : Match on catch block at 0xc3 in for 0x145
03-28 00:18:39.650 7220 7220 E ArmVmp : Match on catch block at 0xc3 in for 0x141
03-28 00:18:39.654 7220 7220 E ArmVmp : Match on catch block at 0xc3 in for 0x145
03-28 00:18:39.665 7220 7220 E ArmVmp : Match on catch block at 0xc3 in for 0x151
03-28 00:18:39.668 7220 7220 E ArmVmp : Match on catch block at 0xc3 in for 0x14d
03-28 00:18:39.669 7220 7220 E ArmVmp : Match on catch block at 0xc3 in for 0x151
03-28 00:18:39.681 7220 7220 E ArmVmp : Match on catch block at 0xc3 in for 0x149
03-28 00:18:39.683 7220 7220 E ArmVmp : Match on catch block at 0xc3 in for 0x145
03-28 00:18:39.684 7220 7220 E ArmVmp : Match on catch block at 0xc3 in for 0x149
03-28 00:18:39.698 7220 7220 E ArmVmp : Match on catch block at 0xc3 in for 0x149
03-28 00:18:39.700 7220 7220 E ArmVmp : Match on catch block at 0xc3 in for 0x145
03-28 00:18:39.702 7220 7220 E ArmVmp : Match on catch block at 0xc3 in for 0x149
03-28 00:18:39.714 7220 7220 E ArmVmp : Match on catch block at 0xc3 in for 0x14d
03-28 00:18:39.718 7220 7220 E ArmVmp : Match on catch block at 0xc3 in for 0x149
03-28 00:18:39.719 7220 7220 E ArmVmp : Match on catch block at 0xc3 in for 0x14d
03-28 00:18:39.731 7220 7220 E ArmVmp : Match on catch block at 0xc3 in for 0x14d
03-28 00:18:39.735 7220 7220 E ArmVmp : Match on catch block at 0xc3 in for 0x149
03-28 00:18:39.736 7220 7220 E ArmVmp : Match on catch block at 0xc3 in for 0x14d
03-28 00:18:39.748 7220 7220 E ArmVmp : Match on catch block at 0xc3 in for 0x14d
03-28 00:18:39.752 7220 7220 E ArmVmp : Match on catch block at 0xc3 in for 0x149
03-28 00:18:39.754 7220 7220 E ArmVmp : Match on catch block at 0xc3 in for 0x14d
03-28 00:18:39.764 7220 7220 E ArmVmp : Match on catch block at 0xc3 in for 0x149
03-28 00:18:39.767 7220 7220 E ArmVmp : Match on catch block at 0xc3 in for 0x145
03-28 00:18:39.770 7220 7220 E ArmVmp : Match on catch block at 0xc3 in for 0x149
03-28 00:18:39.781 7220 7220 E ArmVmp : Match on catch block at 0xc3 in for 0x149
03-28 00:18:39.784 7220 7220 E ArmVmp : Match on catch block at 0xc3 in for 0x145
03-28 00:18:39.785 7220 7220 E ArmVmp : Match on catch block at 0xc3 in for 0x149
03-28 00:18:39.798 7220 7220 E ArmVmp : Match on catch block at 0xc3 in for 0x149
03-28 00:18:39.806 7220 7220 E ArmVmp : Match on catch block at 0xc3 in for 0x145
03-28 00:18:39.807 7220 7220 E ArmVmp : Match on catch block at 0xc3 in for 0x149
03-28 00:18:39.814 7220 7220 E ArmVmp : Match on catch block at 0xc3 in for 0x149
03-28 00:18:39.818 7220 7220 E ArmVmp : Match on catch block at 0xc3 in for 0x145
03-28 00:18:39.820 7220 7220 E ArmVmp : Match on catch block at 0xc3 in for 0x149
03-28 00:18:39.890 7220 7220 E ArmVmp : Match on catch block at 0xc3 in for 0x159
03-28 00:18:39.892 7220 7220 E ArmVmp : Match on catch block at 0xc3 in for 0x155
03-28 00:18:39.893 7220 7220 E ArmVmp : Match on catch block at 0xc3 in for 0x159
03-28 00:18:39.898 7220 7220 E ArmVmp : Match on catch block at 0xc3 in for 0x155
03-28 00:18:39.900 7220 24417 W MediaPlayer: Use of stream types is deprecated for operations other than volume control
03-28 00:18:39.900 7220 24417 W MediaPlayer: See the documentation of setAudioStreamType() for what to use instead with android.media.AudioAttributes to qualify your playback use case
03-28 00:18:39.903 7220 7220 E ArmVmp : Match on catch block at 0xc3 in for 0x151
03-28 00:18:39.904 7220 7220 E ArmVmp : Match on catch block at 0xc3 in for 0x155
03-28 00:18:39.914 7220 7220 E ArmVmp : Match on catch block at 0xc3 in for 0x145
03-28 00:18:39.916 7220 7220 E ArmVmp : Match on catch block at 0xc3 in for 0x141
03-28 00:18:39.917 7220 7220 E ArmVmp : Match on catch block at 0xc3 in for 0x145
03-28 00:18:39.931 7220 7220 E ArmVmp : Match on catch block at 0xc3 in for 0x149
03-28 00:18:39.936 7220 7220 E ArmVmp : Match on catch block at 0xc3 in for 0x145
03-28 00:18:39.937 7220 7220 E ArmVmp : Match on catch block at 0xc3 in for 0x149
03-28 00:18:39.947 7220 7220 E ArmVmp : Match on catch block at 0xc3 in for 0x159
03-28 00:18:39.951 7220 7220 E ArmVmp : Match on catch block at 0xc3 in for 0x155
03-28 00:18:39.953 7220 7220 E ArmVmp : Match on catch block at 0xc3 in for 0x159
03-28 00:18:39.965 7220 7220 E ArmVmp : Match on catch block at 0xc3 in for 0x159
03-28 00:18:39.968 7220 7220 E ArmVmp : Match on catch block at 0xc3 in for 0x155
03-28 00:18:39.968 7220 7220 E ArmVmp : Match on catch block at 0xc3 in for 0x159
03-28 00:18:39.981 7220 7220 E ArmVmp : Match on catch block at 0xc3 in for 0x159
03-28 00:18:39.984 7220 7220 E ArmVmp : Match on catch block at 0xc3 in for 0x155
03-28 00:18:39.986 7220 7220 E ArmVmp : Match on catch block at 0xc3 in for 0x159
