03-28 12:17:59.744 16564 16564 E ArmVmp : Match on catch block at 0xc3 in for 0x145
03-28 12:17:59.745 16564 16564 E ArmVmp : Match on catch block at 0xc3 in for 0x149
03-28 12:17:59.759 16564 16564 E ArmVmp : Match on catch block at 0xc3 in for 0x151
03-28 12:17:59.763 16564 16564 E ArmVmp : Match on catch block at 0xc3 in for 0x14d
03-28 12:17:59.765 16564 16564 E ArmVmp : Match on catch block at 0xc3 in for 0x151
03-28 12:17:59.776 16564 16564 E ArmVmp : Match on catch block at 0xc3 in for 0x14d
03-28 12:17:59.778 16564 16564 E ArmVmp : Match on catch block at 0xc3 in for 0x149
03-28 12:17:59.782 16564 16564 E ArmVmp : Match on catch block at 0xc3 in for 0x14d
03-28 12:17:59.795 16564 16564 E ArmVmp : Match on catch block at 0xc3 in for 0x149
03-28 12:17:59.798 16564 16564 E ArmVmp : Match on catch block at 0xc3 in for 0x145
03-28 12:17:59.800 16564 16564 E ArmVmp : Match on catch block at 0xc3 in for 0x149
03-28 12:17:59.819 16564 16564 E ArmVmp : Match on catch block at 0xc3 in for 0x145
03-28 12:17:59.821 16564 16564 E ArmVmp : Match on catch block at 0xc3 in for 0x141
03-28 12:17:59.822 16564 16564 E ArmVmp : Match on catch block at 0xc3 in for 0x145
03-28 12:17:59.833 16564 16564 E ArmVmp : Match on catch block at 0xc3 in for 0x141
03-28 12:17:59.835 16564 16564 E ArmVmp : Match on catch block at 0xc3 in for 0x159
03-28 12:17:59.836 16564 16564 E ArmVmp : Match on catch block at 0xc3 in for 0x141
03-28 12:17:59.845 16564 16564 E ArmVmp : Match on catch block at 0xc3 in for 0x149
03-28 12:17:59.847 16564 16564 E ArmVmp : Match on catch block at 0xc3 in for 0x145
03-28 12:17:59.849 16564 16564 E ArmVmp : Match on catch block at 0xc3 in for 0x149
03-28 12:17:59.862 16564 16564 E ArmVmp : Match on catch block at 0xc3 in for 0x151
03-28 12:17:59.864 16564 16564 E ArmVmp : Match on catch block at 0xc3 in for 0x14d
03-28 12:17:59.866 16564 16564 E ArmVmp : Match on catch block at 0xc3 in for 0x151
03-28 12:17:59.880 16564 16564 E ArmVmp : Match on catch block at 0xc3 in for 0x141
03-28 12:17:59.881 16564 16564 E ArmVmp : Match on catch block at 0xc3 in for 0x159
03-28 12:17:59.883 16564 16564 E ArmVmp : Match on catch block at 0xc3 in for 0x141
03-28 12:17:59.893 16564 16564 E ArmVmp : Match on catch block at 0xc3 in for 0x159
03-28 12:17:59.894 16564 16564 E ArmVmp : Match on catch block at 0xc3 in for 0x155
03-28 12:17:59.895 16564 16564 E ArmVmp : Match on catch block at 0xc3 in for 0x159
03-28 12:17:59.915 16564 16564 E ArmVmp : Match on catch block at 0xc3 in for 0x145
03-28 12:17:59.918 16564 16564 E ArmVmp : Match on catch block at 0xc3 in for 0x141
03-28 12:17:59.919 16564 16564 E ArmVmp : Match on catch block at 0xc3 in for 0x145
03-28 12:17:59.956 16564 16564 E ArmVmp : Match on catch block at 0xc3 in for 0x145
03-28 12:17:59.957 16564 16564 E ArmVmp : Match on catch block at 0xc3 in for 0x141
03-28 12:17:59.957 16564 16564 E ArmVmp : Match on catch block at 0xc3 in for 0x145
03-28 12:17:59.989 16564 16564 E ArmVmp : Match on catch block at 0xc3 in for 0x14d
03-28 12:17:59.990 16564 16564 E ArmVmp : Match on catch block at 0xc3 in for 0x149
03-28 12:17:59.991 16564 16564 E ArmVmp : Match on catch block at 0xc3 in for 0x14d
03-28 12:18:00.006 16564 16564 E ArmVmp : Match on catch block at 0xc3 in for 0x149
03-28 12:18:00.007 16564 16564 E ArmVmp : Match on catch block at 0xc3 in for 0x145
03-28 12:18:00.008 16564 16564 E ArmVmp : Match on catch block at 0xc3 in for 0x149
03-28 12:18:00.019 16564 16564 E ArmVmp : Match on catch block at 0xc3 in for 0x159
03-28 12:18:00.020 16564 16564 E ArmVmp : Match on catch block at 0xc3 in for 0x155
03-28 12:18:00.022 16564 16564 E ArmVmp : Match on catch block at 0xc3 in for 0x159
03-28 12:18:00.030 16564 16564 E ArmVmp : Match on catch block at 0xc3 in for 0x151
03-28 12:18:00.031 16564 16564 E ArmVmp : Match on catch block at 0xc3 in for 0x14d
03-28 12:18:00.033 16564 16564 E ArmVmp : Match on catch block at 0xc3 in for 0x151
03-28 12:18:00.036 16564 16564 E ArmVmp : Match on catch block at 0xc3 in for 0x151
03-28 12:18:00.037 16564 16564 E ArmVmp : Match on catch block at 0xc3 in for 0x14d
03-28 12:18:00.038 16564 16564 E ArmVmp : Match on catch block at 0xc3 in for 0x151
03-28 12:18:00.043 16564 16564 E ArmVmp : Match on catch block at 0xc3 in for 0x149
03-28 12:18:00.045 16564 16564 E ArmVmp : Match on catch block at 0xc3 in for 0x145
03-28 12:18:00.046 16564 16564 E ArmVmp : Match on catch block at 0xc3 in for 0x149
03-28 12:18:00.053 16564 16564 E ArmVmp : Match on catch block at 0xc3 in for 0x141
03-28 12:18:00.054 16564 16564 E ArmVmp : Match on catch block at 0xc3 in for 0x159
03-28 12:18:00.055 16564 16564 E ArmVmp : Match on catch block at 0xc3 in for 0x141
03-28 12:18:00.060 16564 16564 E ArmVmp : Match on catch block at 0xc3 in for 0x155
03-28 12:18:00.061 16564 16564 E ArmVmp : Match on catch block at 0xc3 in for 0x151
03-28 12:18:00.062 16564 16564 E ArmVmp : Match on catch block at 0xc3 in for 0x155
03-28 12:18:00.069 16564 16564 E ArmVmp : Match on catch block at 0xc3 in for 0x14d
03-28 12:18:00.069 16564 16564 E ArmVmp : Match on catch block at 0xc3 in for 0x149
03-28 12:18:00.071 16564 16564 E ArmVmp : Match on catch block at 0xc3 in for 0x14d
03-28 12:18:00.077 16564 16564 E ArmVmp : Match on catch block at 0xc3 in for 0x145
03-28 12:18:00.077 16564 16564 E ArmVmp : Match on catch block at 0xc3 in for 0x141
03-28 12:18:00.078 16564 16564 E ArmVmp : Match on catch block at 0xc3 in for 0x145
03-28 12:18:00.084 16564 16564 E ArmVmp : Match on catch block at 0xc3 in for 0x159
03-28 12:18:00.086 16564 16564 E ArmVmp : Match on catch block at 0xc3 in for 0x155
03-28 12:18:00.087 16564 16564 E ArmVmp : Match on catch block at 0xc3 in for 0x159
03-28 12:18:00.093 16564 16564 E ArmVmp : Match on catch block at 0xc3 in for 0x151
03-28 12:18:00.094 16564 16564 E ArmVmp : Match on catch block at 0xc3 in for 0x14d
03-28 12:18:00.095 16564 16564 E ArmVmp : Match on catch block at 0xc3 in for 0x151
03-28 12:18:00.102 16564 16564 E ArmVmp : Match on catch block at 0xc3 in for 0x149
03-28 12:18:00.103 16564 16564 E ArmVmp : Match on catch block at 0xc3 in for 0x145
03-28 12:18:00.104 16564 16564 E ArmVmp : Match on catch block at 0xc3 in for 0x149
03-28 12:18:00.109 16564 16564 E ArmVmp : Match on catch block at 0xc3 in for 0x141
03-28 12:18:00.110 16564 16564 E ArmVmp : Match on catch block at 0xc3 in for 0x159
03-28 12:18:00.111 16564 16564 E ArmVmp : Match on catch block at 0xc3 in for 0x141
03-28 12:18:00.118 16564 16564 E ArmVmp : Match on catch block at 0xc3 in for 0x141
03-28 12:18:00.119 16564 16564 E ArmVmp : Match on catch block at 0xc3 in for 0x159
03-28 12:18:00.119 16564 16564 E ArmVmp : Match on catch block at 0xc3 in for 0x141
03-28 12:18:00.126 16564 16564 E ArmVmp : Match on catch block at 0xc3 in for 0x141
03-28 12:18:00.127 16564 16564 E ArmVmp : Match on catch block at 0xc3 in for 0x159
03-28 12:18:00.128 16564 16564 E ArmVmp : Match on catch block at 0xc3 in for 0x141
03-28 12:18:00.134 16564 16564 E ArmVmp : Match on catch block at 0xc3 in for 0x141
03-28 12:18:00.135 16564 16564 E ArmVmp : Match on catch block at 0xc3 in for 0x159
03-28 12:18:00.136 16564 16564 E ArmVmp : Match on catch block at 0xc3 in for 0x141
03-28 12:18:00.157 16564 16564 E ArmVmp : Match on catch block at 0xc3 in for 0x155
03-28 12:18:00.158 16564 16564 E ArmVmp : Match on catch block at 0xc3 in for 0x151
03-28 12:18:00.159 16564 16564 E ArmVmp : Match on catch block at 0xc3 in for 0x155
03-28 12:18:00.167 16564 16564 E ArmVmp : Match on catch block at 0xc3 in for 0x145
03-28 12:18:00.169 16564 16564 E ArmVmp : Match on catch block at 0xc3 in for 0x141
03-28 12:18:00.170 16564 16564 E ArmVmp : Match on catch block at 0xc3 in for 0x145
03-28 12:18:00.179 16564 16564 E ArmVmp : Match on catch block at 0xc3 in for 0x155
03-28 12:18:00.180 16564 16564 E ArmVmp : Match on catch block at 0xc3 in for 0x151
03-28 12:18:00.181 16564 16564 E ArmVmp : Match on catch block at 0xc3 in for 0x155
03-28 12:18:00.193 16564 16564 E ArmVmp : Match on catch block at 0xc3 in for 0x145
03-28 12:18:00.194 16564 16564 E ArmVmp : Match on catch block at 0xc3 in for 0x141
03-28 12:18:00.197 16564 16564 E ArmVmp : Match on catch block at 0xc3 in for 0x145
03-28 12:18:00.200 16564 16564 E ArmVmp : Match on catch block at 0xc3 in for 0x145
03-28 12:18:00.202 16564 16564 E ArmVmp : Match on catch block at 0xc3 in for 0x141
03-28 12:18:00.203 16564 16564 E ArmVmp : Match on catch block at 0xc3 in for 0x145
03-28 12:18:00.207 16564 16564 E ArmVmp : Match on catch block at 0xc3 in for 0x145
03-28 12:18:00.209 16564 16564 E ArmVmp : Match on catch block at 0xc3 in for 0x141
03-28 12:18:00.210 16564 16564 E ArmVmp : Match on catch block at 0xc3 in for 0x145
03-28 12:18:00.211 16564 16564 E ArmVmp : Match on catch block at 0xc3 in for 0x145
03-28 12:18:00.214 16564 16564 E ArmVmp : Match on catch block at 0xc3 in for 0x141
03-28 12:18:00.216 16564 16564 E ArmVmp : Match on catch block at 0xc3 in for 0x145
03-28 12:18:00.218 16564 16564 E ArmVmp : Match on catch block at 0xc3 in for 0x145
03-28 12:18:00.219 16564 16564 E ArmVmp : Match on catch block at 0xc3 in for 0x141
03-28 12:18:00.219 16564 16564 E ArmVmp : Match on catch block at 0xc3 in for 0x145
03-28 12:18:00.226 16564 16564 E ArmVmp : Match on catch block at 0xc3 in for 0x145
03-28 12:18:00.227 16564 16564 E ArmVmp : Match on catch block at 0xc3 in for 0x141
03-28 12:18:00.228 16564 16564 E ArmVmp : Match on catch block at 0xc3 in for 0x145
03-28 12:18:00.234 16564 16564 E ArmVmp : Match on catch block at 0xc3 in for 0x145
03-28 12:18:00.235 16564 16564 E ArmVmp : Match on catch block at 0xc3 in for 0x141
03-28 12:18:00.236 16564 16564 E ArmVmp : Match on catch block at 0xc3 in for 0x145
03-28 12:18:00.242 16564 16564 E ArmVmp : Match on catch block at 0xc3 in for 0x145
03-28 12:18:00.243 16564 16564 E ArmVmp : Match on catch block at 0xc3 in for 0x141
03-28 12:18:00.244 16564 16564 E ArmVmp : Match on catch block at 0xc3 in for 0x145
03-28 12:18:00.251 16564 16564 E ArmVmp : Match on catch block at 0xc3 in for 0x145
03-28 12:18:00.252 16564 16564 E ArmVmp : Match on catch block at 0xc3 in for 0x141
03-28 12:18:00.253 16564 16564 E ArmVmp : Match on catch block at 0xc3 in for 0x145
03-28 12:18:00.259 16564 16564 E ArmVmp : Match on catch block at 0xc3 in for 0x145
03-28 12:18:00.260 16564 16564 E ArmVmp : Match on catch block at 0xc3 in for 0x141
03-28 12:18:00.261 16564 16564 E ArmVmp : Match on catch block at 0xc3 in for 0x145
03-28 12:18:00.268 16564 16564 E ArmVmp : Match on catch block at 0xc3 in for 0x145
03-28 12:18:00.268 16564 16564 E ArmVmp : Match on catch block at 0xc3 in for 0x141
03-28 12:18:00.269 16564 16564 E ArmVmp : Match on catch block at 0xc3 in for 0x145
03-28 12:18:00.276 16564 16564 E ArmVmp : Match on catch block at 0xc3 in for 0x145
03-28 12:18:00.277 16564 16564 E ArmVmp : Match on catch block at 0xc3 in for 0x141
03-28 12:18:00.278 16564 16564 E ArmVmp : Match on catch block at 0xc3 in for 0x145
03-28 12:18:00.284 16564 16564 E ArmVmp : Match on catch block at 0xc3 in for 0x145
03-28 12:18:00.285 16564 16564 E ArmVmp : Match on catch block at 0xc3 in for 0x141
03-28 12:18:00.286 16564 16564 E ArmVmp : Match on catch block at 0xc3 in for 0x145
03-28 12:18:00.292 16564 16564 E ArmVmp : Match on catch block at 0xc3 in for 0x145
03-28 12:18:00.293 16564 16564 E ArmVmp : Match on catch block at 0xc3 in for 0x141
03-28 12:18:00.294 16564 16564 E ArmVmp : Match on catch block at 0xc3 in for 0x145
03-28 12:18:00.301 16564 16564 E ArmVmp : Match on catch block at 0xc3 in for 0x145
03-28 12:18:00.302 16564 16564 E ArmVmp : Match on catch block at 0xc3 in for 0x141
03-28 12:18:00.302 16564 16564 E ArmVmp : Match on catch block at 0xc3 in for 0x145
03-28 12:18:00.309 16564 16564 E ArmVmp : Match on catch block at 0xc3 in for 0x145
03-28 12:18:00.310 16564 16564 E ArmVmp : Match on catch block at 0xc3 in for 0x141
03-28 12:18:00.311 16564 16564 E ArmVmp : Match on catch block at 0xc3 in for 0x145
03-28 12:18:00.318 16564 16564 E ArmVmp : Match on catch block at 0xc3 in for 0x145
03-28 12:18:00.318 16564 16564 E ArmVmp : Match on catch block at 0xc3 in for 0x141
03-28 12:18:00.319 16564 16564 E ArmVmp : Match on catch block at 0xc3 in for 0x145
03-28 12:18:00.326 16564 16564 E ArmVmp : Match on catch block at 0xc3 in for 0x145
03-28 12:18:00.328 16564 16564 E ArmVmp : Match on catch block at 0xc3 in for 0x141
03-28 12:18:00.329 16564 16564 E ArmVmp : Match on catch block at 0xc3 in for 0x145
03-28 12:18:00.347 16564 16564 E ArmVmp : Match on catch block at 0xc3 in for 0x145
03-28 12:18:00.348 16564 16564 E ArmVmp : Match on catch block at 0xc3 in for 0x141
03-28 12:18:00.349 16564 16564 E ArmVmp : Match on catch block at 0xc3 in for 0x145
03-28 12:18:01.015 16564 26768 W Parcel : Expecting binder but got null!
03-28 12:18:02.948 16564 16564 W libc : Access denied finding property "vendor.transsion.scroll_adjust.support"
03-28 12:18:02.948 16564 16564 W libc : Access denied finding property "vendor.transsion.scroll_adjust.support"
03-28 12:18:02.949 16564 16564 W libc : Access denied finding property "vendor.transsion.scroll_adjust.support"
03-28 12:18:03.242 16564 26768 W Parcel : Expecting binder but got null!
03-28 12:18:04.629 16564 16564 W libc : Access denied finding property "vendor.transsion.scroll_adjust.support"
03-28 12:18:04.629 16564 16564 W libc : Access denied finding property "vendor.transsion.scroll_adjust.support"
03-28 12:18:04.629 16564 16564 W libc : Access denied finding property "vendor.transsion.scroll_adjust.support"
03-28 12:18:04.629 16564 16564 W libc : Access denied finding property "vendor.transsion.scroll_adjust.support"
03-28 12:18:04.666 16564 26768 W Parcel : Expecting binder but got null!
03-28 12:18:04.680 16564 16564 W libc : Access denied finding property "vendor.transsion.scroll_adjust.support"
03-28 12:18:04.680 16564 16564 W libc : Access denied finding property "vendor.transsion.scroll_adjust.support"
03-28 12:18:04.681 16564 16564 W BottomSheetBehavior: BottomSheetBehavior now supports multiple callbacks. `setBottomSheetCallback()` removes all existing callbacks, including ones set internally by library authors, which may result in unintended behavior. This may change in the future. Please use `addBottomSheetCallback()` and `removeBottomSheetCallback()` instead to set your own callbacks.
03-28 12:18:04.681 16564 16564 W BottomSheetBehavior: BottomSheetBehavior now supports multiple callbacks. `setBottomSheetCallback()` removes all existing callbacks, including ones set internally by library authors, which may result in unintended behavior. This may change in the future. Please use `addBottomSheetCallback()` and `removeBottomSheetCallback()` instead to set your own callbacks.
03-28 12:18:04.694 16564 16564 W libc : Access denied finding property "vendor.transsion.scroll_adjust.support"
03-28 12:18:04.694 16564 16564 W libc : Access denied finding property "vendor.transsion.scroll_adjust.support"
03-28 12:18:04.695 16564 16564 W BottomSheetBehavior: BottomSheetBehavior now supports multiple callbacks. `setBottomSheetCallback()` removes all existing callbacks, including ones set internally by library authors, which may result in unintended behavior. This may change in the future. Please use `addBottomSheetCallback()` and `removeBottomSheetCallback()` instead to set your own callbacks.
03-28 12:18:04.695 16564 16564 W BottomSheetBehavior: BottomSheetBehavior now supports multiple callbacks. `setBottomSheetCallback()` removes all existing callbacks, including ones set internally by library authors, which may result in unintended behavior. This may change in the future. Please use `addBottomSheetCallback()` and `removeBottomSheetCallback()` instead to set your own callbacks.
03-28 12:18:04.702 16564 16564 W libc : Access denied finding property "vendor.transsion.scroll_adjust.support"
03-28 12:18:04.702 16564 16564 W libc : Access denied finding property "vendor.transsion.scroll_adjust.support"
03-28 12:18:04.703 16564 16564 W BottomSheetBehavior: BottomSheetBehavior now supports multiple callbacks. `setBottomSheetCallback()` removes all existing callbacks, including ones set internally by library authors, which may result in unintended behavior. This may change in the future. Please use `addBottomSheetCallback()` and `removeBottomSheetCallback()` instead to set your own callbacks.
03-28 12:18:04.703 16564 16564 W BottomSheetBehavior: BottomSheetBehavior now supports multiple callbacks. `setBottomSheetCallback()` removes all existing callbacks, including ones set internally by library authors, which may result in unintended behavior. This may change in the future. Please use `addBottomSheetCallback()` and `removeBottomSheetCallback()` instead to set your own callbacks.
03-28 12:18:04.715 16564 16564 W libc : Access denied finding property "vendor.transsion.scroll_adjust.support"
03-28 12:18:04.715 16564 16564 W libc : Access denied finding property "vendor.transsion.scroll_adjust.support"
03-28 12:18:04.715 16564 16564 E RecyclerView: No adapter attached; skipping layout
03-28 12:18:04.715 16564 16564 W libc : Access denied finding property "vendor.transsion.scroll_adjust.support"
03-28 12:18:04.715 16564 16564 W libc : Access denied finding property "vendor.transsion.scroll_adjust.support"
03-28 12:18:04.715 16564 16564 W libc : Access denied finding property "vendor.transsion.scroll_adjust.support"
03-28 12:18:04.715 16564 16564 W libc : Access denied finding property "vendor.transsion.scroll_adjust.support"
03-28 12:18:04.715 16564 16564 E RecyclerView: No adapter attached; skipping layout
03-28 12:18:04.716 16564 16564 W libc : Access denied finding property "vendor.transsion.scroll_adjust.support"
03-28 12:18:04.716 16564 16564 W libc : Access denied finding property "vendor.transsion.scroll_adjust.support"
03-28 12:18:04.716 16564 16564 W libc : Access denied finding property "vendor.transsion.scroll_adjust.support"
03-28 12:18:04.716 16564 16564 W libc : Access denied finding property "vendor.transsion.scroll_adjust.support"
03-28 12:18:04.716 16564 16564 W libc : Access denied finding property "vendor.transsion.scroll_adjust.support"
03-28 12:18:04.716 16564 16564 W libc : Access denied finding property "vendor.transsion.scroll_adjust.support"
03-28 12:18:04.716 16564 16564 E RecyclerView: No adapter attached; skipping layout
03-28 12:18:04.725 16564 24322 W ColorUtils: expected specified color aspects (2:0:0:0)
03-28 12:18:04.734 16564 24322 E CCodec : before change, configure, format : AMessage(what = 0x00000000) = {
03-28 12:18:04.734 16564 24322 E CCodec : Buffer csd-1 = {
03-28 12:18:04.734 16564 24322 E CCodec : 00000000: 00 00 00 01 68 ea 43 cb ....h.C.
03-28 12:18:04.734 16564 24322 E CCodec : }
03-28 12:18:04.734 16564 24322 E CCodec : int32_t max-height = 640
03-28 12:18:04.734 16564 24322 E CCodec : int32_t max-width = 352
03-28 12:18:04.734 16564 24322 E CCodec : string mime = "video/avc"
03-28 12:18:04.734 16564 24322 E CCodec : int32_t width = 352
03-28 12:18:04.734 16564 24322 E CCodec : int32_t priority = 0
03-28 12:18:04.734 16564 24322 E CCodec : float frame-rate = 25.000000
03-28 12:18:04.734 16564 24322 E CCodec : int32_t rotation-degrees = 0
03-28 12:18:04.734 16564 24322 E CCodec : int32_t max-input-size = 168960
03-28 12:18:04.734 16564 24322 E CCodec : int32_t height = 640
03-28 12:18:04.734 16564 24322 E CCodec : Buffer csd-0 = {
03-28 12:18:04.734 16564 24322 E CCodec : 00000000: 00 00 00 01 67 64 00 0a ac 1b 1a 81 60 51 a6 a0 ....gd......`Q..
03-28 12:18:04.734 16564 24322 E CCodec : 00000010: 40 40 40 f0 88 46 a0 @@@..F.
03-28 12:18:04.734 16564 24322 E CCodec : }
03-28 12:18:04.734 16564 24322 E CCodec : RefBase *native-window = 0xb400007a98cf86a0
03-28 12:18:04.734 16564 24322 E CCodec : int32_t flags = 0
03-28 12:18:04.734 16564 24322 E CCodec : int32_t vendor.mtk.vdec.buffer.fetch.timeout.ms.value = 500
03-28 12:18:04.734 16564 24322 E CCodec : } , width 352 , higth 640
03-28 12:18:04.736 16564 24322 W Codec2Client: query -- param skipped: index = 1107298332.
03-28 12:18:04.736 16564 24322 W CCodec : This behavior is subject to change. It is recommended that app developers double check whether the requested max input size is in reasonable range.
03-28 12:18:04.744 16564 24322 W Codec2Client: query -- param skipped: index = 1342179345.
03-28 12:18:04.744 16564 24322 W Codec2Client: query -- param skipped: index = 2415921170.
03-28 12:18:04.744 16564 24322 W Codec2Client: query -- param skipped: index = 1610614798.
03-28 12:18:04.780 16564 24338 E CCodec : before change, configure, format : AMessage(what = 0x00000000) = {
03-28 12:18:04.780 16564 24338 E CCodec : int32_t sample-rate = 44100
03-28 12:18:04.780 16564 24338 E CCodec : string mime = "audio/mp4a-latm"
03-28 12:18:04.780 16564 24338 E CCodec : int32_t channel-count = 2
03-28 12:18:04.780 16564 24338 E CCodec : int32_t priority = 0
03-28 12:18:04.780 16564 24338 E CCodec : int32_t max-input-size = 939
03-28 12:18:04.780 16564 24338 E CCodec : Buffer csd-0 = {
03-28 12:18:04.780 16564 24338 E CCodec : 00000000: 12 10 ..
03-28 12:18:04.780 16564 24338 E CCodec : }
03-28 12:18:04.780 16564 24338 E CCodec : int32_t flags = 0
03-28 12:18:04.780 16564 24338 E CCodec : } , width 0 , higth 0
03-28 12:18:04.781 16564 24338 W Codec2Client: query -- param skipped: index = 1107298332.
03-28 12:18:04.781 16564 24338 W CCodec : This behavior is subject to change. It is recommended that app developers double check whether the requested max input size is in reasonable range.
03-28 12:18:04.783 16564 24338 W Codec2Client: query -- param skipped: index = 1342179345.
03-28 12:18:04.783 16564 24338 W Codec2Client: query -- param skipped: index = 2415921170.
03-28 12:18:04.783 16564 24338 W Codec2Client: query -- param skipped: index = 1610614798.
03-28 12:18:04.934 16564 16564 W RenderThread: type=1400 audit(0.0:39185): avc: denied { getattr } for name="dmabuf:" dev="dmabuf" ino=1 scontext=u:r:untrusted_app:s0:c225,c256,c512,c768 tcontext=u:object_r:unlabeled:s0 tclass=filesystem permissive=0 app=com.mbwhatsapp
03-28 12:18:04.934 16564 16564 W RenderThread: type=1400 audit(0.0:39186): avc: denied { getattr } for name="dmabuf:" dev="dmabuf" ino=1 scontext=u:r:untrusted_app:s0:c225,c256,c512,c768 tcontext=u:object_r:unlabeled:s0 tclass=filesystem permissive=0 app=com.mbwhatsapp
03-28 12:18:04.950 16564 16564 W RenderThread: type=1400 audit(0.0:39187): avc: denied { getattr } for name="dmabuf:" dev="dmabuf" ino=1 scontext=u:r:untrusted_app:s0:c225,c256,c512,c768 tcontext=u:object_r:unlabeled:s0 tclass=filesystem permissive=0 app=com.mbwhatsapp
03-28 12:18:05.214 16564 26768 W Parcel : Expecting binder but got null!
03-28 12:18:05.215 16564 16615 E SQLiteDatabase: Error inserting transferred=1 media_job_uuid=ba5309df-895d-4a74-b36d-c6f1c4100005 transcoded=0 gif_attribution=0 first_scan_length=0 direct_path=/v/t62.7161- 24/21431679_884774270118899_4884230853593546098_n.enc?ccb=11- 4&oh=01_ASAA4mRKb9XSIovvdGyPsAlmWvHwfApohu5MgM8qzsKgHw&oe=662C4B73&_nc_sid=5e03e0 thumbnail_height_width_ratio=1.8113208 is_animated_sticker=0 file_hash=na4dYnwqaHDqM3EjxCG+54fUiDsuFQwcDGkpMrqXG34= file_path=Media/.Statuses/15a74ee36b3f4be1bf3df63be01d6112.mp4 file_size=1053468 partial_media_hash=null face_x=0 face_y=0 height=640 trim_to=0 media_key_timestamp=1711588894000 message_url=https://mmg.whatsapp.net/v/t62.7161- 24/21431679_884774270118899_4884230853593546098_n.enc?ccb=11- 4&oh=01_ASAA4mRKb9XSIovvdGyPsAlmWvHwfApohu5MgM8qzsKgHw&oe=662C4B73&_nc_sid=5e03e0&m ms3=true media_caption=null trim_from=0 mime_type=video/mp4 partial_media_enc_hash=null width=352 original_file_hash=null has_streaming_sidecar=1 autotransfer_retry_enabled=1 media_upload_handle=null message_row_id=173 multicast_id=null enc_file_hash=ZI1Js8JgZkCzQwnHzzRmHJb0qdPckM5Y0+YvEwfF5ck= mute_video=0 page_count=0 first_scan_sidecar=null suspicious_content=0 file_length=1053468 media_name=null media_duration=16 chat_row_id=20 media_key=[B@5eb95b0
03-28 12:18:05.215 16564 16615 E SQLiteDatabase: android.database.sqlite.SQLiteConstraintException: UNIQUE constraint failed: message_media.message_row_id (code 1555 SQLITE_CONSTRAINT_PRIMARYKEY)
03-28 12:18:05.215 16564 16615 E SQLiteDatabase: at android.database.sqlite.SQLiteConnection.nativeExecuteForLastInsertedRowId(Native Method)
03-28 12:18:05.215 16564 16615 E SQLiteDatabase: at android.database.sqlite.SQLiteConnection.executeForLastInsertedRowId(SQLiteConnecti on.java:961)
03-28 12:18:05.215 16564 16615 E SQLiteDatabase: at android.database.sqlite.SQLiteSession.executeForLastInsertedRowId(SQLiteSession.jav a:790)
03-28 12:18:05.215 16564 16615 E SQLiteDatabase: at android.database.sqlite.SQLiteStatement.executeInsert(SQLiteStatement.java:89)
03-28 12:18:05.215 16564 16615 E SQLiteDatabase: at android.database.sqlite.SQLiteDatabase.insertWithOnConflict(SQLiteDatabase.java:187 4)
03-28 12:18:05.215 16564 16615 E SQLiteDatabase: at android.database.sqlite.SQLiteDatabase.insert(SQLiteDatabase.java:1743)
03-28 12:18:05.215 16564 16615 E SQLiteDatabase: at X.2tm.A08(Unknown Source:6)
03-28 12:18:05.215 16564 16615 E SQLiteDatabase: at X.35Y.A07(Unknown Source:212)
03-28 12:18:05.215 16564 16615 E SQLiteDatabase: at X.3QF.A14(Unknown Source:470)
03-28 12:18:05.215 16564 16615 E SQLiteDatabase: at X.3gU.run(Unknown Source:982)
03-28 12:18:05.215 16564 16615 E SQLiteDatabase: at android.os.Handler.handleCallback(Handler.java:942)
03-28 12:18:05.215 16564 16615 E SQLiteDatabase: at android.os.Handler.dispatchMessage(Handler.java:99)
03-28 12:18:05.215 16564 16615 E SQLiteDatabase: at X.0zq.dispatchMessage(Unknown Source:4)
03-28 12:18:05.215 16564 16615 E SQLiteDatabase: at android.os.Looper.loopOnce(Looper.java:204)
03-28 12:18:05.215 16564 16615 E SQLiteDatabase: at android.os.Looper.loop(Looper.java:291)
03-28 12:18:05.215 16564 16615 E SQLiteDatabase: at android.os.HandlerThread.run(HandlerThread.java:67)
03-28 12:18:06.050 16564 16564 W RenderThread: type=1400 audit(0.0:39225): avc: denied { getattr } for name="dmabuf:" dev="dmabuf" ino=1 scontext=u:r:untrusted_app:s0:c225,c256,c512,c768 tcontext=u:object_r:unlabeled:s0 tclass=filesystem permissive=0 app=com.mbwhatsapp
03-28 12:18:06.050 16564 16564 W RenderThread: type=1400 audit(0.0:39226): avc: denied { getattr } for name="dmabuf:" dev="dmabuf" ino=1 scontext=u:r:untrusted_app:s0:c225,c256,c512,c768 tcontext=u:object_r:unlabeled:s0 tclass=filesystem permissive=0 app=com.mbwhatsapp
03-28 12:18:06.053 16564 16615 E SQLiteDatabase: Error inserting transferred=0 media_job_uuid=0f7b98f8-f276-41c1-8be8-7ca6ea3d2702 transcoded=0 gif_attribution=0 first_scan_length=0 direct_path=/v/t62.7161- 24/32802387_439291705259264_2338571482552958739_n.enc?ccb=11- 4&oh=01_ASCbRfb5jxw7Jt_12iy2rKLnsPWyWoDmyltWdXsIbiYDzQ&oe=662C283D&_nc_sid=5e03e0 thumbnail_height_width_ratio=1.7777778 is_animated_sticker=0 file_hash=lUUiMdviE1gJxrWEeQZ1oyT0ZC1Af71ibso/Rcs0VnI= file_path=null file_size=0 partial_media_hash=null face_x=0 face_y=0 height=1024 trim_to=0 media_key_timestamp=1711591981000 message_url=https://mmg.whatsapp.net/v/t62.7161- 24/32802387_439291705259264_2338571482552958739_n.enc?ccb=11- 4&oh=01_ASCbRfb5jxw7Jt_12iy2rKLnsPWyWoDmyltWdXsIbiYDzQ&oe=662C283D&_nc_sid=5e03e0&m ms3=true media_caption=null trim_from=0 mime_type=video/mp4 partial_media_enc_hash=null width=576 original_file_hash=null has_streaming_sidecar=1 autotransfer_retry_enabled=1 media_upload_handle=null message_row_id=181 multicast_id=null enc_file_hash=49G0owErp8Nbe6ZtSBb7AqxgvrvMm6jGrUBUJVdrONQ= mute_video=0 page_count=0 first_scan_sidecar=null suspicious_content=0 file_length=2030739 media_name=null media_duration=14 chat_row_id=20 media_key=[B@7c67e9e
03-28 12:18:06.053 16564 16615 E SQLiteDatabase: android.database.sqlite.SQLiteConstraintException: UNIQUE constraint failed: message_media.message_row_id (code 1555 SQLITE_CONSTRAINT_PRIMARYKEY)
03-28 12:18:06.053 16564 16615 E SQLiteDatabase: at android.database.sqlite.SQLiteConnection.nativeExecuteForLastInsertedRowId(Native Method)
03-28 12:18:06.053 16564 16615 E SQLiteDatabase: at android.database.sqlite.SQLiteConnection.executeForLastInsertedRowId(SQLiteConnecti on.java:961)
03-28 12:18:06.053 16564 16615 E SQLiteDatabase: at android.database.sqlite.SQLiteSession.executeForLastInsertedRowId(SQLiteSession.jav a:790)
03-28 12:18:06.053 16564 16615 E SQLiteDatabase: at android.database.sqlite.SQLiteStatement.executeInsert(SQLiteStatement.java:89)
03-28 12:18:06.053 16564 16615 E SQLiteDatabase: at android.database.sqlite.SQLiteDatabase.insertWithOnConflict(SQLiteDatabase.java:187 4)
03-28 12:18:06.053 16564 16615 E SQLiteDatabase: at android.database.sqlite.SQLiteDatabase.insert(SQLiteDatabase.java:1743)
03-28 12:18:06.053 16564 16615 E SQLiteDatabase: at X.2tm.A08(Unknown Source:6)
03-28 12:18:06.053 16564 16615 E SQLiteDatabase: at X.35Y.A07(Unknown Source:212)
03-28 12:18:06.053 16564 16615 E SQLiteDatabase: at X.3QF.A14(Unknown Source:470)
03-28 12:18:06.053 16564 16615 E SQLiteDatabase: at X.3gU.run(Unknown Source:982)
03-28 12:18:06.053 16564 16615 E SQLiteDatabase: at android.os.Handler.handleCallback(Handler.java:942)
03-28 12:18:06.053 16564 16615 E SQLiteDatabase: at android.os.Handler.dispatchMessage(Handler.java:99)
03-28 12:18:06.053 16564 16615 E SQLiteDatabase: at X.0zq.dispatchMessage(Unknown Source:4)
03-28 12:18:06.053 16564 16615 E SQLiteDatabase: at android.os.Looper.loopOnce(Looper.java:204)
03-28 12:18:06.053 16564 16615 E SQLiteDatabase: at android.os.Looper.loop(Looper.java:291)
03-28 12:18:06.053 16564 16615 E SQLiteDatabase: at android.os.HandlerThread.run(HandlerThread.java:67)
03-28 12:18:06.754 16564 16615 E SQLiteDatabase: Error inserting transferred=0 media_job_uuid=5355cf0f-1484-419d-9947-311d9ad6c72f transcoded=0 gif_attribution=0 first_scan_length=0 direct_path=/v/t62.7161- 24/31472208_726370683027775_4124718176869502175_n.enc?ccb=11- 4&oh=01_ASDQMFUSXu31lpz8MumfeyxjCMu-SKmyO-Hr1oYOgubk4A&oe=662BEDD3&_nc_sid=5e03e0 thumbnail_height_width_ratio=1.3333334 is_animated_sticker=0 file_hash=zujtrvwKMok/jwxUcjSPSG8mXENn0TnVIvRMS4nZCpk= file_path=null file_size=0 partial_media_hash=null face_x=0 face_y=0 height=640 trim_to=0 media_key_timestamp=1711563133000 message_url=https://mmg.whatsapp.net/v/t62.7161- 24/31472208_726370683027775_4124718176869502175_n.enc?ccb=11- 4&oh=01_ASDQMFUSXu31lpz8MumfeyxjCMu-SKmyO- Hr1oYOgubk4A&oe=662BEDD3&_nc_sid=5e03e0&mms3=true media_caption=null trim_from=0 mime_type=video/mp4 partial_media_enc_hash=null width=480 original_file_hash=null has_streaming_sidecar=1 autotransfer_retry_enabled=1 media_upload_handle=null message_row_id=129 multicast_id=null enc_file_hash=wIWjt7DGzAQKywbPw7995JKgFTf+K6I15J9xJeYxFbs= mute_video=0 page_count=0 first_scan_sidecar=null suspicious_content=0 file_length=2037614 media_name=null media_duration=15 chat_row_id=20 media_key=[B@a3d1c07
03-28 12:18:06.754 16564 16615 E SQLiteDatabase: android.database.sqlite.SQLiteConstraintException: UNIQUE constraint failed: message_media.message_row_id (code 1555 SQLITE_CONSTRAINT_PRIMARYKEY)
03-28 12:18:06.754 16564 16615 E SQLiteDatabase: at android.database.sqlite.SQLiteConnection.nativeExecuteForLastInsertedRowId(Native Method)
03-28 12:18:06.754 16564 16615 E SQLiteDatabase: at android.database.sqlite.SQLiteConnection.executeForLastInsertedRowId(SQLiteConnecti on.java:961)
03-28 12:18:06.754 16564 16615 E SQLiteDatabase: at android.database.sqlite.SQLiteSession.executeForLastInsertedRowId(SQLiteSession.jav a:790)
03-28 12:18:06.754 16564 16615 E SQLiteDatabase: at android.database.sqlite.SQLiteStatement.executeInsert(SQLiteStatement.java:89)
03-28 12:18:06.754 16564 16615 E SQLiteDatabase: at android.database.sqlite.SQLiteDatabase.insertWithOnConflict(SQLiteDatabase.java:187 4)
03-28 12:18:06.754 16564 16615 E SQLiteDatabase: at android.database.sqlite.SQLiteDatabase.insert(SQLiteDatabase.java:1743)
03-28 12:18:06.754 16564 16615 E SQLiteDatabase: at X.2tm.A08(Unknown Source:6)
03-28 12:18:06.754 16564 16615 E SQLiteDatabase: at X.35Y.A07(Unknown Source:212)
03-28 12:18:06.754 16564 16615 E SQLiteDatabase: at X.3QF.A14(Unknown Source:470)
03-28 12:18:06.754 16564 16615 E SQLiteDatabase: at X.3gU.run(Unknown Source:982)
03-28 12:18:06.754 16564 16615 E SQLiteDatabase: at android.os.Handler.handleCallback(Handler.java:942)
03-28 12:18:06.754 16564 16615 E SQLiteDatabase: at android.os.Handler.dispatchMessage(Handler.java:99)
03-28 12:18:06.754 16564 16615 E SQLiteDatabase: at X.0zq.dispatchMessage(Unknown Source:4)
03-28 12:18:06.754 16564 16615 E SQLiteDatabase: at android.os.Looper.loopOnce(Looper.java:204)
03-28 12:18:06.754 16564 16615 E SQLiteDatabase: at android.os.Looper.loop(Looper.java:291)
03-28 12:18:06.754 16564 16615 E SQLiteDatabase: at android.os.HandlerThread.run(HandlerThread.java:67)
03-28 12:18:07.807 16564 24321 W Codec2Client: query -- param skipped: index = 1342179345.
03-28 12:18:07.807 16564 24321 W Codec2Client: query -- param skipped: index = 2415921170.
03-28 12:18:07.807 16564 24321 W Codec2Client: query -- param skipped: index = 1610614798.
03-28 12:18:07.808 16564 24338 W Codec2Client: query -- param skipped: index = 1342179345.
03-28 12:18:07.808 16564 24338 W Codec2Client: query -- param skipped: index = 2415921170.
03-28 12:18:07.808 16564 24338 W Codec2Client: query -- param skipped: index = 1610614798.
03-28 12:18:10.757 16564 16564 W libc : Access denied finding property "vendor.transsion.scroll_adjust.support"
03-28 12:18:10.757 16564 16564 W libc : Access denied finding property "vendor.transsion.scroll_adjust.support"
03-28 12:18:10.780 16564 16564 W libc : Access denied finding property "vendor.transsion.scroll_adjust.support"
03-28 12:18:10.780 16564 16564 W libc : Access denied finding property "vendor.transsion.scroll_adjust.support"
03-28 12:18:10.816 16564 16564 E ArmVmp : Match on catch block at 0x0a in for 0x189
03-28 12:18:10.817 16564 16564 E ArmVmp : Match on catch block at 0x0a in for 0x181
03-28 12:18:10.912 16564 16564 E ArmVmp : Match on catch block at 0xc3 in for 0x169
03-28 12:18:10.913 16564 16564 E ArmVmp : Match on catch block at 0xc3 in for 0x161
03-28 12:18:10.914 16564 16564 E ArmVmp : Match on catch block at 0xc3 in for 0x175
03-28 12:18:10.926 16564 26768 W Parcel : Expecting binder but got null!
03-28 12:18:10.942 16564 16564 E ArmVmp : Match on catch block at 0xc3 in for 0x155
03-28 12:18:10.944 16564 16564 E ArmVmp : Match on catch block at 0xc3 in for 0x151
03-28 12:18:10.945 16564 16564 E ArmVmp : Match on catch block at 0xc3 in for 0x155
03-28 12:18:10.957 16564 16564 E ArmVmp : Match on catch block at 0xc3 in for 0x149
03-28 12:18:10.958 16564 16564 E ArmVmp : Match on catch block at 0xc3 in for 0x145
03-28 12:18:10.959 16564 16564 E ArmVmp : Match on catch block at 0xc3 in for 0x149
03-28 12:18:10.982 16564 16564 E ArmVmp : Match on catch block at 0xc3 in for 0x141
03-28 12:18:10.983 16564 16564 E ArmVmp : Match on catch block at 0xc3 in for 0x159
03-28 12:18:10.985 16564 16564 E ArmVmp : Match on catch block at 0xc3 in for 0x141
03-28 12:18:10.993 16564 16564 E ArmVmp : Match on catch block at 0xc3 in for 0x151
03-28 12:18:10.994 16564 16564 E ArmVmp : Match on catch block at 0xc3 in for 0x14d
03-28 12:18:10.995 16564 16564 E ArmVmp : Match on catch block at 0xc3 in for 0x151
03-28 12:18:11.004 16564 16564 E ArmVmp : Match on catch block at 0xc3 in for 0x14d
03-28 12:18:11.006 16564 16564 E ArmVmp : Match on catch block at 0xc3 in for 0x149
03-28 12:18:11.006 16564 16564 E ArmVmp : Match on catch block at 0xc3 in for 0x14d
03-28 12:18:11.015 16564 16564 E ArmVmp : Match on catch block at 0xc3 in for 0x145
03-28 12:18:11.016 16564 16564 E ArmVmp : Match on catch block at 0xc3 in for 0x141
03-28 12:18:11.017 16564 16564 E ArmVmp : Match on catch block at 0xc3 in for 0x145
03-28 12:18:11.036 16564 16564 E ArmVmp : Match on catch block at 0xc3 in for 0x149
03-28 12:18:11.037 16564 16564 E ArmVmp : Match on catch block at 0xc3 in for 0x145
03-28 12:18:11.038 16564 16564 E ArmVmp : Match on catch block at 0xc3 in for 0x149
03-28 12:18:11.056 16564 16564 E ArmVmp : Match on catch block at 0xc3 in for 0x145
03-28 12:18:11.057 16564 16564 E ArmVmp : Match on catch block at 0xc3 in for 0x141
03-28 12:18:11.058 16564 16564 E ArmVmp : Match on catch block at 0xc3 in for 0x145
03-28 12:18:11.063 16564 16564 E ArmVmp : Match on catch block at 0xc3 in for 0x159
03-28 12:18:11.064 16564 16564 E ArmVmp : Match on catch block at 0xc3 in for 0x155
03-28 12:18:11.066 16564 16564 E ArmVmp : Match on catch block at 0xc3 in for 0x159
03-28 12:18:11.071 16564 16564 E ArmVmp : Match on catch block at 0xc3 in for 0x159
03-28 12:18:11.072 16564 16564 E ArmVmp : Match on catch block at 0xc3 in for 0x155
03-28 12:18:11.072 16564 16564 E ArmVmp : Match on catch block at 0xc3 in for 0x159
03-28 12:18:11.467 16564 16564 E ArmVmp : Match on catch block at 0xc3 in for 0x141
03-28 12:18:11.469 16564 16564 E ArmVmp : Match on catch block at 0xc3 in for 0x159
03-28 12:18:11.471 16564 16564 E ArmVmp : Match on catch block at 0xc3 in for 0x141
03-28 12:18:11.475 16564 16564 E ArmVmp : Match on catch block at 0xc3 in for 0x141
03-28 12:18:11.478 16564 16564 E ArmVmp : Match on catch block at 0xc3 in for 0x159
03-28 12:18:11.480 16564 16564 E ArmVmp : Match on catch block at 0xc3 in for 0x141
03-28 12:18:11.489 16564 16564 W OnBackInvokedCallback: OnBackInvokedCallback is not enabled for the application.
03-28 12:18:11.489 16564 16564 W OnBackInvokedCallback: Set 'android:enableOnBackInvokedCallback="true"' in the application manifest.
03-28 12:18:11.561 16564 16564 E ArmVmp : Match on catch block at 0xc3 in for 0x159
03-28 12:18:11.563 16564 16564 E ArmVmp : Match on catch block at 0xc3 in for 0x155
03-28 12:18:11.565 16564 16564 E ArmVmp : Match on catch block at 0xc3 in for 0x159
03-28 12:18:11.571 16564 16564 E ArmVmp : Match on catch block at 0xc3 in for 0x159
03-28 12:18:11.573 16564 16564 E ArmVmp : Match on catch block at 0xc3 in for 0x155
03-28 12:18:11.575 16564 16564 E ArmVmp : Match on catch block at 0xc3 in for 0x159
03-28 12:18:11.670 16564 16564 E ArmVmp : Match on catch block at 0xc3 in for 0x159
03-28 12:18:11.673 16564 16564 E ArmVmp : Match on catch block at 0xc3 in for 0x155
03-28 12:18:11.674 16564 16564 E ArmVmp : Match on catch block at 0xc3 in for 0x159
03-28 12:18:11.688 16564 16564 E ArmVmp : Match on catch block at 0xc3 in for 0x159
03-28 12:18:11.691 16564 16564 E ArmVmp : Match on catch block at 0xc3 in for 0x155
03-28 12:18:11.694 16564 16564 E ArmVmp : Match on catch block at 0xc3 in for 0x159
03-28 12:18:11.705 16564 16564 E ArmVmp : Match on catch block at 0xc3 in for 0x159
03-28 12:18:11.707 16564 16564 E ArmVmp : Match on catch block at 0xc3 in for 0x155
03-28 12:18:11.709 16564 16564 E ArmVmp : Match on catch block at 0xc3 in for 0x159
03-28 12:18:11.721 16564 16564 E ArmVmp : Match on catch block at 0xc3 in for 0x159
03-28 12:18:11.723 16564 16564 E ArmVmp : Match on catch block at 0xc3 in for 0x155
03-28 12:18:11.724 16564 16564 E ArmVmp : Match on catch block at 0xc3 in for 0x159
03-28 12:18:11.738 16564 16564 E ArmVmp : Match on catch block at 0xc3 in for 0x159
03-28 12:18:11.741 16564 16564 E ArmVmp : Match on catch block at 0xc3 in for 0x155
03-28 12:18:11.743 16564 16564 E ArmVmp : Match on catch block at 0xc3 in for 0x159
03-28 12:18:11.754 16564 16564 E ArmVmp : Match on catch block at 0xc3 in for 0x159
03-28 12:18:11.757 16564 16564 E ArmVmp : Match on catch block at 0xc3 in for 0x155
03-28 12:18:11.758 16564 16564 E ArmVmp : Match on catch block at 0xc3 in for 0x159
03-28 12:18:11.771 16564 16564 E ArmVmp : Match on catch block at 0xc3 in for 0x159
03-28 12:18:11.774 16564 16564 E ArmVmp : Match on catch block at 0xc3 in for 0x155
03-28 12:18:11.775 16564 16564 E ArmVmp : Match on catch block at 0xc3 in for 0x159
03-28 12:18:11.788 16564 16564 E ArmVmp : Match on catch block at 0xc3 in for 0x159
03-28 12:18:11.790 16564 16564 E ArmVmp : Match on catch block at 0xc3 in for 0x155
03-28 12:18:11.792 16564 16564 E ArmVmp : Match on catch block at 0xc3 in for 0x159
03-28 12:18:11.804 16564 16564 E ArmVmp : Match on catch block at 0xc3 in for 0x159
03-28 12:18:11.806 16564 16564 E ArmVmp : Match on catch block at 0xc3 in for 0x155
03-28 12:18:11.808 16564 16564 E ArmVmp : Match on catch block at 0xc3 in for 0x159
03-28 12:18:11.821 16564 16564 E ArmVmp : Match on catch block at 0xc3 in for 0x159
03-28 12:18:11.823 16564 16564 E ArmVmp : Match on catch block at 0xc3 in for 0x155
03-28 12:18:11.825 16564 16564 E ArmVmp : Match on catch block at 0xc3 in for 0x159
03-28 12:18:11.838 16564 16564 E ArmVmp : Match on catch block at 0xc3 in for 0x159
03-28 12:18:11.840 16564 16564 E ArmVmp : Match on catch block at 0xc3 in for 0x155
03-28 12:18:11.842 16564 16564 E ArmVmp : Match on catch block at 0xc3 in for 0x159
03-28 12:18:11.853 16564 16564 E ArmVmp : Match on catch block at 0xc3 in for 0x159
03-28 12:18:11.856 16564 16564 E ArmVmp : Match on catch block at 0xc3 in for 0x155
03-28 12:18:11.858 16564 16564 E ArmVmp : Match on catch block at 0xc3 in for 0x159
03-28 12:18:11.870 16564 16564 E ArmVmp : Match on catch block at 0xc3 in for 0x159
03-28 12:18:11.872 16564 16564 E ArmVmp : Match on catch block at 0xc3 in for 0x155
03-28 12:18:11.874 16564 16564 E ArmVmp : Match on catch block at 0xc3 in for 0x159
03-28 12:18:11.887 16564 16564 E ArmVmp : Match on catch block at 0xc3 in for 0x159
03-28 12:18:11.889 16564 16564 E ArmVmp : Match on catch block at 0xc3 in for 0x155
03-28 12:18:11.891 16564 16564 E ArmVmp : Match on catch block at 0xc3 in for 0x159
03-28 12:18:11.904 16564 16564 E ArmVmp : Match on catch block at 0xc3 in for 0x159
03-28 12:18:11.907 16564 16564 E ArmVmp : Match on catch block at 0xc3 in for 0x155
03-28 12:18:11.909 16564 16564 E ArmVmp : Match on catch block at 0xc3 in for 0x159
03-28 12:18:11.920 16564 16564 E ArmVmp : Match on catch block at 0xc3 in for 0x159
03-28 12:18:11.923 16564 16564 E ArmVmp : Match on catch block at 0xc3 in for 0x155
03-28 12:18:11.925 16564 16564 E ArmVmp : Match on catch block at 0xc3 in for 0x159
03-28 12:18:11.938 16564 16564 E ArmVmp : Match on catch block at 0xc3 in for 0x159
03-28 12:18:11.940 16564 16564 E ArmVmp : Match on catch block at 0xc3 in for 0x155
03-28 12:18:11.942 16564 16564 E ArmVmp : Match on catch block at 0xc3 in for 0x159
03-28 12:18:11.954 16564 16564 E ArmVmp : Match on catch block at 0xc3 in for 0x159
03-28 12:18:11.956 16564 16564 E ArmVmp : Match on catch block at 0xc3 in for 0x155
03-28 12:18:11.958 16564 16564 E ArmVmp : Match on catch block at 0xc3 in for 0x159
03-28 12:18:11.970 16564 16564 E ArmVmp : Match on catch block at 0xc3 in for 0x159
03-28 12:18:11.972 16564 16564 E ArmVmp : Match on catch block at 0xc3 in for 0x155
03-28 12:18:11.975 16564 16564 E ArmVmp : Match on catch block at 0xc3 in for 0x159
03-28 12:18:11.987 16564 16564 E ArmVmp : Match on catch block at 0xc3 in for 0x159
03-28 12:18:11.989 16564 16564 E ArmVmp : Match on catch block at 0xc3 in for 0x155
03-28 12:18:11.990 16564 16564 E ArmVmp : Match on catch block at 0xc3 in for 0x159
03-28 12:18:12.354 16564 16564 E ArmVmp : Match on catch block at 0xc3 in for 0x14d
03-28 12:18:12.357 16564 16564 E ArmVmp : Match on catch block at 0xc3 in for 0x149
03-28 12:18:12.360 16564 16564 E ArmVmp : Match on catch block at 0xc3 in for 0x14d
03-28 12:18:12.370 16564 16564 E ArmVmp : Match on catch block at 0xc3 in for 0x14d
03-28 12:18:12.372 16564 16564 E ArmVmp : Match on catch block at 0xc3 in for 0x149
03-28 12:18:12.374 16564 16564 E ArmVmp : Match on catch block at 0xc3 in for 0x14d
03-28 12:18:12.390 16564 16564 E ArmVmp : Match on catch block at 0xc3 in for 0x14d
03-28 12:18:12.392 16564 16564 E ArmVmp : Match on catch block at 0xc3 in for 0x149
03-28 12:18:12.392 16564 16564 E ArmVmp : Match on catch block at 0xc3 in for 0x14d
03-28 12:18:12.412 16564 16564 E ArmVmp : Match on catch block at 0xc3 in for 0x14d
03-28 12:18:12.413 16564 16564 E ArmVmp : Match on catch block at 0xc3 in for 0x149
03-28 12:18:12.413 16564 16564 E ArmVmp : Match on catch block at 0xc3 in for 0x14d
03-28 12:18:12.426 16564 16564 W libc : Access denied finding property "vendor.transsion.scroll_adjust.support"
03-28 12:18:12.426 16564 16564 W libc : Access denied finding property "vendor.transsion.scroll_adjust.support"
03-28 12:18:12.509 16564 26768 W Parcel : Expecting binder but got null!
03-28 12:18:12.510 16564 16564 E ArmVmp : Match on catch block at 0xc3 in for 0x155
03-28 12:18:12.511 16564 16564 E ArmVmp : Match on catch block at 0xc3 in for 0x151
03-28 12:18:12.512 16564 16564 E ArmVmp : Match on catch block at 0xc3 in for 0x155
03-28 12:18:12.530 16564 16564 E ArmVmp : Match on catch block at 0xc3 in for 0x141
03-28 12:18:12.531 16564 16564 E ArmVmp : Match on catch block at 0xc3 in for 0x159
03-28 12:18:12.532 16564 16564 E ArmVmp : Match on catch block at 0xc3 in for 0x141
03-28 12:18:12.536 16564 16564 E ArmVmp : Match on catch block at 0xc3 in for 0x141
03-28 12:18:12.537 16564 16564 E ArmVmp : Match on catch block at 0xc3 in for 0x159
03-28 12:18:12.538 16564 16564 E ArmVmp : Match on catch block at 0xc3 in for 0x141
03-28 12:18:12.552 16564 16564 E ArmVmp : Match on catch block at 0xc3 in for 0x141
03-28 12:18:12.553 16564 16564 E ArmVmp : Match on catch block at 0xc3 in for 0x159
03-28 12:18:12.554 16564 16564 E ArmVmp : Match on catch block at 0xc3 in for 0x141
03-28 12:18:12.569 16564 16564 E ArmVmp : Match on catch block at 0xc3 in for 0x141
03-28 12:18:12.570 16564 16564 E ArmVmp : Match on catch block at 0xc3 in for 0x159
03-28 12:18:12.571 16564 16564 E ArmVmp : Match on catch block at 0xc3 in for 0x141
03-28 12:18:12.586 16564 16564 E ArmVmp : Match on catch block at 0xc3 in for 0x141
03-28 12:18:12.587 16564 16564 E ArmVmp : Match on catch block at 0xc3 in for 0x159
03-28 12:18:12.587 16564 16564 E ArmVmp : Match on catch block at 0xc3 in for 0x141
03-28 12:18:12.602 16564 16564 E ArmVmp : Match on catch block at 0xc3 in for 0x141
03-28 12:18:12.604 16564 16564 E ArmVmp : Match on catch block at 0xc3 in for 0x159
03-28 12:18:12.606 16564 16564 E ArmVmp : Match on catch block at 0xc3 in for 0x141
03-28 12:18:12.619 16564 16564 E ArmVmp : Match on catch block at 0xc3 in for 0x141
03-28 12:18:12.620 16564 16564 E ArmVmp : Match on catch block at 0xc3 in for 0x159
03-28 12:18:12.620 16564 16564 E ArmVmp : Match on catch block at 0xc3 in for 0x141
03-28 12:18:12.819 16564 16564 E ArmVmp : Match on catch block at 0xc3 in for 0x145
03-28 12:18:12.821 16564 16564 E ArmVmp : Match on catch block at 0xc3 in for 0x141
03-28 12:18:12.822 16564 16564 E ArmVmp : Match on catch block at 0xc3 in for 0x145
03-28 12:18:13.169 16564 16564 E ArmVmp : Match on catch block at 0xc3 in for 0x149
03-28 12:18:13.172 16564 16564 E ArmVmp : Match on catch block at 0xc3 in for 0x145
03-28 12:18:13.177 16564 16564 E ArmVmp : Match on catch block at 0xc3 in for 0x149
03-28 12:18:13.187 16564 16564 E ArmVmp : Match on catch block at 0xc3 in for 0x149
03-28 12:18:13.194 16564 16564 E ArmVmp : Match on catch block at 0xc3 in for 0x145
03-28 12:18:13.197 16564 16564 E ArmVmp : Match on catch block at 0xc3 in for 0x149
03-28 12:18:13.202 16564 16564 E ArmVmp : Match on catch block at 0xc3 in for 0x149
03-28 12:18:13.205 16564 16564 E ArmVmp : Match on catch block at 0xc3 in for 0x145
03-28 12:18:13.207 16564 16564 E ArmVmp : Match on catch block at 0xc3 in for 0x149
03-28 12:18:13.219 16564 16564 E ArmVmp : Match on catch block at 0xc3 in for 0x149
03-28 12:18:13.226 16564 16564 E ArmVmp : Match on catch block at 0xc3 in for 0x145
03-28 12:18:13.229 16564 16564 E ArmVmp : Match on catch block at 0xc3 in for 0x149
03-28 12:18:13.236 16564 16564 E ArmVmp : Match on catch block at 0xc3 in for 0x149
03-28 12:18:13.239 16564 16564 E ArmVmp : Match on catch block at 0xc3 in for 0x145
03-28 12:18:13.242 16564 16564 E ArmVmp : Match on catch block at 0xc3 in for 0x149
03-28 12:18:13.252 16564 16564 E ArmVmp : Match on catch block at 0xc3 in for 0x149
03-28 12:18:13.255 16564 16564 E ArmVmp : Match on catch block at 0xc3 in for 0x145
03-28 12:18:13.257 16564 16564 E ArmVmp : Match on catch block at 0xc3 in for 0x149
03-28 12:18:13.270 16564 16564 E ArmVmp : Match on catch block at 0xc3 in for 0x149
03-28 12:18:13.274 16564 16564 E ArmVmp : Match on catch block at 0xc3 in for 0x145
03-28 12:18:13.277 16564 16564 E ArmVmp : Match on catch block at 0xc3 in for 0x149
03-28 12:18:13.286 16564 16564 E ArmVmp : Match on catch block at 0xc3 in for 0x149
03-28 12:18:13.291 16564 16564 E ArmVmp : Match on catch block at 0xc3 in for 0x145
03-28 12:18:13.295 16564 16564 E ArmVmp : Match on catch block at 0xc3 in for 0x149
03-28 12:18:13.303 16564 16564 E ArmVmp : Match on catch block at 0xc3 in for 0x149
03-28 12:18:13.306 16564 16564 E ArmVmp : Match on catch block at 0xc3 in for 0x145
03-28 12:18:13.308 16564 16564 E ArmVmp : Match on catch block at 0xc3 in for 0x149
03-28 12:18:13.319 16564 16564 E ArmVmp : Match on catch block at 0xc3 in for 0x149
03-28 12:18:13.324 16564 16564 E ArmVmp : Match on catch block at 0xc3 in for 0x145
03-28 12:18:13.328 16564 16564 E ArmVmp : Match on catch block at 0xc3 in for 0x149
03-28 12:18:13.336 16564 16564 E ArmVmp : Match on catch block at 0xc3 in for 0x149
03-28 12:18:13.339 16564 16564 E ArmVmp : Match on catch block at 0xc3 in for 0x145
03-28 12:18:13.342 16564 16564 E ArmVmp : Match on catch block at 0xc3 in for 0x149
03-28 12:18:13.352 16564 16564 E ArmVmp : Match on catch block at 0xc3 in for 0x149
03-28 12:18:13.355 16564 16564 E ArmVmp : Match on catch block at 0xc3 in for 0x145
03-28 12:18:13.357 16564 16564 E ArmVmp : Match on catch block at 0xc3 in for 0x149
03-28 12:18:13.374 16564 16564 E ArmVmp : Match on catch block at 0xc3 in for 0x149
03-28 12:18:13.379 16564 16564 E ArmVmp : Match on catch block at 0xc3 in for 0x145
