03-28 16:02:36.477 26849 32156 W Codec2Client: query -- param skipped: index = 1342179345.
03-28 16:02:36.477 26849 32156 W Codec2Client: query -- param skipped: index = 2415921170.
03-28 16:02:36.527 26849 32160 E CCodec : before change, configure, format : AMessage(what = 0x00000000) = {
03-28 16:02:36.527 26849 32160 E CCodec : string mime = "audio/vorbis"
03-28 16:02:36.527 26849 32160 E CCodec : int64_t durationUs = 365895
03-28 16:02:36.527 26849 32160 E CCodec : int32_t track-id = 1
03-28 16:02:36.527 26849 32160 E CCodec : Buffer csd-0 = {
03-28 16:02:36.527 26849 32160 E CCodec : 00000000: 01 76 6f 72 62 69 73 00 00 00 00 01 44 ac 00 00 .vorbis.....D...
03-28 16:02:36.527 26849 32160 E CCodec : 00000010: 00 00 00 00 c0 d4 01 00 00 00 00 00 b8 01 ..............
03-28 16:02:36.527 26849 32160 E CCodec : }
03-28 16:02:36.527 26849 32160 E CCodec : Buffer *csd-1 = 0xb4000077d28db810
03-28 16:02:36.527 26849 32160 E CCodec : int32_t bitrate = 120000
03-28 16:02:36.527 26849 32160 E CCodec : int32_t channel-count = 1
03-28 16:02:36.527 26849 32160 E CCodec : int32_t sample-rate = 44100
03-28 16:02:36.527 26849 32160 E CCodec : int32_t channel-mask = 1
03-28 16:02:36.527 26849 32160 E CCodec : int32_t flags = 0
03-28 16:02:36.527 26849 32160 E CCodec : } , width 0 , higth 0
03-28 16:02:36.527 26849 32160 W Codec2Client: query -- param skipped: index = 1107298332.
03-28 16:02:36.540 26849 32160 W Codec2Client: query -- param skipped: index = 1342179345.
03-28 16:02:36.540 26849 32160 W Codec2Client: query -- param skipped: index = 2415921170.
03-28 16:02:36.564 26849 26849 W libc : Access denied finding property "vendor.transsion.scroll_adjust.support"
03-28 16:02:36.564 26849 26849 W libc : Access denied finding property "vendor.transsion.scroll_adjust.support"
03-28 16:02:36.565 26849 26849 W libc : Access denied finding property "vendor.transsion.scroll_adjust.support"
03-28 16:02:36.565 26849 26849 W libc : Access denied finding property "vendor.transsion.scroll_adjust.support"
03-28 16:02:36.567 26849 26849 W libc : Access denied finding property "vendor.transsion.scroll_adjust.support"
03-28 16:02:36.567 26849 26849 W libc : Access denied finding property "vendor.transsion.scroll_adjust.support"
03-28 16:02:36.580 26849 26849 W libc : Access denied finding property "vendor.transsion.scroll_adjust.support"
03-28 16:02:36.580 26849 26849 W libc : Access denied finding property "vendor.transsion.scroll_adjust.support"
03-28 16:02:36.583 26849 32165 E CCodec : before change, configure, format : AMessage(what = 0x00000000) = {
03-28 16:02:36.583 26849 32165 E CCodec : string mime = "audio/vorbis"
03-28 16:02:36.583 26849 32165 E CCodec : int64_t durationUs = 408594
03-28 16:02:36.583 26849 32165 E CCodec : int32_t track-id = 1
03-28 16:02:36.583 26849 32165 E CCodec : Buffer csd-0 = {
03-28 16:02:36.583 26849 32165 E CCodec : 00000000: 01 76 6f 72 62 69 73 00 00 00 00 01 44 ac 00 00 .vorbis.....D...
03-28 16:02:36.583 26849 32165 E CCodec : 00000010: 00 00 00 00 c0 d4 01 00 00 00 00 00 b8 01 ..............
03-28 16:02:36.583 26849 32165 E CCodec : }
03-28 16:02:36.583 26849 32165 E CCodec : Buffer *csd-1 = 0xb4000077d28f2470
03-28 16:02:36.583 26849 32165 E CCodec : int32_t bitrate = 120000
03-28 16:02:36.583 26849 32165 E CCodec : int32_t channel-count = 1
03-28 16:02:36.583 26849 32165 E CCodec : int32_t sample-rate = 44100
03-28 16:02:36.583 26849 32165 E CCodec : int32_t channel-mask = 1
03-28 16:02:36.583 26849 32165 E CCodec : int32_t flags = 0
03-28 16:02:36.583 26849 32165 E CCodec : } , width 0 , higth 0
03-28 16:02:36.585 26849 32165 W Codec2Client: query -- param skipped: index = 1107298332.
03-28 16:02:36.589 26849 32165 W Codec2Client: query -- param skipped: index = 1342179345.
03-28 16:02:36.589 26849 32165 W Codec2Client: query -- param skipped: index = 2415921170.
03-28 16:02:36.601 26849 26849 W libc : Access denied finding property "vendor.transsion.scroll_adjust.support"
03-28 16:02:36.601 26849 26849 W libc : Access denied finding property "vendor.transsion.scroll_adjust.support"
03-28 16:02:36.601 26849 26849 W libc : Access denied finding property "vendor.transsion.scroll_adjust.support"
03-28 16:02:36.601 26849 26849 W libc : Access denied finding property "vendor.transsion.scroll_adjust.support"
03-28 16:02:36.661 26849 26849 W libc : Access denied finding property "vendor.transsion.scroll_adjust.support"
03-28 16:02:36.661 26849 26849 W libc : Access denied finding property "vendor.transsion.scroll_adjust.support"
03-28 16:02:36.668 26849 27434 W Parcel : Expecting binder but got null!
03-28 16:02:36.704 26849 27434 W Parcel : Expecting binder but got null!
03-28 16:02:36.715 26849 26849 W BottomSheetBehavior: BottomSheetBehavior now supports multiple callbacks. `setBottomSheetCallback()` removes all existing callbacks, including ones set internally by library authors, which may result in unintended behavior. This may change in the future. Please use `addBottomSheetCallback()` and `removeBottomSheetCallback()` instead to set your own callbacks.
03-28 16:02:37.595 26849 31803 W libOpenSLES: Conversion from OpenSL ES positional channel mask 0x4 to Android mask 0 loses channels
03-28 16:02:37.985 26849 26849 E TranChoreographerImpl: skippedFrames: 31
03-28 16:02:49.659 26849 27434 W Parcel : Expecting binder but got null!
03-28 16:02:51.624 26849 27434 W Parcel : Expecting binder but got null!
03-28 16:03:31.259 26849 26849 W View : requestLayout() improperly called by com.mbwhatsapp.TextEmojiLabel{abc8a60 VFED..C.. ......ID 0,0-302,67 #7f0b06ab app:id/conversation_contact_name} during layout: running second layout pass
03-28 16:03:33.048 26849 27434 W Parcel : Expecting binder but got null!
03-28 16:03:34.506 26849 26849 E ArmVmp : Match on catch block at 0x0a in for 0x189
03-28 16:03:34.508 26849 26849 E ArmVmp : Match on catch block at 0x0a in for 0x181
03-28 16:03:34.537 26849 26849 E ArmVmp : Match on catch block at 0xc3 in for 0x145
03-28 16:03:34.538 26849 26849 E ArmVmp : Match on catch block at 0xc3 in for 0x141
03-28 16:03:34.656 26849 26849 W libc : Access denied finding property "vendor.transsion.scroll_adjust.support"
03-28 16:03:34.657 26849 26849 W libc : Access denied finding property "vendor.transsion.scroll_adjust.support"
03-28 16:03:34.674 26849 26849 W libc : Access denied finding property "vendor.transsion.scroll_adjust.support"
03-28 16:03:34.674 26849 26849 W libc : Access denied finding property "vendor.transsion.scroll_adjust.support"
03-28 16:03:34.712 26849 26849 E ArmVmp : Match on catch block at 0x0a in for 0x191
03-28 16:03:34.714 26849 26849 E ArmVmp : Match on catch block at 0x0a in for 0x189
03-28 16:03:34.812 26849 26849 E ArmVmp : Match on catch block at 0xc3 in for 0x169
03-28 16:03:34.813 26849 26849 E ArmVmp : Match on catch block at 0xc3 in for 0x161
03-28 16:03:34.820 26849 27434 W Parcel : Expecting binder but got null!
03-28 16:03:34.830 26849 26849 E ArmVmp : Match on catch block at 0xc3 in for 0x145
03-28 16:03:34.832 26849 26849 E ArmVmp : Match on catch block at 0xc3 in for 0x141
03-28 16:03:34.849 26849 26849 E ArmVmp : Match on catch block at 0xc3 in for 0x14d
03-28 16:03:34.851 26849 26849 E ArmVmp : Match on catch block at 0xc3 in for 0x149
03-28 16:03:34.909 26849 26849 E ArmVmp : Match on catch block at 0xc3 in for 0x155
03-28 16:03:34.911 26849 26849 E ArmVmp : Match on catch block at 0xc3 in for 0x151
03-28 16:03:34.916 26849 26849 E ArmVmp : Match on catch block at 0xc3 in for 0x159
03-28 16:03:34.917 26849 26849 E ArmVmp : Match on catch block at 0xc3 in for 0x155
03-28 16:03:34.932 26849 26849 E ArmVmp : Match on catch block at 0xc3 in for 0x141
03-28 16:03:34.933 26849 26849 E ArmVmp : Match on catch block at 0xc3 in for 0x159
03-28 16:03:34.949 26849 26849 E ArmVmp : Match on catch block at 0xc3 in for 0x145
03-28 16:03:34.951 26849 26849 E ArmVmp : Match on catch block at 0xc3 in for 0x141
03-28 16:03:34.967 26849 26849 E ArmVmp : Match on catch block at 0xc3 in for 0x149
03-28 16:03:34.970 26849 26849 E ArmVmp : Match on catch block at 0xc3 in for 0x145
03-28 16:03:34.983 26849 26849 E ArmVmp : Match on catch block at 0xc3 in for 0x14d
03-28 16:03:34.985 26849 26849 E ArmVmp : Match on catch block at 0xc3 in for 0x149
03-28 16:03:35.000 26849 26849 E ArmVmp : Match on catch block at 0xc3 in for 0x141
03-28 16:03:35.002 26849 26849 E ArmVmp : Match on catch block at 0xc3 in for 0x159
03-28 16:03:35.408 26849 26849 E ArmVmp : Match on catch block at 0xc3 in for 0x155
03-28 16:03:35.411 26849 26849 E ArmVmp : Match on catch block at 0xc3 in for 0x151
03-28 16:03:35.558 26849 26849 E ArmVmp : Match on catch block at 0xc3 in for 0x159
03-28 16:03:35.561 26849 26849 E ArmVmp : Match on catch block at 0xc3 in for 0x155
03-28 16:03:35.574 26849 26849 E ArmVmp : Match on catch block at 0xc3 in for 0x141
03-28 16:03:35.576 26849 26849 E ArmVmp : Match on catch block at 0xc3 in for 0x159
03-28 16:03:35.590 26849 26849 E ArmVmp : Match on catch block at 0xc3 in for 0x145
03-28 16:03:35.592 26849 26849 E ArmVmp : Match on catch block at 0xc3 in for 0x141
03-28 16:03:35.607 26849 26849 E ArmVmp : Match on catch block at 0xc3 in for 0x149
03-28 16:03:35.609 26849 26849 E ArmVmp : Match on catch block at 0xc3 in for 0x145
03-28 16:03:35.623 26849 26849 E ArmVmp : Match on catch block at 0xc3 in for 0x14d
03-28 16:03:35.625 26849 26849 E ArmVmp : Match on catch block at 0xc3 in for 0x149
03-28 16:03:35.641 26849 26849 E ArmVmp : Match on catch block at 0xc3 in for 0x151
03-28 16:03:35.643 26849 26849 E ArmVmp : Match on catch block at 0xc3 in for 0x14d
03-28 16:03:35.657 26849 26849 E ArmVmp : Match on catch block at 0xc3 in for 0x155
03-28 16:03:35.659 26849 26849 E ArmVmp : Match on catch block at 0xc3 in for 0x151
03-28 16:03:35.673 26849 26849 E ArmVmp : Match on catch block at 0xc3 in for 0x159
03-28 16:03:35.675 26849 26849 E ArmVmp : Match on catch block at 0xc3 in for 0x155
03-28 16:03:35.690 26849 26849 E ArmVmp : Match on catch block at 0xc3 in for 0x141
03-28 16:03:35.694 26849 26849 E ArmVmp : Match on catch block at 0xc3 in for 0x159
03-28 16:03:35.707 26849 26849 E ArmVmp : Match on catch block at 0xc3 in for 0x145
03-28 16:03:35.710 26849 26849 E ArmVmp : Match on catch block at 0xc3 in for 0x141
03-28 16:03:35.724 26849 26849 E ArmVmp : Match on catch block at 0xc3 in for 0x149
03-28 16:03:35.726 26849 26849 E ArmVmp : Match on catch block at 0xc3 in for 0x145
03-28 16:03:35.740 26849 26849 E ArmVmp : Match on catch block at 0xc3 in for 0x14d
03-28 16:03:35.742 26849 26849 E ArmVmp : Match on catch block at 0xc3 in for 0x149
03-28 16:03:35.757 26849 26849 E ArmVmp : Match on catch block at 0xc3 in for 0x151
03-28 16:03:35.759 26849 26849 E ArmVmp : Match on catch block at 0xc3 in for 0x14d
03-28 16:03:35.774 26849 26849 E ArmVmp : Match on catch block at 0xc3 in for 0x155
03-28 16:03:35.776 26849 26849 E ArmVmp : Match on catch block at 0xc3 in for 0x151
03-28 16:03:35.790 26849 26849 E ArmVmp : Match on catch block at 0xc3 in for 0x145
03-28 16:03:35.792 26849 26849 E ArmVmp : Match on catch block at 0xc3 in for 0x141
03-28 16:03:35.807 26849 26849 E ArmVmp : Match on catch block at 0xc3 in for 0x149
03-28 16:03:35.809 26849 26849 E ArmVmp : Match on catch block at 0xc3 in for 0x145
03-28 16:03:35.824 26849 26849 E ArmVmp : Match on catch block at 0xc3 in for 0x159
03-28 16:03:35.826 26849 26849 E ArmVmp : Match on catch block at 0xc3 in for 0x155
03-28 16:03:35.840 26849 26849 E ArmVmp : Match on catch block at 0xc3 in for 0x14d
03-28 16:03:35.843 26849 26849 E ArmVmp : Match on catch block at 0xc3 in for 0x149
03-28 16:03:35.856 26849 26849 E ArmVmp : Match on catch block at 0xc3 in for 0x151
03-28 16:03:35.858 26849 26849 E ArmVmp : Match on catch block at 0xc3 in for 0x14d
03-28 16:03:35.873 26849 26849 E ArmVmp : Match on catch block at 0xc3 in for 0x155
03-28 16:03:35.877 26849 26849 E ArmVmp : Match on catch block at 0xc3 in for 0x151
03-28 16:03:35.906 26849 26849 E ArmVmp : Match on catch block at 0xc3 in for 0x141
03-28 16:03:35.909 26849 26849 E ArmVmp : Match on catch block at 0xc3 in for 0x159
03-28 16:03:36.406 26849 26849 E ArmVmp : Match on catch block at 0xc3 in for 0x149
03-28 16:03:36.407 26849 26849 E ArmVmp : Match on catch block at 0xc3 in for 0x145
03-28 16:03:36.476 26849 26849 E ArmVmp : Match on catch block at 0xc3 in for 0x141
03-28 16:03:36.480 26849 26849 E ArmVmp : Match on catch block at 0xc3 in for 0x159
03-28 16:03:36.489 26849 26849 E ArmVmp : Match on catch block at 0xc3 in for 0x155
03-28 16:03:36.491 26849 26849 E ArmVmp : Match on catch block at 0xc3 in for 0x151
03-28 16:03:36.501 26849 26849 E ArmVmp : Match on catch block at 0xc3 in for 0x149
03-28 16:03:36.503 26849 26849 E ArmVmp : Match on catch block at 0xc3 in for 0x145
03-28 16:03:36.506 26849 26849 E ArmVmp : Match on catch block at 0xc3 in for 0x14d
03-28 16:03:36.508 26849 26849 E ArmVmp : Match on catch block at 0xc3 in for 0x149
03-28 16:03:36.514 26849 26849 W OnBackInvokedCallback: OnBackInvokedCallback is not enabled for the application.
03-28 16:03:36.514 26849 26849 W OnBackInvokedCallback: Set 'android:enableOnBackInvokedCallback="true"' in the application manifest.
03-28 16:03:36.581 26849 26849 E ArmVmp : Match on catch block at 0xc3 in for 0x145
03-28 16:03:36.583 26849 26849 E ArmVmp : Match on catch block at 0xc3 in for 0x141
03-28 16:03:36.589 26849 26849 E ArmVmp : Match on catch block at 0xc3 in for 0x149
03-28 16:03:36.591 26849 26849 E ArmVmp : Match on catch block at 0xc3 in for 0x145
03-28 16:03:36.906 26849 26849 E ArmVmp : Match on catch block at 0xc3 in for 0x14d
03-28 16:03:36.908 26849 26849 E ArmVmp : Match on catch block at 0xc3 in for 0x149
03-28 16:03:37.094 26849 26849 E ArmVmp : Match on catch block at 0xc3 in for 0x155
03-28 16:03:37.096 26849 26849 E ArmVmp : Match on catch block at 0xc3 in for 0x151
03-28 16:03:37.107 26849 26849 E ArmVmp : Match on catch block at 0xc3 in for 0x155
03-28 16:03:37.111 26849 26849 E ArmVmp : Match on catch block at 0xc3 in for 0x151
03-28 16:03:37.125 26849 26849 E ArmVmp : Match on catch block at 0xc3 in for 0x159
03-28 16:03:37.127 26849 26849 E ArmVmp : Match on catch block at 0xc3 in for 0x155
03-28 16:03:37.139 26849 26849 E ArmVmp : Match on catch block at 0xc3 in for 0x141
03-28 16:03:37.141 26849 26849 E ArmVmp : Match on catch block at 0xc3 in for 0x159
03-28 16:03:37.156 26849 26849 E ArmVmp : Match on catch block at 0xc3 in for 0x145
03-28 16:03:37.159 26849 26849 E ArmVmp : Match on catch block at 0xc3 in for 0x141
03-28 16:03:37.172 26849 26849 E ArmVmp : Match on catch block at 0xc3 in for 0x149
03-28 16:03:37.174 26849 26849 E ArmVmp : Match on catch block at 0xc3 in for 0x145
03-28 16:03:37.188 26849 26849 E ArmVmp : Match on catch block at 0xc3 in for 0x14d
03-28 16:03:37.191 26849 26849 E ArmVmp : Match on catch block at 0xc3 in for 0x149
03-28 16:03:37.206 26849 26849 E ArmVmp : Match on catch block at 0xc3 in for 0x159
03-28 16:03:37.207 26849 26849 E ArmVmp : Match on catch block at 0xc3 in for 0x155
03-28 16:03:37.221 26849 26849 E ArmVmp : Match on catch block at 0xc3 in for 0x141
03-28 16:03:37.223 26849 26849 E ArmVmp : Match on catch block at 0xc3 in for 0x159
03-28 16:03:37.239 26849 26849 E ArmVmp : Match on catch block at 0xc3 in for 0x145
03-28 16:03:37.241 26849 26849 E ArmVmp : Match on catch block at 0xc3 in for 0x141
03-28 16:03:37.255 26849 26849 E ArmVmp : Match on catch block at 0xc3 in for 0x149
03-28 16:03:37.257 26849 26849 E ArmVmp : Match on catch block at 0xc3 in for 0x145
03-28 16:03:37.273 26849 26849 E ArmVmp : Match on catch block at 0xc3 in for 0x14d
03-28 16:03:37.276 26849 26849 E ArmVmp : Match on catch block at 0xc3 in for 0x149
03-28 16:03:37.288 26849 26849 E ArmVmp : Match on catch block at 0xc3 in for 0x159
03-28 16:03:37.290 26849 26849 E ArmVmp : Match on catch block at 0xc3 in for 0x155
03-28 16:03:37.621 26849 26849 E ArmVmp : Match on catch block at 0xc3 in for 0x14d
03-28 16:03:37.622 26849 26849 E ArmVmp : Match on catch block at 0xc3 in for 0x149
03-28 16:03:37.643 26849 26849 E ArmVmp : Match on catch block at 0xc3 in for 0x145
03-28 16:03:37.645 26849 26849 E ArmVmp : Match on catch block at 0xc3 in for 0x141
03-28 16:03:37.668 26849 26849 E ArmVmp : Match on catch block at 0xc3 in for 0x155
03-28 16:03:37.672 26849 26849 E ArmVmp : Match on catch block at 0xc3 in for 0x151
03-28 16:03:37.712 26849 26849 E ArmVmp : Match on catch block at 0xc3 in for 0x141
03-28 16:03:37.713 26849 26849 E ArmVmp : Match on catch block at 0xc3 in for 0x159
03-28 16:03:37.726 26849 26849 E ArmVmp : Match on catch block at 0xc3 in for 0x149
03-28 16:03:37.729 26849 26849 E ArmVmp : Match on catch block at 0xc3 in for 0x145
03-28 16:03:37.737 26849 26849 E ArmVmp : Match on catch block at 0xc3 in for 0x14d
03-28 16:03:37.738 26849 26849 E ArmVmp : Match on catch block at 0xc3 in for 0x149
03-28 16:03:37.754 26849 26849 E ArmVmp : Match on catch block at 0xc3 in for 0x151
03-28 16:03:37.755 26849 26849 E ArmVmp : Match on catch block at 0xc3 in for 0x14d
03-28 16:03:37.771 26849 26849 E ArmVmp : Match on catch block at 0xc3 in for 0x155
03-28 16:03:37.772 26849 26849 E ArmVmp : Match on catch block at 0xc3 in for 0x151
03-28 16:03:37.787 26849 26849 E ArmVmp : Match on catch block at 0xc3 in for 0x159
03-28 16:03:37.789 26849 26849 E ArmVmp : Match on catch block at 0xc3 in for 0x155
03-28 16:03:37.804 26849 26849 E ArmVmp : Match on catch block at 0xc3 in for 0x141
03-28 16:03:37.806 26849 26849 E ArmVmp : Match on catch block at 0xc3 in for 0x159
03-28 16:03:37.821 26849 26849 E ArmVmp : Match on catch block at 0xc3 in for 0x145
03-28 16:03:37.824 26849 26849 E ArmVmp : Match on catch block at 0xc3 in for 0x141
03-28 16:03:37.837 26849 26849 E ArmVmp : Match on catch block at 0xc3 in for 0x149
03-28 16:03:37.839 26849 26849 E ArmVmp : Match on catch block at 0xc3 in for 0x145
03-28 16:03:38.139 26849 26849 E ArmVmp : Match on catch block at 0xc3 in for 0x145
03-28 16:03:38.145 26849 26849 E ArmVmp : Match on catch block at 0xc3 in for 0x141
03-28 16:03:38.243 26849 26849 E ArmVmp : Match on catch block at 0xc3 in for 0x145
03-28 16:03:38.245 26849 26849 E ArmVmp : Match on catch block at 0xc3 in for 0x141
03-28 16:03:38.254 26849 26849 E ArmVmp : Match on catch block at 0xc3 in for 0x145
03-28 16:03:38.255 26849 26849 E ArmVmp : Match on catch block at 0xc3 in for 0x141
03-28 16:03:38.270 26849 26849 E ArmVmp : Match on catch block at 0xc3 in for 0x149
03-28 16:03:38.273 26849 26849 E ArmVmp : Match on catch block at 0xc3 in for 0x145
03-28 16:03:38.288 26849 26849 E ArmVmp : Match on catch block at 0xc3 in for 0x14d
03-28 16:03:38.293 26849 26849 E ArmVmp : Match on catch block at 0xc3 in for 0x149
03-28 16:03:38.304 26849 26849 E ArmVmp : Match on catch block at 0xc3 in for 0x151
03-28 16:03:38.308 26849 26849 E ArmVmp : Match on catch block at 0xc3 in for 0x14d
03-28 16:03:38.323 26849 26849 E ArmVmp : Match on catch block at 0xc3 in for 0x155
03-28 16:03:38.327 26849 26849 E ArmVmp : Match on catch block at 0xc3 in for 0x151
03-28 16:03:38.338 26849 26849 E ArmVmp : Match on catch block at 0xc3 in for 0x159
03-28 16:03:38.343 26849 26849 E ArmVmp : Match on catch block at 0xc3 in for 0x155
03-28 16:03:38.358 26849 26849 E ArmVmp : Match on catch block at 0xc3 in for 0x141
03-28 16:03:38.361 26849 26849 E ArmVmp : Match on catch block at 0xc3 in for 0x159
03-28 16:03:38.371 26849 26849 E ArmVmp : Match on catch block at 0xc3 in for 0x145
03-28 16:03:38.375 26849 26849 E ArmVmp : Match on catch block at 0xc3 in for 0x141
03-28 16:03:38.388 26849 26849 E ArmVmp : Match on catch block at 0xc3 in for 0x149
03-28 16:03:38.393 26849 26849 E ArmVmp : Match on catch block at 0xc3 in for 0x145
03-28 16:03:38.405 26849 26849 E ArmVmp : Match on catch block at 0xc3 in for 0x14d
03-28 16:03:38.411 26849 26849 E ArmVmp : Match on catch block at 0xc3 in for 0x149
03-28 16:03:38.421 26849 26849 E ArmVmp : Match on catch block at 0xc3 in for 0x151
03-28 16:03:38.426 26849 26849 E ArmVmp : Match on catch block at 0xc3 in for 0x14d
03-28 16:03:38.439 26849 26849 E ArmVmp : Match on catch block at 0xc3 in for 0x155
03-28 16:03:38.444 26849 26849 E ArmVmp : Match on catch block at 0xc3 in for 0x151
03-28 16:03:38.590 26849 26849 E ArmVmp : Match on catch block at 0xc3 in for 0x149
03-28 16:03:38.597 26849 26849 E ArmVmp : Match on catch block at 0xc3 in for 0x145
03-28 16:03:38.605 26849 26849 E ArmVmp : Match on catch block at 0xc3 in for 0x14d
03-28 16:03:38.609 26849 26849 E ArmVmp : Match on catch block at 0xc3 in for 0x149
03-28 16:03:38.621 26849 26849 E ArmVmp : Match on catch block at 0xc3 in for 0x151
03-28 16:03:38.622 26849 26849 E ArmVmp : Match on catch block at 0xc3 in for 0x14d
03-28 16:03:38.636 26849 26849 E ArmVmp : Match on catch block at 0xc3 in for 0x155
03-28 16:03:38.640 26849 26849 E ArmVmp : Match on catch block at 0xc3 in for 0x151
03-28 16:03:38.655 26849 26849 E ArmVmp : Match on catch block at 0xc3 in for 0x159
03-28 16:03:38.660 26849 26849 E ArmVmp : Match on catch block at 0xc3 in for 0x155
03-28 16:03:38.671 26849 26849 E ArmVmp : Match on catch block at 0xc3 in for 0x141
03-28 16:03:38.675 26849 26849 E ArmVmp : Match on catch block at 0xc3 in for 0x159
03-28 16:03:38.686 26849 26849 E ArmVmp : Match on catch block at 0xc3 in for 0x145
03-28 16:03:38.688 26849 26849 E ArmVmp : Match on catch block at 0xc3 in for 0x141
03-28 16:03:38.704 26849 26849 E ArmVmp : Match on catch block at 0xc3 in for 0x149
03-28 16:03:38.707 26849 26849 E ArmVmp : Match on catch block at 0xc3 in for 0x145
03-28 16:03:38.720 26849 26849 E ArmVmp : Match on catch block at 0xc3 in for 0x14d
03-28 16:03:38.725 26849 26849 E ArmVmp : Match on catch block at 0xc3 in for 0x149
03-28 16:03:38.737 26849 26849 E ArmVmp : Match on catch block at 0xc3 in for 0x151
03-28 16:03:38.741 26849 26849 E ArmVmp : Match on catch block at 0xc3 in for 0x14d
03-28 16:03:38.754 26849 26849 E ArmVmp : Match on catch block at 0xc3 in for 0x155
03-28 16:03:38.757 26849 26849 E ArmVmp : Match on catch block at 0xc3 in for 0x151
03-28 16:03:38.770 26849 26849 E ArmVmp : Match on catch block at 0xc3 in for 0x159
03-28 16:03:38.774 26849 26849 E ArmVmp : Match on catch block at 0xc3 in for 0x155
03-28 16:03:38.787 26849 26849 E ArmVmp : Match on catch block at 0xc3 in for 0x141
03-28 16:03:38.792 26849 26849 E ArmVmp : Match on catch block at 0xc3 in for 0x159
03-28 16:03:38.904 26849 26849 E ArmVmp : Match on catch block at 0xc3 in for 0x141
03-28 16:03:38.906 26849 26849 E ArmVmp : Match on catch block at 0xc3 in for 0x159
03-28 16:03:38.919 26849 26849 E ArmVmp : Match on catch block at 0xc3 in for 0x159
03-28 16:03:38.922 26849 26849 E ArmVmp : Match on catch block at 0xc3 in for 0x155
03-28 16:03:38.936 26849 26849 E ArmVmp : Match on catch block at 0xc3 in for 0x141
03-28 16:03:38.938 26849 26849 E ArmVmp : Match on catch block at 0xc3 in for 0x159
03-28 16:03:38.953 26849 26849 E ArmVmp : Match on catch block at 0xc3 in for 0x145
03-28 16:03:38.957 26849 26849 E ArmVmp : Match on catch block at 0xc3 in for 0x141
03-28 16:03:38.971 26849 26849 E ArmVmp : Match on catch block at 0xc3 in for 0x149
03-28 16:03:38.974 26849 26849 E ArmVmp : Match on catch block at 0xc3 in for 0x145
03-28 16:03:38.987 26849 26849 E ArmVmp : Match on catch block at 0xc3 in for 0x14d
03-28 16:03:38.990 26849 26849 E ArmVmp : Match on catch block at 0xc3 in for 0x149
03-28 16:03:39.004 26849 26849 E ArmVmp : Match on catch block at 0xc3 in for 0x151
03-28 16:03:39.007 26849 26849 E ArmVmp : Match on catch block at 0xc3 in for 0x14d
03-28 16:03:39.022 26849 26849 E ArmVmp : Match on catch block at 0xc3 in for 0x155
03-28 16:03:39.027 26849 26849 E ArmVmp : Match on catch block at 0xc3 in for 0x151
03-28 16:03:39.037 26849 26849 E ArmVmp : Match on catch block at 0xc3 in for 0x159
03-28 16:03:39.040 26849 26849 E ArmVmp : Match on catch block at 0xc3 in for 0x155
03-28 16:03:39.054 26849 26849 E ArmVmp : Match on catch block at 0xc3 in for 0x141
03-28 16:03:39.057 26849 26849 E ArmVmp : Match on catch block at 0xc3 in for 0x159
03-28 16:03:39.070 26849 26849 E ArmVmp : Match on catch block at 0xc3 in for 0x14d
03-28 16:03:39.074 26849 26849 E ArmVmp : Match on catch block at 0xc3 in for 0x149
03-28 16:03:39.087 26849 26849 E ArmVmp : Match on catch block at 0xc3 in for 0x151
03-28 16:03:39.092 26849 26849 E ArmVmp : Match on catch block at 0xc3 in for 0x14d
03-28 16:03:39.104 26849 26849 E ArmVmp : Match on catch block at 0xc3 in for 0x155
03-28 16:03:39.108 26849 26849 E ArmVmp : Match on catch block at 0xc3 in for 0x151
03-28 16:03:39.221 26849 26849 E ArmVmp : Match on catch block at 0xc3 in for 0x145
03-28 16:03:39.226 26849 26849 E ArmVmp : Match on catch block at 0xc3 in for 0x141
03-28 16:03:39.320 26849 26849 E ArmVmp : Match on catch block at 0xc3 in for 0x151
03-28 16:03:39.329 26849 26849 E ArmVmp : Match on catch block at 0xc3 in for 0x14d
03-28 16:03:39.356 26849 26849 E ArmVmp : Match on catch block at 0xc3 in for 0x155
03-28 16:03:39.361 26849 26849 E ArmVmp : Match on catch block at 0xc3 in for 0x151
03-28 16:03:39.370 26849 26849 E ArmVmp : Match on catch block at 0xc3 in for 0x159
03-28 16:03:39.376 26849 26849 E ArmVmp : Match on catch block at 0xc3 in for 0x155
03-28 16:03:39.386 26849 26849 E ArmVmp : Match on catch block at 0xc3 in for 0x141
03-28 16:03:39.388 26849 26849 E ArmVmp : Match on catch block at 0xc3 in for 0x159
03-28 16:03:39.403 26849 26849 E ArmVmp : Match on catch block at 0xc3 in for 0x145
03-28 16:03:39.408 26849 26849 E ArmVmp : Match on catch block at 0xc3 in for 0x141
03-28 16:03:39.420 26849 26849 E ArmVmp : Match on catch block at 0xc3 in for 0x149
03-28 16:03:39.424 26849 26849 E ArmVmp : Match on catch block at 0xc3 in for 0x145
03-28 16:03:39.438 26849 26849 E ArmVmp : Match on catch block at 0xc3 in for 0x14d
03-28 16:03:39.441 26849 26849 E ArmVmp : Match on catch block at 0xc3 in for 0x149
03-28 16:03:39.454 26849 26849 E ArmVmp : Match on catch block at 0xc3 in for 0x151
03-28 16:03:39.457 26849 26849 E ArmVmp : Match on catch block at 0xc3 in for 0x14d
03-28 16:03:39.471 26849 26849 E ArmVmp : Match on catch block at 0xc3 in for 0x155
03-28 16:03:39.475 26849 26849 E ArmVmp : Match on catch block at 0xc3 in for 0x151
03-28 16:03:39.489 26849 26849 E ArmVmp : Match on catch block at 0xc3 in for 0x159
03-28 16:03:39.493 26849 26849 E ArmVmp : Match on catch block at 0xc3 in for 0x155
03-28 16:03:39.503 26849 26849 E ArmVmp : Match on catch block at 0xc3 in for 0x141
03-28 16:03:39.511 26849 26849 E ArmVmp : Match on catch block at 0xc3 in for 0x159
03-28 16:03:39.520 26849 26849 E ArmVmp : Match on catch block at 0xc3 in for 0x14d
03-28 16:03:39.524 26849 26849 E ArmVmp : Match on catch block at 0xc3 in for 0x149
03-28 16:03:39.536 26849 26849 E ArmVmp : Match on catch block at 0xc3 in for 0x151
03-28 16:03:39.539 26849 26849 E ArmVmp : Match on catch block at 0xc3 in for 0x14d
03-28 16:03:39.553 26849 26849 E ArmVmp : Match on catch block at 0xc3 in for 0x155
03-28 16:03:39.556 26849 26849 E ArmVmp : Match on catch block at 0xc3 in for 0x151
03-28 16:03:39.570 26849 26849 E ArmVmp : Match on catch block at 0xc3 in for 0x159
03-28 16:03:39.573 26849 26849 E ArmVmp : Match on catch block at 0xc3 in for 0x155
03-28 16:03:39.587 26849 26849 E ArmVmp : Match on catch block at 0xc3 in for 0x141
03-28 16:03:39.593 26849 26849 E ArmVmp : Match on catch block at 0xc3 in for 0x159
03-28 16:03:39.604 26849 26849 E ArmVmp : Match on catch block at 0xc3 in for 0x155
03-28 16:03:39.608 26849 26849 E ArmVmp : Match on catch block at 0xc3 in for 0x151
03-28 16:03:40.102 26849 26849 E ArmVmp : Match on catch block at 0xc3 in for 0x145
03-28 16:03:40.104 26849 26849 E ArmVmp : Match on catch block at 0xc3 in for 0x141
03-28 16:03:40.319 26849 26849 E ArmVmp : Match on catch block at 0xc3 in for 0x151
03-28 16:03:40.325 26849 26849 E ArmVmp : Match on catch block at 0xc3 in for 0x14d
03-28 16:03:40.635 26849 26849 E ArmVmp : Match on catch block at 0xc3 in for 0x141
03-28 16:03:40.640 26849 26849 E ArmVmp : Match on catch block at 0xc3 in for 0x159
03-28 16:03:40.768 26849 26849 E ArmVmp : Match on catch block at 0xc3 in for 0x14d
03-28 16:03:40.774 26849 26849 E ArmVmp : Match on catch block at 0xc3 in for 0x149
03-28 16:03:40.885 26849 26849 E ArmVmp : Match on catch block at 0xc3 in for 0x159
03-28 16:03:40.888 26849 26849 E ArmVmp : Match on catch block at 0xc3 in for 0x155
03-28 16:03:41.007 26849 26849 E ArmVmp : Match on catch block at 0xc3 in for 0x151
03-28 16:03:41.010 26849 26849 E ArmVmp : Match on catch block at 0xc3 in for 0x14d
03-28 16:03:41.384 26849 26849 E ArmVmp : Match on catch block at 0xc3 in for 0x141
03-28 16:03:41.391 26849 26849 E ArmVmp : Match on catch block at 0xc3 in for 0x159
03-28 16:03:41.618 26849 26849 E ArmVmp : Match on catch block at 0xc3 in for 0x14d
03-28 16:03:41.622 26849 26849 E ArmVmp : Match on catch block at 0xc3 in for 0x149
03-28 16:03:41.833 26849 26849 E ArmVmp : Match on catch block at 0xc3 in for 0x159
03-28 16:03:41.840 26849 26849 E ArmVmp : Match on catch block at 0xc3 in for 0x155
03-28 16:03:42.001 26849 26849 E ArmVmp : Match on catch block at 0xc3 in for 0x149
03-28 16:03:42.011 26849 26849 E ArmVmp : Match on catch block at 0xc3 in for 0x145
03-28 16:03:42.036 26849 26849 E ArmVmp : Match on catch block at 0xc3 in for 0x14d
03-28 16:03:42.040 26849 26849 E ArmVmp : Match on catch block at 0xc3 in for 0x149
03-28 16:03:42.167 26849 26849 E ArmVmp : Match on catch block at 0xc3 in for 0x159
03-28 16:03:42.172 26849 26849 E ArmVmp : Match on catch block at 0xc3 in for 0x155
03-28 16:03:42.333 26849 26849 E ArmVmp : Match on catch block at 0xc3 in for 0x149
03-28 16:03:42.337 26849 26849 E ArmVmp : Match on catch block at 0xc3 in for 0x145
03-28 16:03:42.349 26849 26849 E ArmVmp : Match on catch block at 0xc3 in for 0x14d
03-28 16:03:42.355 26849 26849 E ArmVmp : Match on catch block at 0xc3 in for 0x149
03-28 16:03:42.433 26849 26849 E ArmVmp : Match on catch block at 0xc3 in for 0x145
03-28 16:03:42.439 26849 26849 E ArmVmp : Match on catch block at 0xc3 in for 0x141
03-28 16:03:42.933 26849 26849 E ArmVmp : Match on catch block at 0xc3 in for 0x149
03-28 16:03:42.937 26849 26849 E ArmVmp : Match on catch block at 0xc3 in for 0x145
03-28 16:03:43.132 26849 26849 E ArmVmp : Match on catch block at 0xc3 in for 0x155
03-28 16:03:43.136 26849 26849 E ArmVmp : Match on catch block at 0xc3 in for 0x151
03-28 16:03:43.217 26849 26849 E ArmVmp : Match on catch block at 0xc3 in for 0x145
03-28 16:03:43.222 26849 26849 E ArmVmp : Match on catch block at 0xc3 in for 0x141
03-28 16:03:43.384 26849 26849 E ArmVmp : Match on catch block at 0xc3 in for 0x151
03-28 16:03:43.389 26849 26849 E ArmVmp : Match on catch block at 0xc3 in for 0x14d
03-28 16:03:43.564 26849 26849 E ArmVmp : Match on catch block at 0xc3 in for 0x141
03-28 16:03:43.567 26849 26849 E ArmVmp : Match on catch block at 0xc3 in for 0x159
03-28 16:03:43.684 26849 26849 E ArmVmp : Match on catch block at 0xc3 in for 0x14d
03-28 16:03:43.692 26849 26849 E ArmVmp : Match on catch block at 0xc3 in for 0x149
03-28 16:03:44.130 26849 26849 E ArmVmp : Match on catch block at 0xc3 in for 0x145
03-28 16:03:44.134 26849 26849 E ArmVmp : Match on catch block at 0xc3 in for 0x141
03-28 16:03:44.148 26849 26849 E ArmVmp : Match on catch block at 0xc3 in for 0x151
03-28 16:03:44.152 26849 26849 E ArmVmp : Match on catch block at 0xc3 in for 0x14d
03-28 16:03:44.448 26849 26849 E ArmVmp : Match on catch block at 0xc3 in for 0x151
03-28 16:03:44.454 26849 26849 E ArmVmp : Match on catch block at 0xc3 in for 0x14d
03-28 16:03:44.471 26849 26849 E ArmVmp : Match on catch block at 0xc3 in for 0x155
03-28 16:03:44.476 26849 26849 E ArmVmp : Match on catch block at 0xc3 in for 0x151
03-28 16:03:44.485 26849 26849 E ArmVmp : Match on catch block at 0xc3 in for 0x159
03-28 16:03:44.491 26849 26849 E ArmVmp : Match on catch block at 0xc3 in for 0x155
03-28 16:03:44.498 26849 26849 E ArmVmp : Match on catch block at 0xc3 in for 0x141
03-28 16:03:44.501 26849 26849 E ArmVmp : Match on catch block at 0xc3 in for 0x159
03-28 16:03:44.513 26849 26849 E ArmVmp : Match on catch block at 0xc3 in for 0x145
03-28 16:03:44.515 26849 26849 E ArmVmp : Match on catch block at 0xc3 in for 0x141
03-28 16:03:44.530 26849 26849 E ArmVmp : Match on catch block at 0xc3 in for 0x149
03-28 16:03:44.532 26849 26849 E ArmVmp : Match on catch block at 0xc3 in for 0x145
03-28 16:03:44.547 26849 26849 E ArmVmp : Match on catch block at 0xc3 in for 0x14d
03-28 16:03:44.549 26849 26849 E ArmVmp : Match on catch block at 0xc3 in for 0x149
03-28 16:03:44.649 26849 26849 E ArmVmp : Match on catch block at 0xc3 in for 0x159
03-28 16:03:44.655 26849 26849 E ArmVmp : Match on catch block at 0xc3 in for 0x155
03-28 16:03:44.665 26849 26849 E ArmVmp : Match on catch block at 0xc3 in for 0x14d
03-28 16:03:44.670 26849 26849 E ArmVmp : Match on catch block at 0xc3 in for 0x149
03-28 16:03:44.794 26849 26849 E ArmVmp : Match on catch block at 0x0a in for 0x28d
03-28 16:03:44.884 26849 27434 W Parcel : Expecting binder but got null!
03-28 16:03:44.920 26849 26849 E ArmVmp : Match on catch block at 0xc3 in for 0x159
03-28 16:03:44.921 26849 26849 E ArmVmp : Match on catch block at 0xc3 in for 0x155
03-28 16:03:44.945 26849 26849 E ArmVmp : Match on catch block at 0xc3 in for 0x159
03-28 16:03:44.946 26849 26849 E ArmVmp : Match on catch block at 0xc3 in for 0x155
03-28 16:03:44.954 26849 26849 W OnBackInvokedCallback: OnBackInvokedCallback is not enabled for the application.
03-28 16:03:44.954 26849 26849 W OnBackInvokedCallback: Set 'android:enableOnBackInvokedCallback="true"' in the application manifest.
03-28 16:03:44.958 26849 26849 W RemoteInputConnectionImpl: getTextBeforeCursor on inactive InputConnection
03-28 16:03:44.972 26849 26849 E ArmVmp : Match on catch block at 0xc3 in for 0x141
03-28 16:03:44.973 26849 26849 E ArmVmp : Match on catch block at 0xc3 in for 0x159
03-28 16:03:44.990 26849 26849 E ArmVmp : Match on catch block at 0xc3 in for 0x155
03-28 16:03:44.993 26849 26849 E ArmVmp : Match on catch block at 0xc3 in for 0x151
03-28 16:03:45.011 26849 26849 E ArmVmp : Match on catch block at 0xc3 in for 0x14d
03-28 16:03:45.012 26849 26849 E ArmVmp : Match on catch block at 0xc3 in for 0x149
03-28 16:03:45.024 26849 26849 E ArmVmp : Match on catch block at 0xc3 in for 0x151
03-28 16:03:45.025 26849 26849 E ArmVmp : Match on catch block at 0xc3 in for 0x14d
03-28 16:03:45.032 26849 26849 E ArmVmp : Match on catch block at 0xc3 in for 0x155
03-28 16:03:45.033 26849 26849 E ArmVmp : Match on catch block at 0xc3 in for 0x151
03-28 16:03:45.045 26849 26849 E ArmVmp : Match on catch block at 0xc3 in for 0x159
03-28 16:03:45.047 26849 26849 E ArmVmp : Match on catch block at 0xc3 in for 0x155
03-28 16:03:45.062 26849 26849 E ArmVmp : Match on catch block at 0xc3 in for 0x141
03-28 16:03:45.063 26849 26849 E ArmVmp : Match on catch block at 0xc3 in for 0x159
03-28 16:03:45.078 26849 26849 E ArmVmp : Match on catch block at 0xc3 in for 0x145
03-28 16:03:45.079 26849 26849 E ArmVmp : Match on catch block at 0xc3 in for 0x141
03-28 16:03:45.465 26849 26849 W InputEventReceiver: Attempted to finish an input event but the input event receiver has already been disposed.
03-28 16:03:45.521 26849 26849 E ArmVmp : Match on catch block at 0xc3 in for 0x145
03-28 16:03:45.523 26849 26849 E ArmVmp : Match on catch block at 0xc3 in for 0x141
03-28 16:03:45.530 26849 26849 E ArmVmp : Match on catch block at 0xc3 in for 0x151
03-28 16:03:45.532 26849 26849 E ArmVmp : Match on catch block at 0xc3 in for 0x14d
03-28 16:03:45.545 26849 26849 E ArmVmp : Match on catch block at 0xc3 in for 0x159
03-28 16:03:45.547 26849 26849 E ArmVmp : Match on catch block at 0xc3 in for 0x155
03-28 16:03:45.561 26849 26849 E ArmVmp : Match on catch block at 0xc3 in for 0x141
03-28 16:03:45.563 26849 26849 E ArmVmp : Match on catch block at 0xc3 in for 0x159
03-28 16:03:45.578 26849 26849 E ArmVmp : Match on catch block at 0xc3 in for 0x145
03-28 16:03:45.580 26849 26849 E ArmVmp : Match on catch block at 0xc3 in for 0x141
03-28 16:03:45.595 26849 26849 E ArmVmp : Match on catch block at 0xc3 in for 0x149
03-28 16:03:45.596 26849 26849 E ArmVmp : Match on catch block at 0xc3 in for 0x145
03-28 16:03:45.611 26849 26849 E ArmVmp : Match on catch block at 0xc3 in for 0x14d
03-28 16:03:45.613 26849 26849 E ArmVmp : Match on catch block at 0xc3 in for 0x149
03-28 16:03:46.029 26849 26849 E ArmVmp : Match on catch block at 0xc3 in for 0x141
03-28 16:03:46.032 26849 26849 E ArmVmp : Match on catch block at 0xc3 in for 0x159
03-28 16:03:46.528 26849 26849 E ArmVmp : Match on catch block at 0xc3 in for 0x155
03-28 16:03:46.530 26849 26849 E ArmVmp : Match on catch block at 0xc3 in for 0x151
03-28 16:03:46.611 26849 26849 E ArmVmp : Match on catch block at 0xc3 in for 0x159
03-28 16:03:46.614 26849 26849 E ArmVmp : Match on catch block at 0xc3 in for 0x155
03-28 16:03:46.627 26849 26849 E ArmVmp : Match on catch block at 0xc3 in for 0x141
03-28 16:03:46.630 26849 26849 E ArmVmp : Match on catch block at 0xc3 in for 0x159
03-28 16:03:46.644 26849 26849 E ArmVmp : Match on catch block at 0xc3 in for 0x145
03-28 16:03:46.647 26849 26849 E ArmVmp : Match on catch block at 0xc3 in for 0x141
03-28 16:03:46.662 26849 26849 E ArmVmp : Match on catch block at 0xc3 in for 0x149
03-28 16:03:46.667 26849 26849 E ArmVmp : Match on catch block at 0xc3 in for 0x145
03-28 16:03:46.677 26849 26849 E ArmVmp : Match on catch block at 0xc3 in for 0x14d
03-28 16:03:46.682 26849 26849 E ArmVmp : Match on catch block at 0xc3 in for 0x149
03-28 16:03:46.695 26849 26849 E ArmVmp : Match on catch block at 0xc3 in for 0x151
03-28 16:03:46.700 26849 26849 E ArmVmp : Match on catch block at 0xc3 in for 0x14d
03-28 16:03:46.712 26849 26849 E ArmVmp : Match on catch block at 0xc3 in for 0x155
03-28 16:03:46.717 26849 26849 E ArmVmp : Match on catch block at 0xc3 in for 0x151
03-28 16:03:46.728 26849 26849 E ArmVmp : Match on catch block at 0xc3 in for 0x159
03-28 16:03:46.732 26849 26849 E ArmVmp : Match on catch block at 0xc3 in for 0x155
03-28 16:03:46.744 26849 26849 E ArmVmp : Match on catch block at 0xc3 in for 0x141
03-28 16:03:46.750 26849 26849 E ArmVmp : Match on catch block at 0xc3 in for 0x159
03-28 16:03:46.761 26849 26849 E ArmVmp : Match on catch block at 0xc3 in for 0x145
03-28 16:03:46.765 26849 26849 E ArmVmp : Match on catch block at 0xc3 in for 0x141
03-28 16:03:46.778 26849 26849 E ArmVmp : Match on catch block at 0xc3 in for 0x149
03-28 16:03:46.782 26849 26849 E ArmVmp : Match on catch block at 0xc3 in for 0x145
03-28 16:03:46.794 26849 26849 E ArmVmp : Match on catch block at 0xc3 in for 0x14d
03-28 16:03:46.799 26849 26849 E ArmVmp : Match on catch block at 0xc3 in for 0x149
03-28 16:03:46.811 26849 26849 E ArmVmp : Match on catch block at 0xc3 in for 0x151
03-28 16:03:46.815 26849 26849 E ArmVmp : Match on catch block at 0xc3 in for 0x14d
03-28 16:03:46.827 26849 26849 E ArmVmp : Match on catch block at 0xc3 in for 0x155
03-28 16:03:46.831 26849 26849 E ArmVmp : Match on catch block at 0xc3 in for 0x151
03-28 16:03:46.843 26849 26849 E ArmVmp : Match on catch block at 0xc3 in for 0x159
03-28 16:03:46.848 26849 26849 E ArmVmp : Match on catch block at 0xc3 in for 0x155
03-28 16:03:46.861 26849 26849 E ArmVmp : Match on catch block at 0xc3 in for 0x141
03-28 16:03:46.865 26849 26849 E ArmVmp : Match on catch block at 0xc3 in for 0x159
03-28 16:03:47.028 26849 26849 E ArmVmp : Match on catch block at 0xc3 in for 0x145
03-28 16:03:47.032 26849 26849 E ArmVmp : Match on catch block at 0xc3 in for 0x141
03-28 16:03:47.524 26849 26849 E ArmVmp : Match on catch block at 0xc3 in for 0x151
03-28 16:03:47.527 26849 26849 E ArmVmp : Match on catch block at 0xc3 in for 0x14d
03-28 16:03:47.541 26849 26849 E ArmVmp : Match on catch block at 0xc3 in for 0x155
03-28 16:03:47.542 26849 26849 E ArmVmp : Match on catch block at 0xc3 in for 0x151
03-28 16:03:47.558 26849 26849 E ArmVmp : Match on catch block at 0xc3 in for 0x159
03-28 16:03:47.560 26849 26849 E ArmVmp : Match on catch block at 0xc3 in for 0x155
03-28 16:03:47.574 26849 26849 E ArmVmp : Match on catch block at 0xc3 in for 0x141
03-28 16:03:47.575 26849 26849 E ArmVmp : Match on catch block at 0xc3 in for 0x159
03-28 16:03:47.591 26849 26849 E ArmVmp : Match on catch block at 0xc3 in for 0x145
03-28 16:03:47.592 26849 26849 E ArmVmp : Match on catch block at 0xc3 in for 0x141
03-28 16:03:47.608 26849 26849 E ArmVmp : Match on catch block at 0xc3 in for 0x149
03-28 16:03:47.609 26849 26849 E ArmVmp : Match on catch block at 0xc3 in for 0x145
03-28 16:03:47.616 26849 26849 E ArmVmp : Match on catch block at 0xc3 in for 0x14d
03-28 16:03:47.617 26849 26849 E ArmVmp : Match on catch block at 0xc3 in for 0x149
03-28 16:03:47.624 26849 26849 E ArmVmp : Match on catch block at 0xc3 in for 0x151
03-28 16:03:47.625 26849 26849 E ArmVmp : Match on catch block at 0xc3 in for 0x14d
03-28 16:03:49.944 26849 26849 E ArmVmp : Match on catch block at 0xc3 in for 0x155
03-28 16:03:49.945 26849 26849 E ArmVmp : Match on catch block at 0xc3 in for 0x151
03-28 16:03:49.957 26849 26849 E ArmVmp : Match on catch block at 0xc3 in for 0x159
03-28 16:03:49.959 26849 26849 E ArmVmp : Match on catch block at 0xc3 in for 0x155
03-28 16:03:49.965 26849 26849 E ArmVmp : Match on catch block at 0xc3 in for 0x141
03-28 16:03:49.968 26849 26849 E ArmVmp : Match on catch block at 0xc3 in for 0x159
03-28 16:03:49.973 26849 26849 E ArmVmp : Match on catch block at 0xc3 in for 0x145
03-28 16:03:49.984 26849 26849 E ArmVmp : Match on catch block at 0xc3 in for 0x141
03-28 16:03:49.988 26849 26849 E ArmVmp : Match on catch block at 0xc3 in for 0x149
03-28 16:03:49.989 26849 26849 E ArmVmp : Match on catch block at 0xc3 in for 0x145
03-28 16:03:49.994 26849 26849 E ArmVmp : Match on catch block at 0xc3 in for 0x14d
03-28 16:03:49.996 26849 26849 E ArmVmp : Match on catch block at 0xc3 in for 0x149
03-28 16:03:50.006 26849 26849 E ArmVmp : Match on catch block at 0xc3 in for 0x151
03-28 16:03:50.007 26849 26849 E ArmVmp : Match on catch block at 0xc3 in for 0x14d
03-28 16:03:50.013 26849 26849 E ArmVmp : Match on catch block at 0xc3 in for 0x155
03-28 16:03:50.015 26849 26849 E ArmVmp : Match on catch block at 0xc3 in for 0x151
03-28 16:03:50.031 26849 26849 E ArmVmp : Match on catch block at 0xc3 in for 0x159
03-28 16:03:50.032 26849 26849 E ArmVmp : Match on catch block at 0xc3 in for 0x155
03-28 16:03:50.048 26849 26849 E ArmVmp : Match on catch block at 0xc3 in for 0x141
03-28 16:03:50.049 26849 26849 E ArmVmp : Match on catch block at 0xc3 in for 0x159
03-28 16:03:50.352 26849 26849 E ArmVmp : Match on catch block at 0xc3 in for 0x159
03-28 16:03:50.354 26849 26849 E ArmVmp : Match on catch block at 0xc3 in for 0x155
03-28 16:03:50.375 26849 26849 E ArmVmp : Match on catch block at 0xc3 in for 0x141
03-28 16:03:50.376 26849 26849 E ArmVmp : Match on catch block at 0xc3 in for 0x159
03-28 16:03:50.500 26849 26849 E ArmVmp : Match on catch block at 0xc3 in for 0x159
03-28 16:03:50.501 26849 26849 E ArmVmp : Match on catch block at 0xc3 in for 0x155
03-28 16:03:50.526 26849 26849 E ArmVmp : Match on catch block at 0xc3 in for 0x141
03-28 16:03:50.527 26849 26849 E ArmVmp : Match on catch block at 0xc3 in for 0x159
03-28 16:03:50.540 26849 26849 E ArmVmp : Match on catch block at 0xc3 in for 0x149
03-28 16:03:50.542 26849 26849 E ArmVmp : Match on catch block at 0xc3 in for 0x145
03-28 16:03:50.552 26849 26849 E ArmVmp : Match on catch block at 0xc3 in for 0x141
03-28 16:03:50.554 26849 26849 E ArmVmp : Match on catch block at 0xc3 in for 0x159
03-28 16:03:50.562 26849 26849 E ArmVmp : Match on catch block at 0xc3 in for 0x159
03-28 16:03:50.563 26849 26849 E ArmVmp : Match on catch block at 0xc3 in for 0x155
03-28 16:03:50.568 26849 26849 E ArmVmp : Match on catch block at 0xc3 in for 0x141
03-28 16:03:50.569 26849 26849 E ArmVmp : Match on catch block at 0xc3 in for 0x159
03-28 16:03:50.572 26849 26849 E ArmVmp : Match on catch block at 0xc3 in for 0x159
03-28 16:03:50.573 26849 26849 E ArmVmp : Match on catch block at 0xc3 in for 0x155
03-28 16:03:50.580 26849 26849 E ArmVmp : Match on catch block at 0xc3 in for 0x155
03-28 16:03:50.581 26849 26849 E ArmVmp : Match on catch block at 0xc3 in for 0x151
03-28 16:03:50.911 26849 26849 E ArmVmp : Match on catch block at 0xc3 in for 0x155
03-28 16:03:50.913 26849 26849 E ArmVmp : Match on catch block at 0xc3 in for 0x151
03-28 16:03:52.985 26849 26849 W libc : Access denied finding property "vendor.transsion.scroll_adjust.support"
03-28 16:03:52.986 26849 26849 W libc : Access denied finding property "vendor.transsion.scroll_adjust.support"
03-28 16:03:53.006 26849 26849 W libc : Access denied finding property "vendor.transsion.scroll_adjust.support"
03-28 16:03:53.006 26849 26849 W libc : Access denied finding property "vendor.transsion.scroll_adjust.support"
03-28 16:03:53.044 26849 26849 E ArmVmp : Match on catch block at 0x0a in for 0x195
03-28 16:03:53.046 26849 26849 E ArmVmp : Match on catch block at 0x0a in for 0x18d
03-28 16:03:53.139 26849 26849 E ArmVmp : Match on catch block at 0xc3 in for 0x175
03-28 16:03:53.140 26849 26849 E ArmVmp : Match on catch block at 0xc3 in for 0x16d
03-28 16:03:53.152 26849 27434 W Parcel : Expecting binder but got null!
03-28 16:03:53.161 26849 26849 E ArmVmp : Match on catch block at 0xc3 in for 0x159
03-28 16:03:53.163 26849 26849 E ArmVmp : Match on catch block at 0xc3 in for 0x155
03-28 16:03:53.183 26849 26849 E ArmVmp : Match on catch block at 0xc3 in for 0x155
03-28 16:03:53.184 26849 26849 E ArmVmp : Match on catch block at 0xc3 in for 0x151
03-28 16:03:53.203 26849 26849 E ArmVmp : Match on catch block at 0xc3 in for 0x159
03-28 16:03:53.205 26849 26849 E ArmVmp : Match on catch block at 0xc3 in for 0x155
03-28 16:03:53.213 26849 26849 E ArmVmp : Match on catch block at 0xc3 in for 0x155
03-28 16:03:53.214 26849 26849 E ArmVmp : Match on catch block at 0xc3 in for 0x151
03-28 16:03:53.223 26849 26849 E ArmVmp : Match on catch block at 0xc3 in for 0x151
03-28 16:03:53.224 26849 26849 E ArmVmp : Match on catch block at 0xc3 in for 0x14d
03-28 16:03:53.231 26849 26849 E ArmVmp : Match on catch block at 0xc3 in for 0x14d
03-28 16:03:53.232 26849 26849 E ArmVmp : Match on catch block at 0xc3 in for 0x149
03-28 16:03:53.238 26849 26849 E ArmVmp : Match on catch block at 0xc3 in for 0x149
03-28 16:03:53.239 26849 26849 E ArmVmp : Match on catch block at 0xc3 in for 0x145
03-28 16:03:53.246 26849 26849 E ArmVmp : Match on catch block at 0xc3 in for 0x145
03-28 16:03:53.247 26849 26849 E ArmVmp : Match on catch block at 0xc3 in for 0x141
03-28 16:03:53.255 26849 26849 E ArmVmp : Match on catch block at 0xc3 in for 0x141
03-28 16:03:53.256 26849 26849 E ArmVmp : Match on catch block at 0xc3 in for 0x159
03-28 16:03:53.261 26849 26849 E ArmVmp : Match on catch block at 0xc3 in for 0x159
03-28 16:03:53.263 26849 26849 E ArmVmp : Match on catch block at 0xc3 in for 0x155
03-28 16:03:53.268 26849 26849 E ArmVmp : Match on catch block at 0xc3 in for 0x141
03-28 16:03:53.269 26849 26849 E ArmVmp : Match on catch block at 0xc3 in for 0x159
03-28 16:03:53.276 26849 26849 E ArmVmp : Match on catch block at 0xc3 in for 0x145
03-28 16:03:53.277 26849 26849 E ArmVmp : Match on catch block at 0xc3 in for 0x141
03-28 16:03:53.284 26849 26849 E ArmVmp : Match on catch block at 0xc3 in for 0x149
03-28 16:03:53.285 26849 26849 E ArmVmp : Match on catch block at 0xc3 in for 0x145
03-28 16:03:53.293 26849 26849 E ArmVmp : Match on catch block at 0xc3 in for 0x14d
03-28 16:03:53.294 26849 26849 E ArmVmp : Match on catch block at 0xc3 in for 0x149
03-28 16:03:53.702 26849 26849 E ArmVmp : Match on catch block at 0xc3 in for 0x159
03-28 16:03:53.704 26849 26849 E ArmVmp : Match on catch block at 0xc3 in for 0x155
03-28 16:03:53.885 26849 26849 E ArmVmp : Match on catch block at 0xc3 in for 0x141
03-28 16:03:53.889 26849 26849 E ArmVmp : Match on catch block at 0xc3 in for 0x159
03-28 16:03:53.901 26849 26849 E ArmVmp : Match on catch block at 0xc3 in for 0x145
03-28 16:03:53.903 26849 26849 E ArmVmp : Match on catch block at 0xc3 in for 0x141
03-28 16:03:53.909 26849 26849 E ArmVmp : Match on catch block at 0xc3 in for 0x149
03-28 16:03:53.910 26849 26849 E ArmVmp : Match on catch block at 0xc3 in for 0x145
03-28 16:03:53.917 26849 26849 E ArmVmp : Match on catch block at 0xc3 in for 0x14d
03-28 16:03:53.920 26849 26849 E ArmVmp : Match on catch block at 0xc3 in for 0x149
03-28 16:03:53.926 26849 26849 E ArmVmp : Match on catch block at 0xc3 in for 0x151
03-28 16:03:53.929 26849 26849 E ArmVmp : Match on catch block at 0xc3 in for 0x14d
03-28 16:03:53.935 26849 26849 E ArmVmp : Match on catch block at 0xc3 in for 0x155
03-28 16:03:53.937 26849 26849 E ArmVmp : Match on catch block at 0xc3 in for 0x151
03-28 16:03:53.942 26849 26849 E ArmVmp : Match on catch block at 0xc3 in for 0x159
03-28 16:03:53.944 26849 26849 E ArmVmp : Match on catch block at 0xc3 in for 0x155
03-28 16:03:53.953 26849 26849 E ArmVmp : Match on catch block at 0xc3 in for 0x141
03-28 16:03:53.955 26849 26849 E ArmVmp : Match on catch block at 0xc3 in for 0x159
03-28 16:03:53.967 26849 26849 E ArmVmp : Match on catch block at 0xc3 in for 0x145
03-28 16:03:53.970 26849 26849 E ArmVmp : Match on catch block at 0xc3 in for 0x141
03-28 16:03:53.976 26849 26849 E ArmVmp : Match on catch block at 0xc3 in for 0x149
03-28 16:03:53.978 26849 26849 E ArmVmp : Match on catch block at 0xc3 in for 0x145
03-28 16:03:53.985 26849 26849 E ArmVmp : Match on catch block at 0xc3 in for 0x14d
03-28 16:03:53.987 26849 26849 E ArmVmp : Match on catch block at 0xc3 in for 0x149
03-28 16:03:53.993 26849 26849 E ArmVmp : Match on catch block at 0xc3 in for 0x151
