03-28 12:29:15.743 27279 27329 E SQLiteDatabase: at android.database.sqlite.SQLiteConnection.executeForLastInsertedRowId(SQLiteConnecti on.java:961)
03-28 12:29:15.743 27279 27329 E SQLiteDatabase: at android.database.sqlite.SQLiteSession.executeForLastInsertedRowId(SQLiteSession.jav a:790)
03-28 12:29:15.743 27279 27329 E SQLiteDatabase: at android.database.sqlite.SQLiteStatement.executeInsert(SQLiteStatement.java:89)
03-28 12:29:15.743 27279 27329 E SQLiteDatabase: at android.database.sqlite.SQLiteDatabase.insertWithOnConflict(SQLiteDatabase.java:187 4)
03-28 12:29:15.743 27279 27329 E SQLiteDatabase: at android.database.sqlite.SQLiteDatabase.insert(SQLiteDatabase.java:1743)
03-28 12:29:15.743 27279 27329 E SQLiteDatabase: at X.2tm.A08(Unknown Source:6)
03-28 12:29:15.743 27279 27329 E SQLiteDatabase: at X.35Y.A07(Unknown Source:212)
03-28 12:29:15.743 27279 27329 E SQLiteDatabase: at X.3QF.A14(Unknown Source:470)
03-28 12:29:15.743 27279 27329 E SQLiteDatabase: at X.3gU.run(Unknown Source:982)
03-28 12:29:15.743 27279 27329 E SQLiteDatabase: at android.os.Handler.handleCallback(Handler.java:942)
03-28 12:29:15.743 27279 27329 E SQLiteDatabase: at android.os.Handler.dispatchMessage(Handler.java:99)
03-28 12:29:15.743 27279 27329 E SQLiteDatabase: at X.0zq.dispatchMessage(Unknown Source:4)
03-28 12:29:15.743 27279 27329 E SQLiteDatabase: at android.os.Looper.loopOnce(Looper.java:204)
03-28 12:29:15.743 27279 27329 E SQLiteDatabase: at android.os.Looper.loop(Looper.java:291)
03-28 12:29:15.743 27279 27329 E SQLiteDatabase: at android.os.HandlerThread.run(HandlerThread.java:67)
03-28 12:29:16.492 27279 27329 E SQLiteDatabase: Error inserting transferred=1 media_job_uuid=8ee401d0-dd5a-48a7-b04f-fab570408722 transcoded=0 gif_attribution=0 first_scan_length=4677 direct_path=/o1/v/t62.7118-24/f1/m234/up-oil-image-6c7719e2- 5161-4cfb-bae3-173272383ba7?ccb=9-4&oh=01_ASBOXQZV- XjF5Ssvu5PgOgVdr4xcZom4ORxnDRh0eaIYSQ&oe=662C848F&_nc_sid=000000 thumbnail_height_width_ratio=1.8113208 is_animated_sticker=0 file_hash=1CUMSo+NPC4D8lIwwVeXBF6debzup8XDyUH95bqbhcg= file_path=Media/.Statuses/64478c83e1824734aee4614193db8bf4.jpg file_size=29192 partial_media_hash=ntf98H9HPyZTRG+bFyIKQZ+JxzOVC0WTpg3GqjN7uo0= face_x=0 face_y=0 height=1020 trim_to=0 media_key_timestamp=1711603571000 message_url=https://mmg.whatsapp.net/o1/v/t62.7118-24/f1/m234/up-oil-image- 6c7719e2-5161-4cfb-bae3-173272383ba7?ccb=9-4&oh=01_ASBOXQZV- XjF5Ssvu5PgOgVdr4xcZom4ORxnDRh0eaIYSQ&oe=662C848F&_nc_sid=000000&mms3=true media_caption=null trim_from=0 mime_type=image/jpeg partial_media_enc_hash=null width=574 original_file_hash=null has_streaming_sidecar=1 autotransfer_retry_enabled=1 media_upload_handle=null message_row_id=280 multicast_id=null enc_file_hash=ZcqPR8f1LUqz8hL2p7iaIf9sjMvyBiRD2nMZUP09yTQ= mute_video=0 page_count=0 first_scan_sidecar=[B@c1fbf02 suspicious_content=0 file_length=29192 media_name=null media_duration=0 chat_row_id=20 media_key=[B@3432013
03-28 12:29:16.492 27279 27329 E SQLiteDatabase: android.database.sqlite.SQLiteConstraintException: UNIQUE constraint failed: message_media.message_row_id (code 1555 SQLITE_CONSTRAINT_PRIMARYKEY)
03-28 12:29:16.492 27279 27329 E SQLiteDatabase: at android.database.sqlite.SQLiteConnection.nativeExecuteForLastInsertedRowId(Native Method)
03-28 12:29:16.492 27279 27329 E SQLiteDatabase: at android.database.sqlite.SQLiteConnection.executeForLastInsertedRowId(SQLiteConnecti on.java:961)
03-28 12:29:16.492 27279 27329 E SQLiteDatabase: at android.database.sqlite.SQLiteSession.executeForLastInsertedRowId(SQLiteSession.jav a:790)
03-28 12:29:16.492 27279 27329 E SQLiteDatabase: at android.database.sqlite.SQLiteStatement.executeInsert(SQLiteStatement.java:89)
03-28 12:29:16.492 27279 27329 E SQLiteDatabase: at android.database.sqlite.SQLiteDatabase.insertWithOnConflict(SQLiteDatabase.java:187 4)
03-28 12:29:16.492 27279 27329 E SQLiteDatabase: at android.database.sqlite.SQLiteDatabase.insert(SQLiteDatabase.java:1743)
03-28 12:29:16.492 27279 27329 E SQLiteDatabase: at X.2tm.A08(Unknown Source:6)
03-28 12:29:16.492 27279 27329 E SQLiteDatabase: at X.35Y.A07(Unknown Source:212)
03-28 12:29:16.492 27279 27329 E SQLiteDatabase: at X.3QF.A14(Unknown Source:470)
03-28 12:29:16.492 27279 27329 E SQLiteDatabase: at X.3gU.run(Unknown Source:982)
03-28 12:29:16.492 27279 27329 E SQLiteDatabase: at android.os.Handler.handleCallback(Handler.java:942)
03-28 12:29:16.492 27279 27329 E SQLiteDatabase: at android.os.Handler.dispatchMessage(Handler.java:99)
03-28 12:29:16.492 27279 27329 E SQLiteDatabase: at X.0zq.dispatchMessage(Unknown Source:4)
03-28 12:29:16.492 27279 27329 E SQLiteDatabase: at android.os.Looper.loopOnce(Looper.java:204)
03-28 12:29:16.492 27279 27329 E SQLiteDatabase: at android.os.Looper.loop(Looper.java:291)
03-28 12:29:16.492 27279 27329 E SQLiteDatabase: at android.os.HandlerThread.run(HandlerThread.java:67)
03-28 12:33:33.535 27279 27279 E TranChoreographerImpl: skippedFrames: 13989
03-28 12:33:33.614 27279 27527 W WM-SystemJobScheduler: Unable to schedule work ID fdaa41ae-8fa9-4c8e-ac60-e072e1a4daa3
03-28 12:33:34.824 27279 27528 W WM-SystemJobScheduler: Unable to schedule work ID 3ef65e17-7d4c-4ebe-970c-1eb887c7d8b6
03-28 12:35:26.009 27279 27279 E TranChoreographerImpl: skippedFrames: 5133
03-28 12:36:40.980 27279 27279 E TranChoreographerImpl: skippedFrames: 2881
03-28 12:37:38.872 27279 27279 E TranChoreographerImpl: skippedFrames: 1854
03-28 12:38:06.889 27279 27279 E TranChoreographerImpl: skippedFrames: 59
03-28 12:38:38.174 27279 27279 E TranChoreographerImpl: skippedFrames: 256
03-28 12:39:33.490 27279 27279 E TranChoreographerImpl: skippedFrames: 1699
03-28 12:40:21.096 27279 27279 E TranChoreographerImpl: skippedFrames: 1236
03-28 12:41:25.224 27279 27279 E TranChoreographerImpl: skippedFrames: 2229
03-28 12:44:38.032 27279 27279 E TranChoreographerImpl: skippedFrames: 9959
03-28 12:44:39.318 27279 27329 E SQLiteDatabase: Error inserting transferred=1 media_job_uuid=47bced11-76c6-4b48-b3b7-de2e2f454553 transcoded=0 gif_attribution=0 first_scan_length=4135 direct_path=/v/t62.7118- 24/34637307_357378113289760_843776773757094819_n.enc?ccb=11- 4&oh=01_ASAB6_q327FzM819LPo9XaQTJVpYvIqUBfWKj3aKs-S2vg&oe=662C6820&_nc_sid=5e03e0 thumbnail_height_width_ratio=2.2325583 is_animated_sticker=0 file_hash=QzyBzT5Hsb+MBElVZqIG6G37lObhGgpUs/0qoVsOHaE= file_path=Media/.Statuses/09e10d73989c4057a5861e7f4bce2623.jpg file_size=34329 partial_media_hash=FNx2Nj4+LlTEq+HIJKfdiYRpk3xDinkEOUtzWo6EPMo= face_x=0 face_y=0 height=1080 trim_to=0 media_key_timestamp=1711604500000 message_url=https://mmg.whatsapp.net/v/t62.7118- 24/34637307_357378113289760_843776773757094819_n.enc?ccb=11- 4&oh=01_ASAB6_q327FzM819LPo9XaQTJVpYvIqUBfWKj3aKs- S2vg&oe=662C6820&_nc_sid=5e03e0&mms3=true media_caption=null trim_from=0 mime_type=image/jpeg partial_media_enc_hash=null width=486 original_file_hash=null has_streaming_sidecar=1 autotransfer_retry_enabled=1 media_upload_handle=null message_row_id=295 multicast_id=null enc_file_hash=K098C5H5umnulZMbFJFrGHzYPw7EOwEmVb5oEDtONmg= mute_video=0 page_count=0 first_scan_sidecar=[B@b20e31c suspicious_content=0 file_length=34329 media_name=null media_duration=0 chat_row_id=20 media_key=[B@5db6b25
03-28 12:44:39.318 27279 27329 E SQLiteDatabase: android.database.sqlite.SQLiteConstraintException: UNIQUE constraint failed: message_media.message_row_id (code 1555 SQLITE_CONSTRAINT_PRIMARYKEY)
03-28 12:44:39.318 27279 27329 E SQLiteDatabase: at android.database.sqlite.SQLiteConnection.nativeExecuteForLastInsertedRowId(Native Method)
03-28 12:44:39.318 27279 27329 E SQLiteDatabase: at android.database.sqlite.SQLiteConnection.executeForLastInsertedRowId(SQLiteConnecti on.java:961)
03-28 12:44:39.318 27279 27329 E SQLiteDatabase: at android.database.sqlite.SQLiteSession.executeForLastInsertedRowId(SQLiteSession.jav a:790)
03-28 12:44:39.318 27279 27329 E SQLiteDatabase: at android.database.sqlite.SQLiteStatement.executeInsert(SQLiteStatement.java:89)
03-28 12:44:39.318 27279 27329 E SQLiteDatabase: at android.database.sqlite.SQLiteDatabase.insertWithOnConflict(SQLiteDatabase.java:187 4)
03-28 12:44:39.318 27279 27329 E SQLiteDatabase: at android.database.sqlite.SQLiteDatabase.insert(SQLiteDatabase.java:1743)
03-28 12:44:39.318 27279 27329 E SQLiteDatabase: at X.2tm.A08(Unknown Source:6)
03-28 12:44:39.318 27279 27329 E SQLiteDatabase: at X.35Y.A07(Unknown Source:212)
03-28 12:44:39.318 27279 27329 E SQLiteDatabase: at X.3QF.A14(Unknown Source:470)
03-28 12:44:39.318 27279 27329 E SQLiteDatabase: at X.3gU.run(Unknown Source:982)
03-28 12:44:39.318 27279 27329 E SQLiteDatabase: at android.os.Handler.handleCallback(Handler.java:942)
03-28 12:44:39.318 27279 27329 E SQLiteDatabase: at android.os.Handler.dispatchMessage(Handler.java:99)
03-28 12:44:39.318 27279 27329 E SQLiteDatabase: at X.0zq.dispatchMessage(Unknown Source:4)
03-28 12:44:39.318 27279 27329 E SQLiteDatabase: at android.os.Looper.loopOnce(Looper.java:204)
03-28 12:44:39.318 27279 27329 E SQLiteDatabase: at android.os.Looper.loop(Looper.java:291)
03-28 12:44:39.318 27279 27329 E SQLiteDatabase: at android.os.HandlerThread.run(HandlerThread.java:67)
03-28 12:48:52.077 27279 27279 E TranChoreographerImpl: skippedFrames: 13638
03-28 12:48:52.136 27279 27563 W WM-SystemJobScheduler: Unable to schedule work ID 32d1962c-597d-4242-8b9d-297c00a7af5d
03-28 12:48:52.979 27279 27528 W WM-SystemJobScheduler: Unable to schedule work ID bc1d46a6-3c23-4fa2-a59b-77f1ab3f1a0a
03-28 12:50:39.157 27279 27279 E TranChoreographerImpl: skippedFrames: 4809
03-28 12:50:39.208 27279 27529 W WM-SystemJobScheduler: Unable to schedule work ID 04a0d328-72d0-4d68-92a2-9fe9810de77b
03-28 12:53:25.023 27279 27279 E TranChoreographerImpl: skippedFrames: 8341
03-28 12:53:53.053 27279 27279 E TranChoreographerImpl: skippedFrames: 60
03-28 12:53:55.977 27279 27527 W WM-Processor: Didn't find WorkSpec for id WorkGenerationalId(workSpecId=4179d23c-70cd-4e74-97c1-86e09a8824a1, generation=0)
03-28 12:54:45.516 27279 27279 E TranChoreographerImpl: skippedFrames: 1528
03-28 12:54:45.555 27279 27528 W WM-SystemJobScheduler: Unable to schedule work ID 16144877-3366-4f47-8733-3a37268ec564
03-28 12:59:56.483 27279 27279 E TranChoreographerImpl: skippedFrames: 15435
03-28 13:02:56.546 27279 27279 E TranChoreographerImpl: skippedFrames: 9194
03-28 13:02:57.382 27279 27527 W WM-SystemJobScheduler: Unable to schedule work ID 27a438ff-c7ef-45e2-a4a4-1d7e90152c5e
03-28 13:03:27.457 27279 27563 W WM-SystemJobScheduler: Unable to schedule work ID 61e6f71e-9cb1-4206-9194-865bf1b1dc81
03-28 13:03:39.700 27279 27527 W WM-SystemJobScheduler: Unable to schedule work ID 7e7d37fc-059a-49cf-9d61-c25cc4173d91
03-28 13:03:59.602 27279 27279 E TranChoreographerImpl: skippedFrames: 541
03-28 13:05:49.899 27279 27279 E TranChoreographerImpl: skippedFrames: 5002
03-28 13:08:11.311 27279 27279 E TranChoreographerImpl: skippedFrames: 6871
03-28 13:08:44.060 27279 27279 E TranChoreographerImpl: skippedFrames: 344
03-28 13:08:45.666 27279 27279 W com.mbwhatsapp: type=1400 audit(0.0:43179): avc: denied { search } for comm=4D65646961446F776E6C6F61642023 name="ppm" dev="proc" ino=4026531920 scontext=u:r:untrusted_app:s0:c225,c256,c512,c768 tcontext=u:object_r:proc_ppm:s0 tclass=dir permissive=0 app=com.mbwhatsapp
03-28 13:08:45.670 27279 27279 W com.mbwhatsapp: type=1400 audit(0.0:43180): avc: denied { search } for comm=4D65646961446F776E6C6F61642023 name="ppm" dev="proc" ino=4026531920 scontext=u:r:untrusted_app:s0:c225,c256,c512,c768 tcontext=u:object_r:proc_ppm:s0 tclass=dir permissive=0 app=com.mbwhatsapp
03-28 13:08:45.799 27279 27329 E SQLiteDatabase: Error inserting transferred=1 media_job_uuid=46512d59-2af0-4e41-8962-c25abaeee8df transcoded=0 gif_attribution=0 first_scan_length=15696 direct_path=/v/t62.7118- 24/25613843_3660660280875134_2329198235953118138_n.enc?ccb=11- 4&oh=01_ASD6eN7vUmWbMlNTfSFVfT6_K_KUuyn6U-DpKdbfk2ke7A&oe=662C6C77&_nc_sid=5e03e0 thumbnail_height_width_ratio=1.7647059 is_animated_sticker=0 file_hash=vQ6mLQAYWnXm4+5QbrM+cGbcxc19442woFYqF+l8TkA= file_path=Media/MBWhatsApp Images/IMG-20240328-WA0021.jpg file_size=124397 partial_media_hash=eaZY16xTWY3KkxVPoX0+ucLMrkgWw3iqCZIliMwa1u4= face_x=0 face_y=0 height=1599 trim_to=0 media_key_timestamp=1711606122000 message_url=https://mmg.whatsapp.net/v/t62.7118- 24/25613843_3660660280875134_2329198235953118138_n.enc?ccb=11- 4&oh=01_ASD6eN7vUmWbMlNTfSFVfT6_K_KUuyn6U- DpKdbfk2ke7A&oe=662C6C77&_nc_sid=5e03e0&mms3=true media_caption=null trim_from=0 mime_type=image/jpeg partial_media_enc_hash=null width=899 original_file_hash=null has_streaming_sidecar=1 autotransfer_retry_enabled=1 media_upload_handle=null message_row_id=310 multicast_id=null enc_file_hash=OXyF1CNHnY2q38r5eFJaU6jsiSL4Vf9jmigPUQfa1PQ= mute_video=0 page_count=0 first_scan_sidecar=[B@d0e0a70 suspicious_content=0 file_length=124397 media_name=null media_duration=0 chat_row_id=2 media_key=[B@8c8c1e9
03-28 13:08:45.799 27279 27329 E SQLiteDatabase: android.database.sqlite.SQLiteConstraintException: UNIQUE constraint failed: message_media.message_row_id (code 1555 SQLITE_CONSTRAINT_PRIMARYKEY)
03-28 13:08:45.799 27279 27329 E SQLiteDatabase: at android.database.sqlite.SQLiteConnection.nativeExecuteForLastInsertedRowId(Native Method)
03-28 13:08:45.799 27279 27329 E SQLiteDatabase: at android.database.sqlite.SQLiteConnection.executeForLastInsertedRowId(SQLiteConnecti on.java:961)
03-28 13:08:45.799 27279 27329 E SQLiteDatabase: at android.database.sqlite.SQLiteSession.executeForLastInsertedRowId(SQLiteSession.jav a:790)
03-28 13:08:45.799 27279 27329 E SQLiteDatabase: at android.database.sqlite.SQLiteStatement.executeInsert(SQLiteStatement.java:89)
03-28 13:08:45.799 27279 27329 E SQLiteDatabase: at android.database.sqlite.SQLiteDatabase.insertWithOnConflict(SQLiteDatabase.java:187 4)
03-28 13:08:45.799 27279 27329 E SQLiteDatabase: at android.database.sqlite.SQLiteDatabase.insert(SQLiteDatabase.java:1743)
03-28 13:08:45.799 27279 27329 E SQLiteDatabase: at X.2tm.A08(Unknown Source:6)
03-28 13:08:45.799 27279 27329 E SQLiteDatabase: at X.35Y.A07(Unknown Source:212)
03-28 13:08:45.799 27279 27329 E SQLiteDatabase: at X.3QF.A14(Unknown Source:470)
03-28 13:08:45.799 27279 27329 E SQLiteDatabase: at X.3gU.run(Unknown Source:982)
03-28 13:08:45.799 27279 27329 E SQLiteDatabase: at android.os.Handler.handleCallback(Handler.java:942)
03-28 13:08:45.799 27279 27329 E SQLiteDatabase: at android.os.Handler.dispatchMessage(Handler.java:99)
03-28 13:08:45.799 27279 27329 E SQLiteDatabase: at X.0zq.dispatchMessage(Unknown Source:4)
03-28 13:08:45.799 27279 27329 E SQLiteDatabase: at android.os.Looper.loopOnce(Looper.java:204)
03-28 13:08:45.799 27279 27329 E SQLiteDatabase: at android.os.Looper.loop(Looper.java:291)
03-28 13:08:45.799 27279 27329 E SQLiteDatabase: at android.os.HandlerThread.run(HandlerThread.java:67)
03-28 13:09:25.619 27279 27330 E SQLiteDatabase: Error inserting transferred=1 media_job_uuid=46512d59-2af0-4e41-8962-c25abaeee8df transcoded=0 gif_attribution=0 first_scan_length=15696 direct_path=/v/t62.7118- 24/25613843_3660660280875134_2329198235953118138_n.enc?ccb=11- 4&oh=01_ASD6eN7vUmWbMlNTfSFVfT6_K_KUuyn6U-DpKdbfk2ke7A&oe=662C6C77&_nc_sid=5e03e0 thumbnail_height_width_ratio=1.7647059 is_animated_sticker=0 file_hash=vQ6mLQAYWnXm4+5QbrM+cGbcxc19442woFYqF+l8TkA= file_path=Media/MBWhatsApp Images/IMG-20240328-WA0021.jpg file_size=124397 partial_media_hash=eaZY16xTWY3KkxVPoX0+ucLMrkgWw3iqCZIliMwa1u4= face_x=0 face_y=0 height=1599 trim_to=0 media_key_timestamp=1711606122000 message_url=https://mmg.whatsapp.net/v/t62.7118- 24/25613843_3660660280875134_2329198235953118138_n.enc?ccb=11- 4&oh=01_ASD6eN7vUmWbMlNTfSFVfT6_K_KUuyn6U- DpKdbfk2ke7A&oe=662C6C77&_nc_sid=5e03e0&mms3=true media_caption=null trim_from=0 mime_type=image/jpeg partial_media_enc_hash=null width=899 original_file_hash=null has_streaming_sidecar=1 autotransfer_retry_enabled=1 media_upload_handle=null message_row_id=310 multicast_id=null enc_file_hash=OXyF1CNHnY2q38r5eFJaU6jsiSL4Vf9jmigPUQfa1PQ= mute_video=0 page_count=0 first_scan_sidecar=[B@d0e0a70 suspicious_content=0 file_length=124397 media_name=null media_duration=0 chat_row_id=2 media_key=[B@8c8c1e9
03-28 13:09:25.619 27279 27330 E SQLiteDatabase: android.database.sqlite.SQLiteConstraintException: UNIQUE constraint failed: message_media.message_row_id (code 1555 SQLITE_CONSTRAINT_PRIMARYKEY)
03-28 13:09:25.619 27279 27330 E SQLiteDatabase: at android.database.sqlite.SQLiteConnection.nativeExecuteForLastInsertedRowId(Native Method)
03-28 13:09:25.619 27279 27330 E SQLiteDatabase: at android.database.sqlite.SQLiteConnection.executeForLastInsertedRowId(SQLiteConnecti on.java:961)
03-28 13:09:25.619 27279 27330 E SQLiteDatabase: at android.database.sqlite.SQLiteSession.executeForLastInsertedRowId(SQLiteSession.jav a:790)
03-28 13:09:25.619 27279 27330 E SQLiteDatabase: at android.database.sqlite.SQLiteStatement.executeInsert(SQLiteStatement.java:89)
03-28 13:09:25.619 27279 27330 E SQLiteDatabase: at android.database.sqlite.SQLiteDatabase.insertWithOnConflict(SQLiteDatabase.java:187 4)
03-28 13:09:25.619 27279 27330 E SQLiteDatabase: at android.database.sqlite.SQLiteDatabase.insert(SQLiteDatabase.java:1743)
03-28 13:09:25.619 27279 27330 E SQLiteDatabase: at X.2tm.A08(Unknown Source:6)
03-28 13:09:25.619 27279 27330 E SQLiteDatabase: at X.35Y.A07(Unknown Source:212)
03-28 13:09:25.619 27279 27330 E SQLiteDatabase: at X.3QF.A14(Unknown Source:470)
03-28 13:09:25.619 27279 27330 E SQLiteDatabase: at X.31e.A03(Unknown Source:174)
03-28 13:09:25.619 27279 27330 E SQLiteDatabase: at X.31e.A04(Unknown Source:134)
03-28 13:09:25.619 27279 27330 E SQLiteDatabase: at X.3Uz.A07(Unknown Source:136)
03-28 13:09:25.619 27279 27330 E SQLiteDatabase: at X.3Uz.A02(Unknown Source:692)
03-28 13:09:25.619 27279 27330 E SQLiteDatabase: at X.3eS.run(Unknown Source:4041)
03-28 13:09:25.619 27279 27330 E SQLiteDatabase: at android.os.Handler.handleCallback(Handler.java:942)
03-28 13:09:25.619 27279 27330 E SQLiteDatabase: at android.os.Handler.dispatchMessage(Handler.java:99)
03-28 13:09:25.619 27279 27330 E SQLiteDatabase: at X.0zr.dispatchMessage(Unknown Source:4)
03-28 13:09:25.619 27279 27330 E SQLiteDatabase: at android.os.Looper.loopOnce(Looper.java:204)
03-28 13:09:25.619 27279 27330 E SQLiteDatabase: at android.os.Looper.loop(Looper.java:291)
03-28 13:09:25.619 27279 27330 E SQLiteDatabase: at android.os.HandlerThread.run(HandlerThread.java:67)
03-28 13:13:43.845 27279 27279 E TranChoreographerImpl: skippedFrames: 14763
03-28 13:13:43.890 27279 27563 W WM-SystemJobScheduler: Unable to schedule work ID 6d8d61eb-47d7-4c9d-b4bb-590f5612dd10
03-28 13:14:31.970 27279 27279 E TranChoreographerImpl: skippedFrames: 1267
03-28 13:14:31.992 27279 27529 W WM-SystemJobScheduler: Unable to schedule work ID 8c9b9cf5-0eed-4fd0-9939-af57b0e97b84
03-28 13:14:32.595 27279 27528 W WM-SystemJobScheduler: Unable to schedule work ID 209b740f-10bf-4e78-b716-945c4bc4c82f
03-28 13:14:38.344 27279 27330 E SQLiteDatabase: Error inserting transferred=0 media_job_uuid=null transcoded=0 gif_attribution=0 first_scan_length=0 direct_path=/v/t62.7161-24/40252666_375867235324440_7364555262149248601_n.enc? ccb=11- 4&oh=01_ASBA_Ajfuzzar_9N7OgwvmPTiSFM07Qv3II8dPhxqhMbcg&oe=662C81F8&_nc_sid=5e03e0 thumbnail_height_width_ratio=1.3333334 is_animated_sticker=0 file_hash=BFrXWepDB8Qk/W2eE9Yz/5u0faLzuMLvWt6YDPi8/jQ= file_path=null file_size=0 partial_media_hash=null face_x=0 face_y=0 height=640 trim_to=0 media_key_timestamp=1711606221000 message_url=https://mmg.whatsapp.net/v/t62.7161- 24/40252666_375867235324440_7364555262149248601_n.enc?ccb=11- 4&oh=01_ASBA_Ajfuzzar_9N7OgwvmPTiSFM07Qv3II8dPhxqhMbcg&oe=662C81F8&_nc_sid=5e03e0&m ms3=true media_caption=null trim_from=0 mime_type=video/mp4 partial_media_enc_hash=null width=480 original_file_hash=null has_streaming_sidecar=1 autotransfer_retry_enabled=0 media_upload_handle=null message_row_id=314 multicast_id=null enc_file_hash=PverfFQ9w+X9ol2TXFpYYnXsfl3LGTcRoZFQwgnWSLE= mute_video=0 page_count=0 first_scan_sidecar=null suspicious_content=0 file_length=2258200 media_name=null media_duration=13 chat_row_id=20 media_key=[B@8e291f
03-28 13:14:38.344 27279 27330 E SQLiteDatabase: android.database.sqlite.SQLiteConstraintException: UNIQUE constraint failed: message_media.message_row_id (code 1555 SQLITE_CONSTRAINT_PRIMARYKEY)
03-28 13:14:38.344 27279 27330 E SQLiteDatabase: at android.database.sqlite.SQLiteConnection.nativeExecuteForLastInsertedRowId(Native Method)
03-28 13:14:38.344 27279 27330 E SQLiteDatabase: at android.database.sqlite.SQLiteConnection.executeForLastInsertedRowId(SQLiteConnecti on.java:961)
03-28 13:14:38.344 27279 27330 E SQLiteDatabase: at android.database.sqlite.SQLiteSession.executeForLastInsertedRowId(SQLiteSession.jav a:790)
03-28 13:14:38.344 27279 27330 E SQLiteDatabase: at android.database.sqlite.SQLiteStatement.executeInsert(SQLiteStatement.java:89)
03-28 13:14:38.344 27279 27330 E SQLiteDatabase: at android.database.sqlite.SQLiteDatabase.insertWithOnConflict(SQLiteDatabase.java:187 4)
03-28 13:14:38.344 27279 27330 E SQLiteDatabase: at android.database.sqlite.SQLiteDatabase.insert(SQLiteDatabase.java:1743)
03-28 13:14:38.344 27279 27330 E SQLiteDatabase: at X.2tm.A08(Unknown Source:6)
03-28 13:14:38.344 27279 27330 E SQLiteDatabase: at X.35Y.A07(Unknown Source:212)
03-28 13:14:38.344 27279 27330 E SQLiteDatabase: at X.3QF.A14(Unknown Source:470)
03-28 13:14:38.344 27279 27330 E SQLiteDatabase: at X.31e.A03(Unknown Source:174)
03-28 13:14:38.344 27279 27330 E SQLiteDatabase: at X.31e.A04(Unknown Source:134)
03-28 13:14:38.344 27279 27330 E SQLiteDatabase: at X.3Uz.A07(Unknown Source:136)
03-28 13:14:38.344 27279 27330 E SQLiteDatabase: at X.3Uz.A02(Unknown Source:692)
03-28 13:14:38.344 27279 27330 E SQLiteDatabase: at X.3eS.run(Unknown Source:4041)
03-28 13:14:38.344 27279 27330 E SQLiteDatabase: at android.os.Handler.handleCallback(Handler.java:942)
03-28 13:14:38.344 27279 27330 E SQLiteDatabase: at android.os.Handler.dispatchMessage(Handler.java:99)
03-28 13:14:38.344 27279 27330 E SQLiteDatabase: at X.0zr.dispatchMessage(Unknown Source:4)
03-28 13:14:38.344 27279 27330 E SQLiteDatabase: at android.os.Looper.loopOnce(Looper.java:204)
03-28 13:14:38.344 27279 27330 E SQLiteDatabase: at android.os.Looper.loop(Looper.java:291)
03-28 13:14:38.344 27279 27330 E SQLiteDatabase: at android.os.HandlerThread.run(HandlerThread.java:67)
03-28 13:15:35.615 27279 27279 E TranChoreographerImpl: skippedFrames: 2200
03-28 13:15:35.656 27279 27528 W WM-SystemJobScheduler: Unable to schedule work ID 370b0545-ab79-4ec2-a16f-f3612da92280
03-28 13:20:02.692 27279 27279 E TranChoreographerImpl: skippedFrames: 14421
03-28 13:20:02.775 27279 27528 W WM-SystemJobScheduler: Unable to schedule work ID 6cba65f9-ace6-489f-8353-99bc8205c1f6
03-28 13:20:32.830 27279 27529 W WM-SystemJobScheduler: Unable to schedule work ID 749ebd4c-291e-4c0e-9a60-ecfa9650d4fe
03-28 13:25:19.756 27279 27279 E TranChoreographerImpl: skippedFrames: 15802
03-28 13:25:19.933 27279 27279 W libc : Access denied finding property "vendor.transsion.scroll_adjust.support"
03-28 13:25:19.933 27279 27279 W libc : Access denied finding property "vendor.transsion.scroll_adjust.support"
03-28 13:25:19.979 27279 27279 W libc : Access denied finding property "vendor.transsion.scroll_adjust.support"
03-28 13:25:19.979 27279 27279 W libc : Access denied finding property "vendor.transsion.scroll_adjust.support"
03-28 13:25:20.036 27279 27279 E ArmVmp : Match on catch block at 0x0a in for 0x195
03-28 13:25:20.038 27279 27279 E ArmVmp : Match on catch block at 0x0a in for 0x18d
03-28 13:25:20.163 27279 27279 E ArmVmp : Match on catch block at 0xc3 in for 0x171
03-28 13:25:20.166 27279 27279 E ArmVmp : Match on catch block at 0xc3 in for 0x169
03-28 13:25:20.167 27279 27279 E ArmVmp : Match on catch block at 0xc3 in for 0x161
03-28 13:25:20.191 27279 27342 W Parcel : Expecting binder but got null!
03-28 13:25:20.206 27279 27279 E ArmVmp : Match on catch block at 0xc3 in for 0x149
03-28 13:25:20.207 27279 27279 E ArmVmp : Match on catch block at 0xc3 in for 0x145
03-28 13:25:20.208 27279 27279 E ArmVmp : Match on catch block at 0xc3 in for 0x149
03-28 13:25:20.218 27279 27279 E ArmVmp : Match on catch block at 0xc3 in for 0x149
03-28 13:25:20.220 27279 27279 E ArmVmp : Match on catch block at 0xc3 in for 0x145
03-28 13:25:20.220 27279 27279 E ArmVmp : Match on catch block at 0xc3 in for 0x149
03-28 13:25:20.230 27279 27279 E ArmVmp : Match on catch block at 0xc3 in for 0x149
03-28 13:25:20.232 27279 27279 E ArmVmp : Match on catch block at 0xc3 in for 0x145
03-28 13:25:20.233 27279 27279 E ArmVmp : Match on catch block at 0xc3 in for 0x149
03-28 13:25:20.250 27279 27279 E ArmVmp : Match on catch block at 0xc3 in for 0x149
03-28 13:25:20.252 27279 27279 E ArmVmp : Match on catch block at 0xc3 in for 0x145
03-28 13:25:20.255 27279 27279 E ArmVmp : Match on catch block at 0xc3 in for 0x149
03-28 13:25:20.264 27279 27279 E ArmVmp : Match on catch block at 0xc3 in for 0x145
03-28 13:25:20.265 27279 27279 E ArmVmp : Match on catch block at 0xc3 in for 0x141
03-28 13:25:20.266 27279 27279 E ArmVmp : Match on catch block at 0xc3 in for 0x145
03-28 13:25:20.280 27279 27279 E ArmVmp : Match on catch block at 0xc3 in for 0x159
03-28 13:25:20.282 27279 27279 E ArmVmp : Match on catch block at 0xc3 in for 0x155
03-28 13:25:20.283 27279 27279 E ArmVmp : Match on catch block at 0xc3 in for 0x159
03-28 13:25:20.297 27279 27279 E ArmVmp : Match on catch block at 0xc3 in for 0x159
03-28 13:25:20.299 27279 27279 E ArmVmp : Match on catch block at 0xc3 in for 0x155
03-28 13:25:20.300 27279 27279 E ArmVmp : Match on catch block at 0xc3 in for 0x159
03-28 13:25:20.314 27279 27279 E ArmVmp : Match on catch block at 0xc3 in for 0x159
03-28 13:25:20.316 27279 27279 E ArmVmp : Match on catch block at 0xc3 in for 0x155
03-28 13:25:20.316 27279 27279 E ArmVmp : Match on catch block at 0xc3 in for 0x159
03-28 13:25:20.322 27279 27279 E ArmVmp : Match on catch block at 0xc3 in for 0x159
03-28 13:25:20.323 27279 27279 E ArmVmp : Match on catch block at 0xc3 in for 0x155
03-28 13:25:20.324 27279 27279 E ArmVmp : Match on catch block at 0xc3 in for 0x159
03-28 13:25:20.331 27279 27279 E ArmVmp : Match on catch block at 0xc3 in for 0x159
03-28 13:25:20.332 27279 27279 E ArmVmp : Match on catch block at 0xc3 in for 0x155
03-28 13:25:20.333 27279 27279 E ArmVmp : Match on catch block at 0xc3 in for 0x159
03-28 13:25:20.339 27279 27279 E ArmVmp : Match on catch block at 0xc3 in for 0x159
03-28 13:25:20.340 27279 27279 E ArmVmp : Match on catch block at 0xc3 in for 0x155
03-28 13:25:20.341 27279 27279 E ArmVmp : Match on catch block at 0xc3 in for 0x159
03-28 13:25:20.347 27279 27279 E ArmVmp : Match on catch block at 0xc3 in for 0x159
03-28 13:25:20.349 27279 27279 E ArmVmp : Match on catch block at 0xc3 in for 0x155
03-28 13:25:20.349 27279 27279 E ArmVmp : Match on catch block at 0xc3 in for 0x159
03-28 13:25:20.746 27279 27279 E ArmVmp : Match on catch block at 0xc3 in for 0x145
03-28 13:25:20.748 27279 27279 E ArmVmp : Match on catch block at 0xc3 in for 0x141
03-28 13:25:20.749 27279 27279 E ArmVmp : Match on catch block at 0xc3 in for 0x145
03-28 13:25:20.853 27279 27279 E ArmVmp : Match on catch block at 0xc3 in for 0x14d
03-28 13:25:20.856 27279 27279 E ArmVmp : Match on catch block at 0xc3 in for 0x149
03-28 13:25:20.858 27279 27279 E ArmVmp : Match on catch block at 0xc3 in for 0x14d
03-28 13:25:20.864 27279 27279 E ArmVmp : Match on catch block at 0xc3 in for 0x14d
03-28 13:25:20.867 27279 27279 E ArmVmp : Match on catch block at 0xc3 in for 0x149
03-28 13:25:20.869 27279 27279 E ArmVmp : Match on catch block at 0xc3 in for 0x14d
03-28 13:25:20.871 27279 27279 W OnBackInvokedCallback: OnBackInvokedCallback is not enabled for the application.
03-28 13:25:20.871 27279 27279 W OnBackInvokedCallback: Set 'android:enableOnBackInvokedCallback="true"' in the application manifest.
03-28 13:25:20.879 27279 27279 E ArmVmp : Match on catch block at 0xc3 in for 0x14d
03-28 13:25:20.881 27279 27279 E ArmVmp : Match on catch block at 0xc3 in for 0x149
03-28 13:25:20.882 27279 27279 E ArmVmp : Match on catch block at 0xc3 in for 0x14d
03-28 13:25:20.896 27279 27279 E ArmVmp : Match on catch block at 0xc3 in for 0x14d
03-28 13:25:20.899 27279 27279 E ArmVmp : Match on catch block at 0xc3 in for 0x149
03-28 13:25:20.902 27279 27279 E ArmVmp : Match on catch block at 0xc3 in for 0x14d
03-28 13:25:20.913 27279 27279 E ArmVmp : Match on catch block at 0xc3 in for 0x14d
03-28 13:25:20.914 27279 27279 E ArmVmp : Match on catch block at 0xc3 in for 0x149
03-28 13:25:20.915 27279 27279 E ArmVmp : Match on catch block at 0xc3 in for 0x14d
03-28 13:25:20.933 27279 27279 E ArmVmp : Match on catch block at 0xc3 in for 0x14d
03-28 13:25:20.935 27279 27279 E ArmVmp : Match on catch block at 0xc3 in for 0x149
03-28 13:25:20.936 27279 27279 E ArmVmp : Match on catch block at 0xc3 in for 0x14d
03-28 13:25:20.946 27279 27279 E ArmVmp : Match on catch block at 0xc3 in for 0x14d
03-28 13:25:20.948 27279 27279 E ArmVmp : Match on catch block at 0xc3 in for 0x149
03-28 13:25:20.949 27279 27279 E ArmVmp : Match on catch block at 0xc3 in for 0x14d
03-28 13:25:20.963 27279 27279 E ArmVmp : Match on catch block at 0xc3 in for 0x14d
03-28 13:25:20.965 27279 27279 E ArmVmp : Match on catch block at 0xc3 in for 0x149
03-28 13:25:20.966 27279 27279 E ArmVmp : Match on catch block at 0xc3 in for 0x14d
03-28 13:25:20.979 27279 27279 E ArmVmp : Match on catch block at 0xc3 in for 0x14d
03-28 13:25:20.982 27279 27279 E ArmVmp : Match on catch block at 0xc3 in for 0x149
03-28 13:25:20.984 27279 27279 E ArmVmp : Match on catch block at 0xc3 in for 0x14d
03-28 13:25:20.996 27279 27279 E ArmVmp : Match on catch block at 0xc3 in for 0x14d
03-28 13:25:20.998 27279 27279 E ArmVmp : Match on catch block at 0xc3 in for 0x149
03-28 13:25:21.000 27279 27279 E ArmVmp : Match on catch block at 0xc3 in for 0x14d
03-28 13:25:21.013 27279 27279 E ArmVmp : Match on catch block at 0xc3 in for 0x14d
03-28 13:25:21.015 27279 27279 E ArmVmp : Match on catch block at 0xc3 in for 0x149
03-28 13:25:21.017 27279 27279 E ArmVmp : Match on catch block at 0xc3 in for 0x14d
03-28 13:25:21.030 27279 27279 E ArmVmp : Match on catch block at 0xc3 in for 0x14d
03-28 13:25:21.032 27279 27279 E ArmVmp : Match on catch block at 0xc3 in for 0x149
03-28 13:25:21.033 27279 27279 E ArmVmp : Match on catch block at 0xc3 in for 0x14d
03-28 13:25:21.046 27279 27279 E ArmVmp : Match on catch block at 0xc3 in for 0x14d
03-28 13:25:21.049 27279 27279 E ArmVmp : Match on catch block at 0xc3 in for 0x149
03-28 13:25:21.051 27279 27279 E ArmVmp : Match on catch block at 0xc3 in for 0x14d
03-28 13:25:21.063 27279 27279 E ArmVmp : Match on catch block at 0xc3 in for 0x14d
03-28 13:25:21.066 27279 27279 E ArmVmp : Match on catch block at 0xc3 in for 0x149
03-28 13:25:21.068 27279 27279 E ArmVmp : Match on catch block at 0xc3 in for 0x14d
03-28 13:25:21.080 27279 27279 E ArmVmp : Match on catch block at 0xc3 in for 0x14d
03-28 13:25:21.083 27279 27279 E ArmVmp : Match on catch block at 0xc3 in for 0x149
03-28 13:25:21.085 27279 27279 E ArmVmp : Match on catch block at 0xc3 in for 0x14d
03-28 13:25:21.097 27279 27279 E ArmVmp : Match on catch block at 0xc3 in for 0x14d
03-28 13:25:21.099 27279 27279 E ArmVmp : Match on catch block at 0xc3 in for 0x149
03-28 13:25:21.102 27279 27279 E ArmVmp : Match on catch block at 0xc3 in for 0x14d
03-28 13:25:21.113 27279 27279 E ArmVmp : Match on catch block at 0xc3 in for 0x14d
03-28 13:25:21.116 27279 27279 E ArmVmp : Match on catch block at 0xc3 in for 0x149
03-28 13:25:21.118 27279 27279 E ArmVmp : Match on catch block at 0xc3 in for 0x14d
03-28 13:25:21.130 27279 27279 E ArmVmp : Match on catch block at 0xc3 in for 0x14d
03-28 13:25:21.132 27279 27279 E ArmVmp : Match on catch block at 0xc3 in for 0x149
03-28 13:25:21.135 27279 27279 E ArmVmp : Match on catch block at 0xc3 in for 0x14d
03-28 13:25:21.146 27279 27279 E ArmVmp : Match on catch block at 0xc3 in for 0x14d
03-28 13:25:21.149 27279 27279 E ArmVmp : Match on catch block at 0xc3 in for 0x149
03-28 13:25:21.151 27279 27279 E ArmVmp : Match on catch block at 0xc3 in for 0x14d
03-28 13:25:21.163 27279 27279 E ArmVmp : Match on catch block at 0xc3 in for 0x14d
03-28 13:25:21.166 27279 27279 E ArmVmp : Match on catch block at 0xc3 in for 0x149
03-28 13:25:21.168 27279 27279 E ArmVmp : Match on catch block at 0xc3 in for 0x14d
03-28 13:25:21.180 27279 27279 E ArmVmp : Match on catch block at 0xc3 in for 0x14d
03-28 13:25:21.183 27279 27279 E ArmVmp : Match on catch block at 0xc3 in for 0x149
03-28 13:25:21.186 27279 27279 E ArmVmp : Match on catch block at 0xc3 in for 0x14d
03-28 13:25:21.197 27279 27279 E ArmVmp : Match on catch block at 0xc3 in for 0x14d
03-28 13:25:21.201 27279 27279 E ArmVmp : Match on catch block at 0xc3 in for 0x149
03-28 13:25:21.203 27279 27279 E ArmVmp : Match on catch block at 0xc3 in for 0x14d
03-28 13:25:21.246 27279 27279 E ArmVmp : Match on catch block at 0xc3 in for 0x155
03-28 13:25:21.249 27279 27279 E ArmVmp : Match on catch block at 0xc3 in for 0x151
03-28 13:25:21.250 27279 27279 E ArmVmp : Match on catch block at 0xc3 in for 0x155
03-28 13:25:21.747 27279 27279 E ArmVmp : Match on catch block at 0xc3 in for 0x159
03-28 13:25:21.750 27279 27279 E ArmVmp : Match on catch block at 0xc3 in for 0x155
03-28 13:25:21.753 27279 27279 E ArmVmp : Match on catch block at 0xc3 in for 0x159
03-28 13:25:22.247 27279 27279 E ArmVmp : Match on catch block at 0xc3 in for 0x141
03-28 13:25:22.253 27279 27279 E ArmVmp : Match on catch block at 0xc3 in for 0x159
03-28 13:25:22.256 27279 27279 E ArmVmp : Match on catch block at 0xc3 in for 0x141
03-28 13:25:22.546 27279 27279 E ArmVmp : Match on catch block at 0xc3 in for 0x14d
03-28 13:25:22.552 27279 27279 E ArmVmp : Match on catch block at 0xc3 in for 0x149
03-28 13:25:22.555 27279 27279 E ArmVmp : Match on catch block at 0xc3 in for 0x14d
03-28 13:25:22.567 27279 27279 E ArmVmp : Match on catch block at 0xc3 in for 0x14d
03-28 13:25:22.573 27279 27279 E ArmVmp : Match on catch block at 0xc3 in for 0x149
03-28 13:25:22.576 27279 27279 E ArmVmp : Match on catch block at 0xc3 in for 0x14d
03-28 13:25:22.582 27279 27279 E ArmVmp : Match on catch block at 0xc3 in for 0x14d
03-28 13:25:22.590 27279 27279 E ArmVmp : Match on catch block at 0xc3 in for 0x149
03-28 13:25:22.594 27279 27279 E ArmVmp : Match on catch block at 0xc3 in for 0x14d
03-28 13:25:22.602 27279 27279 E ArmVmp : Match on catch block at 0xc3 in for 0x14d
03-28 13:25:22.609 27279 27279 E ArmVmp : Match on catch block at 0xc3 in for 0x149
03-28 13:25:22.612 27279 27279 E ArmVmp : Match on catch block at 0xc3 in for 0x14d
03-28 13:25:22.622 27279 27279 E ArmVmp : Match on catch block at 0xc3 in for 0x14d
03-28 13:25:22.628 27279 27279 E ArmVmp : Match on catch block at 0xc3 in for 0x149
03-28 13:25:22.632 27279 27279 E ArmVmp : Match on catch block at 0xc3 in for 0x14d
03-28 13:25:22.639 27279 27279 E ArmVmp : Match on catch block at 0xc3 in for 0x14d
03-28 13:25:22.644 27279 27279 E ArmVmp : Match on catch block at 0xc3 in for 0x149
03-28 13:25:22.646 27279 27279 E ArmVmp : Match on catch block at 0xc3 in for 0x14d
03-28 13:25:22.656 27279 27279 E ArmVmp : Match on catch block at 0xc3 in for 0x14d
03-28 13:25:22.660 27279 27279 E ArmVmp : Match on catch block at 0xc3 in for 0x149
03-28 13:25:22.663 27279 27279 E ArmVmp : Match on catch block at 0xc3 in for 0x14d
03-28 13:25:22.669 27279 27279 E ArmVmp : Match on catch block at 0xc3 in for 0x14d
03-28 13:25:22.673 27279 27279 E ArmVmp : Match on catch block at 0xc3 in for 0x149
03-28 13:25:22.677 27279 27279 E ArmVmp : Match on catch block at 0xc3 in for 0x14d
03-28 13:25:22.683 27279 27279 E ArmVmp : Match on catch block at 0xc3 in for 0x14d
03-28 13:25:22.688 27279 27279 E ArmVmp : Match on catch block at 0xc3 in for 0x149
03-28 13:25:22.691 27279 27279 E ArmVmp : Match on catch block at 0xc3 in for 0x14d
03-28 13:25:22.698 27279 27279 E ArmVmp : Match on catch block at 0xc3 in for 0x14d
03-28 13:25:22.706 27279 27279 E ArmVmp : Match on catch block at 0xc3 in for 0x149
03-28 13:25:22.709 27279 27279 E ArmVmp : Match on catch block at 0xc3 in for 0x14d
03-28 13:25:22.717 27279 27279 E ArmVmp : Match on catch block at 0xc3 in for 0x14d
03-28 13:25:22.721 27279 27279 E ArmVmp : Match on catch block at 0xc3 in for 0x149
03-28 13:25:22.724 27279 27279 E ArmVmp : Match on catch block at 0xc3 in for 0x14d
03-28 13:25:22.732 27279 27279 E ArmVmp : Match on catch block at 0xc3 in for 0x14d
03-28 13:25:22.738 27279 27279 E ArmVmp : Match on catch block at 0xc3 in for 0x149
03-28 13:25:22.741 27279 27279 E ArmVmp : Match on catch block at 0xc3 in for 0x14d
03-28 13:25:22.748 27279 27279 E ArmVmp : Match on catch block at 0xc3 in for 0x14d
03-28 13:25:22.753 27279 27279 E ArmVmp : Match on catch block at 0xc3 in for 0x149
03-28 13:25:22.757 27279 27279 E ArmVmp : Match on catch block at 0xc3 in for 0x14d
03-28 13:25:22.763 27279 27279 E ArmVmp : Match on catch block at 0xc3 in for 0x14d
03-28 13:25:22.770 27279 27279 E ArmVmp : Match on catch block at 0xc3 in for 0x149
03-28 13:25:22.774 27279 27279 E ArmVmp : Match on catch block at 0xc3 in for 0x14d
03-28 13:25:22.779 27279 27279 E ArmVmp : Match on catch block at 0xc3 in for 0x14d
03-28 13:25:22.784 27279 27279 E ArmVmp : Match on catch block at 0xc3 in for 0x149
03-28 13:25:22.787 27279 27279 E ArmVmp : Match on catch block at 0xc3 in for 0x14d
03-28 13:25:22.796 27279 27279 E ArmVmp : Match on catch block at 0xc3 in for 0x14d
03-28 13:25:22.800 27279 27279 E ArmVmp : Match on catch block at 0xc3 in for 0x149
03-28 13:25:22.804 27279 27279 E ArmVmp : Match on catch block at 0xc3 in for 0x14d
03-28 13:25:23.262 27279 27279 E ArmVmp : Match on catch block at 0xc3 in for 0x151
03-28 13:25:23.268 27279 27279 E ArmVmp : Match on catch block at 0xc3 in for 0x14d
03-28 13:25:23.273 27279 27279 E ArmVmp : Match on catch block at 0xc3 in for 0x151
03-28 13:25:23.611 27279 27279 E ArmVmp : Match on catch block at 0xc3 in for 0x145
03-28 13:25:23.612 27279 27279 E ArmVmp : Match on catch block at 0xc3 in for 0x141
03-28 13:25:23.615 27279 27279 E ArmVmp : Match on catch block at 0xc3 in for 0x145
03-28 13:25:23.626 27279 27279 E ArmVmp : Match on catch block at 0xc3 in for 0x141
03-28 13:25:23.628 27279 27279 E ArmVmp : Match on catch block at 0xc3 in for 0x159
03-28 13:25:23.634 27279 27279 E ArmVmp : Match on catch block at 0xc3 in for 0x141
03-28 13:25:23.643 27279 27279 E ArmVmp : Match on catch block at 0xc3 in for 0x141
03-28 13:25:23.646 27279 27279 E ArmVmp : Match on catch block at 0xc3 in for 0x159
03-28 13:25:23.648 27279 27279 E ArmVmp : Match on catch block at 0xc3 in for 0x141
03-28 13:25:23.661 27279 27279 E ArmVmp : Match on catch block at 0xc3 in for 0x141
03-28 13:25:23.664 27279 27279 E ArmVmp : Match on catch block at 0xc3 in for 0x159
03-28 13:25:23.665 27279 27279 E ArmVmp : Match on catch block at 0xc3 in for 0x141
03-28 13:25:23.677 27279 27279 E ArmVmp : Match on catch block at 0xc3 in for 0x141
03-28 13:25:23.679 27279 27279 E ArmVmp : Match on catch block at 0xc3 in for 0x159
03-28 13:25:23.682 27279 27279 E ArmVmp : Match on catch block at 0xc3 in for 0x141
03-28 13:25:23.693 27279 27279 E ArmVmp : Match on catch block at 0xc3 in for 0x141
03-28 13:25:23.696 27279 27279 E ArmVmp : Match on catch block at 0xc3 in for 0x159
03-28 13:25:23.698 27279 27279 E ArmVmp : Match on catch block at 0xc3 in for 0x141
03-28 13:25:23.710 27279 27279 E ArmVmp : Match on catch block at 0xc3 in for 0x141
03-28 13:25:23.715 27279 27279 E ArmVmp : Match on catch block at 0xc3 in for 0x159
03-28 13:25:23.716 27279 27279 E ArmVmp : Match on catch block at 0xc3 in for 0x141
03-28 13:25:23.728 27279 27279 E ArmVmp : Match on catch block at 0xc3 in for 0x141
03-28 13:25:23.730 27279 27279 E ArmVmp : Match on catch block at 0xc3 in for 0x159
03-28 13:25:23.731 27279 27279 E ArmVmp : Match on catch block at 0xc3 in for 0x141
03-28 13:25:23.744 27279 27279 E ArmVmp : Match on catch block at 0xc3 in for 0x141
03-28 13:25:23.747 27279 27279 E ArmVmp : Match on catch block at 0xc3 in for 0x159
03-28 13:25:23.748 27279 27279 E ArmVmp : Match on catch block at 0xc3 in for 0x141
03-28 13:25:23.761 27279 27279 E ArmVmp : Match on catch block at 0xc3 in for 0x141
03-28 13:25:23.767 27279 27279 E ArmVmp : Match on catch block at 0xc3 in for 0x159
03-28 13:25:23.770 27279 27279 E ArmVmp : Match on catch block at 0xc3 in for 0x141
03-28 13:25:23.777 27279 27279 E ArmVmp : Match on catch block at 0xc3 in for 0x149
03-28 13:25:23.780 27279 27279 E ArmVmp : Match on catch block at 0xc3 in for 0x145
03-28 13:25:23.785 27279 27279 E ArmVmp : Match on catch block at 0xc3 in for 0x149
03-28 13:25:23.794 27279 27279 E ArmVmp : Match on catch block at 0xc3 in for 0x149
03-28 13:25:23.797 27279 27279 E ArmVmp : Match on catch block at 0xc3 in for 0x145
03-28 13:25:23.800 27279 27279 E ArmVmp : Match on catch block at 0xc3 in for 0x149
03-28 13:25:23.811 27279 27279 E ArmVmp : Match on catch block at 0xc3 in for 0x149
03-28 13:25:23.817 27279 27279 E ArmVmp : Match on catch block at 0xc3 in for 0x145
03-28 13:25:23.819 27279 27279 E ArmVmp : Match on catch block at 0xc3 in for 0x149
03-28 13:25:23.915 27279 27279 E ArmVmp : Match on catch block at 0xc3 in for 0x149
03-28 13:25:23.920 27279 27279 E ArmVmp : Match on catch block at 0xc3 in for 0x145
03-28 13:25:23.922 27279 27279 E ArmVmp : Match on catch block at 0xc3 in for 0x149
03-28 13:25:24.011 27279 27279 E ArmVmp : Match on catch block at 0xc3 in for 0x151
03-28 13:25:24.015 27279 27279 E ArmVmp : Match on catch block at 0xc3 in for 0x14d
03-28 13:25:24.017 27279 27279 E ArmVmp : Match on catch block at 0xc3 in for 0x151
03-28 13:25:24.359 27279 27279 E ArmVmp : Match on catch block at 0xc3 in for 0x155
03-28 13:25:24.360 27279 27279 E ArmVmp : Match on catch block at 0xc3 in for 0x151
03-28 13:25:24.361 27279 27279 E ArmVmp : Match on catch block at 0xc3 in for 0x155
03-28 13:25:24.484 27279 27279 E ArmVmp : Match on catch block at 0xc3 in for 0x159
03-28 13:25:24.489 27279 27279 E ArmVmp : Match on catch block at 0xc3 in for 0x155
03-28 13:25:24.494 27279 27279 E ArmVmp : Match on catch block at 0xc3 in for 0x159
03-28 13:25:24.609 27279 27279 E ArmVmp : Match on catch block at 0xc3 in for 0x145
03-28 13:25:24.612 27279 27279 E ArmVmp : Match on catch block at 0xc3 in for 0x141
03-28 13:25:24.614 27279 27279 E ArmVmp : Match on catch block at 0xc3 in for 0x145
03-28 13:25:24.676 27279 27279 E ArmVmp : Match on catch block at 0xc3 in for 0x145
03-28 13:25:24.683 27279 27279 E ArmVmp : Match on catch block at 0xc3 in for 0x141
03-28 13:25:24.685 27279 27279 E ArmVmp : Match on catch block at 0xc3 in for 0x145
03-28 13:25:24.877 27279 27279 E ArmVmp : Match on catch block at 0xc3 in for 0x141
03-28 13:25:24.880 27279 27279 E ArmVmp : Match on catch block at 0xc3 in for 0x159
03-28 13:25:24.883 27279 27279 E ArmVmp : Match on catch block at 0xc3 in for 0x141
03-28 13:25:25.059 27279 27279 E ArmVmp : Match on catch block at 0xc3 in for 0x155
03-28 13:25:25.063 27279 27279 E ArmVmp : Match on catch block at 0xc3 in for 0x151
03-28 13:25:25.065 27279 27279 E ArmVmp : Match on catch block at 0xc3 in for 0x155
03-28 13:25:25.163 27279 27279 E ArmVmp : Match on catch block at 0xc3 in for 0x155
03-28 13:25:25.168 27279 27279 E ArmVmp : Match on catch block at 0xc3 in for 0x151
03-28 13:25:25.172 27279 27279 E ArmVmp : Match on catch block at 0xc3 in for 0x155
03-28 13:25:25.298 27279 27279 E ArmVmp : Match on catch block at 0xc3 in for 0x141
03-28 13:25:25.301 27279 27279 E ArmVmp : Match on catch block at 0xc3 in for 0x159
03-28 13:25:25.303 27279 27279 E ArmVmp : Match on catch block at 0xc3 in for 0x141
03-28 13:25:25.526 27279 27279 E ArmVmp : Match on catch block at 0xc3 in for 0x145
03-28 13:25:25.532 27279 27279 E ArmVmp : Match on catch block at 0xc3 in for 0x141
03-28 13:25:25.535 27279 27279 E ArmVmp : Match on catch block at 0xc3 in for 0x145
03-28 13:25:25.726 27279 27279 E ArmVmp : Match on catch block at 0xc3 in for 0x141
03-28 13:25:25.730 27279 27279 E ArmVmp : Match on catch block at 0xc3 in for 0x159
03-28 13:25:25.733 27279 27279 E ArmVmp : Match on catch block at 0xc3 in for 0x141
03-28 13:25:25.825 27279 27279 E ArmVmp : Match on catch block at 0xc3 in for 0x141
03-28 13:25:25.830 27279 27279 E ArmVmp : Match on catch block at 0xc3 in for 0x159
03-28 13:25:25.833 27279 27279 E ArmVmp : Match on catch block at 0xc3 in for 0x141
03-28 13:25:26.174 27279 27279 E ArmVmp : Match on catch block at 0xc3 in for 0x155
03-28 13:25:26.175 27279 27279 E ArmVmp : Match on catch block at 0xc3 in for 0x151
03-28 13:25:26.176 27279 27279 E ArmVmp : Match on catch block at 0xc3 in for 0x155
03-28 13:25:26.197 27279 27279 E ArmVmp : Match on catch block at 0xc3 in for 0x149
03-28 13:25:26.203 27279 27279 E ArmVmp : Match on catch block at 0xc3 in for 0x145
03-28 13:25:26.206 27279 27279 E ArmVmp : Match on catch block at 0xc3 in for 0x149
03-28 13:25:26.233 27279 27279 E ArmVmp : Match on catch block at 0xc3 in for 0x149
03-28 13:25:26.236 27279 27279 E ArmVmp : Match on catch block at 0xc3 in for 0x145
03-28 13:25:26.243 27279 27279 E ArmVmp : Match on catch block at 0xc3 in for 0x155
03-28 13:25:26.247 27279 27279 E ArmVmp : Match on catch block at 0xc3 in for 0x151
03-28 13:25:26.279 27279 27279 E ArmVmp : Match on catch block at 0xc3 in for 0x155
03-28 13:25:26.281 27279 27279 E ArmVmp : Match on catch block at 0xc3 in for 0x151
03-28 13:25:26.293 27279 27279 E ArmVmp : Match on catch block at 0xc3 in for 0x149
03-28 13:25:26.296 27279 27279 E ArmVmp : Match on catch block at 0xc3 in for 0x145
03-28 13:25:26.312 27279 27279 E ArmVmp : Match on catch block at 0xc3 in for 0x14d
03-28 13:25:26.315 27279 27279 E ArmVmp : Match on catch block at 0xc3 in for 0x149
03-28 13:25:26.323 27279 27279 E ArmVmp : Match on catch block at 0xc3 in for 0x159
03-28 13:25:26.325 27279 27279 E ArmVmp : Match on catch block at 0xc3 in for 0x155
03-28 13:25:26.340 27279 27279 E ArmVmp : Match on catch block at 0xc3 in for 0x149
03-28 13:25:26.342 27279 27279 E ArmVmp : Match on catch block at 0xc3 in for 0x145
03-28 13:25:26.357 27279 27279 E ArmVmp : Match on catch block at 0xc3 in for 0x155
03-28 13:25:26.360 27279 27279 E ArmVmp : Match on catch block at 0xc3 in for 0x151
03-28 13:25:26.373 27279 27279 E ArmVmp : Match on catch block at 0xc3 in for 0x145
03-28 13:25:26.376 27279 27279 E ArmVmp : Match on catch block at 0xc3 in for 0x141
03-28 13:25:26.390 27279 27279 E ArmVmp : Match on catch block at 0xc3 in for 0x151
03-28 13:25:26.394 27279 27279 E ArmVmp : Match on catch block at 0xc3 in for 0x14d
03-28 13:25:26.573 27279 27279 E ArmVmp : Match on catch block at 0xc3 in for 0x145
03-28 13:25:26.578 27279 27279 E ArmVmp : Match on catch block at 0xc3 in for 0x141
03-28 13:25:26.585 27279 27279 E ArmVmp : Match on catch block at 0xc3 in for 0x151
03-28 13:25:26.590 27279 27279 E ArmVmp : Match on catch block at 0xc3 in for 0x14d
03-28 13:25:26.594 27279 27279 E ArmVmp : Match on catch block at 0xc3 in for 0x141
03-28 13:25:26.597 27279 27279 E ArmVmp : Match on catch block at 0xc3 in for 0x159
03-28 13:25:26.607 27279 27279 E ArmVmp : Match on catch block at 0xc3 in for 0x14d
03-28 13:25:26.610 27279 27279 E ArmVmp : Match on catch block at 0xc3 in for 0x149
03-28 13:25:26.624 27279 27279 E ArmVmp : Match on catch block at 0xc3 in for 0x141
03-28 13:25:26.627 27279 27279 E ArmVmp : Match on catch block at 0xc3 in for 0x159
03-28 13:25:26.643 27279 27279 E ArmVmp : Match on catch block at 0xc3 in for 0x151
03-28 13:25:26.649 27279 27279 E ArmVmp : Match on catch block at 0xc3 in for 0x14d
03-28 13:25:26.657 27279 27279 E ArmVmp : Match on catch block at 0xc3 in for 0x145
03-28 13:25:26.658 27279 14573 W MediaPlayer: Use of stream types is deprecated for operations other than volume control
03-28 13:25:26.658 27279 14573 W MediaPlayer: See the documentation of setAudioStreamType() for what to use instead with android.media.AudioAttributes to qualify your playback use case
03-28 13:25:26.660 27279 27279 E ArmVmp : Match on catch block at 0xc3 in for 0x141
03-28 13:25:26.684 27279 27279 E ArmVmp : Match on catch block at 0xc3 in for 0x141
03-28 13:25:26.685 27279 27279 E ArmVmp : Match on catch block at 0xc3 in for 0x159
03-28 13:25:26.690 27279 27279 E ArmVmp : Match on catch block at 0xc3 in for 0x14d
03-28 13:25:26.692 27279 27279 E ArmVmp : Match on catch block at 0xc3 in for 0x149
03-28 13:25:26.706 27279 27279 E ArmVmp : Match on catch block at 0xc3 in for 0x159
03-28 13:25:26.708 27279 27279 E ArmVmp : Match on catch block at 0xc3 in for 0x155
03-28 13:25:26.723 27279 27279 E ArmVmp : Match on catch block at 0xc3 in for 0x149
03-28 13:25:26.725 27279 27279 E ArmVmp : Match on catch block at 0xc3 in for 0x145
03-28 13:25:26.740 27279 27279 E ArmVmp : Match on catch block at 0xc3 in for 0x155
03-28 13:25:26.744 27279 27279 E ArmVmp : Match on catch block at 0xc3 in for 0x151
03-28 13:25:26.757 27279 27279 E ArmVmp : Match on catch block at 0xc3 in for 0x145
03-28 13:25:26.761 27279 27279 E ArmVmp : Match on catch block at 0xc3 in for 0x141
03-28 13:25:26.775 27279 27279 E ArmVmp : Match on catch block at 0xc3 in for 0x151
03-28 13:25:26.780 27279 27279 E ArmVmp : Match on catch block at 0xc3 in for 0x14d
03-28 13:25:26.889 27279 27279 E ArmVmp : Match on catch block at 0xc3 in for 0x155
03-28 13:25:26.890 27279 27279 E ArmVmp : Match on catch block at 0xc3 in for 0x151
03-28 13:25:27.005 27279 27279 E ArmVmp : Match on catch block at 0xc3 in for 0x159
03-28 13:25:27.007 27279 27279 E ArmVmp : Match on catch block at 0xc3 in for 0x155
03-28 13:25:27.014 27279 27279 E ArmVmp : Match on catch block at 0xc3 in for 0x149
