03-28 03:32:01.427 16564 16564 W System.err: at android.os.Looper.loopOnce(Looper.java:204)
03-28 03:32:01.427 16564 16564 W System.err: at android.os.Looper.loop(Looper.java:291)
03-28 03:32:01.428 16564 16564 W System.err: at android.app.ActivityThread.main(ActivityThread.java:8148)
03-28 03:32:01.428 16564 16564 W System.err: at java.lang.reflect.Method.invoke(Native Method)
03-28 03:32:01.428 16564 16564 W System.err: at com.android.internal.os.RuntimeInit$MethodAndArgsCaller.run(RuntimeInit.java:601)
03-28 03:32:01.428 16564 16564 W System.err: at com.android.internal.os.ZygoteInit.main(ZygoteInit.java:1139)
03-28 03:32:01.458 16564 16564 E CustomActivityOnCrash: IMPORTANT WARNING! You already have an UncaughtExceptionHandler, are you sure this is correct? If you use a custom UncaughtExceptionHandler, you must initialize it AFTER CustomActivityOnCrash! Installing anyway, but your original handler will not be called.
03-28 03:32:01.904 16564 16564 W com.mbwhatsapp: Accessing hidden method Lcom/android/org/conscrypt/OpenSSLSocketImpl;->setUseSessionTickets(Z)V (max- target-q,core-platform-api, reflection, denied)
03-28 03:32:01.905 16564 16564 W com.mbwhatsapp: Accessing hidden method Lcom/android/org/conscrypt/AbstractConscryptSocket;->setUseSessionTickets(Z)V (max- target-q, reflection, denied)
03-28 03:32:01.967 16603 16603 E libprocessgroup: Support AOSP Freezer= 0
03-28 03:32:02.083 16564 16618 W com.mbwhatsapp: Method void X.2rL.A03(java.lang.Integer) failed lock verification and will run slower.
03-28 03:32:02.083 16564 16618 W com.mbwhatsapp: Common causes for lock verification issues are non-optimized dex code
03-28 03:32:02.083 16564 16618 W com.mbwhatsapp: and incorrect proguard optimizations.
03-28 04:22:17.407 16564 16564 W libc : Access denied finding property "vendor.transsion.scroll_adjust.support"
03-28 05:34:01.627 16564 16573 W com.mbwhatsapp: Reducing the number of considered missed Gc histogram windows from 148 to 100
03-28 06:02:44.014 16564 16615 E SQLiteDatabase: Error inserting transferred=1 media_job_uuid=c302d399-c9de-4482-8f22-823e1ae3762e transcoded=0 gif_attribution=0 first_scan_length=9170 direct_path=/o1/v/t62.7118-24/f1/m233/up-oil-image-49b9cb7e- 4987-4888-ae62-51c97930f59d?ccb=9- 4&oh=01_ASC7U2Qepd8kyHsBHWXuRvujejjb6B3TPCUjH9_tklsh0g&oe=662C1178&_nc_sid=000000 thumbnail_height_width_ratio=1.945946 is_animated_sticker=0 file_hash=/Zqlbepk4QIDOTY5z7N1KRDjmJgLvRFhO7WWLPu5uVg= file_path=/data/user/0/com.mbwhatsapp/files/ViewOnce/IMG-luaevjfn.jpg file_size=58203 partial_media_hash=9ON3SyDnqAgZgCzCvZJ4Kxrqi0FLxnWS+ksdaa04d3Y= face_x=515 face_y=183 height=1280 trim_to=0 media_key_timestamp=1711580561000 message_url=https://mmg.whatsapp.net/o1/v/t62.7118-24/f1/m233/up-oil-image- 49b9cb7e-4987-4888-ae62-51c97930f59d?ccb=9- 4&oh=01_ASC7U2Qepd8kyHsBHWXuRvujejjb6B3TPCUjH9_tklsh0g&oe=662C1178&_nc_sid=000000&m ms3=true media_caption=null trim_from=0 mime_type=image/jpeg partial_media_enc_hash=null width=673 original_file_hash=null has_streaming_sidecar=1 autotransfer_retry_enabled=1 media_upload_handle=null message_row_id=164 multicast_id=null enc_file_hash=AYICopvry8vqKojAeM3cZkfg1R/8zcQBu/f9+tQ9YE4= mute_video=0 page_count=0 first_scan_sidecar=[B@1dfcf6d suspicious_content=0 file_length=58203 media_name=null media_duration=0 chat_row_id=3 media_key=[B@8ccb7a2
03-28 06:02:44.014 16564 16615 E SQLiteDatabase: android.database.sqlite.SQLiteConstraintException: UNIQUE constraint failed: message_media.message_row_id (code 1555 SQLITE_CONSTRAINT_PRIMARYKEY)
03-28 06:02:44.014 16564 16615 E SQLiteDatabase: at android.database.sqlite.SQLiteConnection.nativeExecuteForLastInsertedRowId(Native Method)
03-28 06:02:44.014 16564 16615 E SQLiteDatabase: at android.database.sqlite.SQLiteConnection.executeForLastInsertedRowId(SQLiteConnecti on.java:961)
03-28 06:02:44.014 16564 16615 E SQLiteDatabase: at android.database.sqlite.SQLiteSession.executeForLastInsertedRowId(SQLiteSession.jav a:790)
03-28 06:02:44.014 16564 16615 E SQLiteDatabase: at android.database.sqlite.SQLiteStatement.executeInsert(SQLiteStatement.java:89)
03-28 06:02:44.014 16564 16615 E SQLiteDatabase: at android.database.sqlite.SQLiteDatabase.insertWithOnConflict(SQLiteDatabase.java:187 4)
03-28 06:02:44.014 16564 16615 E SQLiteDatabase: at android.database.sqlite.SQLiteDatabase.insert(SQLiteDatabase.java:1743)
03-28 06:02:44.014 16564 16615 E SQLiteDatabase: at X.2tm.A08(Unknown Source:6)
03-28 06:02:44.014 16564 16615 E SQLiteDatabase: at X.35Y.A07(Unknown Source:212)
03-28 06:02:44.014 16564 16615 E SQLiteDatabase: at X.3QF.A14(Unknown Source:470)
03-28 06:02:44.014 16564 16615 E SQLiteDatabase: at X.3gU.run(Unknown Source:982)
03-28 06:02:44.014 16564 16615 E SQLiteDatabase: at android.os.Handler.handleCallback(Handler.java:942)
03-28 06:02:44.014 16564 16615 E SQLiteDatabase: at android.os.Handler.dispatchMessage(Handler.java:99)
03-28 06:02:44.014 16564 16615 E SQLiteDatabase: at X.0zq.dispatchMessage(Unknown Source:4)
03-28 06:02:44.014 16564 16615 E SQLiteDatabase: at android.os.Looper.loopOnce(Looper.java:204)
03-28 06:02:44.014 16564 16615 E SQLiteDatabase: at android.os.Looper.loop(Looper.java:291)
03-28 06:02:44.014 16564 16615 E SQLiteDatabase: at android.os.HandlerThread.run(HandlerThread.java:67)
03-28 06:03:10.538 16564 16615 E SQLiteDatabase: Error inserting transferred=1 media_job_uuid=87656043-8bcb-439d-8742-fec067cb4c25 transcoded=0 gif_attribution=0 first_scan_length=8643 direct_path=/o1/v/t62.7118-24/f1/m236/up-oil-image-82a1dff1- d4b2-442c-b30c-234ef4101dfc?ccb=9- 4&oh=01_ASAVdWgUhDGFiBhXLeJduPeIFUDwyHAmmOSIq5OHBa56tw&oe=662C0FE8&_nc_sid=000000 thumbnail_height_width_ratio=1.8 is_animated_sticker=0 file_hash=VGHMDrJaCRSj/Z2BQep/q+cAj7ZtL9JWd3yIX9QJbos= file_path=/data/user/0/com.mbwhatsapp/files/ViewOnce/IMG-luaew3wm.jpg file_size=76183 partial_media_hash=null face_x=0 face_y=0 height=1280 trim_to=0 media_key_timestamp=1711580587000 message_url=https://mmg.whatsapp.net/o1/v/t62.7118-24/f1/m236/up-oil-image- 82a1dff1-d4b2-442c-b30c-234ef4101dfc?ccb=9- 4&oh=01_ASAVdWgUhDGFiBhXLeJduPeIFUDwyHAmmOSIq5OHBa56tw&oe=662C0FE8&_nc_sid=000000&m ms3=true media_caption=null trim_from=0 mime_type=image/jpeg partial_media_enc_hash=null width=720 original_file_hash=null has_streaming_sidecar=1 autotransfer_retry_enabled=1 media_upload_handle=null message_row_id=165 multicast_id=null enc_file_hash=dpa8AzDAyUWZSHVfeQ+D2xcsAy5jHjSFNVWu+Z6Tt84= mute_video=0 page_count=0 first_scan_sidecar=[B@552d046 suspicious_content=0 file_length=76183 media_name=null media_duration=0 chat_row_id=3 media_key=[B@bdc3207
03-28 06:03:10.538 16564 16615 E SQLiteDatabase: android.database.sqlite.SQLiteConstraintException: UNIQUE constraint failed: message_media.message_row_id (code 1555 SQLITE_CONSTRAINT_PRIMARYKEY)
03-28 06:03:10.538 16564 16615 E SQLiteDatabase: at android.database.sqlite.SQLiteConnection.nativeExecuteForLastInsertedRowId(Native Method)
03-28 06:03:10.538 16564 16615 E SQLiteDatabase: at android.database.sqlite.SQLiteConnection.executeForLastInsertedRowId(SQLiteConnecti on.java:961)
03-28 06:03:10.538 16564 16615 E SQLiteDatabase: at android.database.sqlite.SQLiteSession.executeForLastInsertedRowId(SQLiteSession.jav a:790)
03-28 06:03:10.538 16564 16615 E SQLiteDatabase: at android.database.sqlite.SQLiteStatement.executeInsert(SQLiteStatement.java:89)
03-28 06:03:10.538 16564 16615 E SQLiteDatabase: at android.database.sqlite.SQLiteDatabase.insertWithOnConflict(SQLiteDatabase.java:187 4)
03-28 06:03:10.538 16564 16615 E SQLiteDatabase: at android.database.sqlite.SQLiteDatabase.insert(SQLiteDatabase.java:1743)
03-28 06:03:10.538 16564 16615 E SQLiteDatabase: at X.2tm.A08(Unknown Source:6)
03-28 06:03:10.538 16564 16615 E SQLiteDatabase: at X.35Y.A07(Unknown Source:212)
03-28 06:03:10.538 16564 16615 E SQLiteDatabase: at X.3QF.A14(Unknown Source:470)
03-28 06:03:10.538 16564 16615 E SQLiteDatabase: at X.3gU.run(Unknown Source:982)
03-28 06:03:10.538 16564 16615 E SQLiteDatabase: at android.os.Handler.handleCallback(Handler.java:942)
03-28 06:03:10.538 16564 16615 E SQLiteDatabase: at android.os.Handler.dispatchMessage(Handler.java:99)
03-28 06:03:10.538 16564 16615 E SQLiteDatabase: at X.0zq.dispatchMessage(Unknown Source:4)
03-28 06:03:10.538 16564 16615 E SQLiteDatabase: at android.os.Looper.loopOnce(Looper.java:204)
03-28 06:03:10.538 16564 16615 E SQLiteDatabase: at android.os.Looper.loop(Looper.java:291)
03-28 06:03:10.538 16564 16615 E SQLiteDatabase: at android.os.HandlerThread.run(HandlerThread.java:67)
03-28 06:13:28.753 16564 16564 W com.mbwhatsapp: Method void X.0eU.A0h(X.0tK, boolean) failed lock verification and will run slower.
03-28 06:13:28.912 16564 26769 W QT : qt_process_init() called
03-28 06:13:28.912 16564 26769 E QT : [QT]file does not exist
03-28 06:13:28.912 16564 26769 W QT : Support!!
03-28 06:13:28.915 16564 16564 W com.mbwhatsapp: Method void com.mbwhatsapp.HomeActivity.A6e() failed lock verification and will run slower.
03-28 06:13:28.924 16564 26769 E QT : [QT]file does not exist
03-28 06:13:29.040 16564 16564 W libc : Access denied finding property "vendor.transsion.scroll_adjust.support"
03-28 06:13:29.041 16564 16564 W libc : Access denied finding property "vendor.transsion.scroll_adjust.support"
03-28 06:13:29.043 16564 16564 W libc : Access denied finding property "vendor.transsion.scroll_adjust.support"
03-28 06:13:29.043 16564 16564 W libc : Access denied finding property "vendor.transsion.scroll_adjust.support"
03-28 06:13:29.158 16564 16564 E ArmVmp : Match on catch block at 0x0a in for 0x191
03-28 06:13:29.170 16564 16564 E ArmVmp : Match on catch block at 0x0a in for 0x271
03-28 06:13:29.212 16564 16564 W Activity: Can request only one set of permissions at a time
03-28 06:13:29.265 16564 26796 W com.mbwhatsapp: Accessing hidden method Lcom/android/org/conscrypt/ConscryptEngineSocket;->setUseSessionTickets(Z)V (max- target-q,core-platform-api, reflection, denied)
03-28 06:13:29.265 16564 26796 W com.mbwhatsapp: Accessing hidden method Lcom/android/org/conscrypt/OpenSSLSocketImpl;->setUseSessionTickets(Z)V (max- target-q,core-platform-api, reflection, denied)
03-28 06:13:29.265 16564 26796 W com.mbwhatsapp: Accessing hidden method Lcom/android/org/conscrypt/AbstractConscryptSocket;->setUseSessionTickets(Z)V (max- target-q, reflection, denied)
03-28 06:13:29.265 16564 26796 W com.mbwhatsapp: Accessing hidden method Lcom/android/org/conscrypt/ConscryptEngineSocket;->setHostname(Ljava/lang/String;)V (max-target-q,core-platform-api, reflection, denied)
03-28 06:13:29.265 16564 26796 W com.mbwhatsapp: Accessing hidden method Lcom/android/org/conscrypt/OpenSSLSocketImpl;->setHostname(Ljava/lang/String;)V (max-target-q,core-platform-api, reflection, denied)
03-28 06:13:29.265 16564 26796 W com.mbwhatsapp: Accessing hidden method Lcom/android/org/conscrypt/AbstractConscryptSocket;->setHostname(Ljava/lang/ String;)V (max-target-q, reflection, denied)
03-28 06:13:29.265 16564 26796 W com.mbwhatsapp: Accessing hidden method Lcom/android/org/conscrypt/OpenSSLSocketImpl;->setAlpnProtocols([B)V (max-target- q,core-platform-api, reflection, denied)
03-28 06:13:29.265 16564 26796 W com.mbwhatsapp: Accessing hidden method Lcom/android/org/conscrypt/AbstractConscryptSocket;->setAlpnProtocols([B)V (max- target-q, reflection, denied)
03-28 06:13:29.356 16564 16564 W libc : Access denied finding property "vendor.transsion.scroll_adjust.support"
03-28 06:13:29.356 16564 16564 W libc : Access denied finding property "vendor.transsion.scroll_adjust.support"
03-28 06:13:29.370 16564 26796 W com.mbwhatsapp: Accessing hidden method Lcom/android/org/conscrypt/OpenSSLSocketImpl;->getAlpnSelectedProtocol()[B (max- target-q,core-platform-api, reflection, denied)
03-28 06:13:29.370 16564 26796 W com.mbwhatsapp: Accessing hidden method Lcom/android/org/conscrypt/AbstractConscryptSocket;->getAlpnSelectedProtocol()[B (max-target-q, reflection, denied)
03-28 06:13:29.377 16564 16564 W libc : Access denied finding property "vendor.transsion.scroll_adjust.support"
03-28 06:13:29.377 16564 16564 W libc : Access denied finding property "vendor.transsion.scroll_adjust.support"
03-28 06:13:29.406 16564 16564 E FBI : Can't load library: dlopen failed: library "libmagtsync.so" not found
03-28 06:13:29.417 16564 26768 W OpenGLRenderer: ShaderCache::tranMaxTotalSize is 1048576
03-28 06:13:29.696 16564 26768 W Parcel : Expecting binder but got null!
03-28 06:13:29.704 16564 16564 E ArmVmp : Match on catch block at 0x0a in for 0x1a1 --------- beginning of system
03-28 06:13:29.710 16564 16564 E TranChoreographerImpl: skippedFrames: 48
03-28 06:13:29.794 16564 26900 W LibraryVersion: Failed to get app version for libraryName: firebase-iid
03-28 06:13:29.813 16564 16564 W libc : Access denied finding property "vendor.transsion.scroll_adjust.support"
03-28 06:13:29.813 16564 16564 W libc : Access denied finding property "vendor.transsion.scroll_adjust.support"
03-28 06:13:29.823 16564 26904 W LOTTIE : Animation contains merge paths. Merge paths are only supported on KitKat+ and must be manually enabled by calling enableMergePathsForKitKatAndAbove().
03-28 06:13:29.897 16564 16564 W libc : Access denied finding property "vendor.transsion.scroll_adjust.support"
03-28 06:13:29.897 16564 16564 W libc : Access denied finding property "vendor.transsion.scroll_adjust.support"
03-28 06:13:29.898 16564 16564 W libc : Access denied finding property "vendor.transsion.scroll_adjust.support"
03-28 06:13:29.898 16564 16564 W libc : Access denied finding property "vendor.transsion.scroll_adjust.support"
03-28 06:13:29.918 16564 16564 W LOTTIE : Animation contains merge paths but they are disabled.
03-28 06:13:34.715 16564 16564 W libc : Access denied finding property "vendor.transsion.scroll_adjust.support"
03-28 06:13:34.715 16564 16564 W libc : Access denied finding property "vendor.transsion.scroll_adjust.support"
03-28 06:13:34.716 16564 16564 W libc : Access denied finding property "vendor.transsion.scroll_adjust.support"
03-28 06:13:42.536 16564 16564 W libc : Access denied finding property "vendor.transsion.scroll_adjust.support"
03-28 06:13:42.536 16564 16564 W libc : Access denied finding property "vendor.transsion.scroll_adjust.support"
03-28 06:13:42.540 16564 16564 W libc : Access denied finding property "vendor.transsion.scroll_adjust.support"
03-28 06:13:42.540 16564 16564 W libc : Access denied finding property "vendor.transsion.scroll_adjust.support"
03-28 06:13:42.698 16564 16564 W libc : Access denied finding property "vendor.transsion.scroll_adjust.support"
03-28 06:13:42.698 16564 16564 W libc : Access denied finding property "vendor.transsion.scroll_adjust.support"
03-28 06:13:42.700 16564 16564 W libc : Access denied finding property "vendor.transsion.scroll_adjust.support"
03-28 06:13:42.700 16564 16564 W libc : Access denied finding property "vendor.transsion.scroll_adjust.support"
03-28 06:13:42.761 16564 26768 W Parcel : Expecting binder but got null!
03-28 06:13:43.955 16564 16564 W libc : Access denied finding property "vendor.transsion.scroll_adjust.support"
03-28 06:13:43.955 16564 16564 W libc : Access denied finding property "vendor.transsion.scroll_adjust.support"
03-28 06:13:43.958 16564 16564 W libc : Access denied finding property "vendor.transsion.scroll_adjust.support"
03-28 06:13:43.959 16564 16564 W libc : Access denied finding property "vendor.transsion.scroll_adjust.support"
03-28 06:13:44.019 16564 26768 W Parcel : Expecting binder but got null!
03-28 06:13:44.063 16564 26946 W SQLiteLog: (28) double-quoted string literal: "5D444810343F2FC3A17AD8D693E221DD"
03-28 06:13:44.063 16564 26946 W SQLiteLog: (28) double-quoted string literal: "3A0D4EC849957DBCEC61"
03-28 06:13:44.063 16564 26946 W SQLiteLog: (28) double-quoted string literal: "3ABF78D235DBCA55AEAC"
03-28 06:13:44.063 16564 26946 W SQLiteLog: (28) double-quoted string literal: "3A8268844BD544A95EC7"
03-28 06:13:44.063 16564 26946 W SQLiteLog: (28) double-quoted string literal: "559CCCE62B288960CC6E7CE29B95817A"
03-28 06:13:44.063 16564 26946 W SQLiteLog: (28) double-quoted string literal: "B25F547DD73BCE63A056703B4F165A85"
03-28 06:13:44.063 16564 26946 W SQLiteLog: (28) double-quoted string literal: "3AE7DDE0B6A66ABDFBD9"
03-28 06:13:44.063 16564 26946 W SQLiteLog: (28) double-quoted string literal: "E376E20192131F09EFB1A821C53E4106"
03-28 06:13:44.063 16564 26946 W SQLiteLog: (28) double-quoted string literal: "3AC9E200FF491E5347A6"
03-28 06:13:44.063 16564 26946 W SQLiteLog: (28) double-quoted string literal: "3A6FD1B3928E7BCC20D5"
03-28 06:13:44.063 16564 26946 W SQLiteLog: (28) double-quoted string literal: "3BF68DBC7C33EBC6DF9C690755B7B3B2"
03-28 06:13:44.063 16564 26946 W SQLiteLog: (28) double-quoted string literal: "283D3A3C22C604C7C82032CEA37572C0"
03-28 06:13:44.316 16564 16573 W com.mbwhatsapp: Cleared Reference was only reachable from finalizer (only reported once)
03-28 06:13:45.147 16564 25532 E SQLiteDatabase: Error inserting dirty_version=-1 version=0 lt_hash=null collection_name=regular_high
03-28 06:13:45.147 16564 25532 E SQLiteDatabase: android.database.sqlite.SQLiteConstraintException: UNIQUE constraint failed: collection_versions.collection_name (code 1555 SQLITE_CONSTRAINT_PRIMARYKEY)
03-28 06:13:45.147 16564 25532 E SQLiteDatabase: at android.database.sqlite.SQLiteConnection.nativeExecuteForLastInsertedRowId(Native Method)
03-28 06:13:45.147 16564 25532 E SQLiteDatabase: at android.database.sqlite.SQLiteConnection.executeForLastInsertedRowId(SQLiteConnecti on.java:961)
03-28 06:13:45.147 16564 25532 E SQLiteDatabase: at android.database.sqlite.SQLiteSession.executeForLastInsertedRowId(SQLiteSession.jav a:790)
03-28 06:13:45.147 16564 25532 E SQLiteDatabase: at android.database.sqlite.SQLiteStatement.executeInsert(SQLiteStatement.java:89)
03-28 06:13:45.147 16564 25532 E SQLiteDatabase: at android.database.sqlite.SQLiteDatabase.insertWithOnConflict(SQLiteDatabase.java:187 4)
03-28 06:13:45.147 16564 25532 E SQLiteDatabase: at android.database.sqlite.SQLiteDatabase.insert(SQLiteDatabase.java:1743)
03-28 06:13:45.147 16564 25532 E SQLiteDatabase: at X.2tm.A08(Unknown Source:6)
03-28 06:13:45.147 16564 25532 E SQLiteDatabase: at X.2sR.A03(Unknown Source:39)
03-28 06:13:45.147 16564 25532 E SQLiteDatabase: at X.2sR.A05(Unknown Source:14)
03-28 06:13:45.147 16564 25532 E SQLiteDatabase: at X.3eA.run(Unknown Source:2101)
03-28 06:13:45.147 16564 25532 E SQLiteDatabase: at java.util.concurrent.ThreadPoolExecutor.runWorker(ThreadPoolExecutor.java:1137)
03-28 06:13:45.147 16564 25532 E SQLiteDatabase: at java.util.concurrent.ThreadPoolExecutor$Worker.run(ThreadPoolExecutor.java:637)
03-28 06:13:45.147 16564 25532 E SQLiteDatabase: at X.3gH.run(Unknown Source:1548)
03-28 06:13:45.147 16564 25532 E SQLiteDatabase: at java.lang.Thread.run(Thread.java:1012)
03-28 06:13:45.158 16564 25532 E SQLiteDatabase: Error inserting dirty_version=-1 version=0 lt_hash=null collection_name=regular_low
03-28 06:13:45.158 16564 25532 E SQLiteDatabase: android.database.sqlite.SQLiteConstraintException: UNIQUE constraint failed: collection_versions.collection_name (code 1555 SQLITE_CONSTRAINT_PRIMARYKEY)
03-28 06:13:45.158 16564 25532 E SQLiteDatabase: at android.database.sqlite.SQLiteConnection.nativeExecuteForLastInsertedRowId(Native Method)
03-28 06:13:45.158 16564 25532 E SQLiteDatabase: at android.database.sqlite.SQLiteConnection.executeForLastInsertedRowId(SQLiteConnecti on.java:961)
03-28 06:13:45.158 16564 25532 E SQLiteDatabase: at android.database.sqlite.SQLiteSession.executeForLastInsertedRowId(SQLiteSession.jav a:790)
03-28 06:13:45.158 16564 25532 E SQLiteDatabase: at android.database.sqlite.SQLiteStatement.executeInsert(SQLiteStatement.java:89)
03-28 06:13:45.158 16564 25532 E SQLiteDatabase: at android.database.sqlite.SQLiteDatabase.insertWithOnConflict(SQLiteDatabase.java:187 4)
03-28 06:13:45.158 16564 25532 E SQLiteDatabase: at android.database.sqlite.SQLiteDatabase.insert(SQLiteDatabase.java:1743)
03-28 06:13:45.158 16564 25532 E SQLiteDatabase: at X.2tm.A08(Unknown Source:6)
03-28 06:13:45.158 16564 25532 E SQLiteDatabase: at X.2sR.A03(Unknown Source:39)
03-28 06:13:45.158 16564 25532 E SQLiteDatabase: at X.2sR.A05(Unknown Source:14)
03-28 06:13:45.158 16564 25532 E SQLiteDatabase: at X.3eA.run(Unknown Source:2101)
03-28 06:13:45.158 16564 25532 E SQLiteDatabase: at java.util.concurrent.ThreadPoolExecutor.runWorker(ThreadPoolExecutor.java:1137)
03-28 06:13:45.158 16564 25532 E SQLiteDatabase: at java.util.concurrent.ThreadPoolExecutor$Worker.run(ThreadPoolExecutor.java:637)
03-28 06:13:45.158 16564 25532 E SQLiteDatabase: at X.3gH.run(Unknown Source:1548)
03-28 06:13:45.158 16564 25532 E SQLiteDatabase: at java.lang.Thread.run(Thread.java:1012)
03-28 06:15:32.976 16564 27586 E RenderScript: Failed loading RS driver: dlopen failed: library "libRSDriver_mtk.so" not found
03-28 06:15:32.976 16564 27586 E RenderScript: Failed to load runtime libRSDriver_mtk.so, loading default
03-28 06:15:33.002 16564 16564 W libc : Access denied finding property "vendor.transsion.scroll_adjust.support"
03-28 06:15:33.002 16564 16564 W libc : Access denied finding property "vendor.transsion.scroll_adjust.support"
03-28 06:15:33.044 16564 16564 W libc : Access denied finding property "vendor.transsion.scroll_adjust.support"
03-28 06:15:33.044 16564 16564 W libc : Access denied finding property "vendor.transsion.scroll_adjust.support"
03-28 06:15:33.110 16564 16564 E ArmVmp : Match on catch block at 0x0a in for 0x191
03-28 06:15:33.112 16564 16564 E ArmVmp : Match on catch block at 0x0a in for 0x18d
03-28 06:15:33.114 16564 16587 E ArmVmp : Match on catch block at 0x48 in for 0x101
03-28 06:15:33.115 16564 16587 W System.err: java.net.UnknownHostException: Unable to resolve host "translate.googleapis.com": No address associated with hostname
03-28 06:15:33.115 16564 16587 W System.err:
03-28 06:15:33.115 16564 16587 W System.err: at java.net.Inet6AddressImpl.lookupHostByName(Inet6AddressImpl.java:156)
03-28 06:15:33.115 16564 16587 W System.err:
03-28 06:15:33.115 16564 16587 W System.err: at java.net.Inet6AddressImpl.lookupAllHostAddr(Inet6AddressImpl.java:103)
03-28 06:15:33.115 16564 16587 W System.err:
03-28 06:15:33.115 16564 16587 W System.err: at java.net.InetAddress.getAllByName(InetAddress.java:1152)
03-28 06:15:33.115 16564 16587 W System.err:
03-28 06:15:33.115 16564 16587 W System.err: at com.android.okhttp.Dns$1.lookup(Dns.java:41)
03-28 06:15:33.116 16564 16587 W System.err:
03-28 06:15:33.116 16564 16587 W System.err: at com.android.okhttp.internal.http.RouteSelector.resetNextInetSocketAddress(RouteSele ctor.java:178)
03-28 06:15:33.116 16564 16587 W System.err:
03-28 06:15:33.116 16564 16587 W System.err: at com.android.okhttp.internal.http.RouteSelector.nextProxy(RouteSelector.java:144)
03-28 06:15:33.116 16564 16587 W System.err:
03-28 06:15:33.116 16564 16587 W System.err: at com.android.okhttp.internal.http.RouteSelector.next(RouteSelector.java:86)
03-28 06:15:33.116 16564 16587 W System.err:
03-28 06:15:33.116 16564 16587 W System.err: at com.android.okhttp.internal.http.StreamAllocation.findConnection(StreamAllocation.j ava:176)
03-28 06:15:33.116 16564 16587 W System.err:
03-28 06:15:33.116 16564 16587 W System.err: at com.android.okhttp.internal.http.StreamAllocation.findHealthyConnection(StreamAlloc ation.java:128)
03-28 06:15:33.116 16564 16587 W System.err:
03-28 06:15:33.116 16564 16587 W System.err: at com.android.okhttp.internal.http.StreamAllocation.newStream(StreamAllocation.java:9 7)
03-28 06:15:33.116 16564 16587 W System.err:
03-28 06:15:33.116 16564 16587 W System.err: at com.android.okhttp.internal.http.HttpEngine.connect(HttpEngine.java:289)
03-28 06:15:33.116 16564 16587 W System.err:
03-28 06:15:33.116 16564 16587 W System.err: at com.android.okhttp.internal.http.HttpEngine.sendRequest(HttpEngine.java:232)
03-28 06:15:33.116 16564 16587 W System.err:
03-28 06:15:33.116 16564 16587 W System.err: at com.android.okhttp.internal.huc.HttpURLConnectionImpl.execute(HttpURLConnectionImpl .java:465)
03-28 06:15:33.116 16564 16587 W System.err:
03-28 06:15:33.116 16564 16587 W System.err: at com.android.okhttp.internal.huc.HttpURLConnectionImpl.connect(HttpURLConnectionImpl .java:131)
03-28 06:15:33.116 16564 16587 W System.err:
03-28 06:15:33.116 16564 16587 W System.err: at com.android.okhttp.internal.huc.DelegatingHttpsURLConnection.connect(DelegatingHttp sURLConnection.java:90)
03-28 06:15:33.116 16564 16587 W System.err:
03-28 06:15:33.116 16564 16587 W System.err: at com.android.okhttp.internal.huc.HttpsURLConnectionImpl.connect(HttpsURLConnectionIm pl.java:30)
03-28 06:15:33.116 16564 16587 W System.err:
03-28 06:15:33.116 16564 16587 W System.err: at mbmodsd.mbmodsw.home.MBTranslator.translate(Native Method)
03-28 06:15:33.116 16564 16587 W System.err:
03-28 06:15:33.116 16564 16587 W System.err: at mbmodsd.mbmodsw.home.MBTranslator$Async.doInBackground(Native Method)
03-28 06:15:33.116 16564 16587 W System.err:
03-28 06:15:33.116 16564 16587 W System.err: at mbmodsd.mbmodsw.home.MBTranslator$Async.doInBackground(Native Method)
03-28 06:15:33.116 16564 16587 W System.err:
03-28 06:15:33.116 16564 16587 W System.err: at android.os.AsyncTask$3.call(AsyncTask.java:394)
03-28 06:15:33.116 16564 16587 W System.err:
03-28 06:15:33.116 16564 16587 W System.err: at java.util.concurrent.FutureTask.run(FutureTask.java:264)
03-28 06:15:33.116 16564 16587 W System.err:
03-28 06:15:33.117 16564 16587 W System.err: at android.os.AsyncTask$SerialExecutor$1.run(AsyncTask.java:305)
03-28 06:15:33.117 16564 16587 W System.err:
03-28 06:15:33.117 16564 16587 W System.err: at java.util.concurrent.ThreadPoolExecutor.runWorker(ThreadPoolExecutor.java:1137)
03-28 06:15:33.117 16564 16587 W System.err:
03-28 06:15:33.117 16564 16587 W System.err: at java.util.concurrent.ThreadPoolExecutor$Worker.run(ThreadPoolExecutor.java:637)
03-28 06:15:33.117 16564 16587 W System.err:
03-28 06:15:33.117 16564 16587 W System.err: at java.lang.Thread.run(Thread.java:1012)
03-28 06:15:33.117 16564 16587 W System.err:
03-28 06:15:33.117 16564 16587 W System.err: Caused by: android.system.GaiException: android_getaddrinfo failed: EAI_NODATA (No address associated with hostname)
03-28 06:15:33.117 16564 16587 W System.err:
03-28 06:15:33.117 16564 16587 W System.err: at libcore.io.Linux.android_getaddrinfo(Native Method)
03-28 06:15:33.117 16564 16587 W System.err:
03-28 06:15:33.117 16564 16587 W System.err: at libcore.io.ForwardingOs.android_getaddrinfo(ForwardingOs.java:133)
03-28 06:15:33.117 16564 16587 W System.err:
03-28 06:15:33.117 16564 16587 W System.err: at libcore.io.BlockGuardOs.android_getaddrinfo(BlockGuardOs.java:222)
03-28 06:15:33.117 16564 16587 W System.err:
03-28 06:15:33.117 16564 16587 W System.err: at libcore.io.ForwardingOs.android_getaddrinfo(ForwardingOs.java:133)
03-28 06:15:33.117 16564 16587 W System.err:
03-28 06:15:33.117 16564 16587 W System.err: at java.net.Inet6AddressImpl.lookupHostByName(Inet6AddressImpl.java:135)
03-28 06:15:33.117 16564 16587 W System.err:
03-28 06:15:33.117 16564 16587 W System.err: ... 24 more
03-28 06:15:33.117 16564 16587 W System.err:
03-28 06:15:33.117 16564 16587 E ArmVmp : Match on catch block at 0x48 in for 0x125
03-28 06:15:33.117 16564 16587 W System.err: java.net.UnknownHostException: Unable to resolve host "translate.googleapis.com": No address associated with hostname
03-28 06:15:33.117 16564 16587 W System.err:
03-28 06:15:33.117 16564 16587 W System.err: at java.net.Inet6AddressImpl.lookupHostByName(Inet6AddressImpl.java:124)
03-28 06:15:33.117 16564 16587 W System.err:
03-28 06:15:33.118 16564 16587 W System.err: at java.net.Inet6AddressImpl.lookupAllHostAddr(Inet6AddressImpl.java:103)
03-28 06:15:33.118 16564 16587 W System.err:
03-28 06:15:33.118 16564 16587 W System.err: at java.net.InetAddress.getAllByName(InetAddress.java:1152)
03-28 06:15:33.118 16564 16587 W System.err:
03-28 06:15:33.118 16564 16587 W System.err: at com.android.okhttp.Dns$1.lookup(Dns.java:41)
03-28 06:15:33.118 16564 16587 W System.err:
03-28 06:15:33.118 16564 16587 W System.err: at com.android.okhttp.internal.http.RouteSelector.resetNextInetSocketAddress(RouteSele ctor.java:178)
03-28 06:15:33.118 16564 16587 W System.err:
03-28 06:15:33.118 16564 16587 W System.err: at com.android.okhttp.internal.http.RouteSelector.nextProxy(RouteSelector.java:144)
03-28 06:15:33.118 16564 16587 W System.err:
03-28 06:15:33.118 16564 16587 W System.err: at com.android.okhttp.internal.http.RouteSelector.next(RouteSelector.java:86)
03-28 06:15:33.118 16564 16587 W System.err:
03-28 06:15:33.118 16564 16587 W System.err: at com.android.okhttp.internal.http.StreamAllocation.findConnection(StreamAllocation.j ava:176)
03-28 06:15:33.118 16564 16587 W System.err:
03-28 06:15:33.118 16564 16587 W System.err: at com.android.okhttp.internal.http.StreamAllocation.findHealthyConnection(StreamAlloc ation.java:128)
03-28 06:15:33.118 16564 16587 W System.err:
03-28 06:15:33.118 16564 16587 W System.err: at com.android.okhttp.internal.http.StreamAllocation.newStream(StreamAllocation.java:9 7)
03-28 06:15:33.118 16564 16587 W System.err:
03-28 06:15:33.118 16564 16587 W System.err: at com.android.okhttp.internal.http.HttpEngine.connect(HttpEngine.java:289)
03-28 06:15:33.118 16564 16587 W System.err:
03-28 06:15:33.118 16564 16587 W System.err: at com.android.okhttp.internal.http.HttpEngine.sendRequest(HttpEngine.java:232)
03-28 06:15:33.118 16564 16587 W System.err:
03-28 06:15:33.118 16564 16587 W System.err: at com.android.okhttp.internal.huc.HttpURLConnectionImpl.execute(HttpURLConnectionImpl .java:465)
03-28 06:15:33.118 16564 16587 W System.err:
03-28 06:15:33.118 16564 16587 W System.err: at com.android.okhttp.internal.huc.HttpURLConnectionImpl.connect(HttpURLConnectionImpl .java:131)
03-28 06:15:33.118 16564 16587 W System.err:
03-28 06:15:33.118 16564 16587 W System.err: at com.android.okhttp.internal.huc.DelegatingHttpsURLConnection.connect(DelegatingHttp sURLConnection.java:90)
03-28 06:15:33.118 16564 16587 W System.err:
03-28 06:15:33.118 16564 16587 W System.err: at com.android.okhttp.internal.huc.HttpsURLConnectionImpl.connect(HttpsURLConnectionIm pl.java:30)
03-28 06:15:33.118 16564 16587 W System.err:
03-28 06:15:33.118 16564 16587 W System.err: at mbmodsd.mbmodsw.home.MBTranslator.translate(Native Method)
03-28 06:15:33.118 16564 16587 W System.err:
03-28 06:15:33.118 16564 16587 W System.err: at mbmodsd.mbmodsw.home.MBTranslator$Async.doInBackground(Native Method)
03-28 06:15:33.118 16564 16587 W System.err:
03-28 06:15:33.118 16564 16587 W System.err: at mbmodsd.mbmodsw.home.MBTranslator$Async.doInBackground(Native Method)
03-28 06:15:33.118 16564 16587 W System.err:
03-28 06:15:33.119 16564 16587 W System.err: at android.os.AsyncTask$3.call(AsyncTask.java:394)
03-28 06:15:33.119 16564 16587 W System.err:
03-28 06:15:33.119 16564 16587 W System.err: at java.util.concurrent.FutureTask.run(FutureTask.java:264)
03-28 06:15:33.119 16564 16587 W System.err:
03-28 06:15:33.119 16564 16587 W System.err: at android.os.AsyncTask$SerialExecutor$1.run(AsyncTask.java:305)
03-28 06:15:33.119 16564 16587 W System.err:
03-28 06:15:33.119 16564 16587 W System.err: at java.util.concurrent.ThreadPoolExecutor.runWorker(ThreadPoolExecutor.java:1137)
03-28 06:15:33.119 16564 16587 W System.err:
03-28 06:15:33.119 16564 16587 W System.err: at java.util.concurrent.ThreadPoolExecutor$Worker.run(ThreadPoolExecutor.java:637)
03-28 06:15:33.119 16564 16587 W System.err:
03-28 06:15:33.119 16564 16587 W System.err: at java.lang.Thread.run(Thread.java:1012)
03-28 06:15:33.119 16564 16587 W System.err:
03-28 06:15:33.240 16564 16564 E ArmVmp : Match on catch block at 0xc3 in for 0x171
03-28 06:15:33.241 16564 16564 E ArmVmp : Match on catch block at 0xc3 in for 0x171
03-28 06:15:33.242 16564 16564 E ArmVmp : Match on catch block at 0xc3 in for 0x169
03-28 06:15:33.274 16564 26768 W Parcel : Expecting binder but got null!
03-28 06:15:33.297 16564 16564 E ArmVmp : Match on catch block at 0xc3 in for 0x145
03-28 06:15:33.298 16564 16564 E ArmVmp : Match on catch block at 0xc3 in for 0x145
03-28 06:15:33.299 16564 16564 E ArmVmp : Match on catch block at 0xc3 in for 0x149
03-28 06:15:33.333 16564 16564 E ArmVmp : Match on catch block at 0xc3 in for 0x149
03-28 06:15:33.334 16564 16564 E ArmVmp : Match on catch block at 0xc3 in for 0x145
03-28 06:15:33.335 16564 16564 E ArmVmp : Match on catch block at 0xc3 in for 0x149
03-28 06:15:33.356 16564 16564 E ArmVmp : Match on catch block at 0xc3 in for 0x155
03-28 06:15:33.357 16564 16564 E ArmVmp : Match on catch block at 0xc3 in for 0x151
03-28 06:15:33.358 16564 16564 E ArmVmp : Match on catch block at 0xc3 in for 0x155
03-28 06:15:33.370 16564 16564 E ArmVmp : Match on catch block at 0xc3 in for 0x159
03-28 06:15:33.371 16564 16564 E ArmVmp : Match on catch block at 0xc3 in for 0x155
03-28 06:15:33.371 16564 16564 E ArmVmp : Match on catch block at 0xc3 in for 0x159
03-28 06:15:33.379 16564 16564 E ArmVmp : Match on catch block at 0xc3 in for 0x145
03-28 06:15:33.381 16564 16564 E ArmVmp : Match on catch block at 0xc3 in for 0x141
03-28 06:15:33.382 16564 16564 E ArmVmp : Match on catch block at 0xc3 in for 0x145
03-28 06:15:33.392 16564 16564 E ArmVmp : Match on catch block at 0xc3 in for 0x159
03-28 06:15:33.393 16564 16564 E ArmVmp : Match on catch block at 0xc3 in for 0x155
03-28 06:15:33.394 16564 16564 E ArmVmp : Match on catch block at 0xc3 in for 0x159
03-28 06:15:33.405 16564 16564 E ArmVmp : Match on catch block at 0xc3 in for 0x151
03-28 06:15:33.406 16564 16564 E ArmVmp : Match on catch block at 0xc3 in for 0x14d
03-28 06:15:33.407 16564 16564 E ArmVmp : Match on catch block at 0xc3 in for 0x151
03-28 06:15:33.413 16564 16564 E ArmVmp : Match on catch block at 0xc3 in for 0x149
03-28 06:15:33.414 16564 16564 E ArmVmp : Match on catch block at 0xc3 in for 0x145
03-28 06:15:33.415 16564 16564 E ArmVmp : Match on catch block at 0xc3 in for 0x149
03-28 06:15:33.420 16564 16564 E ArmVmp : Match on catch block at 0xc3 in for 0x149
03-28 06:15:33.422 16564 16564 E ArmVmp : Match on catch block at 0xc3 in for 0x145
03-28 06:15:33.423 16564 16564 E ArmVmp : Match on catch block at 0xc3 in for 0x149
03-28 06:15:33.429 16564 16564 E ArmVmp : Match on catch block at 0xc3 in for 0x149
03-28 06:15:33.430 16564 16564 E ArmVmp : Match on catch block at 0xc3 in for 0x145
03-28 06:15:33.431 16564 16564 E ArmVmp : Match on catch block at 0xc3 in for 0x149
03-28 06:15:33.436 16564 16564 E ArmVmp : Match on catch block at 0xc3 in for 0x149
03-28 06:15:33.437 16564 16564 E ArmVmp : Match on catch block at 0xc3 in for 0x145
03-28 06:15:33.437 16564 16564 E ArmVmp : Match on catch block at 0xc3 in for 0x149
03-28 06:15:33.444 16564 16564 E ArmVmp : Match on catch block at 0xc3 in for 0x149
03-28 06:15:33.445 16564 16564 E ArmVmp : Match on catch block at 0xc3 in for 0x145
03-28 06:15:33.446 16564 16564 E ArmVmp : Match on catch block at 0xc3 in for 0x149
03-28 06:15:33.452 16564 16564 E ArmVmp : Match on catch block at 0xc3 in for 0x149
03-28 06:15:33.453 16564 16564 E ArmVmp : Match on catch block at 0xc3 in for 0x145
03-28 06:15:33.454 16564 16564 E ArmVmp : Match on catch block at 0xc3 in for 0x149
03-28 06:15:33.460 16564 16564 E ArmVmp : Match on catch block at 0xc3 in for 0x149
03-28 06:15:33.461 16564 16564 E ArmVmp : Match on catch block at 0xc3 in for 0x145
03-28 06:15:33.462 16564 16564 E ArmVmp : Match on catch block at 0xc3 in for 0x149
03-28 06:15:33.468 16564 16564 E ArmVmp : Match on catch block at 0xc3 in for 0x149
03-28 06:15:33.469 16564 16564 E ArmVmp : Match on catch block at 0xc3 in for 0x145
03-28 06:15:33.470 16564 16564 E ArmVmp : Match on catch block at 0xc3 in for 0x149
03-28 06:15:33.478 16564 16564 E ArmVmp : Match on catch block at 0xc3 in for 0x149
03-28 06:15:33.480 16564 16564 E ArmVmp : Match on catch block at 0xc3 in for 0x145
03-28 06:15:33.481 16564 16564 E ArmVmp : Match on catch block at 0xc3 in for 0x149
03-28 06:15:33.485 16564 16564 E ArmVmp : Match on catch block at 0xc3 in for 0x149
03-28 06:15:33.486 16564 16564 E ArmVmp : Match on catch block at 0xc3 in for 0x145
03-28 06:15:33.487 16564 16564 E ArmVmp : Match on catch block at 0xc3 in for 0x149
03-28 06:15:33.493 16564 16564 E ArmVmp : Match on catch block at 0xc3 in for 0x149
03-28 06:15:33.494 16564 16564 E ArmVmp : Match on catch block at 0xc3 in for 0x145
03-28 06:15:33.495 16564 16564 E ArmVmp : Match on catch block at 0xc3 in for 0x149
03-28 06:15:33.502 16564 16564 E ArmVmp : Match on catch block at 0xc3 in for 0x149
03-28 06:15:33.503 16564 16564 E ArmVmp : Match on catch block at 0xc3 in for 0x145
03-28 06:15:33.504 16564 16564 E ArmVmp : Match on catch block at 0xc3 in for 0x149
03-28 06:15:33.510 16564 16564 E ArmVmp : Match on catch block at 0xc3 in for 0x149
03-28 06:15:33.511 16564 16564 E ArmVmp : Match on catch block at 0xc3 in for 0x145
03-28 06:15:33.512 16564 16564 E ArmVmp : Match on catch block at 0xc3 in for 0x149
03-28 06:15:33.519 16564 16564 E ArmVmp : Match on catch block at 0xc3 in for 0x149
03-28 06:15:33.520 16564 16564 E ArmVmp : Match on catch block at 0xc3 in for 0x145
03-28 06:15:33.521 16564 16564 E ArmVmp : Match on catch block at 0xc3 in for 0x149
03-28 06:15:33.527 16564 16564 E ArmVmp : Match on catch block at 0xc3 in for 0x149
03-28 06:15:33.528 16564 16564 E ArmVmp : Match on catch block at 0xc3 in for 0x145
03-28 06:15:33.529 16564 16564 E ArmVmp : Match on catch block at 0xc3 in for 0x149
03-28 06:15:33.536 16564 16564 E ArmVmp : Match on catch block at 0xc3 in for 0x149
03-28 06:15:33.537 16564 16564 E ArmVmp : Match on catch block at 0xc3 in for 0x145
03-28 06:15:33.538 16564 16564 E ArmVmp : Match on catch block at 0xc3 in for 0x149
03-28 06:15:33.544 16564 16564 E ArmVmp : Match on catch block at 0xc3 in for 0x149
03-28 06:15:33.545 16564 16564 E ArmVmp : Match on catch block at 0xc3 in for 0x145
03-28 06:15:33.546 16564 16564 E ArmVmp : Match on catch block at 0xc3 in for 0x149
03-28 06:15:33.552 16564 16564 E ArmVmp : Match on catch block at 0xc3 in for 0x149
03-28 06:15:33.554 16564 16564 E ArmVmp : Match on catch block at 0xc3 in for 0x145
03-28 06:15:33.555 16564 16564 E ArmVmp : Match on catch block at 0xc3 in for 0x149
03-28 06:15:33.560 16564 16564 E ArmVmp : Match on catch block at 0xc3 in for 0x149
03-28 06:15:33.562 16564 16564 E ArmVmp : Match on catch block at 0xc3 in for 0x145
03-28 06:15:33.564 16564 16564 E ArmVmp : Match on catch block at 0xc3 in for 0x149
03-28 06:15:33.568 16564 16564 E ArmVmp : Match on catch block at 0xc3 in for 0x149
03-28 06:15:33.569 16564 16564 E ArmVmp : Match on catch block at 0xc3 in for 0x145
03-28 06:15:33.570 16564 16564 E ArmVmp : Match on catch block at 0xc3 in for 0x149
03-28 06:15:33.577 16564 16564 E ArmVmp : Match on catch block at 0xc3 in for 0x149
03-28 06:15:33.578 16564 16564 E ArmVmp : Match on catch block at 0xc3 in for 0x145
03-28 06:15:33.579 16564 16564 E ArmVmp : Match on catch block at 0xc3 in for 0x149
03-28 06:15:33.585 16564 16564 E ArmVmp : Match on catch block at 0xc3 in for 0x149
03-28 06:15:33.586 16564 16564 E ArmVmp : Match on catch block at 0xc3 in for 0x145
03-28 06:15:33.587 16564 16564 E ArmVmp : Match on catch block at 0xc3 in for 0x149
03-28 06:15:33.593 16564 16564 E ArmVmp : Match on catch block at 0xc3 in for 0x149
03-28 06:15:33.594 16564 16564 E ArmVmp : Match on catch block at 0xc3 in for 0x145
03-28 06:15:33.595 16564 16564 E ArmVmp : Match on catch block at 0xc3 in for 0x149
03-28 06:15:33.602 16564 16564 E ArmVmp : Match on catch block at 0xc3 in for 0x149
03-28 06:15:33.603 16564 16564 E ArmVmp : Match on catch block at 0xc3 in for 0x145
03-28 06:15:33.604 16564 16564 E ArmVmp : Match on catch block at 0xc3 in for 0x149
03-28 06:15:33.610 16564 16564 E ArmVmp : Match on catch block at 0xc3 in for 0x159
03-28 06:15:33.611 16564 16564 E ArmVmp : Match on catch block at 0xc3 in for 0x155
03-28 06:15:33.612 16564 16564 E ArmVmp : Match on catch block at 0xc3 in for 0x159
03-28 06:15:33.619 16564 16564 E ArmVmp : Match on catch block at 0xc3 in for 0x159
03-28 06:15:33.620 16564 16564 E ArmVmp : Match on catch block at 0xc3 in for 0x155
03-28 06:15:33.622 16564 16564 E ArmVmp : Match on catch block at 0xc3 in for 0x159
03-28 06:15:33.626 16564 16564 E ArmVmp : Match on catch block at 0xc3 in for 0x14d
03-28 06:15:33.627 16564 16564 E ArmVmp : Match on catch block at 0xc3 in for 0x149
03-28 06:15:33.628 16564 16564 E ArmVmp : Match on catch block at 0xc3 in for 0x14d
03-28 06:15:33.635 16564 16564 E ArmVmp : Match on catch block at 0xc3 in for 0x159
03-28 06:15:33.637 16564 16564 E ArmVmp : Match on catch block at 0xc3 in for 0x155
03-28 06:15:33.638 16564 16564 E ArmVmp : Match on catch block at 0xc3 in for 0x159
03-28 06:15:33.828 16564 16564 E ArmVmp : Match on catch block at 0xc3 in for 0x159
03-28 06:15:33.831 16564 16564 E ArmVmp : Match on catch block at 0xc3 in for 0x155
03-28 06:15:33.833 16564 16564 E ArmVmp : Match on catch block at 0xc3 in for 0x159
03-28 06:15:33.945 16564 16564 E ArmVmp : Match on catch block at 0xc3 in for 0x155
03-28 06:15:33.948 16564 16564 E ArmVmp : Match on catch block at 0xc3 in for 0x151
03-28 06:15:33.950 16564 16564 E ArmVmp : Match on catch block at 0xc3 in for 0x155
03-28 06:15:33.961 16564 16564 E ArmVmp : Match on catch block at 0xc3 in for 0x155
03-28 06:15:33.963 16564 16564 E ArmVmp : Match on catch block at 0xc3 in for 0x151
03-28 06:15:33.965 16564 16564 E ArmVmp : Match on catch block at 0xc3 in for 0x155
03-28 06:15:33.977 16564 16564 E ArmVmp : Match on catch block at 0xc3 in for 0x155
03-28 06:15:33.980 16564 16564 E ArmVmp : Match on catch block at 0xc3 in for 0x151
03-28 06:15:33.981 16564 16564 E ArmVmp : Match on catch block at 0xc3 in for 0x155
03-28 06:15:33.994 16564 16564 E ArmVmp : Match on catch block at 0xc3 in for 0x155
03-28 06:15:33.996 16564 16564 E ArmVmp : Match on catch block at 0xc3 in for 0x151
03-28 06:15:33.998 16564 16564 E ArmVmp : Match on catch block at 0xc3 in for 0x155
03-28 06:15:34.010 16564 16564 E ArmVmp : Match on catch block at 0xc3 in for 0x155
03-28 06:15:34.013 16564 16564 E ArmVmp : Match on catch block at 0xc3 in for 0x151
03-28 06:15:34.015 16564 16564 E ArmVmp : Match on catch block at 0xc3 in for 0x155
03-28 06:15:34.027 16564 16564 E ArmVmp : Match on catch block at 0xc3 in for 0x155
03-28 06:15:34.029 16564 16564 E ArmVmp : Match on catch block at 0xc3 in for 0x151
03-28 06:15:34.031 16564 16564 E ArmVmp : Match on catch block at 0xc3 in for 0x155
03-28 06:15:34.044 16564 16564 E ArmVmp : Match on catch block at 0xc3 in for 0x155
03-28 06:15:34.046 16564 16564 E ArmVmp : Match on catch block at 0xc3 in for 0x151
03-28 06:15:34.047 16564 16564 E ArmVmp : Match on catch block at 0xc3 in for 0x155
03-28 06:15:34.060 16564 16564 E ArmVmp : Match on catch block at 0xc3 in for 0x155
03-28 06:15:34.062 16564 16564 E ArmVmp : Match on catch block at 0xc3 in for 0x151
03-28 06:15:34.064 16564 16564 E ArmVmp : Match on catch block at 0xc3 in for 0x155
03-28 06:15:34.077 16564 16564 E ArmVmp : Match on catch block at 0xc3 in for 0x155
03-28 06:15:34.080 16564 16564 E ArmVmp : Match on catch block at 0xc3 in for 0x151
03-28 06:15:34.082 16564 16564 E ArmVmp : Match on catch block at 0xc3 in for 0x155
03-28 06:15:34.094 16564 16564 E ArmVmp : Match on catch block at 0xc3 in for 0x155
03-28 06:15:34.096 16564 16564 E ArmVmp : Match on catch block at 0xc3 in for 0x151
03-28 06:15:34.097 16564 16564 E ArmVmp : Match on catch block at 0xc3 in for 0x155
03-28 06:15:34.110 16564 16564 E ArmVmp : Match on catch block at 0xc3 in for 0x155
03-28 06:15:34.112 16564 16564 E ArmVmp : Match on catch block at 0xc3 in for 0x151
03-28 06:15:34.114 16564 16564 E ArmVmp : Match on catch block at 0xc3 in for 0x155
03-28 06:15:34.127 16564 16564 E ArmVmp : Match on catch block at 0xc3 in for 0x155
03-28 06:15:34.130 16564 16564 E ArmVmp : Match on catch block at 0xc3 in for 0x151
03-28 06:15:34.131 16564 16564 E ArmVmp : Match on catch block at 0xc3 in for 0x155
03-28 06:15:34.144 16564 16564 E ArmVmp : Match on catch block at 0xc3 in for 0x155
03-28 06:15:34.146 16564 16564 E ArmVmp : Match on catch block at 0xc3 in for 0x151
03-28 06:15:34.148 16564 16564 E ArmVmp : Match on catch block at 0xc3 in for 0x155
03-28 06:15:34.160 16564 16564 E ArmVmp : Match on catch block at 0xc3 in for 0x155
03-28 06:15:34.163 16564 16564 E ArmVmp : Match on catch block at 0xc3 in for 0x151
03-28 06:15:34.165 16564 16564 E ArmVmp : Match on catch block at 0xc3 in for 0x155
03-28 06:15:34.178 16564 16564 E ArmVmp : Match on catch block at 0xc3 in for 0x155
03-28 06:15:34.181 16564 16564 E ArmVmp : Match on catch block at 0xc3 in for 0x151
03-28 06:15:34.182 16564 16564 E ArmVmp : Match on catch block at 0xc3 in for 0x155
03-28 06:15:34.195 16564 16564 E ArmVmp : Match on catch block at 0xc3 in for 0x155
03-28 06:15:34.197 16564 16564 E ArmVmp : Match on catch block at 0xc3 in for 0x151
03-28 06:15:34.199 16564 16564 E ArmVmp : Match on catch block at 0xc3 in for 0x155
03-28 06:15:34.211 16564 16564 E ArmVmp : Match on catch block at 0xc3 in for 0x155
03-28 06:15:34.214 16564 16564 E ArmVmp : Match on catch block at 0xc3 in for 0x151
03-28 06:15:34.216 16564 16564 E ArmVmp : Match on catch block at 0xc3 in for 0x155
03-28 06:15:34.228 16564 16564 E ArmVmp : Match on catch block at 0xc3 in for 0x155
03-28 06:15:34.230 16564 16564 E ArmVmp : Match on catch block at 0xc3 in for 0x151
03-28 06:15:34.233 16564 16564 E ArmVmp : Match on catch block at 0xc3 in for 0x155
03-28 06:15:34.244 16564 16564 E ArmVmp : Match on catch block at 0xc3 in for 0x155
03-28 06:15:34.247 16564 16564 E ArmVmp : Match on catch block at 0xc3 in for 0x151
03-28 06:15:34.249 16564 16564 E ArmVmp : Match on catch block at 0xc3 in for 0x155
03-28 06:15:34.261 16564 16564 E ArmVmp : Match on catch block at 0xc3 in for 0x155
03-28 06:15:34.264 16564 16564 E ArmVmp : Match on catch block at 0xc3 in for 0x151
03-28 06:15:34.265 16564 16564 E ArmVmp : Match on catch block at 0xc3 in for 0x155
03-28 06:15:34.328 16564 16564 E ArmVmp : Match on catch block at 0xc3 in for 0x155
03-28 06:15:34.332 16564 16564 E ArmVmp : Match on catch block at 0xc3 in for 0x151
03-28 06:15:34.336 16564 16564 E ArmVmp : Match on catch block at 0xc3 in for 0x155
03-28 06:15:34.828 16564 16564 E ArmVmp : Match on catch block at 0xc3 in for 0x155
03-28 06:15:34.832 16564 16564 E ArmVmp : Match on catch block at 0xc3 in for 0x151
03-28 06:15:34.834 16564 16564 E ArmVmp : Match on catch block at 0xc3 in for 0x155
03-28 06:15:34.961 16564 16564 E ArmVmp : Match on catch block at 0xc3 in for 0x155
03-28 06:15:34.966 16564 16564 E ArmVmp : Match on catch block at 0xc3 in for 0x151
03-28 06:15:34.969 16564 16564 E ArmVmp : Match on catch block at 0xc3 in for 0x155
03-28 06:15:34.977 16564 16564 E ArmVmp : Match on catch block at 0xc3 in for 0x155
03-28 06:15:34.980 16564 16564 E ArmVmp : Match on catch block at 0xc3 in for 0x151
03-28 06:15:34.982 16564 16564 E ArmVmp : Match on catch block at 0xc3 in for 0x155
03-28 06:15:34.994 16564 16564 E ArmVmp : Match on catch block at 0xc3 in for 0x155
03-28 06:15:34.997 16564 16564 E ArmVmp : Match on catch block at 0xc3 in for 0x151
03-28 06:15:34.999 16564 16564 E ArmVmp : Match on catch block at 0xc3 in for 0x155
03-28 06:15:35.010 16564 16564 E ArmVmp : Match on catch block at 0xc3 in for 0x155
03-28 06:15:35.014 16564 16564 E ArmVmp : Match on catch block at 0xc3 in for 0x151
03-28 06:15:35.015 16564 16564 E ArmVmp : Match on catch block at 0xc3 in for 0x155
03-28 06:15:35.027 16564 16564 E ArmVmp : Match on catch block at 0xc3 in for 0x155
03-28 06:15:35.031 16564 16564 E ArmVmp : Match on catch block at 0xc3 in for 0x151
03-28 06:15:35.034 16564 16564 E ArmVmp : Match on catch block at 0xc3 in for 0x155
03-28 06:15:35.043 16564 16564 E ArmVmp : Match on catch block at 0xc3 in for 0x155
03-28 06:15:35.046 16564 16564 E ArmVmp : Match on catch block at 0xc3 in for 0x151
03-28 06:15:35.048 16564 16564 E ArmVmp : Match on catch block at 0xc3 in for 0x155
03-28 06:15:35.060 16564 16564 E ArmVmp : Match on catch block at 0xc3 in for 0x155
03-28 06:15:35.062 16564 16564 E ArmVmp : Match on catch block at 0xc3 in for 0x151
03-28 06:15:35.065 16564 16564 E ArmVmp : Match on catch block at 0xc3 in for 0x155
03-28 06:15:35.076 16564 16564 E ArmVmp : Match on catch block at 0xc3 in for 0x155
03-28 06:15:35.078 16564 16564 E ArmVmp : Match on catch block at 0xc3 in for 0x151
03-28 06:15:35.081 16564 16564 E ArmVmp : Match on catch block at 0xc3 in for 0x155
03-28 06:15:35.093 16564 16564 E ArmVmp : Match on catch block at 0xc3 in for 0x155
03-28 06:15:35.097 16564 16564 E ArmVmp : Match on catch block at 0xc3 in for 0x151
03-28 06:15:35.099 16564 16564 E ArmVmp : Match on catch block at 0xc3 in for 0x155
03-28 06:15:35.109 16564 16564 E ArmVmp : Match on catch block at 0xc3 in for 0x155
03-28 06:15:35.112 16564 16564 E ArmVmp : Match on catch block at 0xc3 in for 0x151
03-28 06:15:35.114 16564 16564 E ArmVmp : Match on catch block at 0xc3 in for 0x155
03-28 06:15:35.126 16564 16564 E ArmVmp : Match on catch block at 0xc3 in for 0x155
03-28 06:15:35.129 16564 16564 E ArmVmp : Match on catch block at 0xc3 in for 0x151
03-28 06:15:35.132 16564 16564 E ArmVmp : Match on catch block at 0xc3 in for 0x155
03-28 06:15:35.143 16564 16564 E ArmVmp : Match on catch block at 0xc3 in for 0x155
03-28 06:15:35.146 16564 16564 E ArmVmp : Match on catch block at 0xc3 in for 0x151
03-28 06:15:35.148 16564 16564 E ArmVmp : Match on catch block at 0xc3 in for 0x155
03-28 06:15:35.161 16564 16564 E ArmVmp : Match on catch block at 0xc3 in for 0x151
03-28 06:15:35.164 16564 16564 E ArmVmp : Match on catch block at 0xc3 in for 0x14d
03-28 06:15:35.167 16564 16564 E ArmVmp : Match on catch block at 0xc3 in for 0x151
