03-28 15:49:47.541 26849 26849 W libc : Access denied finding property "vendor.transsion.scroll_adjust.support"
03-28 15:49:47.574 26849 27439 W com.mbwhatsapp: Accessing hidden method Lcom/android/org/conscrypt/ConscryptEngineSocket;->setUseSessionTickets(Z)V (max- target-q,core-platform-api, reflection, denied)
03-28 15:49:47.574 26849 27439 W com.mbwhatsapp: Accessing hidden method Lcom/android/org/conscrypt/OpenSSLSocketImpl;->setUseSessionTickets(Z)V (max- target-q,core-platform-api, reflection, denied)
03-28 15:49:47.575 26849 27439 W com.mbwhatsapp: Accessing hidden method Lcom/android/org/conscrypt/AbstractConscryptSocket;->setUseSessionTickets(Z)V (max- target-q, reflection, denied)
03-28 15:49:47.575 26849 27439 W com.mbwhatsapp: Accessing hidden method Lcom/android/org/conscrypt/ConscryptEngineSocket;->setHostname(Ljava/lang/String;)V (max-target-q,core-platform-api, reflection, denied)
03-28 15:49:47.575 26849 27439 W com.mbwhatsapp: Accessing hidden method Lcom/android/org/conscrypt/OpenSSLSocketImpl;->setHostname(Ljava/lang/String;)V (max-target-q,core-platform-api, reflection, denied)
03-28 15:49:47.575 26849 27439 W com.mbwhatsapp: Accessing hidden method Lcom/android/org/conscrypt/AbstractConscryptSocket;->setHostname(Ljava/lang/ String;)V (max-target-q, reflection, denied)
03-28 15:49:47.575 26849 27439 W com.mbwhatsapp: Accessing hidden method Lcom/android/org/conscrypt/OpenSSLSocketImpl;->setAlpnProtocols([B)V (max-target- q,core-platform-api, reflection, denied)
03-28 15:49:47.575 26849 27439 W com.mbwhatsapp: Accessing hidden method Lcom/android/org/conscrypt/AbstractConscryptSocket;->setAlpnProtocols([B)V (max- target-q, reflection, denied)
03-28 15:49:47.578 26849 26849 E FBI : Can't load library: dlopen failed: library "libmagtsync.so" not found
03-28 15:49:47.604 26849 27434 W OpenGLRenderer: ShaderCache::tranMaxTotalSize is 1048576
03-28 15:49:47.859 26849 27434 W Parcel : Expecting binder but got null!
03-28 15:49:47.873 26849 26849 E ArmVmp : Match on catch block at 0x0a in for 0x1a1 --------- beginning of system
03-28 15:49:47.885 26849 26849 E TranChoreographerImpl: skippedFrames: 53
03-28 15:49:47.968 26849 27487 W LibraryVersion: Failed to get app version for libraryName: firebase-iid
03-28 15:49:47.994 26849 26849 W libc : Access denied finding property "vendor.transsion.scroll_adjust.support"
03-28 15:49:47.994 26849 26849 W libc : Access denied finding property "vendor.transsion.scroll_adjust.support"
03-28 15:49:48.003 26849 27491 W LOTTIE : Animation contains merge paths. Merge paths are only supported on KitKat+ and must be manually enabled by calling enableMergePathsForKitKatAndAbove().
03-28 15:49:48.007 26849 26849 W libc : Access denied finding property "vendor.transsion.scroll_adjust.support"
03-28 15:49:48.007 26849 26849 W libc : Access denied finding property "vendor.transsion.scroll_adjust.support"
03-28 15:49:48.075 26849 27439 W com.mbwhatsapp: Accessing hidden method Lcom/android/org/conscrypt/OpenSSLSocketImpl;->getAlpnSelectedProtocol()[B (max- target-q,core-platform-api, reflection, denied)
03-28 15:49:48.075 26849 27439 W com.mbwhatsapp: Accessing hidden method Lcom/android/org/conscrypt/AbstractConscryptSocket;->getAlpnSelectedProtocol()[B (max-target-q, reflection, denied)
03-28 15:49:48.118 26849 26849 W libc : Access denied finding property "vendor.transsion.scroll_adjust.support"
03-28 15:49:48.118 26849 26849 W libc : Access denied finding property "vendor.transsion.scroll_adjust.support"
03-28 15:49:48.123 26849 26849 W LOTTIE : Animation contains merge paths but they are disabled.
03-28 15:49:48.180 26849 26849 W pool-6-thread-1: type=1400 audit(0.0:3321): avc: granted { execute } for path="/data/data/com.mbwhatsapp/files/decompressed/libs.spk.zst/libgifimage.so" dev="dm-45" ino=17943 scontext=u:r:untrusted_app:s0:c225,c256,c512,c768 tcontext=u:object_r:app_data_file:s0:c225,c256,c512,c768 tclass=file app=com.mbwhatsapp
03-28 15:49:48.819 26849 27499 E ion : ioctl c0044901 failed with code -1: Invalid argument
03-28 15:49:50.175 26849 26849 W ViewRootImpl: Not reporting timeline because gpuCompletedTime is 3.2084915928643837E10ms ahead of presentTime. FRAME_TIMELINE_VSYNC_ID=2079522, INPUT_EVENT_ID=370275967
03-28 15:49:50.237 26849 26849 W ViewRootImpl: Not reporting timeline because gpuCompletedTime is 1.1996695341854E8ms ahead of presentTime. FRAME_TIMELINE_VSYNC_ID=2079625, INPUT_EVENT_ID=172064307
03-28 15:49:52.861 26849 27571 E RenderScript: Failed loading RS driver: dlopen failed: library "libRSDriver_mtk.so" not found
03-28 15:49:52.861 26849 27571 E RenderScript: Failed to load runtime libRSDriver_mtk.so, loading default
03-28 15:49:52.912 26849 26849 E ArmVmp : Match on catch block at 0x0a in for 0x2ed
03-28 15:49:52.960 26849 27434 W Parcel : Expecting binder but got null!
03-28 15:49:53.637 26849 26849 E RippleDrawable: The RippleDrawable.STYLE_PATTERNED animation is not supported for a non-hardware accelerated Canvas. Skipping animation.
03-28 15:49:53.651 26849 26849 E RippleDrawable: The RippleDrawable.STYLE_PATTERNED animation is not supported for a non-hardware accelerated Canvas. Skipping animation.
03-28 15:49:53.668 26849 26849 E RippleDrawable: The RippleDrawable.STYLE_PATTERNED animation is not supported for a non-hardware accelerated Canvas. Skipping animation.
03-28 15:49:53.686 26849 26849 E RippleDrawable: The RippleDrawable.STYLE_PATTERNED animation is not supported for a non-hardware accelerated Canvas. Skipping animation.
03-28 15:49:53.703 26849 26849 E RippleDrawable: The RippleDrawable.STYLE_PATTERNED animation is not supported for a non-hardware accelerated Canvas. Skipping animation.
03-28 15:49:53.719 26849 26849 E RippleDrawable: The RippleDrawable.STYLE_PATTERNED animation is not supported for a non-hardware accelerated Canvas. Skipping animation.
03-28 15:49:55.391 26849 26849 E ArmVmp : Match on catch block at 0x0a in for 0x2f1
03-28 15:49:55.459 26849 27434 W Parcel : Expecting binder but got null!
03-28 15:49:56.084 26849 26849 E RippleDrawable: The RippleDrawable.STYLE_PATTERNED animation is not supported for a non-hardware accelerated Canvas. Skipping animation.
03-28 15:49:56.098 26849 26849 E RippleDrawable: The RippleDrawable.STYLE_PATTERNED animation is not supported for a non-hardware accelerated Canvas. Skipping animation.
03-28 15:49:56.114 26849 26849 E RippleDrawable: The RippleDrawable.STYLE_PATTERNED animation is not supported for a non-hardware accelerated Canvas. Skipping animation.
03-28 15:49:56.132 26849 26849 E RippleDrawable: The RippleDrawable.STYLE_PATTERNED animation is not supported for a non-hardware accelerated Canvas. Skipping animation.
03-28 15:49:56.149 26849 26849 E RippleDrawable: The RippleDrawable.STYLE_PATTERNED animation is not supported for a non-hardware accelerated Canvas. Skipping animation.
03-28 15:49:56.165 26849 26849 E RippleDrawable: The RippleDrawable.STYLE_PATTERNED animation is not supported for a non-hardware accelerated Canvas. Skipping animation.
03-28 15:49:56.183 26849 26849 E RippleDrawable: The RippleDrawable.STYLE_PATTERNED animation is not supported for a non-hardware accelerated Canvas. Skipping animation.
03-28 15:49:58.075 26849 26849 W OnBackInvokedCallback: OnBackInvokedCallback is not enabled for the application.
03-28 15:49:58.075 26849 26849 W OnBackInvokedCallback: Set 'android:enableOnBackInvokedCallback="true"' in the application manifest.
03-28 15:50:07.943 26849 26849 W libc : Access denied finding property "vendor.transsion.scroll_adjust.support"
03-28 15:50:07.943 26849 26849 W libc : Access denied finding property "vendor.transsion.scroll_adjust.support"
03-28 15:50:07.944 26849 26849 W libc : Access denied finding property "vendor.transsion.scroll_adjust.support"
03-28 15:50:07.944 26849 26849 W libc : Access denied finding property "vendor.transsion.scroll_adjust.support"
03-28 15:50:07.998 26849 26849 E ArmVmp : Match on catch block at 0x0a in for 0x185
03-28 15:50:08.010 26849 26849 E ArmVmp : Match on catch block at 0x0a in for 0x279
03-28 15:50:08.039 26849 26849 W Activity: Can request only one set of permissions at a time
03-28 15:50:08.086 26849 26849 W libc : Access denied finding property "vendor.transsion.scroll_adjust.support"
03-28 15:50:08.086 26849 26849 W libc : Access denied finding property "vendor.transsion.scroll_adjust.support"
03-28 15:50:08.089 26849 26849 W libc : Access denied finding property "vendor.transsion.scroll_adjust.support"
03-28 15:50:08.089 26849 26849 W libc : Access denied finding property "vendor.transsion.scroll_adjust.support"
03-28 15:50:08.100 26849 26849 W libc : Access denied finding property "vendor.transsion.scroll_adjust.support"
03-28 15:50:08.100 26849 26849 W libc : Access denied finding property "vendor.transsion.scroll_adjust.support"
03-28 15:50:08.105 26849 26849 W libc : Access denied finding property "vendor.transsion.scroll_adjust.support"
03-28 15:50:08.105 26849 26849 W libc : Access denied finding property "vendor.transsion.scroll_adjust.support"
03-28 15:50:08.324 26849 26849 W OnBackInvokedCallback: OnBackInvokedCallback is not enabled for the application.
03-28 15:50:08.324 26849 26849 W OnBackInvokedCallback: Set 'android:enableOnBackInvokedCallback="true"' in the application manifest.
03-28 15:50:08.433 26849 26849 E ArmVmp : Match on catch block at 0x0a in for 0x1a1
03-28 15:50:09.294 26849 26849 W Choreographer: Frame time is 0.164723 now = 3680096379680 timestampNanos = 3680096544403 ms in the future! Check that graphics HAL is generating vsync timestamps using the correct timebase.
03-28 15:50:10.461 26849 26849 W libc : Access denied finding property "vendor.transsion.scroll_adjust.support"
03-28 15:50:10.461 26849 26849 W libc : Access denied finding property "vendor.transsion.scroll_adjust.support"
03-28 15:50:10.489 26849 26849 W libc : Access denied finding property "vendor.transsion.scroll_adjust.support"
03-28 15:50:10.489 26849 26849 W libc : Access denied finding property "vendor.transsion.scroll_adjust.support"
03-28 15:50:10.553 26849 26849 E ArmVmp : Match on catch block at 0x0a in for 0x18d
03-28 15:50:10.555 26849 26849 E ArmVmp : Match on catch block at 0x0a in for 0x189
03-28 15:50:10.639 26849 26849 E ArmVmp : Match on catch block at 0xc3 in for 0x179
03-28 15:50:10.641 26849 26849 E ArmVmp : Match on catch block at 0xc3 in for 0x171
03-28 15:50:10.656 26849 27434 W Parcel : Expecting binder but got null!
03-28 15:50:10.672 26849 26849 E ArmVmp : Match on catch block at 0xc3 in for 0x155
03-28 15:50:10.673 26849 26849 E ArmVmp : Match on catch block at 0xc3 in for 0x151
03-28 15:50:10.686 26849 26849 E ArmVmp : Match on catch block at 0xc3 in for 0x159
03-28 15:50:10.687 26849 26849 E ArmVmp : Match on catch block at 0xc3 in for 0x155
03-28 15:50:10.710 26849 26849 E ArmVmp : Match on catch block at 0xc3 in for 0x149
03-28 15:50:10.711 26849 26849 E ArmVmp : Match on catch block at 0xc3 in for 0x145
03-28 15:50:10.725 26849 26849 E ArmVmp : Match on catch block at 0xc3 in for 0x141
03-28 15:50:10.727 26849 26849 E ArmVmp : Match on catch block at 0xc3 in for 0x159
03-28 15:50:10.739 26849 26849 E ArmVmp : Match on catch block at 0xc3 in for 0x149
03-28 15:50:10.739 26849 26849 E ArmVmp : Match on catch block at 0xc3 in for 0x145
03-28 15:50:10.748 26849 26849 E ArmVmp : Match on catch block at 0xc3 in for 0x155
03-28 15:50:10.749 26849 26849 E ArmVmp : Match on catch block at 0xc3 in for 0x151
03-28 15:50:10.761 26849 26849 E ArmVmp : Match on catch block at 0xc3 in for 0x151
03-28 15:50:10.762 26849 26849 E ArmVmp : Match on catch block at 0xc3 in for 0x14d
03-28 15:50:10.769 26849 26849 E ArmVmp : Match on catch block at 0xc3 in for 0x14d
03-28 15:50:10.770 26849 26849 E ArmVmp : Match on catch block at 0xc3 in for 0x149
03-28 15:50:10.777 26849 26849 E ArmVmp : Match on catch block at 0xc3 in for 0x151
03-28 15:50:10.778 26849 26849 E ArmVmp : Match on catch block at 0xc3 in for 0x14d
03-28 15:50:10.786 26849 26849 E ArmVmp : Match on catch block at 0xc3 in for 0x155
03-28 15:50:10.787 26849 26849 E ArmVmp : Match on catch block at 0xc3 in for 0x151
03-28 15:50:10.794 26849 26849 E ArmVmp : Match on catch block at 0xc3 in for 0x159
03-28 15:50:10.795 26849 26849 E ArmVmp : Match on catch block at 0xc3 in for 0x155
03-28 15:50:10.802 26849 26849 E ArmVmp : Match on catch block at 0xc3 in for 0x141
03-28 15:50:10.803 26849 26849 E ArmVmp : Match on catch block at 0xc3 in for 0x159
03-28 15:50:11.163 26849 26849 E ArmVmp : Match on catch block at 0xc3 in for 0x159
03-28 15:50:11.165 26849 26849 E ArmVmp : Match on catch block at 0xc3 in for 0x155
03-28 15:50:11.204 26849 26849 W os.MultipleLicesFactory: instance failed. Factory=com.transsion.activityembedding.ActivityEmbeddingLiceFactory from android.app.IActivityOptionsLice
03-28 15:50:11.209 26849 26849 E ArmVmp : Match on catch block at 0xc3 in for 0x145
03-28 15:50:11.211 26849 26849 E ArmVmp : Match on catch block at 0xc3 in for 0x141
03-28 15:50:11.215 26849 27434 E FrameEvents: updateAcquireFence: Did not find frame.
03-28 15:50:11.235 26849 26849 E ArmVmp : Match on catch block at 0xc3 in for 0x149
03-28 15:50:11.236 26849 26849 E ArmVmp : Match on catch block at 0xc3 in for 0x145
03-28 15:50:11.294 26849 26849 W libc : Access denied finding property "vendor.transsion.scroll_adjust.support"
03-28 15:50:11.294 26849 26849 W libc : Access denied finding property "vendor.transsion.scroll_adjust.support"
03-28 15:50:11.297 26849 26849 W ResourceType: Bad XML block: header size 18254 or total size 169478669 is larger than data size 380
03-28 15:50:11.298 26849 26849 W ResourceType: Bad XML block: header size 18254 or total size 169478669 is larger than data size 633
03-28 15:50:11.301 26849 26849 W ResourceType: Bad XML block: header size 18254 or total size 169478669 is larger than data size 677
03-28 15:50:11.304 26849 26849 W ResourceType: Bad XML block: header size 18254 or total size 169478669 is larger than data size 248
03-28 15:50:11.307 26849 26849 W ResourceType: Bad XML block: header size 18254 or total size 169478669 is larger than data size 571
03-28 15:50:11.309 26849 26849 W ResourceType: Bad XML block: header size 18254 or total size 169478669 is larger than data size 333
03-28 15:50:11.311 26849 26849 W ResourceType: Bad XML block: header size 18254 or total size 169478669 is larger than data size 650
03-28 15:50:11.312 26849 26849 W ResourceType: Bad XML block: header size 18254 or total size 169478669 is larger than data size 1150
03-28 15:50:11.313 26849 26849 W ResourceType: Bad XML block: header size 18254 or total size 169478669 is larger than data size 491
03-28 15:50:11.314 26849 26849 W ResourceType: Bad XML block: header size 18254 or total size 169478669 is larger than data size 1150
03-28 15:50:11.315 26849 26849 W ResourceType: Bad XML block: header size 18254 or total size 169478669 is larger than data size 659
03-28 15:50:11.316 26849 26849 W ResourceType: Bad XML block: header size 18254 or total size 169478669 is larger than data size 593
03-28 15:50:11.317 26849 26849 W libc : Access denied finding property "vendor.transsion.scroll_adjust.support"
03-28 15:50:11.317 26849 26849 W libc : Access denied finding property "vendor.transsion.scroll_adjust.support"
03-28 15:50:11.335 26849 26849 W ResourceType: Bad XML block: header size 18254 or total size 169478669 is larger than data size 473
03-28 15:50:11.337 26849 26849 W ResourceType: Bad XML block: header size 18254 or total size 169478669 is larger than data size 510
03-28 15:50:11.339 26849 26849 W SQLiteLog: (28) double-quoted string literal: "10"
03-28 15:50:11.339 26849 26849 W SQLiteLog: (28) double-quoted string literal: "10"
03-28 15:50:11.356 26849 26849 W ResourceType: Bad XML block: header size 18254 or total size 169478669 is larger than data size 473
03-28 15:50:11.376 26849 26849 E ArmVmp : Match on catch block at 0xc3 in for 0x159
03-28 15:50:11.377 26849 26849 E ArmVmp : Match on catch block at 0xc3 in for 0x155
03-28 15:50:11.397 26849 26849 W View : requestLayout() improperly called by android.widget.Space{67f6920 I.ED..... ......I. 28,83-37,92 #7f0b00ba app:id/action_tile_spacing} during layout: running second layout pass
03-28 15:50:11.397 26849 26849 W View : requestLayout() improperly called by android.widget.Space{507b2d9 I.ED..... ......I. 28,83-37,92 #7f0b00ba app:id/action_tile_spacing} during layout: running second layout pass
03-28 15:50:11.397 26849 26849 W View : requestLayout() improperly called by android.widget.Space{99b749e I.ED..... ......I. 28,83-37,92 #7f0b00ba app:id/action_tile_spacing} during layout: running second layout pass
03-28 15:50:11.414 26849 26849 E ArmVmp : Match on catch block at 0xc3 in for 0x14d
03-28 15:50:11.415 26849 26849 E ArmVmp : Match on catch block at 0xc3 in for 0x149
03-28 15:50:11.422 26849 26849 E ArmVmp : Match on catch block at 0xc3 in for 0x145
03-28 15:50:11.423 26849 26849 E ArmVmp : Match on catch block at 0xc3 in for 0x141
03-28 15:50:11.453 26849 27434 W Parcel : Expecting binder but got null!
03-28 15:50:11.454 26849 26849 E ArmVmp : Match on catch block at 0xc3 in for 0x149
03-28 15:50:11.455 26849 26849 E ArmVmp : Match on catch block at 0xc3 in for 0x145
03-28 15:50:11.461 26849 26849 E ArmVmp : Match on catch block at 0xc3 in for 0x14d
03-28 15:50:11.464 26849 26849 E ArmVmp : Match on catch block at 0xc3 in for 0x149
03-28 15:50:11.467 26849 26849 E ArmVmp : Match on catch block at 0xc3 in for 0x151
03-28 15:50:11.468 26849 26849 E ArmVmp : Match on catch block at 0xc3 in for 0x14d
03-28 15:50:11.472 26849 26849 E ArmVmp : Match on catch block at 0xc3 in for 0x155
03-28 15:50:11.474 26849 26849 E ArmVmp : Match on catch block at 0xc3 in for 0x151
03-28 15:50:11.484 26849 26849 E ArmVmp : Match on catch block at 0xc3 in for 0x159
03-28 15:50:11.486 26849 26849 E ArmVmp : Match on catch block at 0xc3 in for 0x155
03-28 15:50:11.493 26849 26849 E ArmVmp : Match on catch block at 0xc3 in for 0x141
03-28 15:50:11.495 26849 26849 E ArmVmp : Match on catch block at 0xc3 in for 0x159
03-28 15:50:11.501 26849 26849 E ArmVmp : Match on catch block at 0xc3 in for 0x145
03-28 15:50:11.502 26849 26849 E ArmVmp : Match on catch block at 0xc3 in for 0x141
03-28 15:50:11.510 26849 26849 E ArmVmp : Match on catch block at 0xc3 in for 0x149
03-28 15:50:11.511 26849 26849 E ArmVmp : Match on catch block at 0xc3 in for 0x145
03-28 15:50:11.526 26849 26849 E ArmVmp : Match on catch block at 0xc3 in for 0x14d
03-28 15:50:11.527 26849 26849 E ArmVmp : Match on catch block at 0xc3 in for 0x149
03-28 15:50:11.535 26849 26849 E ArmVmp : Match on catch block at 0xc3 in for 0x151
03-28 15:50:11.536 26849 26849 E ArmVmp : Match on catch block at 0xc3 in for 0x14d
03-28 15:50:11.578 26849 26849 E ArmVmp : Match on catch block at 0xc3 in for 0x155
03-28 15:50:11.580 26849 26849 E ArmVmp : Match on catch block at 0xc3 in for 0x151
03-28 15:50:11.612 26849 26849 E ArmVmp : Match on catch block at 0xc3 in for 0x159
03-28 15:50:11.613 26849 26849 E ArmVmp : Match on catch block at 0xc3 in for 0x155
03-28 15:50:11.626 26849 26849 E ArmVmp : Match on catch block at 0xc3 in for 0x141
03-28 15:50:11.627 26849 26849 E ArmVmp : Match on catch block at 0xc3 in for 0x159
03-28 15:50:11.663 26849 26849 E ArmVmp : Match on catch block at 0xc3 in for 0x145
03-28 15:50:11.665 26849 26849 E ArmVmp : Match on catch block at 0xc3 in for 0x141
03-28 15:50:11.676 26849 26849 E ArmVmp : Match on catch block at 0xc3 in for 0x149
03-28 15:50:11.677 26849 26849 E ArmVmp : Match on catch block at 0xc3 in for 0x145
03-28 15:50:11.711 26849 26849 E ArmVmp : Match on catch block at 0xc3 in for 0x14d
03-28 15:50:11.712 26849 26849 E ArmVmp : Match on catch block at 0xc3 in for 0x149
03-28 15:50:11.729 26849 26849 E ArmVmp : Match on catch block at 0xc3 in for 0x151
03-28 15:50:11.730 26849 26849 E ArmVmp : Match on catch block at 0xc3 in for 0x14d
03-28 15:50:11.800 26849 26849 E ArmVmp : Match on catch block at 0xc3 in for 0x149
03-28 15:50:11.802 26849 26849 E ArmVmp : Match on catch block at 0xc3 in for 0x145
03-28 15:50:12.026 26849 26849 W libc : Access denied finding property "vendor.transsion.scroll_adjust.support"
03-28 15:50:12.026 26849 26849 W libc : Access denied finding property "vendor.transsion.scroll_adjust.support"
03-28 15:50:12.027 26849 26849 W libc : Access denied finding property "vendor.transsion.scroll_adjust.support"
03-28 15:50:12.381 26849 26849 W View : requestLayout() improperly called by com.mbwhatsapp.TextEmojiLabel{30d452f VFED..C.. ......ID 0,0-302,67 #7f0b06ab app:id/conversation_contact_name} during layout: running second layout pass
03-28 15:50:12.397 26849 26849 W View : requestLayout() improperly called by com.mbwhatsapp.TextEmojiLabel{30d452f VFED..C.. ......ID 0,0-302,67 #7f0b06ab app:id/conversation_contact_name} during layout: running second layout pass
03-28 15:50:12.498 26849 26849 W View : requestLayout() improperly called by com.mbwhatsapp.TextEmojiLabel{30d452f VFED..C.. ......ID 0,0-302,67 #7f0b06ab app:id/conversation_contact_name} during layout: running second layout pass
03-28 15:50:12.515 26849 26849 W View : requestLayout() improperly called by com.mbwhatsapp.TextEmojiLabel{30d452f VFED..C.. ......ID 0,0-302,67 #7f0b06ab app:id/conversation_contact_name} during layout: running second layout pass
03-28 15:50:13.156 26849 27434 W Parcel : Expecting binder but got null!
03-28 15:50:13.617 26849 26849 W View : requestLayout() improperly called by com.mbwhatsapp.TextEmojiLabel{30d452f VFED..C.. ......ID 0,0-302,67 #7f0b06ab app:id/conversation_contact_name} during layout: running second layout pass
03-28 15:50:14.190 26849 26849 W libc : Access denied finding property "vendor.transsion.scroll_adjust.support"
03-28 15:50:14.190 26849 26849 W libc : Access denied finding property "vendor.transsion.scroll_adjust.support"
03-28 15:50:14.193 26849 26849 W libc : Access denied finding property "vendor.transsion.scroll_adjust.support"
03-28 15:50:14.193 26849 26849 W libc : Access denied finding property "vendor.transsion.scroll_adjust.support"
03-28 15:50:14.253 26849 27434 W Parcel : Expecting binder but got null!
03-28 15:50:15.142 26849 27434 W Parcel : Expecting binder but got null!
03-28 15:50:15.154 26849 26849 W libc : Access denied finding property "vendor.transsion.scroll_adjust.support"
03-28 15:50:15.154 26849 26849 W libc : Access denied finding property "vendor.transsion.scroll_adjust.support"
03-28 15:50:15.210 26849 27434 W Parcel : Expecting binder but got null!
03-28 15:50:25.833 26849 26929 W com.mbwhatsapp: Cleared Reference was only reachable from finalizer (only reported once)
03-28 15:50:49.062 26849 27434 W Parcel : Expecting binder but got null!
03-28 15:50:49.084 26849 26849 W libc : Access denied finding property "vendor.transsion.scroll_adjust.support"
03-28 15:50:49.084 26849 26849 W libc : Access denied finding property "vendor.transsion.scroll_adjust.support"
03-28 15:50:49.124 26849 27434 W Parcel : Expecting binder but got null!
03-28 15:50:50.690 26849 28123 E ActivityThread: Failed to find provider info for androidx.car.app.connection
03-28 15:50:50.691 26849 26849 W com.mbwhatsapp: type=1400 audit(0.0:3428): avc: granted { execute } for comm=486967682050726920576F726B6572 path="/data/data/com.mbwhatsapp/files/decompressed/libs.spk.zst/libaom.so" dev="dm- 45" ino=17928 scontext=u:r:untrusted_app:s0:c225,c256,c512,c768 tcontext=u:object_r:app_data_file:s0:c225,c256,c512,c768 tclass=file app=com.mbwhatsapp
03-28 15:50:50.719 26849 26849 W CarApp.Conn: Null response from content provider when checking connection to the car, treating as disconnected
03-28 15:50:50.742 26849 26927 W AudioManager: Use of stream types is deprecated for operations other than volume control
03-28 15:50:50.742 26849 26927 W AudioManager: See the documentation of requestAudioFocus() for what to use instead with android.media.AudioAttributes to qualify your playback use case
03-28 15:50:50.745 26849 26849 W SoundPool: Use of stream types is deprecated for operations other than volume control
03-28 15:50:50.745 26849 26849 W SoundPool: See the documentation of SoundPool() for what to use instead with android.media.AudioAttributes to qualify your playback use case
03-28 15:50:50.826 26849 28144 E CCodec : before change, configure, format : AMessage(what = 0x00000000) = {
03-28 15:50:50.826 26849 28144 E CCodec : string mime = "audio/vorbis"
03-28 15:50:50.826 26849 28144 E CCodec : int64_t durationUs = 377375
03-28 15:50:50.826 26849 28144 E CCodec : int32_t track-id = 1
03-28 15:50:50.826 26849 28144 E CCodec : Buffer csd-0 = {
03-28 15:50:50.826 26849 28144 E CCodec : 00000000: 01 76 6f 72 62 69 73 00 00 00 00 02 80 bb 00 00 .vorbis.........
03-28 15:50:50.826 26849 28144 E CCodec : 00000010: 00 00 00 00 00 ee 02 00 00 00 00 00 b8 01 ..............
03-28 15:50:50.826 26849 28144 E CCodec : }
03-28 15:50:50.826 26849 28144 E CCodec : Buffer *csd-1 = 0xb4000077d2aba960
03-28 15:50:50.826 26849 28144 E CCodec : int32_t bitrate = 192000
03-28 15:50:50.826 26849 28144 E CCodec : int32_t channel-count = 2
03-28 15:50:50.826 26849 28144 E CCodec : int32_t sample-rate = 48000
03-28 15:50:50.826 26849 28144 E CCodec : int32_t channel-mask = 3
03-28 15:50:50.826 26849 28144 E CCodec : int32_t flags = 0
03-28 15:50:50.826 26849 28144 E CCodec : } , width 0 , higth 0
03-28 15:50:50.826 26849 28143 E CCodec : before change, configure, format : AMessage(what = 0x00000000) = {
03-28 15:50:50.826 26849 28143 E CCodec : string mime = "audio/vorbis"
03-28 15:50:50.826 26849 28143 E CCodec : int64_t durationUs = 560975
03-28 15:50:50.826 26849 28143 E CCodec : int32_t track-id = 1
03-28 15:50:50.826 26849 28143 E CCodec : Buffer csd-0 = {
03-28 15:50:50.826 26849 28143 E CCodec : 00000000: 01 76 6f 72 62 69 73 00 00 00 00 01 44 ac 00 00 .vorbis.....D...
03-28 15:50:50.826 26849 28143 E CCodec : 00000010: 00 00 00 00 c0 d4 01 00 00 00 00 00 b8 01 ..............
03-28 15:50:50.826 26849 28143 E CCodec : }
03-28 15:50:50.826 26849 28143 E CCodec : Buffer *csd-1 = 0xb4000077d2aaae20
03-28 15:50:50.826 26849 28143 E CCodec : int32_t bitrate = 120000
03-28 15:50:50.826 26849 28143 E CCodec : int32_t channel-count = 1
03-28 15:50:50.826 26849 28143 E CCodec : int32_t sample-rate = 44100
03-28 15:50:50.826 26849 28143 E CCodec : int32_t channel-mask = 1
03-28 15:50:50.826 26849 28143 E CCodec : int32_t flags = 0
03-28 15:50:50.826 26849 28143 E CCodec : } , width 0 , higth 0
03-28 15:50:50.827 26849 28144 W Codec2Client: query -- param skipped: index = 1107298332.
03-28 15:50:50.827 26849 28143 W Codec2Client: query -- param skipped: index = 1107298332.
03-28 15:50:50.838 26849 28143 W Codec2Client: query -- param skipped: index = 1342179345.
03-28 15:50:50.838 26849 28143 W Codec2Client: query -- param skipped: index = 2415921170.
03-28 15:50:50.838 26849 28144 W Codec2Client: query -- param skipped: index = 1342179345.
03-28 15:50:50.838 26849 28144 W Codec2Client: query -- param skipped: index = 2415921170.
03-28 15:50:50.988 26849 28160 E CCodec : before change, configure, format : AMessage(what = 0x00000000) = {
03-28 15:50:50.988 26849 28160 E CCodec : string mime = "audio/vorbis"
03-28 15:50:50.988 26849 28160 E CCodec : int64_t durationUs = 450068
03-28 15:50:50.988 26849 28160 E CCodec : int32_t track-id = 1
03-28 15:50:50.988 26849 28160 E CCodec : Buffer csd-0 = {
03-28 15:50:50.988 26849 28160 E CCodec : 00000000: 01 76 6f 72 62 69 73 00 00 00 00 01 44 ac 00 00 .vorbis.....D...
03-28 15:50:50.988 26849 28160 E CCodec : 00000010: 00 00 00 00 c0 d4 01 00 00 00 00 00 b8 01 ..............
03-28 15:50:50.988 26849 28160 E CCodec : }
03-28 15:50:50.988 26849 28160 E CCodec : Buffer *csd-1 = 0xb4000077d2aa74a0
03-28 15:50:50.988 26849 28160 E CCodec : int32_t bitrate = 120000
03-28 15:50:50.988 26849 28160 E CCodec : int32_t channel-count = 1
03-28 15:50:50.988 26849 28160 E CCodec : int32_t sample-rate = 44100
03-28 15:50:50.988 26849 28160 E CCodec : int32_t channel-mask = 1
03-28 15:50:50.988 26849 28160 E CCodec : int32_t flags = 0
03-28 15:50:50.988 26849 28160 E CCodec : } , width 0 , higth 0
03-28 15:50:50.989 26849 28160 W Codec2Client: query -- param skipped: index = 1107298332.
03-28 15:50:50.991 26849 28159 E CCodec : before change, configure, format : AMessage(what = 0x00000000) = {
03-28 15:50:50.991 26849 28159 E CCodec : string mime = "audio/vorbis"
03-28 15:50:50.991 26849 28159 E CCodec : int64_t durationUs = 365895
03-28 15:50:50.991 26849 28159 E CCodec : int32_t track-id = 1
03-28 15:50:50.991 26849 28159 E CCodec : Buffer csd-0 = {
03-28 15:50:50.991 26849 28159 E CCodec : 00000000: 01 76 6f 72 62 69 73 00 00 00 00 01 44 ac 00 00 .vorbis.....D...
03-28 15:50:50.991 26849 28159 E CCodec : 00000010: 00 00 00 00 c0 d4 01 00 00 00 00 00 b8 01 ..............
03-28 15:50:50.991 26849 28159 E CCodec : }
03-28 15:50:50.991 26849 28159 E CCodec : Buffer *csd-1 = 0xb4000077d2aa8b70
03-28 15:50:50.991 26849 28159 E CCodec : int32_t bitrate = 120000
03-28 15:50:50.991 26849 28159 E CCodec : int32_t channel-count = 1
03-28 15:50:50.991 26849 28159 E CCodec : int32_t sample-rate = 44100
03-28 15:50:50.991 26849 28159 E CCodec : int32_t channel-mask = 1
03-28 15:50:50.991 26849 28159 E CCodec : int32_t flags = 0
03-28 15:50:50.991 26849 28159 E CCodec : } , width 0 , higth 0
03-28 15:50:50.991 26849 28159 W Codec2Client: query -- param skipped: index = 1107298332.
03-28 15:50:50.992 26849 28160 W Codec2Client: query -- param skipped: index = 1342179345.
03-28 15:50:50.992 26849 28160 W Codec2Client: query -- param skipped: index = 2415921170.
03-28 15:50:50.993 26849 28159 W Codec2Client: query -- param skipped: index = 1342179345.
03-28 15:50:50.993 26849 28159 W Codec2Client: query -- param skipped: index = 2415921170.
03-28 15:50:50.996 26849 26849 W libc : Access denied finding property "vendor.transsion.scroll_adjust.support"
03-28 15:50:50.996 26849 26849 W libc : Access denied finding property "vendor.transsion.scroll_adjust.support"
03-28 15:50:50.997 26849 26849 W libc : Access denied finding property "vendor.transsion.scroll_adjust.support"
03-28 15:50:50.997 26849 26849 W libc : Access denied finding property "vendor.transsion.scroll_adjust.support"
03-28 15:50:51.002 26849 26849 W libc : Access denied finding property "vendor.transsion.scroll_adjust.support"
03-28 15:50:51.002 26849 26849 W libc : Access denied finding property "vendor.transsion.scroll_adjust.support"
03-28 15:50:51.022 26849 26849 W libc : Access denied finding property "vendor.transsion.scroll_adjust.support"
03-28 15:50:51.022 26849 26849 W libc : Access denied finding property "vendor.transsion.scroll_adjust.support"
03-28 15:50:51.053 26849 26849 W libc : Access denied finding property "vendor.transsion.scroll_adjust.support"
03-28 15:50:51.053 26849 26849 W libc : Access denied finding property "vendor.transsion.scroll_adjust.support"
03-28 15:50:51.053 26849 26849 W libc : Access denied finding property "vendor.transsion.scroll_adjust.support"
03-28 15:50:51.053 26849 26849 W libc : Access denied finding property "vendor.transsion.scroll_adjust.support"
03-28 15:50:51.066 26849 28171 E CCodec : before change, configure, format : AMessage(what = 0x00000000) = {
03-28 15:50:51.066 26849 28171 E CCodec : string mime = "audio/vorbis"
03-28 15:50:51.066 26849 28171 E CCodec : int64_t durationUs = 408594
03-28 15:50:51.066 26849 28171 E CCodec : int32_t track-id = 1
03-28 15:50:51.066 26849 28171 E CCodec : Buffer csd-0 = {
03-28 15:50:51.066 26849 28171 E CCodec : 00000000: 01 76 6f 72 62 69 73 00 00 00 00 01 44 ac 00 00 .vorbis.....D...
03-28 15:50:51.066 26849 28171 E CCodec : 00000010: 00 00 00 00 c0 d4 01 00 00 00 00 00 b8 01 ..............
03-28 15:50:51.066 26849 28171 E CCodec : }
03-28 15:50:51.066 26849 28171 E CCodec : Buffer *csd-1 = 0xb4000077d28b48f0
03-28 15:50:51.066 26849 28171 E CCodec : int32_t bitrate = 120000
03-28 15:50:51.066 26849 28171 E CCodec : int32_t channel-count = 1
03-28 15:50:51.066 26849 28171 E CCodec : int32_t sample-rate = 44100
03-28 15:50:51.066 26849 28171 E CCodec : int32_t channel-mask = 1
03-28 15:50:51.066 26849 28171 E CCodec : int32_t flags = 0
03-28 15:50:51.066 26849 28171 E CCodec : } , width 0 , higth 0
03-28 15:50:51.067 26849 28171 W Codec2Client: query -- param skipped: index = 1107298332.
03-28 15:50:51.077 26849 28171 W Codec2Client: query -- param skipped: index = 1342179345.
03-28 15:50:51.077 26849 28171 W Codec2Client: query -- param skipped: index = 2415921170.
03-28 15:50:51.155 26849 26849 W libc : Access denied finding property "vendor.transsion.scroll_adjust.support"
03-28 15:50:51.155 26849 26849 W libc : Access denied finding property "vendor.transsion.scroll_adjust.support"
03-28 15:50:51.162 26849 27434 W Parcel : Expecting binder but got null!
03-28 15:50:51.189 26849 27434 W Parcel : Expecting binder but got null!
03-28 15:50:51.192 26849 26849 W BottomSheetBehavior: BottomSheetBehavior now supports multiple callbacks. `setBottomSheetCallback()` removes all existing callbacks, including ones set internally by library authors, which may result in unintended behavior. This may change in the future. Please use `addBottomSheetCallback()` and `removeBottomSheetCallback()` instead to set your own callbacks.
03-28 15:50:51.823 26849 26849 W com.mbwhatsapp: type=1400 audit(0.0:3443): avc: granted { execute } for comm=4D42576861747341707020576F726B path="/data/data/com.mbwhatsapp/files/decompressed/libs.spk.zst/libfbjni.so" dev="dm-45" ino=18713 scontext=u:r:untrusted_app:s0:c225,c256,c512,c768 tcontext=u:object_r:app_data_file:s0:c225,c256,c512,c768 tclass=file app=com.mbwhatsapp
03-28 15:50:51.827 26849 26849 W com.mbwhatsapp: type=1400 audit(0.0:3444): avc: granted { execute } for comm=4D42576861747341707020576F726B path="/data/data/com.mbwhatsapp/files/decompressed/libs.spk.zst/libglog.so" dev="dm-45" ino=18805 scontext=u:r:untrusted_app:s0:c225,c256,c512,c768 tcontext=u:object_r:app_data_file:s0:c225,c256,c512,c768 tclass=file app=com.mbwhatsapp
03-28 15:50:51.827 26849 26849 W com.mbwhatsapp: type=1400 audit(0.0:3445): avc: granted { execute } for comm=4D42576861747341707020576F726B path="/data/data/com.mbwhatsapp/files/decompressed/libs.spk.zst/libar-bundle3.so" dev="dm-45" ino=3227 scontext=u:r:untrusted_app:s0:c225,c256,c512,c768 tcontext=u:object_r:app_data_file:s0:c225,c256,c512,c768 tclass=file app=com.mbwhatsapp
03-28 15:50:51.831 26849 26849 W com.mbwhatsapp: type=1400 audit(0.0:3446): avc: granted { execute } for comm=4D42576861747341707020576F726B path="/data/data/com.mbwhatsapp/files/decompressed/libs.spk.zst/libpytorch.so" dev="dm-45" ino=12758 scontext=u:r:untrusted_app:s0:c225,c256,c512,c768 tcontext=u:object_r:app_data_file:s0:c225,c256,c512,c768 tclass=file app=com.mbwhatsapp
03-28 15:50:51.839 26849 26849 W com.mbwhatsapp: type=1400 audit(0.0:3447): avc: granted { execute } for comm=4D42576861747341707020576F726B path="/data/data/com.mbwhatsapp/files/decompressed/libs.spk.zst/libtorch-code- gen.so" dev="dm-45" ino=18303 scontext=u:r:untrusted_app:s0:c225,c256,c512,c768 tcontext=u:object_r:app_data_file:s0:c225,c256,c512,c768 tclass=file app=com.mbwhatsapp
03-28 15:50:52.338 26849 28150 W libOpenSLES: Conversion from OpenSL ES positional channel mask 0x4 to Android mask 0 loses channels
03-28 15:50:52.479 26849 26849 E TranChoreographerImpl: skippedFrames: 38
03-28 15:50:55.227 26849 26849 W View : requestLayout() improperly called by com.mbwhatsapp.TextEmojiLabel{30d452f VFED..C.. ......ID 0,0-302,67 #7f0b06ab app:id/conversation_contact_name} during layout: running second layout pass
03-28 15:50:57.447 26849 27434 W Parcel : Expecting binder but got null!
03-28 15:50:58.930 26849 26849 W libc : Access denied finding property "vendor.transsion.scroll_adjust.support"
03-28 15:50:58.930 26849 26849 W libc : Access denied finding property "vendor.transsion.scroll_adjust.support"
03-28 15:50:58.932 26849 26849 W libc : Access denied finding property "vendor.transsion.scroll_adjust.support"
03-28 15:50:58.932 26849 26849 W libc : Access denied finding property "vendor.transsion.scroll_adjust.support"
03-28 15:50:58.997 26849 27434 W Parcel : Expecting binder but got null!
03-28 15:50:59.785 26849 28128 W AudioManager: Use of stream types is deprecated for operations other than volume control
03-28 15:50:59.785 26849 28128 W AudioManager: See the documentation of requestAudioFocus() for what to use instead with android.media.AudioAttributes to qualify your playback use case
03-28 15:50:59.786 26849 26849 W SoundPool: Use of stream types is deprecated for operations other than volume control
03-28 15:50:59.786 26849 26849 W SoundPool: See the documentation of SoundPool() for what to use instead with android.media.AudioAttributes to qualify your playback use case
03-28 15:50:59.812 26849 28251 E CCodec : before change, configure, format : AMessage(what = 0x00000000) = {
03-28 15:50:59.812 26849 28251 E CCodec : string mime = "audio/vorbis"
03-28 15:50:59.812 26849 28251 E CCodec : int64_t durationUs = 377375
03-28 15:50:59.812 26849 28251 E CCodec : int32_t track-id = 1
03-28 15:50:59.812 26849 28251 E CCodec : Buffer csd-0 = {
03-28 15:50:59.812 26849 28251 E CCodec : 00000000: 01 76 6f 72 62 69 73 00 00 00 00 02 80 bb 00 00 .vorbis.........
03-28 15:50:59.812 26849 28251 E CCodec : 00000010: 00 00 00 00 00 ee 02 00 00 00 00 00 b8 01 ..............
03-28 15:50:59.812 26849 28251 E CCodec : }
03-28 15:50:59.812 26849 28251 E CCodec : Buffer *csd-1 = 0xb4000077d28cb500
03-28 15:50:59.812 26849 28251 E CCodec : int32_t bitrate = 192000
03-28 15:50:59.812 26849 28251 E CCodec : int32_t channel-count = 2
03-28 15:50:59.812 26849 28251 E CCodec : int32_t sample-rate = 48000
03-28 15:50:59.812 26849 28251 E CCodec : int32_t channel-mask = 3
03-28 15:50:59.812 26849 28251 E CCodec : int32_t flags = 0
03-28 15:50:59.812 26849 28251 E CCodec : } , width 0 , higth 0
03-28 15:50:59.813 26849 28251 W Codec2Client: query -- param skipped: index = 1107298332.
03-28 15:50:59.817 26849 28252 E CCodec : before change, configure, format : AMessage(what = 0x00000000) = {
03-28 15:50:59.817 26849 28252 E CCodec : string mime = "audio/vorbis"
03-28 15:50:59.817 26849 28252 E CCodec : int64_t durationUs = 560975
03-28 15:50:59.817 26849 28252 E CCodec : int32_t track-id = 1
03-28 15:50:59.817 26849 28252 E CCodec : Buffer csd-0 = {
03-28 15:50:59.817 26849 28252 E CCodec : 00000000: 01 76 6f 72 62 69 73 00 00 00 00 01 44 ac 00 00 .vorbis.....D...
03-28 15:50:59.817 26849 28252 E CCodec : 00000010: 00 00 00 00 c0 d4 01 00 00 00 00 00 b8 01 ..............
03-28 15:50:59.817 26849 28252 E CCodec : }
03-28 15:50:59.817 26849 28252 E CCodec : Buffer *csd-1 = 0xb4000077d28cb960
03-28 15:50:59.817 26849 28252 E CCodec : int32_t bitrate = 120000
03-28 15:50:59.817 26849 28252 E CCodec : int32_t channel-count = 1
03-28 15:50:59.817 26849 28252 E CCodec : int32_t sample-rate = 44100
03-28 15:50:59.817 26849 28252 E CCodec : int32_t channel-mask = 1
03-28 15:50:59.817 26849 28252 E CCodec : int32_t flags = 0
03-28 15:50:59.817 26849 28252 E CCodec : } , width 0 , higth 0
03-28 15:50:59.818 26849 28252 W Codec2Client: query -- param skipped: index = 1107298332.
03-28 15:50:59.819 26849 28252 W Codec2Client: query -- param skipped: index = 1342179345.
03-28 15:50:59.819 26849 28252 W Codec2Client: query -- param skipped: index = 2415921170.
03-28 15:50:59.834 26849 28251 W Codec2Client: query -- param skipped: index = 1342179345.
03-28 15:50:59.834 26849 28251 W Codec2Client: query -- param skipped: index = 2415921170.
03-28 15:50:59.918 26849 26849 W libc : Access denied finding property "vendor.transsion.scroll_adjust.support"
03-28 15:50:59.918 26849 26849 W libc : Access denied finding property "vendor.transsion.scroll_adjust.support"
03-28 15:50:59.918 26849 26849 W libc : Access denied finding property "vendor.transsion.scroll_adjust.support"
03-28 15:50:59.918 26849 26849 W libc : Access denied finding property "vendor.transsion.scroll_adjust.support"
03-28 15:50:59.921 26849 26849 W libc : Access denied finding property "vendor.transsion.scroll_adjust.support"
03-28 15:50:59.922 26849 26849 W libc : Access denied finding property "vendor.transsion.scroll_adjust.support"
03-28 15:50:59.924 26849 28262 E CCodec : before change, configure, format : AMessage(what = 0x00000000) = {
03-28 15:50:59.924 26849 28262 E CCodec : string mime = "audio/vorbis"
03-28 15:50:59.924 26849 28262 E CCodec : int64_t durationUs = 450068
03-28 15:50:59.924 26849 28262 E CCodec : int32_t track-id = 1
03-28 15:50:59.924 26849 28262 E CCodec : Buffer csd-0 = {
03-28 15:50:59.924 26849 28262 E CCodec : 00000000: 01 76 6f 72 62 69 73 00 00 00 00 01 44 ac 00 00 .vorbis.....D...
03-28 15:50:59.924 26849 28262 E CCodec : 00000010: 00 00 00 00 c0 d4 01 00 00 00 00 00 b8 01 ..............
03-28 15:50:59.924 26849 28262 E CCodec : }
03-28 15:50:59.924 26849 28262 E CCodec : Buffer *csd-1 = 0xb4000077d28d2f80
03-28 15:50:59.924 26849 28262 E CCodec : int32_t bitrate = 120000
03-28 15:50:59.924 26849 28262 E CCodec : int32_t channel-count = 1
03-28 15:50:59.924 26849 28262 E CCodec : int32_t sample-rate = 44100
03-28 15:50:59.924 26849 28262 E CCodec : int32_t channel-mask = 1
03-28 15:50:59.924 26849 28262 E CCodec : int32_t flags = 0
03-28 15:50:59.924 26849 28262 E CCodec : } , width 0 , higth 0
03-28 15:50:59.929 26849 28262 W Codec2Client: query -- param skipped: index = 1107298332.
03-28 15:50:59.934 26849 28262 W Codec2Client: query -- param skipped: index = 1342179345.
03-28 15:50:59.934 26849 28262 W Codec2Client: query -- param skipped: index = 2415921170.
03-28 15:50:59.935 26849 26849 W libc : Access denied finding property "vendor.transsion.scroll_adjust.support"
03-28 15:50:59.935 26849 26849 W libc : Access denied finding property "vendor.transsion.scroll_adjust.support"
03-28 15:50:59.955 26849 26849 W libc : Access denied finding property "vendor.transsion.scroll_adjust.support"
03-28 15:50:59.955 26849 26849 W libc : Access denied finding property "vendor.transsion.scroll_adjust.support"
03-28 15:50:59.955 26849 26849 W libc : Access denied finding property "vendor.transsion.scroll_adjust.support"
03-28 15:50:59.955 26849 26849 W libc : Access denied finding property "vendor.transsion.scroll_adjust.support"
03-28 15:50:59.966 26849 28265 E CCodec : before change, configure, format : AMessage(what = 0x00000000) = {
03-28 15:50:59.966 26849 28265 E CCodec : string mime = "audio/vorbis"
03-28 15:50:59.966 26849 28265 E CCodec : int64_t durationUs = 365895
03-28 15:50:59.966 26849 28265 E CCodec : int32_t track-id = 1
03-28 15:50:59.966 26849 28265 E CCodec : Buffer csd-0 = {
03-28 15:50:59.966 26849 28265 E CCodec : 00000000: 01 76 6f 72 62 69 73 00 00 00 00 01 44 ac 00 00 .vorbis.....D...
03-28 15:50:59.966 26849 28265 E CCodec : 00000010: 00 00 00 00 c0 d4 01 00 00 00 00 00 b8 01 ..............
03-28 15:50:59.966 26849 28265 E CCodec : }
03-28 15:50:59.966 26849 28265 E CCodec : Buffer *csd-1 = 0xb4000077d28d4fb0
03-28 15:50:59.966 26849 28265 E CCodec : int32_t bitrate = 120000
03-28 15:50:59.966 26849 28265 E CCodec : int32_t channel-count = 1
03-28 15:50:59.966 26849 28265 E CCodec : int32_t sample-rate = 44100
03-28 15:50:59.966 26849 28265 E CCodec : int32_t channel-mask = 1
03-28 15:50:59.966 26849 28265 E CCodec : int32_t flags = 0
03-28 15:50:59.966 26849 28265 E CCodec : } , width 0 , higth 0
03-28 15:50:59.968 26849 28265 W Codec2Client: query -- param skipped: index = 1107298332.
03-28 15:50:59.971 26849 28265 W Codec2Client: query -- param skipped: index = 1342179345.
03-28 15:50:59.972 26849 28265 W Codec2Client: query -- param skipped: index = 2415921170.
03-28 15:51:00.011 26849 28268 E CCodec : before change, configure, format : AMessage(what = 0x00000000) = {
03-28 15:51:00.011 26849 28268 E CCodec : string mime = "audio/vorbis"
03-28 15:51:00.011 26849 28268 E CCodec : int64_t durationUs = 408594
03-28 15:51:00.011 26849 28268 E CCodec : int32_t track-id = 1
03-28 15:51:00.011 26849 28268 E CCodec : Buffer csd-0 = {
03-28 15:51:00.011 26849 28268 E CCodec : 00000000: 01 76 6f 72 62 69 73 00 00 00 00 01 44 ac 00 00 .vorbis.....D...
03-28 15:51:00.011 26849 28268 E CCodec : 00000010: 00 00 00 00 c0 d4 01 00 00 00 00 00 b8 01 ..............
03-28 15:51:00.011 26849 28268 E CCodec : }
03-28 15:51:00.011 26849 28268 E CCodec : Buffer *csd-1 = 0xb4000077d28d85c0
03-28 15:51:00.011 26849 28268 E CCodec : int32_t bitrate = 120000
03-28 15:51:00.011 26849 28268 E CCodec : int32_t channel-count = 1
03-28 15:51:00.011 26849 28268 E CCodec : int32_t sample-rate = 44100
03-28 15:51:00.011 26849 28268 E CCodec : int32_t channel-mask = 1
03-28 15:51:00.011 26849 28268 E CCodec : int32_t flags = 0
03-28 15:51:00.011 26849 28268 E CCodec : } , width 0 , higth 0
03-28 15:51:00.013 26849 28268 W Codec2Client: query -- param skipped: index = 1107298332.
03-28 15:51:00.015 26849 28268 W Codec2Client: query -- param skipped: index = 1342179345.
03-28 15:51:00.015 26849 28268 W Codec2Client: query -- param skipped: index = 2415921170.
03-28 15:51:00.045 26849 26849 W libc : Access denied finding property "vendor.transsion.scroll_adjust.support"
03-28 15:51:00.045 26849 26849 W libc : Access denied finding property "vendor.transsion.scroll_adjust.support"
03-28 15:51:00.059 26849 27434 W Parcel : Expecting binder but got null!
03-28 15:51:00.091 26849 27434 W Parcel : Expecting binder but got null!
03-28 15:51:00.094 26849 26849 W BottomSheetBehavior: BottomSheetBehavior now supports multiple callbacks. `setBottomSheetCallback()` removes all existing callbacks, including ones set internally by library authors, which may result in unintended behavior. This may change in the future. Please use `addBottomSheetCallback()` and `removeBottomSheetCallback()` instead to set your own callbacks.
03-28 15:51:00.786 26849 28150 W libOpenSLES: Conversion from OpenSL ES positional channel mask 0x4 to Android mask 0 loses channels
03-28 15:51:01.196 26849 26849 E TranChoreographerImpl: skippedFrames: 32
03-28 15:51:10.954 26849 28282 E libOpenSLES: frameworks/wilhelm/src/android/AudioRecorder_to_android.cpp:320: pthread_mutex_lock_timeout_np returned 110
03-28 15:51:10.974 26849 28282 E libOpenSLES: frameworks/wilhelm/src/android/AudioRecorder_to_android.cpp:320: pthread_mutex_lock_timeout_np returned 110
03-28 15:51:11.005 26849 28282 E libOpenSLES: frameworks/wilhelm/src/android/AudioRecorder_to_android.cpp:320: pthread_mutex_lock_timeout_np returned 110
03-28 15:51:11.186 26849 26849 W View : requestLayout() improperly called by com.mbwhatsapp.TextEmojiLabel{30d452f VFED..C.. ......ID 0,0-302,67 #7f0b06ab app:id/conversation_contact_name} during layout: running second layout pass
03-28 15:51:41.328 26849 26849 W View : requestLayout() improperly called by com.mbwhatsapp.TextEmojiLabel{30d452f VFED..C.. ......ID 0,0-302,67 #7f0b06ab app:id/conversation_contact_name} during layout: running second layout pass
03-28 15:51:55.716 26849 26849 W View : requestLayout() improperly called by com.mbwhatsapp.TextEmojiLabel{30d452f VFED..C.. ......ID 0,0-302,67 #7f0b06ab app:id/conversation_contact_name} during layout: running second layout pass
03-28 15:51:56.960 26849 26849 E ArmVmp : Match on catch block at 0x0a in for 0x181
03-28 15:51:56.963 26849 26849 E ArmVmp : Match on catch block at 0x0a in for 0x195
03-28 15:51:56.989 26849 26849 E ArmVmp : Match on catch block at 0xc3 in for 0x141
03-28 15:51:56.990 26849 26849 E ArmVmp : Match on catch block at 0xc3 in for 0x159
03-28 15:51:57.007 26849 26849 E ArmVmp : Match on catch block at 0xc3 in for 0x155
03-28 15:51:57.008 26849 26849 E ArmVmp : Match on catch block at 0xc3 in for 0x151
03-28 15:51:57.015 26849 26849 E ArmVmp : Match on catch block at 0xc3 in for 0x159
03-28 15:51:57.017 26849 26849 E ArmVmp : Match on catch block at 0xc3 in for 0x155
03-28 15:51:57.034 26849 26849 E ArmVmp : Match on catch block at 0xc3 in for 0x159
03-28 15:51:57.035 26849 26849 E ArmVmp : Match on catch block at 0xc3 in for 0x155
03-28 15:51:57.041 26849 26849 E ArmVmp : Match on catch block at 0xc3 in for 0x141
03-28 15:51:57.042 26849 26849 E ArmVmp : Match on catch block at 0xc3 in for 0x159
03-28 15:51:57.052 26849 26849 E ArmVmp : Match on catch block at 0xc3 in for 0x145
03-28 15:51:57.053 26849 26849 E ArmVmp : Match on catch block at 0xc3 in for 0x141
03-28 15:51:57.059 26849 26849 E ArmVmp : Match on catch block at 0xc3 in for 0x149
03-28 15:51:57.061 26849 26849 E ArmVmp : Match on catch block at 0xc3 in for 0x145
03-28 15:51:57.066 26849 26849 E ArmVmp : Match on catch block at 0xc3 in for 0x14d
03-28 15:51:57.067 26849 26849 E ArmVmp : Match on catch block at 0xc3 in for 0x149
03-28 15:51:57.072 26849 26849 E ArmVmp : Match on catch block at 0xc3 in for 0x151
03-28 15:51:57.075 26849 26849 E ArmVmp : Match on catch block at 0xc3 in for 0x14d
03-28 15:51:57.079 26849 26849 E ArmVmp : Match on catch block at 0xc3 in for 0x155
03-28 15:51:57.081 26849 26849 E ArmVmp : Match on catch block at 0xc3 in for 0x151
03-28 15:51:57.087 26849 26849 E ArmVmp : Match on catch block at 0xc3 in for 0x159
03-28 15:51:57.088 26849 26849 E ArmVmp : Match on catch block at 0xc3 in for 0x155
03-28 15:51:57.095 26849 26849 E ArmVmp : Match on catch block at 0xc3 in for 0x141
03-28 15:51:57.097 26849 26849 E ArmVmp : Match on catch block at 0xc3 in for 0x159
03-28 15:51:57.104 26849 26849 E ArmVmp : Match on catch block at 0xc3 in for 0x145
03-28 15:51:57.105 26849 26849 E ArmVmp : Match on catch block at 0xc3 in for 0x141
03-28 15:51:57.112 26849 26849 E ArmVmp : Match on catch block at 0xc3 in for 0x149
03-28 15:51:57.113 26849 26849 E ArmVmp : Match on catch block at 0xc3 in for 0x145
03-28 15:51:57.120 26849 26849 E ArmVmp : Match on catch block at 0xc3 in for 0x14d
03-28 15:51:57.122 26849 26849 E ArmVmp : Match on catch block at 0xc3 in for 0x149
