We take content rights seriously. If you suspect this is your content, claim it here.
Available Formats
Download as TXT, PDF, TXT or read online on Scribd
You are on page 1/ 8
--------- beginning of main
04-29 00:48:27.857 9673 9673 E com.mbwhatsapp: Not starting debugger since
process cannot load the jdwp agent.
04-29 00:48:28.407 9673 9673 W System.err: java.lang.ClassNotFoundException: mbmodsd.mbmodsw.ui.views.btn.BtnBK
04-29 00:48:28.407 9673 9673 W System.err: at java.lang.VMClassLoader.findLoadedClass(Native Method)
04-29 00:48:28.408 9673 9673 W System.err: at java.lang.ClassLoader.findLoadedClass(ClassLoader.java:738)
04-29 00:48:28.408 9673 9673 W System.err: at java.lang.ClassLoader.loadClass(ClassLoader.java:363)
04-29 00:48:28.408 9673 9673 W System.err: at java.lang.ClassLoader.loadClass(ClassLoader.java:312)
04-29 00:48:28.408 9673 9673 W System.err: at java.lang.Runtime.nativeLoad(Native Method)
04-29 00:48:28.408 9673 9673 W System.err: at java.lang.Runtime.loadLibrary0(Runtime.java:1014)
04-29 00:48:28.408 9673 9673 W System.err: at java.lang.System.loadLibrary(System.java:1669)
04-29 00:48:28.408 9673 9673 W System.err: at arm.EpicVm.<clinit>(Unknown Source:2)
04-29 00:48:28.408 9673 9673 W System.err: at java.lang.Class.newInstance(Native Method)
04-29 00:48:28.408 9673 9673 W System.err: at android.app.AppComponentFactory.instantiateApplication(AppComponentFactory.java:50)
04-29 00:48:28.408 9673 9673 W System.err: at androidx.core.app.CoreComponentFactory.instantiateApplication(Unknown Source:0)
04-29 00:48:28.408 9673 9673 W System.err: at android.app.Instrumentation.newApplication(Instrumentation.java:1124)
04-29 00:48:28.408 9673 9673 W System.err: at android.app.LoadedApk.makeApplication(LoadedApk.java:1130)
04-29 00:48:28.408 9673 9673 W System.err: at android.app.ActivityThread.handleBindApplication(ActivityThread.java:6275)
04-29 00:48:28.408 9673 9673 W System.err: at android.app.ActivityThread.access$1200(ActivityThread.java:241)
04-29 00:48:28.408 9673 9673 W System.err: at android.app.ActivityThread$H.handleMessage(ActivityThread.java:1807)
04-29 00:48:28.408 9673 9673 W System.err: at android.os.Handler.dispatchMessage(Handler.java:106)
04-29 00:48:28.408 9673 9673 W System.err: at android.os.Looper.loop(Looper.java:214)
04-29 00:48:28.408 9673 9673 W System.err: at android.app.ActivityThread.main(ActivityThread.java:7156)
04-29 00:48:28.408 9673 9673 W System.err: at java.lang.reflect.Method.invoke(Native Method)
04-29 00:48:28.408 9673 9673 W System.err: at com.android.internal.os.RuntimeInit$MethodAndArgsCaller.run(RuntimeInit.java:494)
04-29 00:48:28.408 9673 9673 W System.err: at com.android.internal.os.ZygoteInit.main(ZygoteInit.java:975)
04-29 00:48:28.408 9673 9673 W System.err: Caused by: java.lang.NoClassDefFoundError: Failed resolution of: Lcom/mbwhatsapp/components/Button;
04-29 00:48:28.408 9673 9673 W System.err: ... 18 more
04-29 00:48:28.409 9673 9673 W System.err: Caused by: java.lang.ClassNotFoundException: Didn't find class "com.mbwhatsapp.components.Button" on path: DexPathList[[zip file "/system/framework/org.apache.http.legacy.boot.jar", zip file "/data/app/com.mbwhatsapp-_5PE218t_7j8h4yIcKxpUA==/base.apk"],nativeLibraryDirector ies=[/data/app/com.mbwhatsapp-_5PE218t_7j8h4yIcKxpUA==/lib/arm, /data/app/com.mbwhatsapp-_5PE218t_7j8h4yIcKxpUA==/base.apk!/lib/armeabi-v7a, /system/lib, /system/vendor/lib]]
04-29 00:48:28.409 9673 9673 W System.err: at dalvik.system.BaseDexClassLoader.findClass(BaseDexClassLoader.java:134)
04-29 00:48:28.409 9673 9673 W System.err: at java.lang.ClassLoader.loadClass(ClassLoader.java:379)
04-29 00:48:28.409 9673 9673 W System.err: at java.lang.ClassLoader.loadClass(ClassLoader.java:312)
04-29 00:48:28.409 9673 9673 W System.err: ... 18 more
04-29 00:48:28.595 9673 9673 E CustomActivityOnCrash: IMPORTANT WARNING! You already have an UncaughtExceptionHandler, are you sure this is correct? If you use a custom UncaughtExceptionHandler, you must initialize it AFTER CustomActivityOnCrash! Installing anyway, but your original handler will not be called.
04-29 00:48:29.897 9673 9702 W LibraryVersion: Failed to get app version for libraryName: firebase-iid
04-29 00:48:30.912 9748 9748 E com.mbwhatsapp: Not starting debugger since process cannot load the jdwp agent.
04-29 00:48:31.104 9748 9748 W System.err: java.lang.ClassNotFoundException: mbmodsd.mbmodsw.ui.views.btn.BtnBK
04-29 00:48:31.105 9748 9748 W System.err: at java.lang.VMClassLoader.findLoadedClass(Native Method)
04-29 00:48:31.105 9748 9748 W System.err: at java.lang.ClassLoader.findLoadedClass(ClassLoader.java:738)
04-29 00:48:31.105 9748 9748 W System.err: at java.lang.ClassLoader.loadClass(ClassLoader.java:363)
04-29 00:48:31.105 9748 9748 W System.err: at java.lang.ClassLoader.loadClass(ClassLoader.java:312)
04-29 00:48:31.105 9748 9748 W System.err: at java.lang.Runtime.nativeLoad(Native Method)
04-29 00:48:31.105 9748 9748 W System.err: at java.lang.Runtime.loadLibrary0(Runtime.java:1014)
04-29 00:48:31.105 9748 9748 W System.err: at java.lang.System.loadLibrary(System.java:1669)
04-29 00:48:31.105 9748 9748 W System.err: at arm.EpicVm.<clinit>(Unknown Source:2)
04-29 00:48:31.105 9748 9748 W System.err: at java.lang.Class.newInstance(Native Method)
04-29 00:48:31.105 9748 9748 W System.err: at android.app.AppComponentFactory.instantiateApplication(AppComponentFactory.java:50)
04-29 00:48:31.105 9748 9748 W System.err: at androidx.core.app.CoreComponentFactory.instantiateApplication(Unknown Source:0)
04-29 00:48:31.105 9748 9748 W System.err: at android.app.Instrumentation.newApplication(Instrumentation.java:1124)
04-29 00:48:31.105 9748 9748 W System.err: at android.app.LoadedApk.makeApplication(LoadedApk.java:1130)
04-29 00:48:31.105 9748 9748 W System.err: at android.app.ActivityThread.handleBindApplication(ActivityThread.java:6275)
04-29 00:48:31.105 9748 9748 W System.err: at android.app.ActivityThread.access$1200(ActivityThread.java:241)
04-29 00:48:31.105 9748 9748 W System.err: at android.app.ActivityThread$H.handleMessage(ActivityThread.java:1807)
04-29 00:48:31.105 9748 9748 W System.err: at android.os.Handler.dispatchMessage(Handler.java:106)
04-29 00:48:31.105 9748 9748 W System.err: at android.os.Looper.loop(Looper.java:214)
04-29 00:48:31.105 9748 9748 W System.err: at android.app.ActivityThread.main(ActivityThread.java:7156)
04-29 00:48:31.105 9748 9748 W System.err: at java.lang.reflect.Method.invoke(Native Method)
04-29 00:48:31.105 9748 9748 W System.err: at com.android.internal.os.RuntimeInit$MethodAndArgsCaller.run(RuntimeInit.java:494)
04-29 00:48:31.105 9748 9748 W System.err: at com.android.internal.os.ZygoteInit.main(ZygoteInit.java:975)
04-29 00:48:31.105 9748 9748 W System.err: Caused by: java.lang.NoClassDefFoundError: Failed resolution of: Lcom/mbwhatsapp/components/Button;
04-29 00:48:31.105 9748 9748 W System.err: ... 18 more
04-29 00:48:31.106 9748 9748 W System.err: Caused by: java.lang.ClassNotFoundException: Didn't find class "com.mbwhatsapp.components.Button" on path: DexPathList[[zip file "/system/framework/org.apache.http.legacy.boot.jar", zip file "/data/app/com.mbwhatsapp-_5PE218t_7j8h4yIcKxpUA==/base.apk"],nativeLibraryDirector ies=[/data/app/com.mbwhatsapp-_5PE218t_7j8h4yIcKxpUA==/lib/arm, /data/app/com.mbwhatsapp-_5PE218t_7j8h4yIcKxpUA==/base.apk!/lib/armeabi-v7a, /system/lib, /system/vendor/lib]]
04-29 00:48:31.106 9748 9748 W System.err: at dalvik.system.BaseDexClassLoader.findClass(BaseDexClassLoader.java:134)
04-29 00:48:31.106 9748 9748 W System.err: at java.lang.ClassLoader.loadClass(ClassLoader.java:379)
04-29 00:48:31.106 9748 9748 W System.err: at java.lang.ClassLoader.loadClass(ClassLoader.java:312)
04-29 00:48:31.106 9748 9748 W System.err: ... 18 more
04-29 00:48:31.205 9748 9748 E CustomActivityOnCrash: IMPORTANT WARNING! You already have an UncaughtExceptionHandler, are you sure this is correct? If you use a custom UncaughtExceptionHandler, you must initialize it AFTER CustomActivityOnCrash! Installing anyway, but your original handler will not be called.
04-29 00:48:31.277 9748 9766 W LibraryVersion: Failed to get app version for libraryName: firebase-iid
04-29 00:48:31.468 9748 9748 E ArmVmp : Match on catch block at 0x33 in for 0x161
04-29 00:48:31.470 9748 9748 W System.err: java.io.IOException: No such file or directory
04-29 00:48:31.470 9748 9748 W System.err:
04-29 00:48:31.471 9748 9748 W System.err: at java.io.UnixFileSystem.createFileExclusively0(Native Method)
04-29 00:48:31.471 9748 9748 W System.err:
04-29 00:48:31.472 9748 9748 W System.err: at java.io.UnixFileSystem.createFileExclusively(UnixFileSystem.java:281)
04-29 00:48:31.472 9748 9748 W System.err:
04-29 00:48:31.472 9748 9748 W System.err: at java.io.File.createNewFile(File.java:1008)
04-29 00:48:31.472 9748 9748 W System.err:
04-29 00:48:31.473 9748 9748 W System.err: at mbmodsd.mbmodsw.logcat.LogCapturer.startCapturing(Native Method)
04-29 00:48:31.473 9748 9748 W System.err:
04-29 00:48:31.473 9748 9748 W System.err: at mbmodsd.mbmodsw.logcat.LogCapturer.mbcapturelog(Native Method)
04-29 00:48:31.473 9748 9748 W System.err:
04-29 00:48:31.473 9748 9748 W System.err: at com.mbwhatsapp.yo.mbyo.yo(Native Method)
04-29 00:48:31.473 9748 9748 W System.err:
04-29 00:48:31.473 9748 9748 W System.err: at X.0yS.onCreate(Unknown Source:3)
04-29 00:48:31.474 9748 9748 W System.err:
04-29 00:48:31.474 9748 9748 W System.err: at X.1FT.onCreate(Unknown Source:3)
04-29 00:48:31.474 9748 9748 W System.err:
04-29 00:48:31.474 9748 9748 W System.err: at android.app.Instrumentation.callApplicationOnCreate(Instrumentation.java:1158)
04-29 00:48:31.474 9748 9748 W System.err:
04-29 00:48:31.474 9748 9748 W System.err: at android.app.ActivityThread.handleBindApplication(ActivityThread.java:6304)
04-29 00:48:31.474 9748 9748 W System.err:
04-29 00:48:31.475 9748 9748 W System.err: at android.app.ActivityThread.access$1200(ActivityThread.java:241)
04-29 00:48:31.475 9748 9748 W System.err:
04-29 00:48:31.475 9748 9748 W System.err: at android.app.ActivityThread$H.handleMessage(ActivityThread.java:1807)
04-29 00:48:31.475 9748 9748 W System.err:
04-29 00:48:31.475 9748 9748 W System.err: at android.os.Handler.dispatchMessage(Handler.java:106)
04-29 00:48:31.475 9748 9748 W System.err:
04-29 00:48:31.476 9748 9748 W System.err: at android.os.Looper.loop(Looper.java:214)
04-29 00:48:31.476 9748 9748 W System.err:
04-29 00:48:31.476 9748 9748 W System.err: at android.app.ActivityThread.main(ActivityThread.java:7156)
04-29 00:48:31.476 9748 9748 W System.err:
04-29 00:48:31.476 9748 9748 W System.err: at java.lang.reflect.Method.invoke(Native Method)
04-29 00:48:31.476 9748 9748 W System.err:
04-29 00:48:31.476 9748 9748 W System.err: at com.android.internal.os.RuntimeInit$MethodAndArgsCaller.run(RuntimeInit.java:494)
04-29 00:48:31.477 9748 9748 W System.err:
04-29 00:48:31.477 9748 9748 W System.err: at com.android.internal.os.ZygoteInit.main(ZygoteInit.java:975)
04-29 00:48:31.477 9748 9748 W System.err:
04-29 00:48:34.293 9748 9825 W com.mbwhatsapp: Class X.2rL failed lock verification and will run slower.
04-29 00:48:34.293 9748 9825 W com.mbwhatsapp: Common causes for lock verification issues are non-optimized dex code
04-29 00:48:34.293 9748 9825 W com.mbwhatsapp: and incorrect proguard optimizations.
04-29 00:48:34.420 9748 9748 W com.mbwhatsapp: Class X.0eU failed lock verification and will run slower.
04-29 00:48:34.485 9748 9748 W com.mbwhatsapp: Accessing hidden method Landroid/content/res/Resources$Theme;->rebase()V (dark greylist, reflection)
04-29 00:48:35.179 9748 9748 W ActivityThread: handleWindowVisibility: no activity for token android.os.BinderProxy@9b6f347
04-29 00:48:35.544 9748 9748 W Activity: Can request only one set of permissions at a time
04-29 00:48:37.515 9748 9748 E com.mbwhatsapp: Invalid ID 0x00000000.
04-29 00:48:37.521 9748 9748 E com.mbwhatsapp: Invalid ID 0x00000000.
04-29 00:48:40.879 9748 9843 W libEGL : EGLNativeWindowType 0xc9b5d808 disconnect failed
04-29 00:48:44.970 9748 9748 W com.mbwhatsapp: Accessing hidden method Landroid/view/View;->setTransitionVisibility(I)V (dark greylist, linking)
04-29 00:48:46.016 9748 10296 E ShortcutInfoCompatSaver: Failed to load saved values from file /data/user/0/com.mbwhatsapp/files/ShortcutInfoCompatSaver_share_targets/ targets.xml. Old state removed, new added
04-29 00:48:46.016 9748 10296 E ShortcutInfoCompatSaver: java.io.FileNotFoundException: /data/user/0/com.mbwhatsapp/files/ShortcutInfoCompatSaver_share_targets/targets.xml (No such file or directory)
04-29 00:48:46.016 9748 10296 E ShortcutInfoCompatSaver: at java.io.FileInputStream.open0(Native Method)
04-29 00:48:46.016 9748 10296 E ShortcutInfoCompatSaver: at java.io.FileInputStream.open(FileInputStream.java:231)
04-29 00:48:46.016 9748 10296 E ShortcutInfoCompatSaver: at java.io.FileInputStream.<init>(FileInputStream.java:165)
04-29 00:48:46.016 9748 10296 E ShortcutInfoCompatSaver: at X.0nz.run(Unknown Source:82)
04-29 00:48:46.016 9748 10296 E ShortcutInfoCompatSaver: at java.util.concurrent.Executors$RunnableAdapter.call(Executors.java:459)
04-29 00:48:46.016 9748 10296 E ShortcutInfoCompatSaver: at java.util.concurrent.FutureTask.run(FutureTask.java:266)
04-29 00:48:46.016 9748 10296 E ShortcutInfoCompatSaver: at java.util.concurrent.ThreadPoolExecutor.runWorker(ThreadPoolExecutor.java:1167)
04-29 00:48:46.016 9748 10296 E ShortcutInfoCompatSaver: at java.util.concurrent.ThreadPoolExecutor$Worker.run(ThreadPoolExecutor.java:641)
04-29 00:48:46.016 9748 10296 E ShortcutInfoCompatSaver: at java.lang.Thread.run(Thread.java:764)
04-29 00:48:46.295 9748 9843 E BufferQueueProducer: [unnamed-9748-0] disconnect: not connected (req=1)
04-29 00:48:46.295 9748 9843 W libEGL : EGLNativeWindowType 0xc9b5d808 disconnect failed
04-29 00:48:46.329 9748 9843 E BufferQueueProducer: [unnamed-9748-1] disconnect: not connected (req=1)
04-29 00:48:46.329 9748 9843 W libEGL : EGLNativeWindowType 0xc9b6e008 disconnect failed
04-29 00:48:46.336 9748 9843 E BufferQueueProducer: [unnamed-9748-2] disconnect: not connected (req=1)
04-29 00:48:46.337 9748 9843 W libEGL : EGLNativeWindowType 0xc9b6e008 disconnect failed
04-29 00:48:57.680 9748 9748 W ActivityThread: handleWindowVisibility: no activity for token android.os.BinderProxy@c9362ec
04-29 00:48:59.335 9748 9843 W libEGL : EGLNativeWindowType 0xc7e3f808 disconnect failed
04-29 00:49:03.368 9748 9843 W libEGL : EGLNativeWindowType 0xc959a008 disconnect failed
04-29 00:49:03.536 9748 9748 W IInputConnectionWrapper: performPrivateCommand on inactive InputConnection
04-29 00:50:05.646 9748 9748 E InputMethodManager: prepareNavigationBarInfo() rootView is null
04-29 00:50:05.673 9748 9748 E InputMethodManager: prepareNavigationBarInfo() rootView is null
04-29 00:50:13.811 9748 9789 E PlayCore: UID: [10102] PID: [9748] StandardIntegrity : Phonesky is not installed.
04-29 00:50:13.971 9748 9790 W com.mbwhatsapp: Unknown chunk type '200'.
04-29 00:50:14.826 9748 9843 W libEGL : EGLNativeWindowType 0xc959a808 disconnect failed
04-29 00:50:15.031 9748 9748 E ViewRootImpl: sendUserActionEvent() returned.
04-29 00:50:16.755 9748 9843 W libEGL : EGLNativeWindowType 0xc9dd7808 disconnect failed
04-29 00:50:16.801 9748 9748 E ViewRootImpl: sendUserActionEvent() returned.
04-29 00:50:17.804 9748 9748 W ActivityThread: handleWindowVisibility: no activity for token android.os.BinderProxy@4d2a455
04-29 00:50:18.804 9748 9843 W libEGL : EGLNativeWindowType 0xc7adc808 disconnect failed
04-29 00:50:18.973 9748 9748 E ViewRootImpl: sendUserActionEvent() returned.
04-29 00:50:19.023 9748 9843 W libEGL : EGLNativeWindowType 0xc959a008 disconnect failed
04-29 00:50:19.039 9748 9748 W IInputConnectionWrapper: performPrivateCommand on inactive InputConnection
04-29 00:50:19.039 9748 9748 W IInputConnectionWrapper: getExtractedText on inactive InputConnection
04-29 00:50:19.045 9748 9748 W IInputConnectionWrapper: performPrivateCommand on inactive InputConnection
04-29 00:50:19.129 9748 9748 W IInputConnectionWrapper: performPrivateCommand on inactive InputConnection
04-29 00:50:27.745 9748 9843 W libEGL : EGLNativeWindowType 0xc7aff008 disconnect failed
04-29 00:50:27.780 9748 9843 W libEGL : EGLNativeWindowType 0xc7aff808 disconnect failed
04-29 00:50:45.126 9748 9748 W ActivityThread: handleWindowVisibility: no activity for token android.os.BinderProxy@6044871
04-29 00:50:48.660 9748 9748 W ActivityThread: handleWindowVisibility: no activity for token android.os.BinderProxy@c526105
04-29 00:50:48.894 9748 9748 W X.0Z6 : Invalid or missing region code (Perú) provided.
04-29 00:50:49.778 9748 9843 W libEGL : EGLNativeWindowType 0xe172e808 disconnect failed
04-29 00:50:55.527 9748 9843 W libEGL : EGLNativeWindowType 0xc9b5b808 disconnect failed
04-29 00:50:55.579 9748 9843 W libEGL : EGLNativeWindowType 0xc9b5d008 disconnect failed
04-29 00:51:45.241 11186 11186 E com.mbwhatsapp: Not starting debugger since process cannot load the jdwp agent.
04-29 00:51:45.579 11186 11186 W System.err: java.lang.ClassNotFoundException: mbmodsd.mbmodsw.ui.views.btn.BtnBK
04-29 00:51:45.579 11186 11186 W System.err: at java.lang.VMClassLoader.findLoadedClass(Native Method)
04-29 00:51:45.579 11186 11186 W System.err: at java.lang.ClassLoader.findLoadedClass(ClassLoader.java:738)
04-29 00:51:45.579 11186 11186 W System.err: at java.lang.ClassLoader.loadClass(ClassLoader.java:363)
04-29 00:51:45.579 11186 11186 W System.err: at java.lang.ClassLoader.loadClass(ClassLoader.java:312)
04-29 00:51:45.579 11186 11186 W System.err: at java.lang.Runtime.nativeLoad(Native Method)
04-29 00:51:45.579 11186 11186 W System.err: at java.lang.Runtime.loadLibrary0(Runtime.java:1014)
04-29 00:51:45.579 11186 11186 W System.err: at java.lang.System.loadLibrary(System.java:1669)
04-29 00:51:45.579 11186 11186 W System.err: at arm.EpicVm.<clinit>(Unknown Source:2)
04-29 00:51:45.579 11186 11186 W System.err: at java.lang.Class.newInstance(Native Method)
04-29 00:51:45.579 11186 11186 W System.err: at android.app.AppComponentFactory.instantiateApplication(AppComponentFactory.java:50)
04-29 00:51:45.579 11186 11186 W System.err: at androidx.core.app.CoreComponentFactory.instantiateApplication(Unknown Source:0)
04-29 00:51:45.579 11186 11186 W System.err: at android.app.Instrumentation.newApplication(Instrumentation.java:1124)
04-29 00:51:45.579 11186 11186 W System.err: at android.app.LoadedApk.makeApplication(LoadedApk.java:1130)
04-29 00:51:45.579 11186 11186 W System.err: at android.app.ActivityThread.handleBindApplication(ActivityThread.java:6275)
04-29 00:51:45.579 11186 11186 W System.err: at android.app.ActivityThread.access$1200(ActivityThread.java:241)
04-29 00:51:45.579 11186 11186 W System.err: at android.app.ActivityThread$H.handleMessage(ActivityThread.java:1807)
04-29 00:51:45.579 11186 11186 W System.err: at android.os.Handler.dispatchMessage(Handler.java:106)
04-29 00:51:45.579 11186 11186 W System.err: at android.os.Looper.loop(Looper.java:214)
04-29 00:51:45.579 11186 11186 W System.err: at android.app.ActivityThread.main(ActivityThread.java:7156)
04-29 00:51:45.580 11186 11186 W System.err: at java.lang.reflect.Method.invoke(Native Method)
04-29 00:51:45.580 11186 11186 W System.err: at com.android.internal.os.RuntimeInit$MethodAndArgsCaller.run(RuntimeInit.java:494)
04-29 00:51:45.580 11186 11186 W System.err: at com.android.internal.os.ZygoteInit.main(ZygoteInit.java:975)
04-29 00:51:45.580 11186 11186 W System.err: Caused by: java.lang.NoClassDefFoundError: Failed resolution of: Lcom/mbwhatsapp/components/Button;
04-29 00:51:45.580 11186 11186 W System.err: ... 18 more
04-29 00:51:45.580 11186 11186 W System.err: Caused by: java.lang.ClassNotFoundException: Didn't find class "com.mbwhatsapp.components.Button" on path: DexPathList[[zip file "/system/framework/org.apache.http.legacy.boot.jar", zip file "/data/app/com.mbwhatsapp-_5PE218t_7j8h4yIcKxpUA==/base.apk"],nativeLibraryDirector ies=[/data/app/com.mbwhatsapp-_5PE218t_7j8h4yIcKxpUA==/lib/arm, /data/app/com.mbwhatsapp-_5PE218t_7j8h4yIcKxpUA==/base.apk!/lib/armeabi-v7a, /system/lib, /system/vendor/lib]]
04-29 00:51:45.580 11186 11186 W System.err: at dalvik.system.BaseDexClassLoader.findClass(BaseDexClassLoader.java:134)
04-29 00:51:45.580 11186 11186 W System.err: at java.lang.ClassLoader.loadClass(ClassLoader.java:379)
04-29 00:51:45.580 11186 11186 W System.err: at java.lang.ClassLoader.loadClass(ClassLoader.java:312)
04-29 00:51:45.580 11186 11186 W System.err: ... 18 more
04-29 00:51:45.707 11186 11186 E CustomActivityOnCrash: IMPORTANT WARNING! You already have an UncaughtExceptionHandler, are you sure this is correct? If you use a custom UncaughtExceptionHandler, you must initialize it AFTER CustomActivityOnCrash! Installing anyway, but your original handler will not be called.
04-29 00:51:46.540 11186 11231 W com.mbwhatsapp: Class X.2rL failed lock verification and will run slower.
04-29 00:51:46.540 11186 11231 W com.mbwhatsapp: Common causes for lock verification issues are non-optimized dex code
04-29 00:51:46.540 11186 11231 W com.mbwhatsapp: and incorrect proguard optimizations.
04-29 00:51:46.571 11186 11186 W com.mbwhatsapp: Class X.0eU failed lock verification and will run slower.
04-29 00:51:46.593 11186 11186 W com.mbwhatsapp: Accessing hidden method Landroid/content/res/Resources$Theme;->rebase()V (dark greylist, reflection)
04-29 00:51:46.940 11186 11186 W ActivityThread: handleWindowVisibility: no activity for token android.os.BinderProxy@fd7c3d6
04-29 00:51:49.648 11186 11186 W ActivityThread: handleWindowVisibility: no activity for token android.os.BinderProxy@6debdef
04-29 00:51:50.524 11186 11247 W libEGL : EGLNativeWindowType 0xe165f808 disconnect failed
04-29 00:51:58.263 11186 11219 E PlayCore: UID: [10102] PID: [11186] StandardIntegrity : Phonesky is not installed.
04-29 00:51:58.402 11186 11316 W com.mbwhatsapp: Unknown chunk type '200'.
04-29 00:51:59.214 11186 11247 W libEGL : EGLNativeWindowType 0xe165f808 disconnect failed
04-29 00:51:59.478 11186 11186 E ViewRootImpl: sendUserActionEvent() returned.
04-29 00:52:01.012 11186 11247 W libEGL : EGLNativeWindowType 0xc5ddd008 disconnect failed
04-29 00:52:01.104 11186 11186 E ViewRootImpl: sendUserActionEvent() returned.
04-29 00:52:02.222 11186 11186 W ActivityThread: handleWindowVisibility: no activity for token android.os.BinderProxy@c2662db
04-29 00:52:03.203 11186 11247 W libEGL : EGLNativeWindowType 0xc67b7808 disconnect failed
04-29 00:52:03.383 11186 11186 E ViewRootImpl: sendUserActionEvent() returned.
04-29 00:52:03.436 11186 11247 W libEGL : EGLNativeWindowType 0xc5352808 disconnect failed
04-29 00:52:03.456 11186 11186 W IInputConnectionWrapper: performPrivateCommand on inactive InputConnection
04-29 00:52:03.471 11186 11186 W IInputConnectionWrapper: getExtractedText on inactive InputConnection
04-29 00:52:03.480 11186 11186 W IInputConnectionWrapper: performPrivateCommand on inactive InputConnection
04-29 00:52:03.719 11186 11186 W IInputConnectionWrapper: performPrivateCommand on inactive InputConnection
04-29 00:52:08.819 11186 11247 W libEGL : EGLNativeWindowType 0xc67b8808 disconnect failed
04-29 00:52:09.287 11186 11247 W libEGL : EGLNativeWindowType 0xc67b8008 disconnect failed
04-29 00:52:37.338 11186 11247 W libEGL : EGLNativeWindowType 0xc67b8808 disconnect failed
04-29 00:52:37.395 11186 11247 W libEGL : EGLNativeWindowType 0xc5352808 disconnect failed
04-29 00:52:40.584 11186 11186 W ActivityThread: handleWindowVisibility: no activity for token android.os.BinderProxy@9a37167
04-29 00:52:40.741 11186 11186 W ActivityThread: handleWindowVisibility: no activity for token android.os.BinderProxy@52cccba
04-29 00:52:42.619 11186 11247 W libEGL : EGLNativeWindowType 0xc8ecd808 disconnect failed