11-29 19:26:36.437 W/SystemConfig( 1398): ro.product.name = a12usq
11-29 19:26:36.437 W/SystemConfig( 1398): fname = t2sxeea
11-29 19:26:36.437 W/SystemConfig( 1398): ro.product.name = a12usq
11-29 19:26:36.437 W/SystemConfig( 1398): fname = t2sxtur
11-29 19:26:36.437 W/SystemConfig( 1398): ro.product.name = a12usq
11-29 19:26:36.437 W/SystemConfig( 1398): fname = t2qzhx
11-29 19:26:36.437 W/SystemConfig( 1398): ro.product.name = a12usq
11-29 19:26:36.437 W/SystemConfig( 1398): fname = t2qsqw
11-29 19:26:36.437 W/SystemConfig( 1398): ro.product.name = a12usq
11-29 19:26:36.437 W/SystemConfig( 1398): fname = t2qcsx
11-29 19:26:36.437 W/SystemConfig( 1398): ro.product.name = a12usq
11-29 19:26:36.437 W/SystemConfig( 1398): fname = t2quew
11-29 19:26:36.437 W/SystemConfig( 1398): ro.product.name = a12usq
11-29 19:26:36.437 W/SystemConfig( 1398): fname = SCG10_jp_kdi
11-29 19:26:36.437 W/SystemConfig( 1398): ro.product.name = a12usq
11-29 19:26:36.437 W/SystemConfig( 1398): fname = p3sksx
11-29 19:26:36.437 W/SystemConfig( 1398): ro.product.name = a12usq
11-29 19:26:36.437 W/SystemConfig( 1398): fname = p3sxeea
11-29 19:26:36.437 W/SystemConfig( 1398): ro.product.name = a12usq
11-29 19:26:36.437 W/SystemConfig( 1398): fname = p3sxtur
11-29 19:26:36.437 W/SystemConfig( 1398): ro.product.name = a12usq
11-29 19:26:36.437 W/SystemConfig( 1398): fname = p3sxser
11-29 19:26:36.437 W/SystemConfig( 1398): ro.product.name = a12usq
11-29 19:26:36.437 W/SystemConfig( 1398): fname = p3sxxx
11-29 19:26:36.437 W/SystemConfig( 1398): ro.product.name = a12usq
11-29 19:26:36.437 W/SystemConfig( 1398): fname = p3qcsx
11-29 19:26:36.437 W/SystemConfig( 1398): ro.product.name = a12usq
11-29 19:26:36.437 W/SystemConfig( 1398): fname = p3qsqw
11-29 19:26:36.437 W/SystemConfig( 1398): ro.product.name = a12usq
11-29 19:26:36.437 W/SystemConfig( 1398): fname = p3quew
11-29 19:26:36.437 W/SystemConfig( 1398): ro.product.name = a12usq
11-29 19:26:36.437 W/SystemConfig( 1398): fname = p3qzhx
11-29 19:26:36.437 W/SystemConfig( 1398): ro.product.name = a12usq
11-29 19:26:36.437 W/SystemConfig( 1398): fname = SC-52B
11-29 19:26:36.437 W/SystemConfig( 1398): ro.product.name = a12usq
11-29 19:26:36.437 W/SystemConfig( 1398): fname = q2qsqw
11-29 19:26:36.437 W/SystemConfig( 1398): ro.product.name = a12usq
11-29 19:26:36.437 W/SystemConfig( 1398): fname = q2qxxx
11-29 19:26:36.437 W/SystemConfig( 1398): ro.product.name = a12usq
11-29 19:26:36.438 W/SystemConfig( 1398): fname = q2qcsx
11-29 19:26:36.438 W/SystemConfig( 1398): ro.product.name = a12usq
11-29 19:26:36.438 W/SystemConfig( 1398): fname = q2qzhx
11-29 19:26:36.438 W/SystemConfig( 1398): ro.product.name = a12usq
11-29 19:26:36.438 W/SystemConfig( 1398): fname = q2qksx
11-29 19:26:36.438 W/SystemConfig( 1398): ro.product.name = a12usq
11-29 19:26:36.438 W/SystemConfig( 1398): fname = q2qxtur
11-29 19:26:36.438 W/SystemConfig( 1398): ro.product.name = a12usq
11-29 19:26:36.438 W/SystemConfig( 1398): fname = q2qxser
11-29 19:26:36.438 W/SystemConfig( 1398): ro.product.name = a12usq
11-29 19:26:36.438 W/SystemConfig( 1398): fname = q2qxeea
11-29 19:26:36.438 W/SystemConfig( 1398): ro.product.name = a12usq
11-29 19:26:36.438 W/SystemConfig( 1398): fname = q2quew
11-29 19:26:36.438 W/SystemConfig( 1398): ro.product.name = a12usq
11-29 19:26:36.438 W/SystemConfig( 1398): fname = SC-55B
11-29 19:26:36.438 W/SystemConfig( 1398): ro.product.name = a12usq
11-29 19:26:36.438 W/SystemConfig( 1398): fname = SCG11_jp_kdi
11-29 19:26:36.438 W/SystemConfig( 1398): ro.product.name = a12usq
11-29 19:26:36.438 W/SystemConfig( 1398): fname = b2quew
11-29 19:26:36.438 W/SystemConfig( 1398): ro.product.name = a12usq
11-29 19:26:36.438 W/SystemConfig( 1398): fname = b2qxxx
11-29 19:26:36.438 W/SystemConfig( 1398): ro.product.name = a12usq
11-29 19:26:36.438 W/SystemConfig( 1398): fname = b2qcsx
11-29 19:26:36.438 W/SystemConfig( 1398): ro.product.name = a12usq
11-29 19:26:36.438 W/SystemConfig( 1398): fname = b2qsqw
11-29 19:26:36.438 W/SystemConfig( 1398): ro.product.name = a12usq
11-29 19:26:36.438 W/SystemConfig( 1398): fname = b2qzhx
11-29 19:26:36.438 W/SystemConfig( 1398): ro.product.name = a12usq
11-29 19:26:36.438 W/SystemConfig( 1398): fname = b2qxser
11-29 19:26:36.438 W/SystemConfig( 1398): ro.product.name = a12usq
11-29 19:26:36.438 W/SystemConfig( 1398): fname = b2qxtur
11-29 19:26:36.438 W/SystemConfig( 1398): ro.product.name = a12usq
11-29 19:26:36.438 W/SystemConfig( 1398): fname = b2qxeea
11-29 19:26:36.438 W/SystemConfig( 1398): ro.product.name = a12usq
11-29 19:26:36.438 W/SystemConfig( 1398): fname = b2qksx
11-29 19:26:36.438 W/SystemConfig( 1398): ro.product.name = a12usq
11-29 19:26:36.438 W/SystemConfig( 1398): fname = SC-54B
11-29 19:26:36.438 W/SystemConfig( 1398): ro.product.name = a12usq
11-29 19:26:36.438 W/SystemConfig( 1398): fname = SCG12_jp_kdi
11-29 19:26:36.438 I/Binder ( 1398): Setting heavy hitter watcher config: false,
0, 0.0
11-29 19:26:36.438 W/SystemConfig( 1398): ro.product.name = a12usq
11-29 19:26:36.438 W/SystemConfig( 1398): fname = a52qnstur
11-29 19:26:36.438 W/SystemConfig( 1398): ro.product.name = a12usq
11-29 19:26:36.438 W/SystemConfig( 1398): fname = a52qnseea
11-29 19:26:36.438 W/SystemConfig( 1398): ro.product.name = a12usq
11-29 19:26:36.438 W/SystemConfig( 1398): fname = a52qnsxx
11-29 19:26:36.438 W/SystemConfig( 1398): ro.product.name = a12usq
11-29 19:26:36.438 W/SystemConfig( 1398): fname = a52qnsser
11-29 19:26:36.438 W/SystemConfig( 1398): ro.product.name = a12usq
11-29 19:26:36.438 W/SystemConfig( 1398): fname = a52qub
11-29 19:26:36.438 W/SystemConfig( 1398): ro.product.name = a12usq
11-29 19:26:36.438 W/SystemConfig( 1398): fname = a52xque
11-29 19:26:36.438 W/SystemConfig( 1398): ro.product.name = a12usq
11-29 19:26:36.438 W/SystemConfig( 1398): fname = a52xqcs
11-29 19:26:36.438 W/SystemConfig( 1398): ro.product.name = a12usq
11-29 19:26:36.438 W/SystemConfig( 1398): fname = a52xqnaeea
11-29 19:26:36.438 W/SystemConfig( 1398): ro.product.name = a12usq
11-29 19:26:36.439 W/SystemConfig( 1398): fname = a52xqsq
11-29 19:26:36.439 W/SystemConfig( 1398): ro.product.name = a12usq
11-29 19:26:36.439 W/SystemConfig( 1398): fname = a52xqzh
11-29 19:26:36.439 W/SystemConfig( 1398): ro.product.name = a12usq
11-29 19:26:36.439 W/SystemConfig( 1398): fname = a52xqks
11-29 19:26:36.439 W/SystemConfig( 1398): ro.product.name = a12usq
11-29 19:26:36.439 W/SystemConfig( 1398): fname = a52xqnaxx
11-29 19:26:36.439 W/SystemConfig( 1398): ro.product.name = a12usq
11-29 19:26:36.439 W/SystemConfig( 1398): fname = SC-53B
11-29 19:26:36.439 W/SystemConfig( 1398): ro.product.name = a12usq
11-29 19:26:36.439 D/data_transfer( 1061): waitConnection: socketFd=6
11-29 19:26:36.439 W/SystemConfig( 1398): fname = a52sxqeea
11-29 19:26:36.439 D/data_transfer( 1061): clientlisten thread is running
11-29 19:26:36.439 W/SystemConfig( 1398): ro.product.name = a12usq
11-29 19:26:36.439 D/data_transfer( 1061): waitConnection: wait clientfd=-1
11-29 19:26:36.439 W/SystemConfig( 1398): fname = a52sxqtur
11-29 19:26:36.439 W/SystemConfig( 1398): ro.product.name = a12usq
11-29 19:26:36.439 W/SystemConfig( 1398): fname = a52sxqser
11-29 19:26:36.439 W/SystemConfig( 1398): ro.product.name = a12usq
11-29 19:26:36.439 W/SystemConfig( 1398): fname = a52sxqzt
11-29 19:26:36.439 W/SystemConfig( 1398): ro.product.name = a12usq
11-29 19:26:36.439 W/SystemConfig( 1398): fname = a52sxqxx
11-29 19:26:36.439 W/SystemConfig( 1398): ro.product.name = a12usq
11-29 19:26:36.439 W/SystemConfig( 1398): fname = a52sxqks
11-29 19:26:36.439 W/SystemConfig( 1398): ro.product.name = a12usq
11-29 19:26:36.439 W/SystemConfig( 1398): fname = r9sxtur
11-29 19:26:36.439 W/SystemConfig( 1398): ro.product.name = a12usq
11-29 19:26:36.439 W/SystemConfig( 1398): fname = r9sxxx
11-29 19:26:36.439 W/SystemConfig( 1398): ro.product.name = a12usq
11-29 19:26:36.439 W/SystemConfig( 1398): fname = r9qksx
11-29 19:26:36.439 W/SystemConfig( 1398): ro.product.name = a12usq
11-29 19:26:36.439 W/SystemConfig( 1398): fname = r9qxeea
11-29 19:26:36.439 W/SystemConfig( 1398): ro.product.name = a12usq
11-29 19:26:36.439 W/SystemConfig( 1398): fname = r9qxtur
11-29 19:26:36.439 W/SystemConfig( 1398): ro.product.name = a12usq
11-29 19:26:36.439 W/SystemConfig( 1398): fname = r9qxser
11-29 19:26:36.439 W/SystemConfig( 1398): ro.product.name = a12usq
11-29 19:26:36.439 W/SystemConfig( 1398): fname = r9qzh
11-29 19:26:36.439 W/SystemConfig( 1398): ro.product.name = a12usq
11-29 19:26:36.439 W/SystemConfig( 1398): fname = r9quew
11-29 19:26:36.439 W/SystemConfig( 1398): ro.product.name = a12usq
11-29 19:26:36.439 W/SystemConfig( 1398): fname = r9qxxx
11-29 19:26:36.439 W/SystemConfig( 1398): ro.product.name = a12usq
11-29 19:26:36.439 W/SystemConfig( 1398): fname = r9qcsx
11-29 19:26:36.439 W/SystemConfig( 1398): ro.product.name = a12usq
11-29 19:26:36.439 W/SystemConfig( 1398): fname = r9qsqw
11-29 19:26:36.439 W/SystemConfig( 1398): ro.product.name = a12usq
11-29 19:26:36.439 W/SystemConfig( 1398): fname = r9q2xser
11-29 19:26:36.439 W/SystemConfig( 1398): ro.product.name = a12usq
11-29 19:26:36.439 W/SystemConfig( 1398): fname = r9q2xxx
11-29 19:26:36.439 W/SystemConfig( 1398): ro.product.name = a12usq
11-29 19:26:36.439 W/SystemConfig( 1398): fname = r9q2xeea
11-29 19:26:36.439 W/SystemConfig( 1398): ro.product.name = a12usq
11-29 19:26:36.439 W/SystemConfig( 1398): fname = r9q2sqw
11-29 19:26:36.439 W/SystemConfig( 1398): ro.product.name = a12usq
11-29 19:26:36.439 W/SystemConfig( 1398): fname = a32ub
11-29 19:26:36.439 W/SystemConfig( 1398): ro.product.name = a12usq
11-29 19:26:36.439 W/SystemConfig( 1398): fname = a32ks
11-29 19:26:36.439 W/SystemConfig( 1398): ro.product.name = a12usq
11-29 19:26:36.439 W/SystemConfig( 1398): fname = a32eea
11-29 19:26:36.439 W/SystemConfig( 1398): ro.product.name = a12usq
11-29 19:26:36.439 W/SystemConfig( 1398): fname = a32tur
11-29 19:26:36.440 W/SystemConfig( 1398): ro.product.name = a12usq
11-29 19:26:36.440 W/SystemConfig( 1398): fname = a32ser
11-29 19:26:36.440 W/SystemConfig( 1398): ro.product.name = a12usq
11-29 19:26:36.440 W/SystemConfig( 1398): fname = a32xx
11-29 19:26:36.440 W/SystemConfig( 1398): ro.product.name = a12usq
11-29 19:26:36.440 W/SystemConfig( 1398): fname = a32xxx
11-29 19:26:36.440 W/SystemConfig( 1398): ro.product.name = a12usq
11-29 19:26:36.440 W/SystemConfig( 1398): fname = a32xcs
11-29 19:26:36.440 W/SystemConfig( 1398): ro.product.name = a12usq
11-29 19:26:36.440 W/SystemConfig( 1398): fname = a32xeea
11-29 19:26:36.440 W/SystemConfig( 1398): ro.product.name = a12usq
11-29 19:26:36.440 W/SystemConfig( 1398): fname = a32xue
11-29 19:26:36.441 W/SystemConfig( 1398): ro.product.name = a12usq
11-29 19:26:36.441 W/SystemConfig( 1398): fname = a32xtfn
11-29 19:26:36.441 W/SystemConfig( 1398): ro.product.name = a12usq
11-29 19:26:36.441 W/SystemConfig( 1398): fname = a32xzh
11-29 19:26:36.441 W/SystemConfig( 1398): ro.product.name = a12usq
11-29 19:26:36.441 W/SystemConfig( 1398): fname = a32xsq
11-29 19:26:36.441 W/SystemConfig( 1398): ro.product.name = a12usq
11-29 19:26:36.441 W/SystemConfig( 1398): fname = SCG08_jp_kdi
11-29 19:26:36.441 W/SystemConfig( 1398): ro.product.name = a12usq
11-29 19:26:36.441 W/SystemConfig( 1398): fname = xcover5eea
11-29 19:26:36.441 W/SystemConfig( 1398): ro.product.name = a12usq
11-29 19:26:36.441 W/SystemConfig( 1398): fname = xcover5ser
11-29 19:26:36.441 W/SystemConfig( 1398): ro.product.name = a12usq
11-29 19:26:36.441 W/SystemConfig( 1398): fname = xcover5kx
11-29 19:26:36.441 W/SystemConfig( 1398): ro.product.name = a12usq
11-29 19:26:36.441 W/SystemConfig( 1398): fname = xcover5xx
11-29 19:26:36.441 W/SystemConfig( 1398): ro.product.name = a12usq
11-29 19:26:36.441 W/SystemConfig( 1398): fname = gts7fewifixx
11-29 19:26:36.441 W/SystemConfig( 1398): ro.product.name = a12usq
11-29 19:26:36.441 W/SystemConfig( 1398): fname = gts7fewifitur
11-29 19:26:36.441 W/SystemConfig( 1398): ro.product.name = a12usq
11-29 19:26:36.441 W/SystemConfig( 1398): fname = gts7fewifieea
11-29 19:26:36.441 W/SystemConfig( 1398): ro.product.name = a12usq
11-29 19:26:36.441 W/SystemConfig( 1398): fname = gts7fewifiser
11-29 19:26:36.441 W/SystemConfig( 1398): ro.product.name = a12usq
11-29 19:26:36.441 W/SystemConfig( 1398): fname = gts7xllitexx
11-29 19:26:36.441 W/SystemConfig( 1398): ro.product.name = a12usq
11-29 19:26:36.441 W/SystemConfig( 1398): fname = gts7xlliteser
11-29 19:26:36.441 W/SystemConfig( 1398): ro.product.name = a12usq
11-29 19:26:36.441 W/SystemConfig( 1398): fname = gts7xllitexeea
11-29 19:26:36.441 W/SystemConfig( 1398): ro.product.name = a12usq
11-29 19:26:36.441 W/SystemConfig( 1398): fname = gts7xllitekx
11-29 19:26:36.441 W/SystemConfig( 1398): ro.product.name = a12usq
11-29 19:26:36.441 W/SystemConfig( 1398): fname = gts7xllitetur
11-29 19:26:36.441 W/SystemConfig( 1398): ro.product.name = a12usq
11-29 19:26:36.441 W/SystemConfig( 1398): fname = gts7xllitekxx
11-29 19:26:36.441 W/SystemConfig( 1398): ro.product.name = a12usq
11-29 19:26:36.441 W/SystemConfig( 1398): fname = gts7xllitesqwnc
11-29 19:26:36.441 W/SystemConfig( 1398): ro.product.name = a12usq
11-29 19:26:36.441 W/SystemConfig( 1398): fname = gts7xllitexxx
11-29 19:26:36.441 W/SystemConfig( 1398): ro.product.name = a12usq
11-29 19:26:36.441 W/SystemConfig( 1398): fname = gts7xllitesqw
11-29 19:26:36.441 W/SystemConfig( 1398): ro.product.name = a12usq
11-29 19:26:36.441 W/SystemConfig( 1398): fname = gts7xllitewifieea
11-29 19:26:36.441 W/SystemConfig( 1398): ro.product.name = a12usq
11-29 19:26:36.441 W/SystemConfig( 1398): fname = gts7xllitewifixx
11-29 19:26:36.441 W/SystemConfig( 1398): ro.product.name = a12usq
11-29 19:26:36.441 W/SystemConfig( 1398): fname = gts7xllitewifitur
11-29 19:26:36.441 W/SystemConfig( 1398): ro.product.name = a12usq
11-29 19:26:36.441 W/SystemConfig( 1398): fname = gts7xllitewifiser
11-29 19:26:36.441 W/SystemConfig( 1398): ro.product.name = a12usq
11-29 19:26:36.441 W/SystemConfig( 1398): fname = b0sxser
11-29 19:26:36.441 W/SystemConfig( 1398): ro.product.name = a12usq
11-29 19:26:36.441 W/SystemConfig( 1398): fname = b0sxtur
11-29 19:26:36.442 W/SystemConfig( 1398): ro.product.name = a12usq
11-29 19:26:36.442 W/SystemConfig( 1398): fname = b0sxxx
11-29 19:26:36.442 W/SystemConfig( 1398): ro.product.name = a12usq
11-29 19:26:36.442 W/SystemConfig( 1398): fname = b0sxeea
11-29 19:26:36.442 W/SystemConfig( 1398): ro.product.name = a12usq
11-29 19:26:36.442 W/SystemConfig( 1398): fname = b0sksx
11-29 19:26:36.442 W/SystemConfig( 1398): ro.product.name = a12usq
11-29 19:26:36.442 W/SystemConfig( 1398): fname = b0qksx
11-29 19:26:36.442 W/SystemConfig( 1398): ro.product.name = a12usq
11-29 19:26:36.442 W/SystemConfig( 1398): fname = b0quew
11-29 19:26:36.442 W/SystemConfig( 1398): ro.product.name = a12usq
11-29 19:26:36.442 W/SystemConfig( 1398): fname = b0qcsx
11-29 19:26:36.442 W/SystemConfig( 1398): ro.product.name = a12usq
11-29 19:26:36.442 W/SystemConfig( 1398): fname = b0qxxx
11-29 19:26:36.442 W/SystemConfig( 1398): ro.product.name = a12usq
11-29 19:26:36.442 W/SystemConfig( 1398): fname = b0qsqw
11-29 19:26:36.442 W/SystemConfig( 1398): ro.product.name = a12usq
11-29 19:26:36.442 W/SystemConfig( 1398): fname = b0qzhx
11-29 19:26:36.442 W/SystemConfig( 1398): ro.product.name = a12usq
11-29 19:26:36.442 W/SystemConfig( 1398): fname = b0qxtur
11-29 19:26:36.442 W/SystemConfig( 1398): ro.product.name = a12usq
11-29 19:26:36.442 W/SystemConfig( 1398): fname = SC-52C
11-29 19:26:36.442 W/SystemConfig( 1398): ro.product.name = a12usq
11-29 19:26:36.442 W/SystemConfig( 1398): fname = SCG14_jp_kdi
11-29 19:26:36.442 W/SystemConfig( 1398): ro.product.name = a12usq
11-29 19:26:36.442 W/SystemConfig( 1398): fname = r0sxxx
11-29 19:26:36.442 W/SystemConfig( 1398): ro.product.name = a12usq
11-29 19:26:36.442 W/SystemConfig( 1398): fname = r0sxeea
11-29 19:26:36.442 W/SystemConfig( 1398): ro.product.name = a12usq
11-29 19:26:36.442 W/SystemConfig( 1398): fname = r0sxtur
11-29 19:26:36.442 W/SystemConfig( 1398): ro.product.name = a12usq
11-29 19:26:36.442 W/SystemConfig( 1398): fname = r0sxser
11-29 19:26:36.442 W/SystemConfig( 1398): ro.product.name = a12usq
11-29 19:26:36.442 W/SystemConfig( 1398): fname = r0sksx
11-29 19:26:36.442 W/SystemConfig( 1398): ro.product.name = a12usq
11-29 19:26:36.442 W/SystemConfig( 1398): fname = r0qksx
11-29 19:26:36.442 W/SystemConfig( 1398): ro.product.name = a12usq
11-29 19:26:36.442 W/SystemConfig( 1398): fname = r0qxtur
11-29 19:26:36.442 W/SystemConfig( 1398): ro.product.name = a12usq
11-29 19:26:36.442 W/SystemConfig( 1398): fname = r0qcsx
11-29 19:26:36.442 W/SystemConfig( 1398): ro.product.name = a12usq
11-29 19:26:36.442 W/SystemConfig( 1398): fname = r0qzhx
11-29 19:26:36.442 W/SystemConfig( 1398): ro.product.name = a12usq
11-29 19:26:36.442 W/SystemConfig( 1398): fname = r0quew
11-29 19:26:36.442 W/SystemConfig( 1398): ro.product.name = a12usq
11-29 19:26:36.442 W/SystemConfig( 1398): fname = r0qsqw
11-29 19:26:36.442 W/SystemConfig( 1398): ro.product.name = a12usq
11-29 19:26:36.442 W/SystemConfig( 1398): fname = r0qxxx
11-29 19:26:36.442 W/SystemConfig( 1398): ro.product.name = a12usq
11-29 19:26:36.442 W/SystemConfig( 1398): fname = SC-51C
11-29 19:26:36.443 W/SystemConfig( 1398): ro.product.name = a12usq
11-29 19:26:36.443 W/SystemConfig( 1398): fname = SCG13_jp_kdi
11-29 19:26:36.443 W/SystemConfig( 1398): ro.product.name = a12usq
11-29 19:26:36.443 W/SystemConfig( 1398): fname = g0sxxx
11-29 19:26:36.443 W/SystemConfig( 1398): ro.product.name = a12usq
11-29 19:26:36.443 W/SystemConfig( 1398): fname = g0sxtur
11-29 19:26:36.443 W/SystemConfig( 1398): ro.product.name = a12usq
11-29 19:26:36.443 W/SystemConfig( 1398): fname = g0sxeea
11-29 19:26:36.443 W/SystemConfig( 1398): ro.product.name = a12usq
11-29 19:26:36.443 W/SystemConfig( 1398): fname = g0sxser
11-29 19:26:36.443 W/SystemConfig( 1398): ro.product.name = a12usq
11-29 19:26:36.443 W/SystemConfig( 1398): fname = g0sksx
11-29 19:26:36.443 W/SystemConfig( 1398): ro.product.name = a12usq
11-29 19:26:36.443 W/SystemConfig( 1398): fname = g0qksx
11-29 19:26:36.443 W/SystemConfig( 1398): ro.product.name = a12usq
11-29 19:26:36.443 W/SystemConfig( 1398): fname = g0quew
11-29 19:26:36.443 W/SystemConfig( 1398): ro.product.name = a12usq
11-29 19:26:36.443 W/SystemConfig( 1398): fname = g0qxtur
11-29 19:26:36.443 W/SystemConfig( 1398): ro.product.name = a12usq
11-29 19:26:36.443 W/SystemConfig( 1398): fname = g0qcsx
11-29 19:26:36.443 W/SystemConfig( 1398): ro.product.name = a12usq
11-29 19:26:36.443 W/SystemConfig( 1398): fname = g0qxxx
11-29 19:26:36.443 W/SystemConfig( 1398): ro.product.name = a12usq
11-29 19:26:36.443 W/SystemConfig( 1398): fname = g0qsqw
11-29 19:26:36.443 W/SystemConfig( 1398): ro.product.name = a12usq
11-29 19:26:36.443 W/SystemConfig( 1398): fname = g0qzhx
11-29 19:26:36.443 W/SystemConfig( 1398): ro.product.name = a12usq
11-29 19:26:36.443 W/SystemConfig( 1398): fname = gts8kxx
11-29 19:26:36.443 W/SystemConfig( 1398): ro.product.name = a12usq
11-29 19:26:36.443 W/SystemConfig( 1398): fname = gts8keea
11-29 19:26:36.443 W/SystemConfig( 1398): ro.product.name = a12usq
11-29 19:26:36.443 W/SystemConfig( 1398): fname = gts8xser
11-29 19:26:36.443 W/SystemConfig( 1398): ro.product.name = a12usq
11-29 19:26:36.443 W/SystemConfig( 1398): fname = gts8xeea
11-29 19:26:36.443 W/SystemConfig( 1398): ro.product.name = a12usq
11-29 19:26:36.443 W/SystemConfig( 1398): fname = gts8xxx
11-29 19:26:36.443 W/SystemConfig( 1398): ro.product.name = a12usq
11-29 19:26:36.443 W/SystemConfig( 1398): fname = gts8sq
11-29 19:26:36.443 W/SystemConfig( 1398): ro.product.name = a12usq
11-29 19:26:36.443 W/SystemConfig( 1398): fname = gts8wifiser
11-29 19:26:36.443 W/SystemConfig( 1398): ro.product.name = a12usq
11-29 19:26:36.443 W/SystemConfig( 1398): fname = gts8wifitur
11-29 19:26:36.443 W/SystemConfig( 1398): ro.product.name = a12usq
11-29 19:26:36.443 W/SystemConfig( 1398): fname = gts8wifixx
11-29 19:26:36.443 W/SystemConfig( 1398): ro.product.name = a12usq
11-29 19:26:36.443 W/SystemConfig( 1398): fname = gts8wifieea
11-29 19:26:36.443 W/SystemConfig( 1398): ro.product.name = a12usq
11-29 19:26:36.443 W/SystemConfig( 1398): fname = gts8pkxx
11-29 19:26:36.443 W/SystemConfig( 1398): ro.product.name = a12usq
11-29 19:26:36.443 W/SystemConfig( 1398): fname = gts8psqw
11-29 19:26:36.443 W/SystemConfig( 1398): ro.product.name = a12usq
11-29 19:26:36.443 W/SystemConfig( 1398): fname = gts8psqw
11-29 19:26:36.443 W/SystemConfig( 1398): ro.product.name = a12usq
11-29 19:26:36.443 W/SystemConfig( 1398): fname = gts8pxser
11-29 19:26:36.443 W/SystemConfig( 1398): ro.product.name = a12usq
11-29 19:26:36.443 W/SystemConfig( 1398): fname = gts8peea
11-29 19:26:36.443 W/SystemConfig( 1398): ro.product.name = a12usq
11-29 19:26:36.443 W/SystemConfig( 1398): fname = gts8pxx
11-29 19:26:36.443 W/SystemConfig( 1398): ro.product.name = a12usq
11-29 19:26:36.443 W/SystemConfig( 1398): fname = gts8pxeea
11-29 19:26:36.443 W/SystemConfig( 1398): ro.product.name = a12usq
11-29 19:26:36.443 W/SystemConfig( 1398): fname = gts8pxxx
11-29 19:26:36.443 W/SystemConfig( 1398): ro.product.name = a12usq
11-29 19:26:36.443 W/SystemConfig( 1398): fname = gts8psqwnc
11-29 19:26:36.444 W/SystemConfig( 1398): ro.product.name = a12usq
11-29 19:26:36.444 W/SystemConfig( 1398): fname = gts8pwifitur
11-29 19:26:36.444 W/SystemConfig( 1398): ro.product.name = a12usq
11-29 19:26:36.444 W/SystemConfig( 1398): fname = gts8pwifiser
11-29 19:26:36.444 W/SystemConfig( 1398): ro.product.name = a12usq
11-29 19:26:36.444 W/SystemConfig( 1398): fname = gts8pwifixx
11-29 19:26:36.444 W/SystemConfig( 1398): ro.product.name = a12usq
11-29 19:26:36.444 W/SystemConfig( 1398): fname = gts8pwifieea
11-29 19:26:36.444 W/SystemConfig( 1398): ro.product.name = a12usq
11-29 19:26:36.444 W/SystemConfig( 1398): fname = gts8pwifijpn
11-29 19:26:36.444 W/SystemConfig( 1398): ro.product.name = a12usq
11-29 19:26:36.444 W/SystemConfig( 1398): fname = gts8ukxx
11-29 19:26:36.444 W/SystemConfig( 1398): ro.product.name = a12usq
11-29 19:26:36.444 W/SystemConfig( 1398): fname = gts8uxser
11-29 19:26:36.444 W/SystemConfig( 1398): ro.product.name = a12usq
11-29 19:26:36.444 W/SystemConfig( 1398): fname = gts8uxeea
11-29 19:26:36.444 W/SystemConfig( 1398): ro.product.name = a12usq
11-29 19:26:36.444 W/SystemConfig( 1398): fname = gts8uxxx
11-29 19:26:36.444 W/SystemConfig( 1398): ro.product.name = a12usq
11-29 19:26:36.444 W/SystemConfig( 1398): fname = gts8uwifiser
11-29 19:26:36.444 W/SystemConfig( 1398): ro.product.name = a12usq
11-29 19:26:36.444 W/SystemConfig( 1398): fname = gts8uwifitur
11-29 19:26:36.444 W/SystemConfig( 1398): ro.product.name = a12usq
11-29 19:26:36.444 W/SystemConfig( 1398): fname = gts8uwifieea
11-29 19:26:36.444 W/SystemConfig( 1398): ro.product.name = a12usq
11-29 19:26:36.444 W/SystemConfig( 1398): fname = gts8uwifixx
11-29 19:26:36.444 W/SystemConfig( 1398): ro.product.name = a12usq
11-29 19:26:36.444 W/SystemConfig( 1398): fname = a33xnndxx
11-29 19:26:36.444 W/SystemConfig( 1398): ro.product.name = a12usq
11-29 19:26:36.444 W/SystemConfig( 1398): fname = a33xnsdtur
11-29 19:26:36.444 W/SystemConfig( 1398): ro.product.name = a12usq
11-29 19:26:36.444 W/SystemConfig( 1398): fname = a33xnsdxx
11-29 19:26:36.444 W/SystemConfig( 1398): ro.product.name = a12usq
11-29 19:26:36.444 W/SystemConfig( 1398): fname = a33xnndx
11-29 19:26:36.444 W/SystemConfig( 1398): ro.product.name = a12usq
11-29 19:26:36.444 W/SystemConfig( 1398): fname = a33xnsdx
11-29 19:26:36.444 W/SystemConfig( 1398): ro.product.name = a12usq
11-29 19:26:36.444 W/SystemConfig( 1398): fname = a33xub
11-29 19:26:36.444 W/SystemConfig( 1398): ro.product.name = a12usq
11-29 19:26:36.444 W/SystemConfig( 1398): fname = a33xks
11-29 19:26:36.444 W/SystemConfig( 1398): ro.product.name = a12usq
11-29 19:26:36.444 W/SystemConfig( 1398): fname = a33xzh
11-29 19:26:36.444 W/SystemConfig( 1398): ro.product.name = a12usq
11-29 19:26:36.444 W/SystemConfig( 1398): fname = a33xnsser
11-29 19:26:36.444 W/SystemConfig( 1398): ro.product.name = a12usq
11-29 19:26:36.444 W/SystemConfig( 1398): fname = a33xnsxx
11-29 19:26:36.444 W/SystemConfig( 1398): ro.product.name = a12usq
11-29 19:26:36.444 W/SystemConfig( 1398): fname = a33xnseea
11-29 19:26:36.444 W/SystemConfig( 1398): ro.product.name = a12usq
11-29 19:26:36.444 W/SystemConfig( 1398): fname = a53xtfn
11-29 19:26:36.444 W/SystemConfig( 1398): ro.product.name = a12usq
11-29 19:26:36.444 W/SystemConfig( 1398): fname = a53xzh
11-29 19:26:36.444 W/SystemConfig( 1398): ro.product.name = a12usq
11-29 19:26:36.444 W/SystemConfig( 1398): fname = a53xcsx
11-29 19:26:36.444 W/SystemConfig( 1398): ro.product.name = a12usq
11-29 19:26:36.444 W/SystemConfig( 1398): fname = a53xnaxx
11-29 19:26:36.444 W/SystemConfig( 1398): ro.product.name = a12usq
11-29 19:26:36.444 W/SystemConfig( 1398): fname = a53xksx
11-29 19:26:36.444 W/SystemConfig( 1398): ro.product.name = a12usq
11-29 19:26:36.444 W/SystemConfig( 1398): fname = a53xnsser
11-29 19:26:36.444 W/SystemConfig( 1398): ro.product.name = a12usq
11-29 19:26:36.444 W/SystemConfig( 1398): fname = a53xnstur
11-29 19:26:36.444 W/SystemConfig( 1398): ro.product.name = a12usq
11-29 19:26:36.444 W/SystemConfig( 1398): fname = a53xnsxx
11-29 19:26:36.444 W/SystemConfig( 1398): ro.product.name = a12usq
11-29 19:26:36.444 W/SystemConfig( 1398): fname = a53xsqx
11-29 19:26:36.445 W/SystemConfig( 1398): ro.product.name = a12usq
11-29 19:26:36.445 W/SystemConfig( 1398): fname = a53xsqw
11-29 19:26:36.445 W/SystemConfig( 1398): ro.product.name = a12usq
11-29 19:26:36.445 W/SystemConfig( 1398): fname = a53xnaeea
11-29 19:26:36.445 W/SystemConfig( 1398): ro.product.name = a12usq
11-29 19:26:36.445 W/SystemConfig( 1398): fname = a53xue
11-29 19:26:36.445 W/SystemConfig( 1398): ro.product.name = a12usq
11-29 19:26:36.445 W/SystemConfig( 1398): fname = SC-53C
11-29 19:26:36.445 W/SystemConfig( 1398): ro.product.name = a12usq
11-29 19:26:36.445 W/SystemConfig( 1398): fname = SCG15_jp_kdi
11-29 19:26:36.445 W/SystemConfig( 1398): ro.product.name = a12usq
11-29 19:26:36.445 W/SystemConfig( 1398): fname = xcoverpro2cs
11-29 19:26:36.445 W/SystemConfig( 1398): ro.product.name = a12usq
11-29 19:26:36.445 W/SystemConfig( 1398): fname = xcoverpro2ue
11-29 19:26:36.445 W/SystemConfig( 1398): ro.product.name = a12usq
11-29 19:26:36.445 W/SystemConfig( 1398): fname = xcoverpro2tur
11-29 19:26:36.445 W/SystemConfig( 1398): ro.product.name = a12usq
11-29 19:26:36.445 W/SystemConfig( 1398): fname = xcoverpro2eea
11-29 19:26:36.445 W/SystemConfig( 1398): ro.product.name = a12usq
11-29 19:26:36.445 W/SystemConfig( 1398): fname = xcoverpro2xx
11-29 19:26:36.445 W/SystemConfig( 1398): ro.product.name = a12usq
11-29 19:26:36.445 W/SystemConfig( 1398): fname = xcoverpro2sq
11-29 19:26:36.445 W/SystemConfig( 1398): ro.product.name = a12usq
11-29 19:26:36.445 W/SystemConfig( 1398): fname = q4qsqw
11-29 19:26:36.445 W/SystemConfig( 1398): ro.product.name = a12usq
11-29 19:26:36.445 W/SystemConfig( 1398): fname = q4qzhx
11-29 19:26:36.445 W/SystemConfig( 1398): ro.product.name = a12usq
11-29 19:26:36.445 W/SystemConfig( 1398): fname = q4qksx
11-29 19:26:36.445 W/SystemConfig( 1398): ro.product.name = a12usq
11-29 19:26:36.445 W/SystemConfig( 1398): fname = q4quew
11-29 19:26:36.445 W/SystemConfig( 1398): ro.product.name = a12usq
11-29 19:26:36.445 W/SystemConfig( 1398): fname = q4qcsx
11-29 19:26:36.445 W/SystemConfig( 1398): ro.product.name = a12usq
11-29 19:26:36.445 W/SystemConfig( 1398): fname = q4qxser
11-29 19:26:36.445 W/SystemConfig( 1398): ro.product.name = a12usq
11-29 19:26:36.445 W/SystemConfig( 1398): fname = q4qxtur
11-29 19:26:36.445 W/SystemConfig( 1398): ro.product.name = a12usq
11-29 19:26:36.445 W/SystemConfig( 1398): fname = q4qxxx
11-29 19:26:36.445 W/SystemConfig( 1398): ro.product.name = a12usq
11-29 19:26:36.445 W/SystemConfig( 1398): fname = q4qxeea
11-29 19:26:36.445 W/SystemConfig( 1398): ro.product.name = a12usq
11-29 19:26:36.445 W/SystemConfig( 1398): fname = SC-55C
11-29 19:26:36.445 D/SpeechMessageID( 849): getSyncType(), not supported msg_id
0xaff1
11-29 19:26:36.446 W/SystemConfig( 1398): ro.product.name = a12usq
11-29 19:26:36.446 W/SystemConfig( 1398): fname = SCG16_jp_kdi
11-29 19:26:36.446 W/SpeechDriverNormal( 849): processModemMessage(), p_sph_msg-
>msg_id 0xaff1 not support!!
11-29 19:26:36.446 W/SystemConfig( 1398): ro.product.name = a12usq
11-29 19:26:36.446 W/SystemConfig( 1398): fname = b4qsqw
11-29 19:26:36.446 W/SystemConfig( 1398): ro.product.name = a12usq
11-29 19:26:36.446 W/SystemConfig( 1398): fname = b4qzhx
11-29 19:26:36.446 W/SystemConfig( 1398): ro.product.name = a12usq
11-29 19:26:36.446 W/SystemConfig( 1398): fname = b4qxeea
11-29 19:26:36.446 W/SystemConfig( 1398): ro.product.name = a12usq
11-29 19:26:36.446 W/SystemConfig( 1398): fname = b4qksx
11-29 19:26:36.446 W/SystemConfig( 1398): ro.product.name = a12usq
11-29 19:26:36.446 W/SystemConfig( 1398): fname = b4quew
11-29 19:26:36.446 W/SystemConfig( 1398): ro.product.name = a12usq
11-29 19:26:36.446 W/SystemConfig( 1398): fname = b4qrktw
11-29 19:26:36.446 W/SystemConfig( 1398): ro.product.name = a12usq
11-29 19:26:36.446 W/SystemConfig( 1398): fname = b4qcsx
11-29 19:26:36.446 W/SystemConfig( 1398): ro.product.name = a12usq
11-29 19:26:36.446 W/SystemConfig( 1398): fname = b4qxser
11-29 19:26:36.446 W/SystemConfig( 1398): ro.product.name = a12usq
11-29 19:26:36.446 W/SystemConfig( 1398): fname = b4qxtur
11-29 19:26:36.446 W/SystemConfig( 1398): ro.product.name = a12usq
11-29 19:26:36.446 W/SystemConfig( 1398): fname = b4qxxx
11-29 19:26:36.446 W/SystemConfig( 1398): ro.product.name = a12usq
11-29 19:26:36.446 W/SystemConfig( 1398): fname = SC-54C
11-29 19:26:36.446 W/SystemConfig( 1398): ro.product.name = a12usq
11-29 19:26:36.446 W/SystemConfig( 1398): fname = SCG17_jp_kdi
11-29 19:26:36.446 W/SystemConfig( 1398): ro.product.name = a12usq
11-29 19:26:36.446 W/SystemConfig( 1398): fname = gtact4prokxx
11-29 19:26:36.446 W/SystemConfig( 1398): ro.product.name = a12usq
11-29 19:26:36.446 W/SystemConfig( 1398): fname = gtact4proxser
11-29 19:26:36.446 W/SystemConfig( 1398): ro.product.name = a12usq
11-29 19:26:36.446 W/SystemConfig( 1398): fname = gtact4proxeea
11-29 19:26:36.446 W/SystemConfig( 1398): ro.product.name = a12usq
11-29 19:26:36.446 W/SystemConfig( 1398): fname = gtact4proxxx
11-29 19:26:36.446 W/SystemConfig( 1398): ro.product.name = a12usq
11-29 19:26:36.446 W/SystemConfig( 1398): fname = gtact4proue
11-29 19:26:36.446 W/SystemConfig( 1398): ro.product.name = a12usq
11-29 19:26:36.446 W/SystemConfig( 1398): fname = gtact4protur
11-29 19:26:36.446 W/SystemConfig( 1398): ro.product.name = a12usq
11-29 19:26:36.446 W/SystemConfig( 1398): fname = gtact4procs
11-29 19:26:36.446 W/SystemConfig( 1398): ro.product.name = a12usq
11-29 19:26:36.446 W/SystemConfig( 1398): fname = gtact4prowifieea
11-29 19:26:36.446 W/SystemConfig( 1398): ro.product.name = a12usq
11-29 19:26:36.446 W/SystemConfig( 1398): fname = gtact4prowifixx
11-29 19:26:36.447 W/SystemConfig( 1398): ro.product.name = a12usq
11-29 19:26:36.447 W/SystemConfig( 1398): fname = gtact4prowifiser
11-29 19:26:36.447 W/SystemConfig( 1398): ro.product.name = a12usq
11-29 19:26:36.447 W/SystemConfig( 1398): fname = SC-56C
11-29 19:26:36.447 W/SystemConfig( 1398): ro.product.name = a12usq
11-29 19:26:36.447 W/SystemConfig( 1398): fname = SCG18_jp_kdi
11-29 19:26:36.447 W/SystemConfig( 1398): ro.product.name = a12usq
11-29 19:26:36.447 W/SystemConfig( 1398): fname = a23exrkt
11-29 19:26:36.447 W/SystemConfig( 1398): ro.product.name = a12usq
11-29 19:26:36.447 I/SystemConfig( 1398): Reading permissions from
/product/etc/sysconfig/carrierwifi-sysconfig.xml
11-29 19:26:36.448 I/SystemConfig( 1398): Reading permissions from
/product/etc/sysconfig/google_turbo.xml
11-29 19:26:36.449 I/SystemConfig( 1398): Reading permissions from
/product/etc/sysconfig/preinstalled-packages-platform-handheld-product.xml
11-29 19:26:36.449 I/SystemConfig( 1398): Reading permissions from
/product/etc/sysconfig/google-staged-installer-whitelist.xml
11-29 19:26:36.450 I/SystemConfig( 1398): Reading permissions from
/product/etc/sysconfig/preinstalled-packages-platform-overlays.xml
11-29 19:26:36.452 I/SystemConfig( 1398): Reading permissions from
/product/etc/sysconfig/google.xml
11-29 19:26:36.453 I/SystemConfig( 1398): Adding association: com.google.android.as
<- com.android.bluetooth
11-29 19:26:36.453 I/SystemConfig( 1398): Adding association: com.google.android.as
<- com.android.providers.contacts
11-29 19:26:36.453 I/SystemConfig( 1398): Adding association: com.google.android.as
<- com.android.providers.media
11-29 19:26:36.453 I/SystemConfig( 1398): Adding association: com.google.android.as
<- com.android.providers.telephony
11-29 19:26:36.453 I/SystemConfig( 1398): Adding association: com.google.android.as
<- com.android.systemui
11-29 19:26:36.453 I/SystemConfig( 1398): Adding association: com.google.android.as
<- com.google.android.providers.media.module
11-29 19:26:36.453 I/SystemConfig( 1398): Adding association: com.google.android.as
<- com.google.android.as.oss
11-29 19:26:36.453 I/SystemConfig( 1398): Adding association:
com.google.android.as.oss <- com.google.android.as
11-29 19:26:36.453 I/SystemConfig( 1398): Reading permissions from
/product/etc/sysconfig/wellbeing.xml
11-29 19:26:36.454 E/SystemConfig( 1398): aer = false, f.getPath().contains = true
11-29 19:26:36.454 I/SystemConfig( 1398): Reading permissions from
/product/etc/sysconfig/GoogleCellBroadcast_config.xml
11-29 19:26:36.454 I/SystemConfig( 1398): Reading permissions from
/product/etc/sysconfig/google_duo.xml
11-29 19:26:36.455 I/SystemConfig( 1398): Reading permissions from
/product/etc/sysconfig/google-rollback-package-whitelist.xml
11-29 19:26:36.456 I/SystemConfig( 1398): Reading permissions from
/product/etc/permissions/privapp-permissions-google-product.xml
11-29 19:26:36.460 I/SystemConfig( 1398): Reading permissions from
/product/etc/permissions/carrierwifi.xml
11-29 19:26:36.461 I/SystemConfig( 1398): Reading permissions from
/product/etc/permissions/split-permissions-google.xml
11-29 19:26:36.463 I/SystemConfig( 1398): Reading permissions from
/product/etc/permissions/turboapk-permissions.xml
11-29 19:26:36.464 I/SystemConfig( 1398): Reading permissions from
/product/etc/permissions/product-permissions-mediatek.xml
11-29 19:26:36.465 W/SystemConfig( 1398): No directory /system_ext/etc/sysconfig,
skipping
11-29 19:26:36.466 I/SystemConfig( 1398): Reading permissions from
/system_ext/etc/permissions/system-ext-permissions-mediatek.xml
11-29 19:26:36.469 I/SystemConfig( 1398): Reading permissions from
/system_ext/etc/permissions/com.samsung.systemui.xml
11-29 19:26:36.471 I/SystemConfig( 1398): Reading permissions from
/system_ext/etc/permissions/privapp-permissions-google-system-ext.xml
11-29 19:26:36.474 I/SystemConfig( 1398): Reading permissions from
/system_ext/etc/permissions/com.android.emergency.xml
11-29 19:26:36.476 I/SystemConfig( 1398): Reading permissions from
/system_ext/etc/permissions/com.android.carrierconfig.xml
11-29 19:26:36.477 I/SystemConfig( 1398): Reading permissions from
/system_ext/etc/permissions/com.android.storagemanager.xml
11-29 19:26:36.479 I/SystemConfig( 1398): Reading permissions from
/system_ext/etc/permissions/com.android.systemui.xml
11-29 19:26:36.483 I/SystemConfig( 1398): Reading permissions from
/system/carrier/sysconfig/config-tmk-com.sprint.ms.cdm.xml
11-29 19:26:36.483 V/APM_AudioPolicyManager( 892): getAudioPolicyConfig:
audioParam;l_device_current_output
11-29 19:26:36.483 V/APM_AudioPolicyManager( 892): getNewOutputDevices selected
devices AUDIO_DEVICE_NONE
11-29 19:26:36.485 I/SystemConfig( 1398): Reading permissions from
/system/carrier/sysconfig/config-tmk-com.sprint.w.installer.xml
11-29 19:26:36.487 I/SystemConfig( 1398): Reading permissions from
/system/carrier/sysconfig/config-tmk-com.sprint.ms.smf.services.xml
11-29 19:26:36.488 I/SystemConfig( 1398): Reading permissions from
/system/carrier/sysconfig/config-tmk-com.sprint.ce.updater.xml
11-29 19:26:36.491 I/SystemConfig( 1398): Reading permissions from
/system/carrier/permissions/privapp-permissions-tmk-com.sprint.w.installer.xml
11-29 19:26:36.493 I/SystemConfig( 1398): Reading permissions from
/system/carrier/permissions/CDM-tmk-hiddenapi-package-whitelist.xml
11-29 19:26:36.494 I/CamCalHelper( 877): CamCalHelper Read data from memory[2],
defaultCal: 0
11-29 19:26:36.495 I/CamCalHelper( 877): CamCalHelper Read data from memory[2],
defaultCal: 0
11-29 19:26:36.495 I/CamCalHelper( 877): CamCalHelper Read data from memory[2],
defaultCal: 0
11-29 19:26:36.495 I/CamCalHelper( 877): CamCalHelper Read data from memory[2],
defaultCal: 0
11-29 19:26:36.495 I/CamCalHelper( 877): CamCalHelper Read data from memory[2],
defaultCal: 0
11-29 19:26:36.495 I/gma_core( 877): [GmaCore] constructor, sensor dev:4
11-29 19:26:36.495 I/lce_core( 877): [LceCore] constructor, sensor dev:4
11-29 19:26:36.495 I/lce_core( 877): LCE_NE_TEST_SO_START.
11-29 19:26:36.495 E/paramctrl_lifetime( 877): open
/proc/driver/thermal/clNR_status failed, disable NR cooler
11-29 19:26:36.495 E/paramctrl_lifetime( 877):
(Paramctrl){#256:vendor/mediatek/proprietary/hardware/mtkcam/aaa/source/mt6765/
isp_tuning/paramctrl/paramctrl_lifetime.cpp}
11-29 19:26:36.496 I/SystemConfig( 1398): Reading permissions from
/system/carrier/permissions/SMF-tmk-hiddenapi-package-whitelist.xml
11-29 19:26:36.498 I/SystemConfig( 1398): Reading permissions from
/system/carrier/permissions/privapp-permissions-tmk-com.sprint.ce.updater.xml
11-29 19:26:36.499 I/SystemConfig( 1398): Reading permissions from
/system/carrier/permissions/privapp-permissions-tmk-com.sprint.ms.cdm.xml
11-29 19:26:36.501 I/SystemConfig( 1398): Reading permissions from
/system/carrier/permissions/privapp-permissions-tmk-com.sprint.ms.smf.services.xml
11-29 19:26:36.503 W/SystemConfig( 1398): No directory
/prism/etc/carriers/single/TMK/sysconfig, skipping
11-29 19:26:36.503 W/SystemConfig( 1398): No directory
/prism/etc/carriers/single/TMK/permissions, skipping
11-29 19:26:36.506 I/SystemConfig( 1398): Reading permissions from
/apex/com.android.mediaprovider/etc/permissions/privapp_allowlist_com.google.androi
d.providers.media.module.xml
11-29 19:26:36.507 W/SystemConfig( 1398): <privapp-permissions> not allowed in
partition of
/apex/com.android.mediaprovider/etc/permissions/privapp_allowlist_com.google.androi
d.providers.media.module.xml at START_TAG <privapp-permissions
package='com.google.android.providers.media.module'>@16:78 in
java.io.FileReader@d9e5049
11-29 19:26:36.508 I/SystemConfig( 1398): Reading permissions from
/apex/com.android.mediaprovider/etc/permissions/privapp_allowlist_com.google.androi
d.photopicker.xml
11-29 19:26:36.509 W/SystemConfig( 1398): <privapp-permissions> not allowed in
partition of
/apex/com.android.mediaprovider/etc/permissions/privapp_allowlist_com.google.androi
d.photopicker.xml at START_TAG <privapp-permissions
package='com.google.android.photopicker'>@16:67 in java.io.FileReader@648ee6f
11-29 19:26:36.511 I/SystemConfig( 1398): Reading permissions from
/apex/com.android.permission/etc/permissions/privapp_allowlist_com.google.android.p
ermissioncontroller.xml
11-29 19:26:36.512 I/CASS_DEBUG( 826): Successfully connected with RILD
11-29 19:26:36.512 I/CASS_DEBUG( 826): Successfully invoke event(0xc00000e1)
11-29 19:26:36.516 W/SystemConfig( 1398): <privapp-permissions> not allowed in
partition of
/apex/com.android.permission/etc/permissions/privapp_allowlist_com.google.android.p
ermissioncontroller.xml at START_TAG <privapp-permissions
package='com.google.android.permissioncontroller'>@16:76 in
java.io.FileReader@772a805
11-29 19:26:36.518 I/SystemConfig( 1398): Reading permissions from
/apex/com.android.extservices/etc/permissions/privapp_allowlist_com.google.android.
ext.services.xml
11-29 19:26:36.520 W/SystemConfig( 1398): <privapp-permissions> not allowed in
partition of
/apex/com.android.extservices/etc/permissions/privapp_allowlist_com.google.android.
ext.services.xml at START_TAG <privapp-permissions
package='com.google.android.ext.services'>@16:68 in java.io.FileReader@820028b
11-29 19:26:36.522 I/SystemConfig( 1398): Reading permissions from
/apex/com.android.tethering/etc/permissions/privapp_allowlist_com.google.android.ne
tworkstack.tethering.xml
11-29 19:26:36.523 W/SystemConfig( 1398): <privapp-permissions> not allowed in
partition of
/apex/com.android.tethering/etc/permissions/privapp_allowlist_com.google.android.ne
tworkstack.tethering.xml at START_TAG <privapp-permissions
package='com.google.android.networkstack.tethering'>@16:78 in
java.io.FileReader@c7abf81
11-29 19:26:36.526 I/SystemConfig( 1398): Reading permissions from
/apex/com.android.cellbroadcast/etc/permissions/privapp_allowlist_com.google.androi
d.cellbroadcastreceiver.xml
11-29 19:26:36.527 W/SystemConfig( 1398): <privapp-permissions> not allowed in
partition of
/apex/com.android.cellbroadcast/etc/permissions/privapp_allowlist_com.google.androi
d.cellbroadcastreceiver.xml at START_TAG <privapp-permissions
package='com.google.android.cellbroadcastreceiver'>@16:77 in
java.io.FileReader@b0a3c67
11-29 19:26:36.528 I/SystemConfig( 1398): Reading permissions from
/apex/com.android.cellbroadcast/etc/permissions/privapp_allowlist_com.google.androi
d.cellbroadcastservice.xml
11-29 19:26:36.529 W/SystemConfig( 1398): <privapp-permissions> not allowed in
partition of
/apex/com.android.cellbroadcast/etc/permissions/privapp_allowlist_com.google.androi
d.cellbroadcastservice.xml at START_TAG <privapp-permissions
package='com.google.android.cellbroadcastservice'>@16:76 in
java.io.FileReader@a92d2bd
11-29 19:26:36.531 I/SystemConfig( 1398): Reading permissions from
/apex/com.android.ipsec/etc/permissions/android.net.ipsec.ike.xml
11-29 19:26:36.539 D/SystemConfig( 1398): readAllPermissions took to complete:
415ms
11-29 19:26:36.539 D/SystemServerTimingAsync( 1398):
InitThreadPoolExec:ReadingSystemConfig took to complete: 415ms
11-29 19:26:36.545 I/Hal3ARaw( 877): [setAfParams] SEC, date.0218,
bAFTriggerByAPP(0), u1AfTrig(0)
11-29 19:26:36.547 I/Drv/HWsync( 877): Drv/HWsync[uninit] +,
user&cnt(HW_SYNC_USER_AE,1),srIdxNum(0)
11-29 19:26:36.547 I/Drv/HWsync( 877): Drv/HWsync[uninit] mAECyclePeriod(-1)
11-29 19:26:36.547 I/af_mgr_v3( 877): AF-uninit : +
11-29 19:26:36.547 W/MtkCam/SensorProviderService( 877): (877)[disableSensor]
Invalid parameter
11-29 19:26:36.547 W/MtkCam/SensorProviderService( 877): (877)[disableSensor]
Invalid parameter
11-29 19:26:36.547 I/af_mgr_v3( 877): AF-uninit : Algo(0x0), users 0
11-29 19:26:36.547 I/af_mgr_v3( 877): AF-uninit : -
11-29 19:26:36.548 I/FlashHal( 877): setFlashOff().
11-29 19:26:36.548 I/StrobeDrvFlashlight( 877): setOnOff(): enable(0).
11-29 19:26:36.548 D/BatteryDump( 860): wait_for_battery_event : occurred :
add@/devices/virtual/wakeup/wakeup151
11-29 19:26:36.549 I/StrobeDrvFlashlight( 877): setOnOff(): off time(-1).
11-29 19:26:36.549 I/StrobeDrvFlashlightFops( 877): ioctl failed: type/ct (1,1)
Inappropriate ioctl for device
11-29 19:26:36.549 I/StrobeDrvFlashlight( 877): getHwFault(): flag1(0) ret(-1).
11-29 19:26:36.549 D/BatteryDump( 860): wait_for_battery_event : occurred :
add@/devices/virtual/wakeup/wakeup152
11-29 19:26:36.549 I/StrobeDrvFlashlightFops( 877): ioctl failed: type/ct (1,1)
Inappropriate ioctl for device
11-29 19:26:36.549 I/StrobeDrvFlashlight( 877): getHwFault(): flag2(0) ret(-1).
11-29 19:26:36.549 I/FlashHal( 877): uninit().
11-29 19:26:36.549 I/StrobeDrvFlashlight( 877): lowPowerDetectEnd().
11-29 19:26:36.550 D/BatteryDump( 860): wait_for_battery_event : occurred :
add@/devices/virtual/wakeup/wakeup153
11-29 19:26:36.550 D/BatteryDump( 860): wait_for_battery_event : occurred :
add@/devices/virtual/wakeup/wakeup154
11-29 19:26:36.552 I/StrobeDrvFlashlightFops( 877): closekd(): mUsers(0).
11-29 19:26:36.552 I/StrobeDrvFlashlight( 877): uninit(): mUsers(0).
11-29 19:26:36.553 I/FlickerHal( 877): uninit(). m_sensorDev(4)
11-29 19:26:36.553 I/FlickerPlatformAdapter( 877): releaseBuf(). Release buf
success.
11-29 19:26:36.555 I/MtkCam/Metadata( 877): valueFor(133):[debug] valueFor
passedInId:3
11-29 19:26:36.555 I/MtkCam/Metadata( 877): valueFor(134):[debug] valueFor
convertedId:3
11-29 19:26:36.556 W/nvbuf_util.cpp( 877): [getInstance:403] getInstance, bInit(1)
11-29 19:26:36.557 I/PerProcessNandswap( 1398): Static Initialization of
PerProcessNandswap
11-29 19:26:36.557 I/PerProcessNandswap( 1398): createInstance start
11-29 19:26:36.560 W/nvbuf_util.cpp( 877): [getInstance:403] getInstance, bInit(1)
11-29 19:26:36.560 W/nvbuf_util.cpp( 877): [getBufAndReadNoLock:691] ramId(1),
sensorDev(8), p(0x0), bForceRead(1) +
11-29 19:26:36.560 W/nvbuf_util.cpp( 877): [readRamVersion:250] nvRamId(1), ver:
isp(0),3a(0),sh(0),lens(0),pl(0),stb(0),tsf(0),pdc(0),geo(0),fov(0),feature(0)
11-29 19:26:36.560 W/NvramDrv( 877): [readDefaultData:795] CAMERA_NVRAM_DATA_3A
11-29 19:26:36.560 W/nvbuf_util.cpp( 877): [getInstance:403] getInstance, bInit(1)
11-29 19:26:36.560 W/nvbuf_util.cpp( 877): [getBufAndReadNoLock:691] ramId(5),
sensorDev(8), p(0x0), bForceRead(1) +
11-29 19:26:36.560 W/nvbuf_util.cpp( 877): [readRamVersion:250] nvRamId(5), ver:
isp(0),3a(0),sh(0),lens(0),pl(0),stb(0),tsf(0),pdc(0),geo(0),fov(0),feature(0)
11-29 19:26:36.560 W/NvramDrv( 877): [readDefaultData:816]
CAMERA_NVRAM_DATA_STROBE cust_fillDefaultStrobeNVRam
11-29 19:26:36.560 W/nvbuf_util.cpp( 877): [getInstance:403] getInstance, bInit(1)
11-29 19:26:36.560 W/nvbuf_util.cpp( 877): [getBufAndReadNoLock:691] ramId(12),
sensorDev(8), p(0x0), bForceRead(1) +
11-29 19:26:36.560 W/nvbuf_util.cpp( 877): [readRamVersion:250] nvRamId(12), ver:
isp(0),3a(0),sh(0),lens(0),pl(0),stb(0),tsf(0),pdc(0),geo(0),fov(0),feature(0)
11-29 19:26:36.560 W/NvramDrv( 877): [readDefaultData:823]
CAMERA_NVRAM_DATA_FLASH_CALIBRATION
11-29 19:26:36.560 W/nvbuf_util.cpp( 877): [getInstance:403] getInstance, bInit(1)
11-29 19:26:36.561 W/nvbuf_util.cpp( 877): [getBufAndReadNoLock:691] ramId(0),
sensorDev(8), p(0x0), bForceRead(1) +
11-29 19:26:36.561 W/nvbuf_util.cpp( 877): [readRamVersion:250] nvRamId(0), ver:
isp(0),3a(0),sh(0),lens(0),pl(0),stb(0),tsf(0),pdc(0),geo(0),fov(0),feature(0)
11-29 19:26:36.561 W/NvramDrv( 877): [readDefaultData:791] CAMERA_NVRAM_DATA_ISP
11-29 19:26:36.562 W/nvbuf_util.cpp( 877): [getInstance:403] getInstance, bInit(1)
11-29 19:26:36.562 W/nvbuf_util.cpp( 877): [getBufAndReadNoLock:691] ramId(2),
sensorDev(8), p(0x0), bForceRead(1) +
11-29 19:26:36.562 W/nvbuf_util.cpp( 877): [readRamVersion:250] nvRamId(2), ver:
isp(0),3a(0),sh(0),lens(0),pl(0),stb(0),tsf(0),pdc(0),geo(0),fov(0),feature(0)
11-29 19:26:36.562 W/NvramDrv( 877): [readDefaultData:799]
CAMERA_NVRAM_DATA_SHADING
11-29 19:26:36.563 I/lmkd ( 403): lmkd data connection established
11-29 19:26:36.563 I/ActivityManager( 1398): Connection with lmkd established
11-29 19:26:36.564 I/Drv/HWsync( 877): Drv/HWsync[init] +,
user&cnt(HW_SYNC_USER_AE,0),srIdxNum(0)
11-29 19:26:36.564 I/Drv/HWsync( 877): Drv/HWsync[init] mAECyclePeriod(3)
11-29 19:26:36.564 W/nvbuf_util.cpp( 877): [getInstance:403] getInstance, bInit(1)
11-29 19:26:36.564 W/nvbuf_util.cpp( 877): [getBufAndReadNoLock:691] ramId(1),
sensorDev(8), p(0x0), bForceRead(0) +
11-29 19:26:36.564 W/nvbuf_util.cpp( 877): [getInstance:403] getInstance, bInit(1)
11-29 19:26:36.564 W/nvbuf_util.cpp( 877): [getBufAndReadNoLock:691] ramId(4),
sensorDev(8), p(0x0), bForceRead(0) +
11-29 19:26:36.564 W/nvbuf_util.cpp( 877): [readRamVersion:250] nvRamId(4), ver:
isp(0),3a(0),sh(0),lens(0),pl(0),stb(0),tsf(0),pdc(0),geo(0),fov(0),feature(0)
11-29 19:26:36.564 W/NvramDrv( 877): [readDefaultData:811]
CAMERA_DATA_AE_PLINETABLE
11-29 19:26:36.565 W/nvbuf_util.cpp( 877): [getInstance:403] getInstance, bInit(1)
11-29 19:26:36.565 W/nvbuf_util.cpp( 877): [getBufAndReadNoLock:691] ramId(0),
sensorDev(8), p(0x0), bForceRead(0) +
11-29 19:26:36.565 E/AeAlgoCtrl( 877): Err: 1546: [switchAELock] AE PLine Table
is NULL, use default setting 33333/1024/1024
11-29 19:26:36.566 I/af_mgr_v3( 877): AF-init : + Dev 8
11-29 19:26:36.566 W/mnld ( 1059): thread_adc_capture_init: open_port: Unable to
open /dev/gps_emi, retry:13
11-29 19:26:36.568 I/af_mgr_v3( 877): Dev(8):enable SensorProvider success for
Gyro
11-29 19:26:36.568 I/af_mgr_v3( 877): Dev(8):enable SensorProvider success for
Acce
11-29 19:26:36.568 I/af_mgr_v3( 877): AF-init : EnAF -1,
Algo(0xb400007df7ad31c0), users 1
11-29 19:26:36.568 I/af_mgr_v3( 877): AF-init : -
11-29 19:26:36.568 I/FlashHal( 877): FlashHal(): sensorDev(8).
11-29 19:26:36.568 I/StrobeDrvFlashlightFops( 877): openkd(): mUsers(1).
11-29 19:26:36.568 I/DHA_PROPERTY( 1398): highRes_MaxCached : 6 normalRes_MaxCached
: 10
11-29 19:26:36.568 I/DHA_PROPERTY( 1398): DHA STEP 2
11-29 19:26:36.568 I/DHA_PROPERTY( 1398): DHA TH RATE 2.0
11-29 19:26:36.568 I/DHA_PROPERTY( 1398): DHA mSzDHAThreshold 33554432
11-29 19:26:36.568 I/DHA_PROPERTY( 1398): DHA DHA_INCREASE_THRESHOLD 2097152
11-29 19:26:36.568 I/CameraManagerGlobal( 1398):
unregisterCameraDeviceStateCallback
11-29 19:26:36.568 I/CameraManagerGlobal( 1398): registerCameraDeviceStateCallback
11-29 19:26:36.568 E/MtkCam/SensorProviderService( 877): (1475)[isSupport] fail to
open: /sys/class/BOOT/BOOT/boot/boot_mode
(isSupport){#1411:vendor/mediatek/proprietary/hardware/mtkcam/utils/sys/
SensorProvider/SensorProviderService.cpp}
11-29 19:26:36.568 I/CameraManagerGlobal( 1398): Connecting to camera service
11-29 19:26:36.568 E/MtkCam/SensorProviderService( 877): (1475)[isSupport] fail to
open: /sys/class/BOOT/BOOT/boot/boot_mode
(isSupport){#1411:vendor/mediatek/proprietary/hardware/mtkcam/utils/sys/
SensorProvider/SensorProviderService.cpp}
