06-24 12:38:10.624 8796 16326 D TAG : loadUserinputdata: SELECT * FROM UGCData WHERE linkID = 53787183 AND UserID = 12769294 AND bookID = 14278042 AND type = 5 AND mode != 'D' ;
06-24 12:38:10.625 8796 16326 D TAG : loadUserinputdata: SELECT * FROM UGCData WHERE linkID = 53787184 AND UserID = 12769294 AND bookID = 14278042 AND type = 5 AND mode != 'D' ;
06-24 12:38:10.626 8796 16326 D TAG : loadUserinputdata: SELECT * FROM UGCData WHERE linkID = 53787185 AND UserID = 12769294 AND bookID = 14278042 AND type = 5 AND mode != 'D' ;
06-24 12:38:10.627 8796 16326 D TAG : loadUserinputdata: SELECT * FROM UGCData WHERE linkID = 53787186 AND UserID = 12769294 AND bookID = 14278042 AND type = 5 AND mode != 'D' ;
06-24 12:38:10.631 8796 16326 D TAG : loadUserinputdata: SELECT * FROM UGCData WHERE linkID = 53787187 AND UserID = 12769294 AND bookID = 14278042 AND type = 5 AND mode != 'D' ;
06-24 12:38:10.673 8796 8796 D ese.cloudreade: Zoom in controls:false
06-24 12:38:10.677 8796 8796 D KhanAcademyKatexView: Zoom in controls:false
06-24 12:38:10.677 8796 8796 D KhanAcademyKatexView: Zoom in controls:true
06-24 12:38:10.686 8796 8796 D ese.cloudreade: Zoom in controls:false
06-24 12:38:10.690 8796 8796 D KhanAcademyKatexView: Zoom in controls:false
06-24 12:38:10.690 8796 8796 D KhanAcademyKatexView: Zoom in controls:true
06-24 12:38:10.696 8796 8796 D FIB : setData: meta false
06-24 12:38:10.696 8796 8796 D FIB : setData: false
06-24 12:38:10.696 8796 8796 E saveAnswer: called 8
06-24 12:38:10.700 8796 8796 W ese.cloudreade: Accessing hidden field Landroid/widget/TextView;->mCursorDrawableRes:I (greylist-max-p, reflection, denied)
06-24 12:38:10.700 8796 8796 E saveAnswer: called 9
06-24 12:38:10.700 8796 8796 E saveAnswer: called 10
06-24 12:38:10.703 8796 8796 D ese.cloudreade: Zoom in controls:false
06-24 12:38:10.707 8796 8796 D KhanAcademyKatexView: Zoom in controls:false
06-24 12:38:10.707 8796 8796 D KhanAcademyKatexView: Zoom in controls:true
06-24 12:38:10.718 8796 8796 D ese.cloudreade: Zoom in controls:false
06-24 12:38:10.721 8796 8796 D KhanAcademyKatexView: Zoom in controls:false
06-24 12:38:10.721 8796 8796 D KhanAcademyKatexView: Zoom in controls:true
06-24 12:38:10.726 8796 8796 D FIB : setData: meta false
06-24 12:38:10.726 8796 8796 D FIB : setData: false
06-24 12:38:10.726 8796 8796 E saveAnswer: called 8
06-24 12:38:10.730 8796 8796 W ese.cloudreade: Accessing hidden field Landroid/widget/TextView;->mCursorDrawableRes:I (greylist-max-p, reflection, denied)
06-24 12:38:10.730 8796 8796 E saveAnswer: called 9
06-24 12:38:10.730 8796 8796 E saveAnswer: called 10
06-24 12:38:10.733 8796 8796 D ese.cloudreade: Zoom in controls:false
06-24 12:38:10.735 8796 8796 D KhanAcademyKatexView: Zoom in controls:false
06-24 12:38:10.735 8796 8796 D KhanAcademyKatexView: Zoom in controls:true
06-24 12:38:10.745 8796 8796 D ese.cloudreade: Zoom in controls:false
06-24 12:38:10.748 8796 8796 D KhanAcademyKatexView: Zoom in controls:false
06-24 12:38:10.748 8796 8796 D KhanAcademyKatexView: Zoom in controls:true
06-24 12:38:10.754 8796 8796 D FIB : setData: meta false
06-24 12:38:10.754 8796 8796 D FIB : setData: false
06-24 12:38:10.754 8796 8796 E saveAnswer: called 8
06-24 12:38:10.754 8796 8810 W System : A resource failed to call close.
06-24 12:38:10.756 8796 8810 I chatty : uid=10510(com.hurix.ese.cloudreader) FinalizerDaemon identical 3 lines
06-24 12:38:10.756 8796 8810 W System : A resource failed to call close.
06-24 12:38:10.763 8796 8796 W ese.cloudreade: Accessing hidden field Landroid/widget/TextView;->mCursorDrawableRes:I (greylist-max-p, reflection, denied)
06-24 12:38:10.764 8796 8796 E saveAnswer: called 9
06-24 12:38:10.764 8796 8796 E saveAnswer: called 10
06-24 12:38:10.767 8796 8796 D ese.cloudreade: Zoom in controls:false
06-24 12:38:10.770 8796 8796 D KhanAcademyKatexView: Zoom in controls:false
06-24 12:38:10.770 8796 8796 D KhanAcademyKatexView: Zoom in controls:true
06-24 12:38:10.777 8796 8796 D ese.cloudreade: Zoom in controls:false
06-24 12:38:10.780 8796 8796 D KhanAcademyKatexView: Zoom in controls:false
06-24 12:38:10.781 8796 8796 D KhanAcademyKatexView: Zoom in controls:true
06-24 12:38:10.787 8796 8796 D FIB : setData: meta false
06-24 12:38:10.788 8796 8796 D FIB : setData: false
06-24 12:38:10.788 8796 8796 E saveAnswer: called 8
06-24 12:38:10.793 8796 8796 W ese.cloudreade: Accessing hidden field Landroid/widget/TextView;->mCursorDrawableRes:I (greylist-max-p, reflection, denied)
06-24 12:38:10.793 8796 8796 E saveAnswer: called 9
06-24 12:38:10.793 8796 8796 E saveAnswer: called 10
06-24 12:38:10.796 8796 8796 D ese.cloudreade: Zoom in controls:false
06-24 12:38:10.799 8796 8796 D KhanAcademyKatexView: Zoom in controls:false
06-24 12:38:10.800 8796 8796 D KhanAcademyKatexView: Zoom in controls:true
06-24 12:38:10.807 8796 8796 D ese.cloudreade: Zoom in controls:false
06-24 12:38:10.811 8796 8796 D KhanAcademyKatexView: Zoom in controls:false
06-24 12:38:10.811 8796 8796 D KhanAcademyKatexView: Zoom in controls:true
06-24 12:38:10.817 8796 8796 D FIB : setData: meta false
06-24 12:38:10.817 8796 8796 D FIB : setData: false
06-24 12:38:10.817 8796 8796 E saveAnswer: called 8
06-24 12:38:10.823 8796 8796 W ese.cloudreade: Accessing hidden field Landroid/widget/TextView;->mCursorDrawableRes:I (greylist-max-p, reflection, denied)
06-24 12:38:10.823 8796 8796 E saveAnswer: called 9
06-24 12:38:10.823 8796 8796 E saveAnswer: called 10
06-24 12:38:10.826 8796 8796 D ese.cloudreade: Zoom in controls:false
06-24 12:38:10.831 8796 8796 D KhanAcademyKatexView: Zoom in controls:false
06-24 12:38:10.831 8796 8796 D KhanAcademyKatexView: Zoom in controls:true
06-24 12:38:10.841 8796 8796 D ese.cloudreade: Zoom in controls:false
06-24 12:38:10.845 8796 8796 D KhanAcademyKatexView: Zoom in controls:false
06-24 12:38:10.846 8796 8796 D KhanAcademyKatexView: Zoom in controls:true
06-24 12:38:10.851 8796 8796 D FIB : setData: meta false
06-24 12:38:10.851 8796 8796 D FIB : setData: false
06-24 12:38:10.851 8796 8796 E saveAnswer: called 8
06-24 12:38:10.856 8796 8796 W ese.cloudreade: Accessing hidden field Landroid/widget/TextView;->mCursorDrawableRes:I (greylist-max-p, reflection, denied)
06-24 12:38:10.856 8796 8796 E saveAnswer: called 9
06-24 12:38:10.857 8796 8796 E saveAnswer: called 10
06-24 12:38:11.142 8796 8796 E TAG : onTouchEvent destroy
06-24 12:38:11.144 8796 8796 D ReadAdapterInitiateitem: 73
06-24 12:38:11.169 8796 8796 E LoadWordColl: got word collection
06-24 12:38:11.806 8796 8796 D Gestures: onDown: MotionEvent { action=ACTION_DOWN, actionButton=0, id[0]=0, x[0]=245.77243, y[0]=227.68011, toolType[0]=TOOL_TYPE_FINGER, buttonState=0, classification=NONE, metaState=0, flags=0x0, edgeFlags=0x0, pointerCount=1, historySize=0, eventTime=11290162, downTime=11290162, deviceId=-1, source=0x1002, displayId=0 }
06-24 12:38:11.806 8796 8796 E TAG : onTouchEvent Long Press
06-24 12:38:11.806 8796 8796 E MOTION EVENT:: 0
06-24 12:38:11.806 8796 8796 E HIGHLIGHTS:: 0
06-24 12:38:11.806 8796 8796 E PLAYERSTATE:: NAVIGATION
06-24 12:38:11.914 8796 8796 E TAG : FetchBookLastVisitedFolioResponse mCurrentPagePosition73
06-24 12:38:11.919 8796 8796 D TAG : loadUserinputdata: SELECT * FROM UGCData WHERE linkID = 53787198 AND UserID = 12769294 AND bookID = 14278042 AND type = 5 AND mode != 'D' ;
06-24 12:38:11.920 8796 8796 D TAG : loadUserinputdata: SELECT * FROM UGCData WHERE linkID = 53787199 AND UserID = 12769294 AND bookID = 14278042 AND type = 5 AND mode != 'D' ;
06-24 12:38:11.920 8796 8796 D TAG : loadUserinputdata: SELECT * FROM UGCData WHERE linkID = 53787200 AND UserID = 12769294 AND bookID = 14278042 AND type = 5 AND mode != 'D' ;
06-24 12:38:11.921 8796 8796 D TAG : loadUserinputdata: SELECT * FROM UGCData WHERE linkID = 53787201 AND UserID = 12769294 AND bookID = 14278042 AND type = 5 AND mode != 'D' ;
06-24 12:38:11.922 8796 8796 D TAG : loadUserinputdata: SELECT * FROM UGCData WHERE linkID = 53787202 AND UserID = 12769294 AND bookID = 14278042 AND type = 5 AND mode != 'D' ;
06-24 12:38:11.923 8796 8796 D TAG : loadUserinputdata: SELECT * FROM UGCData WHERE linkID = 53787203 AND UserID = 12769294 AND bookID = 14278042 AND type = 5 AND mode != 'D' ;
06-24 12:38:11.927 8796 8796 E TAG : FetchBookLastVisitedFolioResponse page change 11st: NoOfPage :73
06-24 12:38:11.928 8796 8796 E TAG : FetchBookLastVisitedFolioResponse mCurrentPagePosition73
06-24 12:38:11.928 8796 8796 E openTime: 73 2024-06-24 18:38:10.598
06-24 12:38:11.928 8796 8796 E pagetrackdata: Jun 24, 2024, 12:38 PM
06-24 12:38:11.928 8796 8796 E pagetrackdata: 1
06-24 12:38:11.931 8796 8796 D TAG : loadUserinputdata: SELECT * FROM UGCData WHERE linkID = 53787198 AND UserID = 12769294 AND bookID = 14278042 AND type = 5 AND mode != 'D' ;
06-24 12:38:11.932 8796 8796 D TAG : loadUserinputdata: SELECT * FROM UGCData WHERE linkID = 53787199 AND UserID = 12769294 AND bookID = 14278042 AND type = 5 AND mode != 'D' ;
06-24 12:38:11.933 8796 8796 D TAG : loadUserinputdata: SELECT * FROM UGCData WHERE linkID = 53787200 AND UserID = 12769294 AND bookID = 14278042 AND type = 5 AND mode != 'D' ;
06-24 12:38:11.933 8796 8796 D TAG : loadUserinputdata: SELECT * FROM UGCData WHERE linkID = 53787201 AND UserID = 12769294 AND bookID = 14278042 AND type = 5 AND mode != 'D' ;
06-24 12:38:11.934 8796 8796 D TAG : loadUserinputdata: SELECT * FROM UGCData WHERE linkID = 53787202 AND UserID = 12769294 AND bookID = 14278042 AND type = 5 AND mode != 'D' ;
06-24 12:38:11.934 8796 8796 D TAG : loadUserinputdata: SELECT * FROM UGCData WHERE linkID = 53787203 AND UserID = 12769294 AND bookID = 14278042 AND type = 5 AND mode != 'D' ;
06-24 12:38:11.937 8796 8796 E highrev : true
06-24 12:38:11.937 8796 8796 E highList: 0
06-24 12:38:11.952 8796 8796 E Event : equation_editor_data_live
06-24 12:38:11.952 8796 8796 E Event : equation_editor_data_live
06-24 12:38:11.954 8796 8796 E TAG : OnconfigChange: inserted true
06-24 12:38:11.976 8796 16372 D TAG : loadUserinputdata: SELECT * FROM UGCData WHERE linkID = 53787198 AND UserID = 12769294 AND bookID = 14278042 AND type = 5 AND mode != 'D' ;
06-24 12:38:11.980 8796 16372 D TAG : loadUserinputdata: SELECT * FROM UGCData WHERE linkID = 53787199 AND UserID = 12769294 AND bookID = 14278042 AND type = 5 AND mode != 'D' ;
06-24 12:38:11.985 8796 16372 D TAG : loadUserinputdata: SELECT * FROM UGCData WHERE linkID = 53787200 AND UserID = 12769294 AND bookID = 14278042 AND type = 5 AND mode != 'D' ;
06-24 12:38:11.988 8796 16372 D TAG : loadUserinputdata: SELECT * FROM UGCData WHERE linkID = 53787201 AND UserID = 12769294 AND bookID = 14278042 AND type = 5 AND mode != 'D' ;
06-24 12:38:11.990 8796 16372 D TAG : loadUserinputdata: SELECT * FROM UGCData WHERE linkID = 53787202 AND UserID = 12769294 AND bookID = 14278042 AND type = 5 AND mode != 'D' ;
06-24 12:38:11.998 8796 16372 D TAG : loadUserinputdata: SELECT * FROM UGCData WHERE linkID = 53787203 AND UserID = 12769294 AND bookID = 14278042 AND type = 5 AND mode != 'D' ;
06-24 12:38:12.043 8796 8796 D ese.cloudreade: Zoom in controls:false
06-24 12:38:12.045 8796 8796 D KhanAcademyKatexView: Zoom in controls:false
06-24 12:38:12.045 8796 8796 D KhanAcademyKatexView: Zoom in controls:true
06-24 12:38:12.053 8796 8796 D ese.cloudreade: Zoom in controls:false
06-24 12:38:12.057 8796 8796 D KhanAcademyKatexView: Zoom in controls:false
06-24 12:38:12.057 8796 8796 D KhanAcademyKatexView: Zoom in controls:true
06-24 12:38:12.063 8796 8796 D FIB : setData: meta false
06-24 12:38:12.063 8796 8796 D FIB : setData: false
06-24 12:38:12.063 8796 8796 E saveAnswer: called 8
06-24 12:38:12.067 8796 8796 W ese.cloudreade: Accessing hidden field Landroid/widget/TextView;->mCursorDrawableRes:I (greylist-max-p, reflection, denied)
06-24 12:38:12.067 8796 8796 E saveAnswer: called 9
06-24 12:38:12.068 8796 8796 E saveAnswer: called 10
06-24 12:38:12.071 8796 8796 D ese.cloudreade: Zoom in controls:false
06-24 12:38:12.075 8796 8796 D KhanAcademyKatexView: Zoom in controls:false
06-24 12:38:12.075 8796 8796 D KhanAcademyKatexView: Zoom in controls:true
06-24 12:38:12.084 8796 8796 D ese.cloudreade: Zoom in controls:false
06-24 12:38:12.088 8796 8796 D KhanAcademyKatexView: Zoom in controls:false
06-24 12:38:12.088 8796 8796 D KhanAcademyKatexView: Zoom in controls:true
06-24 12:38:12.093 8796 8796 D FIB : setData: meta false
06-24 12:38:12.093 8796 8796 D FIB : setData: false
06-24 12:38:12.093 8796 8796 E saveAnswer: called 8
06-24 12:38:12.097 8796 8796 W ese.cloudreade: Accessing hidden field Landroid/widget/TextView;->mCursorDrawableRes:I (greylist-max-p, reflection, denied)
06-24 12:38:12.097 8796 8796 E saveAnswer: called 9
06-24 12:38:12.097 8796 8796 E saveAnswer: called 10
06-24 12:38:12.100 8796 8796 D ese.cloudreade: Zoom in controls:false
06-24 12:38:12.103 8796 8796 D KhanAcademyKatexView: Zoom in controls:false
06-24 12:38:12.103 8796 8796 D KhanAcademyKatexView: Zoom in controls:true
06-24 12:38:12.111 8796 8796 D ese.cloudreade: Zoom in controls:false
06-24 12:38:12.115 8796 8796 D KhanAcademyKatexView: Zoom in controls:false
06-24 12:38:12.115 8796 8796 D KhanAcademyKatexView: Zoom in controls:true
06-24 12:38:12.120 8796 8796 D FIB : setData: meta false
06-24 12:38:12.120 8796 8796 D FIB : setData: false
06-24 12:38:12.120 8796 8796 E saveAnswer: called 8
06-24 12:38:12.124 8796 8796 W ese.cloudreade: Accessing hidden field Landroid/widget/TextView;->mCursorDrawableRes:I (greylist-max-p, reflection, denied)
06-24 12:38:12.124 8796 8796 E saveAnswer: called 9
06-24 12:38:12.124 8796 8796 E saveAnswer: called 10
06-24 12:38:12.127 8796 8796 D ese.cloudreade: Zoom in controls:false
06-24 12:38:12.131 8796 8796 D KhanAcademyKatexView: Zoom in controls:false
06-24 12:38:12.131 8796 8796 D KhanAcademyKatexView: Zoom in controls:true
06-24 12:38:12.139 8796 8796 D ese.cloudreade: Zoom in controls:false
06-24 12:38:12.145 8796 8796 D KhanAcademyKatexView: Zoom in controls:false
06-24 12:38:12.145 8796 8796 D KhanAcademyKatexView: Zoom in controls:true
06-24 12:38:12.150 8796 8796 D FIB : setData: meta false
06-24 12:38:12.150 8796 8796 D FIB : setData: false
06-24 12:38:12.150 8796 8796 E saveAnswer: called 8
06-24 12:38:12.155 8796 8796 W ese.cloudreade: Accessing hidden field Landroid/widget/TextView;->mCursorDrawableRes:I (greylist-max-p, reflection, denied)
06-24 12:38:12.155 8796 8796 E saveAnswer: called 9
06-24 12:38:12.156 8796 8796 E saveAnswer: called 10
06-24 12:38:12.158 8796 8796 D ese.cloudreade: Zoom in controls:false
06-24 12:38:12.159 8796 8810 W System : A resource failed to call close.
06-24 12:38:12.166 8796 8796 D KhanAcademyKatexView: Zoom in controls:false
06-24 12:38:12.166 8796 8796 D KhanAcademyKatexView: Zoom in controls:true
06-24 12:38:12.174 8796 8796 D ese.cloudreade: Zoom in controls:false
06-24 12:38:12.177 8796 8796 D KhanAcademyKatexView: Zoom in controls:false
06-24 12:38:12.177 8796 8796 D KhanAcademyKatexView: Zoom in controls:true
06-24 12:38:12.183 8796 8796 D FIB : setData: meta false
06-24 12:38:12.183 8796 8796 D FIB : setData: false
06-24 12:38:12.183 8796 8796 E saveAnswer: called 8
06-24 12:38:12.188 8796 8796 W ese.cloudreade: Accessing hidden field Landroid/widget/TextView;->mCursorDrawableRes:I (greylist-max-p, reflection, denied)
06-24 12:38:12.188 8796 8796 E saveAnswer: called 9
06-24 12:38:12.188 8796 8796 E saveAnswer: called 10
06-24 12:38:12.191 8796 8796 D ese.cloudreade: Zoom in controls:false
06-24 12:38:12.195 8796 8796 D KhanAcademyKatexView: Zoom in controls:false
06-24 12:38:12.195 8796 8796 D KhanAcademyKatexView: Zoom in controls:true
06-24 12:38:12.203 8796 8796 D ese.cloudreade: Zoom in controls:false
06-24 12:38:12.206 8796 8796 D KhanAcademyKatexView: Zoom in controls:false
06-24 12:38:12.206 8796 8796 D KhanAcademyKatexView: Zoom in controls:true
06-24 12:38:12.212 8796 8796 D FIB : setData: meta false
06-24 12:38:12.212 8796 8796 D FIB : setData: false
06-24 12:38:12.212 8796 8796 E saveAnswer: called 8
06-24 12:38:12.216 8796 8796 W ese.cloudreade: Accessing hidden field Landroid/widget/TextView;->mCursorDrawableRes:I (greylist-max-p, reflection, denied)
06-24 12:38:12.216 8796 8796 E saveAnswer: called 9
06-24 12:38:12.216 8796 8796 E saveAnswer: called 10
06-24 12:38:12.546 8796 8796 E TAG : onTouchEvent destroy
06-24 12:38:12.549 8796 8796 D ReadAdapterInitiateitem: 74
06-24 12:38:12.576 8796 8796 E LoadWordColl: got word collection
06-24 12:38:13.314 8796 8796 E highrev : true
06-24 12:38:13.315 8796 8796 E highList: 0
06-24 12:38:13.318 8796 8796 E Event : equation_editor_data_live
06-24 12:38:13.318 8796 8796 E Event : equation_editor_data_live
06-24 12:38:13.321 8796 8796 E TAG : OnconfigChange: inserted true
06-24 12:38:13.946 8796 8810 W System : A resource failed to call close.
06-24 12:38:16.384 8796 8810 W SQLiteConnectionPool: A SQLiteConnection object for database '/storage/emulated/0/Android/data/com.hurix.ese.cloudreader/files/.ese/ 9789998353114/assets/xml-bin/xml.sqlite' was leaked! Please fix your application to end transactions in progress properly and to close the database when it is no longer needed.
06-24 12:38:16.384 8796 8810 W System : A resource failed to call close.
06-24 12:38:16.384 8796 8810 W System : A resource failed to call close.
06-24 12:38:18.176 8796 8796 D Gestures: onDown: MotionEvent { action=ACTION_DOWN, actionButton=0, id[0]=0, x[0]=301.72064, y[0]=45.75592, toolType[0]=TOOL_TYPE_FINGER, buttonState=0, classification=NONE, metaState=0, flags=0x0, edgeFlags=0x0, pointerCount=1, historySize=0, eventTime=11296527, downTime=11296527, deviceId=-1, source=0x1002, displayId=0 }
06-24 12:38:18.176 8796 8796 E TAG : onTouchEvent Long Press
06-24 12:38:18.176 8796 8796 E MOTION EVENT:: 0
06-24 12:38:18.176 8796 8796 E HIGHLIGHTS:: 0
06-24 12:38:18.176 8796 8796 E PLAYERSTATE:: NAVIGATION
06-24 12:38:18.256 8796 8796 E TAG : FetchBookLastVisitedFolioResponse mCurrentPagePosition74
06-24 12:38:18.269 8796 8796 E TAG : FetchBookLastVisitedFolioResponse page change 11st: NoOfPage :74
06-24 12:38:18.269 8796 8796 E TAG : FetchBookLastVisitedFolioResponse mCurrentPagePosition74
06-24 12:38:18.269 8796 8796 E openTime: 74 2024-06-24 18:38:11.924
06-24 12:38:18.269 8796 8796 E pagetrackdata: Jun 24, 2024, 12:38 PM
06-24 12:38:18.269 8796 8796 E pagetrackdata: 6
06-24 12:38:18.810 8796 8796 E TAG : onTouchEvent destroy
06-24 12:38:18.830 8796 8796 D ReadAdapterInitiateitem: 75
06-24 12:38:18.849 8796 8796 E LoadWordColl: got word collection
06-24 12:38:19.573 8796 8796 D TAG : loadUserinputdata: SELECT * FROM UGCData WHERE linkID = 53787209 AND UserID = 12769294 AND bookID = 14278042 AND type = 5 AND mode != 'D' ;
06-24 12:38:19.574 8796 8796 D TAG : loadUserinputdata: SELECT * FROM UGCData WHERE linkID = 53787210 AND UserID = 12769294 AND bookID = 14278042 AND type = 5 AND mode != 'D' ;
06-24 12:38:19.582 8796 8796 E highrev : true
06-24 12:38:19.583 8796 8796 E highList: 0
06-24 12:38:19.595 8796 8796 E Event : equation_editor_data_live
06-24 12:38:19.595 8796 8796 E Event : equation_editor_data_live
06-24 12:38:19.597 8796 8796 E TAG : OnconfigChange: inserted true
06-24 12:38:19.611 8796 16398 D TAG : loadUserinputdata: SELECT * FROM UGCData WHERE linkID = 53787209 AND UserID = 12769294 AND bookID = 14278042 AND type = 5 AND mode != 'D' ;
06-24 12:38:19.611 8796 16398 D TAG : loadUserinputdata: SELECT * FROM UGCData WHERE linkID = 53787210 AND UserID = 12769294 AND bookID = 14278042 AND type = 5 AND mode != 'D' ;
06-24 12:38:19.644 8796 8796 D ese.cloudreade: Zoom in controls:false
06-24 12:38:19.648 8796 8796 D KhanAcademyKatexView: Zoom in controls:false
06-24 12:38:19.648 8796 8796 D KhanAcademyKatexView: Zoom in controls:true
06-24 12:38:19.657 8796 8796 D ese.cloudreade: Zoom in controls:false
06-24 12:38:19.660 8796 8796 D KhanAcademyKatexView: Zoom in controls:false
06-24 12:38:19.661 8796 8796 D KhanAcademyKatexView: Zoom in controls:true
06-24 12:38:19.666 8796 8796 D FIB : setData: meta false
06-24 12:38:19.666 8796 8796 D FIB : setData: false
06-24 12:38:19.666 8796 8796 E saveAnswer: called 8
06-24 12:38:19.670 8796 8796 W ese.cloudreade: Accessing hidden field Landroid/widget/TextView;->mCursorDrawableRes:I (greylist-max-p, reflection, denied)
06-24 12:38:19.670 8796 8796 E saveAnswer: called 9
06-24 12:38:19.670 8796 8796 E saveAnswer: called 10
06-24 12:38:19.673 8796 8796 D ese.cloudreade: Zoom in controls:false
06-24 12:38:19.676 8796 8796 D KhanAcademyKatexView: Zoom in controls:false
06-24 12:38:19.676 8796 8796 D KhanAcademyKatexView: Zoom in controls:true
06-24 12:38:19.684 8796 8796 D ese.cloudreade: Zoom in controls:false
06-24 12:38:19.688 8796 8796 D KhanAcademyKatexView: Zoom in controls:false
06-24 12:38:19.688 8796 8796 D KhanAcademyKatexView: Zoom in controls:true
06-24 12:38:19.695 8796 8796 D FIB : setData: meta false
06-24 12:38:19.695 8796 8796 D FIB : setData: false
06-24 12:38:19.695 8796 8796 E saveAnswer: called 8
06-24 12:38:19.700 8796 8796 W ese.cloudreade: Accessing hidden field Landroid/widget/TextView;->mCursorDrawableRes:I (greylist-max-p, reflection, denied)
06-24 12:38:19.700 8796 8796 E saveAnswer: called 9
06-24 12:38:19.700 8796 8796 E saveAnswer: called 10
06-24 12:38:21.141 8796 8808 I ese.cloudreade: Background concurrent copying GC freed 443162(10MB) AllocSpace objects, 15(356KB) LOS objects, 45% free, 14MB/26MB, paused 68us total 107.160ms
06-24 12:38:21.147 8796 8810 W System : A resource failed to call close.
06-24 12:38:21.212 8796 8796 D Gestures: onDown: MotionEvent { action=ACTION_DOWN, actionButton=0, id[0]=0, x[0]=454.5791, y[0]=36.759644, toolType[0]=TOOL_TYPE_FINGER, buttonState=0, classification=NONE, metaState=0, flags=0x0, edgeFlags=0x0, pointerCount=1, historySize=0, eventTime=11299559, downTime=11299559, deviceId=-1, source=0x1002, displayId=0 }
06-24 12:38:21.212 8796 8796 E TAG : onTouchEvent Long Press
06-24 12:38:21.212 8796 8796 E MOTION EVENT:: 0
06-24 12:38:21.212 8796 8796 E HIGHLIGHTS:: 0
06-24 12:38:21.212 8796 8796 E PLAYERSTATE:: NAVIGATION
06-24 12:38:21.284 8796 8796 E TAG : FetchBookLastVisitedFolioResponse mCurrentPagePosition75
06-24 12:38:21.291 8796 8796 D TAG : loadUserinputdata: SELECT * FROM UGCData WHERE linkID = 53787209 AND UserID = 12769294 AND bookID = 14278042 AND type = 5 AND mode != 'D' ;
06-24 12:38:21.292 8796 8796 D TAG : loadUserinputdata: SELECT * FROM UGCData WHERE linkID = 53787210 AND UserID = 12769294 AND bookID = 14278042 AND type = 5 AND mode != 'D' ;
06-24 12:38:21.299 8796 8796 E TAG : FetchBookLastVisitedFolioResponse page change 11st: NoOfPage :75
06-24 12:38:21.299 8796 8796 E TAG : FetchBookLastVisitedFolioResponse mCurrentPagePosition75
06-24 12:38:21.299 8796 8796 E openTime: 75 2024-06-24 18:38:18.264
06-24 12:38:21.299 8796 8796 E pagetrackdata: Jun 24, 2024, 12:38 PM
06-24 12:38:21.299 8796 8796 E pagetrackdata: 3
06-24 12:38:21.769 8796 8796 E TAG : onTouchEvent destroy
06-24 12:38:21.790 8796 8796 D ReadAdapterInitiateitem: 76
06-24 12:38:21.810 8796 8796 E LoadWordColl: got word collection
06-24 12:38:22.530 8796 8796 D TAG : loadUserinputdata: SELECT * FROM UGCData WHERE linkID = 53787232 AND UserID = 12769294 AND bookID = 14278042 AND type = 5 AND mode != 'D' ;
06-24 12:38:22.532 8796 8796 D TAG : loadUserinputdata: SELECT * FROM UGCData WHERE linkID = 53787233 AND UserID = 12769294 AND bookID = 14278042 AND type = 5 AND mode != 'D' ;
06-24 12:38:22.533 8796 8796 D TAG : loadUserinputdata: SELECT * FROM UGCData WHERE linkID = 53787234 AND UserID = 12769294 AND bookID = 14278042 AND type = 5 AND mode != 'D' ;
06-24 12:38:22.535 8796 8796 D TAG : loadUserinputdata: SELECT * FROM UGCData WHERE linkID = 53787235 AND UserID = 12769294 AND bookID = 14278042 AND type = 5 AND mode != 'D' ;
06-24 12:38:22.536 8796 8796 D TAG : loadUserinputdata: SELECT * FROM UGCData WHERE linkID = 53787236 AND UserID = 12769294 AND bookID = 14278042 AND type = 5 AND mode != 'D' ;
06-24 12:38:22.538 8796 8796 D TAG : loadUserinputdata: SELECT * FROM UGCData WHERE linkID = 53787237 AND UserID = 12769294 AND bookID = 14278042 AND type = 5 AND mode != 'D' ;
06-24 12:38:22.539 8796 8796 D TAG : loadUserinputdata: SELECT * FROM UGCData WHERE linkID = 53787238 AND UserID = 12769294 AND bookID = 14278042 AND type = 5 AND mode != 'D' ;
06-24 12:38:22.540 8796 8796 D TAG : loadUserinputdata: SELECT * FROM UGCData WHERE linkID = 53787239 AND UserID = 12769294 AND bookID = 14278042 AND type = 5 AND mode != 'D' ;
06-24 12:38:22.547 8796 8796 E highrev : true
06-24 12:38:22.548 8796 8796 E highList: 0
06-24 12:38:22.578 8796 8796 E Event : equation_editor_data_live
06-24 12:38:22.579 8796 8796 E Event : equation_editor_data_live
06-24 12:38:22.581 8796 8796 E TAG : OnconfigChange: inserted true
06-24 12:38:22.597 8796 16321 D TAG : loadUserinputdata: SELECT * FROM UGCData WHERE linkID = 53787232 AND UserID = 12769294 AND bookID = 14278042 AND type = 5 AND mode != 'D' ;
06-24 12:38:22.598 8796 16321 D TAG : loadUserinputdata: SELECT * FROM UGCData WHERE linkID = 53787233 AND UserID = 12769294 AND bookID = 14278042 AND type = 5 AND mode != 'D' ;
06-24 12:38:22.600 8796 16321 D TAG : loadUserinputdata: SELECT * FROM UGCData WHERE linkID = 53787234 AND UserID = 12769294 AND bookID = 14278042 AND type = 5 AND mode != 'D' ;
06-24 12:38:22.601 8796 16321 D TAG : loadUserinputdata: SELECT * FROM UGCData WHERE linkID = 53787235 AND UserID = 12769294 AND bookID = 14278042 AND type = 5 AND mode != 'D' ;
06-24 12:38:22.602 8796 16321 D TAG : loadUserinputdata: SELECT * FROM UGCData WHERE linkID = 53787236 AND UserID = 12769294 AND bookID = 14278042 AND type = 5 AND mode != 'D' ;
06-24 12:38:22.603 8796 16321 D TAG : loadUserinputdata: SELECT * FROM UGCData WHERE linkID = 53787237 AND UserID = 12769294 AND bookID = 14278042 AND type = 5 AND mode != 'D' ;
06-24 12:38:22.604 8796 16321 D TAG : loadUserinputdata: SELECT * FROM UGCData WHERE linkID = 53787238 AND UserID = 12769294 AND bookID = 14278042 AND type = 5 AND mode != 'D' ;
06-24 12:38:22.605 8796 16321 D TAG : loadUserinputdata: SELECT * FROM UGCData WHERE linkID = 53787239 AND UserID = 12769294 AND bookID = 14278042 AND type = 5 AND mode != 'D' ;
06-24 12:38:22.651 8796 8796 D ese.cloudreade: Zoom in controls:false
06-24 12:38:22.655 8796 8796 D KhanAcademyKatexView: Zoom in controls:false
06-24 12:38:22.655 8796 8796 D KhanAcademyKatexView: Zoom in controls:true
06-24 12:38:22.667 8796 8796 D ese.cloudreade: Zoom in controls:false
06-24 12:38:22.670 8796 8796 D KhanAcademyKatexView: Zoom in controls:false
06-24 12:38:22.670 8796 8796 D KhanAcademyKatexView: Zoom in controls:true
06-24 12:38:22.679 8796 8796 D FIB : setData: meta false
06-24 12:38:22.679 8796 8796 D FIB : setData: false
06-24 12:38:22.679 8796 8796 E saveAnswer: called 8
06-24 12:38:22.685 8796 8796 W ese.cloudreade: Accessing hidden field Landroid/widget/TextView;->mCursorDrawableRes:I (greylist-max-p, reflection, denied)
06-24 12:38:22.685 8796 8796 E saveAnswer: called 9
06-24 12:38:22.685 8796 8796 E saveAnswer: called 10
06-24 12:38:22.689 8796 8796 D ese.cloudreade: Zoom in controls:false
06-24 12:38:22.693 8796 8796 D KhanAcademyKatexView: Zoom in controls:false
06-24 12:38:22.693 8796 8796 D KhanAcademyKatexView: Zoom in controls:true
06-24 12:38:22.706 8796 8796 D ese.cloudreade: Zoom in controls:false
06-24 12:38:22.710 8796 8796 D KhanAcademyKatexView: Zoom in controls:false
06-24 12:38:22.710 8796 8796 D KhanAcademyKatexView: Zoom in controls:true
06-24 12:38:22.717 8796 8796 D FIB : setData: meta false
06-24 12:38:22.717 8796 8796 D FIB : setData: false
06-24 12:38:22.717 8796 8796 E saveAnswer: called 8
06-24 12:38:22.722 8796 8796 W ese.cloudreade: Accessing hidden field Landroid/widget/TextView;->mCursorDrawableRes:I (greylist-max-p, reflection, denied)
06-24 12:38:22.723 8796 8796 E saveAnswer: called 9
06-24 12:38:22.723 8796 8796 E saveAnswer: called 10
06-24 12:38:22.727 8796 8796 D ese.cloudreade: Zoom in controls:false
06-24 12:38:22.732 8796 8796 D KhanAcademyKatexView: Zoom in controls:false
06-24 12:38:22.732 8796 8796 D KhanAcademyKatexView: Zoom in controls:true
06-24 12:38:22.743 8796 8796 D ese.cloudreade: Zoom in controls:false
06-24 12:38:22.747 8796 8796 D KhanAcademyKatexView: Zoom in controls:false
06-24 12:38:22.747 8796 8796 D KhanAcademyKatexView: Zoom in controls:true
06-24 12:38:22.753 8796 8796 D FIB : setData: meta false
06-24 12:38:22.753 8796 8796 D FIB : setData: false
06-24 12:38:22.753 8796 8796 E saveAnswer: called 8
06-24 12:38:22.759 8796 8796 W ese.cloudreade: Accessing hidden field Landroid/widget/TextView;->mCursorDrawableRes:I (greylist-max-p, reflection, denied)
06-24 12:38:22.760 8796 8796 E saveAnswer: called 9
06-24 12:38:22.760 8796 8796 E saveAnswer: called 10
06-24 12:38:22.764 8796 8796 D ese.cloudreade: Zoom in controls:false
06-24 12:38:22.769 8796 8796 D KhanAcademyKatexView: Zoom in controls:false
06-24 12:38:22.769 8796 8796 D KhanAcademyKatexView: Zoom in controls:true
06-24 12:38:22.782 8796 8796 D ese.cloudreade: Zoom in controls:false
06-24 12:38:22.786 8796 8796 D KhanAcademyKatexView: Zoom in controls:false
06-24 12:38:22.786 8796 8796 D KhanAcademyKatexView: Zoom in controls:true
06-24 12:38:22.793 8796 8796 D FIB : setData: meta false
06-24 12:38:22.793 8796 8796 D FIB : setData: false
06-24 12:38:22.793 8796 8796 E saveAnswer: called 8
06-24 12:38:22.797 8796 8796 W ese.cloudreade: Accessing hidden field Landroid/widget/TextView;->mCursorDrawableRes:I (greylist-max-p, reflection, denied)
06-24 12:38:22.797 8796 8796 E saveAnswer: called 9
06-24 12:38:22.797 8796 8796 E saveAnswer: called 10
06-24 12:38:22.800 8796 8796 D ese.cloudreade: Zoom in controls:false
06-24 12:38:22.805 8796 8796 D KhanAcademyKatexView: Zoom in controls:false
06-24 12:38:22.805 8796 8796 D KhanAcademyKatexView: Zoom in controls:true
06-24 12:38:22.816 8796 8796 D ese.cloudreade: Zoom in controls:false
06-24 12:38:22.822 8796 8796 D KhanAcademyKatexView: Zoom in controls:false
06-24 12:38:22.822 8796 8796 D KhanAcademyKatexView: Zoom in controls:true
06-24 12:38:22.829 8796 8796 D FIB : setData: meta false
06-24 12:38:22.829 8796 8796 D FIB : setData: false
06-24 12:38:22.829 8796 8796 E saveAnswer: called 8
06-24 12:38:22.835 8796 8796 W ese.cloudreade: Accessing hidden field Landroid/widget/TextView;->mCursorDrawableRes:I (greylist-max-p, reflection, denied)
06-24 12:38:22.835 8796 8796 E saveAnswer: called 9
06-24 12:38:22.835 8796 8796 E saveAnswer: called 10
06-24 12:38:22.838 8796 8796 D ese.cloudreade: Zoom in controls:false
06-24 12:38:22.842 8796 8796 D KhanAcademyKatexView: Zoom in controls:false
06-24 12:38:22.842 8796 8796 D KhanAcademyKatexView: Zoom in controls:true
06-24 12:38:22.853 8796 8796 D ese.cloudreade: Zoom in controls:false
06-24 12:38:22.860 8796 8796 D KhanAcademyKatexView: Zoom in controls:false
06-24 12:38:22.860 8796 8796 D KhanAcademyKatexView: Zoom in controls:true
06-24 12:38:22.870 8796 8796 D FIB : setData: meta false
06-24 12:38:22.870 8796 8796 D FIB : setData: false
06-24 12:38:22.870 8796 8796 E saveAnswer: called 8
06-24 12:38:22.875 8796 8796 W ese.cloudreade: Accessing hidden field Landroid/widget/TextView;->mCursorDrawableRes:I (greylist-max-p, reflection, denied)
06-24 12:38:22.875 8796 8796 E saveAnswer: called 9
06-24 12:38:22.875 8796 8796 E saveAnswer: called 10
06-24 12:38:22.879 8796 8796 D ese.cloudreade: Zoom in controls:false
06-24 12:38:22.883 8796 8796 D KhanAcademyKatexView: Zoom in controls:false
06-24 12:38:22.883 8796 8796 D KhanAcademyKatexView: Zoom in controls:true
06-24 12:38:22.895 8796 8796 D ese.cloudreade: Zoom in controls:false
06-24 12:38:22.901 8796 8796 D KhanAcademyKatexView: Zoom in controls:false
06-24 12:38:22.901 8796 8796 D KhanAcademyKatexView: Zoom in controls:true
06-24 12:38:22.911 8796 8796 D FIB : setData: meta false
06-24 12:38:22.911 8796 8796 D FIB : setData: false
06-24 12:38:22.911 8796 8796 E saveAnswer: called 8
06-24 12:38:22.918 8796 8796 W ese.cloudreade: Accessing hidden field Landroid/widget/TextView;->mCursorDrawableRes:I (greylist-max-p, reflection, denied)
06-24 12:38:22.918 8796 8796 E saveAnswer: called 9
06-24 12:38:22.918 8796 8796 E saveAnswer: called 10
06-24 12:38:22.922 8796 8796 D ese.cloudreade: Zoom in controls:false
06-24 12:38:22.927 8796 8796 D KhanAcademyKatexView: Zoom in controls:false
06-24 12:38:22.927 8796 8796 D KhanAcademyKatexView: Zoom in controls:true
06-24 12:38:22.938 8796 8796 D ese.cloudreade: Zoom in controls:false
06-24 12:38:22.942 8796 8796 D KhanAcademyKatexView: Zoom in controls:false
06-24 12:38:22.942 8796 8796 D KhanAcademyKatexView: Zoom in controls:true
06-24 12:38:22.951 8796 8796 D FIB : setData: meta false
06-24 12:38:22.951 8796 8796 D FIB : setData: false
06-24 12:38:22.951 8796 8796 E saveAnswer: called 8
06-24 12:38:22.956 8796 8796 W ese.cloudreade: Accessing hidden field Landroid/widget/TextView;->mCursorDrawableRes:I (greylist-max-p, reflection, denied)
06-24 12:38:22.956 8796 8796 E saveAnswer: called 9
06-24 12:38:22.956 8796 8796 E saveAnswer: called 10
06-24 12:38:23.163 8796 8810 W System : A resource failed to call close.
06-24 12:38:24.428 8796 8796 D Gestures: onDown: MotionEvent { action=ACTION_DOWN, actionButton=0, id[0]=0, x[0]=413.61703, y[0]=13.769226, toolType[0]=TOOL_TYPE_FINGER, buttonState=0, classification=NONE, metaState=0, flags=0x0, edgeFlags=0x0, pointerCount=1, historySize=0, eventTime=11302775, downTime=11302775, deviceId=-1, source=0x1002, displayId=0 }
06-24 12:38:24.428 8796 8796 E TAG : onTouchEvent Long Press
06-24 12:38:24.428 8796 8796 E MOTION EVENT:: 0
06-24 12:38:24.428 8796 8796 E HIGHLIGHTS:: 0
06-24 12:38:24.428 8796 8796 E PLAYERSTATE:: NAVIGATION
06-24 12:38:24.503 8796 8796 E TAG : FetchBookLastVisitedFolioResponse mCurrentPagePosition76
06-24 12:38:24.509 8796 8796 D TAG : loadUserinputdata: SELECT * FROM UGCData WHERE linkID = 53787232 AND UserID = 12769294 AND bookID = 14278042 AND type = 5 AND mode != 'D' ;
06-24 12:38:24.510 8796 8796 D TAG : loadUserinputdata: SELECT * FROM UGCData WHERE linkID = 53787233 AND UserID = 12769294 AND bookID = 14278042 AND type = 5 AND mode != 'D' ;
06-24 12:38:24.511 8796 8796 D TAG : loadUserinputdata: SELECT * FROM UGCData WHERE linkID = 53787234 AND UserID = 12769294 AND bookID = 14278042 AND type = 5 AND mode != 'D' ;
06-24 12:38:24.511 8796 8796 D TAG : loadUserinputdata: SELECT * FROM UGCData WHERE linkID = 53787235 AND UserID = 12769294 AND bookID = 14278042 AND type = 5 AND mode != 'D' ;
06-24 12:38:24.512 8796 8796 D TAG : loadUserinputdata: SELECT * FROM UGCData WHERE linkID = 53787236 AND UserID = 12769294 AND bookID = 14278042 AND type = 5 AND mode != 'D' ;
06-24 12:38:24.512 8796 8796 D TAG : loadUserinputdata: SELECT * FROM UGCData WHERE linkID = 53787237 AND UserID = 12769294 AND bookID = 14278042 AND type = 5 AND mode != 'D' ;
06-24 12:38:24.513 8796 8796 D TAG : loadUserinputdata: SELECT * FROM UGCData WHERE linkID = 53787238 AND UserID = 12769294 AND bookID = 14278042 AND type = 5 AND mode != 'D' ;
06-24 12:38:24.513 8796 8796 D TAG : loadUserinputdata: SELECT * FROM UGCData WHERE linkID = 53787239 AND UserID = 12769294 AND bookID = 14278042 AND type = 5 AND mode != 'D' ;
06-24 12:38:24.518 8796 8796 E TAG : FetchBookLastVisitedFolioResponse page change 11st: NoOfPage :76
06-24 12:38:24.518 8796 8796 E TAG : FetchBookLastVisitedFolioResponse mCurrentPagePosition76
06-24 12:38:24.518 8796 8796 E openTime: 76 2024-06-24 18:38:21.294
06-24 12:38:24.519 8796 8796 E pagetrackdata: Jun 24, 2024, 12:38 PM
06-24 12:38:24.519 8796 8796 E pagetrackdata: 3
06-24 12:38:24.976 8796 8796 E TAG : onTouchEvent destroy
06-24 12:38:24.979 8796 8796 D ReadAdapterInitiateitem: 77
06-24 12:38:25.007 8796 8796 E LoadWordColl: got word collection
06-24 12:38:25.121 8796 8796 D Gestures: onDown: MotionEvent { action=ACTION_DOWN, actionButton=0, id[0]=0, x[0]=397.63184, y[0]=62.74884, toolType[0]=TOOL_TYPE_FINGER, buttonState=0, classification=NONE, metaState=0, flags=0x0, edgeFlags=0x0, pointerCount=1, historySize=0, eventTime=11303478, downTime=11303478, deviceId=-1, source=0x1002, displayId=0 }
06-24 12:38:25.121 8796 8796 E TAG : onTouchEvent Long Press
06-24 12:38:25.121 8796 8796 E MOTION EVENT:: 0
06-24 12:38:25.121 8796 8796 E HIGHLIGHTS:: 0
06-24 12:38:25.122 8796 8796 E PLAYERSTATE:: NAVIGATION
06-24 12:38:25.212 8796 8796 E TAG : FetchBookLastVisitedFolioResponse mCurrentPagePosition77
06-24 12:38:25.222 8796 8796 E TAG : FetchBookLastVisitedFolioResponse page change 11st: NoOfPage :77
06-24 12:38:25.223 8796 8796 E TAG : FetchBookLastVisitedFolioResponse mCurrentPagePosition77
06-24 12:38:25.223 8796 8796 E openTime: 77 2024-06-24 18:38:24.515
06-24 12:38:25.223 8796 8796 E pagetrackdata: Jun 24, 2024, 12:38 PM
06-24 12:38:25.223 8796 8796 E pagetrackdata: 0
06-24 12:38:25.777 8796 8796 E highrev : true
06-24 12:38:25.777 8796 8796 E highList: 0
06-24 12:38:25.779 8796 8796 E Event : equation_editor_data_live
06-24 12:38:25.779 8796 8796 E Event : equation_editor_data_live
06-24 12:38:25.780 8796 8796 E TAG : OnconfigChange: inserted true
06-24 12:38:25.795 8796 8796 E TAG : onTouchEvent destroy
06-24 12:38:25.805 8796 8796 D ReadAdapterInitiateitem: 78
06-24 12:38:25.825 8796 8796 E LoadWordColl: got word collection
06-24 12:38:26.079 8796 8796 D Gestures: onDown: MotionEvent { action=ACTION_DOWN, actionButton=0, id[0]=0, x[0]=275.7447, y[0]=144.71466, toolType[0]=TOOL_TYPE_FINGER, buttonState=0, classification=NONE, metaState=0, flags=0x0, edgeFlags=0x0, pointerCount=1, historySize=0, eventTime=11304422, downTime=11304422, deviceId=-1, source=0x1002, displayId=0 }
06-24 12:38:26.079 8796 8796 E TAG : onTouchEvent Long Press
06-24 12:38:26.079 8796 8796 E MOTION EVENT:: 0
06-24 12:38:26.079 8796 8796 E HIGHLIGHTS:: 0
06-24 12:38:26.079 8796 8796 E PLAYERSTATE:: NAVIGATION
06-24 12:38:26.123 8796 8796 E TAG : FetchBookLastVisitedFolioResponse mCurrentPagePosition78
06-24 12:38:26.128 8796 8796 D TAG : loadUserinputdata: SELECT * FROM UGCData WHERE linkID = 53787255 AND UserID = 12769294 AND bookID = 14278042 AND type = 5 AND mode != 'D' ;
06-24 12:38:26.129 8796 8796 D TAG : loadUserinputdata: SELECT * FROM UGCData WHERE linkID = 53787256 AND UserID = 12769294 AND bookID = 14278042 AND type = 5 AND mode != 'D' ;
06-24 12:38:26.130 8796 8796 D TAG : loadUserinputdata: SELECT * FROM UGCData WHERE linkID = 53787257 AND UserID = 12769294 AND bookID = 14278042 AND type = 5 AND mode != 'D' ;
06-24 12:38:26.130 8796 8796 D TAG : loadUserinputdata: SELECT * FROM UGCData WHERE linkID = 53787258 AND UserID = 12769294 AND bookID = 14278042 AND type = 5 AND mode != 'D' ;
06-24 12:38:26.131 8796 8796 D TAG : loadUserinputdata: SELECT * FROM UGCData WHERE linkID = 53787259 AND UserID = 12769294 AND bookID = 14278042 AND type = 5 AND mode != 'D' ;
06-24 12:38:26.132 8796 8796 D TAG : loadUserinputdata: SELECT * FROM UGCData WHERE linkID = 53787260 AND UserID = 12769294 AND bookID = 14278042 AND type = 5 AND mode != 'D' ;
06-24 12:38:26.133 8796 8796 D TAG : loadUserinputdata: SELECT * FROM UGCData WHERE linkID = 53787261 AND UserID = 12769294 AND bookID = 14278042 AND type = 5 AND mode != 'D' ;
06-24 12:38:26.133 8796 8796 D TAG : loadUserinputdata: SELECT * FROM UGCData WHERE linkID = 53787262 AND UserID = 12769294 AND bookID = 14278042 AND type = 5 AND mode != 'D' ;
06-24 12:38:26.138 8796 8796 E TAG : FetchBookLastVisitedFolioResponse page change 11st: NoOfPage :78
06-24 12:38:26.138 8796 8796 E TAG : FetchBookLastVisitedFolioResponse mCurrentPagePosition78
06-24 12:38:26.139 8796 8796 E openTime: 78 2024-06-24 18:38:25.218
06-24 12:38:26.139 8796 8796 E pagetrackdata: Jun 24, 2024, 12:38 PM
06-24 12:38:26.139 8796 8796 E pagetrackdata: 0
06-24 12:38:26.564 8796 8796 D TAG : loadUserinputdata: SELECT * FROM UGCData WHERE linkID = 53787255 AND UserID = 12769294 AND bookID = 14278042 AND type = 5 AND mode != 'D' ;
06-24 12:38:26.565 8796 8796 D TAG : loadUserinputdata: SELECT * FROM UGCData WHERE linkID = 53787256 AND UserID = 12769294 AND bookID = 14278042 AND type = 5 AND mode != 'D' ;
06-24 12:38:26.565 8796 8796 D TAG : loadUserinputdata: SELECT * FROM UGCData WHERE linkID = 53787257 AND UserID = 12769294 AND bookID = 14278042 AND type = 5 AND mode != 'D' ;
06-24 12:38:26.566 8796 8796 D TAG : loadUserinputdata: SELECT * FROM UGCData WHERE linkID = 53787258 AND UserID = 12769294 AND bookID = 14278042 AND type = 5 AND mode != 'D' ;
06-24 12:38:26.567 8796 8796 D TAG : loadUserinputdata: SELECT * FROM UGCData WHERE linkID = 53787259 AND UserID = 12769294 AND bookID = 14278042 AND type = 5 AND mode != 'D' ;
06-24 12:38:26.567 8796 8796 D TAG : loadUserinputdata: SELECT * FROM UGCData WHERE linkID = 53787260 AND UserID = 12769294 AND bookID = 14278042 AND type = 5 AND mode != 'D' ;
06-24 12:38:26.568 8796 8796 D TAG : loadUserinputdata: SELECT * FROM UGCData WHERE linkID = 53787261 AND UserID = 12769294 AND bookID = 14278042 AND type = 5 AND mode != 'D' ;
06-24 12:38:26.568 8796 8796 D TAG : loadUserinputdata: SELECT * FROM UGCData WHERE linkID = 53787262 AND UserID = 12769294 AND bookID = 14278042 AND type = 5 AND mode != 'D' ;
06-24 12:38:26.570 8796 8796 E highrev : true
06-24 12:38:26.571 8796 8796 E highList: 0
06-24 12:38:26.590 8796 8796 E Event : equation_editor_data_live
06-24 12:38:26.590 8796 8796 E Event : equation_editor_data_live
06-24 12:38:26.591 8796 8796 E TAG : OnconfigChange: inserted true
06-24 12:38:26.606 8796 8796 E TAG : onTouchEvent destroy
06-24 12:38:26.608 8796 16404 D TAG : loadUserinputdata: SELECT * FROM UGCData WHERE linkID = 53787255 AND UserID = 12769294 AND bookID = 14278042 AND type = 5 AND mode != 'D' ;
06-24 12:38:26.609 8796 16404 D TAG : loadUserinputdata: SELECT * FROM UGCData WHERE linkID = 53787256 AND UserID = 12769294 AND bookID = 14278042 AND type = 5 AND mode != 'D' ;
06-24 12:38:26.609 8796 16404 D TAG : loadUserinputdata: SELECT * FROM UGCData WHERE linkID = 53787257 AND UserID = 12769294 AND bookID = 14278042 AND type = 5 AND mode != 'D' ;
06-24 12:38:26.610 8796 16404 D TAG : loadUserinputdata: SELECT * FROM UGCData WHERE linkID = 53787258 AND UserID = 12769294 AND bookID = 14278042 AND type = 5 AND mode != 'D' ;
06-24 12:38:26.611 8796 16404 D TAG : loadUserinputdata: SELECT * FROM UGCData WHERE linkID = 53787259 AND UserID = 12769294 AND bookID = 14278042 AND type = 5 AND mode != 'D' ;
06-24 12:38:26.612 8796 16404 D TAG : loadUserinputdata: SELECT * FROM UGCData WHERE linkID = 53787260 AND UserID = 12769294 AND bookID = 14278042 AND type = 5 AND mode != 'D' ;
06-24 12:38:26.612 8796 16404 D TAG : loadUserinputdata: SELECT * FROM UGCData WHERE linkID = 53787261 AND UserID = 12769294 AND bookID = 14278042 AND type = 5 AND mode != 'D' ;
06-24 12:38:26.613 8796 16404 D TAG : loadUserinputdata: SELECT * FROM UGCData WHERE linkID = 53787262 AND UserID = 12769294 AND bookID = 14278042 AND type = 5 AND mode != 'D' ;
06-24 12:38:26.620 8796 8796 D ReadAdapterInitiateitem: 79
06-24 12:38:26.643 8796 8796 E LoadWordColl: got word collection
06-24 12:38:26.683 8796 8796 D ese.cloudreade: Zoom in controls:false
06-24 12:38:26.687 8796 8796 D KhanAcademyKatexView: Zoom in controls:false
06-24 12:38:26.687 8796 8796 D KhanAcademyKatexView: Zoom in controls:true
06-24 12:38:26.695 8796 8796 D ese.cloudreade: Zoom in controls:false
06-24 12:38:26.698 8796 8796 D KhanAcademyKatexView: Zoom in controls:false
06-24 12:38:26.698 8796 8796 D KhanAcademyKatexView: Zoom in controls:true
06-24 12:38:26.703 8796 8796 D FIB : setData: meta false
06-24 12:38:26.703 8796 8796 D FIB : setData: false
06-24 12:38:26.703 8796 8796 E saveAnswer: called 8
06-24 12:38:26.707 8796 8796 W ese.cloudreade: Accessing hidden field Landroid/widget/TextView;->mCursorDrawableRes:I (greylist-max-p, reflection, denied)
06-24 12:38:26.707 8796 8796 E saveAnswer: called 9
06-24 12:38:26.707 8796 8796 E saveAnswer: called 10
06-24 12:38:26.710 8796 8796 D ese.cloudreade: Zoom in controls:false
06-24 12:38:26.713 8796 8796 D KhanAcademyKatexView: Zoom in controls:false
06-24 12:38:26.713 8796 8796 D KhanAcademyKatexView: Zoom in controls:true
06-24 12:38:26.721 8796 8796 D ese.cloudreade: Zoom in controls:false
06-24 12:38:26.723 8796 8796 D KhanAcademyKatexView: Zoom in controls:false
06-24 12:38:26.724 8796 8796 D KhanAcademyKatexView: Zoom in controls:true
06-24 12:38:26.728 8796 8796 D FIB : setData: meta false
06-24 12:38:26.728 8796 8796 D FIB : setData: false
06-24 12:38:26.729 8796 8796 E saveAnswer: called 8
06-24 12:38:26.732 8796 8796 W ese.cloudreade: Accessing hidden field Landroid/widget/TextView;->mCursorDrawableRes:I (greylist-max-p, reflection, denied)
06-24 12:38:26.732 8796 8796 E saveAnswer: called 9
06-24 12:38:26.732 8796 8796 E saveAnswer: called 10
06-24 12:38:26.735 8796 8796 D ese.cloudreade: Zoom in controls:false
06-24 12:38:26.738 8796 8796 D KhanAcademyKatexView: Zoom in controls:false
06-24 12:38:26.738 8796 8796 D KhanAcademyKatexView: Zoom in controls:true
06-24 12:38:26.748 8796 8796 D ese.cloudreade: Zoom in controls:false
06-24 12:38:26.751 8796 8796 D KhanAcademyKatexView: Zoom in controls:false
06-24 12:38:26.752 8796 8796 D KhanAcademyKatexView: Zoom in controls:true
06-24 12:38:26.759 8796 8796 D FIB : setData: meta false
06-24 12:38:26.759 8796 8796 D FIB : setData: false
06-24 12:38:26.759 8796 8796 E saveAnswer: called 8
06-24 12:38:26.763 8796 8796 W ese.cloudreade: Accessing hidden field Landroid/widget/TextView;->mCursorDrawableRes:I (greylist-max-p, reflection, denied)
06-24 12:38:26.763 8796 8796 E saveAnswer: called 9
06-24 12:38:26.763 8796 8796 E saveAnswer: called 10
06-24 12:38:26.766 8796 8796 D ese.cloudreade: Zoom in controls:false
06-24 12:38:26.769 8796 8796 D KhanAcademyKatexView: Zoom in controls:false
06-24 12:38:26.769 8796 8796 D KhanAcademyKatexView: Zoom in controls:true
06-24 12:38:26.777 8796 8796 D ese.cloudreade: Zoom in controls:false
06-24 12:38:26.780 8796 8796 D KhanAcademyKatexView: Zoom in controls:false
06-24 12:38:26.780 8796 8796 D KhanAcademyKatexView: Zoom in controls:true
06-24 12:38:26.785 8796 8796 D FIB : setData: meta false
06-24 12:38:26.785 8796 8796 D FIB : setData: false
06-24 12:38:26.785 8796 8796 E saveAnswer: called 8
06-24 12:38:26.788 8796 8796 W ese.cloudreade: Accessing hidden field Landroid/widget/TextView;->mCursorDrawableRes:I (greylist-max-p, reflection, denied)
06-24 12:38:26.788 8796 8796 E saveAnswer: called 9
06-24 12:38:26.789 8796 8796 E saveAnswer: called 10
06-24 12:38:26.792 8796 8796 D ese.cloudreade: Zoom in controls:false
06-24 12:38:26.795 8796 8796 D KhanAcademyKatexView: Zoom in controls:false
06-24 12:38:26.795 8796 8796 D KhanAcademyKatexView: Zoom in controls:true
06-24 12:38:26.812 8796 8810 W System : A resource failed to call close.
06-24 12:38:26.813 8796 8810 W System : A resource failed to call close.
06-24 12:38:26.815 8796 8796 D ese.cloudreade: Zoom in controls:false
06-24 12:38:26.819 8796 8796 D KhanAcademyKatexView: Zoom in controls:false
06-24 12:38:26.819 8796 8796 D KhanAcademyKatexView: Zoom in controls:true
06-24 12:38:26.824 8796 8796 D FIB : setData: meta false
06-24 12:38:26.824 8796 8796 D FIB : setData: false
06-24 12:38:26.824 8796 8796 E saveAnswer: called 8
06-24 12:38:26.830 8796 8796 W ese.cloudreade: Accessing hidden field Landroid/widget/TextView;->mCursorDrawableRes:I (greylist-max-p, reflection, denied)
06-24 12:38:26.830 8796 8796 E saveAnswer: called 9
06-24 12:38:26.830 8796 8796 E saveAnswer: called 10
06-24 12:38:26.833 8796 8796 D ese.cloudreade: Zoom in controls:false
06-24 12:38:26.837 8796 8796 D KhanAcademyKatexView: Zoom in controls:false
06-24 12:38:26.837 8796 8796 D KhanAcademyKatexView: Zoom in controls:true
06-24 12:38:26.846 8796 8796 D ese.cloudreade: Zoom in controls:false
06-24 12:38:26.850 8796 8796 D KhanAcademyKatexView: Zoom in controls:false
06-24 12:38:26.850 8796 8796 D KhanAcademyKatexView: Zoom in controls:true
06-24 12:38:26.857 8796 8796 D FIB : setData: meta false
06-24 12:38:26.857 8796 8796 D FIB : setData: false
06-24 12:38:26.857 8796 8796 E saveAnswer: called 8
06-24 12:38:26.861 8796 8796 W ese.cloudreade: Accessing hidden field Landroid/widget/TextView;->mCursorDrawableRes:I (greylist-max-p, reflection, denied)
06-24 12:38:26.861 8796 8796 E saveAnswer: called 9
06-24 12:38:26.861 8796 8796 E saveAnswer: called 10
06-24 12:38:26.864 8796 8796 D ese.cloudreade: Zoom in controls:false
06-24 12:38:26.867 8796 8796 D KhanAcademyKatexView: Zoom in controls:false
06-24 12:38:26.867 8796 8796 D KhanAcademyKatexView: Zoom in controls:true
06-24 12:38:26.876 8796 8796 D ese.cloudreade: Zoom in controls:false
06-24 12:38:26.881 8796 8796 D KhanAcademyKatexView: Zoom in controls:false
06-24 12:38:26.881 8796 8796 D KhanAcademyKatexView: Zoom in controls:true
06-24 12:38:26.888 8796 8796 D FIB : setData: meta false
06-24 12:38:26.888 8796 8796 D FIB : setData: false
06-24 12:38:26.888 8796 8796 E saveAnswer: called 8
06-24 12:38:26.892 8796 8796 W ese.cloudreade: Accessing hidden field Landroid/widget/TextView;->mCursorDrawableRes:I (greylist-max-p, reflection, denied)
06-24 12:38:26.892 8796 8796 E saveAnswer: called 9
06-24 12:38:26.893 8796 8796 E saveAnswer: called 10
06-24 12:38:26.895 8796 8796 D ese.cloudreade: Zoom in controls:false
06-24 12:38:26.899 8796 8796 D KhanAcademyKatexView: Zoom in controls:false
06-24 12:38:26.899 8796 8796 D KhanAcademyKatexView: Zoom in controls:true
06-24 12:38:26.907 8796 8796 D ese.cloudreade: Zoom in controls:false
06-24 12:38:26.911 8796 8796 D KhanAcademyKatexView: Zoom in controls:false
06-24 12:38:26.911 8796 8796 D KhanAcademyKatexView: Zoom in controls:true
06-24 12:38:26.919 8796 8796 D FIB : setData: meta false
06-24 12:38:26.919 8796 8796 D FIB : setData: false
06-24 12:38:26.919 8796 8796 E saveAnswer: called 8
