We take content rights seriously. If you suspect this is your content, claim it here.
Available Formats
Download as TXT, PDF, TXT or read online on Scribd
You are on page 1/ 326
--------- beginning of main
06-24 12:09:40.194 8796 8827 E FirebaseCrashlytics: Settings request failed.
06-24 12:09:40.258 8796 8842 E ese.cloudreade: No package ID 79 found for ID 0x790b0007.
06-24 12:09:40.258 8796 8842 E ese.cloudreade: No package ID 79 found for ID 0x790b0007.
06-24 12:09:40.260 8796 8842 I FA : App measurement initialized, version: 95008
06-24 12:09:40.260 8796 8842 I FA : To enable debug logging run: adb shell setprop log.tag.FA VERBOSE
06-24 12:09:40.261 8796 8842 I FA : To enable faster debug mode event logging run:
06-24 12:09:40.261 8796 8842 I FA : adb shell setprop debug.firebase.analytics.app com.hurix.ese.cloudreader
06-24 12:37:48.777 8796 8796 E TAG : clearAllData
06-24 12:37:48.830 8796 8796 I WebViewFactory: Loading com.google.android.webview version 125.0.6422.186 (code 642218633)
06-24 12:37:48.839 8796 8796 W linker : Warning: "/data/app/~~PQe1bt0P7_UC1WR4WndnqA==/com.google.android.trichromelibrary_642218633 -lw-5ozUiqMXtNc4aTv6mrQ==/base.apk!/lib/arm64-v8a/libmonochrome_64.so" unused DT entry: unknown processor-specific (type 0x70000001 arg 0x0) (ignoring)
06-24 12:37:48.859 8796 8796 I cr_WVCFactoryProvider: version=125.0.6422.186 (642218633) minSdkVersion=29 isBundle=true multiprocess=true packageId=2
06-24 12:37:48.884 8796 8796 I cr_LibraryLoader: Successfully loaded native library
06-24 12:37:48.887 8796 8796 I cr_CachingUmaRecorder: Flushed 5 samples from 5 histograms, 0 samples were dropped.
06-24 12:37:48.897 8796 8796 I cr_CombinedPProvider: #registerProvider() provider:WV.X7@f00946e isPolicyCacheEnabled:false policyProvidersSize:0
06-24 12:37:48.898 8796 8796 I cr_PolicyProvider: #setManagerAndSource() 0
06-24 12:37:48.986 8796 8808 W ese.cloudreade: Reducing the number of considered missed Gc histogram windows from 168 to 100
06-24 12:37:48.988 8796 8796 I cr_CombinedPProvider: #linkNativeInternal() 1
06-24 12:37:48.992 8796 8796 I cr_AppResProvider: #getApplicationRestrictionsFromUserManager() Bundle[EMPTY_PARCEL]
06-24 12:37:48.992 8796 8796 I cr_PolicyProvider: #notifySettingsAvailable() 0
06-24 12:37:48.992 8796 8796 I cr_CombinedPProvider: #onSettingsAvailable() 0
06-24 12:37:48.992 8796 8796 I cr_CombinedPProvider: #flushPolicies()
06-24 12:37:49.082 8796 16234 E ishikaa : ===Wed, 19 Jun 2024 06:46:28 GMT
06-24 12:37:49.082 8796 16234 E fetchInstitute response: {"responseCode": 200, "responseMessage": "OK", "restEndpoint": "https://www.ese.digital", "microservicesEndpoint": "https://microservices.kitaboo.com", "downloadBookEndpoint": "https://ecsservices.kitaboo.com"}
06-24 12:37:49.284 8796 8796 E TAG : onActivityResumed
06-24 12:37:49.286 8796 16295 W System.err: org.json.JSONException: No value for Insight_Signin_SignUp
06-24 12:37:49.286 8796 16295 W System.err: at org.json.JSONObject.get(JSONObject.java:400)
06-24 12:37:49.286 8796 16295 W System.err: at org.json.JSONObject.getJSONObject(JSONObject.java:620)
06-24 12:37:49.286 8796 16295 W System.err: at com.hurix.kitaboocloud.ThemeParser.ThemeParserAsyncTask.doInBackground(ThemeParserA syncTask.java:1551)
06-24 12:37:49.286 8796 16295 W System.err: at com.hurix.kitaboocloud.ThemeParser.ThemeParserAsyncTask.doInBackground(ThemeParserA syncTask.java:11)
06-24 12:37:49.286 8796 16295 W System.err: at android.os.AsyncTask$3.call(AsyncTask.java:394)
06-24 12:37:49.286 8796 16295 W System.err: at java.util.concurrent.FutureTask.run(FutureTask.java:266)
06-24 12:37:49.286 8796 16295 W System.err: at android.os.AsyncTask$SerialExecutor$1.run(AsyncTask.java:305)
06-24 12:37:49.286 8796 16295 W System.err: at java.util.concurrent.ThreadPoolExecutor.runWorker(ThreadPoolExecutor.java:1167)
06-24 12:37:49.286 8796 16295 W System.err: at java.util.concurrent.ThreadPoolExecutor$Worker.run(ThreadPoolExecutor.java:641)
06-24 12:37:49.286 8796 16295 W System.err: at java.lang.Thread.run(Thread.java:923)
06-24 12:37:49.328 8796 16224 I AdrenoGLES-0: QUALCOMM build : ae402d2872, If6a8510428
06-24 12:37:49.328 8796 16224 I AdrenoGLES-0: Build Date : 06/29/21
06-24 12:37:49.328 8796 16224 I AdrenoGLES-0: OpenGL ES Shader Compiler Version: EV031.35.01.09
06-24 12:37:49.328 8796 16224 I AdrenoGLES-0: Local Branch :
06-24 12:37:49.328 8796 16224 I AdrenoGLES-0: Remote Branch :
06-24 12:37:49.328 8796 16224 I AdrenoGLES-0: Remote Branch :
06-24 12:37:49.328 8796 16224 I AdrenoGLES-0: Reconstruct Branch :
06-24 12:37:49.328 8796 16224 I AdrenoGLES-0: Build Config : S P 10.0.7 AArch64
06-24 12:37:49.328 8796 16224 I AdrenoGLES-0: Driver Path : /vendor/lib64/egl/libGLESv2_adreno.so
06-24 12:37:49.334 8796 16224 I AdrenoGLES-0: PFP: 0x016ee200, ME: 0x00000000
06-24 12:37:49.341 8796 16296 I FA : Tag Manager is not found and thus will not be used
06-24 12:37:49.471 8796 8796 E reapeat : reapeat LISTNING_TIME
06-24 12:37:49.851 8796 16305 W System.err: java.text.ParseException: Unparseable date: "Mon, 24 Jun 2024 18:37:50 GMT"
06-24 12:37:49.852 8796 16305 W System.err: at java.text.DateFormat.parse(DateFormat.java:362)
06-24 12:37:49.852 8796 16305 W System.err: at com.hurix.kitaboo.cloudreader.TimeReceiver$1.run(TimeReceiver.java:74)
06-24 12:37:51.400 8796 8796 E TAG : onActivityPaused
06-24 12:37:51.405 8796 8796 E TAG : onActivityResumed
06-24 12:37:51.407 8796 8796 E TAG : onActivityPaused
06-24 12:37:51.432 8796 8796 E passed response: es
06-24 12:37:51.496 8796 8810 W System : A resource failed to call close.
06-24 12:37:51.496 8796 8810 W System : A resource failed to call end.
06-24 12:37:51.504 8796 8796 E ishshatrmaaaa: =====33444
06-24 12:37:51.582 8796 8796 E ishshatrmaaaa: =====33444
06-24 12:37:51.635 8796 8796 E CursorWindow: Failed to read row 0, column -1 from a CursorWindow which has 6 rows, 71 columns.
06-24 12:37:51.635 8796 8796 E CursorWindow: Failed to read row 1, column -1 from a CursorWindow which has 6 rows, 71 columns.
06-24 12:37:51.636 8796 8796 E CursorWindow: Failed to read row 2, column -1 from a CursorWindow which has 6 rows, 71 columns.
06-24 12:37:51.636 8796 8796 E CursorWindow: Failed to read row 3, column -1 from a CursorWindow which has 6 rows, 71 columns.
06-24 12:37:51.636 8796 8796 E CursorWindow: Failed to read row 4, column -1 from a CursorWindow which has 6 rows, 71 columns.
06-24 12:37:51.637 8796 8796 E CursorWindow: Failed to read row 5, column -1 from a CursorWindow which has 6 rows, 71 columns.
06-24 12:37:51.656 8796 8796 D xyz : Utils: es
06-24 12:37:51.658 8796 8796 E TAG : onActivityResumed
06-24 12:37:51.659 8796 16322 I vvv : connected to LTE
06-24 12:37:51.665 8796 8796 E TAG : Profile Pic: onResumehttps://dictera- widgets-production.s3.amazonaws.com/data/distribution/Kitaboo_logo.jpg Count 0
06-24 12:37:51.665 8796 8796 E TAG : Profile Pic: initHandlerhttps://dictera- widgets-production.s3.amazonaws.com/data/distribution/Kitaboo_logo.jpg Count 0
06-24 12:37:51.665 8796 16322 E pagetrackdata totalTime: 7.0
06-24 12:37:51.666 8796 16322 E pagetrackdata totalTime: 495.0
06-24 12:37:51.674 8796 16322 D RAVITEJA-AverageTime: 247.5
06-24 12:37:51.676 8796 16322 E pagetrackdata totalTime: 496.0
06-24 12:37:51.678 8796 8796 E getItem : getItem 0
06-24 12:37:51.678 8796 8796 E TAG : Date: 2024/06/24 12:37:51
06-24 12:37:51.679 8796 8796 E TAG : Date: 2024/06/24 12:37:51
06-24 12:37:51.679 8796 8796 E getItem : getItem 1
06-24 12:37:51.679 8796 8796 E TAG : Date: 2024/06/24 12:37:51
06-24 12:37:51.679 8796 8796 E TAG : Date: 2024/06/24 12:37:51
06-24 12:37:51.679 8796 8796 E getItem : getItem 2
06-24 12:37:51.679 8796 8796 E TAG : Date: 2024/06/24 12:37:51
06-24 12:37:51.679 8796 8796 E TAG : Date: 2024/06/24 12:37:51
06-24 12:37:51.683 8796 16322 D RAVITEJA-AverageTime: 496.0
06-24 12:37:51.685 8796 16322 E pagetrackdata totalTime: 497.0
06-24 12:37:51.686 8796 16322 D RAVITEJA-AverageTime: 497.0
06-24 12:37:51.689 8796 8796 E onScroll: onScroll 1
06-24 12:37:51.689 8796 8796 E grids : firstVisibleItem0
06-24 12:37:51.689 8796 8796 E grids : visibleItemCount0
06-24 12:37:51.689 8796 8796 E grids : totalItemCount0
06-24 12:37:51.691 8796 16322 D FIB : getUGCData: 0
06-24 12:37:51.691 8796 16322 D FIB : getUGCData: 0
06-24 12:37:51.691 8796 16322 E paginatedList: 1
06-24 12:37:51.696 8796 16322 E fibData : {"ugcBookList": [{"bookID":"14366458","bookVersion":"5.0","ugcList": [{"type":3,"id":6408006,"localId":83,"ugcData":"","createdOn":"2024-06-23 23:36:25.630","metadata":"%7B%22LineColor%22%3A%22010002%22%2C%22LineWidth %22%3A3%2C%22LineStyle%22%3A%220%22%2C%22PathPoints%22%3A%5B%7B%22x%22%3A356%2C%22y %22%3A136%7D%2C%7B%22x%22%3A360%2C%22y%22%3A137%7D%2C%7B%22x%22%3A370%2C%22y %22%3A138%7D%2C%7B%22x%22%3A385%2C%22y%22%3A139%7D%2C%7B%22x%22%3A401%2C%22y %22%3A139%7D%2C%7B%22x%22%3A416%2C%22y%22%3A138%7D%2C%7B%22x%22%3A429%2C%22y %22%3A137%7D%2C%7B%22x%22%3A440%2C%22y%22%3A136%7D%2C%7B%22x%22%3A450%2C%22y %22%3A135%7D%2C%7B%22x%22%3A459%2C%22y%22%3A133%7D%2C%7B%22x%22%3A467%2C%22y %22%3A133%7D%2C%7B%22x%22%3A474%2C%22y%22%3A133%7D%2C%7B%22x%22%3A479%2C%22y %22%3A133%7D%2C%7B%22x%22%3A480%2C%22y%22%3A133%7D%2C%7B%22x%22%3A483%2C%22y %22%3A134%7D%2C%7B%22x%22%3A486%2C%22y%22%3A134%7D%2C%7B%22x%22%3A490%2C%22y %22%3A135%7D%2C%7B%22x%22%3A494%2C%22y%22%3A135%7D%2C%7B%22x%22%3A497%2C%22y %22%3A135%7D%2C%7B%22x%22%3A499%2C%22y%22%3A136%7D%2C%7B%22x%22%3A501%2C%22y %22%3A136%7D%2C%7B%22x%22%3A502%2C%22y%22%3A136%7D%2C%7B%22x%22%3A503%2C%22y %22%3A136%7D%2C%7B%22x%22%3A503%2C%22y%22%3A136%7D%2C%7B%22x%22%3A504%2C%22y %22%3A136%7D%2C%7B%22x%22%3A504%2C%22y%22%3A137%7D%2C%7B%22x%22%3A504%2C%22y %22%3A137%7D%5D%2C%22toolData%22%3A %22%22%7D","folioID":"119","pageId":119,"status":"DELETE","important":"N","isMathVi ew":"0"}]}]}
06-24 12:37:51.704 8796 8796 E setData : refresh
06-24 12:37:51.705 8796 8796 E first : time
06-24 12:37:51.709 8796 8796 E onScroll: onScroll 1
06-24 12:37:51.709 8796 8796 E grids : firstVisibleItem0
06-24 12:37:51.710 8796 8796 E grids : visibleItemCount0
06-24 12:37:51.710 8796 8796 E grids : totalItemCount0
06-24 12:37:51.710 8796 8796 E first : time
06-24 12:37:51.712 8796 8796 E onScroll: onScroll 1
06-24 12:37:51.712 8796 8796 E grids : firstVisibleItem0
06-24 12:37:51.712 8796 8796 E grids : visibleItemCount0
06-24 12:37:51.712 8796 8796 E grids : totalItemCount0
06-24 12:37:51.713 8796 8796 E first : time
06-24 12:37:51.746 8796 8796 E LMS : SoomthScroolCalled
06-24 12:37:51.749 8796 8796 E KitabooSDK: getView: convertView null return new view
06-24 12:37:51.750 8796 8796 E BookCollectionBookView: BookCollectionBookView: tabPosition con2
06-24 12:37:51.750 8796 8796 E ishika : ==1st
06-24 12:37:51.778 8796 8796 E TAG : responsedata isBookUpdateAvailable: false &mBookDaoID: 14278042
06-24 12:37:51.778 8796 8796 E Assetlanguage : BOOK
06-24 12:37:51.778 8796 8796 E setBookUIDetails : Ciencia, Salud y Medio Ambiente 7 Grado BOOK
06-24 12:37:51.785 8796 8796 E IsPhysicalPackage: 14278042 false
06-24 12:37:51.785 8796 8796 E setDownloadStatus: 14278042false
06-24 12:37:51.802 8796 8796 E KitabooSDK: getView: convertView not null return existing view
06-24 12:37:51.802 8796 8796 E TAG : responsedata isBookUpdateAvailable: false &mBookDaoID: 14278042
06-24 12:37:51.802 8796 8796 E Assetlanguage : BOOK
06-24 12:37:51.802 8796 8796 E setBookUIDetails : Ciencia, Salud y Medio Ambiente 7 Grado BOOK
06-24 12:37:51.808 8796 8796 E IsPhysicalPackage: 14278042 false
06-24 12:37:51.808 8796 8796 E setDownloadStatus: 14278042false
06-24 12:37:51.818 8796 8796 E KitabooSDK: getView: convertView not null return existing view
06-24 12:37:51.818 8796 8796 E TAG : responsedata isBookUpdateAvailable: false &mBookDaoID: 14278042
06-24 12:37:51.818 8796 8796 E Assetlanguage : BOOK
06-24 12:37:51.818 8796 8796 E setBookUIDetails : Ciencia, Salud y Medio Ambiente 7 Grado BOOK
06-24 12:37:51.824 8796 8796 E IsPhysicalPackage: 14278042 false
06-24 12:37:51.824 8796 8796 E setDownloadStatus: 14278042false
06-24 12:37:51.835 8796 8796 E KitabooSDK: getView: convertView not null return existing view
06-24 12:37:51.835 8796 8796 E TAG : responsedata isBookUpdateAvailable: false &mBookDaoID: 14278042
06-24 12:37:51.835 8796 8796 E Assetlanguage : BOOK
06-24 12:37:51.835 8796 8796 E setBookUIDetails : Ciencia, Salud y Medio Ambiente 7 Grado BOOK
06-24 12:37:51.840 8796 8796 E IsPhysicalPackage: 14278042 false
06-24 12:37:51.840 8796 8796 E setDownloadStatus: 14278042false
06-24 12:37:51.849 8796 8796 E KitabooSDK: getView: convertView not null return existing view
06-24 12:37:51.850 8796 8796 E TAG : responsedata isBookUpdateAvailable: false &mBookDaoID: 14278042
06-24 12:37:51.850 8796 8796 E Assetlanguage : BOOK
06-24 12:37:51.850 8796 8796 E setBookUIDetails : Ciencia, Salud y Medio Ambiente 7 Grado BOOK
06-24 12:37:51.859 8796 8796 E IsPhysicalPackage: 14278042 false
06-24 12:37:51.859 8796 8796 E setDownloadStatus: 14278042false
06-24 12:37:51.871 8796 8796 E RecyclerView: No adapter attached; skipping layout
06-24 12:37:51.879 8796 8796 E LMS : SoomthScroolCalled
06-24 12:37:51.880 8796 8796 E KitabooSDK: getView: convertView null return new view
06-24 12:37:51.880 8796 8796 E BookCollectionBookView: BookCollectionBookView: tabPosition con2
06-24 12:37:51.880 8796 8796 E ishika : ==1st
06-24 12:37:51.886 8796 8810 W System : A resource failed to call close.
06-24 12:37:51.887 8796 8810 I chatty : uid=10510(com.hurix.ese.cloudreader) FinalizerDaemon identical 9 lines
06-24 12:37:51.888 8796 8810 W System : A resource failed to call close.
06-24 12:37:51.923 8796 8796 E TAG : responsedata isBookUpdateAvailable: false &mBookDaoID: 14366458
06-24 12:37:51.923 8796 8796 E Assetlanguage : BOOK
06-24 12:37:51.923 8796 8796 E setBookUIDetails : Estudios Sociales y Cívica 7.º grado 2024 BOOK
06-24 12:37:51.928 8796 8796 E IsPhysicalPackage: 14366458 false
06-24 12:37:51.928 8796 8796 E setDownloadStatus: 14366458false
06-24 12:37:51.943 8796 8796 E KitabooSDK: getView: convertView not null return existing view
06-24 12:37:51.943 8796 8796 E TAG : responsedata isBookUpdateAvailable: false &mBookDaoID: 14366458
06-24 12:37:51.943 8796 8796 E Assetlanguage : BOOK
06-24 12:37:51.943 8796 8796 E setBookUIDetails : Estudios Sociales y Cívica 7.º grado 2024 BOOK
06-24 12:37:51.948 8796 8796 E IsPhysicalPackage: 14366458 false
06-24 12:37:51.948 8796 8796 E setDownloadStatus: 14366458false
06-24 12:37:51.957 8796 8796 E KitabooSDK: getView: convertView not null return existing view
06-24 12:37:51.957 8796 8796 E TAG : responsedata isBookUpdateAvailable: false &mBookDaoID: 14366458
06-24 12:37:51.957 8796 8796 E Assetlanguage : BOOK
06-24 12:37:51.957 8796 8796 E setBookUIDetails : Estudios Sociales y Cívica 7.º grado 2024 BOOK
06-24 12:37:51.963 8796 8796 E IsPhysicalPackage: 14366458 false
06-24 12:37:51.963 8796 8796 E setDownloadStatus: 14366458false
06-24 12:37:51.972 8796 8796 E KitabooSDK: getView: convertView not null return existing view
06-24 12:37:51.973 8796 8796 E TAG : responsedata isBookUpdateAvailable: false &mBookDaoID: 14366458
06-24 12:37:51.973 8796 8796 E Assetlanguage : BOOK
06-24 12:37:51.973 8796 8796 E setBookUIDetails : Estudios Sociales y Cívica 7.º grado 2024 BOOK
06-24 12:37:51.978 8796 8796 E IsPhysicalPackage: 14366458 false
06-24 12:37:51.978 8796 8796 E setDownloadStatus: 14366458false
06-24 12:37:51.987 8796 8796 E KitabooSDK: getView: convertView not null return existing view
06-24 12:37:51.987 8796 8796 E TAG : responsedata isBookUpdateAvailable: false &mBookDaoID: 14366458
06-24 12:37:51.987 8796 8796 E Assetlanguage : BOOK
06-24 12:37:51.987 8796 8796 E setBookUIDetails : Estudios Sociales y Cívica 7.º grado 2024 BOOK
06-24 12:37:51.991 8796 8796 E IsPhysicalPackage: 14366458 false
06-24 12:37:51.991 8796 8796 E setDownloadStatus: 14366458false
06-24 12:37:52.000 8796 8796 E RecyclerView: No adapter attached; skipping layout
06-24 12:37:52.006 8796 8796 E LMS : SoomthScroolCalled
06-24 12:37:52.006 8796 8796 E KitabooSDK: getView: convertView null return new view
06-24 12:37:52.006 8796 8796 E BookCollectionBookView: BookCollectionBookView: tabPosition con2
06-24 12:37:52.006 8796 8796 E ishika : ==1st
06-24 12:37:52.013 8796 16321 D TAG : GetBookShelfStateData response: {"user": {"user1":{"State":"bookshelfTrue"},"user2": {"State":"readerTrue"},"currentUserEmail": {"name":"davidromeros@cecmarista.edu.sv"}},"responseCode":200,"responseMsg":"OK","t imestamp":"2024-06-24 18:37:52.335"}
06-24 12:37:52.027 8796 8796 E TAG : responsedata isBookUpdateAvailable: false &mBookDaoID: 14362401
06-24 12:37:52.027 8796 8796 E Assetlanguage : BOOK
06-24 12:37:52.027 8796 8796 E setBookUIDetails : Leamos 7.º grado 2024 BOOK
06-24 12:37:52.032 8796 8796 E IsPhysicalPackage: 14362401 false
06-24 12:37:52.032 8796 8796 E setDownloadStatus: 14362401false
06-24 12:37:52.033 8796 16316 E ishikaa : ===Mon, 24 Jun 2024 18:37:52 GMT
06-24 12:37:52.034 8796 16316 E relogin_Time: 5
06-24 12:37:52.034 8796 16326 E fibData : {"responseCode":200,"responseMsg":"OK","timestamp":"2024-06-24 18:37:52","bookUgcList":[{"bookID":14366458,"bookVersion":"5.0","ugcList": [{"id":6408006,"localId":"83","ugcData":"","type":3,"createdOn":"2024-06-23 23:36:25.630","metadata":"%7B%22LineColor%22%3A%22010002%22%2C%22LineWidth %22%3A3%2C%22LineStyle%22%3A%220%22%2C%22PathPoints%22%3A%5B%7B%22x%22%3A356%2C%22y %22%3A136%7D%2C%7B%22x%22%3A360%2C%22y%22%3A137%7D%2C%7B%22x%22%3A370%2C%22y %22%3A138%7D%2C%7B%22x%22%3A385%2C%22y%22%3A139%7D%2C%7B%22x%22%3A401%2C%22y %22%3A139%7D%2C%7B%22x%22%3A416%2C%22y%22%3A138%7D%2C%7B%22x%22%3A429%2C%22y %22%3A137%7D%2C%7B%22x%22%3A440%2C%22y%22%3A136%7D%2C%7B%22x%22%3A450%2C%22y %22%3A135%7D%2C%7B%22x%22%3A459%2C%22y%22%3A133%7D%2C%7B%22x%22%3A467%2C%22y %22%3A133%7D%2C%7B%22x%22%3A474%2C%22y%22%3A133%7D%2C%7B%22x%22%3A479%2C%22y %22%3A133%7D%2C%7B%22x%22%3A480%2C%22y%22%3A133%7D%2C%7B%22x%22%3A483%2C%22y %22%3A134%7D%2C%7B%22x%22%3A486%2C%22y%22%3A134%7D%2C%7B%22x%22%3A490%2C%22y %22%3A135%7D%2C%7B%22x%22%3A494%2C%22y%22%3A135%7D%2C%7B%22x%22%3A497%2C%22y %22%3A135%7D%2C%7B%22x%22%3A499%2C%22y%22%3A136%7D%2C%7B%22x%22%3A501%2C%22y %22%3A136%7D%2C%7B%22x%22%3A502%2C%22y%22%3A136%7D%2C%7B%22x%22%3A503%2C%22y %22%3A136%7D%2C%7B%22x%22%3A503%2C%22y%22%3A136%7D%2C%7B%22x%22%3A504%2C%22y %22%3A136%7D%2C%7B%22x%22%3A504%2C%22y%22%3A137%7D%2C%7B%22x%22%3A504%2C%22y %22%3A137%7D%5D%2C%22toolData%22%3A %22%22%7D","pageId":119,"folioID":"119","status":"DELETE","important":"N"}]}]}
06-24 12:37:52.048 8796 8796 E KitabooSDK: getView: convertView not null return existing view
06-24 12:37:52.048 8796 8796 E TAG : responsedata isBookUpdateAvailable: false &mBookDaoID: 14362401
06-24 12:37:52.048 8796 8796 E Assetlanguage : BOOK
06-24 12:37:52.048 8796 8796 E setBookUIDetails : Leamos 7.º grado 2024 BOOK
06-24 12:37:52.053 8796 8796 E IsPhysicalPackage: 14362401 false
06-24 12:37:52.053 8796 8796 E setDownloadStatus: 14362401false
06-24 12:37:52.063 8796 8796 E KitabooSDK: getView: convertView not null return existing view
06-24 12:37:52.063 8796 8796 E TAG : responsedata isBookUpdateAvailable: false &mBookDaoID: 14362401
06-24 12:37:52.063 8796 8796 E Assetlanguage : BOOK
06-24 12:37:52.063 8796 8796 E setBookUIDetails : Leamos 7.º grado 2024 BOOK
06-24 12:37:52.069 8796 8796 E IsPhysicalPackage: 14362401 false
06-24 12:37:52.069 8796 8796 E setDownloadStatus: 14362401false
06-24 12:37:52.079 8796 8796 E KitabooSDK: getView: convertView not null return existing view
06-24 12:37:52.080 8796 8796 E TAG : responsedata isBookUpdateAvailable: false &mBookDaoID: 14362401
06-24 12:37:52.080 8796 8796 E Assetlanguage : BOOK
06-24 12:37:52.080 8796 8796 E setBookUIDetails : Leamos 7.º grado 2024 BOOK
06-24 12:37:52.084 8796 8796 E IsPhysicalPackage: 14362401 false
06-24 12:37:52.084 8796 8796 E setDownloadStatus: 14362401false
06-24 12:37:52.093 8796 8796 E KitabooSDK: getView: convertView not null return existing view
06-24 12:37:52.093 8796 8796 E TAG : responsedata isBookUpdateAvailable: false &mBookDaoID: 14362401
06-24 12:37:52.093 8796 8796 E Assetlanguage : BOOK
06-24 12:37:52.093 8796 8796 E setBookUIDetails : Leamos 7.º grado 2024 BOOK
06-24 12:37:52.098 8796 8796 E IsPhysicalPackage: 14362401 false
06-24 12:37:52.098 8796 8796 E setDownloadStatus: 14362401false
06-24 12:37:52.107 8796 8796 E RecyclerView: No adapter attached; skipping layout
06-24 12:37:52.114 8796 8796 E LMS : SoomthScroolCalled
06-24 12:37:52.114 8796 8796 E KitabooSDK: getView: convertView null return new view
06-24 12:37:52.114 8796 8796 E BookCollectionBookView: BookCollectionBookView: tabPosition con2
06-24 12:37:52.114 8796 8796 E ishika : ==1st
06-24 12:37:52.137 8796 8796 E TAG : responsedata isBookUpdateAvailable: false &mBookDaoID: 14278513
06-24 12:37:52.137 8796 8796 E Assetlanguage : BOOK
06-24 12:37:52.137 8796 8796 E setBookUIDetails : Lenguaje y Literatura 7.º grado BOOK
06-24 12:37:52.141 8796 8796 E IsPhysicalPackage: 14278513 false
06-24 12:37:52.141 8796 8796 E setDownloadStatus: 14278513false
06-24 12:37:52.158 8796 8796 E KitabooSDK: getView: convertView not null return existing view
06-24 12:37:52.158 8796 8796 E TAG : responsedata isBookUpdateAvailable: false &mBookDaoID: 14278513
06-24 12:37:52.158 8796 8796 E Assetlanguage : BOOK
06-24 12:37:52.158 8796 8796 E setBookUIDetails : Lenguaje y Literatura 7.º grado BOOK
06-24 12:37:52.163 8796 8796 E IsPhysicalPackage: 14278513 false
06-24 12:37:52.163 8796 8796 E setDownloadStatus: 14278513false
06-24 12:37:52.173 8796 8796 E KitabooSDK: getView: convertView not null return existing view
06-24 12:37:52.174 8796 8796 E TAG : responsedata isBookUpdateAvailable: false &mBookDaoID: 14278513
06-24 12:37:52.174 8796 8796 E Assetlanguage : BOOK
06-24 12:37:52.174 8796 8796 E setBookUIDetails : Lenguaje y Literatura 7.º grado BOOK
06-24 12:37:52.179 8796 8796 E IsPhysicalPackage: 14278513 false
06-24 12:37:52.179 8796 8796 E setDownloadStatus: 14278513false
06-24 12:37:52.188 8796 8796 E KitabooSDK: getView: convertView not null return existing view
06-24 12:37:52.189 8796 8796 E TAG : responsedata isBookUpdateAvailable: false &mBookDaoID: 14278513
06-24 12:37:52.189 8796 8796 E Assetlanguage : BOOK
06-24 12:37:52.189 8796 8796 E setBookUIDetails : Lenguaje y Literatura 7.º grado BOOK
06-24 12:37:52.194 8796 8796 E IsPhysicalPackage: 14278513 false
06-24 12:37:52.194 8796 8796 E setDownloadStatus: 14278513false
06-24 12:37:52.202 8796 8796 E KitabooSDK: getView: convertView not null return existing view
06-24 12:37:52.203 8796 8796 E TAG : responsedata isBookUpdateAvailable: false &mBookDaoID: 14278513
06-24 12:37:52.203 8796 8796 E Assetlanguage : BOOK
06-24 12:37:52.203 8796 8796 E setBookUIDetails : Lenguaje y Literatura 7.º grado BOOK
06-24 12:37:52.207 8796 8796 E IsPhysicalPackage: 14278513 false
06-24 12:37:52.207 8796 8796 E setDownloadStatus: 14278513false
06-24 12:37:52.216 8796 8796 E RecyclerView: No adapter attached; skipping layout
06-24 12:37:52.216 8796 8796 E onScroll: onScroll 1
06-24 12:37:52.216 8796 8796 E grids : firstVisibleItem0
06-24 12:37:52.216 8796 8796 E grids : visibleItemCount4
06-24 12:37:52.216 8796 8796 E grids : totalItemCount6
06-24 12:37:52.216 8796 8796 E grids : l4
06-24 12:37:52.218 8796 8796 E CursorWindow: Failed to read row 0, column -1 from a CursorWindow which has 6 rows, 3 columns.
06-24 12:37:52.218 8796 8796 W System.err: java.lang.IllegalStateException: Couldn't read row 0, col -1 from CursorWindow. Make sure the Cursor is initialized correctly before accessing data from it.
06-24 12:37:52.226 8796 8796 W System.err: at android.database.CursorWindow.nativeGetString(Native Method)
06-24 12:37:52.226 8796 8796 W System.err: at android.database.CursorWindow.getString(CursorWindow.java:469)
06-24 12:37:52.226 8796 8796 W System.err: at android.database.AbstractWindowedCursor.getString(AbstractWindowedCursor.java:53)
06-24 12:37:52.226 8796 8796 W System.err: at com.hurix.database.manager.sub.BookShelfDBManager.getAllBooksByCategoryNameANDUserI D(BookShelfDBManager.java:3241)
06-24 12:37:52.226 8796 8796 W System.err: at com.hurix.database.manager.SqlDbManager.getAllBooksByCategoryNameANDUserID(SqlDbMan ager.java:393)
06-24 12:37:52.226 8796 8796 W System.err: at com.hurix.kitaboocloud.bookshelf_5_0.BookShelfTabFragment.onScroll(BookShelfTabFrag ment.java:3439)
06-24 12:37:52.226 8796 8796 W System.err: at android.widget.AbsListView.invokeOnItemScrollListener(AbsListView.java:1538)
06-24 12:37:52.226 8796 8796 W System.err: at android.widget.ListView.layoutChildren(ListView.java:1970)
06-24 12:37:52.226 8796 8796 W System.err: at android.widget.AbsListView.onLayout(AbsListView.java:2207)
06-24 12:37:52.226 8796 8796 W System.err: at android.view.View.layout(View.java:22848)
06-24 12:37:52.226 8796 8796 W System.err: at android.view.ViewGroup.layout(ViewGroup.java:6389)
06-24 12:37:52.226 8796 8796 W System.err: at androidx.swiperefreshlayout.widget.SwipeRefreshLayout.onLayout(SwipeRefreshLayout.j ava:625)
06-24 12:37:52.226 8796 8796 W System.err: at android.view.View.layout(View.java:22848)
06-24 12:37:52.226 8796 8796 W System.err: at android.view.ViewGroup.layout(ViewGroup.java:6389)
06-24 12:37:52.226 8796 8796 W System.err: at android.widget.RelativeLayout.onLayout(RelativeLayout.java:1103)
06-24 12:37:52.226 8796 8796 W System.err: at android.view.View.layout(View.java:22848)
06-24 12:37:52.226 8796 8796 W System.err: at android.view.ViewGroup.layout(ViewGroup.java:6389)
06-24 12:37:52.226 8796 8796 W System.err: at android.widget.RelativeLayout.onLayout(RelativeLayout.java:1103)
06-24 12:37:52.226 8796 8796 W System.err: at android.view.View.layout(View.java:22848)
06-24 12:37:52.227 8796 8796 W System.err: at android.view.ViewGroup.layout(ViewGroup.java:6389)
06-24 12:37:52.227 8796 8796 W System.err: at android.widget.RelativeLayout.onLayout(RelativeLayout.java:1103)
06-24 12:37:52.227 8796 8796 W System.err: at android.view.View.layout(View.java:22848)
06-24 12:37:52.227 8796 8796 W System.err: at android.view.ViewGroup.layout(ViewGroup.java:6389)
06-24 12:37:52.227 8796 8796 W System.err: at android.widget.RelativeLayout.onLayout(RelativeLayout.java:1103)
06-24 12:37:52.227 8796 8796 W System.err: at android.view.View.layout(View.java:22848)
06-24 12:37:52.227 8796 8796 W System.err: at android.view.ViewGroup.layout(ViewGroup.java:6389)
06-24 12:37:52.227 8796 8796 W System.err: at android.widget.FrameLayout.layoutChildren(FrameLayout.java:332)
06-24 12:37:52.227 8796 8796 W System.err: at android.widget.FrameLayout.onLayout(FrameLayout.java:270)
06-24 12:37:52.227 8796 8796 W System.err: at android.view.View.layout(View.java:22848)
06-24 12:37:52.227 8796 8796 W System.err: at android.view.ViewGroup.layout(ViewGroup.java:6389)
06-24 12:37:52.227 8796 8796 W System.err: at android.widget.FrameLayout.layoutChildren(FrameLayout.java:332)
06-24 12:37:52.227 8796 8796 W System.err: at android.widget.FrameLayout.onLayout(FrameLayout.java:270)
06-24 12:37:52.227 8796 8796 W System.err: at android.view.View.layout(View.java:22848)
06-24 12:37:52.227 8796 8796 W System.err: at android.view.ViewGroup.layout(ViewGroup.java:6389)
06-24 12:37:52.227 8796 8796 W System.err: at androidx.viewpager.widget.ViewPager.onLayout(ViewPager.java:1775)
06-24 12:37:52.227 8796 8796 W System.err: at android.view.View.layout(View.java:22848)
06-24 12:37:52.227 8796 8796 W System.err: at android.view.ViewGroup.layout(ViewGroup.java:6389)
06-24 12:37:52.227 8796 8796 W System.err: at android.widget.RelativeLayout.onLayout(RelativeLayout.java:1103)
06-24 12:37:52.227 8796 8796 W System.err: at android.view.View.layout(View.java:22848)
06-24 12:37:52.227 8796 8796 W System.err: at android.view.ViewGroup.layout(ViewGroup.java:6389)
06-24 12:37:52.227 8796 8796 W System.err: at android.widget.FrameLayout.layoutChildren(FrameLayout.java:332)
06-24 12:37:52.227 8796 8796 W System.err: at android.widget.FrameLayout.onLayout(FrameLayout.java:270)
06-24 12:37:52.227 8796 8796 W System.err: at android.view.View.layout(View.java:22848)
06-24 12:37:52.227 8796 8796 W System.err: at android.view.ViewGroup.layout(ViewGroup.java:6389)
06-24 12:37:52.227 8796 8796 W System.err: at android.widget.FrameLayout.layoutChildren(FrameLayout.java:332)
06-24 12:37:52.227 8796 8796 W System.err: at android.widget.FrameLayout.onLayout(FrameLayout.java:270)
06-24 12:37:52.227 8796 8796 W System.err: at android.view.View.layout(View.java:22848)
06-24 12:37:52.227 8796 8796 W System.err: at android.view.ViewGroup.layout(ViewGroup.java:6389)
06-24 12:37:52.227 8796 8796 W System.err: at android.widget.LinearLayout.setChildFrame(LinearLayout.java:1829)
06-24 12:37:52.227 8796 8796 W System.err: at android.widget.LinearLayout.layoutVertical(LinearLayout.java:1673)
06-24 12:37:52.227 8796 8796 W System.err: at android.widget.LinearLayout.onLayout(LinearLayout.java:1582)
06-24 12:37:52.227 8796 8796 W System.err: at android.view.View.layout(View.java:22848)
06-24 12:37:52.227 8796 8796 W System.err: at android.view.ViewGroup.layout(ViewGroup.java:6389)
06-24 12:37:52.227 8796 8796 W System.err: at android.widget.FrameLayout.layoutChildren(FrameLayout.java:332)
06-24 12:37:52.227 8796 8796 W System.err: at android.widget.FrameLayout.onLayout(FrameLayout.java:270)
06-24 12:37:52.227 8796 8796 W System.err: at android.view.View.layout(View.java:22848)
06-24 12:37:52.227 8796 8796 W System.err: at android.view.ViewGroup.layout(ViewGroup.java:6389)
06-24 12:37:52.227 8796 8796 W System.err: at android.widget.LinearLayout.setChildFrame(LinearLayout.java:1829)
06-24 12:37:52.227 8796 8796 W System.err: at android.widget.LinearLayout.layoutVertical(LinearLayout.java:1673)
06-24 12:37:52.227 8796 8796 W System.err: at android.widget.LinearLayout.onLayout(LinearLayout.java:1582)
06-24 12:37:52.227 8796 8796 W System.err: at android.view.View.layout(View.java:22848)
06-24 12:37:52.228 8796 8796 W System.err: at android.view.ViewGroup.layout(ViewGroup.java:6389)
06-24 12:37:52.228 8796 8796 W System.err: at android.widget.FrameLayout.layoutChildren(FrameLayout.java:332)
06-24 12:37:52.228 8796 8796 W System.err: at android.widget.FrameLayout.onLayout(FrameLayout.java:270)
06-24 12:37:52.228 8796 8796 W System.err: at com.android.internal.policy.DecorView.onLayout(DecorView.java:784)
06-24 12:37:52.228 8796 8796 W System.err: at android.view.View.layout(View.java:22848)
06-24 12:37:52.228 8796 8796 W System.err: at android.view.ViewGroup.layout(ViewGroup.java:6389)
06-24 12:37:52.228 8796 8796 W System.err: at android.view.ViewRootImpl.performLayout(ViewRootImpl.java:3477)
06-24 12:37:52.228 8796 8796 W System.err: at android.view.ViewRootImpl.performTraversals(ViewRootImpl.java:2945)
06-24 12:37:52.228 8796 8796 W System.err: at android.view.ViewRootImpl.doTraversal(ViewRootImpl.java:1950)
06-24 12:37:52.228 8796 8796 W System.err: at android.view.ViewRootImpl$TraversalRunnable.run(ViewRootImpl.java:8186)
06-24 12:37:52.228 8796 8796 W System.err: at android.view.Choreographer$CallbackRecord.run(Choreographer.java:1056)
06-24 12:37:52.228 8796 8796 W System.err: at android.view.Choreographer.doCallbacks(Choreographer.java:878)
06-24 12:37:52.228 8796 8796 W System.err: at android.view.Choreographer.doFrame(Choreographer.java:811)
06-24 12:37:52.228 8796 8796 W System.err: at android.view.Choreographer$FrameDisplayEventReceiver.run(Choreographer.java:1041)
06-24 12:37:52.228 8796 8796 W System.err: at android.os.Handler.handleCallback(Handler.java:938)
06-24 12:37:52.228 8796 8796 W System.err: at android.os.Handler.dispatchMessage(Handler.java:99)
06-24 12:37:52.228 8796 8796 W System.err: at android.os.Looper.loop(Looper.java:223)
06-24 12:37:52.228 8796 8796 W System.err: at android.app.ActivityThread.main(ActivityThread.java:7701)
06-24 12:37:52.228 8796 8796 W System.err: at java.lang.reflect.Method.invoke(Native Method)
06-24 12:37:52.228 8796 8796 W System.err: at com.android.internal.os.RuntimeInit$MethodAndArgsCaller.run(RuntimeInit.java:592)
06-24 12:37:52.228 8796 8796 W System.err: at com.android.internal.os.ZygoteInit.main(ZygoteInit.java:952)
06-24 12:37:52.229 8796 8796 E onScroll: onScroll 1
06-24 12:37:52.229 8796 8796 E grids : firstVisibleItem0
06-24 12:37:52.229 8796 8796 E grids : visibleItemCount0
06-24 12:37:52.229 8796 8796 E grids : totalItemCount0
06-24 12:37:52.229 8796 8796 E onScroll: onScroll 1
06-24 12:37:52.229 8796 8796 E grids : firstVisibleItem0
06-24 12:37:52.229 8796 8796 E grids : visibleItemCount0
06-24 12:37:52.229 8796 8796 E grids : totalItemCount0
06-24 12:37:52.274 8796 8796 I Choreographer: Skipped 34 frames! The application may be doing too much work on its main thread.
06-24 12:37:52.301 8796 8796 E HelpScreen: requestCompleted: BookShelf`false
06-24 12:37:52.307 8796 8796 E SaveUGCSyncRequest : : sucess
06-24 12:37:52.309 8796 8796 E SQLiteLog: (1) no such column: UserID in "DELETE FROM Bookmark WHERE UserID=12769294 AND isSynced=1 AND BookId=14366458 AND mode='D'"
06-24 12:37:52.377 8796 8810 W System : A resource failed to call close.
06-24 12:37:52.377 8796 8810 I chatty : uid=10510(com.hurix.ese.cloudreader) FinalizerDaemon identical 1 line
06-24 12:37:52.377 8796 8810 W System : A resource failed to call close.
06-24 12:37:52.644 8796 8796 E onRefresh(): refresh
06-24 12:37:52.644 8796 8796 D KitabooSDK: onRefresh: Notification
06-24 12:37:52.645 8796 8796 E taken : internet time0
06-24 12:37:52.645 8796 8796 E relogin : 5
06-24 12:37:52.645 8796 8796 E reloginDuration: 432000000
06-24 12:37:52.651 8796 8796 E userLoginNExpiryData: 1719202435000
06-24 12:37:52.652 8796 8796 E userLoginNExpiryData: 1719202435000
06-24 12:37:52.652 8796 8796 E expiryTime: 1719634435000
06-24 12:37:52.652 8796 8796 E loginTime: 1719202435000
06-24 12:37:52.652 8796 8796 E remainTime: 1719582597355
06-24 12:37:52.652 8796 8796 E remainTimeelapsed: 11271011
06-24 12:37:52.652 8796 8796 E TAG : Size getCateList :6
06-24 12:37:52.657 8796 8796 E utctolocal: Fri Nov 29 18:00:00 CST 2024
06-24 12:37:52.657 8796 8796 E utctolocals: 1732924800000
06-24 12:37:52.659 8796 8796 E utctolocal: Fri Nov 29 18:00:00 CST 2024
06-24 12:37:52.659 8796 8796 E utctolocals: 1732924800000
06-24 12:37:52.661 8796 8796 E utctolocal: Fri Nov 29 18:00:00 CST 2024
06-24 12:37:52.661 8796 8796 E utctolocals: 1732924800000
06-24 12:37:52.663 8796 8796 E utctolocal: Fri Nov 29 18:00:00 CST 2024
06-24 12:37:52.664 8796 8796 E utctolocals: 1732924800000
06-24 12:37:52.664 8796 8796 E TAG : bookId.getExpiryDate() NA getBookTitle: Matematica 7.º grado 2024
06-24 12:37:52.666 8796 8796 E utctolocal: Fri Nov 29 18:00:00 CST 2024
06-24 12:37:52.666 8796 8796 E utctolocals: 1732924800000
06-24 12:37:52.669 8796 8796 E CursorWindow: Failed to read row 0, column -1 from a CursorWindow which has 6 rows, 71 columns.
06-24 12:37:52.669 8796 8796 E CursorWindow: Failed to read row 1, column -1 from a CursorWindow which has 6 rows, 71 columns.
06-24 12:37:52.670 8796 8796 E CursorWindow: Failed to read row 2, column -1 from a CursorWindow which has 6 rows, 71 columns.
06-24 12:37:52.670 8796 8796 E CursorWindow: Failed to read row 3, column -1 from a CursorWindow which has 6 rows, 71 columns.
06-24 12:37:52.671 8796 8796 E CursorWindow: Failed to read row 4, column -1 from a CursorWindow which has 6 rows, 71 columns.
06-24 12:37:52.671 8796 8796 E CursorWindow: Failed to read row 5, column -1 from a CursorWindow which has 6 rows, 71 columns.
06-24 12:37:52.672 8796 8796 W System.err: java.text.ParseException: Unparseable date: "2024-06-23 22:14:00"
06-24 12:37:52.672 8796 8796 W System.err: at java.text.DateFormat.parse(DateFormat.java:362)
06-24 12:37:52.672 8796 8796 W System.err: at com.hurix.kitaboocloud.datamodel.UserBookVO.getBookTimestampInDate(UserBookVO.java: 1190)
06-24 12:37:52.672 8796 8796 W System.err: at com.hurix.kitaboocloud.bookshelf_5_0.BookShelfTabFragment.onRefresh(BookShelfTabFra gment.java:1088)
06-24 12:37:52.672 8796 8796 W System.err: at com.hurix.kitaboocloud.bookshelf_5_0.BookShelfActivity$26.run(BookShelfActivity.jav a:2495)
06-24 12:37:52.673 8796 8796 W System.err: at android.os.Handler.handleCallback(Handler.java:938)
06-24 12:37:52.673 8796 8796 W System.err: at android.os.Handler.dispatchMessage(Handler.java:99)
06-24 12:37:52.673 8796 8796 W System.err: at android.os.Looper.loop(Looper.java:223)
06-24 12:37:52.673 8796 8796 W System.err: at android.app.ActivityThread.main(ActivityThread.java:7701)
06-24 12:37:52.673 8796 8796 W System.err: at java.lang.reflect.Method.invoke(Native Method)
06-24 12:37:52.673 8796 8796 W System.err: at com.android.internal.os.RuntimeInit$MethodAndArgsCaller.run(RuntimeInit.java:592)
06-24 12:37:52.673 8796 8796 W System.err: at com.android.internal.os.ZygoteInit.main(ZygoteInit.java:952)
06-24 12:37:52.673 8796 8796 W System.err: java.text.ParseException: Unparseable date: "2024-06-23 22:14:00"
06-24 12:37:52.673 8796 8796 W System.err: at java.text.DateFormat.parse(DateFormat.java:362)
06-24 12:37:52.673 8796 8796 W System.err: at com.hurix.kitaboocloud.datamodel.UserBookVO.getBookTimestampInDate(UserBookVO.java: 1190)
06-24 12:37:52.673 8796 8796 W System.err: at com.hurix.kitaboocloud.bookshelf_5_0.BookShelfTabFragment.onRefresh(BookShelfTabFra gment.java:1089)
06-24 12:37:52.673 8796 8796 W System.err: at com.hurix.kitaboocloud.bookshelf_5_0.BookShelfActivity$26.run(BookShelfActivity.jav a:2495)
06-24 12:37:52.673 8796 8796 W System.err: at android.os.Handler.handleCallback(Handler.java:938)
06-24 12:37:52.673 8796 8796 W System.err: at android.os.Handler.dispatchMessage(Handler.java:99)
06-24 12:37:52.673 8796 8796 W System.err: at android.os.Looper.loop(Looper.java:223)
06-24 12:37:52.673 8796 8796 W System.err: at android.app.ActivityThread.main(ActivityThread.java:7701)
06-24 12:37:52.673 8796 8796 W System.err: at java.lang.reflect.Method.invoke(Native Method)
06-24 12:37:52.673 8796 8796 W System.err: at com.android.internal.os.RuntimeInit$MethodAndArgsCaller.run(RuntimeInit.java:592)
06-24 12:37:52.673 8796 8796 W System.err: at com.android.internal.os.ZygoteInit.main(ZygoteInit.java:952)
06-24 12:37:52.674 8796 8796 E TAG : onRefresh Called: Request allBookListIncludingCollection: 6 bookIds: 6
06-24 12:37:52.686 8796 8796 E TAG : refresh ccalled2
06-24 12:37:52.761 8796 8808 I ese.cloudreade: Background concurrent copying GC freed 26148(1204KB) AllocSpace objects, 414(87MB) LOS objects, 22% free, 125MB/161MB, paused 187us total 142.166ms
06-24 12:37:52.798 8796 16353 E ishikaa : ===Mon, 24 Jun 2024 18:37:53 GMT
06-24 12:37:52.871 8796 8796 E Category inserted: Category12769294
06-24 12:37:52.871 8796 8796 E fetchingbooks: 0 to 6
06-24 12:37:52.874 8796 8796 E CursorWindow: Failed to read row 0, column -1 from a CursorWindow which has 6 rows, 3 columns.
06-24 12:37:52.874 8796 8796 W System.err: java.lang.IllegalStateException: Couldn't read row 0, col -1 from CursorWindow. Make sure the Cursor is initialized correctly before accessing data from it.
06-24 12:37:52.874 8796 8796 W System.err: at android.database.CursorWindow.nativeGetString(Native Method)
06-24 12:37:52.874 8796 8796 W System.err: at android.database.CursorWindow.getString(CursorWindow.java:469)
06-24 12:37:52.874 8796 8796 W System.err: at android.database.AbstractWindowedCursor.getString(AbstractWindowedCursor.java:53)
06-24 12:37:52.874 8796 8796 W System.err: at com.hurix.database.manager.sub.BookShelfDBManager.getAllBooksByCategoryNameANDUserI D(BookShelfDBManager.java:3241)
06-24 12:37:52.874 8796 8796 W System.err: at com.hurix.database.manager.SqlDbManager.getAllBooksByCategoryNameANDUserID(SqlDbMan ager.java:393)
06-24 12:37:52.874 8796 8796 W System.err: at com.hurix.kitaboocloud.bookshelf_5_0.BookShelfTabFragment.startFetchingBooksPerCate gorySerice(BookShelfTabFragment.java:3832)
06-24 12:37:52.874 8796 8796 W System.err: at com.hurix.kitaboocloud.bookshelf_5_0.BookShelfTabFragment.requestCompleted(BookShel fTabFragment.java:2167)
06-24 12:37:52.874 8796 8796 W System.err: at com.hurix.services.adapter.KitabooServiceAdapter.requestCompleted(KitabooServiceAda pter.java:563)
06-24 12:37:52.874 8796 8796 W System.err: at com.hurix.services.connector.ServerInterface.broadcastSuccessToListeners(ServerInte rface.java:159)
06-24 12:37:52.874 8796 8796 W System.err: at com.hurix.services.connector.ServerInterface.access$200(ServerInterface.java:24)
06-24 12:37:52.874 8796 8796 W System.err: at com.hurix.services.connector.ServerInterface$ExecuteService.onPostExecute(ServerInt erface.java:78)
06-24 12:37:52.874 8796 8796 W System.err: at com.hurix.services.connector.ServerInterface$ExecuteService.onPostExecute(ServerInt erface.java:68)
06-24 12:37:52.874 8796 8796 W System.err: at android.os.AsyncTask.finish(AsyncTask.java:771)
06-24 12:37:52.874 8796 8796 W System.err: at android.os.AsyncTask.access$900(AsyncTask.java:199)
06-24 12:37:52.874 8796 8796 W System.err: at android.os.AsyncTask$InternalHandler.handleMessage(AsyncTask.java:788)
06-24 12:37:52.874 8796 8796 W System.err: at android.os.Handler.dispatchMessage(Handler.java:106)
06-24 12:37:52.874 8796 8796 W System.err: at android.os.Looper.loop(Looper.java:223)
06-24 12:37:52.874 8796 8796 W System.err: at android.app.ActivityThread.main(ActivityThread.java:7701)
06-24 12:37:52.874 8796 8796 W System.err: at java.lang.reflect.Method.invoke(Native Method)
06-24 12:37:52.874 8796 8796 W System.err: at com.android.internal.os.RuntimeInit$MethodAndArgsCaller.run(RuntimeInit.java:592)
06-24 12:37:52.874 8796 8796 W System.err: at com.android.internal.os.ZygoteInit.main(ZygoteInit.java:952)
06-24 12:37:52.875 8796 8796 E refreshCategoryAdapter: refresh
06-24 12:37:52.875 8796 8796 E setData : refresh
06-24 12:37:52.879 8796 8796 E CursorWindow: Failed to read row 0, column -1 from a CursorWindow which has 6 rows, 3 columns.
06-24 12:37:52.879 8796 8796 W System.err: java.lang.IllegalStateException: Couldn't read row 0, col -1 from CursorWindow. Make sure the Cursor is initialized correctly before accessing data from it.
06-24 12:37:52.879 8796 8796 W System.err: at android.database.CursorWindow.nativeGetString(Native Method)
06-24 12:37:52.879 8796 8796 W System.err: at android.database.CursorWindow.getString(CursorWindow.java:469)
06-24 12:37:52.879 8796 8796 W System.err: at android.database.AbstractWindowedCursor.getString(AbstractWindowedCursor.java:53)
06-24 12:37:52.879 8796 8796 W System.err: at com.hurix.database.manager.sub.BookShelfDBManager.getAllBooksByCategoryNameANDUserI D(BookShelfDBManager.java:3241)
06-24 12:37:52.879 8796 8796 W System.err: at com.hurix.database.manager.SqlDbManager.getAllBooksByCategoryNameANDUserID(SqlDbMan ager.java:393)
06-24 12:37:52.879 8796 8796 W System.err: at com.hurix.kitaboocloud.bookshelf_5_0.BookShelfTabFragment.startFetchingBooksPerCate gorySerice(BookShelfTabFragment.java:3832)
06-24 12:37:52.879 8796 8796 W System.err: at com.hurix.kitaboocloud.bookshelf_5_0.BookShelfTabFragment.requestCompleted(BookShel fTabFragment.java:2167)
06-24 12:37:52.879 8796 8796 W System.err: at com.hurix.services.adapter.KitabooServiceAdapter.requestCompleted(KitabooServiceAda pter.java:563)
06-24 12:37:52.879 8796 8796 W System.err: at com.hurix.services.connector.ServerInterface.broadcastSuccessToListeners(ServerInte rface.java:159)
06-24 12:37:52.879 8796 8796 W System.err: at com.hurix.services.connector.ServerInterface.access$200(ServerInterface.java:24)
06-24 12:37:52.879 8796 8796 W System.err: at com.hurix.services.connector.ServerInterface$ExecuteService.onPostExecute(ServerInt erface.java:78)
06-24 12:37:52.879 8796 8796 W System.err: at com.hurix.services.connector.ServerInterface$ExecuteService.onPostExecute(ServerInt erface.java:68)
06-24 12:37:52.879 8796 8796 W System.err: at android.os.AsyncTask.finish(AsyncTask.java:771)
06-24 12:37:52.879 8796 8796 W System.err: at android.os.AsyncTask.access$900(AsyncTask.java:199)
06-24 12:37:52.879 8796 8796 W System.err: at android.os.AsyncTask$InternalHandler.handleMessage(AsyncTask.java:788)
06-24 12:37:52.879 8796 8796 W System.err: at android.os.Handler.dispatchMessage(Handler.java:106)
06-24 12:37:52.879 8796 8796 W System.err: at android.os.Looper.loop(Looper.java:223)
06-24 12:37:52.879 8796 8796 W System.err: at android.app.ActivityThread.main(ActivityThread.java:7701)
06-24 12:37:52.879 8796 8796 W System.err: at java.lang.reflect.Method.invoke(Native Method)
06-24 12:37:52.879 8796 8796 W System.err: at com.android.internal.os.RuntimeInit$MethodAndArgsCaller.run(RuntimeInit.java:592)
06-24 12:37:52.879 8796 8796 W System.err: at com.android.internal.os.ZygoteInit.main(ZygoteInit.java:952)
06-24 12:37:52.880 8796 8796 E refreshCategoryAdapter: refresh
06-24 12:37:52.880 8796 8796 E setData : refresh
06-24 12:37:52.885 8796 8796 E CursorWindow: Failed to read row 0, column -1 from a CursorWindow which has 6 rows, 3 columns.
06-24 12:37:52.885 8796 8796 W System.err: java.lang.IllegalStateException: Couldn't read row 0, col -1 from CursorWindow. Make sure the Cursor is initialized correctly before accessing data from it.
06-24 12:37:52.885 8796 8796 W System.err: at android.database.CursorWindow.nativeGetString(Native Method)
06-24 12:37:52.885 8796 8796 W System.err: at android.database.CursorWindow.getString(CursorWindow.java:469)
06-24 12:37:52.885 8796 8796 W System.err: at android.database.AbstractWindowedCursor.getString(AbstractWindowedCursor.java:53)
06-24 12:37:52.885 8796 8796 W System.err: at com.hurix.database.manager.sub.BookShelfDBManager.getAllBooksByCategoryNameANDUserI D(BookShelfDBManager.java:3241)
06-24 12:37:52.885 8796 8796 W System.err: at com.hurix.database.manager.SqlDbManager.getAllBooksByCategoryNameANDUserID(SqlDbMan ager.java:393)
06-24 12:37:52.885 8796 8796 W System.err: at com.hurix.kitaboocloud.bookshelf_5_0.BookShelfTabFragment.startFetchingBooksPerCate gorySerice(BookShelfTabFragment.java:3832)
06-24 12:37:52.885 8796 8796 W System.err: at com.hurix.kitaboocloud.bookshelf_5_0.BookShelfTabFragment.requestCompleted(BookShel fTabFragment.java:2167)
06-24 12:37:52.885 8796 8796 W System.err: at com.hurix.services.adapter.KitabooServiceAdapter.requestCompleted(KitabooServiceAda pter.java:563)
06-24 12:37:52.885 8796 8796 W System.err: at com.hurix.services.connector.ServerInterface.broadcastSuccessToListeners(ServerInte rface.java:159)
06-24 12:37:52.885 8796 8796 W System.err: at com.hurix.services.connector.ServerInterface.access$200(ServerInterface.java:24)
06-24 12:37:52.885 8796 8796 W System.err: at com.hurix.services.connector.ServerInterface$ExecuteService.onPostExecute(ServerInt erface.java:78)
06-24 12:37:52.885 8796 8796 W System.err: at com.hurix.services.connector.ServerInterface$ExecuteService.onPostExecute(ServerInt erface.java:68)
06-24 12:37:52.885 8796 8796 W System.err: at android.os.AsyncTask.finish(AsyncTask.java:771)
06-24 12:37:52.885 8796 8796 W System.err: at android.os.AsyncTask.access$900(AsyncTask.java:199)
06-24 12:37:52.885 8796 8796 W System.err: at android.os.AsyncTask$InternalHandler.handleMessage(AsyncTask.java:788)
06-24 12:37:52.885 8796 8796 W System.err: at android.os.Handler.dispatchMessage(Handler.java:106)
06-24 12:37:52.885 8796 8796 W System.err: at android.os.Looper.loop(Looper.java:223)
06-24 12:37:52.885 8796 8796 W System.err: at android.app.ActivityThread.main(ActivityThread.java:7701)
06-24 12:37:52.885 8796 8796 W System.err: at java.lang.reflect.Method.invoke(Native Method)
06-24 12:37:52.885 8796 8796 W System.err: at com.android.internal.os.RuntimeInit$MethodAndArgsCaller.run(RuntimeInit.java:592)
06-24 12:37:52.885 8796 8796 W System.err: at com.android.internal.os.ZygoteInit.main(ZygoteInit.java:952)
06-24 12:37:52.886 8796 8796 E refreshCategoryAdapter: refresh
06-24 12:37:52.886 8796 8796 E setData : refresh
06-24 12:37:52.890 8796 8796 E CursorWindow: Failed to read row 0, column -1 from a CursorWindow which has 6 rows, 3 columns.
06-24 12:37:52.890 8796 8796 W System.err: java.lang.IllegalStateException: Couldn't read row 0, col -1 from CursorWindow. Make sure the Cursor is initialized correctly before accessing data from it.
06-24 12:37:52.890 8796 8796 W System.err: at android.database.CursorWindow.nativeGetString(Native Method)
06-24 12:37:52.890 8796 8796 W System.err: at android.database.CursorWindow.getString(CursorWindow.java:469)
06-24 12:37:52.890 8796 8796 W System.err: at android.database.AbstractWindowedCursor.getString(AbstractWindowedCursor.java:53)
06-24 12:37:52.890 8796 8796 W System.err: at com.hurix.database.manager.sub.BookShelfDBManager.getAllBooksByCategoryNameANDUserI D(BookShelfDBManager.java:3241)
06-24 12:37:52.890 8796 8796 W System.err: at com.hurix.database.manager.SqlDbManager.getAllBooksByCategoryNameANDUserID(SqlDbMan ager.java:393)
06-24 12:37:52.890 8796 8796 W System.err: at com.hurix.kitaboocloud.bookshelf_5_0.BookShelfTabFragment.startFetchingBooksPerCate gorySerice(BookShelfTabFragment.java:3832)
06-24 12:37:52.890 8796 8796 W System.err: at com.hurix.kitaboocloud.bookshelf_5_0.BookShelfTabFragment.requestCompleted(BookShel fTabFragment.java:2167)
06-24 12:37:52.890 8796 8796 W System.err: at com.hurix.services.adapter.KitabooServiceAdapter.requestCompleted(KitabooServiceAda pter.java:563)
06-24 12:37:52.890 8796 8796 W System.err: at com.hurix.services.connector.ServerInterface.broadcastSuccessToListeners(ServerInte rface.java:159)
06-24 12:37:52.890 8796 8796 W System.err: at com.hurix.services.connector.ServerInterface.access$200(ServerInterface.java:24)
06-24 12:37:52.890 8796 8796 W System.err: at com.hurix.services.connector.ServerInterface$ExecuteService.onPostExecute(ServerInt erface.java:78)
06-24 12:37:52.890 8796 8796 W System.err: at com.hurix.services.connector.ServerInterface$ExecuteService.onPostExecute(ServerInt erface.java:68)
