06-24 12:38:32.342 8796 8796 W System.err: java.lang.IllegalStateException: Couldn't read row 0, col -1 from CursorWindow. Make sure the Cursor is initialized correctly before accessing data from it.
06-24 12:38:32.342 8796 8810 W System : A resource failed to call close.
06-24 12:38:32.342 8796 8810 I chatty : uid=10510(com.hurix.ese.cloudreader) FinalizerDaemon identical 1 line
06-24 12:38:32.342 8796 8810 W System : A resource failed to call close.
06-24 12:38:32.342 8796 8796 W System.err: at android.database.CursorWindow.nativeGetString(Native Method)
06-24 12:38:32.342 8796 8796 W System.err: at android.database.CursorWindow.getString(CursorWindow.java:469)
06-24 12:38:32.342 8796 8796 W System.err: at android.database.AbstractWindowedCursor.getString(AbstractWindowedCursor.java:53)
06-24 12:38:32.342 8796 8796 W System.err: at com.hurix.database.manager.sub.BookShelfDBManager.getAllBooksByCategoryNameANDUserI D(BookShelfDBManager.java:3241)
06-24 12:38:32.342 8796 8796 W System.err: at com.hurix.database.manager.SqlDbManager.getAllBooksByCategoryNameANDUserID(SqlDbMan ager.java:393)
06-24 12:38:32.342 8796 8796 W System.err: at com.hurix.kitaboocloud.bookshelf_5_0.BookShelfTabFragment.onScroll(BookShelfTabFrag ment.java:3439)
06-24 12:38:32.342 8796 8796 W System.err: at android.widget.AbsListView.invokeOnItemScrollListener(AbsListView.java:1538)
06-24 12:38:32.342 8796 8796 W System.err: at android.widget.AbsListView.trackMotionScroll(AbsListView.java:5396)
06-24 12:38:32.342 8796 8810 W System : A resource failed to call close.
06-24 12:38:32.342 8796 8796 W System.err: at android.widget.ListView.trackMotionScroll(ListView.java:1984)
06-24 12:38:32.342 8796 8796 W System.err: at android.widget.AbsListView.scrollIfNeeded(AbsListView.java:3666)
06-24 12:38:32.342 8796 8796 W System.err: at android.widget.AbsListView.onTouchMove(AbsListView.java:4099)
06-24 12:38:32.342 8796 8796 W System.err: at android.widget.AbsListView.onTouchEvent(AbsListView.java:3911)
06-24 12:38:32.342 8796 8796 W System.err: at android.view.View.dispatchTouchEvent(View.java:14310)
06-24 12:38:32.342 8796 8796 W System.err: at android.view.ViewGroup.dispatchTransformedTouchEvent(ViewGroup.java:3112)
06-24 12:38:32.342 8796 8796 W System.err: at android.view.ViewGroup.dispatchTouchEvent(ViewGroup.java:2785)
06-24 12:38:32.342 8796 8796 W System.err: at android.view.ViewGroup.dispatchTransformedTouchEvent(ViewGroup.java:3118)
06-24 12:38:32.342 8796 8796 W System.err: at android.view.ViewGroup.dispatchTouchEvent(ViewGroup.java:2799)
06-24 12:38:32.342 8796 8810 W System : A resource failed to call close.
06-24 12:38:32.342 8796 8796 W System.err: at android.view.ViewGroup.dispatchTransformedTouchEvent(ViewGroup.java:3118)
06-24 12:38:32.342 8796 8796 W System.err: at android.view.ViewGroup.dispatchTouchEvent(ViewGroup.java:2799)
06-24 12:38:32.342 8796 8796 W System.err: at android.view.ViewGroup.dispatchTransformedTouchEvent(ViewGroup.java:3118)
06-24 12:38:32.342 8796 8796 W System.err: at android.view.ViewGroup.dispatchTouchEvent(ViewGroup.java:2799)
06-24 12:38:32.343 8796 8796 W System.err: at android.view.ViewGroup.dispatchTransformedTouchEvent(ViewGroup.java:3118)
06-24 12:38:32.343 8796 8796 W System.err: at android.view.ViewGroup.dispatchTouchEvent(ViewGroup.java:2799)
06-24 12:38:32.343 8796 8796 W System.err: at android.view.ViewGroup.dispatchTransformedTouchEvent(ViewGroup.java:3118)
06-24 12:38:32.343 8796 8810 W System : A resource failed to call close.
06-24 12:38:32.343 8796 8796 W System.err: at android.view.ViewGroup.dispatchTouchEvent(ViewGroup.java:2799)
06-24 12:38:32.343 8796 8796 W System.err: at android.view.ViewGroup.dispatchTransformedTouchEvent(ViewGroup.java:3118)
06-24 12:38:32.343 8796 8796 W System.err: at android.view.ViewGroup.dispatchTouchEvent(ViewGroup.java:2799)
06-24 12:38:32.343 8796 8796 W System.err: at android.view.ViewGroup.dispatchTransformedTouchEvent(ViewGroup.java:3118)
06-24 12:38:32.343 8796 8796 W System.err: at android.view.ViewGroup.dispatchTouchEvent(ViewGroup.java:2799)
06-24 12:38:32.343 8796 8810 W System : A resource failed to call close.
06-24 12:38:32.343 8796 8796 W System.err: at android.view.ViewGroup.dispatchTransformedTouchEvent(ViewGroup.java:3118)
06-24 12:38:32.343 8796 8796 W System.err: at android.view.ViewGroup.dispatchTouchEvent(ViewGroup.java:2799)
06-24 12:38:32.343 8796 8796 W System.err: at android.view.ViewGroup.dispatchTransformedTouchEvent(ViewGroup.java:3118)
06-24 12:38:32.343 8796 8796 W System.err: at android.view.ViewGroup.dispatchTouchEvent(ViewGroup.java:2799)
06-24 12:38:32.343 8796 8796 W System.err: at android.view.ViewGroup.dispatchTransformedTouchEvent(ViewGroup.java:3118)
06-24 12:38:32.343 8796 8796 W System.err: at android.view.ViewGroup.dispatchTouchEvent(ViewGroup.java:2799)
06-24 12:38:32.343 8796 8796 W System.err: at android.view.ViewGroup.dispatchTransformedTouchEvent(ViewGroup.java:3118)
06-24 12:38:32.343 8796 8796 W System.err: at android.view.ViewGroup.dispatchTouchEvent(ViewGroup.java:2799)
06-24 12:38:32.343 8796 8796 W System.err: at android.view.ViewGroup.dispatchTransformedTouchEvent(ViewGroup.java:3118)
06-24 12:38:32.343 8796 8796 W System.err: at android.view.ViewGroup.dispatchTouchEvent(ViewGroup.java:2799)
06-24 12:38:32.343 8796 8796 W System.err: at android.view.ViewGroup.dispatchTransformedTouchEvent(ViewGroup.java:3118)
06-24 12:38:32.343 8796 8796 W System.err: at android.view.ViewGroup.dispatchTouchEvent(ViewGroup.java:2799)
06-24 12:38:32.343 8796 8796 W System.err: at android.view.ViewGroup.dispatchTransformedTouchEvent(ViewGroup.java:3118)
06-24 12:38:32.343 8796 8796 W System.err: at android.view.ViewGroup.dispatchTouchEvent(ViewGroup.java:2799)
06-24 12:38:32.343 8796 8796 W System.err: at android.view.ViewGroup.dispatchTransformedTouchEvent(ViewGroup.java:3118)
06-24 12:38:32.343 8796 8796 W System.err: at android.view.ViewGroup.dispatchTouchEvent(ViewGroup.java:2799)
06-24 12:38:32.343 8796 8810 W System : A resource failed to call close.
06-24 12:38:32.343 8796 8796 W System.err: at com.android.internal.policy.DecorView.superDispatchTouchEvent(DecorView.java:488)
06-24 12:38:32.343 8796 8796 W System.err: at com.android.internal.policy.PhoneWindow.superDispatchTouchEvent(PhoneWindow.java:18 73)
06-24 12:38:32.343 8796 8796 W System.err: at android.app.Activity.dispatchTouchEvent(Activity.java:4125)
06-24 12:38:32.343 8796 8796 W System.err: at androidx.appcompat.view.WindowCallbackWrapper.dispatchTouchEvent(WindowCallbackWrap per.java:69)
06-24 12:38:32.343 8796 8796 W System.err: at com.android.internal.policy.DecorView.dispatchTouchEvent(DecorView.java:446)
06-24 12:38:32.343 8796 8810 W System : A resource failed to call close.
06-24 12:38:32.343 8796 8796 W System.err: at android.view.View.dispatchPointerEvent(View.java:14569)
06-24 12:38:32.343 8796 8796 W System.err: at android.view.ViewRootImpl$ViewPostImeInputStage.processPointerEvent(ViewRootImpl.ja va:6024)
06-24 12:38:32.343 8796 8796 W System.err: at android.view.ViewRootImpl$ViewPostImeInputStage.onProcess(ViewRootImpl.java:5827)
06-24 12:38:32.343 8796 8796 W System.err: at android.view.ViewRootImpl$InputStage.deliver(ViewRootImpl.java:5318)
06-24 12:38:32.343 8796 8796 W System.err: at android.view.ViewRootImpl$InputStage.onDeliverToNext(ViewRootImpl.java:5375)
06-24 12:38:32.343 8796 8810 W System : A resource failed to call close.
06-24 12:38:32.343 8796 8796 W System.err: at android.view.ViewRootImpl$InputStage.forward(ViewRootImpl.java:5341)
06-24 12:38:32.343 8796 8796 W System.err: at android.view.ViewRootImpl$AsyncInputStage.forward(ViewRootImpl.java:5493)
06-24 12:38:32.343 8796 8796 W System.err: at android.view.ViewRootImpl$InputStage.apply(ViewRootImpl.java:5349)
06-24 12:38:32.343 8796 8796 W System.err: at android.view.ViewRootImpl$AsyncInputStage.apply(ViewRootImpl.java:5550)
06-24 12:38:32.343 8796 8810 W System : A resource failed to call close.
06-24 12:38:32.343 8796 8796 W System.err: at android.view.ViewRootImpl$InputStage.deliver(ViewRootImpl.java:5322)
06-24 12:38:32.343 8796 8796 W System.err: at android.view.ViewRootImpl$InputStage.onDeliverToNext(ViewRootImpl.java:5375)
06-24 12:38:32.343 8796 8796 W System.err: at android.view.ViewRootImpl$InputStage.forward(ViewRootImpl.java:5341)
06-24 12:38:32.343 8796 8796 W System.err: at android.view.ViewRootImpl$InputStage.apply(ViewRootImpl.java:5349)
06-24 12:38:32.343 8796 8796 W System.err: at android.view.ViewRootImpl$InputStage.deliver(ViewRootImpl.java:5322)
06-24 12:38:32.343 8796 8810 W System : A resource failed to call close.
06-24 12:38:32.343 8796 8796 W System.err: at android.view.ViewRootImpl.deliverInputEvent(ViewRootImpl.java:8095)
06-24 12:38:32.343 8796 8796 W System.err: at android.view.ViewRootImpl.doProcessInputEvents(ViewRootImpl.java:8046)
06-24 12:38:32.343 8796 8796 W System.err: at android.view.ViewRootImpl.enqueueInputEvent(ViewRootImpl.java:8006)
06-24 12:38:32.343 8796 8796 W System.err: at android.view.ViewRootImpl$WindowInputEventReceiver.onInputEvent(ViewRootImpl.java:8 218)
06-24 12:38:32.343 8796 8810 W System : A resource failed to call close.
06-24 12:38:32.343 8796 8796 W System.err: at android.view.InputEventReceiver.dispatchInputEvent(InputEventReceiver.java:221)
06-24 12:38:32.344 8796 8796 W System.err: at android.view.InputEventReceiver.nativeConsumeBatchedInputEvents(Native Method)
06-24 12:38:32.344 8796 8796 W System.err: at android.view.InputEventReceiver.consumeBatchedInputEvents(InputEventReceiver.java:2 01)
06-24 12:38:32.344 8796 8796 W System.err: at android.view.ViewRootImpl.doConsumeBatchedInput(ViewRootImpl.java:8175)
06-24 12:38:32.344 8796 8796 W System.err: at android.view.ViewRootImpl$ConsumeBatchedInputRunnable.run(ViewRootImpl.java:8257)
06-24 12:38:32.344 8796 8796 W System.err: at android.view.Choreographer$CallbackRecord.run(Choreographer.java:1056)
06-24 12:38:32.344 8796 8796 W System.err: at android.view.Choreographer.doCallbacks(Choreographer.java:878)
06-24 12:38:32.344 8796 8796 W System.err: at android.view.Choreographer.doFrame(Choreographer.java:804)
06-24 12:38:32.344 8796 8796 W System.err: at android.view.Choreographer$FrameDisplayEventReceiver.run(Choreographer.java:1041)
06-24 12:38:32.344 8796 8796 W System.err: at android.os.Handler.handleCallback(Handler.java:938)
06-24 12:38:32.344 8796 8810 W System : A resource failed to call close.
06-24 12:38:32.344 8796 8796 W System.err: at android.os.Handler.dispatchMessage(Handler.java:99)
06-24 12:38:32.344 8796 8796 W System.err: at android.os.Looper.loop(Looper.java:223)
06-24 12:38:32.344 8796 8796 W System.err: at android.app.ActivityThread.main(ActivityThread.java:7701)
06-24 12:38:32.344 8796 8796 W System.err: at java.lang.reflect.Method.invoke(Native Method)
06-24 12:38:32.344 8796 8796 W System.err: at com.android.internal.os.RuntimeInit$MethodAndArgsCaller.run(RuntimeInit.java:592)
06-24 12:38:32.344 8796 8796 W System.err: at com.android.internal.os.ZygoteInit.main(ZygoteInit.java:952)
06-24 12:38:32.344 8796 8810 W System : A resource failed to call close.
06-24 12:38:32.346 8796 8810 I chatty : uid=10510(com.hurix.ese.cloudreader) FinalizerDaemon identical 8 lines
06-24 12:38:32.346 8796 8810 W System : A resource failed to call close.
06-24 12:38:32.346 8796 8796 E onScroll: onScrol 2
06-24 12:38:32.346 8796 8810 W System : A resource failed to call close.
06-24 12:38:32.347 8796 8810 I chatty : uid=10510(com.hurix.ese.cloudreader) FinalizerDaemon identical 3 lines
06-24 12:38:32.347 8796 8810 W System : A resource failed to call close.
06-24 12:38:32.347 8796 8796 E onScroll: onScrol 3
06-24 12:38:32.347 8796 8810 W System : A resource failed to call close.
06-24 12:38:32.348 8796 8810 I chatty : uid=10510(com.hurix.ese.cloudreader) FinalizerDaemon identical 17 lines
06-24 12:38:32.348 8796 8810 W System : A resource failed to call close.
06-24 12:38:32.348 8796 8810 W System : A resource failed to call close.
06-24 12:38:32.349 8796 8810 I chatty : uid=10510(com.hurix.ese.cloudreader) FinalizerDaemon identical 11 lines
06-24 12:38:32.350 8796 8810 W System : A resource failed to call close.
06-24 12:38:32.358 8796 8796 E CursorWindow: Failed to read row 0, column -1 from a CursorWindow which has 6 rows, 3 columns.
06-24 12:38:32.358 8796 8796 W System.err: java.lang.IllegalStateException: Couldn't read row 0, col -1 from CursorWindow. Make sure the Cursor is initialized correctly before accessing data from it.
06-24 12:38:32.359 8796 8796 W System.err: at android.database.CursorWindow.nativeGetString(Native Method)
06-24 12:38:32.359 8796 8796 W System.err: at android.database.CursorWindow.getString(CursorWindow.java:469)
06-24 12:38:32.359 8796 8796 W System.err: at android.database.AbstractWindowedCursor.getString(AbstractWindowedCursor.java:53)
06-24 12:38:32.359 8796 8796 W System.err: at com.hurix.database.manager.sub.BookShelfDBManager.getAllBooksByCategoryNameANDUserI D(BookShelfDBManager.java:3241)
06-24 12:38:32.359 8796 8796 W System.err: at com.hurix.database.manager.SqlDbManager.getAllBooksByCategoryNameANDUserID(SqlDbMan ager.java:393)
06-24 12:38:32.359 8796 8796 W System.err: at com.hurix.kitaboocloud.bookshelf_5_0.BookShelfTabFragment.fetchBooksByPaginationInO therCategory(BookShelfTabFragment.java:3509)
06-24 12:38:32.359 8796 8796 W System.err: at com.hurix.kitaboocloud.bookshelf_5_0.BookShelfTabFragment.onScroll(BookShelfTabFrag ment.java:3462)
06-24 12:38:32.359 8796 8796 W System.err: at android.widget.AbsListView.invokeOnItemScrollListener(AbsListView.java:1538)
06-24 12:38:32.359 8796 8796 W System.err: at android.widget.AbsListView.trackMotionScroll(AbsListView.java:5396)
06-24 12:38:32.359 8796 8796 W System.err: at android.widget.ListView.trackMotionScroll(ListView.java:1984)
06-24 12:38:32.359 8796 8796 W System.err: at android.widget.AbsListView.scrollIfNeeded(AbsListView.java:3666)
06-24 12:38:32.359 8796 8796 W System.err: at android.widget.AbsListView.onTouchMove(AbsListView.java:4099)
06-24 12:38:32.359 8796 8796 W System.err: at android.widget.AbsListView.onTouchEvent(AbsListView.java:3911)
06-24 12:38:32.359 8796 8796 W System.err: at android.view.View.dispatchTouchEvent(View.java:14310)
06-24 12:38:32.359 8796 8796 W System.err: at android.view.ViewGroup.dispatchTransformedTouchEvent(ViewGroup.java:3112)
06-24 12:38:32.359 8796 8796 W System.err: at android.view.ViewGroup.dispatchTouchEvent(ViewGroup.java:2785)
06-24 12:38:32.359 8796 8796 W System.err: at android.view.ViewGroup.dispatchTransformedTouchEvent(ViewGroup.java:3118)
06-24 12:38:32.359 8796 8796 W System.err: at android.view.ViewGroup.dispatchTouchEvent(ViewGroup.java:2799)
06-24 12:38:32.359 8796 8796 W System.err: at android.view.ViewGroup.dispatchTransformedTouchEvent(ViewGroup.java:3118)
06-24 12:38:32.359 8796 8796 W System.err: at android.view.ViewGroup.dispatchTouchEvent(ViewGroup.java:2799)
06-24 12:38:32.359 8796 8796 W System.err: at android.view.ViewGroup.dispatchTransformedTouchEvent(ViewGroup.java:3118)
06-24 12:38:32.359 8796 8796 W System.err: at android.view.ViewGroup.dispatchTouchEvent(ViewGroup.java:2799)
06-24 12:38:32.359 8796 8796 W System.err: at android.view.ViewGroup.dispatchTransformedTouchEvent(ViewGroup.java:3118)
06-24 12:38:32.359 8796 8796 W System.err: at android.view.ViewGroup.dispatchTouchEvent(ViewGroup.java:2799)
06-24 12:38:32.359 8796 8796 W System.err: at android.view.ViewGroup.dispatchTransformedTouchEvent(ViewGroup.java:3118)
06-24 12:38:32.359 8796 8796 W System.err: at android.view.ViewGroup.dispatchTouchEvent(ViewGroup.java:2799)
06-24 12:38:32.359 8796 8796 W System.err: at android.view.ViewGroup.dispatchTransformedTouchEvent(ViewGroup.java:3118)
06-24 12:38:32.359 8796 8796 W System.err: at android.view.ViewGroup.dispatchTouchEvent(ViewGroup.java:2799)
06-24 12:38:32.359 8796 8796 W System.err: at android.view.ViewGroup.dispatchTransformedTouchEvent(ViewGroup.java:3118)
06-24 12:38:32.359 8796 8796 W System.err: at android.view.ViewGroup.dispatchTouchEvent(ViewGroup.java:2799)
06-24 12:38:32.359 8796 8796 W System.err: at android.view.ViewGroup.dispatchTransformedTouchEvent(ViewGroup.java:3118)
06-24 12:38:32.359 8796 8796 W System.err: at android.view.ViewGroup.dispatchTouchEvent(ViewGroup.java:2799)
06-24 12:38:32.359 8796 8796 W System.err: at android.view.ViewGroup.dispatchTransformedTouchEvent(ViewGroup.java:3118)
06-24 12:38:32.359 8796 8796 W System.err: at android.view.ViewGroup.dispatchTouchEvent(ViewGroup.java:2799)
06-24 12:38:32.359 8796 8796 W System.err: at android.view.ViewGroup.dispatchTransformedTouchEvent(ViewGroup.java:3118)
06-24 12:38:32.359 8796 8796 W System.err: at android.view.ViewGroup.dispatchTouchEvent(ViewGroup.java:2799)
06-24 12:38:32.359 8796 8796 W System.err: at android.view.ViewGroup.dispatchTransformedTouchEvent(ViewGroup.java:3118)
06-24 12:38:32.359 8796 8796 W System.err: at android.view.ViewGroup.dispatchTouchEvent(ViewGroup.java:2799)
06-24 12:38:32.359 8796 8796 W System.err: at android.view.ViewGroup.dispatchTransformedTouchEvent(ViewGroup.java:3118)
06-24 12:38:32.359 8796 8796 W System.err: at android.view.ViewGroup.dispatchTouchEvent(ViewGroup.java:2799)
06-24 12:38:32.359 8796 8796 W System.err: at android.view.ViewGroup.dispatchTransformedTouchEvent(ViewGroup.java:3118)
06-24 12:38:32.359 8796 8796 W System.err: at android.view.ViewGroup.dispatchTouchEvent(ViewGroup.java:2799)
06-24 12:38:32.359 8796 8796 W System.err: at android.view.ViewGroup.dispatchTransformedTouchEvent(ViewGroup.java:3118)
06-24 12:38:32.359 8796 8796 W System.err: at android.view.ViewGroup.dispatchTouchEvent(ViewGroup.java:2799)
06-24 12:38:32.359 8796 8796 W System.err: at android.view.ViewGroup.dispatchTransformedTouchEvent(ViewGroup.java:3118)
06-24 12:38:32.359 8796 8796 W System.err: at android.view.ViewGroup.dispatchTouchEvent(ViewGroup.java:2799)
06-24 12:38:32.359 8796 8796 W System.err: at com.android.internal.policy.DecorView.superDispatchTouchEvent(DecorView.java:488)
06-24 12:38:32.359 8796 8796 W System.err: at com.android.internal.policy.PhoneWindow.superDispatchTouchEvent(PhoneWindow.java:18 73)
06-24 12:38:32.359 8796 8796 W System.err: at android.app.Activity.dispatchTouchEvent(Activity.java:4125)
06-24 12:38:32.359 8796 8796 W System.err: at androidx.appcompat.view.WindowCallbackWrapper.dispatchTouchEvent(WindowCallbackWrap per.java:69)
06-24 12:38:32.360 8796 8796 W System.err: at com.android.internal.policy.DecorView.dispatchTouchEvent(DecorView.java:446)
06-24 12:38:32.360 8796 8796 W System.err: at android.view.View.dispatchPointerEvent(View.java:14569)
06-24 12:38:32.360 8796 8796 W System.err: at android.view.ViewRootImpl$ViewPostImeInputStage.processPointerEvent(ViewRootImpl.ja va:6024)
06-24 12:38:32.360 8796 8796 W System.err: at android.view.ViewRootImpl$ViewPostImeInputStage.onProcess(ViewRootImpl.java:5827)
06-24 12:38:32.360 8796 8796 W System.err: at android.view.ViewRootImpl$InputStage.deliver(ViewRootImpl.java:5318)
06-24 12:38:32.360 8796 8796 W System.err: at android.view.ViewRootImpl$InputStage.onDeliverToNext(ViewRootImpl.java:5375)
06-24 12:38:32.360 8796 8796 W System.err: at android.view.ViewRootImpl$InputStage.forward(ViewRootImpl.java:5341)
06-24 12:38:32.360 8796 8796 W System.err: at android.view.ViewRootImpl$AsyncInputStage.forward(ViewRootImpl.java:5493)
06-24 12:38:32.360 8796 8796 W System.err: at android.view.ViewRootImpl$InputStage.apply(ViewRootImpl.java:5349)
06-24 12:38:32.360 8796 8796 W System.err: at android.view.ViewRootImpl$AsyncInputStage.apply(ViewRootImpl.java:5550)
06-24 12:38:32.360 8796 8796 W System.err: at android.view.ViewRootImpl$InputStage.deliver(ViewRootImpl.java:5322)
06-24 12:38:32.360 8796 8796 W System.err: at android.view.ViewRootImpl$InputStage.onDeliverToNext(ViewRootImpl.java:5375)
06-24 12:38:32.360 8796 8796 W System.err: at android.view.ViewRootImpl$InputStage.forward(ViewRootImpl.java:5341)
06-24 12:38:32.360 8796 8796 W System.err: at android.view.ViewRootImpl$InputStage.apply(ViewRootImpl.java:5349)
06-24 12:38:32.360 8796 8796 W System.err: at android.view.ViewRootImpl$InputStage.deliver(ViewRootImpl.java:5322)
06-24 12:38:32.360 8796 8796 W System.err: at android.view.ViewRootImpl.deliverInputEvent(ViewRootImpl.java:8095)
06-24 12:38:32.360 8796 8796 W System.err: at android.view.ViewRootImpl.doProcessInputEvents(ViewRootImpl.java:8046)
06-24 12:38:32.360 8796 8796 W System.err: at android.view.ViewRootImpl.enqueueInputEvent(ViewRootImpl.java:8006)
06-24 12:38:32.360 8796 8796 W System.err: at android.view.ViewRootImpl$WindowInputEventReceiver.onInputEvent(ViewRootImpl.java:8 218)
06-24 12:38:32.360 8796 8796 W System.err: at android.view.InputEventReceiver.dispatchInputEvent(InputEventReceiver.java:221)
06-24 12:38:32.360 8796 8796 W System.err: at android.view.InputEventReceiver.nativeConsumeBatchedInputEvents(Native Method)
06-24 12:38:32.360 8796 8796 W System.err: at android.view.InputEventReceiver.consumeBatchedInputEvents(InputEventReceiver.java:2 01)
06-24 12:38:32.360 8796 8796 W System.err: at android.view.ViewRootImpl.doConsumeBatchedInput(ViewRootImpl.java:8175)
06-24 12:38:32.360 8796 8796 W System.err: at android.view.ViewRootImpl$ConsumeBatchedInputRunnable.run(ViewRootImpl.java:8257)
06-24 12:38:32.360 8796 8796 W System.err: at android.view.Choreographer$CallbackRecord.run(Choreographer.java:1056)
06-24 12:38:32.360 8796 8796 W System.err: at android.view.Choreographer.doCallbacks(Choreographer.java:878)
06-24 12:38:32.360 8796 8796 W System.err: at android.view.Choreographer.doFrame(Choreographer.java:804)
06-24 12:38:32.360 8796 8796 W System.err: at android.view.Choreographer$FrameDisplayEventReceiver.run(Choreographer.java:1041)
06-24 12:38:32.360 8796 8796 W System.err: at android.os.Handler.handleCallback(Handler.java:938)
06-24 12:38:32.360 8796 8796 W System.err: at android.os.Handler.dispatchMessage(Handler.java:99)
06-24 12:38:32.360 8796 8796 W System.err: at android.os.Looper.loop(Looper.java:223)
06-24 12:38:32.360 8796 8796 W System.err: at android.app.ActivityThread.main(ActivityThread.java:7701)
06-24 12:38:32.360 8796 8796 W System.err: at java.lang.reflect.Method.invoke(Native Method)
06-24 12:38:32.360 8796 8796 W System.err: at com.android.internal.os.RuntimeInit$MethodAndArgsCaller.run(RuntimeInit.java:592)
06-24 12:38:32.360 8796 8796 W System.err: at com.android.internal.os.ZygoteInit.main(ZygoteInit.java:952)
06-24 12:38:32.460 8796 8796 E onScroll: onScroll 1
06-24 12:38:32.460 8796 8796 E grids : firstVisibleItem2
06-24 12:38:32.460 8796 8796 E grids : visibleItemCount4
06-24 12:38:32.460 8796 8796 E grids : totalItemCount6
06-24 12:38:32.460 8796 8796 E grids : l6
06-24 12:38:32.464 8796 8796 E CursorWindow: Failed to read row 0, column -1 from a CursorWindow which has 6 rows, 3 columns.
06-24 12:38:32.464 8796 8796 W System.err: java.lang.IllegalStateException: Couldn't read row 0, col -1 from CursorWindow. Make sure the Cursor is initialized correctly before accessing data from it.
06-24 12:38:32.464 8796 8796 W System.err: at android.database.CursorWindow.nativeGetString(Native Method)
06-24 12:38:32.464 8796 8796 W System.err: at android.database.CursorWindow.getString(CursorWindow.java:469)
06-24 12:38:32.464 8796 8796 W System.err: at android.database.AbstractWindowedCursor.getString(AbstractWindowedCursor.java:53)
06-24 12:38:32.464 8796 8796 W System.err: at com.hurix.database.manager.sub.BookShelfDBManager.getAllBooksByCategoryNameANDUserI D(BookShelfDBManager.java:3241)
06-24 12:38:32.464 8796 8796 W System.err: at com.hurix.database.manager.SqlDbManager.getAllBooksByCategoryNameANDUserID(SqlDbMan ager.java:393)
06-24 12:38:32.464 8796 8796 W System.err: at com.hurix.kitaboocloud.bookshelf_5_0.BookShelfTabFragment.onScroll(BookShelfTabFrag ment.java:3439)
06-24 12:38:32.464 8796 8796 W System.err: at android.widget.AbsListView.invokeOnItemScrollListener(AbsListView.java:1538)
06-24 12:38:32.464 8796 8796 W System.err: at android.widget.AbsListView.trackMotionScroll(AbsListView.java:5396)
06-24 12:38:32.464 8796 8796 W System.err: at android.widget.ListView.trackMotionScroll(ListView.java:1984)
06-24 12:38:32.464 8796 8796 W System.err: at android.widget.AbsListView.scrollIfNeeded(AbsListView.java:3666)
06-24 12:38:32.464 8796 8796 W System.err: at android.widget.AbsListView.onTouchMove(AbsListView.java:4099)
06-24 12:38:32.464 8796 8796 W System.err: at android.widget.AbsListView.onTouchEvent(AbsListView.java:3911)
06-24 12:38:32.464 8796 8796 W System.err: at android.view.View.dispatchTouchEvent(View.java:14310)
06-24 12:38:32.464 8796 8796 W System.err: at android.view.ViewGroup.dispatchTransformedTouchEvent(ViewGroup.java:3112)
06-24 12:38:32.464 8796 8796 W System.err: at android.view.ViewGroup.dispatchTouchEvent(ViewGroup.java:2785)
06-24 12:38:32.464 8796 8796 W System.err: at android.view.ViewGroup.dispatchTransformedTouchEvent(ViewGroup.java:3118)
06-24 12:38:32.464 8796 8796 W System.err: at android.view.ViewGroup.dispatchTouchEvent(ViewGroup.java:2799)
06-24 12:38:32.464 8796 8796 W System.err: at android.view.ViewGroup.dispatchTransformedTouchEvent(ViewGroup.java:3118)
06-24 12:38:32.464 8796 8796 W System.err: at android.view.ViewGroup.dispatchTouchEvent(ViewGroup.java:2799)
06-24 12:38:32.464 8796 8796 W System.err: at android.view.ViewGroup.dispatchTransformedTouchEvent(ViewGroup.java:3118)
06-24 12:38:32.464 8796 8796 W System.err: at android.view.ViewGroup.dispatchTouchEvent(ViewGroup.java:2799)
06-24 12:38:32.464 8796 8796 W System.err: at android.view.ViewGroup.dispatchTransformedTouchEvent(ViewGroup.java:3118)
06-24 12:38:32.465 8796 8796 W System.err: at android.view.ViewGroup.dispatchTouchEvent(ViewGroup.java:2799)
06-24 12:38:32.465 8796 8796 W System.err: at android.view.ViewGroup.dispatchTransformedTouchEvent(ViewGroup.java:3118)
06-24 12:38:32.465 8796 8796 W System.err: at android.view.ViewGroup.dispatchTouchEvent(ViewGroup.java:2799)
06-24 12:38:32.465 8796 8796 W System.err: at android.view.ViewGroup.dispatchTransformedTouchEvent(ViewGroup.java:3118)
06-24 12:38:32.465 8796 8796 W System.err: at android.view.ViewGroup.dispatchTouchEvent(ViewGroup.java:2799)
06-24 12:38:32.465 8796 8796 W System.err: at android.view.ViewGroup.dispatchTransformedTouchEvent(ViewGroup.java:3118)
06-24 12:38:32.465 8796 8796 W System.err: at android.view.ViewGroup.dispatchTouchEvent(ViewGroup.java:2799)
06-24 12:38:32.465 8796 8796 W System.err: at android.view.ViewGroup.dispatchTransformedTouchEvent(ViewGroup.java:3118)
06-24 12:38:32.465 8796 8796 W System.err: at android.view.ViewGroup.dispatchTouchEvent(ViewGroup.java:2799)
06-24 12:38:32.465 8796 8796 W System.err: at android.view.ViewGroup.dispatchTransformedTouchEvent(ViewGroup.java:3118)
06-24 12:38:32.465 8796 8796 W System.err: at android.view.ViewGroup.dispatchTouchEvent(ViewGroup.java:2799)
06-24 12:38:32.465 8796 8796 W System.err: at android.view.ViewGroup.dispatchTransformedTouchEvent(ViewGroup.java:3118)
06-24 12:38:32.465 8796 8796 W System.err: at android.view.ViewGroup.dispatchTouchEvent(ViewGroup.java:2799)
06-24 12:38:32.465 8796 8796 W System.err: at android.view.ViewGroup.dispatchTransformedTouchEvent(ViewGroup.java:3118)
06-24 12:38:32.465 8796 8796 W System.err: at android.view.ViewGroup.dispatchTouchEvent(ViewGroup.java:2799)
06-24 12:38:32.465 8796 8796 W System.err: at android.view.ViewGroup.dispatchTransformedTouchEvent(ViewGroup.java:3118)
06-24 12:38:32.465 8796 8796 W System.err: at android.view.ViewGroup.dispatchTouchEvent(ViewGroup.java:2799)
06-24 12:38:32.465 8796 8796 W System.err: at android.view.ViewGroup.dispatchTransformedTouchEvent(ViewGroup.java:3118)
06-24 12:38:32.465 8796 8796 W System.err: at android.view.ViewGroup.dispatchTouchEvent(ViewGroup.java:2799)
06-24 12:38:32.465 8796 8796 W System.err: at android.view.ViewGroup.dispatchTransformedTouchEvent(ViewGroup.java:3118)
06-24 12:38:32.465 8796 8796 W System.err: at android.view.ViewGroup.dispatchTouchEvent(ViewGroup.java:2799)
06-24 12:38:32.465 8796 8796 W System.err: at android.view.ViewGroup.dispatchTransformedTouchEvent(ViewGroup.java:3118)
06-24 12:38:32.465 8796 8796 W System.err: at android.view.ViewGroup.dispatchTouchEvent(ViewGroup.java:2799)
06-24 12:38:32.465 8796 8796 W System.err: at com.android.internal.policy.DecorView.superDispatchTouchEvent(DecorView.java:488)
06-24 12:38:32.465 8796 8796 W System.err: at com.android.internal.policy.PhoneWindow.superDispatchTouchEvent(PhoneWindow.java:18 73)
06-24 12:38:32.465 8796 8796 W System.err: at android.app.Activity.dispatchTouchEvent(Activity.java:4125)
06-24 12:38:32.465 8796 8796 W System.err: at androidx.appcompat.view.WindowCallbackWrapper.dispatchTouchEvent(WindowCallbackWrap per.java:69)
06-24 12:38:32.465 8796 8796 W System.err: at com.android.internal.policy.DecorView.dispatchTouchEvent(DecorView.java:446)
06-24 12:38:32.465 8796 8796 W System.err: at android.view.View.dispatchPointerEvent(View.java:14569)
06-24 12:38:32.465 8796 8796 W System.err: at android.view.ViewRootImpl$ViewPostImeInputStage.processPointerEvent(ViewRootImpl.ja va:6024)
06-24 12:38:32.465 8796 8796 W System.err: at android.view.ViewRootImpl$ViewPostImeInputStage.onProcess(ViewRootImpl.java:5827)
06-24 12:38:32.465 8796 8796 W System.err: at android.view.ViewRootImpl$InputStage.deliver(ViewRootImpl.java:5318)
06-24 12:38:32.465 8796 8796 W System.err: at android.view.ViewRootImpl$InputStage.onDeliverToNext(ViewRootImpl.java:5375)
06-24 12:38:32.465 8796 8796 W System.err: at android.view.ViewRootImpl$InputStage.forward(ViewRootImpl.java:5341)
06-24 12:38:32.465 8796 8796 W System.err: at android.view.ViewRootImpl$AsyncInputStage.forward(ViewRootImpl.java:5493)
06-24 12:38:32.465 8796 8796 W System.err: at android.view.ViewRootImpl$InputStage.apply(ViewRootImpl.java:5349)
06-24 12:38:32.465 8796 8796 W System.err: at android.view.ViewRootImpl$AsyncInputStage.apply(ViewRootImpl.java:5550)
06-24 12:38:32.465 8796 8796 W System.err: at android.view.ViewRootImpl$InputStage.deliver(ViewRootImpl.java:5322)
06-24 12:38:32.465 8796 8796 W System.err: at android.view.ViewRootImpl$InputStage.onDeliverToNext(ViewRootImpl.java:5375)
06-24 12:38:32.465 8796 8796 W System.err: at android.view.ViewRootImpl$InputStage.forward(ViewRootImpl.java:5341)
06-24 12:38:32.465 8796 8796 W System.err: at android.view.ViewRootImpl$InputStage.apply(ViewRootImpl.java:5349)
06-24 12:38:32.465 8796 8796 W System.err: at android.view.ViewRootImpl$InputStage.deliver(ViewRootImpl.java:5322)
06-24 12:38:32.465 8796 8796 W System.err: at android.view.ViewRootImpl.deliverInputEvent(ViewRootImpl.java:8095)
06-24 12:38:32.465 8796 8796 W System.err: at android.view.ViewRootImpl.doProcessInputEvents(ViewRootImpl.java:8046)
06-24 12:38:32.465 8796 8796 W System.err: at android.view.ViewRootImpl.enqueueInputEvent(ViewRootImpl.java:8006)
06-24 12:38:32.465 8796 8796 W System.err: at android.view.ViewRootImpl$WindowInputEventReceiver.onInputEvent(ViewRootImpl.java:8 218)
06-24 12:38:32.465 8796 8796 W System.err: at android.view.InputEventReceiver.dispatchInputEvent(InputEventReceiver.java:221)
06-24 12:38:32.465 8796 8796 W System.err: at android.view.InputEventReceiver.nativeConsumeBatchedInputEvents(Native Method)
06-24 12:38:32.465 8796 8796 W System.err: at android.view.InputEventReceiver.consumeBatchedInputEvents(InputEventReceiver.java:2 01)
06-24 12:38:32.465 8796 8796 W System.err: at android.view.ViewRootImpl.doConsumeBatchedInput(ViewRootImpl.java:8175)
06-24 12:38:32.465 8796 8796 W System.err: at android.view.ViewRootImpl$ConsumeBatchedInputRunnable.run(ViewRootImpl.java:8257)
06-24 12:38:32.465 8796 8796 W System.err: at android.view.Choreographer$CallbackRecord.run(Choreographer.java:1056)
06-24 12:38:32.465 8796 8796 W System.err: at android.view.Choreographer.doCallbacks(Choreographer.java:878)
06-24 12:38:32.465 8796 8796 W System.err: at android.view.Choreographer.doFrame(Choreographer.java:804)
06-24 12:38:32.465 8796 8796 W System.err: at android.view.Choreographer$FrameDisplayEventReceiver.run(Choreographer.java:1041)
06-24 12:38:32.465 8796 8796 W System.err: at android.os.Handler.handleCallback(Handler.java:938)
06-24 12:38:32.465 8796 8796 W System.err: at android.os.Handler.dispatchMessage(Handler.java:99)
06-24 12:38:32.465 8796 8796 W System.err: at android.os.Looper.loop(Looper.java:223)
06-24 12:38:32.465 8796 8796 W System.err: at android.app.ActivityThread.main(ActivityThread.java:7701)
06-24 12:38:32.465 8796 8796 W System.err: at java.lang.reflect.Method.invoke(Native Method)
06-24 12:38:32.465 8796 8796 W System.err: at com.android.internal.os.RuntimeInit$MethodAndArgsCaller.run(RuntimeInit.java:592)
06-24 12:38:32.465 8796 8796 W System.err: at com.android.internal.os.ZygoteInit.main(ZygoteInit.java:952)
06-24 12:38:32.467 8796 8796 E onScroll: onScrol 2
06-24 12:38:32.468 8796 8796 E onScroll: onScrol 3
06-24 12:38:32.480 8796 8796 E CursorWindow: Failed to read row 0, column -1 from a CursorWindow which has 6 rows, 3 columns.
06-24 12:38:32.480 8796 8796 W System.err: java.lang.IllegalStateException: Couldn't read row 0, col -1 from CursorWindow. Make sure the Cursor is initialized correctly before accessing data from it.
06-24 12:38:32.480 8796 8796 W System.err: at android.database.CursorWindow.nativeGetString(Native Method)
06-24 12:38:32.480 8796 8796 W System.err: at android.database.CursorWindow.getString(CursorWindow.java:469)
06-24 12:38:32.480 8796 8796 W System.err: at android.database.AbstractWindowedCursor.getString(AbstractWindowedCursor.java:53)
06-24 12:38:32.480 8796 8796 W System.err: at com.hurix.database.manager.sub.BookShelfDBManager.getAllBooksByCategoryNameANDUserI D(BookShelfDBManager.java:3241)
06-24 12:38:32.480 8796 8796 W System.err: at com.hurix.database.manager.SqlDbManager.getAllBooksByCategoryNameANDUserID(SqlDbMan ager.java:393)
06-24 12:38:32.480 8796 8796 W System.err: at com.hurix.kitaboocloud.bookshelf_5_0.BookShelfTabFragment.fetchBooksByPaginationInO therCategory(BookShelfTabFragment.java:3509)
06-24 12:38:32.480 8796 8796 W System.err: at com.hurix.kitaboocloud.bookshelf_5_0.BookShelfTabFragment.onScroll(BookShelfTabFrag ment.java:3462)
06-24 12:38:32.480 8796 8796 W System.err: at android.widget.AbsListView.invokeOnItemScrollListener(AbsListView.java:1538)
06-24 12:38:32.480 8796 8796 W System.err: at android.widget.AbsListView.trackMotionScroll(AbsListView.java:5396)
06-24 12:38:32.480 8796 8796 W System.err: at android.widget.ListView.trackMotionScroll(ListView.java:1984)
06-24 12:38:32.480 8796 8796 W System.err: at android.widget.AbsListView.scrollIfNeeded(AbsListView.java:3666)
06-24 12:38:32.480 8796 8796 W System.err: at android.widget.AbsListView.onTouchMove(AbsListView.java:4099)
06-24 12:38:32.481 8796 8796 W System.err: at android.widget.AbsListView.onTouchEvent(AbsListView.java:3911)
06-24 12:38:32.481 8796 8796 W System.err: at android.view.View.dispatchTouchEvent(View.java:14310)
06-24 12:38:32.481 8796 8796 W System.err: at android.view.ViewGroup.dispatchTransformedTouchEvent(ViewGroup.java:3112)
06-24 12:38:32.481 8796 8796 W System.err: at android.view.ViewGroup.dispatchTouchEvent(ViewGroup.java:2785)
06-24 12:38:32.481 8796 8796 W System.err: at android.view.ViewGroup.dispatchTransformedTouchEvent(ViewGroup.java:3118)
06-24 12:38:32.481 8796 8796 W System.err: at android.view.ViewGroup.dispatchTouchEvent(ViewGroup.java:2799)
06-24 12:38:32.481 8796 8796 W System.err: at android.view.ViewGroup.dispatchTransformedTouchEvent(ViewGroup.java:3118)
06-24 12:38:32.481 8796 8796 W System.err: at android.view.ViewGroup.dispatchTouchEvent(ViewGroup.java:2799)
06-24 12:38:32.481 8796 8796 W System.err: at android.view.ViewGroup.dispatchTransformedTouchEvent(ViewGroup.java:3118)
06-24 12:38:32.481 8796 8796 W System.err: at android.view.ViewGroup.dispatchTouchEvent(ViewGroup.java:2799)
06-24 12:38:32.481 8796 8796 W System.err: at android.view.ViewGroup.dispatchTransformedTouchEvent(ViewGroup.java:3118)
06-24 12:38:32.481 8796 8796 W System.err: at android.view.ViewGroup.dispatchTouchEvent(ViewGroup.java:2799)
06-24 12:38:32.481 8796 8796 W System.err: at android.view.ViewGroup.dispatchTransformedTouchEvent(ViewGroup.java:3118)
06-24 12:38:32.481 8796 8796 W System.err: at android.view.ViewGroup.dispatchTouchEvent(ViewGroup.java:2799)
06-24 12:38:32.481 8796 8796 W System.err: at android.view.ViewGroup.dispatchTransformedTouchEvent(ViewGroup.java:3118)
06-24 12:38:32.481 8796 8796 W System.err: at android.view.ViewGroup.dispatchTouchEvent(ViewGroup.java:2799)
06-24 12:38:32.481 8796 8796 W System.err: at android.view.ViewGroup.dispatchTransformedTouchEvent(ViewGroup.java:3118)
06-24 12:38:32.481 8796 8796 W System.err: at android.view.ViewGroup.dispatchTouchEvent(ViewGroup.java:2799)
06-24 12:38:32.481 8796 8796 W System.err: at android.view.ViewGroup.dispatchTransformedTouchEvent(ViewGroup.java:3118)
06-24 12:38:32.481 8796 8796 W System.err: at android.view.ViewGroup.dispatchTouchEvent(ViewGroup.java:2799)
06-24 12:38:32.481 8796 8796 W System.err: at android.view.ViewGroup.dispatchTransformedTouchEvent(ViewGroup.java:3118)
06-24 12:38:32.481 8796 8796 W System.err: at android.view.ViewGroup.dispatchTouchEvent(ViewGroup.java:2799)
06-24 12:38:32.481 8796 8796 W System.err: at android.view.ViewGroup.dispatchTransformedTouchEvent(ViewGroup.java:3118)
06-24 12:38:32.481 8796 8796 W System.err: at android.view.ViewGroup.dispatchTouchEvent(ViewGroup.java:2799)
06-24 12:38:32.481 8796 8796 W System.err: at android.view.ViewGroup.dispatchTransformedTouchEvent(ViewGroup.java:3118)
06-24 12:38:32.481 8796 8796 W System.err: at android.view.ViewGroup.dispatchTouchEvent(ViewGroup.java:2799)
06-24 12:38:32.481 8796 8796 W System.err: at android.view.ViewGroup.dispatchTransformedTouchEvent(ViewGroup.java:3118)
06-24 12:38:32.481 8796 8796 W System.err: at android.view.ViewGroup.dispatchTouchEvent(ViewGroup.java:2799)
06-24 12:38:32.481 8796 8796 W System.err: at android.view.ViewGroup.dispatchTransformedTouchEvent(ViewGroup.java:3118)
06-24 12:38:32.481 8796 8796 W System.err: at android.view.ViewGroup.dispatchTouchEvent(ViewGroup.java:2799)
06-24 12:38:32.481 8796 8796 W System.err: at android.view.ViewGroup.dispatchTransformedTouchEvent(ViewGroup.java:3118)
06-24 12:38:32.481 8796 8796 W System.err: at android.view.ViewGroup.dispatchTouchEvent(ViewGroup.java:2799)
06-24 12:38:32.481 8796 8796 W System.err: at android.view.ViewGroup.dispatchTransformedTouchEvent(ViewGroup.java:3118)
06-24 12:38:32.481 8796 8796 W System.err: at android.view.ViewGroup.dispatchTouchEvent(ViewGroup.java:2799)
06-24 12:38:32.481 8796 8796 W System.err: at com.android.internal.policy.DecorView.superDispatchTouchEvent(DecorView.java:488)
06-24 12:38:32.481 8796 8796 W System.err: at com.android.internal.policy.PhoneWindow.superDispatchTouchEvent(PhoneWindow.java:18 73)
06-24 12:38:32.481 8796 8796 W System.err: at android.app.Activity.dispatchTouchEvent(Activity.java:4125)
06-24 12:38:32.481 8796 8796 W System.err: at androidx.appcompat.view.WindowCallbackWrapper.dispatchTouchEvent(WindowCallbackWrap per.java:69)
06-24 12:38:32.481 8796 8796 W System.err: at com.android.internal.policy.DecorView.dispatchTouchEvent(DecorView.java:446)
06-24 12:38:32.481 8796 8796 W System.err: at android.view.View.dispatchPointerEvent(View.java:14569)
06-24 12:38:32.481 8796 8796 W System.err: at android.view.ViewRootImpl$ViewPostImeInputStage.processPointerEvent(ViewRootImpl.ja va:6024)
06-24 12:38:32.481 8796 8796 W System.err: at android.view.ViewRootImpl$ViewPostImeInputStage.onProcess(ViewRootImpl.java:5827)
06-24 12:38:32.481 8796 8796 W System.err: at android.view.ViewRootImpl$InputStage.deliver(ViewRootImpl.java:5318)
06-24 12:38:32.481 8796 8796 W System.err: at android.view.ViewRootImpl$InputStage.onDeliverToNext(ViewRootImpl.java:5375)
06-24 12:38:32.481 8796 8796 W System.err: at android.view.ViewRootImpl$InputStage.forward(ViewRootImpl.java:5341)
06-24 12:38:32.481 8796 8796 W System.err: at android.view.ViewRootImpl$AsyncInputStage.forward(ViewRootImpl.java:5493)
06-24 12:38:32.481 8796 8796 W System.err: at android.view.ViewRootImpl$InputStage.apply(ViewRootImpl.java:5349)
06-24 12:38:32.481 8796 8796 W System.err: at android.view.ViewRootImpl$AsyncInputStage.apply(ViewRootImpl.java:5550)
06-24 12:38:32.481 8796 8796 W System.err: at android.view.ViewRootImpl$InputStage.deliver(ViewRootImpl.java:5322)
06-24 12:38:32.481 8796 8796 W System.err: at android.view.ViewRootImpl$InputStage.onDeliverToNext(ViewRootImpl.java:5375)
06-24 12:38:32.481 8796 8796 W System.err: at android.view.ViewRootImpl$InputStage.forward(ViewRootImpl.java:5341)
06-24 12:38:32.481 8796 8796 W System.err: at android.view.ViewRootImpl$InputStage.apply(ViewRootImpl.java:5349)
06-24 12:38:32.481 8796 8796 W System.err: at android.view.ViewRootImpl$InputStage.deliver(ViewRootImpl.java:5322)
06-24 12:38:32.481 8796 8796 W System.err: at android.view.ViewRootImpl.deliverInputEvent(ViewRootImpl.java:8095)
06-24 12:38:32.481 8796 8796 W System.err: at android.view.ViewRootImpl.doProcessInputEvents(ViewRootImpl.java:8046)
06-24 12:38:32.481 8796 8796 W System.err: at android.view.ViewRootImpl.enqueueInputEvent(ViewRootImpl.java:8006)
06-24 12:38:32.481 8796 8796 W System.err: at android.view.ViewRootImpl$WindowInputEventReceiver.onInputEvent(ViewRootImpl.java:8 218)
06-24 12:38:32.481 8796 8796 W System.err: at android.view.InputEventReceiver.dispatchInputEvent(InputEventReceiver.java:221)
06-24 12:38:32.481 8796 8796 W System.err: at android.view.InputEventReceiver.nativeConsumeBatchedInputEvents(Native Method)
06-24 12:38:32.481 8796 8796 W System.err: at android.view.InputEventReceiver.consumeBatchedInputEvents(InputEventReceiver.java:2 01)
06-24 12:38:32.482 8796 8796 W System.err: at android.view.ViewRootImpl.doConsumeBatchedInput(ViewRootImpl.java:8175)
06-24 12:38:32.482 8796 8796 W System.err: at android.view.ViewRootImpl$ConsumeBatchedInputRunnable.run(ViewRootImpl.java:8257)
06-24 12:38:32.482 8796 8796 W System.err: at android.view.Choreographer$CallbackRecord.run(Choreographer.java:1056)
06-24 12:38:32.482 8796 8796 W System.err: at android.view.Choreographer.doCallbacks(Choreographer.java:878)
06-24 12:38:32.482 8796 8796 W System.err: at android.view.Choreographer.doFrame(Choreographer.java:804)
06-24 12:38:32.482 8796 8796 W System.err: at android.view.Choreographer$FrameDisplayEventReceiver.run(Choreographer.java:1041)
06-24 12:38:32.482 8796 8796 W System.err: at android.os.Handler.handleCallback(Handler.java:938)
06-24 12:38:32.482 8796 8796 W System.err: at android.os.Handler.dispatchMessage(Handler.java:99)
06-24 12:38:32.482 8796 8796 W System.err: at android.os.Looper.loop(Looper.java:223)
06-24 12:38:32.482 8796 8796 W System.err: at android.app.ActivityThread.main(ActivityThread.java:7701)
06-24 12:38:32.482 8796 8796 W System.err: at java.lang.reflect.Method.invoke(Native Method)
06-24 12:38:32.482 8796 8796 W System.err: at com.android.internal.os.RuntimeInit$MethodAndArgsCaller.run(RuntimeInit.java:592)
06-24 12:38:32.482 8796 8796 W System.err: at com.android.internal.os.ZygoteInit.main(ZygoteInit.java:952)
06-24 12:38:32.501 8796 8796 E onScroll: onScroll 1
06-24 12:38:32.501 8796 8796 E grids : firstVisibleItem2
06-24 12:38:32.501 8796 8796 E grids : visibleItemCount4
06-24 12:38:32.501 8796 8796 E grids : totalItemCount6
06-24 12:38:32.501 8796 8796 E grids : l6
06-24 12:38:32.505 8796 8796 E CursorWindow: Failed to read row 0, column -1 from a CursorWindow which has 6 rows, 3 columns.
06-24 12:38:32.505 8796 8796 W System.err: java.lang.IllegalStateException: Couldn't read row 0, col -1 from CursorWindow. Make sure the Cursor is initialized correctly before accessing data from it.
06-24 12:38:32.505 8796 8796 W System.err: at android.database.CursorWindow.nativeGetString(Native Method)
06-24 12:38:32.505 8796 8796 W System.err: at android.database.CursorWindow.getString(CursorWindow.java:469)
06-24 12:38:32.505 8796 8796 W System.err: at android.database.AbstractWindowedCursor.getString(AbstractWindowedCursor.java:53)
06-24 12:38:32.505 8796 8796 W System.err: at com.hurix.database.manager.sub.BookShelfDBManager.getAllBooksByCategoryNameANDUserI D(BookShelfDBManager.java:3241)
06-24 12:38:32.505 8796 8796 W System.err: at com.hurix.database.manager.SqlDbManager.getAllBooksByCategoryNameANDUserID(SqlDbMan ager.java:393)
06-24 12:38:32.505 8796 8796 W System.err: at com.hurix.kitaboocloud.bookshelf_5_0.BookShelfTabFragment.onScroll(BookShelfTabFrag ment.java:3439)
06-24 12:38:32.505 8796 8796 W System.err: at android.widget.AbsListView.invokeOnItemScrollListener(AbsListView.java:1538)
06-24 12:38:32.506 8796 8796 W System.err: at android.widget.AbsListView.trackMotionScroll(AbsListView.java:5396)
06-24 12:38:32.506 8796 8796 W System.err: at android.widget.ListView.trackMotionScroll(ListView.java:1984)
06-24 12:38:32.506 8796 8796 W System.err: at android.widget.AbsListView.scrollIfNeeded(AbsListView.java:3666)
06-24 12:38:32.506 8796 8796 W System.err: at android.widget.AbsListView.onTouchMove(AbsListView.java:4099)
06-24 12:38:32.506 8796 8796 W System.err: at android.widget.AbsListView.onTouchEvent(AbsListView.java:3911)
06-24 12:38:32.506 8796 8796 W System.err: at android.view.View.dispatchTouchEvent(View.java:14310)
06-24 12:38:32.506 8796 8796 W System.err: at android.view.ViewGroup.dispatchTransformedTouchEvent(ViewGroup.java:3112)
06-24 12:38:32.506 8796 8796 W System.err: at android.view.ViewGroup.dispatchTouchEvent(ViewGroup.java:2785)
06-24 12:38:32.506 8796 8796 W System.err: at android.view.ViewGroup.dispatchTransformedTouchEvent(ViewGroup.java:3118)
06-24 12:38:32.506 8796 8796 W System.err: at android.view.ViewGroup.dispatchTouchEvent(ViewGroup.java:2799)
06-24 12:38:32.506 8796 8796 W System.err: at android.view.ViewGroup.dispatchTransformedTouchEvent(ViewGroup.java:3118)
06-24 12:38:32.506 8796 8796 W System.err: at android.view.ViewGroup.dispatchTouchEvent(ViewGroup.java:2799)
06-24 12:38:32.506 8796 8796 W System.err: at android.view.ViewGroup.dispatchTransformedTouchEvent(ViewGroup.java:3118)
06-24 12:38:32.506 8796 8796 W System.err: at android.view.ViewGroup.dispatchTouchEvent(ViewGroup.java:2799)
06-24 12:38:32.506 8796 8796 W System.err: at android.view.ViewGroup.dispatchTransformedTouchEvent(ViewGroup.java:3118)
06-24 12:38:32.506 8796 8796 W System.err: at android.view.ViewGroup.dispatchTouchEvent(ViewGroup.java:2799)
06-24 12:38:32.506 8796 8796 W System.err: at android.view.ViewGroup.dispatchTransformedTouchEvent(ViewGroup.java:3118)
06-24 12:38:32.506 8796 8796 W System.err: at android.view.ViewGroup.dispatchTouchEvent(ViewGroup.java:2799)
06-24 12:38:32.506 8796 8796 W System.err: at android.view.ViewGroup.dispatchTransformedTouchEvent(ViewGroup.java:3118)
06-24 12:38:32.506 8796 8796 W System.err: at android.view.ViewGroup.dispatchTouchEvent(ViewGroup.java:2799)
06-24 12:38:32.506 8796 8796 W System.err: at android.view.ViewGroup.dispatchTransformedTouchEvent(ViewGroup.java:3118)
06-24 12:38:32.506 8796 8796 W System.err: at android.view.ViewGroup.dispatchTouchEvent(ViewGroup.java:2799)
06-24 12:38:32.506 8796 8796 W System.err: at android.view.ViewGroup.dispatchTransformedTouchEvent(ViewGroup.java:3118)
06-24 12:38:32.506 8796 8796 W System.err: at android.view.ViewGroup.dispatchTouchEvent(ViewGroup.java:2799)
06-24 12:38:32.506 8796 8796 W System.err: at android.view.ViewGroup.dispatchTransformedTouchEvent(ViewGroup.java:3118)
06-24 12:38:32.506 8796 8796 W System.err: at android.view.ViewGroup.dispatchTouchEvent(ViewGroup.java:2799)
06-24 12:38:32.506 8796 8796 W System.err: at android.view.ViewGroup.dispatchTransformedTouchEvent(ViewGroup.java:3118)
06-24 12:38:32.506 8796 8796 W System.err: at android.view.ViewGroup.dispatchTouchEvent(ViewGroup.java:2799)
06-24 12:38:32.506 8796 8796 W System.err: at android.view.ViewGroup.dispatchTransformedTouchEvent(ViewGroup.java:3118)
06-24 12:38:32.506 8796 8796 W System.err: at android.view.ViewGroup.dispatchTouchEvent(ViewGroup.java:2799)
06-24 12:38:32.506 8796 8796 W System.err: at android.view.ViewGroup.dispatchTransformedTouchEvent(ViewGroup.java:3118)
06-24 12:38:32.506 8796 8796 W System.err: at android.view.ViewGroup.dispatchTouchEvent(ViewGroup.java:2799)
06-24 12:38:32.506 8796 8796 W System.err: at android.view.ViewGroup.dispatchTransformedTouchEvent(ViewGroup.java:3118)
06-24 12:38:32.506 8796 8796 W System.err: at android.view.ViewGroup.dispatchTouchEvent(ViewGroup.java:2799)
06-24 12:38:32.506 8796 8796 W System.err: at android.view.ViewGroup.dispatchTransformedTouchEvent(ViewGroup.java:3118)
06-24 12:38:32.506 8796 8796 W System.err: at android.view.ViewGroup.dispatchTouchEvent(ViewGroup.java:2799)
06-24 12:38:32.506 8796 8796 W System.err: at android.view.ViewGroup.dispatchTransformedTouchEvent(ViewGroup.java:3118)
06-24 12:38:32.506 8796 8796 W System.err: at android.view.ViewGroup.dispatchTouchEvent(ViewGroup.java:2799)
06-24 12:38:32.506 8796 8796 W System.err: at com.android.internal.policy.DecorView.superDispatchTouchEvent(DecorView.java:488)
06-24 12:38:32.506 8796 8796 W System.err: at com.android.internal.policy.PhoneWindow.superDispatchTouchEvent(PhoneWindow.java:18 73)
06-24 12:38:32.506 8796 8796 W System.err: at android.app.Activity.dispatchTouchEvent(Activity.java:4125)
06-24 12:38:32.506 8796 8796 W System.err: at androidx.appcompat.view.WindowCallbackWrapper.dispatchTouchEvent(WindowCallbackWrap per.java:69)
06-24 12:38:32.506 8796 8796 W System.err: at com.android.internal.policy.DecorView.dispatchTouchEvent(DecorView.java:446)
06-24 12:38:32.506 8796 8796 W System.err: at android.view.View.dispatchPointerEvent(View.java:14569)
