0% found this document useful (0 votes)
17 views393 pages

Logcat 1729263026845

Uploaded by

quotesm335
Copyright
© © All Rights Reserved
We take content rights seriously. If you suspect this is your content, claim it here.
Available Formats
Download as TXT, PDF, TXT or read online on Scribd
0% found this document useful (0 votes)
17 views393 pages

Logcat 1729263026845

Uploaded by

quotesm335
Copyright
© © All Rights Reserved
We take content rights seriously. If you suspect this is your content, claim it here.
Available Formats
Download as TXT, PDF, TXT or read online on Scribd
You are on page 1/ 393

--------- beginning of main

10-18 20:20:26.863 29429 29429 D OplusWindowManager: get WMS extension:


android.os.BinderProxy@c349920
10-18 20:20:26.872 29429 29429 D CompatibilityChangeReporter: Compat change id
reported: 210923482; UID 10142; state: ENABLED
10-18 20:20:26.876 29429 29429 D ScrollOptimizationHelper: can't find the config
file for optimizaiton
10-18 20:20:26.876 29429 29429 D ScrollOptimizationHelper: will not debug for debug
is false
10-18 20:20:26.876 29429 29429 I oplus.android.OplusFrameworkFactoryImpl: get
feature:IOplusDynamicVsyncFeature
10-18 20:20:26.876 29429 29429 I oplus.android.OplusFrameworkFactoryImpl: get
feature:IOplusDynamicVsyncFeature
10-18 20:20:26.879 29429 29429 I PowerHalWrapper: PowerHalWrapper.getInstance
10-18 20:20:26.879 29429 29552 I PowerHalWrapper: PowerHalWrapper.getInstance
10-18 20:20:26.879 29429 29429 I MSYNC3-VariableRefreshRate: Variable refreshrate
is disabled
10-18 20:20:26.879 29429 29429 I oplus.android.OplusFrameworkFactoryImpl: get
feature:IOplusDynamicVsyncFeature
10-18 20:20:26.899 29429 29429 I oplus.android.OplusFrameworkFactoryImpl: get
feature:IOplusDynamicVsyncFeature
10-18 20:20:26.899 29429 29429 I oplus.android.OplusFrameworkFactoryImpl: get
feature:IOplusDynamicVsyncFeature
10-18 20:20:26.899 29429 29429 I oplus.android.OplusFrameworkFactoryImpl: get
feature:IOplusDynamicVsyncFeature
10-18 20:20:26.903 29429 29429 D checkwidth: 1080
10-18 20:20:26.906 29429 29477 I FA : Tag Manager is not found and thus will
not be used
10-18 20:20:26.912 29429 29429 I oplus.android.OplusFrameworkFactoryImpl: get
feature:IOplusDynamicVsyncFeature
10-18 20:20:26.912 29429 29429 I oplus.android.OplusFrameworkFactoryImpl: get
feature:IOplusDynamicVsyncFeature
10-18 20:20:26.912 29429 29429 I oplus.android.OplusFrameworkFactoryImpl: get
feature:IOplusDynamicVsyncFeature
10-18 20:20:26.913 29429 29429 I oplus.android.OplusFrameworkFactoryImpl: get
feature:IOplusDynamicVsyncFeature
10-18 20:20:26.913 29429 29429 I oplus.android.OplusFrameworkFactoryImpl: get
feature:IOplusDynamicVsyncFeature
10-18 20:20:26.913 29429 29429 I oplus.android.OplusFrameworkFactoryImpl: get
feature:IOplusDynamicVsyncFeature
--------- beginning of system
10-18 20:20:26.917 29429 29429 D OplusInputMethodUtil: init sDebug to false, init
sDebugIme to false, init sAlwaysOn to false
10-18 20:20:26.917 29429 29429 D OplusInputMethodUtil: updateDebugToClass
InputMethodManager.DEBUG = false
10-18 20:20:26.917 29429 29429 D OplusInputMethodUtil: updateDebugToClass
ImeFocusController.DEBUG = false
10-18 20:20:26.917 29429 29429 D OplusInputMethodUtil: updateDebugToClass
BaseInputConnection.DEBUG = false
10-18 20:20:26.917 29429 29429 D OplusInputMethodUtil: updateDebugToClass
ImeFocusController.sDebugIme = false
10-18 20:20:26.919 29429 29429 I SurfaceFactory: [static] sSurfaceFactory =
com.mediatek.view.impl.SurfaceFactoryImpl@4479c0e
10-18 20:20:26.921 29429 29429 D WindowManager: Add to mViews:
DecorView@4dde62f[ScriptDetailsActivity],pkg= com.corepix.videorecording
10-18 20:20:26.921 29429 29448 I OplusSlideAnimOptHelper: checkListMode: is
blacklist mode = true
10-18 20:20:26.921 29429 29448 D OplusSlideAnimOptHelper:
com.corepix.videorecording scrollEffectOpt enable = true
10-18 20:20:26.929 29429 29429 D libMEOW : meow new tls: 0xb400007b60d49180
10-18 20:20:26.929 29429 29429 D libMEOW : meow reload base cfg path: na
10-18 20:20:26.929 29429 29429 D libMEOW : meow reload overlay cfg path: na
10-18 20:20:26.930 29429 29429 E QT : [QT]file does not exist
10-18 20:20:26.931 29429 29429 D libMEOW : applied 1 plugins for
[com.corepix.videorecording]:
10-18 20:20:26.931 29429 29429 D libMEOW : plugin 1: [libMEOW_gift.so]:
0xb400007bd615c840
10-18 20:20:26.931 29429 29429 D libMEOW : rebuild call chain: 0xb400007b60d80e80
10-18 20:20:26.931 29429 29429 D InputEventReceiver: Input log is disabled
10-18 20:20:26.936 29429 29429 D WindowManager: Add to mViews:
DecorView@a021ed4[ScriptDetailsActivity],pkg= com.corepix.videorecording
10-18 20:20:26.940 29429 29429 D InputEventReceiver: Input log is disabled
10-18 20:20:26.947 29429 29557 D libMEOW : meow new tls: 0xb400007b324676c0
10-18 20:20:26.947 29429 29557 D libMEOW : applied 1 plugins for
[com.corepix.videorecording]:
10-18 20:20:26.947 29429 29557 D libMEOW : plugin 1: [libMEOW_gift.so]:
0xb400007bd615c840
10-18 20:20:26.947 29429 29557 D libMEOW : rebuild call chain: 0xb400007b32480040
10-18 20:20:26.948 29429 29526 W cr_media: BLUETOOTH_CONNECT permission is missing.
10-18 20:20:26.949 29429 29526 W cr_media: getBluetoothAdapter() requires BLUETOOTH
permission
10-18 20:20:26.949 29429 29526 W cr_media: registerBluetoothIntentsIfNeeded:
Requires BLUETOOTH permission
10-18 20:20:26.955 29429 29429 I Quality : Skipped: false 2 cost 33.41182
refreshRate 11162678 bit true processName com.corepix.videorecording
10-18 20:20:26.956 29429 29429 E OplusBracketLog: [OplusViewMirrorManager]
updateHostViewRootIfNeeded, not support android.view.ViewRootImpl@491f941
10-18 20:20:26.964 29429 29429 D BufferQueueConsumer: [](id:72f500000000,api:0,p:-
1,c:29429) connect: controlledByApp=false
10-18 20:20:26.965 29429 29429 D ExtensionsLoader: createInstance(64bit) :
createExtendedFactory
10-18 20:20:26.965 29429 29429 D ExtensionsLoader: Opened libSchedAssistExtImpl.so
10-18 20:20:26.967 29429 29429 V ZoomWindowDecorView:
setLastReportedMergedConfiguration mZoomDisplayHeight: 2412 getDecorView.81651247
10-18 20:20:26.972 29429 29429 E ion : ioctl c0044901 failed with code -1:
Invalid argument
10-18 20:20:26.975 29429 29429 D BLASTBufferQueue: [VRI[ScriptDetailsActivity]
[com.corepix.videorecording/com.smartvlogger.Activity.ScriptDetailsActivity]#0]
(f:0,a:1) acquireNextBufferLocked size=1218x540 mFrameNumber=1
applyTransaction=true mTimestamp=139346546265766(auto) mPendingTransactions.size=0
graphicBufferId=126396592553984 transform=0
10-18 20:20:26.975 29429 29429 D VRI[ScriptDetailsActivity]: draw finished.
10-18 20:20:26.975 29429 29429 E OplusBracketLog: [OplusViewMirrorManager]
updateHostViewRootIfNeeded, not support android.view.ViewRootImpl@ecc5440
10-18 20:20:26.988 29429 29429 D BufferQueueConsumer: [](id:72f500000001,api:0,p:-
1,c:29429) connect: controlledByApp=false
10-18 20:20:26.989 29429 29429 V ZoomWindowDecorView:
setLastReportedMergedConfiguration mZoomDisplayHeight: 2412 getDecorView.167911124
10-18 20:20:26.990 29429 29429 W RecyclerView: No adapter attached; skipping layout
10-18 20:20:27.005 29429 29429 D BLASTBufferQueue: [VRI[ScriptDetailsActivity]
[com.corepix.videorecording/com.smartvlogger.Activity.ScriptDetailsActivity]#1]
(f:0,a:1) acquireNextBufferLocked size=1080x2412 mFrameNumber=1
applyTransaction=true mTimestamp=139346576302997(auto) mPendingTransactions.size=0
graphicBufferId=126396592553985 transform=0
10-18 20:20:27.005 29429 29429 D VRI[ScriptDetailsActivity]: draw finished.
10-18 20:20:27.006 29429 29429 I DynamicFramerate [FRTCConfigManager]:
initFrameRateConfig:
10-18 20:20:27.006 29429 29429 I DynamicFramerate [FRTCConfigManager]:
levels: [120, 60, 40, 30]
10-18 20:20:27.006 29429 29429 I DynamicFramerate [FRTCConfigManager]:
thresholds: [400, 80, 30]
10-18 20:20:27.006 29429 29429 I DynamicFramerate [FRTCConfigManager]:
scrollbar fade frame rate: 0
10-18 20:20:27.006 29429 29429 I DynamicFramerate [FRTCConfigManager]:
FRTCConfigManager: FRTC_CAPABILITY = 120, package name =
com.corepix.videorecording, PACKAGE_ENABLE = false
10-18 20:20:27.006 29429 29429 I DynamicFramerate [DynamicFrameRateController]:
init info: mPackageName = com.corepix.videorecording, mIsEnabled = false
10-18 20:20:27.023 29429 29557 W chromium: [WARNING:viz_main_impl.cc(85)]
VizNullHypothesis is disabled (not a warning)
10-18 20:20:27.026 29429 29429 I Quality : Skipped: false 5 cost 60.14789
refreshRate 11162649 bit true processName com.corepix.videorecording
10-18 20:20:27.030 29429 29429 D VRI[ScriptDetailsActivity]: draw finished.
10-18 20:20:27.046 29429 29535 W AudioCapabilities: Unsupported mime audio/x-adpcm-
dvi-ima
10-18 20:20:27.046 29429 29535 W AudioCapabilities: Unsupported mime audio/x-adpcm-
dvi-ima
10-18 20:20:27.046 29429 29535 W AudioCapabilities: Unsupported mime audio/x-adpcm-
ms
10-18 20:20:27.046 29429 29535 W AudioCapabilities: Unsupported mime audio/x-adpcm-
ms
10-18 20:20:27.047 29429 29535 W AudioCapabilities: Unsupported mime audio/alac
10-18 20:20:27.049 29429 29535 W AudioCapabilities: Unsupported mime audio/alac
10-18 20:20:27.049 29429 29535 W AudioCapabilities: Unsupported mime audio/ape
10-18 20:20:27.049 29429 29535 W AudioCapabilities: Unsupported mime audio/ape
10-18 20:20:27.055 29429 29535 W AudioCapabilities: Unsupported mime audio/ffmpeg
10-18 20:20:27.059 29429 29535 W VideoCapabilities: Unsupported mime
image/vnd.android.heic
10-18 20:20:27.060 29429 29535 W VideoCapabilities: Unsupported mime
image/vnd.android.heic
10-18 20:20:27.060 29429 29535 W VideoCapabilities: Unsupported mime
image/vnd.android.heic
10-18 20:20:27.061 29429 29535 W VideoCapabilities: Unsupported mime
image/vnd.android.heic
10-18 20:20:27.063 29429 29535 W VideoCapabilities: Unrecognized profile/level
32768/256 for video/mp4v-es
10-18 20:20:27.064 29429 29535 W VideoCapabilities: Unrecognized profile/level
32768/256 for video/mp4v-es
10-18 20:20:27.065 29429 29535 W VideoCapabilities: Unsupported mime video/x-ms-wmv
10-18 20:20:27.065 29429 29535 W VideoCapabilities: Unsupported mime video/x-ms-wmv
10-18 20:20:27.066 29429 29429 D VRI[ScriptDetailsActivity]: onFocusEvent true
10-18 20:20:27.075 29429 29535 W VideoCapabilities: Unsupported mime video/ffmpeg
10-18 20:20:27.147 29429 29429 D OplusScrollToTopManager:
com.corepix.videorecording/com.smartvlogger.Activity.ScriptDetailsActivity,window
dying
10-18 20:20:27.147 29429 29429 D OplusScrollToTopManager:
com.corepix.videorecording/com.smartvlogger.Activity.ScriptDetailsActivity,unregist
erSystemUIBroadcastReceiver
10-18 20:20:27.147 29429 29429 D OplusScrollToTopManager:
com.corepix.videorecording/com.smartvlogger.Activity.ScriptDetailsActivity,
unregisterSystemUIBroadcastReceiver failed java.lang.IllegalArgumentException:
Receiver not registered: android.view.OplusScrollToTopManager$2@4158daf
10-18 20:20:27.147 29429 29429 V ZoomWindowDecorView: removeZoomView
10-18 20:20:27.148 29429 29429 D BLASTBufferQueue: [VRI[ScriptDetailsActivity]
[com.corepix.videorecording/com.smartvlogger.Activity.ScriptDetailsActivity]#0]
(f:0,a:1) destructor()
10-18 20:20:27.148 29429 29429 D BufferQueueConsumer: [VRI[ScriptDetailsActivity]
[com.corepix.videorecording/com.smartvlogger.Activity.ScriptDetailsActivity]#0(BLAS
T Consumer)0](id:72f500000000,api:0,p:-1,c:29429) disconnect
10-18 20:20:27.160 29429 29429 I Quality : Skipped: false 1 cost 15.259916
refreshRate 11163351 bit true processName com.corepix.videorecording
10-18 20:20:27.180 29429 29429 D VRI[ScriptDetailsActivity]: onFocusEvent true
10-18 20:20:27.180 29429 29429 I Quality : Skipped: true 1 cost 13.640579
refreshRate 11163305 bit true processName com.corepix.videorecording
10-18 20:20:27.244 29429 29429 I Ads : JS: The jsLoaded GMSG has been sent
(https://googleads.g.doubleclick.net/mads/static/mad/sdk/native/production/sdk-
core-v40-impl.html:792)
10-18 20:20:28.182 29429 29429 D OplusScrollToTopManager:
com.corepix.videorecording/com.smartvlogger.Activity.ScriptDetailsActivity,This
DecorView@a021ed4[ScriptDetailsActivity] change focus to true
10-18 20:20:28.950 29429 29429 D OplusInputMethodManagerInternal: get
inputMethodManager extension:
com.android.internal.view.IInputMethodManager$Stub$Proxy@5a62054
10-18 20:20:28.981 29429 29429 I oplus.android.OplusFrameworkFactoryImpl: get
feature:IOplusDynamicVsyncFeature
10-18 20:20:28.981 29429 29429 I oplus.android.OplusFrameworkFactoryImpl: get
feature:IOplusDynamicVsyncFeature
10-18 20:20:28.981 29429 29429 I oplus.android.OplusFrameworkFactoryImpl: get
feature:IOplusDynamicVsyncFeature
10-18 20:20:28.989 29429 29429 I oplus.android.OplusFrameworkFactoryImpl: get
feature:IOplusDynamicVsyncFeature
10-18 20:20:28.989 29429 29429 I oplus.android.OplusFrameworkFactoryImpl: get
feature:IOplusDynamicVsyncFeature
10-18 20:20:28.989 29429 29429 I oplus.android.OplusFrameworkFactoryImpl: get
feature:IOplusDynamicVsyncFeature
10-18 20:20:28.996 29429 29429 I oplus.android.OplusFrameworkFactoryImpl: get
feature:IOplusDynamicVsyncFeature
10-18 20:20:28.996 29429 29429 I oplus.android.OplusFrameworkFactoryImpl: get
feature:IOplusDynamicVsyncFeature
10-18 20:20:28.996 29429 29429 I oplus.android.OplusFrameworkFactoryImpl: get
feature:IOplusDynamicVsyncFeature
10-18 20:20:29.001 29429 29429 I oplus.android.OplusFrameworkFactoryImpl: get
feature:IOplusDynamicVsyncFeature
10-18 20:20:29.001 29429 29429 I oplus.android.OplusFrameworkFactoryImpl: get
feature:IOplusDynamicVsyncFeature
10-18 20:20:29.001 29429 29429 I oplus.android.OplusFrameworkFactoryImpl: get
feature:IOplusDynamicVsyncFeature
10-18 20:20:29.006 29429 29429 V SystemSensorManagerExtImpl: RegisterListener
bmi2xy_acc ACCELEROMETER type:1 delay:20000us by
com.smartvlogger.Service.FlotingViewService$1@1357a7f from
com.corepix.videorecording
10-18 20:20:29.011 29429 29429 D WindowManager: Add to mViews:
android.widget.RelativeLayout{d9ba95 V.E...... ......I. 0,0-0,0 #7f0a016c
app:id/framelayout viewInfo = AutoLayoutViewInfo{mIsImageType=false,
mIsFlatView=false, mWidthType=1, mHeightType=1, mScaleType=null,
mFillBackgroundPattern=1, mNeedStretchItems=false, mMeasureChanged=false,
mNewMeasuredHeight=0, mOldMeasuredHeight=0, mExtraInfo=}},pkg= null
10-18 20:20:29.017 29429 29429 D InputEventReceiver: Input log is disabled
10-18 20:20:29.017 29429 29429 D test : 360 720
10-18 20:20:29.017 29429 29429 D test : width= 1080 height= 2160
10-18 20:20:29.018 29429 29429 D VRI[ScriptDetailsActivity]: onFocusEvent false
10-18 20:20:29.032 29429 29429 D event : 3
10-18 20:20:29.033 29429 29429 D orientation: onSensorChanged: 4
10-18 20:20:29.034 29429 29429 E OplusBracketLog: [OplusViewMirrorManager]
updateHostViewRootIfNeeded, not support android.view.ViewRootImpl@de86b11
10-18 20:20:29.065 29429 29429 D BufferQueueConsumer: [](id:72f500000002,api:0,p:-
1,c:29429) connect: controlledByApp=false
10-18 20:20:29.065 29429 29429 E IPCThreadState: attemptIncStrongHandle(84): Not
supported
10-18 20:20:29.074 29429 29429 D checkheight: 2160 1080
10-18 20:20:29.074 29429 29429 D LineHeight::: 211
10-18 20:20:29.074 29429 29429 D LineHeight::: 238
10-18 20:20:29.074 29429 29429 D checklines: max= 8806
10-18 20:20:29.074 29429 29429 D check : 8806
10-18 20:20:29.074 29429 29429 D checklines: lines = 37textheight = 8806
totalheight476 scrollview geight = 9606
10-18 20:20:29.074 29429 29429 D checklines: max= 7174
10-18 20:20:29.074 29429 29429 D check : 7174
10-18 20:20:29.074 29429 29429 D check : expanded2 height=1000
10-18 20:20:29.139 29429 29429 D BLASTBufferQueue: [VRI[][]#2](f:0,a:1)
acquireNextBufferLocked size=960x1000 mFrameNumber=1 applyTransaction=true
mTimestamp=139348710198767(auto) mPendingTransactions.size=0
graphicBufferId=126396592553991 transform=0
10-18 20:20:29.139 29429 29429 D VRI[] : draw finished.
10-18 20:20:29.140 29429 29429 D orientation: onSensorChanged: 4
10-18 20:20:29.140 29429 29429 D orientation: onSensorChanged: 4
10-18 20:20:29.140 29429 29429 D orientation: onSensorChanged: 4
10-18 20:20:29.140 29429 29429 D orientation: onSensorChanged: 4
10-18 20:20:29.196 29429 29429 D VRI[] : draw finished.
10-18 20:20:29.223 29429 29429 D orientation: onSensorChanged: 4
10-18 20:20:29.229 29429 29429 D orientation: onSensorChanged: 4
10-18 20:20:29.269 29429 29429 D orientation: onSensorChanged: 4
10-18 20:20:29.329 29429 29429 D orientation: onSensorChanged: 4
10-18 20:20:29.451 29429 29543 D VRI[ScriptDetailsActivity]: dispatchAppVisibility
visible:false
10-18 20:20:29.464 29429 29429 D BLASTBufferQueue: [VRI[ScriptDetailsActivity]
[com.corepix.videorecording/com.smartvlogger.Activity.ScriptDetailsActivity]#1]
(f:0,a:1) destructor()
10-18 20:20:29.464 29429 29429 D BufferQueueConsumer: [VRI[ScriptDetailsActivity]
[com.corepix.videorecording/com.smartvlogger.Activity.ScriptDetailsActivity]#1(BLAS
T Consumer)1](id:72f500000001,api:0,p:-1,c:29429) disconnect
10-18 20:20:29.465 29429 29429 D VRI[ScriptDetailsActivity]: setWindowStopped
stopped:true
10-18 20:20:29.466 29429 29429 D OplusScrollToTopManager:
com.corepix.videorecording/com.smartvlogger.Activity.ScriptDetailsActivity,window
dying
10-18 20:20:29.466 29429 29429 D OplusScrollToTopManager:
com.corepix.videorecording/com.smartvlogger.Activity.ScriptDetailsActivity,unregist
erSystemUIBroadcastReceiver
10-18 20:20:29.466 29429 29429 D OplusScrollToTopManager:
com.corepix.videorecording/com.smartvlogger.Activity.ScriptDetailsActivity,
unregisterSystemUIBroadcastReceiver failed java.lang.IllegalArgumentException:
Receiver not registered: android.view.OplusScrollToTopManager$2@83ed02d
10-18 20:20:29.468 29429 29429 V ZoomWindowDecorView: removeZoomView
10-18 20:20:29.530 29429 29429 D orientation: onSensorChanged: 4
10-18 20:20:29.533 29429 29429 D checklines: max= 7174
10-18 20:20:29.533 29429 29429 D check : 7174
10-18 20:20:29.533 29429 29429 D check : expanded2 height=1080
10-18 20:20:29.591 29429 29429 D orientation: onSensorChanged: 4
10-18 20:20:29.641 29429 29429 D checklines: max= 7174
10-18 20:20:29.641 29429 29429 D check : 7174
10-18 20:20:29.641 29429 29429 D check : expanded2 height=1080
10-18 20:20:29.641 29429 29429 D checklines: max= 7174
10-18 20:20:29.641 29429 29429 D check : 7174
10-18 20:20:29.641 29429 29429 D check : expanded2 height=1080
10-18 20:20:29.641 29429 29429 D checklines: max= 7174
10-18 20:20:29.641 29429 29429 D check : 7174
10-18 20:20:29.641 29429 29429 D check : expanded2 height=1080
10-18 20:20:29.641 29429 29429 D checklines: max= 7174
10-18 20:20:29.641 29429 29429 D check : 7174
10-18 20:20:29.641 29429 29429 D check : expanded2 height=1080
10-18 20:20:29.712 29429 29429 D orientation: onSensorChanged: 4
10-18 20:20:29.723 29429 29429 D checklines: max= 7174
10-18 20:20:29.723 29429 29429 D check : 7174
10-18 20:20:29.723 29429 29429 D check : expanded2 height=1080
10-18 20:20:29.733 29429 29429 D orientation: onSensorChanged: 4
10-18 20:20:29.733 29429 29429 D checklines: max= 7174
10-18 20:20:29.733 29429 29429 D check : 7174
10-18 20:20:29.733 29429 29429 D check : expanded2 height=1080
10-18 20:20:29.769 29429 29429 D checklines: max= 7174
10-18 20:20:29.769 29429 29429 D check : 7174
10-18 20:20:29.769 29429 29429 D check : expanded2 height=1080
10-18 20:20:29.812 29429 29429 D orientation: onSensorChanged: 4
10-18 20:20:29.829 29429 29429 D checklines: max= 7174
10-18 20:20:29.830 29429 29429 D check : 7174
10-18 20:20:29.830 29429 29429 D check : expanded2 height=1080
10-18 20:20:29.872 29429 29429 D orientation: onSensorChanged: 4
10-18 20:20:29.933 29429 29429 D orientation: onSensorChanged: 4
10-18 20:20:29.954 29429 29429 D orientation: onSensorChanged: 4
10-18 20:20:30.030 29429 29429 D checklines: max= 7174
10-18 20:20:30.030 29429 29429 D check : 7174
10-18 20:20:30.030 29429 29429 D check : expanded2 height=1080
10-18 20:20:30.074 29429 29429 D orientation: onSensorChanged: 4
10-18 20:20:30.091 29429 29429 D checklines: max= 7174
10-18 20:20:30.091 29429 29429 D check : 7174
10-18 20:20:30.091 29429 29429 D check : expanded2 height=1080
10-18 20:20:30.174 29429 29429 D orientation: onSensorChanged: 4
10-18 20:20:30.212 29429 29429 D checklines: max= 7174
10-18 20:20:30.212 29429 29429 D check : 7174
10-18 20:20:30.212 29429 29429 D check : expanded2 height=1080
10-18 20:20:30.232 29429 29429 D checklines: max= 7174
10-18 20:20:30.232 29429 29429 D check : 7174
10-18 20:20:30.232 29429 29429 D check : expanded2 height=1080
10-18 20:20:30.254 29429 29429 D orientation: onSensorChanged: 4
10-18 20:20:30.274 29429 29429 D orientation: onSensorChanged: 4
10-18 20:20:30.313 29429 29429 D checklines: max= 7174
10-18 20:20:30.313 29429 29429 D check : 7174
10-18 20:20:30.313 29429 29429 D check : expanded2 height=1080
10-18 20:20:30.315 29429 29429 D orientation: onSensorChanged: 4
10-18 20:20:30.373 29429 29429 D checklines: max= 7174
10-18 20:20:30.373 29429 29429 D check : 7174
10-18 20:20:30.373 29429 29429 D check : expanded2 height=1080
10-18 20:20:30.375 29429 29429 D orientation: onSensorChanged: 4
10-18 20:20:30.432 29429 29429 D checklines: max= 7174
10-18 20:20:30.432 29429 29429 D check : 7174
10-18 20:20:30.432 29429 29429 D check : expanded2 height=1080
10-18 20:20:30.435 29429 29429 D orientation: onSensorChanged: 4
10-18 20:20:30.453 29429 29429 D checklines: max= 7174
10-18 20:20:30.454 29429 29429 D check : 7174
10-18 20:20:30.454 29429 29429 D check : expanded2 height=1080
10-18 20:20:30.574 29429 29429 D checklines: max= 7174
10-18 20:20:30.574 29429 29429 D check : 7174
10-18 20:20:30.574 29429 29429 D check : expanded2 height=1080
10-18 20:20:30.676 29429 29429 D checklines: max= 7174
10-18 20:20:30.676 29429 29429 D check : 7174
10-18 20:20:30.676 29429 29429 D check : expanded2 height=1080
10-18 20:20:30.755 29429 29429 D checklines: max= 7174
10-18 20:20:30.755 29429 29429 D check : 7174
10-18 20:20:30.755 29429 29429 D check : expanded2 height=1080
10-18 20:20:30.774 29429 29429 D checklines: max= 7174
10-18 20:20:30.774 29429 29429 D check : 7174
10-18 20:20:30.774 29429 29429 D check : expanded2 height=1080
10-18 20:20:30.814 29429 29429 D checklines: max= 7174
10-18 20:20:30.815 29429 29429 D check : 7174
10-18 20:20:30.815 29429 29429 D check : expanded2 height=1080
10-18 20:20:30.875 29429 29429 D checklines: max= 7174
10-18 20:20:30.875 29429 29429 D check : 7174
10-18 20:20:30.875 29429 29429 D check : expanded2 height=1080
10-18 20:20:30.936 29429 29429 D checklines: max= 7174
10-18 20:20:30.936 29429 29429 D check : 7174
10-18 20:20:30.936 29429 29429 D check : expanded2 height=1080
10-18 20:20:30.958 29429 29429 D orientation: onSensorChanged: 4
10-18 20:20:30.978 29429 29429 D orientation: onSensorChanged: 4
10-18 20:20:30.998 29429 29429 D orientation: onSensorChanged: 4
10-18 20:20:31.019 29429 29429 D orientation: onSensorChanged: 4
10-18 20:20:31.041 29429 29477 I FA : Application backgrounded at:
timestamp_millis: 1729263029040
10-18 20:20:31.058 29429 29429 D orientation: onSensorChanged: 4
10-18 20:20:31.099 29429 29429 D orientation: onSensorChanged: 4
10-18 20:20:31.119 29429 29429 D orientation: onSensorChanged: 4
10-18 20:20:31.159 29429 29429 D orientation: onSensorChanged: 4
10-18 20:20:31.220 29429 29429 D orientation: onSensorChanged: 4
10-18 20:20:31.260 29429 29429 D orientation: onSensorChanged: 4
10-18 20:20:31.281 29429 29429 D orientation: onSensorChanged: 4
10-18 20:20:31.301 29429 29429 D orientation: onSensorChanged: 4
10-18 20:20:31.320 29429 29429 D orientation: onSensorChanged: 4
10-18 20:20:31.340 29429 29429 D orientation: onSensorChanged: 4
10-18 20:20:31.361 29429 29429 D orientation: onSensorChanged: 4
10-18 20:20:31.381 29429 29429 D orientation: onSensorChanged: 4
10-18 20:20:31.401 29429 29429 D orientation: onSensorChanged: 4
10-18 20:20:31.459 29429 29429 D checklines: max= 7174
10-18 20:20:31.459 29429 29429 D check : 7174
10-18 20:20:31.459 29429 29429 D check : expanded2 height=1080
10-18 20:20:31.461 29429 29429 D orientation: onSensorChanged: 4
10-18 20:20:31.479 29429 29429 D checklines: max= 7174
10-18 20:20:31.479 29429 29429 D check : 7174
10-18 20:20:31.479 29429 29429 D check : expanded2 height=1080
10-18 20:20:31.489 29429 29429 D orientation: onSensorChanged: 4
10-18 20:20:31.498 29429 29429 D checklines: max= 7174
10-18 20:20:31.498 29429 29429 D check : 7174
10-18 20:20:31.498 29429 29429 D check : expanded2 height=1080
10-18 20:20:31.520 29429 29429 D checklines: max= 7174
10-18 20:20:31.520 29429 29429 D check : 7174
10-18 20:20:31.520 29429 29429 D check : expanded2 height=1080
10-18 20:20:31.521 29429 29429 D orientation: onSensorChanged: 4
10-18 20:20:31.541 29429 29429 D orientation: onSensorChanged: 4
10-18 20:20:31.558 29429 29429 D checklines: max= 7174
10-18 20:20:31.558 29429 29429 D check : 7174
10-18 20:20:31.558 29429 29429 D check : expanded2 height=1080
10-18 20:20:31.600 29429 29429 D checklines: max= 7174
10-18 20:20:31.600 29429 29429 D check : 7174
10-18 20:20:31.600 29429 29429 D check : expanded2 height=1080
10-18 20:20:31.601 29429 29429 D orientation: onSensorChanged: 4
10-18 20:20:31.620 29429 29429 D checklines: max= 7174
10-18 20:20:31.620 29429 29429 D check : 7174
10-18 20:20:31.620 29429 29429 D check : expanded2 height=1080
10-18 20:20:31.642 29429 29429 D orientation: onSensorChanged: 4
10-18 20:20:31.659 29429 29429 D checklines: max= 7174
10-18 20:20:31.659 29429 29429 D check : 7174
10-18 20:20:31.659 29429 29429 D check : expanded2 height=1080
10-18 20:20:31.662 29429 29429 D orientation: onSensorChanged: 4
10-18 20:20:31.702 29429 29429 D orientation: onSensorChanged: 4
10-18 20:20:31.721 29429 29429 D checklines: max= 7174
10-18 20:20:31.721 29429 29429 D check : 7174
10-18 20:20:31.721 29429 29429 D check : expanded2 height=1080
10-18 20:20:31.722 29429 29429 D orientation: onSensorChanged: 4
10-18 20:20:31.760 29429 29429 D checklines: max= 7174
10-18 20:20:31.760 29429 29429 D check : 7174
10-18 20:20:31.760 29429 29429 D check : expanded2 height=1080
10-18 20:20:31.762 29429 29429 D orientation: onSensorChanged: 4
10-18 20:20:31.780 29429 29429 D checklines: max= 7174
10-18 20:20:31.780 29429 29429 D check : 7174
10-18 20:20:31.780 29429 29429 D check : expanded2 height=1080
10-18 20:20:31.782 29429 29429 D orientation: onSensorChanged: 4
10-18 20:20:31.801 29429 29429 D checklines: max= 7174
10-18 20:20:31.801 29429 29429 D check : 7174
10-18 20:20:31.801 29429 29429 D check : expanded2 height=1080
10-18 20:20:31.820 29429 29429 D checklines: max= 7174
10-18 20:20:31.820 29429 29429 D check : 7174
10-18 20:20:31.820 29429 29429 D check : expanded2 height=1080
10-18 20:20:31.823 29429 29429 D orientation: onSensorChanged: 4
10-18 20:20:31.841 29429 29429 D checklines: max= 7174
10-18 20:20:31.841 29429 29429 D check : 7174
10-18 20:20:31.841 29429 29429 D check : expanded2 height=1080
10-18 20:20:31.843 29429 29429 D orientation: onSensorChanged: 4
10-18 20:20:31.860 29429 29429 D checklines: max= 7174
10-18 20:20:31.860 29429 29429 D check : 7174
10-18 20:20:31.860 29429 29429 D check : expanded2 height=1080
10-18 20:20:31.882 29429 29429 D checklines: max= 7174
10-18 20:20:31.882 29429 29429 D check : 7174
10-18 20:20:31.882 29429 29429 D check : expanded2 height=1080
10-18 20:20:31.883 29429 29429 D orientation: onSensorChanged: 4
10-18 20:20:31.901 29429 29429 D checklines: max= 7174
10-18 20:20:31.901 29429 29429 D check : 7174
10-18 20:20:31.901 29429 29429 D check : expanded2 height=1080
10-18 20:20:31.943 29429 29429 D orientation: onSensorChanged: 4
10-18 20:20:31.962 29429 29429 D change2 : X =891 Y=333
10-18 20:20:31.962 29429 29429 D checklines: max= 7174
10-18 20:20:31.962 29429 29429 D check : 7174
10-18 20:20:31.962 29429 29429 D check : expanded2 height=1080
10-18 20:20:31.992 29429 29429 D checklines: max= 7174
10-18 20:20:31.992 29429 29429 D check : 7174
10-18 20:20:31.992 29429 29429 D check : expanded2 height=1080
10-18 20:20:31.993 29429 29429 D change2 : X =891 Y=333
10-18 20:20:32.004 29429 29429 D orientation: onSensorChanged: 4
10-18 20:20:32.015 29429 29429 D change2 : X =891 Y=333
10-18 20:20:32.022 29429 29429 D checklines: max= 7174
10-18 20:20:32.022 29429 29429 D check : 7174
10-18 20:20:32.022 29429 29429 D check : expanded2 height=1080
10-18 20:20:32.023 29429 29429 D orientation: onSensorChanged: 4
10-18 20:20:32.041 29429 29429 D checklines: max= 7174
10-18 20:20:32.041 29429 29429 D check : 7174
10-18 20:20:32.041 29429 29429 D check : expanded2 height=1080
10-18 20:20:32.044 29429 29429 D orientation: onSensorChanged: 4
10-18 20:20:32.059 29429 29429 D change2 : X =891 Y=333
10-18 20:20:32.084 29429 29429 D orientation: onSensorChanged: 4
10-18 20:20:32.101 29429 29429 D checklines: max= 7174
10-18 20:20:32.101 29429 29429 D check : 7174
10-18 20:20:32.101 29429 29429 D check : expanded2 height=1080
10-18 20:20:32.104 29429 29429 D orientation: onSensorChanged: 4
10-18 20:20:32.127 29429 29429 D change2 : X =891 Y=333
10-18 20:20:32.138 29429 29429 D change2 : X =891 Y=333
10-18 20:20:32.143 29429 29429 D change2 : X =891 Y=333
10-18 20:20:32.144 29429 29429 D checklines: max= 7174
10-18 20:20:32.144 29429 29429 D check : 7174
10-18 20:20:32.144 29429 29429 D check : expanded2 height=1080
10-18 20:20:32.144 29429 29429 D orientation: onSensorChanged: 4
10-18 20:20:32.163 29429 29429 D checklines: max= 7174
10-18 20:20:32.163 29429 29429 D check : 7174
10-18 20:20:32.163 29429 29429 D check : expanded2 height=1080
10-18 20:20:32.165 29429 29429 D orientation: onSensorChanged: 4
10-18 20:20:32.185 29429 29429 D orientation: onSensorChanged: 4
10-18 20:20:32.203 29429 29429 D checklines: max= 7174
10-18 20:20:32.203 29429 29429 D check : 7174
10-18 20:20:32.203 29429 29429 D check : expanded2 height=1080
10-18 20:20:32.223 29429 29429 D checklines: max= 7174
10-18 20:20:32.223 29429 29429 D check : 7174
10-18 20:20:32.223 29429 29429 D check : expanded2 height=1080
10-18 20:20:32.225 29429 29429 D orientation: onSensorChanged: 4
10-18 20:20:32.245 29429 29429 D orientation: onSensorChanged: 4
10-18 20:20:32.262 29429 29429 D checklines: max= 7174
10-18 20:20:32.262 29429 29429 D check : 7174
10-18 20:20:32.262 29429 29429 D check : expanded2 height=1080
10-18 20:20:32.265 29429 29429 D orientation: onSensorChanged: 4
10-18 20:20:32.283 29429 29429 D checklines: max= 7174
10-18 20:20:32.283 29429 29429 D check : 7174
10-18 20:20:32.283 29429 29429 D check : expanded2 height=1080
10-18 20:20:32.285 29429 29429 D orientation: onSensorChanged: 4
10-18 20:20:32.323 29429 29429 D checklines: max= 7174
10-18 20:20:32.323 29429 29429 D check : 7174
10-18 20:20:32.323 29429 29429 D check : expanded2 height=1080
10-18 20:20:32.325 29429 29429 D orientation: onSensorChanged: 4
10-18 20:20:32.343 29429 29429 D checklines: max= 7174
10-18 20:20:32.343 29429 29429 D check : 7174
10-18 20:20:32.343 29429 29429 D check : expanded2 height=1080
10-18 20:20:32.383 29429 29429 D checklines: max= 7174
10-18 20:20:32.383 29429 29429 D check : 7174
10-18 20:20:32.383 29429 29429 D check : expanded2 height=1080
10-18 20:20:32.386 29429 29429 D orientation: onSensorChanged: 4
10-18 20:20:32.406 29429 29429 D orientation: onSensorChanged: 4
10-18 20:20:32.426 29429 29429 D orientation: onSensorChanged: 4
10-18 20:20:32.443 29429 29429 D checklines: max= 7174
10-18 20:20:32.443 29429 29429 D check : 7174
10-18 20:20:32.443 29429 29429 D check : expanded2 height=1080
10-18 20:20:32.466 29429 29429 D orientation: onSensorChanged: 4
10-18 20:20:32.504 29429 29429 D checklines: max= 7174
10-18 20:20:32.504 29429 29429 D check : 7174
10-18 20:20:32.504 29429 29429 D check : expanded2 height=1080
10-18 20:20:32.514 29429 29429 D orientation: onSensorChanged: 4
10-18 20:20:32.524 29429 29429 D checklines: max= 7174
10-18 20:20:32.524 29429 29429 D check : 7174
10-18 20:20:32.524 29429 29429 D check : expanded2 height=1080
10-18 20:20:32.543 29429 29429 D checklines: max= 7174
10-18 20:20:32.543 29429 29429 D check : 7174
10-18 20:20:32.543 29429 29429 D check : expanded2 height=1080
10-18 20:20:32.584 29429 29429 D checklines: max= 7174
10-18 20:20:32.584 29429 29429 D check : 7174
10-18 20:20:32.584 29429 29429 D check : expanded2 height=1080
10-18 20:20:32.603 29429 29429 D checklines: max= 7174
10-18 20:20:32.603 29429 29429 D check : 7174
10-18 20:20:32.603 29429 29429 D check : expanded2 height=1080
10-18 20:20:32.644 29429 29429 D checklines: max= 7174
10-18 20:20:32.644 29429 29429 D check : 7174
10-18 20:20:32.644 29429 29429 D check : expanded2 height=1080
10-18 20:20:32.647 29429 29429 D orientation: onSensorChanged: 4
10-18 20:20:32.664 29429 29429 D checklines: max= 7174
10-18 20:20:32.664 29429 29429 D check : 7174
10-18 20:20:32.664 29429 29429 D check : expanded2 height=1080
10-18 20:20:32.685 29429 29429 D checklines: max= 7174
10-18 20:20:32.685 29429 29429 D check : 7174
10-18 20:20:32.685 29429 29429 D check : expanded2 height=1080
10-18 20:20:32.707 29429 29429 D orientation: onSensorChanged: 4
10-18 20:20:32.725 29429 29429 D checklines: max= 7174
10-18 20:20:32.725 29429 29429 D check : 7174
10-18 20:20:32.725 29429 29429 D check : expanded2 height=1080
10-18 20:20:32.727 29429 29429 D orientation: onSensorChanged: 4
10-18 20:20:32.746 29429 29429 D checklines: max= 7174
10-18 20:20:32.746 29429 29429 D check : 7174
10-18 20:20:32.746 29429 29429 D check : expanded2 height=1080
10-18 20:20:32.765 29429 29429 D checklines: max= 7174
10-18 20:20:32.765 29429 29429 D check : 7174
10-18 20:20:32.765 29429 29429 D check : expanded2 height=1080
10-18 20:20:32.768 29429 29429 D orientation: onSensorChanged: 4
10-18 20:20:32.786 29429 29429 D checklines: max= 7174
10-18 20:20:32.786 29429 29429 D check : 7174
10-18 20:20:32.786 29429 29429 D check : expanded2 height=1080
10-18 20:20:32.796 29429 29429 D change2 : X =884 Y=401
10-18 20:20:32.807 29429 29429 D change2 : X =884 Y=401
10-18 20:20:32.826 29429 29429 D checklines: max= 7174
10-18 20:20:32.826 29429 29429 D check : 7174
10-18 20:20:32.826 29429 29429 D check : expanded2 height=1080
10-18 20:20:32.828 29429 29429 D orientation: onSensorChanged: 4
10-18 20:20:32.830 29429 29429 D change2 : X =884 Y=401
10-18 20:20:32.868 29429 29429 D orientation: onSensorChanged: 4
10-18 20:20:32.874 29429 29429 D change2 : X =884 Y=401
10-18 20:20:32.885 29429 29429 D checklines: max= 7174
10-18 20:20:32.885 29429 29429 D check : 7174
10-18 20:20:32.885 29429 29429 D check : expanded2 height=1080
10-18 20:20:32.905 29429 29429 D checklines: max= 7174
10-18 20:20:32.905 29429 29429 D check : 7174
10-18 20:20:32.905 29429 29429 D check : expanded2 height=1080
10-18 20:20:32.919 29429 29429 D change2 : X =884 Y=401
10-18 20:20:32.927 29429 29429 D checklines: max= 7174
10-18 20:20:32.927 29429 29429 D check : 7174
10-18 20:20:32.927 29429 29429 D check : expanded2 height=1080
10-18 20:20:32.953 29429 29429 D change2 : X =884 Y=401
10-18 20:20:32.956 29429 29429 D change2 : X =884 Y=401
10-18 20:20:32.997 29429 29429 D checklines: max= 7174
10-18 20:20:32.997 29429 29429 D check : 7174
10-18 20:20:32.997 29429 29429 D check : expanded2 height=1080
10-18 20:20:32.998 29429 29429 D orientation: onSensorChanged: 4
10-18 20:20:33.010 29429 29429 D orientation: onSensorChanged: 4
10-18 20:20:33.014 29429 29429 D checklines: max= 7174
10-18 20:20:33.014 29429 29429 D check : 7174
10-18 20:20:33.014 29429 29429 D check : expanded2 height=1080
10-18 20:20:33.049 29429 29429 D orientation: onSensorChanged: 4
10-18 20:20:33.089 29429 29429 D orientation: onSensorChanged: 4
10-18 20:20:33.130 29429 29429 D orientation: onSensorChanged: 4
10-18 20:20:33.148 29429 29429 D checklines: max= 7174
10-18 20:20:33.148 29429 29429 D check : 7174
10-18 20:20:33.148 29429 29429 D check : expanded2 height=1080
10-18 20:20:33.150 29429 29429 D orientation: onSensorChanged: 4
10-18 20:20:33.208 29429 29429 D checklines: max= 7174
10-18 20:20:33.208 29429 29429 D check : 7174
10-18 20:20:33.208 29429 29429 D check : expanded2 height=1080
10-18 20:20:33.228 29429 29429 D checklines: max= 7174
10-18 20:20:33.228 29429 29429 D check : 7174
10-18 20:20:33.228 29429 29429 D check : expanded2 height=1080
10-18 20:20:33.230 29429 29429 D orientation: onSensorChanged: 4
10-18 20:20:33.258 29429 29429 D orientation: onSensorChanged: 4
10-18 20:20:33.268 29429 29429 D checklines: max= 7174
10-18 20:20:33.268 29429 29429 D check : 7174
10-18 20:20:33.268 29429 29429 D check : expanded2 height=1080
10-18 20:20:33.328 29429 29429 D checklines: max= 7174
10-18 20:20:33.328 29429 29429 D check : 7174
10-18 20:20:33.328 29429 29429 D check : expanded2 height=1080
10-18 20:20:33.331 29429 29429 D orientation: onSensorChanged: 4
10-18 20:20:33.351 29429 29429 D orientation: onSensorChanged: 4
10-18 20:20:33.368 29429 29429 D checklines: max= 7174
10-18 20:20:33.368 29429 29429 D check : 7174
10-18 20:20:33.368 29429 29429 D check : expanded2 height=1080
10-18 20:20:33.371 29429 29429 D orientation: onSensorChanged: 4
10-18 20:20:33.411 29429 29429 D orientation: onSensorChanged: 4
10-18 20:20:33.431 29429 29429 D orientation: onSensorChanged: 4
10-18 20:20:33.498 29429 29429 D checklines: max= 7174
10-18 20:20:33.498 29429 29429 D check : 7174
10-18 20:20:33.498 29429 29429 D check : expanded2 height=1080
10-18 20:20:33.510 29429 29429 D checklines: max= 7174
10-18 20:20:33.510 29429 29429 D check : 7174
10-18 20:20:33.510 29429 29429 D check : expanded2 height=1080
10-18 20:20:33.516 29429 29429 D orientation: onSensorChanged: 4
10-18 20:20:33.549 29429 29429 D checklines: max= 7174
10-18 20:20:33.549 29429 29429 D check : 7174
10-18 20:20:33.549 29429 29429 D check : expanded2 height=1080
10-18 20:20:33.589 29429 29429 D checklines: max= 7174
10-18 20:20:33.589 29429 29429 D check : 7174
10-18 20:20:33.589 29429 29429 D check : expanded2 height=1080
10-18 20:20:33.612 29429 29429 D orientation: onSensorChanged: 4
10-18 20:20:33.630 29429 29429 D checklines: max= 7174
10-18 20:20:33.630 29429 29429 D check : 7174
10-18 20:20:33.630 29429 29429 D check : expanded2 height=1080
10-18 20:20:33.649 29429 29429 D checklines: max= 7174
10-18 20:20:33.649 29429 29429 D check : 7174
10-18 20:20:33.649 29429 29429 D check : expanded2 height=1080
10-18 20:20:33.711 29429 29429 D orientation: onSensorChanged: 4
10-18 20:20:33.730 29429 29429 D checklines: max= 7174
10-18 20:20:33.730 29429 29429 D check : 7174
10-18 20:20:33.730 29429 29429 D check : expanded2 height=1080
10-18 20:20:33.731 29429 29429 D orientation: onSensorChanged: 4
10-18 20:20:33.758 29429 29429 D checklines: max= 7174
10-18 20:20:33.758 29429 29429 D check : 7174
10-18 20:20:33.758 29429 29429 D check : expanded2 height=1080
10-18 20:20:33.774 29429 29429 D orientation: onSensorChanged: 4
10-18 20:20:33.792 29429 29429 D orientation: onSensorChanged: 4
10-18 20:20:33.831 29429 29429 D checklines: max= 7174
10-18 20:20:33.831 29429 29429 D check : 7174
10-18 20:20:33.831 29429 29429 D check : expanded2 height=1080
10-18 20:20:33.854 29429 29429 D orientation: onSensorChanged: 4
10-18 20:20:33.854 29429 29429 D checklines: max= 7174
10-18 20:20:33.854 29429 29429 D check : 7174
10-18 20:20:33.854 29429 29429 D check : expanded2 height=1080
10-18 20:20:33.870 29429 29429 D checklines: max= 7174
10-18 20:20:33.871 29429 29429 D check : 7174
10-18 20:20:33.871 29429 29429 D check : expanded2 height=1080
10-18 20:20:33.900 29429 29429 D orientation: onSensorChanged: 4
10-18 20:20:33.912 29429 29429 D checklines: max= 7174
10-18 20:20:33.912 29429 29429 D check : 7174
10-18 20:20:33.912 29429 29429 D check : expanded2 height=1080
10-18 20:20:33.933 29429 29429 D orientation: onSensorChanged: 4
10-18 20:20:33.934 29429 29429 D checklines: max= 7174
10-18 20:20:33.934 29429 29429 D check : 7174
10-18 20:20:33.934 29429 29429 D check : expanded2 height=1080
10-18 20:20:33.973 29429 29429 D orientation: onSensorChanged: 4
10-18 20:20:34.017 29429 29429 D checklines: max= 7174
10-18 20:20:34.017 29429 29429 D check : 7174
10-18 20:20:34.017 29429 29429 D check : expanded2 height=1080
10-18 20:20:34.072 29429 29429 D orientation: onSensorChanged: 4
10-18 20:20:34.091 29429 29429 D orientation: onSensorChanged: 4
10-18 20:20:34.113 29429 29429 D checklines: max= 7174
10-18 20:20:34.113 29429 29429 D check : 7174
10-18 20:20:34.113 29429 29429 D check : expanded2 height=1080
10-18 20:20:34.133 29429 29429 D orientation: onSensorChanged: 4
10-18 20:20:34.151 29429 29429 D orientation: onSensorChanged: 4
10-18 20:20:34.170 29429 29429 D orientation: onSensorChanged: 4
10-18 20:20:34.190 29429 29429 D orientation: onSensorChanged: 4
10-18 20:20:34.213 29429 29429 D checklines: max= 7174
10-18 20:20:34.213 29429 29429 D check : 7174
10-18 20:20:34.213 29429 29429 D check : expanded2 height=1080
10-18 20:20:34.232 29429 29429 D orientation: onSensorChanged: 4
10-18 20:20:34.232 29429 29429 D checklines: max= 7174
10-18 20:20:34.232 29429 29429 D check : 7174
10-18 20:20:34.232 29429 29429 D check : expanded2 height=1080
10-18 20:20:34.278 29429 29429 D checklines: max= 7174
10-18 20:20:34.278 29429 29429 D check : 7174
10-18 20:20:34.279 29429 29429 D check : expanded2 height=1080
10-18 20:20:34.303 29429 29429 D checklines: max= 7174
10-18 20:20:34.303 29429 29429 D check : 7174
10-18 20:20:34.303 29429 29429 D check : expanded2 height=1080
10-18 20:20:34.315 29429 29429 D orientation: onSensorChanged: 4
10-18 20:20:34.326 29429 29429 D orientation: onSensorChanged: 4
10-18 20:20:34.349 29429 29429 D orientation: onSensorChanged: 4
10-18 20:20:34.356 29429 29429 D checklines: max= 7174
10-18 20:20:34.356 29429 29429 D check : 7174
10-18 20:20:34.356 29429 29429 D check : expanded2 height=1080
10-18 20:20:34.398 29429 29429 D orientation: onSensorChanged: 4
10-18 20:20:34.409 29429 29429 D checklines: max= 7174
10-18 20:20:34.409 29429 29429 D check : 7174
10-18 20:20:34.409 29429 29429 D check : expanded2 height=1080
10-18 20:20:34.414 29429 29429 D orientation: onSensorChanged: 4
10-18 20:20:34.445 29429 29429 D checklines: max= 7174
10-18 20:20:34.445 29429 29429 D check : 7174
10-18 20:20:34.445 29429 29429 D check : expanded2 height=1080
10-18 20:20:34.474 29429 29429 D checklines: max= 7174
10-18 20:20:34.474 29429 29429 D check : 7174
10-18 20:20:34.474 29429 29429 D check : expanded2 height=1080
10-18 20:20:34.582 29429 29429 D checklines: max= 7174
10-18 20:20:34.582 29429 29429 D check : 7174
10-18 20:20:34.582 29429 29429 D check : expanded2 height=1080
10-18 20:20:34.608 29429 29429 D orientation: onSensorChanged: 4
10-18 20:20:34.608 29429 29429 D orientation: onSensorChanged: 4
10-18 20:20:34.609 29429 29429 D checklines: max= 7174
10-18 20:20:34.609 29429 29429 D check : 7174
10-18 20:20:34.609 29429 29429 D check : expanded2 height=1080
10-18 20:20:34.629 29429 29429 D orientation: onSensorChanged: 4
10-18 20:20:34.652 29429 29429 D checklines: max= 7174
10-18 20:20:34.652 29429 29429 D check : 7174
10-18 20:20:34.652 29429 29429 D check : expanded2 height=1080
10-18 20:20:34.653 29429 29429 D checklines: max= 7174
10-18 20:20:34.653 29429 29429 D check : 7174
10-18 20:20:34.653 29429 29429 D check : expanded2 height=1080
10-18 20:20:34.666 29429 29429 D orientation: onSensorChanged: 4
10-18 20:20:34.691 29429 29429 D checklines: max= 7174
10-18 20:20:34.691 29429 29429 D check : 7174
10-18 20:20:34.691 29429 29429 D check : expanded2 height=1080
10-18 20:20:34.691 29429 29429 D checklines: max= 7174
10-18 20:20:34.691 29429 29429 D check : 7174
10-18 20:20:34.691 29429 29429 D check : expanded2 height=1080
10-18 20:20:34.696 29429 29429 D orientation: onSensorChanged: 4
10-18 20:20:34.757 29429 29429 D orientation: onSensorChanged: 4
10-18 20:20:34.757 29429 29429 D checklines: max= 7174
10-18 20:20:34.758 29429 29429 D check : 7174
10-18 20:20:34.758 29429 29429 D check : expanded2 height=1080
10-18 20:20:34.760 29429 29429 D orientation: onSensorChanged: 4
10-18 20:20:34.769 29429 29429 D orientation: onSensorChanged: 4
10-18 20:20:34.792 29429 29429 D orientation: onSensorChanged: 4
10-18 20:20:34.805 29429 29429 D orientation: onSensorChanged: 4
10-18 20:20:34.815 29429 29429 D checklines: max= 7174
10-18 20:20:34.815 29429 29429 D check : 7174
10-18 20:20:34.815 29429 29429 D check : expanded2 height=1080
10-18 20:20:34.845 29429 29429 D checklines: max= 7174
10-18 20:20:34.845 29429 29429 D check : 7174
10-18 20:20:34.845 29429 29429 D check : expanded2 height=1080
10-18 20:20:34.864 29429 29429 D orientation: onSensorChanged: 4
10-18 20:20:34.864 29429 29429 D checklines: max= 7174
10-18 20:20:34.864 29429 29429 D check : 7174
10-18 20:20:34.864 29429 29429 D check : expanded2 height=1080
10-18 20:20:34.882 29429 29429 D orientation: onSensorChanged: 4
10-18 20:20:34.898 29429 29429 D checklines: max= 7174
10-18 20:20:34.898 29429 29429 D check : 7174
10-18 20:20:34.898 29429 29429 D check : expanded2 height=1080
10-18 20:20:34.922 29429 29429 D checklines: max= 7174
10-18 20:20:34.922 29429 29429 D check : 7174
10-18 20:20:34.922 29429 29429 D check : expanded2 height=1080
10-18 20:20:34.968 29429 29429 D orientation: onSensorChanged: 4
10-18 20:20:34.982 29429 29429 D orientation: onSensorChanged: 4
10-18 20:20:35.021 29429 29429 D orientation: onSensorChanged: 4
10-18 20:20:35.040 29429 29429 D orientation: onSensorChanged: 4
10-18 20:20:35.100 29429 29429 D orientation: onSensorChanged: 4
10-18 20:20:35.108 29429 29429 D checklines: max= 7174
10-18 20:20:35.108 29429 29429 D check : 7174
10-18 20:20:35.108 29429 29429 D check : expanded2 height=1080
10-18 20:20:35.109 29429 29429 D checklines: max= 7174
10-18 20:20:35.109 29429 29429 D check : 7174
10-18 20:20:35.109 29429 29429 D check : expanded2 height=1080
10-18 20:20:35.123 29429 29429 D orientation: onSensorChanged: 4
10-18 20:20:35.138 29429 29429 D checklines: max= 7174
10-18 20:20:35.138 29429 29429 D check : 7174
10-18 20:20:35.138 29429 29429 D check : expanded2 height=1080
10-18 20:20:35.167 29429 29429 D checklines: max= 7174
10-18 20:20:35.167 29429 29429 D check : 7174
10-18 20:20:35.167 29429 29429 D check : expanded2 height=1080
10-18 20:20:35.197 29429 29429 D checklines: max= 7174
10-18 20:20:35.197 29429 29429 D check : 7174
10-18 20:20:35.197 29429 29429 D check : expanded2 height=1080
10-18 20:20:35.244 29429 29429 D orientation: onSensorChanged: 4
10-18 20:20:35.258 29429 29429 D checklines: max= 7174
10-18 20:20:35.258 29429 29429 D check : 7174
10-18 20:20:35.258 29429 29429 D check : expanded2 height=1080
10-18 20:20:35.287 29429 29429 D checklines: max= 7174
10-18 20:20:35.287 29429 29429 D check : 7174
10-18 20:20:35.287 29429 29429 D check : expanded2 height=1080
10-18 20:20:35.287 29429 29429 D checklines: max= 7174
10-18 20:20:35.287 29429 29429 D check : 7174
10-18 20:20:35.287 29429 29429 D check : expanded2 height=1080
10-18 20:20:35.311 29429 29429 D orientation: onSensorChanged: 4
10-18 20:20:35.311 29429 29429 D checklines: max= 7174
10-18 20:20:35.311 29429 29429 D check : 7174
10-18 20:20:35.312 29429 29429 D check : expanded2 height=1080
10-18 20:20:35.312 29429 29429 D checklines: max= 7174
10-18 20:20:35.312 29429 29429 D check : 7174
10-18 20:20:35.312 29429 29429 D check : expanded2 height=1080
10-18 20:20:35.339 29429 29429 D orientation: onSensorChanged: 4
10-18 20:20:35.365 29429 29429 D checklines: max= 7174
10-18 20:20:35.365 29429 29429 D check : 7174
10-18 20:20:35.365 29429 29429 D check : expanded2 height=1080
10-18 20:20:35.388 29429 29429 D orientation: onSensorChanged: 4
10-18 20:20:35.388 29429 29429 D checklines: max= 7174
10-18 20:20:35.388 29429 29429 D check : 7174
10-18 20:20:35.388 29429 29429 D check : expanded2 height=1080
10-18 20:20:35.468 29429 29429 D checklines: max= 7174
10-18 20:20:35.468 29429 29429 D check : 7174
10-18 20:20:35.468 29429 29429 D check : expanded2 height=1080
10-18 20:20:35.486 29429 29429 D checklines: max= 7174
10-18 20:20:35.486 29429 29429 D check : 7174
10-18 20:20:35.486 29429 29429 D check : expanded2 height=1080
10-18 20:20:35.507 29429 29429 D orientation: onSensorChanged: 4
10-18 20:20:35.522 29429 29429 D checklines: max= 7174
10-18 20:20:35.522 29429 29429 D check : 7174
10-18 20:20:35.522 29429 29429 D check : expanded2 height=1080
10-18 20:20:35.547 29429 29429 D checklines: max= 7174
10-18 20:20:35.547 29429 29429 D check : 7174
10-18 20:20:35.547 29429 29429 D check : expanded2 height=1080
10-18 20:20:35.556 29429 29429 D orientation: onSensorChanged: 4
10-18 20:20:35.599 29429 29429 D checklines: max= 7174
10-18 20:20:35.599 29429 29429 D check : 7174
10-18 20:20:35.599 29429 29429 D check : expanded2 height=1080
10-18 20:20:35.620 29429 29429 D orientation: onSensorChanged: 4
10-18 20:20:35.623 29429 29429 D checklines: max= 7174
10-18 20:20:35.623 29429 29429 D check : 7174
10-18 20:20:35.623 29429 29429 D check : expanded2 height=1080
10-18 20:20:35.641 29429 29429 D orientation: onSensorChanged: 4
10-18 20:20:35.653 29429 29429 D orientation: onSensorChanged: 4
10-18 20:20:35.712 29429 29429 D orientation: onSensorChanged: 4
10-18 20:20:35.745 29429 29429 D checklines: max= 7174
10-18 20:20:35.745 29429 29429 D check : 7174
10-18 20:20:35.745 29429 29429 D check : expanded2 height=1080
10-18 20:20:35.791 29429 29429 D orientation: onSensorChanged: 4
10-18 20:20:35.812 29429 29429 D checklines: max= 7174
10-18 20:20:35.812 29429 29429 D check : 7174
10-18 20:20:35.812 29429 29429 D check : expanded2 height=1080
10-18 20:20:35.838 29429 29429 D checklines: max= 7174
10-18 20:20:35.838 29429 29429 D check : 7174
10-18 20:20:35.838 29429 29429 D check : expanded2 height=1080
10-18 20:20:35.853 29429 29429 D orientation: onSensorChanged: 4
10-18 20:20:35.870 29429 29429 D orientation: onSensorChanged: 4
10-18 20:20:35.887 29429 29429 D checklines: max= 7174
10-18 20:20:35.887 29429 29429 D check : 7174
10-18 20:20:35.887 29429 29429 D check : expanded2 height=1080
10-18 20:20:35.891 29429 29429 D orientation: onSensorChanged: 4
