10-18 20:22:16.879 29429 29429 D orientation: onSensorChanged: 4
10-18 20:22:16.917 29429 29429 D checklines: max= 8862
10-18 20:22:16.917 29429 29429 D check : 8862
10-18 20:22:16.917 29429 29429 D check : expanded2 height=1080
10-18 20:22:16.957 29429 29429 D checklines: max= 8862
10-18 20:22:16.957 29429 29429 D check : 8862
10-18 20:22:16.957 29429 29429 D check : expanded2 height=1080
10-18 20:22:16.960 29429 29429 D orientation: onSensorChanged: 4
10-18 20:22:17.000 29429 29429 D orientation: onSensorChanged: 4
10-18 20:22:17.021 29429 29429 D orientation: onSensorChanged: 4
10-18 20:22:17.040 29429 29429 D orientation: onSensorChanged: 4
10-18 20:22:17.061 29429 29429 D orientation: onSensorChanged: 4
10-18 20:22:17.101 29429 29429 D orientation: onSensorChanged: 4
10-18 20:22:17.117 29429 29429 D checklines: max= 8862
10-18 20:22:17.118 29429 29429 D check : 8862
10-18 20:22:17.118 29429 29429 D check : expanded2 height=1080
10-18 20:22:17.122 29429 29429 D orientation: onSensorChanged: 4
10-18 20:22:17.141 29429 29429 D orientation: onSensorChanged: 4
10-18 20:22:17.162 29429 29429 D orientation: onSensorChanged: 4
10-18 20:22:17.182 29429 29429 D orientation: onSensorChanged: 4
10-18 20:22:17.201 29429 29429 D orientation: onSensorChanged: 4
10-18 20:22:17.242 29429 29429 D orientation: onSensorChanged: 4
10-18 20:22:17.262 29429 29429 D orientation: onSensorChanged: 4
10-18 20:22:17.282 29429 29429 D orientation: onSensorChanged: 4
10-18 20:22:17.340 29429 29429 D checklines: max= 8862
10-18 20:22:17.340 29429 29429 D check : 8862
10-18 20:22:17.340 29429 29429 D check : expanded2 height=1080
10-18 20:22:17.380 29429 29429 D checklines: max= 8862
10-18 20:22:17.380 29429 29429 D check : 8862
10-18 20:22:17.381 29429 29429 D check : expanded2 height=1080
10-18 20:22:17.461 29429 29429 D checklines: max= 8862
10-18 20:22:17.461 29429 29429 D check : 8862
10-18 20:22:17.461 29429 29429 D check : expanded2 height=1080
10-18 20:22:17.500 29429 29429 D checklines: max= 8862
10-18 20:22:17.500 29429 29429 D check : 8862
10-18 20:22:17.500 29429 29429 D check : expanded2 height=1080
10-18 20:22:17.521 29429 29429 D checklines: max= 8862
10-18 20:22:17.521 29429 29429 D check : 8862
10-18 20:22:17.521 29429 29429 D check : expanded2 height=1080
10-18 20:22:17.541 29429 29429 D checklines: max= 8862
10-18 20:22:17.541 29429 29429 D check : 8862
10-18 20:22:17.541 29429 29429 D check : expanded2 height=1080
10-18 20:22:17.543 29429 29429 D orientation: onSensorChanged: 1
10-18 20:22:17.561 29429 29429 D checklines: max= 8862
10-18 20:22:17.561 29429 29429 D check : 8862
10-18 20:22:17.561 29429 29429 D check : expanded2 height=1080
10-18 20:22:17.564 29429 29429 D orientation: onSensorChanged: 1
10-18 20:22:17.584 29429 29429 D orientation: onSensorChanged: 1
10-18 20:22:17.601 29429 29429 D checklines: max= 8862
10-18 20:22:17.601 29429 29429 D check : 8862
10-18 20:22:17.601 29429 29429 D check : expanded2 height=1080
10-18 20:22:17.604 29429 29429 D orientation: onSensorChanged: 4
10-18 20:22:17.623 29429 29429 D checklines: max= 8862
10-18 20:22:17.623 29429 29429 D check : 8862
10-18 20:22:17.623 29429 29429 D check : expanded2 height=1080
10-18 20:22:17.624 29429 29429 D orientation: onSensorChanged: 4
10-18 20:22:17.642 29429 29429 D checklines: max= 8862
10-18 20:22:17.642 29429 29429 D check : 8862
10-18 20:22:17.642 29429 29429 D check : expanded2 height=1080
10-18 20:22:17.644 29429 29429 D orientation: onSensorChanged: 4
10-18 20:22:17.664 29429 29429 D checklines: max= 8862
10-18 20:22:17.664 29429 29429 D check : 8862
10-18 20:22:17.664 29429 29429 D check : expanded2 height=1080
10-18 20:22:17.665 29429 29429 D orientation: onSensorChanged: 4
10-18 20:22:17.683 29429 29429 D checklines: max= 8862
10-18 20:22:17.684 29429 29429 D check : 8862
10-18 20:22:17.684 29429 29429 D check : expanded2 height=1080
10-18 20:22:17.685 29429 29429 D orientation: onSensorChanged: 4
10-18 20:22:17.702 29429 29429 D checklines: max= 8862
10-18 20:22:17.702 29429 29429 D check : 8862
10-18 20:22:17.702 29429 29429 D check : expanded2 height=1080
10-18 20:22:17.705 29429 29429 D orientation: onSensorChanged: 4
10-18 20:22:17.726 29429 29429 D orientation: onSensorChanged: 4
10-18 20:22:17.742 29429 29429 D checklines: max= 8862
10-18 20:22:17.742 29429 29429 D check : 8862
10-18 20:22:17.742 29429 29429 D check : expanded2 height=1080
10-18 20:22:17.746 29429 29429 D orientation: onSensorChanged: 4
10-18 20:22:17.763 29429 29429 D checklines: max= 8862
10-18 20:22:17.763 29429 29429 D check : 8862
10-18 20:22:17.763 29429 29429 D check : expanded2 height=1080
10-18 20:22:17.766 29429 29429 D orientation: onSensorChanged: 4
10-18 20:22:17.785 29429 29429 D orientation: onSensorChanged: 4
10-18 20:22:17.806 29429 29429 D orientation: onSensorChanged: 4
10-18 20:22:17.825 29429 29429 D orientation: onSensorChanged: 4
10-18 20:22:17.845 29429 29429 D orientation: onSensorChanged: 4
10-18 20:22:17.866 29429 29429 D orientation: onSensorChanged: 4
10-18 20:22:17.886 29429 29429 D orientation: onSensorChanged: 4
10-18 20:22:17.906 29429 29429 D orientation: onSensorChanged: 4
10-18 20:22:17.926 29429 29429 D orientation: onSensorChanged: 4
10-18 20:22:17.946 29429 29429 D orientation: onSensorChanged: 1
10-18 20:22:17.967 29429 29429 D orientation: onSensorChanged: 1
10-18 20:22:17.987 29429 29429 D orientation: onSensorChanged: 1
10-18 20:22:18.007 29429 29429 D orientation: onSensorChanged: 1
10-18 20:22:18.027 29429 29429 D orientation: onSensorChanged: 1
10-18 20:22:18.047 29429 29429 D orientation: onSensorChanged: 1
10-18 20:22:18.087 29429 29429 D orientation: onSensorChanged: 1
10-18 20:22:18.105 29429 29429 D checklines: max= 8862
10-18 20:22:18.105 29429 29429 D check : 8862
10-18 20:22:18.105 29429 29429 D check : expanded2 height=1080
10-18 20:22:18.107 29429 29429 D orientation: onSensorChanged: 1
10-18 20:22:18.125 29429 29429 D checklines: max= 8862
10-18 20:22:18.125 29429 29429 D check : 8862
10-18 20:22:18.125 29429 29429 D check : expanded2 height=1080
10-18 20:22:18.127 29429 29429 D orientation: onSensorChanged: 1
10-18 20:22:18.145 29429 29429 D checklines: max= 8862
10-18 20:22:18.145 29429 29429 D check : 8862
10-18 20:22:18.145 29429 29429 D check : expanded2 height=1080
10-18 20:22:18.166 29429 29429 D checklines: max= 8862
10-18 20:22:18.166 29429 29429 D check : 8862
10-18 20:22:18.166 29429 29429 D check : expanded2 height=1080
10-18 20:22:18.185 29429 29429 D checklines: max= 8862
10-18 20:22:18.185 29429 29429 D check : 8862
10-18 20:22:18.185 29429 29429 D check : expanded2 height=1080
10-18 20:22:18.189 29429 29429 D orientation: onSensorChanged: 1
10-18 20:22:18.205 29429 29429 D checklines: max= 8862
10-18 20:22:18.206 29429 29429 D check : 8862
10-18 20:22:18.206 29429 29429 D check : expanded2 height=1080
10-18 20:22:18.207 29429 29429 D orientation: onSensorChanged: 1
10-18 20:22:18.226 29429 29429 D checklines: max= 8862
10-18 20:22:18.226 29429 29429 D check : 8862
10-18 20:22:18.226 29429 29429 D check : expanded2 height=1080
10-18 20:22:18.228 29429 29429 D orientation: onSensorChanged: 1
10-18 20:22:18.247 29429 29429 D checklines: max= 8862
10-18 20:22:18.247 29429 29429 D check : 8862
10-18 20:22:18.247 29429 29429 D check : expanded2 height=1080
10-18 20:22:18.248 29429 29429 D orientation: onSensorChanged: 1
10-18 20:22:18.267 29429 29429 D checklines: max= 8862
10-18 20:22:18.267 29429 29429 D check : 8862
10-18 20:22:18.267 29429 29429 D check : expanded2 height=1080
10-18 20:22:18.287 29429 29429 D checklines: max= 8862
10-18 20:22:18.287 29429 29429 D check : 8862
10-18 20:22:18.287 29429 29429 D check : expanded2 height=1080
10-18 20:22:18.288 29429 29429 D orientation: onSensorChanged: 1
10-18 20:22:18.307 29429 29429 D checklines: max= 8862
10-18 20:22:18.307 29429 29429 D check : 8862
10-18 20:22:18.307 29429 29429 D check : expanded2 height=1080
10-18 20:22:18.327 29429 29429 D checklines: max= 8862
10-18 20:22:18.327 29429 29429 D check : 8862
10-18 20:22:18.327 29429 29429 D check : expanded2 height=1080
10-18 20:22:18.328 29429 29429 D orientation: onSensorChanged: 1
10-18 20:22:18.346 29429 29429 D checklines: max= 8862
10-18 20:22:18.346 29429 29429 D check : 8862
10-18 20:22:18.346 29429 29429 D check : expanded2 height=1080
10-18 20:22:18.349 29429 29429 D orientation: onSensorChanged: 1
10-18 20:22:18.367 29429 29429 D checklines: max= 8862
10-18 20:22:18.367 29429 29429 D check : 8862
10-18 20:22:18.367 29429 29429 D check : expanded2 height=1080
10-18 20:22:18.387 29429 29429 D checklines: max= 8862
10-18 20:22:18.387 29429 29429 D check : 8862
10-18 20:22:18.387 29429 29429 D check : expanded2 height=1080
10-18 20:22:18.407 29429 29429 D checklines: max= 8862
10-18 20:22:18.407 29429 29429 D check : 8862
10-18 20:22:18.407 29429 29429 D check : expanded2 height=1080
10-18 20:22:18.409 29429 29429 D orientation: onSensorChanged: 1
10-18 20:22:18.428 29429 29429 D checklines: max= 8862
10-18 20:22:18.428 29429 29429 D check : 8862
10-18 20:22:18.428 29429 29429 D check : expanded2 height=1080
10-18 20:22:18.429 29429 29429 D orientation: onSensorChanged: 1
10-18 20:22:18.449 29429 29429 D orientation: onSensorChanged: 1
10-18 20:22:18.469 29429 29429 D orientation: onSensorChanged: 1
10-18 20:22:18.490 29429 29429 D orientation: onSensorChanged: 1
10-18 20:22:18.509 29429 29429 D orientation: onSensorChanged: 1
10-18 20:22:18.530 29429 29429 D orientation: onSensorChanged: 1
10-18 20:22:18.550 29429 29429 D orientation: onSensorChanged: 1
10-18 20:22:18.571 29429 29429 D orientation: onSensorChanged: 1
10-18 20:22:18.591 29429 29429 D orientation: onSensorChanged: 1
10-18 20:22:18.611 29429 29429 D orientation: onSensorChanged: 1
10-18 20:22:18.631 29429 29429 D orientation: onSensorChanged: 1
10-18 20:22:18.671 29429 29429 D orientation: onSensorChanged: 1
10-18 20:22:18.732 29429 29429 D orientation: onSensorChanged: 1
10-18 20:22:18.752 29429 29429 D orientation: onSensorChanged: 1
10-18 20:22:18.772 29429 29429 D orientation: onSensorChanged: 1
10-18 20:22:18.792 29429 29429 D orientation: onSensorChanged: 1
10-18 20:22:18.873 29429 29429 D orientation: onSensorChanged: 1
10-18 20:22:18.913 29429 29429 D orientation: onSensorChanged: 1
10-18 20:22:18.953 29429 29429 D orientation: onSensorChanged: 1
10-18 20:22:18.972 29429 29429 D orientation: onSensorChanged: 1
10-18 20:22:18.993 29429 29429 D orientation: onSensorChanged: 1
10-18 20:22:19.034 29429 29429 D orientation: onSensorChanged: 1
10-18 20:22:19.053 29429 29429 D orientation: onSensorChanged: 1
10-18 20:22:19.133 29429 29429 D orientation: onSensorChanged: 1
10-18 20:22:19.154 29429 29429 D orientation: onSensorChanged: 1
10-18 20:22:19.215 29429 29429 D orientation: onSensorChanged: 1
10-18 20:22:19.254 29429 29429 D orientation: onSensorChanged: 1
10-18 20:22:19.274 29429 29429 D orientation: onSensorChanged: 1
10-18 20:22:19.314 29429 29429 D orientation: onSensorChanged: 1
10-18 20:22:19.335 29429 29429 D orientation: onSensorChanged: 1
10-18 20:22:19.355 29429 29429 D orientation: onSensorChanged: 1
10-18 20:22:19.375 29429 29429 D orientation: onSensorChanged: 1
10-18 20:22:19.456 29429 29429 D orientation: onSensorChanged: 1
10-18 20:22:19.475 29429 29429 D orientation: onSensorChanged: 1
10-18 20:22:19.495 29429 29429 D orientation: onSensorChanged: 1
10-18 20:22:19.555 29429 29429 D orientation: onSensorChanged: 1
10-18 20:22:19.575 29429 29429 D orientation: onSensorChanged: 1
10-18 20:22:19.596 29429 29429 D orientation: onSensorChanged: 1
10-18 20:22:19.636 29429 29429 D orientation: onSensorChanged: 1
10-18 20:22:19.676 29429 29429 D orientation: onSensorChanged: 1
10-18 20:22:19.758 29429 29429 D orientation: onSensorChanged: 1
10-18 20:22:19.797 29429 29429 D orientation: onSensorChanged: 1
10-18 20:22:19.817 29429 29429 D orientation: onSensorChanged: 1
10-18 20:22:19.858 29429 29429 D orientation: onSensorChanged: 1
10-18 20:22:19.877 29429 29429 D orientation: onSensorChanged: 1
10-18 20:22:19.939 29429 29429 D orientation: onSensorChanged: 1
10-18 20:22:20.059 29429 29429 D orientation: onSensorChanged: 1
10-18 20:22:20.100 29429 29429 D orientation: onSensorChanged: 1
10-18 20:22:20.219 29429 29429 D orientation: onSensorChanged: 1
10-18 20:22:20.239 29429 29429 D orientation: onSensorChanged: 1
10-18 20:22:20.259 29429 29429 D orientation: onSensorChanged: 1
10-18 20:22:20.280 29429 29429 D orientation: onSensorChanged: 1
10-18 20:22:20.300 29429 29429 D orientation: onSensorChanged: 1
10-18 20:22:20.370 29429 29429 D orientation: onSensorChanged: 1
10-18 20:22:20.384 29429 29429 I ScrollIdentify: on fling
10-18 20:22:20.384 29429 29429 D orientation: onSensorChanged: 1
10-18 20:22:20.394 29429 29429 I ScrollIdentify: update state to fling
10-18 20:22:20.394 29429 29429 W ScrollPolicy: cannot found render thread
10-18 20:22:20.400 29429 29429 D orientation: onSensorChanged: 1
10-18 20:22:20.444 29429 29429 D orientation: onSensorChanged: 1
10-18 20:22:20.444 29429 29429 D orientation: onSensorChanged: 1
10-18 20:22:20.445 29429 29429 I Quality : Skipped: true 1 cost 23.931463
refreshRate 16666667 bit true processName com.corepix.videorecording
10-18 20:22:20.479 29429 29429 I ScrollIdentify: update state to finish
10-18 20:22:20.479 29429 29429 W ScrollPolicy: cannot found render thread
10-18 20:22:20.483 29429 29429 W Choreographer: Already have a pending vsync event.
There should only be one at a time.
10-18 20:22:20.484 29429 29429 D orientation: onSensorChanged: 1
10-18 20:22:20.484 29429 29429 D orientation: onSensorChanged: 1
10-18 20:22:20.484 29429 29429 I Quality : Skipped: true 1 cost 29.684591
refreshRate 16748857 bit true processName com.corepix.videorecording
10-18 20:22:20.522 29429 29429 D orientation: onSensorChanged: 1
10-18 20:22:20.522 29429 29429 I Quality : Skipped: true 2 cost 33.950756
refreshRate 16748857 bit true processName com.corepix.videorecording
10-18 20:22:20.560 29429 29429 D orientation: onSensorChanged: 1
10-18 20:22:20.560 29429 29429 I Quality : Skipped: false 1 cost 21.865206
refreshRate 16750399 bit true processName com.corepix.videorecording
10-18 20:22:20.581 29429 29429 D orientation: onSensorChanged: 1
10-18 20:22:20.621 29429 29429 D orientation: onSensorChanged: 1
10-18 20:22:20.682 29429 29429 D orientation: onSensorChanged: 1
10-18 20:22:20.763 29429 29429 D orientation: onSensorChanged: 1
10-18 20:22:20.803 29429 29429 D orientation: onSensorChanged: 1
10-18 20:22:20.824 29429 29429 D orientation: onSensorChanged: 1
10-18 20:22:20.924 29429 29429 D orientation: onSensorChanged: 1
10-18 20:22:20.945 29429 29429 D orientation: onSensorChanged: 1
10-18 20:22:21.004 29429 29429 D orientation: onSensorChanged: 1
10-18 20:22:21.225 29429 29429 D orientation: onSensorChanged: 1
10-18 20:22:21.246 29429 29429 D orientation: onSensorChanged: 1
10-18 20:22:21.286 29429 29429 D orientation: onSensorChanged: 1
10-18 20:22:21.407 29429 29429 D orientation: onSensorChanged: 1
10-18 20:22:21.528 29429 29429 D orientation: onSensorChanged: 1
10-18 20:22:21.568 29429 29429 D orientation: onSensorChanged: 1
10-18 20:22:21.629 29429 29429 D orientation: onSensorChanged: 1
10-18 20:22:21.669 29429 29429 D orientation: onSensorChanged: 1
10-18 20:22:21.850 29429 29429 D orientation: onSensorChanged: 1
10-18 20:22:21.869 29429 29429 D orientation: onSensorChanged: 1
10-18 20:22:21.910 29429 29429 D orientation: onSensorChanged: 1
10-18 20:22:21.951 29429 29429 D orientation: onSensorChanged: 1
10-18 20:22:22.011 29429 29429 D orientation: onSensorChanged: 1
10-18 20:22:22.171 29429 29429 D orientation: onSensorChanged: 1
10-18 20:22:22.212 29429 29429 D orientation: onSensorChanged: 1
10-18 20:22:22.312 29429 29429 D orientation: onSensorChanged: 1
10-18 20:22:22.374 29429 29429 D orientation: onSensorChanged: 1
10-18 20:22:22.454 29429 29429 D orientation: onSensorChanged: 1
10-18 20:22:22.514 29429 29429 D orientation: onSensorChanged: 1
10-18 20:22:22.555 29429 29429 D orientation: onSensorChanged: 1
10-18 20:22:22.615 29429 29429 D orientation: onSensorChanged: 1
10-18 20:22:22.696 29429 29429 D orientation: onSensorChanged: 1
10-18 20:22:22.736 29429 29429 D orientation: onSensorChanged: 1
10-18 20:22:22.756 29429 29429 D orientation: onSensorChanged: 1
10-18 20:22:22.795 29429 29429 D orientation: onSensorChanged: 1
10-18 20:22:22.857 29429 29429 D orientation: onSensorChanged: 1
10-18 20:22:22.876 29429 29429 D orientation: onSensorChanged: 1
10-18 20:22:22.896 29429 29429 D orientation: onSensorChanged: 1
10-18 20:22:22.916 29429 29429 D orientation: onSensorChanged: 1
10-18 20:22:22.936 29429 29429 D orientation: onSensorChanged: 1
10-18 20:22:22.989 29429 29429 E RippleDrawable: The RippleDrawable.STYLE_PATTERNED
animation is not supported for a non-hardware accelerated Canvas. Skipping
animation.
10-18 20:22:22.991 29429 29429 D orientation: onSensorChanged: 1
10-18 20:22:22.991 29429 29429 D orientation: onSensorChanged: 1
10-18 20:22:23.038 29429 29429 E RippleDrawable: The RippleDrawable.STYLE_PATTERNED
animation is not supported for a non-hardware accelerated Canvas. Skipping
animation.
10-18 20:22:23.039 29429 29429 D orientation: onSensorChanged: 1
10-18 20:22:23.039 29429 29429 D orientation: onSensorChanged: 1
10-18 20:22:23.039 29429 29429 I Quality : Skipped: false 1 cost 23.452175
refreshRate 16666667 bit true processName com.corepix.videorecording
10-18 20:22:23.077 29429 29429 E RippleDrawable: The RippleDrawable.STYLE_PATTERNED
animation is not supported for a non-hardware accelerated Canvas. Skipping
animation.
10-18 20:22:23.078 29429 29429 I Quality : Skipped: false 1 cost 28.675148
refreshRate 16666667 bit true processName com.corepix.videorecording
10-18 20:22:23.115 29429 29429 E RippleDrawable: The RippleDrawable.STYLE_PATTERNED
animation is not supported for a non-hardware accelerated Canvas. Skipping
animation.
10-18 20:22:23.117 29429 29429 D orientation: onSensorChanged: 1
10-18 20:22:23.117 29429 29429 I Quality : Skipped: false 1 cost 32.16576
refreshRate 16814141 bit true processName com.corepix.videorecording
10-18 20:22:23.154 29429 29429 E RippleDrawable: The RippleDrawable.STYLE_PATTERNED
animation is not supported for a non-hardware accelerated Canvas. Skipping
animation.
10-18 20:22:23.155 29429 29429 D orientation: onSensorChanged: 1
10-18 20:22:23.155 29429 29429 I Quality : Skipped: false 2 cost 36.86865
refreshRate 16831328 bit true processName com.corepix.videorecording
10-18 20:22:23.193 29429 29429 E RippleDrawable: The RippleDrawable.STYLE_PATTERNED
animation is not supported for a non-hardware accelerated Canvas. Skipping
animation.
10-18 20:22:23.194 29429 29429 D orientation: onSensorChanged: 1
10-18 20:22:23.194 29429 29429 I Quality : Skipped: false 1 cost 25.149588
refreshRate 16819072 bit true processName com.corepix.videorecording
10-18 20:22:23.231 29429 29429 E RippleDrawable: The RippleDrawable.STYLE_PATTERNED
animation is not supported for a non-hardware accelerated Canvas. Skipping
animation.
10-18 20:22:23.233 29429 29429 I Quality : Skipped: false 1 cost 30.274292
refreshRate 16819072 bit true processName com.corepix.videorecording
10-18 20:22:23.270 29429 29429 E RippleDrawable: The RippleDrawable.STYLE_PATTERNED
animation is not supported for a non-hardware accelerated Canvas. Skipping
animation.
10-18 20:22:23.271 29429 29429 D orientation: onSensorChanged: 1
10-18 20:22:23.272 29429 29429 I Quality : Skipped: false 2 cost 35.812416
refreshRate 16812431 bit true processName com.corepix.videorecording
10-18 20:22:23.309 29429 29429 E RippleDrawable: The RippleDrawable.STYLE_PATTERNED
animation is not supported for a non-hardware accelerated Canvas. Skipping
animation.
10-18 20:22:23.310 29429 29429 D orientation: onSensorChanged: 1
10-18 20:22:23.311 29429 29429 I Quality : Skipped: false 1 cost 24.419086
refreshRate 16799164 bit true processName com.corepix.videorecording
10-18 20:22:23.348 29429 29429 E RippleDrawable: The RippleDrawable.STYLE_PATTERNED
animation is not supported for a non-hardware accelerated Canvas. Skipping
animation.
10-18 20:22:23.349 29429 29429 D orientation: onSensorChanged: 1
10-18 20:22:23.349 29429 29429 I Quality : Skipped: true 1 cost 29.649248
refreshRate 16799164 bit true processName com.corepix.videorecording
10-18 20:22:23.386 29429 29429 E RippleDrawable: The RippleDrawable.STYLE_PATTERNED
animation is not supported for a non-hardware accelerated Canvas. Skipping
animation.
10-18 20:22:23.387 29429 29429 D orientation: onSensorChanged: 1
10-18 20:22:23.388 29429 29429 I Quality : Skipped: true 2 cost 34.488052
refreshRate 16794390 bit true processName com.corepix.videorecording
10-18 20:22:23.425 29429 29429 E RippleDrawable: The RippleDrawable.STYLE_PATTERNED
animation is not supported for a non-hardware accelerated Canvas. Skipping
animation.
10-18 20:22:23.426 29429 29429 I Quality : Skipped: true 1 cost 22.524843
refreshRate 16786770 bit true processName com.corepix.videorecording
10-18 20:22:23.464 29429 29429 D orientation: onSensorChanged: 1
10-18 20:22:23.464 29429 29429 I Quality : Skipped: false 1 cost 27.54928
refreshRate 16786770 bit true processName com.corepix.videorecording
10-18 20:22:23.479 29429 29429 D orientation: onSensorChanged: 1
10-18 20:22:24.003 29429 29429 D orientation: onSensorChanged: 1
10-18 20:22:24.024 29429 29429 D orientation: onSensorChanged: 1
10-18 20:22:24.304 29429 29429 D orientation: onSensorChanged: 1
10-18 20:22:24.344 29429 29429 D orientation: onSensorChanged: 1
10-18 20:22:24.646 29429 29429 D orientation: onSensorChanged: 1
10-18 20:22:24.666 29429 29429 D orientation: onSensorChanged: 1
10-18 20:22:25.090 29429 29429 D orientation: onSensorChanged: 1
10-18 20:22:25.130 29429 29429 D orientation: onSensorChanged: 1
10-18 20:22:25.209 29429 29429 D orientation: onSensorChanged: 1
10-18 20:22:25.226 29429 30272 E ActivityThread: Failed to find provider info for
com.oplus.statistics.provider
10-18 20:22:25.226 29429 30272 E OplusStatistics--:
IllegalArgumentException:java.lang.IllegalArgumentException: Unknown URL
content://com.oplus.statistics.provider/track_event
10-18 20:22:25.271 29429 29429 D orientation: onSensorChanged: 1
10-18 20:22:25.351 29429 29429 D orientation: onSensorChanged: 1
10-18 20:22:25.372 29429 29429 D orientation: onSensorChanged: 1
10-18 20:22:25.413 29429 29429 D orientation: onSensorChanged: 1
10-18 20:22:25.432 29429 29429 D orientation: onSensorChanged: 1
10-18 20:22:25.451 29429 29429 D orientation: onSensorChanged: 1
10-18 20:22:25.472 29429 29429 D orientation: onSensorChanged: 1
10-18 20:22:25.523 29429 29429 E RippleDrawable: The RippleDrawable.STYLE_PATTERNED
animation is not supported for a non-hardware accelerated Canvas. Skipping
animation.
10-18 20:22:25.524 29429 29429 D orientation: onSensorChanged: 1
10-18 20:22:25.586 29429 29429 E RippleDrawable: The RippleDrawable.STYLE_PATTERNED
animation is not supported for a non-hardware accelerated Canvas. Skipping
animation.
10-18 20:22:25.588 29429 29429 I Quality : Skipped: false 2 cost 38.375793
refreshRate 16666667 bit true processName com.corepix.videorecording
10-18 20:22:25.627 29429 29429 E RippleDrawable: The RippleDrawable.STYLE_PATTERNED
animation is not supported for a non-hardware accelerated Canvas. Skipping
animation.
10-18 20:22:25.632 29429 29429 D orientation: onSensorChanged: 1
10-18 20:22:25.632 29429 29429 I Quality : Skipped: false 1 cost 33.196945
refreshRate 16666667 bit true processName com.corepix.videorecording
10-18 20:22:25.671 29429 29429 E RippleDrawable: The RippleDrawable.STYLE_PATTERNED
animation is not supported for a non-hardware accelerated Canvas. Skipping
animation.
10-18 20:22:25.672 29429 29429 I Quality : Skipped: false 1 cost 26.044922
refreshRate 16434675 bit true processName com.corepix.videorecording
10-18 20:22:25.710 29429 29429 E RippleDrawable: The RippleDrawable.STYLE_PATTERNED
animation is not supported for a non-hardware accelerated Canvas. Skipping
animation.
10-18 20:22:25.711 29429 29429 D orientation: onSensorChanged: 1
10-18 20:22:25.711 29429 29429 I Quality : Skipped: false 1 cost 32.03465
refreshRate 16434675 bit true processName com.corepix.videorecording
10-18 20:22:25.749 29429 29429 E RippleDrawable: The RippleDrawable.STYLE_PATTERNED
animation is not supported for a non-hardware accelerated Canvas. Skipping
animation.
10-18 20:22:25.750 29429 29429 I Quality : Skipped: false 2 cost 37.387005
refreshRate 16475687 bit true processName com.corepix.videorecording
10-18 20:22:25.787 29429 29429 E RippleDrawable: The RippleDrawable.STYLE_PATTERNED
animation is not supported for a non-hardware accelerated Canvas. Skipping
animation.
10-18 20:22:25.789 29429 29429 I Quality : Skipped: false 1 cost 26.182943
refreshRate 16500472 bit true processName com.corepix.videorecording
10-18 20:22:25.826 29429 29429 E RippleDrawable: The RippleDrawable.STYLE_PATTERNED
animation is not supported for a non-hardware accelerated Canvas. Skipping
animation.
10-18 20:22:25.827 29429 29429 I Quality : Skipped: false 1 cost 31.293772
refreshRate 16525864 bit true processName com.corepix.videorecording
10-18 20:22:25.865 29429 29429 E RippleDrawable: The RippleDrawable.STYLE_PATTERNED
animation is not supported for a non-hardware accelerated Canvas. Skipping
animation.
10-18 20:22:25.866 29429 29429 I Quality : Skipped: true 2 cost 36.22666
refreshRate 16554944 bit true processName com.corepix.videorecording
10-18 20:22:25.903 29429 29429 E RippleDrawable: The RippleDrawable.STYLE_PATTERNED
animation is not supported for a non-hardware accelerated Canvas. Skipping
animation.
10-18 20:22:25.904 29429 29429 D orientation: onSensorChanged: 1
10-18 20:22:25.904 29429 29429 D orientation: onSensorChanged: 1
10-18 20:22:25.904 29429 29429 I Quality : Skipped: true 1 cost 24.491768
refreshRate 16596740 bit true processName com.corepix.videorecording
10-18 20:22:25.945 29429 29429 E RippleDrawable: The RippleDrawable.STYLE_PATTERNED
animation is not supported for a non-hardware accelerated Canvas. Skipping
animation.
10-18 20:22:25.947 29429 29429 D orientation: onSensorChanged: 1
10-18 20:22:25.947 29429 29429 I Quality : Skipped: true 2 cost 33.457085
refreshRate 16596740 bit true processName com.corepix.videorecording
10-18 20:22:25.993 29429 29429 E RippleDrawable: The RippleDrawable.STYLE_PATTERNED
animation is not supported for a non-hardware accelerated Canvas. Skipping
animation.
10-18 20:22:25.994 29429 29429 I Quality : Skipped: true 1 cost 30.740736
refreshRate 16627713 bit true processName com.corepix.videorecording
10-18 20:22:26.038 29429 29429 D orientation: onSensorChanged: 1
10-18 20:22:26.038 29429 29429 I Quality : Skipped: false 2 cost 40.509777
refreshRate 16627713 bit true processName com.corepix.videorecording
10-18 20:22:26.135 29429 29429 D orientation: onSensorChanged: 1
10-18 20:22:26.155 29429 29429 D orientation: onSensorChanged: 1
10-18 20:22:26.237 29429 29429 D orientation: onSensorChanged: 1
10-18 20:22:26.256 29429 29429 D orientation: onSensorChanged: 1
10-18 20:22:26.277 29429 29429 D orientation: onSensorChanged: 1
10-18 20:22:26.297 29429 29429 D orientation: onSensorChanged: 1
10-18 20:22:26.317 29429 29429 D orientation: onSensorChanged: 1
10-18 20:22:26.337 29429 29429 D orientation: onSensorChanged: 1
10-18 20:22:26.377 29429 29429 D orientation: onSensorChanged: 1
10-18 20:22:26.498 29429 29429 D orientation: onSensorChanged: 1
10-18 20:22:26.517 29429 29429 D orientation: onSensorChanged: 1
10-18 20:22:26.558 29429 29429 D orientation: onSensorChanged: 1
10-18 20:22:26.618 29429 29429 D orientation: onSensorChanged: 1
10-18 20:22:26.638 29429 29429 D orientation: onSensorChanged: 1
10-18 20:22:26.658 29429 29429 D orientation: onSensorChanged: 1
10-18 20:22:26.699 29429 29429 D orientation: onSensorChanged: 1
10-18 20:22:26.719 29429 29429 D orientation: onSensorChanged: 1
10-18 20:22:26.739 29429 29429 D orientation: onSensorChanged: 1
10-18 20:22:26.759 29429 29429 D orientation: onSensorChanged: 1
10-18 20:22:26.780 29429 29429 D orientation: onSensorChanged: 1
10-18 20:22:26.799 29429 29429 D orientation: onSensorChanged: 1
10-18 20:22:26.818 29429 29429 D orientation: onSensorChanged: 1
10-18 20:22:26.840 29429 29429 D orientation: onSensorChanged: 1
10-18 20:22:26.860 29429 29429 D orientation: onSensorChanged: 1
10-18 20:22:26.899 29429 29429 D orientation: onSensorChanged: 1
10-18 20:22:27.001 29429 29429 D orientation: onSensorChanged: 1
10-18 20:22:27.143 29429 29429 D orientation: onSensorChanged: 1
10-18 20:22:27.162 29429 29429 D orientation: onSensorChanged: 1
10-18 20:22:27.282 29429 29429 D orientation: onSensorChanged: 1
10-18 20:22:27.343 29429 29429 D orientation: onSensorChanged: 1
10-18 20:22:27.363 29429 29429 D orientation: onSensorChanged: 1
10-18 20:22:27.403 29429 29429 D orientation: onSensorChanged: 1
10-18 20:22:27.418 29429 29429 D Activity:
com.smartvlogger.Activity.SettingsActivity@a6080b2onBackPressed!
10-18 20:22:27.425 29429 30330 D VRI[CameraActivity]: dispatchAppVisibility
visible:true
10-18 20:22:27.434 29429 30261 D libMEOW : meow delete tls: 0xb400007b61346e00
10-18 20:22:27.435 29429 29429 D OplusScrollToTopManager:
com.corepix.videorecording/com.smartvlogger.Activity.CameraActivity,window dying
10-18 20:22:27.435 29429 29429 D OplusScrollToTopManager:
com.corepix.videorecording/com.smartvlogger.Activity.CameraActivity,unregisterSyste
mUIBroadcastReceiver
10-18 20:22:27.435 29429 29429 D OplusScrollToTopManager:
com.corepix.videorecording/com.smartvlogger.Activity.CameraActivity,
unregisterSystemUIBroadcastReceiver failed java.lang.IllegalArgumentException:
Receiver not registered: android.view.OplusScrollToTopManager$2@5f5671
10-18 20:22:27.437 29429 29429 V ZoomWindowDecorView: removeZoomView
10-18 20:22:27.446 29429 29429 D call : On create
10-18 20:22:27.457 29429 29429 I oplus.android.OplusFrameworkFactoryImpl: get
feature:IOplusDynamicVsyncFeature
10-18 20:22:27.457 29429 29429 I oplus.android.OplusFrameworkFactoryImpl: get
feature:IOplusDynamicVsyncFeature
10-18 20:22:27.457 29429 29429 I oplus.android.OplusFrameworkFactoryImpl: get
feature:IOplusDynamicVsyncFeature
10-18 20:22:27.465 29429 29429 V SystemSensorManagerExtImpl: RegisterListener
bmi2xy_acc ACCELEROMETER type:1 delay:20000us by
com.smartvlogger.Activity.CameraActivity$8@e640f42 from com.corepix.videorecording
10-18 20:22:27.467 29429 29429 E oru : potr
10-18 20:22:27.471 29429 29429 D test : 360 720
10-18 20:22:27.471 29429 29429 D test : width= 1080 height= 2160
10-18 20:22:27.471 29429 29429 D call : On Resume
10-18 20:22:27.472 29429 29429 E TAG : शाम से आज साँस भारी है
10-18 20:22:27.472 29429 29429 E TAG : बे-क़रारी सी बे-क़रारी है
10-18 20:22:27.472 29429 29429 E TAG :
10-18 20:22:27.472 29429 29429 E TAG : आप के बा'द हर घड़ी हम ने
10-18 20:22:27.472 29429 29429 E TAG : आप के साथ ही गुज़ारी है
10-18 20:22:27.472 29429 29429 E TAG :
10-18 20:22:27.472 29429 29429 E TAG : रात को दे दो चाँदनी की रिदा
10-18 20:22:27.472 29429 29429 E TAG : दिन की चादर अभी उतारी है
10-18 20:22:27.472 29429 29429 E TAG :
10-18 20:22:27.472 29429 29429 E TAG : शाख़ पर कोई क़हक़हा तो खिले
10-18 20:22:27.472 29429 29429 E TAG : कैसी चुप सी चमन में तारी है
10-18 20:22:27.472 29429 29429 E TAG :
10-18 20:22:27.472 29429 29429 E TAG : कल का हर वाक़िआ' तुम्हारा था
10-18 20:22:27.472 29429 29429 E TAG : आज की दास्ताँ हमारी है
10-18 20:22:27.472 29429 29429 D test : 360 720
10-18 20:22:27.472 29429 29429 D test : width= 1080 height= 2160
10-18 20:22:27.473 29429 29429 V SystemSensorManagerExtImpl: RegisterListener
bmi2xy_acc ACCELEROMETER type:1 delay:200000us by
android.view.OrientationEventListener$SensorEventListenerImpl@55961bc from
com.corepix.videorecording
10-18 20:22:27.477 29429 29429 D WindowManager: Add to mViews:
DecorView@b38dda8[CameraActivity],pkg= com.corepix.videorecording
10-18 20:22:27.480 29429 30252 I OplusCameraUtils: current activityName:
com.smartvlogger.Activity.CameraActivity
10-18 20:22:27.480 29429 30252 I OplusCameraUtils: getComponentName, componentName:
com.corepix.videorecording/com.smartvlogger.Activity.CameraActivity,
packageName:com.corepix.videorecording,
activityName:com.smartvlogger.Activity.CameraActivity
10-18 20:22:27.481 29429 29429 D InputEventReceiver: Input log is disabled
10-18 20:22:27.482 29429 29429 D VRI[SettingsActivity]: onFocusEvent false
10-18 20:22:27.482 29429 29429 D orientation: onSensorChanged: 1
10-18 20:22:27.482 29429 29429 D orientation: onSensorChanged: 1
10-18 20:22:27.482 29429 29429 I Quality : Skipped: false 0 cost 10.983693
refreshRate 16666667 bit true processName com.corepix.videorecording
10-18 20:22:27.482 29429 29429 E OplusBracketLog: [OplusViewMirrorManager]
updateHostViewRootIfNeeded, not support android.view.ViewRootImpl@10b084a
10-18 20:22:27.484 29429 29429 I SurfaceView: 120783064 onAttachedToWindow
10-18 20:22:27.497 29429 29429 D BufferQueueConsumer: [](id:72f50000000b,api:0,p:-
1,c:29429) connect: controlledByApp=false
10-18 20:22:27.497 29429 29429 E IPCThreadState: attemptIncStrongHandle(108): Not
supported
10-18 20:22:27.497 29429 29429 E IPCThreadState: attemptIncStrongHandle(80): Not
supported
10-18 20:22:27.498 29429 29429 V ZoomWindowDecorView:
setLastReportedMergedConfiguration mZoomDisplayHeight: 2412 getDecorView.188276136
10-18 20:22:27.499 29429 29429 D checklines: main height =6148
10-18 20:22:27.499 29429 29429 D checklines: 236
10-18 20:22:27.499 29429 29429 D checklines: max= 6148
10-18 20:22:27.499 29429 29429 D checklines: lines = 26 onewordheight =211
textheight = 6136 totalheight700 scrollview geight = 6836
10-18 20:22:27.499 29429 29429 D checklines: 236
10-18 20:22:27.499 29429 29429 D checklines: max= 6148
10-18 20:22:27.499 29429 29429 D checklines: lines = 26 onewordheight =211
textheight = 6136 totalheight700 scrollview geight = 6836
10-18 20:22:27.502 29429 30252 D OplusCameraStatisticsManager: addInfo, eventMap:
{halLevel=1, cameraId=0, pkgName=com.corepix.videorecording,
connentTime=1729263147502, apLevel=1}
10-18 20:22:27.507 29429 29429 D BufferQueueConsumer: [](id:72f50000000c,api:0,p:-
1,c:29429) connect: controlledByApp=false
10-18 20:22:27.507 29429 29429 I SurfaceView: 120783064 visibleChanged --
surfaceCreated
10-18 20:22:27.507 29429 29429 I SurfaceView: 120783064 surfaceChanged -- format=4
w=1080 h=2292
10-18 20:22:27.507 29429 30400 D libMEOW : meow new tls: 0xb400007be1bb1a00
10-18 20:22:27.508 29429 30400 D libMEOW : applied 1 plugins for
[com.corepix.videorecording]:
10-18 20:22:27.508 29429 30400 D libMEOW : plugin 1: [libMEOW_gift.so]:
0xb400007bd615c840
10-18 20:22:27.508 29429 30400 D libMEOW : rebuild call chain: 0xb400007b613a0f40
10-18 20:22:27.513 29429 30400 D BufferQueueConsumer: [](id:72f50000000d,api:0,p:-
1,c:29429) connect: controlledByApp=true
10-18 20:22:27.516 29429 30400 D BLASTBufferQueue:
[SurfaceView[com.corepix.videorecording/com.smartvlogger.Activity.CameraActivity]#1
1](f:0,a:1) acquireNextBufferLocked size=1080x2292 mFrameNumber=1
applyTransaction=true mTimestamp=139467088058697(auto) mPendingTransactions.size=0
graphicBufferId=126396592554036 transform=0
10-18 20:22:27.526 29429 29429 D BLASTBufferQueue: [VRI[CameraActivity]
[com.corepix.videorecording/com.smartvlogger.Activity.CameraActivity]#10](f:0,a:1)
acquireNextBufferLocked size=1080x2292 mFrameNumber=1 applyTransaction=true
mTimestamp=139467097855389(auto) mPendingTransactions.size=0
graphicBufferId=126396592554035 transform=0
10-18 20:22:27.526 29429 29429 D VRI[CameraActivity]: draw finished.
10-18 20:22:27.526 29429 29429 D event : 3
10-18 20:22:27.529 29429 29429 I Quality : Skipped: false 2 cost 38.97405
refreshRate 16666667 bit true processName com.corepix.videorecording
10-18 20:22:27.579 29429 29429 D orientation: onSensorChanged: 1
10-18 20:22:27.579 29429 29429 D orientation: onSensorChanged: 1
10-18 20:22:27.579 29429 29429 D orientation: onSensorChanged: 1
10-18 20:22:27.582 29429 29429 I Quality : Skipped: false 2 cost 42.361103
refreshRate 16666667 bit true processName com.corepix.videorecording
10-18 20:22:27.591 29429 29429 D VRI[CameraActivity]: draw finished.
10-18 20:22:27.632 29429 29429 D orientation: onSensorChanged: 1
10-18 20:22:27.632 29429 29429 D VRI[CameraActivity]: onFocusEvent true
10-18 20:22:27.633 29429 29429 I Quality : Skipped: true 2 cost 42.57107
refreshRate 16752285 bit true processName com.corepix.videorecording
10-18 20:22:27.669 29429 29429 D orientation: onSensorChanged: 1
10-18 20:22:27.671 29429 29429 I Quality : Skipped: true 1 cost 30.471788
refreshRate 16751836 bit true processName com.corepix.videorecording
10-18 20:22:27.707 29429 29429 D orientation: onSensorChanged: 1
10-18 20:22:27.707 29429 29429 I Quality : Skipped: false 1 cost 32.629017
refreshRate 16751836 bit true processName com.corepix.videorecording
10-18 20:22:27.760 29429 29429 D orientation: onSensorChanged: 1
10-18 20:22:27.774 29429 30400 I mali_config: @get_buffer_dataspace_setting: update
dataspace from GE (0x00000000 -> 0x08020000)
10-18 20:22:27.779 29429 29429 D orientation: onSensorChanged: 1
10-18 20:22:27.820 29429 29429 D orientation: onSensorChanged: 1
10-18 20:22:27.820 29429 30400 I mali_config: @get_buffer_dataspace_setting: update
dataspace from GE (0x00000000 -> 0x08020000)
10-18 20:22:27.859 29429 29429 D orientation: onSensorChanged: 1
10-18 20:22:27.861 29429 30400 I mali_config: @get_buffer_dataspace_setting: update
dataspace from GE (0x00000000 -> 0x08020000)
10-18 20:22:27.887 29429 30400 I mali_config: @get_buffer_dataspace_setting: update
dataspace from GE (0x00000000 -> 0x08020000)
10-18 20:22:27.898 29429 29429 D orientation: onSensorChanged: 1
10-18 20:22:27.920 29429 30400 I mali_config: @get_buffer_dataspace_setting: update
dataspace from GE (0x00000000 -> 0x08020000)
10-18 20:22:27.938 29429 29429 D orientation: onSensorChanged: 1
10-18 20:22:27.952 29429 30400 I mali_config: @get_buffer_dataspace_setting: update
dataspace from GE (0x00000000 -> 0x08020000)
10-18 20:22:27.958 29429 29429 D orientation: onSensorChanged: 1
10-18 20:22:27.988 29429 30400 I mali_config: @get_buffer_dataspace_setting: update
dataspace from GE (0x00000000 -> 0x08020000)
10-18 20:22:27.997 29429 29429 D orientation: onSensorChanged: 1
10-18 20:22:28.031 29429 30330 D VRI[SettingsActivity]: dispatchAppVisibility
visible:false
10-18 20:22:28.035 29429 29429 D orientation: onSensorChanged: 1
10-18 20:22:28.049 29429 29429 D BLASTBufferQueue: [VRI[SettingsActivity]
[com.corepix.videorecording/com.smartvlogger.Activity.SettingsActivity]#9](f:0,a:1)
destructor()
10-18 20:22:28.049 29429 29429 D BufferQueueConsumer: [VRI[SettingsActivity]
[com.corepix.videorecording/com.smartvlogger.Activity.SettingsActivity]#9(BLAST
Consumer)9](id:72f50000000a,api:0,p:-1,c:29429) disconnect
10-18 20:22:28.049 29429 29429 D VRI[SettingsActivity]: setWindowStopped
stopped:true
10-18 20:22:28.050 29429 29429 D OplusScrollToTopManager:
com.corepix.videorecording/com.smartvlogger.Activity.SettingsActivity,window dying
10-18 20:22:28.050 29429 29429 D OplusScrollToTopManager:
com.corepix.videorecording/com.smartvlogger.Activity.SettingsActivity,unregisterSys
temUIBroadcastReceiver
10-18 20:22:28.051 29429 29429 D OplusScrollToTopManager:
com.corepix.videorecording/com.smartvlogger.Activity.SettingsActivity,
unregisterSystemUIBroadcastReceiver failed java.lang.IllegalArgumentException:
Receiver not registered: android.view.OplusScrollToTopManager$2@3362076
10-18 20:22:28.053 29429 29429 V ZoomWindowDecorView: removeZoomView
10-18 20:22:28.059 29429 30400 I mali_config: @get_buffer_dataspace_setting: update
dataspace from GE (0x00000000 -> 0x08020000)
10-18 20:22:28.077 29429 29429 D orientation: onSensorChanged: 1
10-18 20:22:28.116 29429 29429 D orientation: onSensorChanged: 1
10-18 20:22:28.136 29429 29429 D orientation: onSensorChanged: 1
10-18 20:22:28.155 29429 29429 D orientation: onSensorChanged: 1
10-18 20:22:28.175 29429 29429 D orientation: onSensorChanged: 1
10-18 20:22:28.294 29429 29429 D orientation: onSensorChanged: 1
10-18 20:22:28.353 29429 29429 D orientation: onSensorChanged: 1
10-18 20:22:28.452 29429 29429 D orientation: onSensorChanged: 1
10-18 20:22:28.610 29429 29429 D orientation: onSensorChanged: 1
10-18 20:22:28.633 29429 29429 D orientation: onSensorChanged: 1
10-18 20:22:28.669 29429 29429 D OplusScrollToTopManager:
com.corepix.videorecording/com.smartvlogger.Activity.CameraActivity,This
DecorView@b38dda8[CameraActivity] change focus to true
10-18 20:22:28.671 29429 29429 D orientation: onSensorChanged: 1
10-18 20:22:29.045 29429 29429 D orientation: onSensorChanged: 1
10-18 20:22:29.065 29429 29429 D orientation: onSensorChanged: 1
10-18 20:22:29.104 29429 29429 D orientation: onSensorChanged: 1
10-18 20:22:29.243 29429 29429 D orientation: onSensorChanged: 1
10-18 20:22:29.283 29429 29429 D orientation: onSensorChanged: 1
10-18 20:22:29.342 29429 29429 D orientation: onSensorChanged: 1
10-18 20:22:29.382 29429 29429 D orientation: onSensorChanged: 1
10-18 20:22:29.420 29429 29429 D orientation: onSensorChanged: 1
10-18 20:22:29.443 29429 29429 D orientation: onSensorChanged: 1
10-18 20:22:29.482 29429 29429 D orientation: onSensorChanged: 1
10-18 20:22:29.519 29429 29429 D orientation: onSensorChanged: 1
10-18 20:22:29.543 29429 29429 D orientation: onSensorChanged: 1
10-18 20:22:29.559 29429 29429 D orientation: onSensorChanged: 1
10-18 20:22:29.598 29429 29429 D orientation: onSensorChanged: 1
10-18 20:22:29.621 29429 29429 D orientation: onSensorChanged: 1
10-18 20:22:29.697 29429 29429 D orientation: onSensorChanged: 1
10-18 20:22:29.717 29429 29429 D orientation: onSensorChanged: 1
10-18 20:22:29.757 29429 29429 D orientation: onSensorChanged: 1
10-18 20:22:29.796 29429 29429 D orientation: onSensorChanged: 1
10-18 20:22:29.818 29429 29429 D orientation: onSensorChanged: 1
10-18 20:22:30.174 29429 29429 D orientation: onSensorChanged: 1
10-18 20:22:30.272 29429 29429 D orientation: onSensorChanged: 1
10-18 20:22:30.310 29429 29429 D orientation: onSensorChanged: 1
10-18 20:22:30.330 29429 29429 D orientation: onSensorChanged: 1
10-18 20:22:30.409 29429 29429 D orientation: onSensorChanged: 1
10-18 20:22:30.432 29429 29429 D orientation: onSensorChanged: 1
10-18 20:22:30.468 29429 29429 D orientation: onSensorChanged: 1
10-18 20:22:30.488 29429 29429 D orientation: onSensorChanged: 1
10-18 20:22:30.532 29429 29429 D orientation: onSensorChanged: 1
10-18 20:22:30.547 29429 29429 D orientation: onSensorChanged: 1
10-18 20:22:30.567 29429 29429 D orientation: onSensorChanged: 1
10-18 20:22:30.666 29429 29429 D orientation: onSensorChanged: 1
10-18 20:22:30.686 29429 29429 D orientation: onSensorChanged: 1
10-18 20:22:30.707 29429 29429 D orientation: onSensorChanged: 1
10-18 20:22:30.725 29429 29429 D orientation: onSensorChanged: 1
10-18 20:22:30.765 29429 29429 D orientation: onSensorChanged: 1
10-18 20:22:30.811 29429 29429 D orientation: onSensorChanged: 1
10-18 20:22:30.844 29429 29429 D orientation: onSensorChanged: 1
10-18 20:22:30.967 29429 29429 D orientation: onSensorChanged: 1
10-18 20:22:31.022 29429 29429 D orientation: onSensorChanged: 1
10-18 20:22:31.063 29429 29429 D orientation: onSensorChanged: 1
10-18 20:22:31.179 29429 29429 D orientation: onSensorChanged: 1
10-18 20:22:31.200 29429 29429 D orientation: onSensorChanged: 1
10-18 20:22:31.220 29429 29429 D orientation: onSensorChanged: 1
10-18 20:22:31.279 29429 29429 D orientation: onSensorChanged: 1
10-18 20:22:31.318 29429 29429 D orientation: onSensorChanged: 1
10-18 20:22:31.358 29429 29429 D orientation: onSensorChanged: 1
10-18 20:22:31.497 29429 29429 D orientation: onSensorChanged: 1
10-18 20:22:31.535 29429 29429 D orientation: onSensorChanged: 1
10-18 20:22:31.575 29429 29429 D orientation: onSensorChanged: 1
10-18 20:22:31.614 29429 29429 D orientation: onSensorChanged: 1
10-18 20:22:31.653 29429 29429 D orientation: onSensorChanged: 1
10-18 20:22:31.674 29429 29429 D orientation: onSensorChanged: 1
10-18 20:22:31.733 29429 29429 D orientation: onSensorChanged: 1
10-18 20:22:31.852 29429 29429 D orientation: onSensorChanged: 1
10-18 20:22:31.931 29429 29429 D orientation: onSensorChanged: 1
10-18 20:22:31.973 29429 29429 D orientation: onSensorChanged: 1
10-18 20:22:32.011 29429 29429 D orientation: onSensorChanged: 1
10-18 20:22:32.031 29429 29429 D orientation: onSensorChanged: 1
10-18 20:22:32.069 29429 29429 D orientation: onSensorChanged: 1
10-18 20:22:32.089 29429 29429 D orientation: onSensorChanged: 1
10-18 20:22:32.112 29429 29429 D orientation: onSensorChanged: 1
10-18 20:22:32.156 29429 29429 D orientation: onSensorChanged: 1
10-18 20:22:32.156 29429 29429 D orientation: onSensorChanged: 1
10-18 20:22:32.196 29429 29429 D orientation: onSensorChanged: 1
10-18 20:22:32.211 29429 29429 D orientation: onSensorChanged: 1
10-18 20:22:32.226 29429 29429 D orientation: onSensorChanged: 1
10-18 20:22:32.266 29429 29429 D orientation: onSensorChanged: 1
10-18 20:22:32.286 29429 29429 D orientation: onSensorChanged: 1
10-18 20:22:32.325 29429 29429 D orientation: onSensorChanged: 1
10-18 20:22:32.346 29429 29429 D orientation: onSensorChanged: 1
10-18 20:22:32.365 29429 29429 D orientation: onSensorChanged: 1
10-18 20:22:32.424 29429 29429 D orientation: onSensorChanged: 1
10-18 20:22:32.463 29429 29429 D orientation: onSensorChanged: 1
10-18 20:22:32.483 29429 29429 D orientation: onSensorChanged: 1
10-18 20:22:32.544 29429 29429 D orientation: onSensorChanged: 1
10-18 20:22:32.562 29429 29429 D orientation: onSensorChanged: 1
10-18 20:22:32.582 29429 29429 D orientation: onSensorChanged: 1
10-18 20:22:32.602 29429 29429 D orientation: onSensorChanged: 1
10-18 20:22:32.623 29429 29429 D orientation: onSensorChanged: 1
10-18 20:22:32.661 29429 29429 D orientation: onSensorChanged: 1
10-18 20:22:32.707 29429 29429 D orientation: onSensorChanged: 1
10-18 20:22:32.761 29429 29429 D orientation: onSensorChanged: 1
10-18 20:22:32.780 29429 29429 D orientation: onSensorChanged: 1
10-18 20:22:32.800 29429 29429 D orientation: onSensorChanged: 1
10-18 20:22:32.825 29429 29429 D orientation: onSensorChanged: 1
10-18 20:22:32.842 29429 29429 D orientation: onSensorChanged: 1
10-18 20:22:32.860 29429 29429 D orientation: onSensorChanged: 1
10-18 20:22:32.893 29429 29429 D VRI[CameraActivity]: onFocusEvent false
10-18 20:22:32.927 29429 29429 D orientation: onSensorChanged: 1
10-18 20:22:32.958 29429 29429 D orientation: onSensorChanged: 1
10-18 20:22:33.012 29429 29429 D orientation: onSensorChanged: 1
10-18 20:22:33.058 29429 29429 D orientation: onSensorChanged: 1
10-18 20:22:33.096 29429 29429 D orientation: onSensorChanged: 1
10-18 20:22:33.179 29429 29429 D orientation: onSensorChanged: 1
10-18 20:22:33.234 29429 29429 D orientation: onSensorChanged: 1
10-18 20:22:33.274 29429 29429 D orientation: onSensorChanged: 1
10-18 20:22:33.294 29429 29429 D orientation: onSensorChanged: 1
10-18 20:22:33.334 29429 29429 D orientation: onSensorChanged: 1
10-18 20:22:33.473 29429 29429 D orientation: onSensorChanged: 1
10-18 20:22:33.551 29429 29429 D orientation: onSensorChanged: 1
10-18 20:22:33.590 29429 29429 D orientation: onSensorChanged: 1
10-18 20:22:33.649 29429 29429 D orientation: onSensorChanged: 1
10-18 20:22:33.689 29429 29429 D orientation: onSensorChanged: 1
10-18 20:22:33.709 29429 29429 D orientation: onSensorChanged: 1
10-18 20:22:33.749 29429 29429 D orientation: onSensorChanged: 1
10-18 20:22:33.789 29429 29429 D orientation: onSensorChanged: 1
10-18 20:22:33.812 29429 29429 D orientation: onSensorChanged: 1
10-18 20:22:33.829 29429 29429 D orientation: onSensorChanged: 1
10-18 20:22:33.855 29429 29429 D orientation: onSensorChanged: 1
10-18 20:22:33.870 29429 29429 D orientation: onSensorChanged: 1
10-18 20:22:33.891 29429 29429 D orientation: onSensorChanged: 1
10-18 20:22:33.917 29429 29429 D OplusScrollToTopManager:
com.corepix.videorecording/com.smartvlogger.Activity.CameraActivity,This
DecorView@b38dda8[CameraActivity] change focus to false
10-18 20:22:33.927 29429 29429 D orientation: onSensorChanged: 1
10-18 20:22:33.948 29429 29429 D orientation: onSensorChanged: 1
10-18 20:22:33.991 29429 29429 D orientation: onSensorChanged: 1
10-18 20:22:34.025 29429 29429 D orientation: onSensorChanged: 1
10-18 20:22:34.111 29429 29429 D orientation: onSensorChanged: 1
10-18 20:22:34.149 29429 29429 D orientation: onSensorChanged: 1
10-18 20:22:34.165 29429 29429 D orientation: onSensorChanged: 1
10-18 20:22:34.243 29429 29429 D orientation: onSensorChanged: 1
10-18 20:22:34.284 29429 29429 D orientation: onSensorChanged: 1
10-18 20:22:34.313 29429 29429 D orientation: onSensorChanged: 1
10-18 20:22:34.364 29429 29429 D orientation: onSensorChanged: 1
10-18 20:22:34.388 29429 29429 D orientation: onSensorChanged: 1
10-18 20:22:34.443 29429 29429 D orientation: onSensorChanged: 1
10-18 20:22:34.466 29429 29429 D orientation: onSensorChanged: 1
10-18 20:22:34.483 29429 29429 D orientation: onSensorChanged: 1
10-18 20:22:34.500 29429 29429 D orientation: onSensorChanged: 1
10-18 20:22:34.519 29429 29429 D orientation: onSensorChanged: 1
10-18 20:22:34.542 29429 29429 D orientation: onSensorChanged: 1
10-18 20:22:34.567 29429 29429 D orientation: onSensorChanged: 1
10-18 20:22:34.587 29429 29429 D orientation: onSensorChanged: 1
10-18 20:22:34.598 29429 29429 D orientation: onSensorChanged: 1
10-18 20:22:34.618 29429 29429 D orientation: onSensorChanged: 1
10-18 20:22:34.643 29429 29429 D orientation: onSensorChanged: 1
10-18 20:22:34.660 29429 29429 D orientation: onSensorChanged: 1
10-18 20:22:34.678 29429 29429 D orientation: onSensorChanged: 1
10-18 20:22:34.738 29429 29429 D orientation: onSensorChanged: 1
10-18 20:22:34.756 29429 29429 D orientation: onSensorChanged: 1
10-18 20:22:34.798 29429 29429 D orientation: onSensorChanged: 1
