10-18 20:21:06.761 29429 29429 D orientation: onSensorChanged: 4
10-18 20:21:06.776 29429 29429 D orientation: onSensorChanged: 4
10-18 20:21:06.816 29429 29429 D orientation: onSensorChanged: 4
10-18 20:21:06.831 29429 29429 D checklines: max= 8862
10-18 20:21:06.831 29429 29429 D check : 8862
10-18 20:21:06.831 29429 29429 D check : expanded2 height=1080
10-18 20:21:06.847 29429 29429 D orientation: onSensorChanged: 4
10-18 20:21:06.854 29429 29429 D orientation: onSensorChanged: 4
10-18 20:21:06.881 29429 29429 D checklines: max= 8862
10-18 20:21:06.881 29429 29429 D check : 8862
10-18 20:21:06.881 29429 29429 D check : expanded2 height=1080
10-18 20:21:06.895 29429 29429 D orientation: onSensorChanged: 4
10-18 20:21:06.902 29429 29429 D yyyyy : laste pause is : 438035900
10-18 20:21:06.902 29429 29429 D yyyyy : laste pause is : 438035900
10-18 20:21:06.927 29429 29429 D checklines: max= 8862
10-18 20:21:06.927 29429 29429 D check : 8862
10-18 20:21:06.927 29429 29429 D check : expanded2 height=1080
10-18 20:21:06.927 29429 29429 D yyyyy : laste pause is : 438035926
10-18 20:21:06.933 29429 29429 D orientation: onSensorChanged: 4
10-18 20:21:06.942 29429 29429 D OplusScrollToTopManager: ,window dying
10-18 20:21:06.942 29429 29429 D
OplusScrollToTopManager: ,unregisterSystemUIBroadcastReceiver
10-18 20:21:06.943 29429 29429 D OplusScrollToTopManager: ,
unregisterSystemUIBroadcastReceiver failed java.lang.IllegalArgumentException:
Receiver not registered: android.view.OplusScrollToTopManager$2@1fd7f5b
10-18 20:21:06.946 29429 29429 V ZoomWindowDecorView: removeZoomView
10-18 20:21:06.955 29429 29429 D orientation: onSensorChanged: 4
10-18 20:21:06.959 29429 29594 D BLASTBufferQueue: [VRI[][]#2](f:0,a:1)
destructor()
10-18 20:21:06.959 29429 29594 D BufferQueueConsumer: [VRI[][]#2(BLAST Consumer)2]
(id:72f500000002,api:0,p:-1,c:29429) disconnect
10-18 20:21:06.986 29429 29429 D checklines: max= 8862
10-18 20:21:06.986 29429 29429 D check : 8862
10-18 20:21:06.986 29429 29429 D check : expanded2 height=1080
10-18 20:21:06.993 29429 29429 D orientation: onSensorChanged: 4
10-18 20:21:07.025 29429 29429 I oplus.android.OplusFrameworkFactoryImpl: get
feature:IOplusDynamicVsyncFeature
10-18 20:21:07.025 29429 29429 I oplus.android.OplusFrameworkFactoryImpl: get
feature:IOplusDynamicVsyncFeature
10-18 20:21:07.025 29429 29429 I oplus.android.OplusFrameworkFactoryImpl: get
feature:IOplusDynamicVsyncFeature
10-18 20:21:07.026 29429 29429 I oplus.android.OplusFrameworkFactoryImpl: get
feature:IOplusDynamicVsyncFeature
10-18 20:21:07.026 29429 29429 I oplus.android.OplusFrameworkFactoryImpl: get
feature:IOplusDynamicVsyncFeature
10-18 20:21:07.026 29429 29429 I oplus.android.OplusFrameworkFactoryImpl: get
feature:IOplusDynamicVsyncFeature
10-18 20:21:07.038 29429 29429 I oplus.android.OplusFrameworkFactoryImpl: get
feature:IOplusDynamicVsyncFeature
10-18 20:21:07.038 29429 29429 I oplus.android.OplusFrameworkFactoryImpl: get
feature:IOplusDynamicVsyncFeature
10-18 20:21:07.038 29429 29429 I oplus.android.OplusFrameworkFactoryImpl: get
feature:IOplusDynamicVsyncFeature
10-18 20:21:07.039 29429 29429 I oplus.android.OplusFrameworkFactoryImpl: get
feature:IOplusDynamicVsyncFeature
10-18 20:21:07.039 29429 29429 I oplus.android.OplusFrameworkFactoryImpl: get
feature:IOplusDynamicVsyncFeature
10-18 20:21:07.039 29429 29429 I oplus.android.OplusFrameworkFactoryImpl: get
feature:IOplusDynamicVsyncFeature
10-18 20:21:07.063 29429 29429 I oplus.android.OplusFrameworkFactoryImpl: get
feature:IOplusDynamicVsyncFeature
10-18 20:21:07.063 29429 29429 I oplus.android.OplusFrameworkFactoryImpl: get
feature:IOplusDynamicVsyncFeature
10-18 20:21:07.063 29429 29429 I oplus.android.OplusFrameworkFactoryImpl: get
feature:IOplusDynamicVsyncFeature
10-18 20:21:07.115 29429 29429 E Adapter : Size of list 9
10-18 20:21:07.118 29429 29429 D WindowManager: Add to mViews:
DecorView@6cef08a[ScriptsActivity],pkg= com.corepix.videorecording
10-18 20:21:07.122 29429 29429 D InputEventReceiver: Input log is disabled
10-18 20:21:07.122 29429 29429 D orientation: onSensorChanged: 4
10-18 20:21:07.123 29429 29429 D orientation: onSensorChanged: 4
10-18 20:21:07.123 29429 29429 D checklines: max= 8862
10-18 20:21:07.123 29429 29429 D check : 8862
10-18 20:21:07.123 29429 29429 D check : expanded2 height=1080
10-18 20:21:07.123 29429 29429 E OplusBracketLog: [OplusViewMirrorManager]
updateHostViewRootIfNeeded, not support android.view.ViewRootImpl@2b38b56
10-18 20:21:07.133 29429 29429 D BufferQueueConsumer: [](id:72f500000003,api:0,p:-
1,c:29429) connect: controlledByApp=false
10-18 20:21:07.133 29429 29429 E IPCThreadState: attemptIncStrongHandle(105): Not
supported
10-18 20:21:07.133 29429 29429 E IPCThreadState: attemptIncStrongHandle(85): Not
supported
10-18 20:21:07.134 29429 29429 V ZoomWindowDecorView:
setLastReportedMergedConfiguration mZoomDisplayHeight: 2412 getDecorView.114225290
10-18 20:21:07.223 29429 29429 D BLASTBufferQueue: [VRI[ScriptsActivity]
[com.corepix.videorecording/com.smartvlogger.ScriptsActivity]#3](f:0,a:1)
acquireNextBufferLocked size=1080x2412 mFrameNumber=1 applyTransaction=true
mTimestamp=139386794924538(auto) mPendingTransactions.size=0
graphicBufferId=126396592553996 transform=0
10-18 20:21:07.223 29429 29429 D VRI[ScriptsActivity]: draw finished.
10-18 20:21:07.224 29429 29429 D orientation: onSensorChanged: 4
10-18 20:21:07.224 29429 29429 D orientation: onSensorChanged: 4
10-18 20:21:07.224 29429 29429 D orientation: onSensorChanged: 4
10-18 20:21:07.226 29429 29429 D checklines: max= 8862
10-18 20:21:07.226 29429 29429 D check : 8862
10-18 20:21:07.226 29429 29429 D check : expanded2 height=1080
10-18 20:21:07.226 29429 29429 I Quality : Skipped: false 5 cost 91.039734
refreshRate 16750530 bit true processName com.corepix.videorecording
10-18 20:21:07.237 29429 29429 D VRI[ScriptsActivity]: draw finished.
10-18 20:21:07.237 29429 29429 D orientation: onSensorChanged: 4
10-18 20:21:07.255 29429 29429 D VRI[ScriptsActivity]: draw finished.
10-18 20:21:07.269 29429 29429 D VRI[ScriptsActivity]: onFocusEvent true
10-18 20:21:07.269 29429 29429 D checklines: max= 8862
10-18 20:21:07.269 29429 29429 D check : 8862
10-18 20:21:07.269 29429 29429 D check : expanded2 height=1080
10-18 20:21:07.274 29429 29429 D orientation: onSensorChanged: 4
10-18 20:21:07.286 29429 29429 D checklines: max= 8862
10-18 20:21:07.287 29429 29429 D check : 8862
10-18 20:21:07.287 29429 29429 D check : expanded2 height=1080
10-18 20:21:07.315 29429 29429 D checklines: max= 8862
10-18 20:21:07.315 29429 29429 D check : 8862
10-18 20:21:07.315 29429 29429 D check : expanded2 height=1080
10-18 20:21:07.347 29429 29429 D checklines: max= 8862
10-18 20:21:07.347 29429 29429 D check : 8862
10-18 20:21:07.347 29429 29429 D check : expanded2 height=1080
10-18 20:21:07.364 29429 29429 D checklines: max= 8862
10-18 20:21:07.364 29429 29429 D check : 8862
10-18 20:21:07.364 29429 29429 D check : expanded2 height=1080
10-18 20:21:07.380 29429 29429 D orientation: onSensorChanged: 4
10-18 20:21:07.396 29429 29429 D checklines: max= 8862
10-18 20:21:07.396 29429 29429 D check : 8862
10-18 20:21:07.396 29429 29429 D check : expanded2 height=1080
10-18 20:21:07.433 29429 29429 D orientation: onSensorChanged: 4
10-18 20:21:07.434 29429 29429 D checklines: max= 8862
10-18 20:21:07.434 29429 29429 D check : 8862
10-18 20:21:07.434 29429 29429 D check : expanded2 height=1080
10-18 20:21:07.456 29429 29429 D checklines: max= 8862
10-18 20:21:07.456 29429 29429 D check : 8862
10-18 20:21:07.456 29429 29429 D check : expanded2 height=1080
10-18 20:21:07.473 29429 29429 D orientation: onSensorChanged: 4
10-18 20:21:07.493 29429 29429 D orientation: onSensorChanged: 4
10-18 20:21:07.493 29429 29429 D checklines: max= 8862
10-18 20:21:07.493 29429 29429 D check : 8862
10-18 20:21:07.493 29429 29429 D check : expanded2 height=1080
10-18 20:21:07.573 29429 29429 D orientation: onSensorChanged: 4
10-18 20:21:07.614 29429 29429 D orientation: onSensorChanged: 4
10-18 20:21:07.622 29429 29429 D checklines: max= 8862
10-18 20:21:07.622 29429 29429 D check : 8862
10-18 20:21:07.622 29429 29429 D check : expanded2 height=1080
10-18 20:21:07.622 29429 29429 D checklines: max= 8862
10-18 20:21:07.622 29429 29429 D check : 8862
10-18 20:21:07.622 29429 29429 D check : expanded2 height=1080
10-18 20:21:07.674 29429 29429 D orientation: onSensorChanged: 4
10-18 20:21:07.715 29429 29429 D orientation: onSensorChanged: 4
10-18 20:21:07.724 29429 29429 D checklines: max= 8862
10-18 20:21:07.724 29429 29429 D check : 8862
10-18 20:21:07.724 29429 29429 D check : expanded2 height=1080
10-18 20:21:07.724 29429 29429 D checklines: max= 8862
10-18 20:21:07.724 29429 29429 D check : 8862
10-18 20:21:07.724 29429 29429 D check : expanded2 height=1080
10-18 20:21:07.724 29429 29429 D checklines: max= 8862
10-18 20:21:07.724 29429 29429 D check : 8862
10-18 20:21:07.724 29429 29429 D check : expanded2 height=1080
10-18 20:21:07.738 29429 29429 D checklines: max= 8862
10-18 20:21:07.738 29429 29429 D check : 8862
10-18 20:21:07.738 29429 29429 D check : expanded2 height=1080
10-18 20:21:07.775 29429 29429 D checklines: max= 8862
10-18 20:21:07.775 29429 29429 D check : 8862
10-18 20:21:07.775 29429 29429 D check : expanded2 height=1080
10-18 20:21:07.881 29429 29429 D checklines: max= 8862
10-18 20:21:07.881 29429 29429 D check : 8862
10-18 20:21:07.881 29429 29429 D check : expanded2 height=1080
10-18 20:21:07.896 29429 29429 D orientation: onSensorChanged: 4
10-18 20:21:07.933 29429 29429 D checklines: max= 8862
10-18 20:21:07.933 29429 29429 D check : 8862
10-18 20:21:07.933 29429 29429 D check : expanded2 height=1080
10-18 20:21:07.972 29429 29429 D checklines: max= 8862
10-18 20:21:07.972 29429 29429 D check : 8862
10-18 20:21:07.972 29429 29429 D check : expanded2 height=1080
10-18 20:21:07.992 29429 29429 D checklines: max= 8862
10-18 20:21:07.992 29429 29429 D check : 8862
10-18 20:21:07.992 29429 29429 D check : expanded2 height=1080
10-18 20:21:08.057 29429 29429 D orientation: onSensorChanged: 4
10-18 20:21:08.074 29429 29429 D checklines: max= 8862
10-18 20:21:08.074 29429 29429 D check : 8862
10-18 20:21:08.074 29429 29429 D check : expanded2 height=1080
10-18 20:21:08.115 29429 29429 D checklines: max= 8862
10-18 20:21:08.115 29429 29429 D check : 8862
10-18 20:21:08.115 29429 29429 D check : expanded2 height=1080
10-18 20:21:08.138 29429 29429 D orientation: onSensorChanged: 4
10-18 20:21:08.158 29429 29429 D orientation: onSensorChanged: 4
10-18 20:21:08.176 29429 29429 D checklines: max= 8862
10-18 20:21:08.176 29429 29429 D check : 8862
10-18 20:21:08.176 29429 29429 D check : expanded2 height=1080
10-18 20:21:08.178 29429 29429 D orientation: onSensorChanged: 4
10-18 20:21:08.199 29429 29429 D orientation: onSensorChanged: 4
10-18 20:21:08.215 29429 29429 D checklines: max= 8862
10-18 20:21:08.215 29429 29429 D check : 8862
10-18 20:21:08.215 29429 29429 D check : expanded2 height=1080
10-18 20:21:08.238 29429 29429 D orientation: onSensorChanged: 4
10-18 20:21:08.269 29429 29429 D OplusScrollToTopManager:
com.corepix.videorecording/com.smartvlogger.ScriptsActivity,This
DecorView@6cef08a[ScriptsActivity] change focus to true
10-18 20:21:08.278 29429 29429 D orientation: onSensorChanged: 4
10-18 20:21:08.298 29429 29429 D orientation: onSensorChanged: 4
10-18 20:21:08.397 29429 29429 D checklines: max= 8862
10-18 20:21:08.397 29429 29429 D check : 8862
10-18 20:21:08.397 29429 29429 D check : expanded2 height=1080
10-18 20:21:08.399 29429 29429 D orientation: onSensorChanged: 4
10-18 20:21:08.540 29429 29429 D orientation: onSensorChanged: 4
10-18 20:21:08.559 29429 29429 D checklines: max= 8862
10-18 20:21:08.559 29429 29429 D check : 8862
10-18 20:21:08.559 29429 29429 D check : expanded2 height=1080
10-18 20:21:08.639 29429 29429 D checklines: max= 8862
10-18 20:21:08.639 29429 29429 D check : 8862
10-18 20:21:08.639 29429 29429 D check : expanded2 height=1080
10-18 20:21:08.640 29429 29429 D orientation: onSensorChanged: 4
10-18 20:21:08.659 29429 29429 D checklines: max= 8862
10-18 20:21:08.659 29429 29429 D check : 8862
10-18 20:21:08.659 29429 29429 D check : expanded2 height=1080
10-18 20:21:08.678 29429 29429 D checklines: max= 8862
10-18 20:21:08.678 29429 29429 D check : 8862
10-18 20:21:08.678 29429 29429 D check : expanded2 height=1080
10-18 20:21:08.680 29429 29429 D orientation: onSensorChanged: 4
10-18 20:21:08.699 29429 29429 D checklines: max= 8862
10-18 20:21:08.699 29429 29429 D check : 8862
10-18 20:21:08.699 29429 29429 D check : expanded2 height=1080
10-18 20:21:08.739 29429 29429 D checklines: max= 8862
10-18 20:21:08.739 29429 29429 D check : 8862
10-18 20:21:08.739 29429 29429 D check : expanded2 height=1080
10-18 20:21:08.761 29429 29429 D orientation: onSensorChanged: 4
10-18 20:21:08.778 29429 29429 D checklines: max= 8862
10-18 20:21:08.778 29429 29429 D check : 8862
10-18 20:21:08.778 29429 29429 D check : expanded2 height=1080
10-18 20:21:08.799 29429 29429 D checklines: max= 8862
10-18 20:21:08.799 29429 29429 D check : 8862
10-18 20:21:08.799 29429 29429 D check : expanded2 height=1080
10-18 20:21:08.801 29429 29429 D orientation: onSensorChanged: 4
10-18 20:21:08.841 29429 29429 D orientation: onSensorChanged: 4
10-18 20:21:08.862 29429 29429 D orientation: onSensorChanged: 4
10-18 20:21:08.899 29429 29429 D checklines: max= 8862
10-18 20:21:08.899 29429 29429 D check : 8862
10-18 20:21:08.899 29429 29429 D check : expanded2 height=1080
10-18 20:21:08.901 29429 29429 D orientation: onSensorChanged: 4
10-18 20:21:08.983 29429 29429 D orientation: onSensorChanged: 4
10-18 20:21:09.023 29429 29429 D orientation: onSensorChanged: 4
10-18 20:21:09.041 29429 29429 D checklines: max= 8862
10-18 20:21:09.041 29429 29429 D check : 8862
10-18 20:21:09.041 29429 29429 D check : expanded2 height=1080
10-18 20:21:09.142 29429 29429 D checklines: max= 8862
10-18 20:21:09.142 29429 29429 D check : 8862
10-18 20:21:09.142 29429 29429 D check : expanded2 height=1080
10-18 20:21:09.143 29429 29429 D orientation: onSensorChanged: 4
10-18 20:21:09.181 29429 29429 D checklines: max= 8862
10-18 20:21:09.182 29429 29429 D check : 8862
10-18 20:21:09.182 29429 29429 D check : expanded2 height=1080
10-18 20:21:09.261 29429 29429 D checklines: max= 8862
10-18 20:21:09.261 29429 29429 D check : 8862
10-18 20:21:09.261 29429 29429 D check : expanded2 height=1080
10-18 20:21:09.284 29429 29429 D orientation: onSensorChanged: 4
10-18 20:21:09.302 29429 29429 D checklines: max= 8862
10-18 20:21:09.302 29429 29429 D check : 8862
10-18 20:21:09.302 29429 29429 D check : expanded2 height=1080
10-18 20:21:09.325 29429 29429 D orientation: onSensorChanged: 4
10-18 20:21:09.342 29429 29429 D checklines: max= 8862
10-18 20:21:09.342 29429 29429 D check : 8862
10-18 20:21:09.342 29429 29429 D check : expanded2 height=1080
10-18 20:21:09.344 29429 29429 D orientation: onSensorChanged: 4
10-18 20:21:09.361 29429 29429 D checklines: max= 8862
10-18 20:21:09.362 29429 29429 D check : 8862
10-18 20:21:09.362 29429 29429 D check : expanded2 height=1080
10-18 20:21:09.402 29429 29429 D checklines: max= 8862
10-18 20:21:09.402 29429 29429 D check : 8862
10-18 20:21:09.402 29429 29429 D check : expanded2 height=1080
10-18 20:21:09.446 29429 29429 D orientation: onSensorChanged: 4
10-18 20:21:09.485 29429 29429 D checklines: max= 8862
10-18 20:21:09.485 29429 29429 D check : 8862
10-18 20:21:09.485 29429 29429 D check : expanded2 height=1080
10-18 20:21:09.485 29429 29429 D orientation: onSensorChanged: 4
10-18 20:21:09.525 29429 29429 D checklines: max= 8862
10-18 20:21:09.525 29429 29429 D check : 8862
10-18 20:21:09.525 29429 29429 D check : expanded2 height=1080
10-18 20:21:09.606 29429 29429 D orientation: onSensorChanged: 4
10-18 20:21:09.644 29429 29429 D checklines: max= 8862
10-18 20:21:09.645 29429 29429 D check : 8862
10-18 20:21:09.645 29429 29429 D check : expanded2 height=1080
10-18 20:21:09.747 29429 29429 D orientation: onSensorChanged: 4
10-18 20:21:09.784 29429 29429 D checklines: max= 8862
10-18 20:21:09.785 29429 29429 D check : 8862
10-18 20:21:09.785 29429 29429 D check : expanded2 height=1080
10-18 20:21:09.808 29429 29429 D orientation: onSensorChanged: 4
10-18 20:21:09.826 29429 29429 D checklines: max= 8862
10-18 20:21:09.826 29429 29429 D check : 8862
10-18 20:21:09.826 29429 29429 D check : expanded2 height=1080
10-18 20:21:09.826 29429 29429 D orientation: onSensorChanged: 4
10-18 20:21:09.844 29429 29429 D checklines: max= 8862
10-18 20:21:09.844 29429 29429 D check : 8862
10-18 20:21:09.844 29429 29429 D check : expanded2 height=1080
10-18 20:21:09.846 29429 29429 D orientation: onSensorChanged: 4
10-18 20:21:09.866 29429 29429 D orientation: onSensorChanged: 4
10-18 20:21:09.887 29429 29429 D orientation: onSensorChanged: 4
10-18 20:21:09.907 29429 29429 D orientation: onSensorChanged: 4
10-18 20:21:09.927 29429 29429 D orientation: onSensorChanged: 4
10-18 20:21:09.942 29429 29429 E RippleDrawable: The RippleDrawable.STYLE_PATTERNED
animation is not supported for a non-hardware accelerated Canvas. Skipping
animation.
10-18 20:21:09.955 29429 29429 E RippleDrawable: The RippleDrawable.STYLE_PATTERNED
animation is not supported for a non-hardware accelerated Canvas. Skipping
animation.
10-18 20:21:09.956 29429 29429 D checklines: max= 8862
10-18 20:21:09.956 29429 29429 D check : 8862
10-18 20:21:09.956 29429 29429 D check : expanded2 height=1080
10-18 20:21:09.976 29429 29429 E RippleDrawable: The RippleDrawable.STYLE_PATTERNED
animation is not supported for a non-hardware accelerated Canvas. Skipping
animation.
10-18 20:21:09.978 29429 29429 D orientation: onSensorChanged: 4
10-18 20:21:09.994 29429 29429 E RippleDrawable: The RippleDrawable.STYLE_PATTERNED
animation is not supported for a non-hardware accelerated Canvas. Skipping
animation.
10-18 20:21:09.996 29429 29429 D orientation: onSensorChanged: 4
10-18 20:21:09.996 29429 29429 D checklines: max= 8862
10-18 20:21:09.996 29429 29429 D check : 8862
10-18 20:21:09.996 29429 29429 D check : expanded2 height=1080
10-18 20:21:10.010 29429 29429 E RippleDrawable: The RippleDrawable.STYLE_PATTERNED
animation is not supported for a non-hardware accelerated Canvas. Skipping
animation.
10-18 20:21:10.027 29429 29429 E RippleDrawable: The RippleDrawable.STYLE_PATTERNED
animation is not supported for a non-hardware accelerated Canvas. Skipping
animation.
10-18 20:21:10.044 29429 29429 E RippleDrawable: The RippleDrawable.STYLE_PATTERNED
animation is not supported for a non-hardware accelerated Canvas. Skipping
animation.
10-18 20:21:10.067 29429 29429 E RippleDrawable: The RippleDrawable.STYLE_PATTERNED
animation is not supported for a non-hardware accelerated Canvas. Skipping
animation.
10-18 20:21:10.084 29429 29429 E RippleDrawable: The RippleDrawable.STYLE_PATTERNED
animation is not supported for a non-hardware accelerated Canvas. Skipping
animation.
10-18 20:21:10.096 29429 29429 I oplus.android.OplusFrameworkFactoryImpl: get
feature:IOplusDynamicVsyncFeature
10-18 20:21:10.096 29429 29429 I oplus.android.OplusFrameworkFactoryImpl: get
feature:IOplusDynamicVsyncFeature
10-18 20:21:10.096 29429 29429 I oplus.android.OplusFrameworkFactoryImpl: get
feature:IOplusDynamicVsyncFeature
10-18 20:21:10.101 29429 29429 I oplus.android.OplusFrameworkFactoryImpl: get
feature:IOplusDynamicVsyncFeature
10-18 20:21:10.101 29429 29429 I oplus.android.OplusFrameworkFactoryImpl: get
feature:IOplusDynamicVsyncFeature
10-18 20:21:10.101 29429 29429 I oplus.android.OplusFrameworkFactoryImpl: get
feature:IOplusDynamicVsyncFeature
10-18 20:21:10.102 29429 29429 D checkwidth: 1080
10-18 20:21:10.109 29429 29429 I oplus.android.OplusFrameworkFactoryImpl: get
feature:IOplusDynamicVsyncFeature
10-18 20:21:10.109 29429 29429 I oplus.android.OplusFrameworkFactoryImpl: get
feature:IOplusDynamicVsyncFeature
10-18 20:21:10.109 29429 29429 I oplus.android.OplusFrameworkFactoryImpl: get
feature:IOplusDynamicVsyncFeature
10-18 20:21:10.110 29429 29429 I oplus.android.OplusFrameworkFactoryImpl: get
feature:IOplusDynamicVsyncFeature
10-18 20:21:10.110 29429 29429 I oplus.android.OplusFrameworkFactoryImpl: get
feature:IOplusDynamicVsyncFeature
10-18 20:21:10.110 29429 29429 I oplus.android.OplusFrameworkFactoryImpl: get
feature:IOplusDynamicVsyncFeature
10-18 20:21:10.114 29429 29429 D WindowManager: Add to mViews:
DecorView@9e74bc8[ScriptDetailsActivity],pkg= com.corepix.videorecording
10-18 20:21:10.121 29429 29429 D InputEventReceiver: Input log is disabled
10-18 20:21:10.125 29429 29429 D WindowManager: Add to mViews:
DecorView@62bb5e3[ScriptDetailsActivity],pkg= com.corepix.videorecording
10-18 20:21:10.129 29429 29429 D InputEventReceiver: Input log is disabled
10-18 20:21:10.129 29429 29429 D orientation: onSensorChanged: 4
10-18 20:21:10.129 29429 29429 D VRI[ScriptsActivity]: onFocusEvent false
10-18 20:21:10.130 29429 29429 I Quality : Skipped: false 1 cost 26.65323
refreshRate 16683873 bit true processName com.corepix.videorecording
10-18 20:21:10.130 29429 29429 E OplusBracketLog: [OplusViewMirrorManager]
updateHostViewRootIfNeeded, not support android.view.ViewRootImpl@4095c74
10-18 20:21:10.135 29429 29429 D BufferQueueConsumer: [](id:72f500000004,api:0,p:-
1,c:29429) connect: controlledByApp=false
10-18 20:21:10.135 29429 29429 V ZoomWindowDecorView:
setLastReportedMergedConfiguration mZoomDisplayHeight: 2412 getDecorView.166153160
10-18 20:21:10.139 29429 29429 D BLASTBufferQueue: [VRI[ScriptDetailsActivity]
[com.corepix.videorecording/com.smartvlogger.Activity.ScriptDetailsActivity]#4]
(f:0,a:1) acquireNextBufferLocked size=1218x540 mFrameNumber=1
applyTransaction=true mTimestamp=139389710779615(auto) mPendingTransactions.size=0
graphicBufferId=126396592554001 transform=0
10-18 20:21:10.139 29429 29429 D VRI[ScriptDetailsActivity]: draw finished.
10-18 20:21:10.139 29429 29429 E OplusBracketLog: [OplusViewMirrorManager]
updateHostViewRootIfNeeded, not support android.view.ViewRootImpl@bd9cd3f
10-18 20:21:10.145 29429 29429 D BufferQueueConsumer: [](id:72f500000005,api:0,p:-
1,c:29429) connect: controlledByApp=false
10-18 20:21:10.146 29429 29429 V ZoomWindowDecorView:
setLastReportedMergedConfiguration mZoomDisplayHeight: 2412 getDecorView.103527907
10-18 20:21:10.147 29429 29429 W RecyclerView: No adapter attached; skipping layout
10-18 20:21:10.158 29429 29429 D BLASTBufferQueue: [VRI[ScriptDetailsActivity]
[com.corepix.videorecording/com.smartvlogger.Activity.ScriptDetailsActivity]#5]
(f:0,a:1) acquireNextBufferLocked size=1080x2412 mFrameNumber=1
applyTransaction=true mTimestamp=139389730085538(auto) mPendingTransactions.size=0
graphicBufferId=126396592554002 transform=0
10-18 20:21:10.158 29429 29429 D VRI[ScriptDetailsActivity]: draw finished.
10-18 20:21:10.164 29429 29429 E RippleDrawable: The RippleDrawable.STYLE_PATTERNED
animation is not supported for a non-hardware accelerated Canvas. Skipping
animation.
10-18 20:21:10.165 29429 29429 D orientation: onSensorChanged: 4
10-18 20:21:10.165 29429 29429 D checklines: max= 8862
10-18 20:21:10.165 29429 29429 D check : 8862
10-18 20:21:10.165 29429 29429 D check : expanded2 height=1080
10-18 20:21:10.166 29429 29429 I Quality : Skipped: false 1 cost 32.684124
refreshRate 16696821 bit true processName com.corepix.videorecording
10-18 20:21:10.169 29429 29429 D VRI[ScriptDetailsActivity]: draw finished.
10-18 20:21:10.176 29429 29429 E RippleDrawable: The RippleDrawable.STYLE_PATTERNED
animation is not supported for a non-hardware accelerated Canvas. Skipping
animation.
10-18 20:21:10.189 29429 29429 E RippleDrawable: The RippleDrawable.STYLE_PATTERNED
animation is not supported for a non-hardware accelerated Canvas. Skipping
animation.
10-18 20:21:10.203 29429 29429 E RippleDrawable: The RippleDrawable.STYLE_PATTERNED
animation is not supported for a non-hardware accelerated Canvas. Skipping
animation.
10-18 20:21:10.216 29429 29429 E RippleDrawable: The RippleDrawable.STYLE_PATTERNED
animation is not supported for a non-hardware accelerated Canvas. Skipping
animation.
10-18 20:21:10.229 29429 29429 E RippleDrawable: The RippleDrawable.STYLE_PATTERNED
animation is not supported for a non-hardware accelerated Canvas. Skipping
animation.
10-18 20:21:10.233 29429 29429 D orientation: onSensorChanged: 4
10-18 20:21:10.242 29429 29429 E RippleDrawable: The RippleDrawable.STYLE_PATTERNED
animation is not supported for a non-hardware accelerated Canvas. Skipping
animation.
10-18 20:21:10.259 29429 29429 E RippleDrawable: The RippleDrawable.STYLE_PATTERNED
animation is not supported for a non-hardware accelerated Canvas. Skipping
animation.
10-18 20:21:10.263 29429 29429 D checklines: max= 8862
10-18 20:21:10.263 29429 29429 D check : 8862
10-18 20:21:10.263 29429 29429 D check : expanded2 height=1080
10-18 20:21:10.274 29429 29429 E RippleDrawable: The RippleDrawable.STYLE_PATTERNED
animation is not supported for a non-hardware accelerated Canvas. Skipping
animation.
10-18 20:21:10.275 29429 29429 D orientation: onSensorChanged: 4
10-18 20:21:10.291 29429 29429 E RippleDrawable: The RippleDrawable.STYLE_PATTERNED
animation is not supported for a non-hardware accelerated Canvas. Skipping
animation.
10-18 20:21:10.292 29429 29429 D VRI[ScriptDetailsActivity]: onFocusEvent true
10-18 20:21:10.309 29429 29429 E RippleDrawable: The RippleDrawable.STYLE_PATTERNED
animation is not supported for a non-hardware accelerated Canvas. Skipping
animation.
10-18 20:21:10.325 29429 29429 E RippleDrawable: The RippleDrawable.STYLE_PATTERNED
animation is not supported for a non-hardware accelerated Canvas. Skipping
animation.
10-18 20:21:10.326 29429 29429 D checklines: max= 8862
10-18 20:21:10.326 29429 29429 D check : 8862
10-18 20:21:10.326 29429 29429 D check : expanded2 height=1080
10-18 20:21:10.342 29429 29429 E RippleDrawable: The RippleDrawable.STYLE_PATTERNED
animation is not supported for a non-hardware accelerated Canvas. Skipping
animation.
10-18 20:21:10.346 29429 29429 D OplusScrollToTopManager:
com.corepix.videorecording/com.smartvlogger.Activity.ScriptDetailsActivity,window
dying
10-18 20:21:10.346 29429 29429 D OplusScrollToTopManager:
com.corepix.videorecording/com.smartvlogger.Activity.ScriptDetailsActivity,unregist
erSystemUIBroadcastReceiver
10-18 20:21:10.346 29429 29429 D OplusScrollToTopManager:
com.corepix.videorecording/com.smartvlogger.Activity.ScriptDetailsActivity,
unregisterSystemUIBroadcastReceiver failed java.lang.IllegalArgumentException:
Receiver not registered: android.view.OplusScrollToTopManager$2@fa3da21
10-18 20:21:10.347 29429 29429 V ZoomWindowDecorView: removeZoomView
10-18 20:21:10.357 29429 29429 D checklines: max= 8862
10-18 20:21:10.357 29429 29429 D check : 8862
10-18 20:21:10.357 29429 29429 D check : expanded2 height=1080
10-18 20:21:10.361 29429 29594 D BLASTBufferQueue: [VRI[ScriptDetailsActivity]
[com.corepix.videorecording/com.smartvlogger.Activity.ScriptDetailsActivity]#4]
(f:0,a:1) destructor()
10-18 20:21:10.361 29429 29594 D BufferQueueConsumer: [VRI[ScriptDetailsActivity]
[com.corepix.videorecording/com.smartvlogger.Activity.ScriptDetailsActivity]#4(BLAS
T Consumer)4](id:72f500000004,api:0,p:-1,c:29429) disconnect
10-18 20:21:10.379 29429 29429 E RippleDrawable: The RippleDrawable.STYLE_PATTERNED
animation is not supported for a non-hardware accelerated Canvas. Skipping
animation.
10-18 20:21:10.379 29429 29429 D orientation: onSensorChanged: 4
10-18 20:21:10.379 29429 29429 D checklines: max= 8862
10-18 20:21:10.380 29429 29429 D check : 8862
10-18 20:21:10.380 29429 29429 D check : expanded2 height=1080
10-18 20:21:10.380 29429 29429 D checklines: max= 8862
10-18 20:21:10.380 29429 29429 D check : 8862
10-18 20:21:10.380 29429 29429 D check : expanded2 height=1080
10-18 20:21:10.385 29429 29429 E RippleDrawable: The RippleDrawable.STYLE_PATTERNED
animation is not supported for a non-hardware accelerated Canvas. Skipping
animation.
10-18 20:21:10.391 29429 29429 D orientation: onSensorChanged: 4
10-18 20:21:10.391 29429 29429 D VRI[ScriptDetailsActivity]: onFocusEvent true
10-18 20:21:10.391 29429 29429 D checklines: max= 8862
10-18 20:21:10.391 29429 29429 D check : 8862
10-18 20:21:10.391 29429 29429 D check : expanded2 height=1080
10-18 20:21:10.407 29429 29429 D checklines: max= 8862
10-18 20:21:10.407 29429 29429 D check : 8862
10-18 20:21:10.407 29429 29429 D check : expanded2 height=1080
10-18 20:21:10.409 29429 29429 D orientation: onSensorChanged: 4
10-18 20:21:10.427 29429 29429 D checklines: max= 8862
10-18 20:21:10.427 29429 29429 D check : 8862
10-18 20:21:10.427 29429 29429 D check : expanded2 height=1080
10-18 20:21:10.449 29429 29429 D orientation: onSensorChanged: 4
10-18 20:21:10.469 29429 29429 D orientation: onSensorChanged: 4
10-18 20:21:10.477 29429 29429 D checklines: max= 8862
10-18 20:21:10.477 29429 29429 D check : 8862
10-18 20:21:10.477 29429 29429 D check : expanded2 height=1080
10-18 20:21:10.495 29429 29429 D checklines: max= 8862
10-18 20:21:10.495 29429 29429 D check : 8862
10-18 20:21:10.495 29429 29429 D check : expanded2 height=1080
10-18 20:21:10.509 29429 29429 D orientation: onSensorChanged: 4
10-18 20:21:10.549 29429 29429 D orientation: onSensorChanged: 4
10-18 20:21:10.570 29429 29429 D orientation: onSensorChanged: 4
10-18 20:21:10.590 29429 29429 D orientation: onSensorChanged: 4
10-18 20:21:10.630 29429 29429 D checklines: max= 8862
10-18 20:21:10.630 29429 29429 D check : 8862
10-18 20:21:10.630 29429 29429 D check : expanded2 height=1080
10-18 20:21:10.650 29429 29429 D orientation: onSensorChanged: 4
10-18 20:21:10.658 29429 29441 D VRI[ScriptsActivity]: dispatchAppVisibility
visible:false
10-18 20:21:10.674 29429 29429 D BLASTBufferQueue: [VRI[ScriptsActivity]
[com.corepix.videorecording/com.smartvlogger.ScriptsActivity]#3](f:0,a:1)
destructor()
10-18 20:21:10.674 29429 29429 D BufferQueueConsumer: [VRI[ScriptsActivity]
[com.corepix.videorecording/com.smartvlogger.ScriptsActivity]#3(BLAST Consumer)3]
(id:72f500000003,api:0,p:-1,c:29429) disconnect
10-18 20:21:10.676 29429 29429 D VRI[ScriptsActivity]: setWindowStopped
stopped:true
10-18 20:21:10.679 29429 29429 D checklines: max= 8862
10-18 20:21:10.679 29429 29429 D check : 8862
10-18 20:21:10.679 29429 29429 D check : expanded2 height=1080
10-18 20:21:10.711 29429 29429 D orientation: onSensorChanged: 4
10-18 20:21:10.731 29429 29429 D orientation: onSensorChanged: 4
10-18 20:21:10.733 29429 29429 D checklines: max= 8862
10-18 20:21:10.734 29429 29429 D check : 8862
10-18 20:21:10.734 29429 29429 D check : expanded2 height=1080
10-18 20:21:10.752 29429 29429 D orientation: onSensorChanged: 4
10-18 20:21:10.776 29429 29429 D checklines: max= 8862
10-18 20:21:10.776 29429 29429 D check : 8862
10-18 20:21:10.776 29429 29429 D check : expanded2 height=1080
10-18 20:21:10.852 29429 29429 D orientation: onSensorChanged: 4
10-18 20:21:10.881 29429 29429 D checklines: max= 8862
10-18 20:21:10.881 29429 29429 D check : 8862
10-18 20:21:10.881 29429 29429 D check : expanded2 height=1080
10-18 20:21:10.892 29429 29429 D checklines: max= 8862
10-18 20:21:10.892 29429 29429 D check : 8862
10-18 20:21:10.892 29429 29429 D check : expanded2 height=1080
10-18 20:21:10.909 29429 29429 D checklines: max= 8862
10-18 20:21:10.909 29429 29429 D check : 8862
10-18 20:21:10.909 29429 29429 D check : expanded2 height=1080
10-18 20:21:10.932 29429 29429 D orientation: onSensorChanged: 4
10-18 20:21:10.949 29429 29429 D checklines: max= 8862
10-18 20:21:10.949 29429 29429 D check : 8862
10-18 20:21:10.949 29429 29429 D check : expanded2 height=1080
10-18 20:21:10.969 29429 29429 D checklines: max= 8862
10-18 20:21:10.969 29429 29429 D check : 8862
10-18 20:21:10.969 29429 29429 D check : expanded2 height=1080
10-18 20:21:10.994 29429 29429 D orientation: onSensorChanged: 4
10-18 20:21:11.010 29429 29429 D checklines: max= 8862
10-18 20:21:11.011 29429 29429 D check : 8862
10-18 20:21:11.011 29429 29429 D check : expanded2 height=1080
10-18 20:21:11.013 29429 29429 D orientation: onSensorChanged: 4
10-18 20:21:11.050 29429 29429 D checklines: max= 8862
10-18 20:21:11.050 29429 29429 D check : 8862
10-18 20:21:11.050 29429 29429 D check : expanded2 height=1080
10-18 20:21:11.054 29429 29429 D orientation: onSensorChanged: 4
10-18 20:21:11.070 29429 29429 D checklines: max= 8862
10-18 20:21:11.070 29429 29429 D check : 8862
10-18 20:21:11.070 29429 29429 D check : expanded2 height=1080
10-18 20:21:11.074 29429 29429 D orientation: onSensorChanged: 4
10-18 20:21:11.091 29429 29429 D checklines: max= 8862
10-18 20:21:11.091 29429 29429 D check : 8862
10-18 20:21:11.091 29429 29429 D check : expanded2 height=1080
10-18 20:21:11.095 29429 29429 D orientation: onSensorChanged: 4
10-18 20:21:11.113 29429 29429 D orientation: onSensorChanged: 4
10-18 20:21:11.133 29429 29429 D orientation: onSensorChanged: 4
10-18 20:21:11.151 29429 29429 D checklines: max= 8862
10-18 20:21:11.151 29429 29429 D check : 8862
10-18 20:21:11.151 29429 29429 D check : expanded2 height=1080
10-18 20:21:11.153 29429 29429 D orientation: onSensorChanged: 4
10-18 20:21:11.165 29429 29429 D OplusScrollToTopManager:
com.corepix.videorecording/com.smartvlogger.ScriptsActivity,This
DecorView@6cef08a[ScriptsActivity] change focus to false
10-18 20:21:11.173 29429 29429 D orientation: onSensorChanged: 4
10-18 20:21:11.193 29429 29429 D orientation: onSensorChanged: 4
10-18 20:21:11.211 29429 29429 D checklines: max= 8862
10-18 20:21:11.211 29429 29429 D check : 8862
10-18 20:21:11.211 29429 29429 D check : expanded2 height=1080
10-18 20:21:11.213 29429 29429 D orientation: onSensorChanged: 4
10-18 20:21:11.231 29429 29429 D checklines: max= 8862
10-18 20:21:11.231 29429 29429 D check : 8862
10-18 20:21:11.231 29429 29429 D check : expanded2 height=1080
10-18 20:21:11.233 29429 29429 D orientation: onSensorChanged: 4
10-18 20:21:11.270 29429 29429 D checklines: max= 8862
10-18 20:21:11.270 29429 29429 D check : 8862
10-18 20:21:11.270 29429 29429 D check : expanded2 height=1080
10-18 20:21:11.283 29429 29429 D orientation: onSensorChanged: 4
10-18 20:21:11.292 29429 29429 D call : On create
10-18 20:21:11.307 29429 29429 I oplus.android.OplusFrameworkFactoryImpl: get
feature:IOplusDynamicVsyncFeature
10-18 20:21:11.307 29429 29429 I oplus.android.OplusFrameworkFactoryImpl: get
feature:IOplusDynamicVsyncFeature
10-18 20:21:11.307 29429 29429 I oplus.android.OplusFrameworkFactoryImpl: get
feature:IOplusDynamicVsyncFeature
10-18 20:21:11.321 29429 29429 V SystemSensorManagerExtImpl: RegisterListener
bmi2xy_acc ACCELEROMETER type:1 delay:20000us by
com.smartvlogger.Activity.CameraActivity$8@6ac94bf from com.corepix.videorecording
10-18 20:21:11.323 29429 29429 E oru : land
10-18 20:21:11.330 29429 29429 D call : On Resume
10-18 20:21:11.331 29429 29429 E TAG : शाम से आज साँस भारी है
10-18 20:21:11.331 29429 29429 E TAG : बे-क़रारी सी बे-क़रारी है
10-18 20:21:11.331 29429 29429 E TAG :
10-18 20:21:11.331 29429 29429 E TAG : आप के बा'द हर घड़ी हम ने
10-18 20:21:11.331 29429 29429 E TAG : आप के साथ ही गुज़ारी है
10-18 20:21:11.331 29429 29429 E TAG :
10-18 20:21:11.331 29429 29429 E TAG : रात को दे दो चाँदनी की रिदा
10-18 20:21:11.331 29429 29429 E TAG : दिन की चादर अभी उतारी है
10-18 20:21:11.331 29429 29429 E TAG :
10-18 20:21:11.331 29429 29429 E TAG : शाख़ पर कोई क़हक़हा तो खिले
10-18 20:21:11.331 29429 29429 E TAG : कैसी चुप सी चमन में तारी है
10-18 20:21:11.331 29429 29429 E TAG :
10-18 20:21:11.331 29429 29429 E TAG : कल का हर वाक़िआ' तुम्हारा था
10-18 20:21:11.331 29429 29429 E TAG : आज की दास्ताँ हमारी है
10-18 20:21:11.331 29429 29429 D test : 720 323
10-18 20:21:11.331 29429 29429 D test : width= 2160 height= 1080
10-18 20:21:11.343 29429 29429 V SystemSensorManagerExtImpl: RegisterListener
bmi2xy_acc ACCELEROMETER type:1 delay:200000us by
android.view.OrientationEventListener$SensorEventListenerImpl@c135e9f from
com.corepix.videorecording
10-18 20:21:11.347 29429 29429 D WindowManager: Add to mViews:
DecorView@d578bb5[CameraActivity],pkg= com.corepix.videorecording
10-18 20:21:11.349 29429 30252 I CameraExtImpl: getInstance success!
10-18 20:21:11.350 29429 30252 D OplusCameraUtils: new OplusCameraUtils!
10-18 20:21:11.351 29429 29429 D InputEventReceiver: Input log is disabled
10-18 20:21:11.352 29429 29429 D orientation: onSensorChanged: 4
10-18 20:21:11.352 29429 29429 D orientation: onSensorChanged: 4
10-18 20:21:11.352 29429 29429 D orientation: onSensorChanged: 4
10-18 20:21:11.352 29429 29429 D VRI[ScriptDetailsActivity]: onFocusEvent false
10-18 20:21:11.352 29429 29429 D event : 3
10-18 20:21:11.353 29429 30252 I OplusCameraUtils: current activityName:
com.smartvlogger.Activity.CameraActivity
10-18 20:21:11.353 29429 30252 I OplusCameraUtils: getComponentName, componentName:
com.corepix.videorecording/com.smartvlogger.Activity.CameraActivity,
packageName:com.corepix.videorecording,
activityName:com.smartvlogger.Activity.CameraActivity
10-18 20:21:11.357 29429 29429 E OplusBracketLog: [OplusViewMirrorManager]
updateHostViewRootIfNeeded, not support android.view.ViewRootImpl@cccb133
10-18 20:21:11.360 29429 29429 I SurfaceView: 246379113 onAttachedToWindow
10-18 20:21:11.376 29429 29429 D BufferQueueConsumer: [](id:72f500000006,api:0,p:-
1,c:29429) connect: controlledByApp=false
10-18 20:21:11.377 29429 29429 E IPCThreadState: attemptIncStrongHandle(104): Not
supported
10-18 20:21:11.377 29429 29429 E IPCThreadState: attemptIncStrongHandle(58): Not
supported
10-18 20:21:11.378 29429 29429 V ZoomWindowDecorView:
setLastReportedMergedConfiguration mZoomDisplayHeight: 1080 getDecorView.223841205
10-18 20:21:11.380 29429 29429 D checklines: main height10468
10-18 20:21:11.380 29429 29429 D checklines: 237
10-18 20:21:11.380 29429 29429 D checklines: max= 10468
10-18 20:21:11.380 29429 29429 D checklines: land lines = 44 onewordheight =211
textheight = 10428 totalheight1080 scrollview geight = 11508
10-18 20:21:11.391 29429 29429 D BufferQueueConsumer: [](id:72f500000007,api:0,p:-
1,c:29429) connect: controlledByApp=false
10-18 20:21:11.391 29429 29429 I SurfaceView: 246379113 visibleChanged --
surfaceCreated
10-18 20:21:11.392 29429 29429 I SurfaceView: 246379113 surfaceChanged -- format=4
w=2292 h=1080
10-18 20:21:11.392 29429 30261 D libMEOW : meow new tls: 0xb400007b61346e00
10-18 20:21:11.392 29429 30261 D libMEOW : applied 1 plugins for
[com.corepix.videorecording]:
10-18 20:21:11.392 29429 30261 D libMEOW : plugin 1: [libMEOW_gift.so]:
0xb400007bd615c840
10-18 20:21:11.392 29429 30261 D libMEOW : rebuild call chain: 0xb400007b61355f00
10-18 20:21:11.393 29429 30252 D OplusStatistics--: newThread.ThreadFactory
10-18 20:21:11.393 29429 30252 D OplusCameraStatisticsManager: addInfo, eventMap:
{halLevel=1, cameraId=0, pkgName=com.corepix.videorecording,
connentTime=1729263071392, apLevel=1}
10-18 20:21:11.401 29429 30261 D BufferQueueConsumer: [](id:72f500000008,api:0,p:-
1,c:29429) connect: controlledByApp=true
10-18 20:21:11.408 29429 30261 D hw-ProcessState: Binder ioctl to enable oneway
spam detection failed: Invalid argument
10-18 20:21:11.413 29429 29429 D BLASTBufferQueue: [VRI[CameraActivity]
[com.corepix.videorecording/com.smartvlogger.Activity.CameraActivity]#6](f:0,a:1)
acquireNextBufferLocked size=2292x1080 mFrameNumber=1 applyTransaction=true
mTimestamp=139390984599615(auto) mPendingTransactions.size=0
graphicBufferId=126396592554007 transform=0
10-18 20:21:11.413 29429 29429 D VRI[CameraActivity]: draw finished.
10-18 20:21:11.414 29429 30261 D BLASTBufferQueue:
[SurfaceView[com.corepix.videorecording/com.smartvlogger.Activity.CameraActivity]#7
](f:0,a:1) acquireNextBufferLocked size=2292x1080 mFrameNumber=1
applyTransaction=true mTimestamp=139390985144538(auto) mPendingTransactions.size=0
graphicBufferId=126396592554008 transform=7
10-18 20:21:11.414 29429 29429 D checklines: max= 8862
10-18 20:21:11.414 29429 29429 D check : 8862
10-18 20:21:11.414 29429 29429 D check : expanded2 height=1080
10-18 20:21:11.414 29429 29429 I Quality : Skipped: false 2 cost 41.17516
refreshRate 16751107 bit true processName com.corepix.videorecording
10-18 20:21:11.415 29429 30261 I mali : [DebugProp] GPU Debug-Mechanism
Disable !
10-18 20:21:11.446 29429 29429 D VRI[CameraActivity]: draw finished.
10-18 20:21:11.447 29429 29429 D checklines: max= 8862
10-18 20:21:11.447 29429 29429 D check : 8862
10-18 20:21:11.447 29429 29429 D check : expanded2 height=1080
10-18 20:21:11.449 29429 29429 D orientation: onSensorChanged: 4
10-18 20:21:11.453 29429 29429 D orientation: onSensorChanged: 4
10-18 20:21:11.474 29429 29429 D orientation: onSensorChanged: 4
10-18 20:21:11.494 29429 29429 D checklines: max= 8862
10-18 20:21:11.494 29429 29429 D check : 8862
10-18 20:21:11.494 29429 29429 D check : expanded2 height=1080
10-18 20:21:11.512 29429 29429 D orientation: onSensorChanged: 4
10-18 20:21:11.514 29429 29429 D checklines: max= 8862
10-18 20:21:11.514 29429 29429 D check : 8862
10-18 20:21:11.514 29429 29429 D check : expanded2 height=1080
10-18 20:21:11.529 29429 29429 D VRI[CameraActivity]: onFocusEvent true
10-18 20:21:11.532 29429 29429 D orientation: onSensorChanged: 4
10-18 20:21:11.554 29429 29429 D checklines: max= 8862
10-18 20:21:11.554 29429 29429 D check : 8862
10-18 20:21:11.554 29429 29429 D check : expanded2 height=1080
10-18 20:21:11.574 29429 29429 D checklines: max= 8862
10-18 20:21:11.574 29429 29429 D check : 8862
10-18 20:21:11.574 29429 29429 D check : expanded2 height=1080
10-18 20:21:11.592 29429 29429 D orientation: onSensorChanged: 4
10-18 20:21:11.594 29429 29429 D checklines: max= 8862
10-18 20:21:11.594 29429 29429 D check : 8862
10-18 20:21:11.594 29429 29429 D check : expanded2 height=1080
10-18 20:21:11.612 29429 29429 D orientation: onSensorChanged: 4
10-18 20:21:11.613 29429 29429 D checklines: max= 8862
10-18 20:21:11.613 29429 29429 D check : 8862
10-18 20:21:11.613 29429 29429 D check : expanded2 height=1080
10-18 20:21:11.634 29429 29429 D checklines: max= 8862
10-18 20:21:11.634 29429 29429 D check : 8862
10-18 20:21:11.634 29429 29429 D check : expanded2 height=1080
10-18 20:21:11.653 29429 29429 D checklines: max= 8862
10-18 20:21:11.653 29429 29429 D check : 8862
10-18 20:21:11.653 29429 29429 D check : expanded2 height=1080
10-18 20:21:11.673 29429 29429 D checklines: max= 8862
10-18 20:21:11.673 29429 29429 D check : 8862
10-18 20:21:11.673 29429 29429 D check : expanded2 height=1080
10-18 20:21:11.685 29429 30261 I mali_config: @get_buffer_dataspace_setting: update
dataspace from GE (0x00000000 -> 0x08020000)
10-18 20:21:11.691 29429 29429 D orientation: onSensorChanged: 4
10-18 20:21:11.693 29429 29429 D checklines: max= 8862
10-18 20:21:11.693 29429 29429 D check : 8862
10-18 20:21:11.693 29429 29429 D check : expanded2 height=1080
10-18 20:21:11.713 29429 29429 D checklines: max= 8862
10-18 20:21:11.713 29429 29429 D check : 8862
10-18 20:21:11.713 29429 29429 D check : expanded2 height=1080
10-18 20:21:11.730 29429 29429 D orientation: onSensorChanged: 4
10-18 20:21:11.733 29429 30261 I mali_config: @get_buffer_dataspace_setting: update
dataspace from GE (0x00000000 -> 0x08020000)
10-18 20:21:11.734 29429 29429 D checklines: max= 8862
10-18 20:21:11.734 29429 29429 D check : 8862
10-18 20:21:11.734 29429 29429 D check : expanded2 height=1080
10-18 20:21:11.772 29429 30261 I mali_config: @get_buffer_dataspace_setting: update
dataspace from GE (0x00000000 -> 0x08020000)
10-18 20:21:11.784 29429 29429 D checklines: max= 8862
10-18 20:21:11.784 29429 29429 D check : 8862
10-18 20:21:11.784 29429 29429 D check : expanded2 height=1080
10-18 20:21:11.802 29429 30261 I mali_config: @get_buffer_dataspace_setting: update
dataspace from GE (0x00000000 -> 0x08020000)
10-18 20:21:11.810 29429 29429 D orientation: onSensorChanged: 4
10-18 20:21:11.833 29429 30261 I mali_config: @get_buffer_dataspace_setting: update
dataspace from GE (0x00000000 -> 0x08020000)
10-18 20:21:11.849 29429 29429 D orientation: onSensorChanged: 4
10-18 20:21:11.852 29429 29429 D checklines: max= 8862
10-18 20:21:11.852 29429 29429 D check : 8862
10-18 20:21:11.852 29429 29429 D check : expanded2 height=1080
10-18 20:21:11.852 29429 29429 D checklines: max= 8862
10-18 20:21:11.852 29429 29429 D check : 8862
10-18 20:21:11.852 29429 29429 D check : expanded2 height=1080
10-18 20:21:11.852 29429 29429 D checklines: max= 8862
10-18 20:21:11.852 29429 29429 D check : 8862
10-18 20:21:11.852 29429 29429 D check : expanded2 height=1080
10-18 20:21:11.869 29429 29429 D orientation: onSensorChanged: 4
10-18 20:21:11.873 29429 30261 I mali_config: @get_buffer_dataspace_setting: update
dataspace from GE (0x00000000 -> 0x08020000)
10-18 20:21:11.897 29429 29442 D VRI[ScriptDetailsActivity]: dispatchAppVisibility
visible:false
10-18 20:21:11.901 29429 30261 I mali_config: @get_buffer_dataspace_setting: update
dataspace from GE (0x00000000 -> 0x08020000)
10-18 20:21:11.990 29429 29429 D BLASTBufferQueue: [VRI[ScriptDetailsActivity]
[com.corepix.videorecording/com.smartvlogger.Activity.ScriptDetailsActivity]#5]
(f:0,a:1) destructor()
10-18 20:21:11.991 29429 29429 D BufferQueueConsumer: [VRI[ScriptDetailsActivity]
[com.corepix.videorecording/com.smartvlogger.Activity.ScriptDetailsActivity]#5(BLAS
T Consumer)5](id:72f500000005,api:0,p:-1,c:29429) disconnect
10-18 20:21:11.992 29429 29429 D VRI[ScriptDetailsActivity]: setWindowStopped
stopped:true
10-18 20:21:11.994 29429 29429 D checklines: max= 8862
10-18 20:21:11.994 29429 29429 D check : 8862
10-18 20:21:11.994 29429 29429 D check : expanded2 height=1080
10-18 20:21:11.994 29429 29429 D checklines: max= 8862
10-18 20:21:11.994 29429 29429 D check : 8862
10-18 20:21:11.994 29429 29429 D check : expanded2 height=1080
10-18 20:21:11.997 29429 29429 D checklines: max= 8862
10-18 20:21:11.997 29429 29429 D check : 8862
10-18 20:21:11.997 29429 29429 D check : expanded2 height=1080
10-18 20:21:12.040 29429 29429 D orientation: onSensorChanged: 4
10-18 20:21:12.046 29429 29429 D checklines: max= 8862
10-18 20:21:12.046 29429 29429 D check : 8862
10-18 20:21:12.046 29429 29429 D check : expanded2 height=1080
10-18 20:21:12.047 29429 29429 D checklines: max= 8862
10-18 20:21:12.047 29429 29429 D check : 8862
10-18 20:21:12.047 29429 29429 D check : expanded2 height=1080
10-18 20:21:12.048 29429 29429 D orientation: onSensorChanged: 4
10-18 20:21:12.091 29429 29429 D checklines: max= 8862
10-18 20:21:12.091 29429 29429 D check : 8862
10-18 20:21:12.091 29429 29429 D check : expanded2 height=1080
10-18 20:21:12.112 29429 29429 D checklines: max= 8862
10-18 20:21:12.112 29429 29429 D check : 8862
10-18 20:21:12.112 29429 29429 D check : expanded2 height=1080
10-18 20:21:12.127 29429 29429 D orientation: onSensorChanged: 4
10-18 20:21:12.149 29429 30261 I mali_config: @get_buffer_dataspace_setting: update
dataspace from GE (0x00000000 -> 0x08020000)
10-18 20:21:12.165 29429 29429 D orientation: onSensorChanged: 4
10-18 20:21:12.174 29429 30261 I mali_config: @get_buffer_dataspace_setting: update
dataspace from GE (0x00000000 -> 0x08020000)
10-18 20:21:12.185 29429 29429 D orientation: onSensorChanged: 4
10-18 20:21:12.191 29429 29429 D checklines: max= 8862
10-18 20:21:12.191 29429 29429 D check : 8862
10-18 20:21:12.191 29429 29429 D check : expanded2 height=1080
10-18 20:21:12.231 29429 29429 D checklines: max= 8862
10-18 20:21:12.231 29429 29429 D check : 8862
10-18 20:21:12.231 29429 29429 D check : expanded2 height=1080
10-18 20:21:12.244 29429 29429 D orientation: onSensorChanged: 4
10-18 20:21:12.310 29429 29429 D checklines: max= 8862
10-18 20:21:12.310 29429 29429 D check : 8862
10-18 20:21:12.310 29429 29429 D check : expanded2 height=1080
10-18 20:21:12.344 29429 29429 D orientation: onSensorChanged: 4
10-18 20:21:12.349 29429 29429 D checklines: max= 8862
10-18 20:21:12.349 29429 29429 D check : 8862
10-18 20:21:12.349 29429 29429 D check : expanded2 height=1080
10-18 20:21:12.369 29429 29429 D checklines: max= 8862
10-18 20:21:12.369 29429 29429 D check : 8862
10-18 20:21:12.369 29429 29429 D check : expanded2 height=1080
10-18 20:21:12.415 29429 29429 D OplusScrollToTopManager:
com.corepix.videorecording/com.smartvlogger.Activity.ScriptDetailsActivity,This
DecorView@62bb5e3[ScriptDetailsActivity] change focus to false
10-18 20:21:12.422 29429 29429 D orientation: onSensorChanged: 4
10-18 20:21:12.462 29429 29429 D orientation: onSensorChanged: 4
10-18 20:21:12.482 29429 29429 D orientation: onSensorChanged: 4
10-18 20:21:12.501 29429 29429 D orientation: onSensorChanged: 4
10-18 20:21:12.529 29429 29429 D OplusScrollToTopManager:
com.corepix.videorecording/com.smartvlogger.Activity.CameraActivity,This
DecorView@d578bb5[CameraActivity] change focus to true
10-18 20:21:12.541 29429 29429 D orientation: onSensorChanged: 4
10-18 20:21:12.543 29429 29429 D checklines: max= 8862
10-18 20:21:12.543 29429 29429 D check : 8862
10-18 20:21:12.543 29429 29429 D check : expanded2 height=1080
10-18 20:21:12.547 29429 29429 D checklines: max= 8862
10-18 20:21:12.547 29429 29429 D check : 8862
10-18 20:21:12.547 29429 29429 D check : expanded2 height=1080
10-18 20:21:12.560 29429 29429 D orientation: onSensorChanged: 4
10-18 20:21:12.580 29429 29429 D orientation: onSensorChanged: 4
10-18 20:21:12.600 29429 29429 D orientation: onSensorChanged: 4
10-18 20:21:12.627 29429 29429 D checklines: max= 8862
10-18 20:21:12.627 29429 29429 D check : 8862
10-18 20:21:12.627 29429 29429 D check : expanded2 height=1080
10-18 20:21:12.639 29429 29429 D orientation: onSensorChanged: 4
10-18 20:21:12.659 29429 29429 D orientation: onSensorChanged: 4
10-18 20:21:12.665 29429 29429 D checklines: max= 8862
10-18 20:21:12.665 29429 29429 D check : 8862
10-18 20:21:12.665 29429 29429 D check : expanded2 height=1080
10-18 20:21:12.685 29429 29429 D checklines: max= 8862
