02-14 21:11:32.479 21769 21769 W BottomSheetBehavior: BottomSheetBehavior now supports multiple callbacks. `setBottomSheetCallback()` removes all existing callbacks, including ones set internally by library authors, which may result in unintended behavior. This may change in the future. Please use `addBottomSheetCallback()` and `removeBottomSheetCallback()` instead to set your own callbacks.
02-14 21:11:32.479 21769 21769 W BottomSheetBehavior: BottomSheetBehavior now supports multiple callbacks. `setBottomSheetCallback()` removes all existing callbacks, including ones set internally by library authors, which may result in unintended behavior. This may change in the future. Please use `addBottomSheetCallback()` and `removeBottomSheetCallback()` instead to set your own callbacks.
02-14 21:11:32.503 21769 20956 W MediaCodec: no metrics handle found
02-14 21:11:32.706 21769 19689 W Kumiho-Kumiho: isSupportedFormat: Format is not supported
02-14 21:11:32.718 21769 19689 E HeifDecoderImpl: getSize: not supported!
02-14 21:11:32.749 21769 19689 W Kumiho-Kumiho: isSupportedFormat: Format is not supported
02-14 21:11:32.757 21769 19689 E HeifDecoderImpl: getSize: not supported!
02-14 21:11:32.765 21769 19689 W Kumiho-Kumiho: isSupportedFormat: Format is not supported
02-14 21:11:32.774 21769 19689 E HeifDecoderImpl: getSize: not supported!
02-14 21:11:33.292 21769 21878 E SQLiteDatabase: Error inserting transferred=1 media_job_uuid=42f284dc-f4dc-418a-909d-fefd2fa584f2 transcoded=0 gif_attribution=0 first_scan_length=0 direct_path=/o1/v/t62.7118-24/f1/m234/up-oil-image-4b60c607- 0ccf-4c97-92d9-9bb6ce9cf301?ccb=9-4&oh=01_AdSPJwRJMZwu5SbuJesmLOno3Lid2aoNSVh8V3A- QD4zfQ&oe=65F382CF&_nc_sid=000000 thumbnail_height_width_ratio=1.3333334 is_animated_sticker=0 file_hash=NZ8h1ikaXjdTh8vYuzcttT5tV0CxTWpfH6ealGJyQVo= file_path=Media/.Statuses/7d4ebb419b8a4771ba411b0f53617986.jpg file_size=1467203 partial_media_hash=null face_x=0 face_y=0 height=4032 trim_to=0 media_key_timestamp=1707870404000 message_url=https://mmg.whatsapp.net/o1/v/t62.7118-24/f1/m234/up-oil-image- 4b60c607-0ccf-4c97-92d9-9bb6ce9cf301?ccb=9- 4&oh=01_AdSPJwRJMZwu5SbuJesmLOno3Lid2aoNSVh8V3A- QD4zfQ&oe=65F382CF&_nc_sid=000000&mms3=true media_caption=null trim_from=0 mime_type=image/jpeg partial_media_enc_hash=null width=3024 original_file_hash=null has_streaming_sidecar=0 autotransfer_retry_enabled=1 media_upload_handle=null message_row_id=203124 multicast_id=null enc_file_hash=0pcbF2sBqQYYBcvazhsaplI9M5QMv90gWg7Zl0fGaSw= mute_video=0 page_count=0 first_scan_sidecar=null suspicious_content=0 file_length=1467203 media_name=null media_duration=0 chat_row_id=2 media_key=[B@7be2ecc
02-14 21:11:33.292 21769 21878 E SQLiteDatabase: android.database.sqlite.SQLiteConstraintException: UNIQUE constraint failed: message_media.message_row_id (code 1555 SQLITE_CONSTRAINT_PRIMARYKEY[1555])
02-14 21:11:33.292 21769 21878 E SQLiteDatabase: at android.database.sqlite.SQLiteConnection.nativeExecuteForLastInsertedRowId(Native Method)
02-14 21:11:33.292 21769 21878 E SQLiteDatabase: at android.database.sqlite.SQLiteConnection.executeForLastInsertedRowId(SQLiteConnecti on.java:1293)
02-14 21:11:33.292 21769 21878 E SQLiteDatabase: at android.database.sqlite.SQLiteSession.executeForLastInsertedRowId(SQLiteSession.jav a:790)
02-14 21:11:33.292 21769 21878 E SQLiteDatabase: at android.database.sqlite.SQLiteStatement.executeInsert(SQLiteStatement.java:89)
02-14 21:11:33.292 21769 21878 E SQLiteDatabase: at android.database.sqlite.SQLiteDatabase.insertWithOnConflict(SQLiteDatabase.java:243 4)
02-14 21:11:33.292 21769 21878 E SQLiteDatabase: at android.database.sqlite.SQLiteDatabase.insert(SQLiteDatabase.java:2303)
02-14 21:11:33.292 21769 21878 E SQLiteDatabase: at X.2tm.A08(Unknown Source:6)
02-14 21:11:33.292 21769 21878 E SQLiteDatabase: at X.35Y.A07(Unknown Source:212)
02-14 21:11:33.292 21769 21878 E SQLiteDatabase: at X.3QF.A14(Unknown Source:470)
02-14 21:11:33.292 21769 21878 E SQLiteDatabase: at X.3gU.run(Unknown Source:982)
02-14 21:11:33.292 21769 21878 E SQLiteDatabase: at android.os.Handler.handleCallback(Handler.java:958)
02-14 21:11:33.292 21769 21878 E SQLiteDatabase: at android.os.Handler.dispatchMessage(Handler.java:99)
02-14 21:11:33.292 21769 21878 E SQLiteDatabase: at X.0zq.dispatchMessage(Unknown Source:4)
02-14 21:11:33.292 21769 21878 E SQLiteDatabase: at android.os.Looper.loopOnce(Looper.java:230)
02-14 21:11:33.292 21769 21878 E SQLiteDatabase: at android.os.Looper.loop(Looper.java:319)
02-14 21:11:33.292 21769 21878 E SQLiteDatabase: at android.os.HandlerThread.run(HandlerThread.java:67)
02-14 21:11:33.331 21769 18179 W Kumiho-Kumiho: isSupportedFormat: Format is not supported
02-14 21:11:33.340 21769 18179 W Kumiho-Kumiho: isSupportedFormat: Format is not supported
02-14 21:11:33.582 21769 21769 W BottomSheetBehavior: BottomSheetBehavior now supports multiple callbacks. `setBottomSheetCallback()` removes all existing callbacks, including ones set internally by library authors, which may result in unintended behavior. This may change in the future. Please use `addBottomSheetCallback()` and `removeBottomSheetCallback()` instead to set your own callbacks.
02-14 21:11:33.582 21769 21769 W BottomSheetBehavior: BottomSheetBehavior now supports multiple callbacks. `setBottomSheetCallback()` removes all existing callbacks, including ones set internally by library authors, which may result in unintended behavior. This may change in the future. Please use `addBottomSheetCallback()` and `removeBottomSheetCallback()` instead to set your own callbacks.
02-14 21:11:33.592 21769 21769 E RecyclerView: No adapter attached; skipping layout
02-14 21:11:34.223 21769 21769 E RecyclerView: No adapter attached; skipping layout
02-14 21:11:34.237 21769 21127 W ColorUtils: expected specified color aspects (0:0:0:0)
02-14 21:11:34.241 21769 21127 W Codec2Client: query -- param skipped: index = 1107298332.
02-14 21:11:34.241 21769 21127 W CCodec : This behavior is subject to change. It is recommended that app developers double check whether the requested max input size is in reasonable range.
02-14 21:11:34.261 21769 21127 W Codec2Client: query -- param skipped: index = 1073743886.
02-14 21:11:34.261 21769 21127 W Codec2Client: query -- param skipped: index = 1610614798.
02-14 21:11:34.261 21769 21127 W Codec2Client: query -- param skipped: index = 1610614821.
02-14 21:11:34.261 21769 21127 W Codec2Client: query -- param skipped: index = 2684356609.
02-14 21:11:34.294 21769 21138 W Codec2Client: query -- param skipped: index = 1107298332.
02-14 21:11:34.294 21769 21138 W CCodec : This behavior is subject to change. It is recommended that app developers double check whether the requested max input size is in reasonable range.
02-14 21:11:34.297 21769 21138 W Codec2Client: query -- param skipped: index = 1342179345.
02-14 21:11:34.297 21769 21138 W Codec2Client: query -- param skipped: index = 2415921170.
02-14 21:11:34.297 21769 21138 W Codec2Client: query -- param skipped: index = 1610614798.
02-14 21:11:35.068 21769 21878 E SQLiteDatabase: Error inserting transferred=0 media_job_uuid=2c20a0d6-d967-41f5-958a-d2a8ce102e53 transcoded=0 gif_attribution=0 first_scan_length=0 direct_path=/v/t62.7161- 24/32060288_772562184204068_6825381450808629035_n.enc?ccb=11- 4&oh=01_AdRuiRHNlNds21ewVivR55P24wvx8dM5iSss6wgLAil14g&oe=65F38ABF&_nc_sid=5e03e0 thumbnail_height_width_ratio=1.7777778 is_animated_sticker=0 file_hash=D94qoeyHFMpY7CWigBYk/YWwwcG3wYV2J8bJHaWGAlY= file_path=null file_size=0 partial_media_hash=null face_x=0 face_y=0 height=848 trim_to=0 media_key_timestamp=1707870562000 message_url=https://mmg.whatsapp.net/v/t62.7161- 24/32060288_772562184204068_6825381450808629035_n.enc?ccb=11- 4&oh=01_AdRuiRHNlNds21ewVivR55P24wvx8dM5iSss6wgLAil14g&oe=65F38ABF&_nc_sid=5e03e0&m ms3=true media_caption=null trim_from=0 mime_type=video/mp4 partial_media_enc_hash=null width=480 original_file_hash=null has_streaming_sidecar=1 autotransfer_retry_enabled=0 media_upload_handle=null message_row_id=203125 multicast_id=null enc_file_hash=etxHljhe8bIR3EyJ6+7ZMoWJC1rELFiB3dpWGTNP4hA= mute_video=0 page_count=0 first_scan_sidecar=null suspicious_content=0 file_length=4425640 media_name=null media_duration=21 chat_row_id=2 media_key=[B@253f128
02-14 21:11:35.068 21769 21878 E SQLiteDatabase: android.database.sqlite.SQLiteConstraintException: UNIQUE constraint failed: message_media.message_row_id (code 1555 SQLITE_CONSTRAINT_PRIMARYKEY[1555])
02-14 21:11:35.068 21769 21878 E SQLiteDatabase: at android.database.sqlite.SQLiteConnection.nativeExecuteForLastInsertedRowId(Native Method)
02-14 21:11:35.068 21769 21878 E SQLiteDatabase: at android.database.sqlite.SQLiteConnection.executeForLastInsertedRowId(SQLiteConnecti on.java:1293)
02-14 21:11:35.068 21769 21878 E SQLiteDatabase: at android.database.sqlite.SQLiteSession.executeForLastInsertedRowId(SQLiteSession.jav a:790)
02-14 21:11:35.068 21769 21878 E SQLiteDatabase: at android.database.sqlite.SQLiteStatement.executeInsert(SQLiteStatement.java:89)
02-14 21:11:35.068 21769 21878 E SQLiteDatabase: at android.database.sqlite.SQLiteDatabase.insertWithOnConflict(SQLiteDatabase.java:243 4)
02-14 21:11:35.068 21769 21878 E SQLiteDatabase: at android.database.sqlite.SQLiteDatabase.insert(SQLiteDatabase.java:2303)
02-14 21:11:35.068 21769 21878 E SQLiteDatabase: at X.2tm.A08(Unknown Source:6)
02-14 21:11:35.068 21769 21878 E SQLiteDatabase: at X.35Y.A07(Unknown Source:212)
02-14 21:11:35.068 21769 21878 E SQLiteDatabase: at X.3QF.A14(Unknown Source:470)
02-14 21:11:35.068 21769 21878 E SQLiteDatabase: at X.3gU.run(Unknown Source:982)
02-14 21:11:35.068 21769 21878 E SQLiteDatabase: at android.os.Handler.handleCallback(Handler.java:958)
02-14 21:11:35.068 21769 21878 E SQLiteDatabase: at android.os.Handler.dispatchMessage(Handler.java:99)
02-14 21:11:35.068 21769 21878 E SQLiteDatabase: at X.0zq.dispatchMessage(Unknown Source:4)
02-14 21:11:35.068 21769 21878 E SQLiteDatabase: at android.os.Looper.loopOnce(Looper.java:230)
02-14 21:11:35.068 21769 21878 E SQLiteDatabase: at android.os.Looper.loop(Looper.java:319)
02-14 21:11:35.068 21769 21878 E SQLiteDatabase: at android.os.HandlerThread.run(HandlerThread.java:67)
02-14 21:11:35.131 21769 21878 E SQLiteDatabase: Error inserting transferred=0 media_job_uuid=2c20a0d6-d967-41f5-958a-d2a8ce102e53 transcoded=0 gif_attribution=0 first_scan_length=0 direct_path=/v/t62.7161- 24/32060288_772562184204068_6825381450808629035_n.enc?ccb=11- 4&oh=01_AdRuiRHNlNds21ewVivR55P24wvx8dM5iSss6wgLAil14g&oe=65F38ABF&_nc_sid=5e03e0 thumbnail_height_width_ratio=1.7777778 is_animated_sticker=0 file_hash=D94qoeyHFMpY7CWigBYk/YWwwcG3wYV2J8bJHaWGAlY= file_path=null file_size=0 partial_media_hash=null face_x=0 face_y=0 height=848 trim_to=0 media_key_timestamp=1707870562000 message_url=https://mmg.whatsapp.net/v/t62.7161- 24/32060288_772562184204068_6825381450808629035_n.enc?ccb=11- 4&oh=01_AdRuiRHNlNds21ewVivR55P24wvx8dM5iSss6wgLAil14g&oe=65F38ABF&_nc_sid=5e03e0&m ms3=true media_caption=null trim_from=0 mime_type=video/mp4 partial_media_enc_hash=null width=480 original_file_hash=null has_streaming_sidecar=1 autotransfer_retry_enabled=0 media_upload_handle=null message_row_id=203125 multicast_id=null enc_file_hash=etxHljhe8bIR3EyJ6+7ZMoWJC1rELFiB3dpWGTNP4hA= mute_video=0 page_count=0 first_scan_sidecar=null suspicious_content=0 file_length=4425640 media_name=null media_duration=21 chat_row_id=2 media_key=[B@253f128
02-14 21:11:35.131 21769 21878 E SQLiteDatabase: android.database.sqlite.SQLiteConstraintException: UNIQUE constraint failed: message_media.message_row_id (code 1555 SQLITE_CONSTRAINT_PRIMARYKEY[1555])
02-14 21:11:35.131 21769 21878 E SQLiteDatabase: at android.database.sqlite.SQLiteConnection.nativeExecuteForLastInsertedRowId(Native Method)
02-14 21:11:35.131 21769 21878 E SQLiteDatabase: at android.database.sqlite.SQLiteConnection.executeForLastInsertedRowId(SQLiteConnecti on.java:1293)
02-14 21:11:35.131 21769 21878 E SQLiteDatabase: at android.database.sqlite.SQLiteSession.executeForLastInsertedRowId(SQLiteSession.jav a:790)
02-14 21:11:35.131 21769 21878 E SQLiteDatabase: at android.database.sqlite.SQLiteStatement.executeInsert(SQLiteStatement.java:89)
02-14 21:11:35.131 21769 21878 E SQLiteDatabase: at android.database.sqlite.SQLiteDatabase.insertWithOnConflict(SQLiteDatabase.java:243 4)
02-14 21:11:35.131 21769 21878 E SQLiteDatabase: at android.database.sqlite.SQLiteDatabase.insert(SQLiteDatabase.java:2303)
02-14 21:11:35.131 21769 21878 E SQLiteDatabase: at X.2tm.A08(Unknown Source:6)
02-14 21:11:35.131 21769 21878 E SQLiteDatabase: at X.35Y.A07(Unknown Source:212)
02-14 21:11:35.131 21769 21878 E SQLiteDatabase: at X.3QF.A14(Unknown Source:470)
02-14 21:11:35.131 21769 21878 E SQLiteDatabase: at X.3gU.run(Unknown Source:982)
02-14 21:11:35.131 21769 21878 E SQLiteDatabase: at android.os.Handler.handleCallback(Handler.java:958)
02-14 21:11:35.131 21769 21878 E SQLiteDatabase: at android.os.Handler.dispatchMessage(Handler.java:99)
02-14 21:11:35.131 21769 21878 E SQLiteDatabase: at X.0zq.dispatchMessage(Unknown Source:4)
02-14 21:11:35.131 21769 21878 E SQLiteDatabase: at android.os.Looper.loopOnce(Looper.java:230)
02-14 21:11:35.131 21769 21878 E SQLiteDatabase: at android.os.Looper.loop(Looper.java:319)
02-14 21:11:35.131 21769 21878 E SQLiteDatabase: at android.os.HandlerThread.run(HandlerThread.java:67)
02-14 21:11:35.135 21769 21126 W Codec2Client: query -- param skipped: index = 1073743886.
02-14 21:11:35.135 21769 21126 W Codec2Client: query -- param skipped: index = 1610614798.
02-14 21:11:35.135 21769 21126 W Codec2Client: query -- param skipped: index = 1610614821.
02-14 21:11:35.142 21769 21138 W Codec2Client: query -- param skipped: index = 1342179345.
02-14 21:11:35.142 21769 21138 W Codec2Client: query -- param skipped: index = 2415921170.
02-14 21:11:35.142 21769 21138 W Codec2Client: query -- param skipped: index = 1610614798.
02-14 21:11:35.178 21769 21138 W MediaCodec: no metrics handle found
02-14 21:11:35.205 21769 21126 W MediaCodec: no metrics handle found
02-14 21:11:35.454 21769 21769 W WindowOnBackDispatcher: sendCancelIfRunning: isInProgress=falsecallback=android.view.ViewRootImpl$ $ExternalSyntheticLambda21@1bb19e
02-14 21:11:36.133 21769 18179 W Kumiho-Kumiho: isSupportedFormat: Format is not supported
02-14 21:11:36.140 21769 18179 W Kumiho-Kumiho: isSupportedFormat: Format is not supported
02-14 21:11:36.712 21769 18179 W Kumiho-Kumiho: isSupportedFormat: Format is not supported
02-14 21:11:36.719 21769 18179 W Kumiho-Kumiho: isSupportedFormat: Format is not supported
02-14 21:11:37.677 21769 21769 E ArmVmp : Match on catch block at 0xb0 in for 0x7e07691039
02-14 21:11:37.679 21769 21769 E ArmVmp : Match on catch block at 0xb0 in for 0x7e07691039
02-14 21:11:37.705 21769 21769 E ArmVmp : Match on catch block at 0x0a in for 0x7e07691035
02-14 21:11:37.706 21769 21769 E ArmVmp : Match on catch block at 0x0a in for 0x7e07691035
02-14 21:11:37.797 21769 21769 W View : requestLayout() improperly called by X.4rg{a2e584 V.E....L. ......ID 0,68-1080,1145} during layout: running second layout pass
02-14 21:11:37.797 21769 21769 W View : requestLayout() improperly called by android.widget.LinearLayout{c315e33 V.E...... ......ID 42,126-744,1063 #7f0b0e50 app:id/main_layout} during layout: running second layout pass
02-14 21:11:37.797 21769 21769 W View : requestLayout() improperly called by com.whatsapp.conversation.conversationrow.ConversationRowImage$RowImageView{90c6769 VFED..CL. ......ID 11,11-691,861 #7f0b0c84 app:id/image} during layout: running second layout pass
02-14 21:11:37.808 21769 21769 E ArmVmp : Match on catch block at 0xc3 in for 0x7e07691021
02-14 21:11:37.820 21769 21769 E ArmVmp : Match on catch block at 0xc3 in for 0x7e07691021
02-14 21:11:37.829 21769 21769 E ArmVmp : Match on catch block at 0xc3 in for 0x7e07691021
02-14 21:11:37.852 21769 21769 E ArmVmp : Match on catch block at 0xc3 in for 0x7e07691025
02-14 21:11:37.855 21769 21769 E ArmVmp : Match on catch block at 0xc3 in for 0x7e07691025
02-14 21:11:37.856 21769 21769 E ArmVmp : Match on catch block at 0xc3 in for 0x7e07691025
02-14 21:11:37.870 21769 21769 W View : requestLayout() improperly called by X.4rg{a2e584 V.E....L. ......ID 0,68-1080,1145} during second layout pass: posting in next frame
02-14 21:11:37.870 21769 21769 W View : requestLayout() improperly called by android.widget.LinearLayout{c315e33 V.E...... ......ID 42,126-744,1063 #7f0b0e50 app:id/main_layout} during second layout pass: posting in next frame
02-14 21:11:37.872 21769 21769 E ArmVmp : Match on catch block at 0xc3 in for 0x7e07691025
02-14 21:11:37.875 21769 21769 E ArmVmp : Match on catch block at 0xc3 in for 0x7e07691025
02-14 21:11:37.876 21769 21769 E ArmVmp : Match on catch block at 0xc3 in for 0x7e07691025
02-14 21:11:37.888 21769 21769 E ArmVmp : Match on catch block at 0xc3 in for 0x7e07691025
02-14 21:11:37.891 21769 21769 E ArmVmp : Match on catch block at 0xc3 in for 0x7e07691025
02-14 21:11:37.892 21769 21769 E ArmVmp : Match on catch block at 0xc3 in for 0x7e07691025
02-14 21:11:37.904 21769 21769 E ArmVmp : Match on catch block at 0xc3 in for 0x7e07691025
02-14 21:11:37.907 21769 21769 E ArmVmp : Match on catch block at 0xc3 in for 0x7e07691025
02-14 21:11:37.909 21769 21769 E ArmVmp : Match on catch block at 0xc3 in for 0x7e07691025
02-14 21:11:37.920 21769 21769 E ArmVmp : Match on catch block at 0xc3 in for 0x7e07691025
02-14 21:11:37.923 21769 21769 E ArmVmp : Match on catch block at 0xc3 in for 0x7e07691025
02-14 21:11:37.924 21769 21769 E ArmVmp : Match on catch block at 0xc3 in for 0x7e07691025
02-14 21:11:37.972 21769 21769 E ArmVmp : Match on catch block at 0xc3 in for 0x7e07691025
02-14 21:11:37.978 21769 21769 E ArmVmp : Match on catch block at 0xc3 in for 0x7e07691025
02-14 21:11:37.979 21769 21769 E ArmVmp : Match on catch block at 0xc3 in for 0x7e07691025
02-14 21:11:37.992 21769 21769 E ArmVmp : Match on catch block at 0xc3 in for 0x7e07691025
02-14 21:11:37.995 21769 21769 E ArmVmp : Match on catch block at 0xc3 in for 0x7e07691025
02-14 21:11:37.997 21769 21769 E ArmVmp : Match on catch block at 0xc3 in for 0x7e07691025
02-14 21:11:38.020 21769 21769 E SpannableStringBuilder: SPAN_EXCLUSIVE_EXCLUSIVE spans cannot have a zero length
02-14 21:11:38.471 21769 21769 E ArmVmp : Match on catch block at 0xc3 in for 0x7e07691025
02-14 21:11:38.474 21769 21769 E ArmVmp : Match on catch block at 0xc3 in for 0x7e07691025
02-14 21:11:38.476 21769 21769 E ArmVmp : Match on catch block at 0xc3 in for 0x7e07691025
02-14 21:11:38.688 21769 21769 E ArmVmp : Match on catch block at 0xc3 in for 0x7e07691025
02-14 21:11:38.690 21769 21769 E ArmVmp : Match on catch block at 0xc3 in for 0x7e07691025
02-14 21:11:38.692 21769 21769 E ArmVmp : Match on catch block at 0xc3 in for 0x7e07691025
02-14 21:11:38.704 21769 21769 E ArmVmp : Match on catch block at 0xc3 in for 0x7e07691025
02-14 21:11:38.707 21769 21769 E ArmVmp : Match on catch block at 0xc3 in for 0x7e07691025
02-14 21:11:38.708 21769 21769 E ArmVmp : Match on catch block at 0xc3 in for 0x7e07691025
02-14 21:11:38.721 21769 21769 E ArmVmp : Match on catch block at 0xc3 in for 0x7e07691025
02-14 21:11:38.723 21769 21769 E ArmVmp : Match on catch block at 0xc3 in for 0x7e07691025
02-14 21:11:38.725 21769 21769 E ArmVmp : Match on catch block at 0xc3 in for 0x7e07691025
02-14 21:11:38.737 21769 21769 E ArmVmp : Match on catch block at 0xc3 in for 0x7e07691025
02-14 21:11:38.740 21769 21769 E ArmVmp : Match on catch block at 0xc3 in for 0x7e07691025
02-14 21:11:38.741 21769 21769 E ArmVmp : Match on catch block at 0xc3 in for 0x7e07691025
02-14 21:11:38.754 21769 21769 E ArmVmp : Match on catch block at 0xc3 in for 0x7e07691025
02-14 21:11:38.756 21769 21769 E ArmVmp : Match on catch block at 0xc3 in for 0x7e07691025
02-14 21:11:38.758 21769 21769 E ArmVmp : Match on catch block at 0xc3 in for 0x7e07691025
02-14 21:11:38.770 21769 21769 E ArmVmp : Match on catch block at 0xc3 in for 0x7e07691025
02-14 21:11:38.773 21769 21769 E ArmVmp : Match on catch block at 0xc3 in for 0x7e07691025
02-14 21:11:38.774 21769 21769 E ArmVmp : Match on catch block at 0xc3 in for 0x7e07691025
02-14 21:11:38.787 21769 21769 E ArmVmp : Match on catch block at 0xc3 in for 0x7e07691025
02-14 21:11:38.790 21769 21769 E ArmVmp : Match on catch block at 0xc3 in for 0x7e07691025
02-14 21:11:38.791 21769 21769 E ArmVmp : Match on catch block at 0xc3 in for 0x7e07691025
02-14 21:11:38.804 21769 21769 E ArmVmp : Match on catch block at 0xc3 in for 0x7e07691025
02-14 21:11:38.807 21769 21769 E ArmVmp : Match on catch block at 0xc3 in for 0x7e07691025
02-14 21:11:38.808 21769 21769 E ArmVmp : Match on catch block at 0xc3 in for 0x7e07691025
02-14 21:11:38.820 21769 21769 E ArmVmp : Match on catch block at 0xc3 in for 0x7e07691025
02-14 21:11:38.824 21769 21769 E ArmVmp : Match on catch block at 0xc3 in for 0x7e07691025
02-14 21:11:38.825 21769 21769 E ArmVmp : Match on catch block at 0xc3 in for 0x7e07691025
02-14 21:11:38.837 21769 21769 E ArmVmp : Match on catch block at 0xc3 in for 0x7e07691025
02-14 21:11:38.841 21769 21769 E ArmVmp : Match on catch block at 0xc3 in for 0x7e07691025
02-14 21:11:38.842 21769 21769 E ArmVmp : Match on catch block at 0xc3 in for 0x7e07691025
02-14 21:11:38.854 21769 21769 E ArmVmp : Match on catch block at 0xc3 in for 0x7e07691025
02-14 21:11:38.857 21769 21769 E ArmVmp : Match on catch block at 0xc3 in for 0x7e07691025
02-14 21:11:38.859 21769 21769 E ArmVmp : Match on catch block at 0xc3 in for 0x7e07691025
02-14 21:11:38.871 21769 21769 E ArmVmp : Match on catch block at 0xc3 in for 0x7e07691025
02-14 21:11:38.874 21769 21769 E ArmVmp : Match on catch block at 0xc3 in for 0x7e07691025
02-14 21:11:38.876 21769 21769 E ArmVmp : Match on catch block at 0xc3 in for 0x7e07691025
02-14 21:11:38.888 21769 21769 E ArmVmp : Match on catch block at 0xc3 in for 0x7e07691025
02-14 21:11:38.891 21769 21769 E ArmVmp : Match on catch block at 0xc3 in for 0x7e07691025
02-14 21:11:38.893 21769 21769 E ArmVmp : Match on catch block at 0xc3 in for 0x7e07691025
02-14 21:11:38.904 21769 21769 E ArmVmp : Match on catch block at 0xc3 in for 0x7e07691025
02-14 21:11:38.908 21769 21769 E ArmVmp : Match on catch block at 0xc3 in for 0x7e07691025
02-14 21:11:38.910 21769 21769 E ArmVmp : Match on catch block at 0xc3 in for 0x7e07691025
02-14 21:11:38.921 21769 21769 E ArmVmp : Match on catch block at 0xc3 in for 0x7e07691025
02-14 21:11:38.926 21769 21769 E ArmVmp : Match on catch block at 0xc3 in for 0x7e07691025
02-14 21:11:38.927 21769 21769 E ArmVmp : Match on catch block at 0xc3 in for 0x7e07691025
02-14 21:11:38.972 21769 21769 E ArmVmp : Match on catch block at 0xc3 in for 0x7e07691025
02-14 21:11:38.977 21769 21769 E ArmVmp : Match on catch block at 0xc3 in for 0x7e07691025
02-14 21:11:38.980 21769 21769 E ArmVmp : Match on catch block at 0xc3 in for 0x7e07691025
02-14 21:11:39.022 21769 21769 E ArmVmp : Match on catch block at 0xc3 in for 0x7e07691025
02-14 21:11:39.026 21769 21769 E ArmVmp : Match on catch block at 0xc3 in for 0x7e07691025
02-14 21:11:39.028 21769 21769 E ArmVmp : Match on catch block at 0xc3 in for 0x7e07691025
02-14 21:11:39.047 21769 21769 E ArmVmp : Match on catch block at 0xc3 in for 0x7e07691025 02-14 21:11:--------- beginning of main
02-14 21:11:39.049 21769 21769 E ArmVmp : Match on catch block at 0xc3 in for 0x7e07691025
02-14 21:11:39.051 21769 21769 E ArmVmp : Match on catch block at 0xc3 in for 0x7e07691025
02-14 21:11:39.126 21769 21769 E ArmVmp : Match on catch block at 0xc3 in for 0x7e07691025
02-14 21:11:39.129 21769 21769 E ArmVmp : Match on catch block at 0xc3 in for 0x7e07691025
02-14 21:11:39.131 21769 21769 E ArmVmp : Match on catch block at 0xc3 in for 0x7e07691025
02-14 21:11:39.514 21769 21769 E ArmVmp : Match on catch block at 0xc3 in for 0x7e07691025
02-14 21:11:39.518 21769 21769 E ArmVmp : Match on catch block at 0xc3 in for 0x7e07691025
02-14 21:11:39.520 21769 21769 E ArmVmp : Match on catch block at 0xc3 in for 0x7e07691025
02-14 21:11:39.529 21769 21769 W WindowOnBackDispatcher: sendCancelIfRunning: isInProgress=falsecallback=android.view.ViewRootImpl$ $ExternalSyntheticLambda21@d3996cd
02-14 21:12:41.582 25168 25168 E com.whatsapp: Not starting debugger since process cannot load the jdwp agent.
02-14 21:12:41.941 25168 25168 W System.err: java.lang.ClassNotFoundException: mbmodsd.mbmodsw.ui.views.btn.BtnBK
02-14 21:12:41.942 25168 25168 W System.err: at java.lang.Runtime.nativeLoad(Native Method)
02-14 21:12:41.942 25168 25168 W System.err: at java.lang.Runtime.nativeLoad(Runtime.java:1126)
02-14 21:12:41.942 25168 25168 W System.err: at java.lang.Runtime.loadLibrary0(Runtime.java:1080)
02-14 21:12:41.942 25168 25168 W System.err: at java.lang.Runtime.loadLibrary0(Runtime.java:1003)
02-14 21:12:41.942 25168 25168 W System.err: at java.lang.System.loadLibrary(System.java:1661)
02-14 21:12:41.942 25168 25168 W System.err: at arm.EpicVm.<clinit>(Unknown Source:2)
02-14 21:12:41.942 25168 25168 W System.err: at java.lang.Class.newInstance(Native Method)
02-14 21:12:41.942 25168 25168 W System.err: at android.app.AppComponentFactory.instantiateApplication(AppComponentFactory.java:76)
02-14 21:12:41.942 25168 25168 W System.err: at androidx.core.app.CoreComponentFactory.instantiateApplication(Unknown Source:0)
02-14 21:12:41.942 25168 25168 W System.err: at android.app.Instrumentation.newApplication(Instrumentation.java:1282)
02-14 21:12:41.942 25168 25168 W System.err: at android.app.LoadedApk.makeApplicationInner(LoadedApk.java:1512)
02-14 21:12:41.942 25168 25168 W System.err: at android.app.LoadedApk.makeApplicationInner(LoadedApk.java:1449)
02-14 21:12:41.942 25168 25168 W System.err: at android.app.ActivityThread.handleBindApplication(ActivityThread.java:7625)
02-14 21:12:41.942 25168 25168 W System.err: at android.app.ActivityThread.-$ $Nest$mhandleBindApplication(Unknown Source:0)
02-14 21:12:41.942 25168 25168 W System.err: at android.app.ActivityThread$H.handleMessage(ActivityThread.java:2478)
02-14 21:12:41.942 25168 25168 W System.err: at android.os.Handler.dispatchMessage(Handler.java:106)
02-14 21:12:41.943 25168 25168 W System.err: at android.os.Looper.loopOnce(Looper.java:230)
02-14 21:12:41.943 25168 25168 W System.err: at android.os.Looper.loop(Looper.java:319)
02-14 21:12:41.943 25168 25168 W System.err: at android.app.ActivityThread.main(ActivityThread.java:8893)
02-14 21:12:41.943 25168 25168 W System.err: at java.lang.reflect.Method.invoke(Native Method)
02-14 21:12:41.943 25168 25168 W System.err: at com.android.internal.os.RuntimeInit$MethodAndArgsCaller.run(RuntimeInit.java:608)
02-14 21:12:41.943 25168 25168 W System.err: at com.android.internal.os.ZygoteInit.main(ZygoteInit.java:1103)
02-14 21:12:41.956 25168 25168 E CustomActivityOnCrash: IMPORTANT WARNING! You already have an UncaughtExceptionHandler, are you sure this is correct? If you use a custom UncaughtExceptionHandler, you must initialize it AFTER CustomActivityOnCrash! Installing anyway, but your original handler will not be called.
02-14 21:12:42.032 25168 25189 W LibraryVersion: Failed to get app version for libraryName: firebase-iid
02-14 21:12:42.259 25168 25168 W com.whatsapp: Accessing hidden method Lcom/android/org/conscrypt/OpenSSLSocketImpl;->setUseSessionTickets(Z)V (max- target-q,core-platform-api, reflection, denied)
02-14 21:12:42.259 25168 25168 W com.whatsapp: Accessing hidden method Lcom/android/org/conscrypt/AbstractConscryptSocket;->setUseSessionTickets(Z)V (max- target-q, reflection, denied)
02-14 21:12:42.630 25168 25224 W com.whatsapp: Method void X.2rL.A03(java.lang.Integer) failed lock verification and will run slower.
02-14 21:12:42.630 25168 25224 W com.whatsapp: Common causes for lock verification issues are non-optimized dex code
02-14 21:12:42.630 25168 25224 W com.whatsapp: and incorrect proguard optimizations.
02-14 21:12:42.670 25209 25209 W libprocessgroup: Controller io is not found
02-14 21:12:42.670 25209 25209 W libprocessgroup: Controller io is not found
02-14 21:12:42.670 25209 25209 W libprocessgroup: Controller io is not found
02-14 21:12:42.678 25209 25209 W libprocessgroup: Unknown profile action: None
02-14 21:14:56.534 25168 25168 W JobService: onNetworkChanged() not implemented in androidx.work.impl.background.systemjob.SystemJobService. Must override in a subclass.
02-14 21:16:14.958 25168 25168 W JobService: onNetworkChanged() not implemented in androidx.work.impl.background.systemjob.SystemJobService. Must override in a subclass.
02-14 21:20:46.844 25168 25168 W JobService: onNetworkChanged() not implemented in androidx.work.impl.background.systemjob.SystemJobService. Must override in a subclass.
02-14 21:20:47.059 25168 30056 W SQLiteLog: (28) double-quoted string literal: ""
02-14 21:29:36.479 25168 25168 W JobService: onNetworkChanged() not implemented in androidx.work.impl.background.systemjob.SystemJobService. Must override in a subclass.
02-14 21:30:09.662 25168 25168 W JobService: onNetworkChanged() not implemented in androidx.work.impl.background.systemjob.SystemJobService. Must override in a subclass.
02-14 21:30:39.785 25168 25168 W JobService: onNetworkChanged() not implemented in androidx.work.impl.background.systemjob.SystemJobService. Must override in a subclass.
02-14 21:30:42.847 25168 25168 W JobService: onNetworkChanged() not implemented in androidx.work.impl.background.systemjob.SystemJobService. Must override in a subclass.
02-14 21:31:40.090 25168 25168 W JobService: onNetworkChanged() not implemented in androidx.work.impl.background.systemjob.SystemJobService. Must override in a subclass.
02-14 21:31:46.124 25168 25168 W JobService: onNetworkChanged() not implemented in androidx.work.impl.background.systemjob.SystemJobService. Must override in a subclass.
02-14 21:37:25.173 25168 25168 W JobService: onNetworkChanged() not implemented in androidx.work.impl.background.systemjob.SystemJobService. Must override in a subclass.
02-14 21:37:28.193 25168 25168 W JobService: onNetworkChanged() not implemented in androidx.work.impl.background.systemjob.SystemJobService. Must override in a subclass.
02-14 21:37:34.237 25168 25168 W JobService: onNetworkChanged() not implemented in androidx.work.impl.background.systemjob.SystemJobService. Must override in a subclass.
02-14 21:41:34.731 25168 25168 W JobService: onNetworkChanged() not implemented in androidx.work.impl.background.systemjob.SystemJobService. Must override in a subclass.
02-14 21:41:37.727 25168 25168 W JobService: onNetworkChanged() not implemented in androidx.work.impl.background.systemjob.SystemJobService. Must override in a subclass.
02-14 21:41:43.795 25168 25168 W JobService: onNetworkChanged() not implemented in androidx.work.impl.background.systemjob.SystemJobService. Must override in a subclass.
02-14 21:54:24.270 25168 25168 W JobService: onNetworkChanged() not implemented in androidx.work.impl.background.systemjob.SystemJobService. Must override in a subclass.
02-14 21:54:38.131 25168 30056 W SQLiteLog: (28) double-quoted string literal: ""
02-14 22:24:12.732 25168 25176 W com.whatsapp: Suspending all threads took: 31.079ms
02-14 22:41:24.936 25168 25168 W JobService: onNetworkChanged() not implemented in androidx.work.impl.background.systemjob.SystemJobService. Must override in a subclass.
02-14 22:52:43.720 25168 25168 W JobService: onNetworkChanged() not implemented in androidx.work.impl.background.systemjob.SystemJobService. Must override in a subclass.
02-14 22:54:47.879 25168 25168 W JobService: onNetworkChanged() not implemented in androidx.work.impl.background.systemjob.SystemJobService. Must override in a subclass.
02-14 22:54:50.892 25168 25168 W JobService: onNetworkChanged() not implemented in androidx.work.impl.background.systemjob.SystemJobService. Must override in a subclass.
02-14 22:55:36.105 25168 25168 W JobService: onNetworkChanged() not implemented in androidx.work.impl.background.systemjob.SystemJobService. Must override in a subclass.
02-14 22:55:39.116 25168 25168 W JobService: onNetworkChanged() not implemented in androidx.work.impl.background.systemjob.SystemJobService. Must override in a subclass.
02-14 22:55:42.143 25168 25168 W JobService: onNetworkChanged() not implemented in androidx.work.impl.background.systemjob.SystemJobService. Must override in a subclass.
02-14 22:55:48.185 25168 25168 W JobService: onNetworkChanged() not implemented in androidx.work.impl.background.systemjob.SystemJobService. Must override in a subclass.
02-14 22:58:06.831 25168 25168 W JobService: onNetworkChanged() not implemented in androidx.work.impl.background.systemjob.SystemJobService. Must override in a subclass.
02-14 22:58:18.873 25168 25168 W JobService: onNetworkChanged() not implemented in androidx.work.impl.background.systemjob.SystemJobService. Must override in a subclass.
02-14 22:58:31.015 25168 25168 W JobService: onNetworkChanged() not implemented in androidx.work.impl.background.systemjob.SystemJobService. Must override in a subclass.
02-14 22:58:34.052 25168 25168 W JobService: onNetworkChanged() not implemented in androidx.work.impl.background.systemjob.SystemJobService. Must override in a subclass.
02-14 22:58:37.101 25168 25168 W JobService: onNetworkChanged() not implemented in androidx.work.impl.background.systemjob.SystemJobService. Must override in a subclass.
02-14 22:58:40.115 25168 25168 W JobService: onNetworkChanged() not implemented in androidx.work.impl.background.systemjob.SystemJobService. Must override in a subclass.
02-14 23:00:07.740 25168 25168 W JobService: onNetworkChanged() not implemented in androidx.work.impl.background.systemjob.SystemJobService. Must override in a subclass.
02-14 23:00:10.735 25168 25168 W JobService: onNetworkChanged() not implemented in androidx.work.impl.background.systemjob.SystemJobService. Must override in a subclass.
02-14 23:00:28.855 25168 25168 W JobService: onNetworkChanged() not implemented in androidx.work.impl.background.systemjob.SystemJobService. Must override in a subclass.
02-14 23:00:31.875 25168 25168 W JobService: onNetworkChanged() not implemented in androidx.work.impl.background.systemjob.SystemJobService. Must override in a subclass.
02-14 23:01:23.139 25168 25168 W JobService: onNetworkChanged() not implemented in androidx.work.impl.background.systemjob.SystemJobService. Must override in a subclass.
02-14 23:01:32.219 25168 25168 W JobService: onNetworkChanged() not implemented in androidx.work.impl.background.systemjob.SystemJobService. Must override in a subclass.
02-14 23:01:50.405 25168 25168 W JobService: onNetworkChanged() not implemented in androidx.work.impl.background.systemjob.SystemJobService. Must override in a subclass.
02-14 23:03:05.803 25168 25168 W JobService: onNetworkChanged() not implemented in androidx.work.impl.background.systemjob.SystemJobService. Must override in a subclass.
02-14 23:03:08.829 25168 25168 W JobService: onNetworkChanged() not implemented in androidx.work.impl.background.systemjob.SystemJobService. Must override in a subclass.
02-14 23:03:30.585 25168 25168 W JobService: onNetworkChanged() not implemented in androidx.work.impl.background.systemjob.SystemJobService. Must override in a subclass.
02-14 23:03:30.587 25168 25168 W JobService: onNetworkChanged() not implemented in androidx.work.impl.background.systemjob.SystemJobService. Must override in a subclass.
02-14 23:03:30.811 25168 25270 W WM-SystemJobScheduler: Unable to schedule work ID 084adc2e-9df3-4bbd-a981-00848910ed97
02-14 23:04:00.871 25168 25281 W WM-SystemJobScheduler: Unable to schedule work ID e16e0503-5ed6-442a-8e53-19f03866d699
02-14 23:04:03.738 25168 25270 W WM-SystemJobScheduler: Unable to schedule work ID 2fd246a3-0284-4ca0-a2d0-bf4af50de4eb
02-14 23:04:33.800 25168 25281 W WM-SystemJobScheduler: Unable to schedule work ID e6f29e4c-1902-41ca-b053-4d51a62c2ff4
02-14 23:04:42.493 25168 25279 W WM-SystemJobScheduler: Unable to schedule work ID 11a5b0b5-1eb1-49f0-851e-204bf098c7c2
02-14 23:05:12.580 25168 25281 W WM-SystemJobScheduler: Unable to schedule work ID 4c696ae1-72ac-4c63-b2b4-b2bf931c11cc
02-14 23:05:20.881 25168 25280 W WM-SystemJobScheduler: Unable to schedule work ID 395900fa-8fdb-4c35-9785-73419aa1d5cf
02-14 23:05:50.947 25168 25279 W WM-SystemJobScheduler: Unable to schedule work ID 59d5753e-538c-4c5e-abe2-cef1cd5ef02e
02-14 23:06:17.763 25168 25281 W WM-SystemJobScheduler: Unable to schedule work ID e6fdaed4-be87-406a-8f94-f4785af9b3bc
02-14 23:06:47.852 25168 25280 W WM-SystemJobScheduler: Unable to schedule work ID 7fc0dee7-a5a2-4e56-951f-fd37f05c4f00
02-14 23:06:55.801 25168 25279 W WM-SystemJobScheduler: Unable to schedule work ID 3fad6be3-91e0-4f94-a650-77fed05cda2c
02-14 23:07:25.866 25168 25279 W WM-SystemJobScheduler: Unable to schedule work ID 9cc49c0b-06aa-496e-905a-fb00100e7e8e
02-14 23:07:51.595 25168 25281 W WM-SystemJobScheduler: Unable to schedule work ID 1d6d70e3-b8b3-4888-8d97-dcf5fee624c3
02-14 23:08:21.708 25168 25281 W WM-SystemJobScheduler: Unable to schedule work ID ae3d3482-907e-4406-992e-03649e223e05
02-14 23:08:27.433 25168 25279 W WM-SystemJobScheduler: Unable to schedule work ID 07b797b3-c9bd-4d42-a4f0-d747c0bc3fc0
02-14 23:08:57.512 25168 25279 W WM-SystemJobScheduler: Unable to schedule work ID d3d1c7b9-f3a9-4e22-98ca-6057f56e97f3
02-14 23:09:16.491 25168 25270 W WM-SystemJobScheduler: Unable to schedule work ID ff7b8111-1094-46a4-8131-4bfb39b8762f
02-14 23:09:46.566 25168 25281 W WM-SystemJobScheduler: Unable to schedule work ID e29061fc-0824-43b7-9eaa-e65ab0f3e848
02-14 23:10:05.676 25168 25280 W WM-SystemJobScheduler: Unable to schedule work ID 63047143-50ad-4644-b9a6-be35e99f56d0
02-14 23:10:35.733 25168 25270 W WM-SystemJobScheduler: Unable to schedule work ID 4a8ca72d-6441-47b2-a97c-3d63fa8e03c9
02-14 23:10:41.804 25168 25280 W WM-SystemJobScheduler: Unable to schedule work ID eb1be0b3-00dc-45c0-9b30-e611cd3fc023
02-14 23:11:11.853 25168 25279 W WM-SystemJobScheduler: Unable to schedule work ID 9554c204-04e9-456b-8368-bd94783b872e
02-14 23:11:12.549 25168 25280 W WM-SystemJobScheduler: Unable to schedule work ID 65ed0d95-61eb-4797-9fdb-785d18102f4d
02-14 23:11:42.647 25168 25281 W WM-SystemJobScheduler: Unable to schedule work ID 3e622732-f45f-40eb-a81f-f982a186db3a
02-14 23:11:44.210 25168 25279 W WM-SystemJobScheduler: Unable to schedule work ID 487947d3-5213-4ce8-852c-682b71606c8d
02-14 23:12:27.270 25168 25168 W JobService: onNetworkChanged() not implemented in androidx.work.impl.background.systemjob.SystemJobService. Must override in a subclass.
02-14 23:12:30.290 25168 25168 W JobService: onNetworkChanged() not implemented in androidx.work.impl.background.systemjob.SystemJobService. Must override in a subclass.
02-14 23:12:45.414 25168 25168 W JobService: onNetworkChanged() not implemented in androidx.work.impl.background.systemjob.SystemJobService. Must override in a subclass.
02-14 23:12:51.461 25168 25168 W JobService: onNetworkChanged() not implemented in androidx.work.impl.background.systemjob.SystemJobService. Must override in a subclass.
02-14 23:13:12.614 25168 25168 W JobService: onNetworkChanged() not implemented in androidx.work.impl.background.systemjob.SystemJobService. Must override in a subclass.
02-14 23:13:15.666 25168 25168 W JobService: onNetworkChanged() not implemented in androidx.work.impl.background.systemjob.SystemJobService. Must override in a subclass.
02-14 23:13:24.744 25168 25168 W JobService: onNetworkChanged() not implemented in androidx.work.impl.background.systemjob.SystemJobService. Must override in a subclass.
02-14 23:13:27.784 25168 25168 W JobService: onNetworkChanged() not implemented in androidx.work.impl.background.systemjob.SystemJobService. Must override in a subclass.
02-14 23:13:39.816 25168 25168 W JobService: onNetworkChanged() not implemented in androidx.work.impl.background.systemjob.SystemJobService. Must override in a subclass.
02-14 23:13:42.824 25168 25168 W JobService: onNetworkChanged() not implemented in androidx.work.impl.background.systemjob.SystemJobService. Must override in a subclass.
02-14 23:13:51.878 25168 25168 W JobService: onNetworkChanged() not implemented in androidx.work.impl.background.systemjob.SystemJobService. Must override in a subclass.
02-14 23:13:59.582 25168 25168 W JobService: onNetworkChanged() not implemented in androidx.work.impl.background.systemjob.SystemJobService. Must override in a subclass.
02-14 23:14:03.914 25168 25168 W JobService: onNetworkChanged() not implemented in androidx.work.impl.background.systemjob.SystemJobService. Must override in a subclass.
02-14 23:14:09.959 25168 25168 W JobService: onNetworkChanged() not implemented in androidx.work.impl.background.systemjob.SystemJobService. Must override in a subclass.
02-14 23:14:16.001 25168 25168 W JobService: onNetworkChanged() not implemented in androidx.work.impl.background.systemjob.SystemJobService. Must override in a subclass.
02-14 23:14:20.640 25168 25270 W WM-SystemJobScheduler: Unable to schedule work ID de37c2c4-fe6b-44d6-bb5f-4eb06516ad27
02-14 23:14:26.845 25168 25279 W WM-SystemJobScheduler: Unable to schedule work ID 2fe4b5eb-708a-43b7-a18e-5307f1453210
02-14 23:14:56.911 25168 25270 W WM-SystemJobScheduler: Unable to schedule work ID 8eccec89-0cc2-4349-bde2-e18df0fc879e
02-14 23:14:59.094 25168 25281 W WM-SystemJobScheduler: Unable to schedule work ID 8f367ce3-9a13-4e9e-8ba9-cf1d7a8d0e90
02-14 23:15:29.158 25168 25279 W WM-SystemJobScheduler: Unable to schedule work ID 9c5db390-f300-499d-97c6-53938f5399ee
02-14 23:15:32.176 25168 25281 W WM-SystemJobScheduler: Unable to schedule work ID da5a6156-84ff-4d3c-9b77-4a9f59c949bc
02-14 23:16:02.244 25168 25281 W WM-SystemJobScheduler: Unable to schedule work ID 97a3d6ca-fcdc-4612-a2d2-8da058d99483
02-14 23:16:22.258 25168 25279 W WM-SystemJobScheduler: Unable to schedule work ID 2bb12956-c45a-4ca3-ab32-0a62ad284fc7
02-14 23:17:11.642 25168 25168 W JobService: onNetworkChanged() not implemented in androidx.work.impl.background.systemjob.SystemJobService. Must override in a subclass.
02-14 23:17:17.679 25168 25168 W JobService: onNetworkChanged() not implemented in androidx.work.impl.background.systemjob.SystemJobService. Must override in a subclass.
02-14 23:17:32.768 25168 25168 W JobService: onNetworkChanged() not implemented in androidx.work.impl.background.systemjob.SystemJobService. Must override in a subclass.
02-14 23:17:35.797 25168 25168 W JobService: onNetworkChanged() not implemented in androidx.work.impl.background.systemjob.SystemJobService. Must override in a subclass.
02-14 23:21:55.482 25168 25168 W JobService: onNetworkChanged() not implemented in androidx.work.impl.background.systemjob.SystemJobService. Must override in a subclass.
02-14 23:22:10.568 25168 25168 W JobService: onNetworkChanged() not implemented in androidx.work.impl.background.systemjob.SystemJobService. Must override in a subclass.
02-14 23:22:13.607 25168 25168 W JobService: onNetworkChanged() not implemented in androidx.work.impl.background.systemjob.SystemJobService. Must override in a subclass.
02-14 23:22:52.858 25168 25168 W JobService: onNetworkChanged() not implemented in androidx.work.impl.background.systemjob.SystemJobService. Must override in a subclass.
02-14 23:22:55.899 25168 25168 W JobService: onNetworkChanged() not implemented in androidx.work.impl.background.systemjob.SystemJobService. Must override in a subclass.
02-14 23:22:58.915 25168 25168 W JobService: onNetworkChanged() not implemented in androidx.work.impl.background.systemjob.SystemJobService. Must override in a subclass.
02-14 23:23:04.956 25168 25168 W JobService: onNetworkChanged() not implemented in androidx.work.impl.background.systemjob.SystemJobService. Must override in a subclass.
02-14 23:23:11.040 25168 25168 W JobService: onNetworkChanged() not implemented in androidx.work.impl.background.systemjob.SystemJobService. Must override in a subclass.
02-14 23:23:26.141 25168 25168 W JobService: onNetworkChanged() not implemented in androidx.work.impl.background.systemjob.SystemJobService. Must override in a subclass.
02-14 23:30:23.252 25168 25168 W JobService: onNetworkChanged() not implemented in androidx.work.impl.background.systemjob.SystemJobService. Must override in a subclass.
02-14 23:30:29.142 25168 25168 W JobService: onNetworkChanged() not implemented in androidx.work.impl.background.systemjob.SystemJobService. Must override in a subclass.
02-14 23:30:32.168 25168 25168 W JobService: onNetworkChanged() not implemented in androidx.work.impl.background.systemjob.SystemJobService. Must override in a subclass.
02-14 23:30:51.094 25168 25270 W WM-SystemJobScheduler: Unable to schedule work ID 34b3de37-732c-46f0-b717-042cbd792c00
02-14 23:30:53.854 25168 25281 W WM-SystemJobScheduler: Unable to schedule work ID b795ae5d-f317-497c-b9ea-d948d8d61dd9
02-14 23:31:23.955 25168 25270 W WM-SystemJobScheduler: Unable to schedule work ID db80d405-01c5-49b5-8501-60c86fccacec
02-14 23:31:46.826 25168 25279 W WM-SystemJobScheduler: Unable to schedule work ID 14020c22-8604-4a67-bcb9-45b30e8b12a8
02-14 23:32:16.886 25168 25280 W WM-SystemJobScheduler: Unable to schedule work ID 99c6bcff-bf9c-4c81-bfa9-e8fcd6f6a1df
02-14 23:32:32.891 25168 25281 W WM-SystemJobScheduler: Unable to schedule work ID 12e59a3a-73dc-4c73-aedf-310d8c4f6526
02-14 23:33:02.949 25168 25281 W WM-SystemJobScheduler: Unable to schedule work ID 5d793a22-a9d0-439f-a2df-2f0fe2686cab
02-14 23:33:10.320 25168 25280 W WM-SystemJobScheduler: Unable to schedule work ID eec95f8f-6753-4f1e-9043-d4ec0d6a607e
02-14 23:33:40.389 25168 25270 W WM-SystemJobScheduler: Unable to schedule work ID ba636ee7-578f-4c3f-8c96-2bd1c184ba1c
02-14 23:34:01.938 25168 25281 W WM-SystemJobScheduler: Unable to schedule work ID 382200fe-405d-47a8-a0ca-fc4fc58b971b
02-14 23:34:31.993 25168 25279 W WM-SystemJobScheduler: Unable to schedule work ID 2e65f5df-5dd6-4a11-8df3-dad21c74b29e
02-14 23:34:35.877 25168 25270 W WM-SystemJobScheduler: Unable to schedule work ID 90e4cc7d-ac2d-4afd-8be2-60a5ceee18e4
02-14 23:35:05.941 25168 25281 W WM-SystemJobScheduler: Unable to schedule work ID 70e98211-25ec-4f96-af85-82ceda1a6b23
02-14 23:38:09.494 25168 25176 W com.whatsapp: Suspending all threads took: 5.662ms
02-14 23:38:11.547 25168 25168 W JobService: onNetworkChanged() not implemented in androidx.work.impl.background.systemjob.SystemJobService. Must override in a subclass.
02-14 23:38:14.566 25168 25168 W JobService: onNetworkChanged() not implemented in androidx.work.impl.background.systemjob.SystemJobService. Must override in a subclass.
02-14 23:38:23.611 25168 25168 W JobService: onNetworkChanged() not implemented in androidx.work.impl.background.systemjob.SystemJobService. Must override in a subclass.
02-14 23:38:35.669 25168 25168 W JobService: onNetworkChanged() not implemented in androidx.work.impl.background.systemjob.SystemJobService. Must override in a subclass.
02-14 23:38:44.736 25168 25168 W JobService: onNetworkChanged() not implemented in androidx.work.impl.background.systemjob.SystemJobService. Must override in a subclass.
02-14 23:38:50.777 25168 25168 W JobService: onNetworkChanged() not implemented in androidx.work.impl.background.systemjob.SystemJobService. Must override in a subclass.
02-14 23:40:00.258 25168 25168 W JobService: onNetworkChanged() not implemented in androidx.work.impl.background.systemjob.SystemJobService. Must override in a subclass.
02-14 23:40:03.272 25168 25168 W JobService: onNetworkChanged() not implemented in androidx.work.impl.background.systemjob.SystemJobService. Must override in a subclass.
02-14 23:40:30.456 25168 25168 W JobService: onNetworkChanged() not implemented in androidx.work.impl.background.systemjob.SystemJobService. Must override in a subclass.
02-14 23:40:33.536 25168 25168 W JobService: onNetworkChanged() not implemented in androidx.work.impl.background.systemjob.SystemJobService. Must override in a subclass.
02-14 23:40:36.560 25168 25168 W JobService: onNetworkChanged() not implemented in androidx.work.impl.background.systemjob.SystemJobService. Must override in a subclass.
02-14 23:40:38.349 25168 25168 W JobService: onNetworkChanged() not implemented in androidx.work.impl.background.systemjob.SystemJobService. Must override in a subclass.
02-14 23:40:38.355 25168 25168 W JobService: onNetworkChanged() not implemented in androidx.work.impl.background.systemjob.SystemJobService. Must override in a subclass.
02-14 23:40:39.595 25168 25168 W JobService: onNetworkChanged() not implemented in androidx.work.impl.background.systemjob.SystemJobService. Must override in a subclass.
02-14 23:40:42.634 25168 25168 W JobService: onNetworkChanged() not implemented in androidx.work.impl.background.systemjob.SystemJobService. Must override in a subclass.
02-14 23:45:47.693 25168 25168 W JobService: onNetworkChanged() not implemented in androidx.work.impl.background.systemjob.SystemJobService. Must override in a subclass.
02-14 23:45:50.720 25168 25168 W JobService: onNetworkChanged() not implemented in androidx.work.impl.background.systemjob.SystemJobService. Must override in a subclass.
02-14 23:46:45.068 25168 25168 W JobService: onNetworkChanged() not implemented in androidx.work.impl.background.systemjob.SystemJobService. Must override in a subclass.
02-14 23:47:00.175 25168 25168 W JobService: onNetworkChanged() not implemented in androidx.work.impl.background.systemjob.SystemJobService. Must override in a subclass.
02-14 23:47:06.225 25168 25168 W JobService: onNetworkChanged() not implemented in androidx.work.impl.background.systemjob.SystemJobService. Must override in a subclass.
02-14 23:47:18.379 25168 25168 W JobService: onNetworkChanged() not implemented in androidx.work.impl.background.systemjob.SystemJobService. Must override in a subclass.
