02-13 22:23:15.774 16371 16371 E ArmVmp : Match on catch block at 0xc3 in for 0x7e07691025
02-13 22:23:15.778 16371 16371 E ArmVmp : Match on catch block at 0xc3 in for 0x7e07691025
02-13 22:23:15.790 16371 16371 E ArmVmp : Match on catch block at 0xc3 in for 0x7e07691025
02-13 22:23:15.796 16371 16371 E ArmVmp : Match on catch block at 0xc3 in for 0x7e07691025
02-13 22:23:15.807 16371 16371 E ArmVmp : Match on catch block at 0xc3 in for 0x7e07691025
02-13 22:23:15.812 16371 16371 E ArmVmp : Match on catch block at 0xc3 in for 0x7e07691025
02-13 22:23:15.824 16371 16371 E ArmVmp : Match on catch block at 0xc3 in for 0x7e07691025
02-13 22:23:15.829 16371 16371 E ArmVmp : Match on catch block at 0xc3 in for 0x7e07691025
02-13 22:23:15.841 16371 16371 E ArmVmp : Match on catch block at 0xc3 in for 0x7e07691025
02-13 22:23:15.846 16371 16371 E ArmVmp : Match on catch block at 0xc3 in for 0x7e07691025
02-13 22:23:15.857 16371 16371 E ArmVmp : Match on catch block at 0xc3 in for 0x7e07691025
02-13 22:23:15.864 16371 16371 E ArmVmp : Match on catch block at 0xc3 in for 0x7e07691025
02-13 22:23:15.873 16371 16371 E ArmVmp : Match on catch block at 0xc3 in for 0x7e07691025
02-13 22:23:15.878 16371 16371 E ArmVmp : Match on catch block at 0xc3 in for 0x7e07691025
02-13 22:23:15.890 16371 16371 E ArmVmp : Match on catch block at 0xc3 in for 0x7e07691025
02-13 22:23:15.895 16371 16371 E ArmVmp : Match on catch block at 0xc3 in for 0x7e07691025
02-13 22:23:15.908 16371 16371 E ArmVmp : Match on catch block at 0xc3 in for 0x7e07691025
02-13 22:23:15.913 16371 16371 E ArmVmp : Match on catch block at 0xc3 in for 0x7e07691025
02-13 22:23:15.923 16371 16371 E ArmVmp : Match on catch block at 0xc3 in for 0x7e07691025
02-13 22:23:15.929 16371 16371 E ArmVmp : Match on catch block at 0xc3 in for 0x7e07691025
02-13 22:23:15.940 16371 16371 E ArmVmp : Match on catch block at 0xc3 in for 0x7e07691025
02-13 22:23:15.945 16371 16371 E ArmVmp : Match on catch block at 0xc3 in for 0x7e07691025
02-13 22:23:15.957 16371 16371 E ArmVmp : Match on catch block at 0xc3 in for 0x7e07691025
02-13 22:23:15.971 16371 16371 E ArmVmp : Match on catch block at 0xc3 in for 0x7e07691025
02-13 22:23:15.994 16371 16371 E ArmVmp : Match on catch block at 0xc3 in for 0x7e07691025
02-13 22:23:16.025 16371 16371 E ArmVmp : Match on catch block at 0xc3 in for 0x7e07691025
02-13 22:23:16.033 16371 16371 E ArmVmp : Match on catch block at 0xc3 in for 0x7e07691025
02-13 22:23:16.040 16371 16371 E ArmVmp : Match on catch block at 0xc3 in for 0x7e07691025
02-13 22:23:16.048 16371 16371 W BottomSheetBehavior: BottomSheetBehavior now supports multiple callbacks. `setBottomSheetCallback()` removes all existing callbacks, including ones set internally by library authors, which may result in unintended behavior. This may change in the future. Please use `addBottomSheetCallback()` and `removeBottomSheetCallback()` instead to set your own callbacks.
02-13 22:23:16.049 16371 16371 W WindowOnBackDispatcher: sendCancelIfRunning: isInProgress=falsecallback=android.view.ViewRootImpl$ $ExternalSyntheticLambda21@f4c4045
02-13 22:23:16.075 16371 16371 W WindowOnBackDispatcher: sendCancelIfRunning: isInProgress=falsecallback=android.view.ViewRootImpl$ $ExternalSyntheticLambda21@9aa10e
02-13 22:23:16.088 16371 16371 E ArmVmp : Match on catch block at 0xc3 in for 0x7e07691025
02-13 22:23:16.096 16371 16371 E ArmVmp : Match on catch block at 0xc3 in for 0x7e07691025
02-13 22:23:16.107 16371 16371 E ArmVmp : Match on catch block at 0xc3 in for 0x7e07691025
02-13 22:23:16.111 16371 16371 E ArmVmp : Match on catch block at 0xc3 in for 0x7e07691025
02-13 22:23:16.123 16371 16371 E ArmVmp : Match on catch block at 0xc3 in for 0x7e07691025
02-13 22:23:16.127 16371 16371 E ArmVmp : Match on catch block at 0xc3 in for 0x7e07691025
02-13 22:23:16.140 16371 16371 E ArmVmp : Match on catch block at 0xc3 in for 0x7e07691025
02-13 22:23:16.144 16371 16371 E ArmVmp : Match on catch block at 0xc3 in for 0x7e07691025
02-13 22:23:16.157 16371 16371 E ArmVmp : Match on catch block at 0xc3 in for 0x7e07691025
02-13 22:23:16.160 16371 16371 E ArmVmp : Match on catch block at 0xc3 in for 0x7e07691025
02-13 22:23:16.173 16371 16371 E ArmVmp : Match on catch block at 0xc3 in for 0x7e07691025
02-13 22:23:16.177 16371 16371 E ArmVmp : Match on catch block at 0xc3 in for 0x7e07691025
02-13 22:23:16.190 16371 16371 E ArmVmp : Match on catch block at 0xc3 in for 0x7e07691025
02-13 22:23:16.194 16371 16371 E ArmVmp : Match on catch block at 0xc3 in for 0x7e07691025
02-13 22:23:16.207 16371 16371 E ArmVmp : Match on catch block at 0xc3 in for 0x7e07691025
02-13 22:23:16.211 16371 16371 E ArmVmp : Match on catch block at 0xc3 in for 0x7e07691025
02-13 22:23:16.223 16371 16371 E ArmVmp : Match on catch block at 0xc3 in for 0x7e07691025
02-13 22:23:16.228 16371 16371 E ArmVmp : Match on catch block at 0xc3 in for 0x7e07691025
02-13 22:23:16.240 16371 16371 E ArmVmp : Match on catch block at 0xc3 in for 0x7e07691025
02-13 22:23:16.245 16371 16371 E ArmVmp : Match on catch block at 0xc3 in for 0x7e07691025
02-13 22:23:16.257 16371 16371 E ArmVmp : Match on catch block at 0xc3 in for 0x7e07691025
02-13 22:23:16.261 16371 16371 E ArmVmp : Match on catch block at 0xc3 in for 0x7e07691025
02-13 22:23:16.273 16371 16371 E ArmVmp : Match on catch block at 0xc3 in for 0x7e07691025
02-13 22:23:16.277 16371 16371 E ArmVmp : Match on catch block at 0xc3 in for 0x7e07691025
02-13 22:23:16.290 16371 16371 E ArmVmp : Match on catch block at 0xc3 in for 0x7e07691025
02-13 22:23:16.294 16371 16371 E ArmVmp : Match on catch block at 0xc3 in for 0x7e07691025
02-13 22:23:16.307 16371 16371 E ArmVmp : Match on catch block at 0xc3 in for 0x7e07691025
02-13 22:23:16.311 16371 16371 E ArmVmp : Match on catch block at 0xc3 in for 0x7e07691025
02-13 22:23:16.316 16371 20693 W Kumiho-Kumiho: isSupportedFormat: Format is not supported
02-13 22:23:16.323 16371 16371 E ArmVmp : Match on catch block at 0xc3 in for 0x7e07691025
02-13 22:23:16.327 16371 16371 E ArmVmp : Match on catch block at 0xc3 in for 0x7e07691025
02-13 22:23:16.340 16371 16371 E ArmVmp : Match on catch block at 0xc3 in for 0x7e07691025
02-13 22:23:16.344 16371 16371 E ArmVmp : Match on catch block at 0xc3 in for 0x7e07691025
02-13 22:23:16.357 16371 16371 E ArmVmp : Match on catch block at 0xc3 in for 0x7e07691025
02-13 22:23:16.361 16371 16371 E ArmVmp : Match on catch block at 0xc3 in for 0x7e07691025
02-13 22:23:16.370 16371 20693 W Kumiho-Kumiho: isSupportedFormat: Format is not supported
02-13 22:23:16.371 16371 20693 W Kumiho-Kumiho: isSupportedFormat: Format is not supported
02-13 22:23:16.372 16371 20693 W Kumiho-Kumiho: isSupportedFormat: Format is not supported
02-13 22:23:16.373 16371 16371 E ArmVmp : Match on catch block at 0xc3 in for 0x7e07691025
02-13 22:23:16.378 16371 16371 E ArmVmp : Match on catch block at 0xc3 in for 0x7e07691025
02-13 22:23:16.390 16371 16371 E ArmVmp : Match on catch block at 0xc3 in for 0x7e07691025
02-13 22:23:16.394 16371 16371 E ArmVmp : Match on catch block at 0xc3 in for 0x7e07691025
02-13 22:23:16.407 16371 16371 E ArmVmp : Match on catch block at 0xc3 in for 0x7e07691025
02-13 22:23:16.412 16371 16371 E ArmVmp : Match on catch block at 0xc3 in for 0x7e07691025
02-13 22:23:16.423 16371 16371 E ArmVmp : Match on catch block at 0xc3 in for 0x7e07691025
02-13 22:23:16.427 16371 16371 E ArmVmp : Match on catch block at 0xc3 in for 0x7e07691025
02-13 22:23:16.440 16371 16371 E ArmVmp : Match on catch block at 0xc3 in for 0x7e07691025
02-13 22:23:16.444 16371 16371 E ArmVmp : Match on catch block at 0xc3 in for 0x7e07691025
02-13 22:23:16.457 16371 16371 E ArmVmp : Match on catch block at 0xc3 in for 0x7e07691025
02-13 22:23:16.461 16371 16371 E ArmVmp : Match on catch block at 0xc3 in for 0x7e07691025
02-13 22:23:16.470 16371 20693 W Kumiho-Kumiho: isSupportedFormat: Format is not supported
02-13 22:23:16.473 16371 16371 E ArmVmp : Match on catch block at 0xc3 in for 0x7e07691025
02-13 22:23:16.477 16371 16371 E ArmVmp : Match on catch block at 0xc3 in for 0x7e07691025
02-13 22:23:16.490 16371 16371 E ArmVmp : Match on catch block at 0xc3 in for 0x7e07691025
02-13 22:23:16.494 16371 16371 E ArmVmp : Match on catch block at 0xc3 in for 0x7e07691025
02-13 22:23:16.507 16371 16371 E ArmVmp : Match on catch block at 0xc3 in for 0x7e07691025
02-13 22:23:16.511 16371 16371 E ArmVmp : Match on catch block at 0xc3 in for 0x7e07691025
02-13 22:23:16.524 16371 16371 E ArmVmp : Match on catch block at 0xc3 in for 0x7e07691025
02-13 22:23:16.528 16371 16371 E ArmVmp : Match on catch block at 0xc3 in for 0x7e07691025
02-13 22:23:16.540 16371 16371 E ArmVmp : Match on catch block at 0xc3 in for 0x7e07691025
02-13 22:23:16.544 16371 16371 E ArmVmp : Match on catch block at 0xc3 in for 0x7e07691025
02-13 22:23:16.557 16371 16371 E ArmVmp : Match on catch block at 0xc3 in for 0x7e07691025
02-13 22:23:16.561 16371 16371 E ArmVmp : Match on catch block at 0xc3 in for 0x7e07691025
02-13 22:23:16.563 16371 20693 W Kumiho-Kumiho: isSupportedFormat: Format is not supported
02-13 22:23:16.573 16371 16371 E ArmVmp : Match on catch block at 0xc3 in for 0x7e07691025
02-13 22:23:16.577 16371 16371 E ArmVmp : Match on catch block at 0xc3 in for 0x7e07691025
02-13 22:23:16.590 16371 16371 E ArmVmp : Match on catch block at 0xc3 in for 0x7e07691025
02-13 22:23:16.594 16371 16371 E ArmVmp : Match on catch block at 0xc3 in for 0x7e07691025
02-13 22:23:16.607 16371 16371 E ArmVmp : Match on catch block at 0xc3 in for 0x7e07691025
02-13 22:23:16.611 16371 16371 E ArmVmp : Match on catch block at 0xc3 in for 0x7e07691025
02-13 22:23:16.623 16371 16371 E ArmVmp : Match on catch block at 0xc3 in for 0x7e07691025
02-13 22:23:16.627 16371 16371 E ArmVmp : Match on catch block at 0xc3 in for 0x7e07691025
02-13 22:23:16.640 16371 16371 E ArmVmp : Match on catch block at 0xc3 in for 0x7e07691025
02-13 22:23:16.644 16371 16371 E ArmVmp : Match on catch block at 0xc3 in for 0x7e07691025
02-13 22:23:16.657 16371 16371 E ArmVmp : Match on catch block at 0xc3 in for 0x7e07691025
02-13 22:23:16.661 16371 16371 E ArmVmp : Match on catch block at 0xc3 in for 0x7e07691025
02-13 22:23:16.673 16371 16371 E ArmVmp : Match on catch block at 0xc3 in for 0x7e07691025
02-13 22:23:16.677 16371 16371 E ArmVmp : Match on catch block at 0xc3 in for 0x7e07691025
02-13 22:23:16.690 16371 16371 E ArmVmp : Match on catch block at 0xc3 in for 0x7e07691025
02-13 22:23:16.694 16371 16371 E ArmVmp : Match on catch block at 0xc3 in for 0x7e07691025
02-13 22:23:16.707 16371 16371 E ArmVmp : Match on catch block at 0xc3 in for 0x7e07691025
02-13 22:23:16.711 16371 16371 E ArmVmp : Match on catch block at 0xc3 in for 0x7e07691025
02-13 22:23:16.723 16371 16371 E ArmVmp : Match on catch block at 0xc3 in for 0x7e07691025
02-13 22:23:16.727 16371 16371 E ArmVmp : Match on catch block at 0xc3 in for 0x7e07691025
02-13 22:23:16.741 16371 16371 E ArmVmp : Match on catch block at 0xc3 in for 0x7e07691025
02-13 22:23:16.745 16371 16371 E ArmVmp : Match on catch block at 0xc3 in for 0x7e07691025
02-13 22:23:16.757 16371 16371 E ArmVmp : Match on catch block at 0xc3 in for 0x7e07691025
02-13 22:23:16.762 16371 16371 E ArmVmp : Match on catch block at 0xc3 in for 0x7e07691025
02-13 22:23:16.774 16371 16371 E ArmVmp : Match on catch block at 0xc3 in for 0x7e07691025
02-13 22:23:16.778 16371 16371 E ArmVmp : Match on catch block at 0xc3 in for 0x7e07691025
02-13 22:23:16.790 16371 16371 E ArmVmp : Match on catch block at 0xc3 in for 0x7e07691025
02-13 22:23:16.795 16371 16371 E ArmVmp : Match on catch block at 0xc3 in for 0x7e07691025
02-13 22:23:16.807 16371 16371 E ArmVmp : Match on catch block at 0xc3 in for 0x7e07691025
02-13 22:23:16.812 16371 16371 E ArmVmp : Match on catch block at 0xc3 in for 0x7e07691025
02-13 22:23:16.824 16371 16371 E ArmVmp : Match on catch block at 0xc3 in for 0x7e07691025
02-13 22:23:16.828 16371 16371 E ArmVmp : Match on catch block at 0xc3 in for 0x7e07691025
02-13 22:23:16.840 16371 16371 E ArmVmp : Match on catch block at 0xc3 in for 0x7e07691025
02-13 22:23:16.845 16371 16371 E ArmVmp : Match on catch block at 0xc3 in for 0x7e07691025
02-13 22:23:16.857 16371 16371 E ArmVmp : Match on catch block at 0xc3 in for 0x7e07691025
02-13 22:23:16.862 16371 16371 E ArmVmp : Match on catch block at 0xc3 in for 0x7e07691025
02-13 22:23:16.874 16371 16371 E ArmVmp : Match on catch block at 0xc3 in for 0x7e07691025
02-13 22:23:16.878 16371 16371 E ArmVmp : Match on catch block at 0xc3 in for 0x7e07691025
02-13 22:23:16.891 16371 16371 E ArmVmp : Match on catch block at 0xc3 in for 0x7e07691025
02-13 22:23:16.895 16371 16371 E ArmVmp : Match on catch block at 0xc3 in for 0x7e07691025
02-13 22:23:16.907 16371 16371 E ArmVmp : Match on catch block at 0xc3 in for 0x7e07691025
02-13 22:23:16.911 16371 16371 E ArmVmp : Match on catch block at 0xc3 in for 0x7e07691025
02-13 22:23:16.924 16371 16371 E ArmVmp : Match on catch block at 0xc3 in for 0x7e07691025
02-13 22:23:16.928 16371 16371 E ArmVmp : Match on catch block at 0xc3 in for 0x7e07691025
02-13 22:23:16.940 16371 16371 E ArmVmp : Match on catch block at 0xc3 in for 0x7e07691025
02-13 22:23:16.945 16371 16371 E ArmVmp : Match on catch block at 0xc3 in for 0x7e07691025
02-13 22:23:16.958 16371 16371 E ArmVmp : Match on catch block at 0xc3 in for 0x7e07691025
02-13 22:23:16.963 16371 16371 E ArmVmp : Match on catch block at 0xc3 in for 0x7e07691025
02-13 22:23:16.974 16371 16371 E ArmVmp : Match on catch block at 0xc3 in for 0x7e07691025
02-13 22:23:16.978 16371 16371 E ArmVmp : Match on catch block at 0xc3 in for 0x7e07691025
02-13 22:23:16.993 16371 16371 E ArmVmp : Match on catch block at 0xc3 in for 0x7e07691025
02-13 22:23:16.997 16371 16371 E ArmVmp : Match on catch block at 0xc3 in for 0x7e07691025
02-13 22:23:17.008 16371 16371 E ArmVmp : Match on catch block at 0xc3 in for 0x7e07691025
02-13 22:23:17.012 16371 16371 E ArmVmp : Match on catch block at 0xc3 in for 0x7e07691025
02-13 22:23:17.024 16371 16371 E ArmVmp : Match on catch block at 0xc3 in for 0x7e07691025
02-13 22:23:17.028 16371 16371 E ArmVmp : Match on catch block at 0xc3 in for 0x7e07691025
02-13 22:23:17.041 16371 16371 E ArmVmp : Match on catch block at 0xc3 in for 0x7e07691025
02-13 22:23:17.044 16371 16371 E ArmVmp : Match on catch block at 0xc3 in for 0x7e07691025
02-13 22:23:17.057 16371 16371 E ArmVmp : Match on catch block at 0xc3 in for 0x7e07691025
02-13 22:23:17.061 16371 16371 E ArmVmp : Match on catch block at 0xc3 in for 0x7e07691025
02-13 22:23:17.100 16371 16371 E ArmVmp : Match on catch block at 0xc3 in for 0x7e07691025
02-13 22:23:17.103 16371 16371 E ArmVmp : Match on catch block at 0xc3 in for 0x7e07691025
02-13 22:23:17.107 16371 16371 E ArmVmp : Match on catch block at 0xc3 in for 0x7e07691025
02-13 22:23:17.111 16371 16371 E ArmVmp : Match on catch block at 0xc3 in for 0x7e07691025
02-13 22:23:17.124 16371 16371 E ArmVmp : Match on catch block at 0xc3 in for 0x7e07691025
02-13 22:23:17.128 16371 16371 E ArmVmp : Match on catch block at 0xc3 in for 0x7e07691025
02-13 22:23:17.140 16371 16371 E ArmVmp : Match on catch block at 0xc3 in for 0x7e07691025
02-13 22:23:17.144 16371 16371 E ArmVmp : Match on catch block at 0xc3 in for 0x7e07691025
02-13 22:23:17.157 16371 16371 E ArmVmp : Match on catch block at 0xc3 in for 0x7e07691025
02-13 22:23:17.161 16371 16371 E ArmVmp : Match on catch block at 0xc3 in for 0x7e07691025
02-13 22:23:17.173 16371 16371 E ArmVmp : Match on catch block at 0xc3 in for 0x7e07691025
02-13 22:23:17.177 16371 16371 E ArmVmp : Match on catch block at 0xc3 in for 0x7e07691025
02-13 22:23:17.190 16371 16371 E ArmVmp : Match on catch block at 0xc3 in for 0x7e07691025
02-13 22:23:17.194 16371 16371 E ArmVmp : Match on catch block at 0xc3 in for 0x7e07691025
02-13 22:23:17.207 16371 16371 E ArmVmp : Match on catch block at 0xc3 in for 0x7e07691025
02-13 22:23:17.210 16371 16371 E ArmVmp : Match on catch block at 0xc3 in for 0x7e07691025
02-13 22:23:17.224 16371 16371 E ArmVmp : Match on catch block at 0xc3 in for 0x7e07691025
02-13 22:23:17.227 16371 16371 E ArmVmp : Match on catch block at 0xc3 in for 0x7e07691025
02-13 22:23:17.240 16371 16371 E ArmVmp : Match on catch block at 0xc3 in for 0x7e07691025
02-13 22:23:17.243 16371 16371 E ArmVmp : Match on catch block at 0xc3 in for 0x7e07691025
02-13 22:23:17.257 16371 16371 E ArmVmp : Match on catch block at 0xc3 in for 0x7e07691025
02-13 22:23:17.261 16371 16371 E ArmVmp : Match on catch block at 0xc3 in for 0x7e07691025
02-13 22:23:17.273 16371 16371 E ArmVmp : Match on catch block at 0xc3 in for 0x7e07691025
02-13 22:23:17.278 16371 16371 E ArmVmp : Match on catch block at 0xc3 in for 0x7e07691025
02-13 22:23:17.290 16371 16371 E ArmVmp : Match on catch block at 0xc3 in for 0x7e07691025
02-13 22:23:17.295 16371 16371 E ArmVmp : Match on catch block at 0xc3 in for 0x7e07691025
02-13 22:23:17.307 16371 16371 E ArmVmp : Match on catch block at 0xc3 in for 0x7e07691025
02-13 22:23:17.310 16371 16371 E ArmVmp : Match on catch block at 0xc3 in for 0x7e07691025
02-13 22:23:17.323 16371 16371 E ArmVmp : Match on catch block at 0xc3 in for 0x7e07691025
02-13 22:23:17.327 16371 16371 E ArmVmp : Match on catch block at 0xc3 in for 0x7e07691025
02-13 22:23:17.340 16371 16371 E ArmVmp : Match on catch block at 0xc3 in for 0x7e07691025
02-13 22:23:17.344 16371 16371 E ArmVmp : Match on catch block at 0xc3 in for 0x7e07691025
02-13 22:23:17.357 16371 16371 E ArmVmp : Match on catch block at 0xc3 in for 0x7e07691025
02-13 22:23:17.361 16371 16371 E ArmVmp : Match on catch block at 0xc3 in for 0x7e07691025
02-13 22:23:17.373 16371 16371 E ArmVmp : Match on catch block at 0xc3 in for 0x7e07691025
02-13 22:23:17.377 16371 16371 E ArmVmp : Match on catch block at 0xc3 in for 0x7e07691025
02-13 22:23:17.390 16371 16371 E ArmVmp : Match on catch block at 0xc3 in for 0x7e07691025
02-13 22:23:17.395 16371 16371 E ArmVmp : Match on catch block at 0xc3 in for 0x7e07691025
02-13 22:23:17.408 16371 16371 E ArmVmp : Match on catch block at 0xc3 in for 0x7e07691025
02-13 22:23:17.412 16371 16371 E ArmVmp : Match on catch block at 0xc3 in for 0x7e07691025
02-13 22:23:17.423 16371 16371 E ArmVmp : Match on catch block at 0xc3 in for 0x7e07691025
02-13 22:23:17.427 16371 16371 E ArmVmp : Match on catch block at 0xc3 in for 0x7e07691025
02-13 22:23:17.440 16371 16371 E ArmVmp : Match on catch block at 0xc3 in for 0x7e07691025
02-13 22:23:17.443 16371 16371 E ArmVmp : Match on catch block at 0xc3 in for 0x7e07691025
02-13 22:23:17.456 16371 16371 E ArmVmp : Match on catch block at 0xc3 in for 0x7e07691025
02-13 22:23:17.460 16371 16371 E ArmVmp : Match on catch block at 0xc3 in for 0x7e07691025
02-13 22:23:17.473 16371 16371 E ArmVmp : Match on catch block at 0xc3 in for 0x7e07691025
02-13 22:23:17.477 16371 16371 E ArmVmp : Match on catch block at 0xc3 in for 0x7e07691025
02-13 22:23:17.490 16371 16371 E ArmVmp : Match on catch block at 0xc3 in for 0x7e07691025
02-13 22:23:17.493 16371 16371 E ArmVmp : Match on catch block at 0xc3 in for 0x7e07691025
02-13 22:23:17.507 16371 16371 E ArmVmp : Match on catch block at 0xc3 in for 0x7e07691025
02-13 22:23:17.510 16371 16371 E ArmVmp : Match on catch block at 0xc3 in for 0x7e07691025
02-13 22:23:17.523 16371 16371 E ArmVmp : Match on catch block at 0xc3 in for 0x7e07691025
02-13 22:23:17.527 16371 16371 E ArmVmp : Match on catch block at 0xc3 in for 0x7e07691025
02-13 22:23:17.540 16371 16371 E ArmVmp : Match on catch block at 0xc3 in for 0x7e07691025
02-13 22:23:17.545 16371 16371 E ArmVmp : Match on catch block at 0xc3 in for 0x7e07691025
02-13 22:23:17.558 16371 16371 E ArmVmp : Match on catch block at 0xc3 in for 0x7e07691025
02-13 22:23:17.563 16371 16371 E ArmVmp : Match on catch block at 0xc3 in for 0x7e07691025
02-13 22:23:17.574 16371 16371 E ArmVmp : Match on catch block at 0xc3 in for 0x7e07691025
02-13 22:23:17.577 16371 16371 E ArmVmp : Match on catch block at 0xc3 in for 0x7e07691025
02-13 22:23:17.590 16371 16371 E ArmVmp : Match on catch block at 0xc3 in for 0x7e07691025
02-13 22:23:17.594 16371 16371 E ArmVmp : Match on catch block at 0xc3 in for 0x7e07691025
02-13 22:23:17.607 16371 16371 E ArmVmp : Match on catch block at 0xc3 in for 0x7e07691025
02-13 22:23:17.610 16371 16371 E ArmVmp : Match on catch block at 0xc3 in for 0x7e07691025
02-13 22:23:17.623 16371 16371 E ArmVmp : Match on catch block at 0xc3 in for 0x7e07691025
02-13 22:23:17.628 16371 16371 E ArmVmp : Match on catch block at 0xc3 in for 0x7e07691025
02-13 22:23:17.640 16371 16371 E ArmVmp : Match on catch block at 0xc3 in for 0x7e07691025
02-13 22:23:17.645 16371 16371 E ArmVmp : Match on catch block at 0xc3 in for 0x7e07691025
02-13 22:23:17.657 16371 16371 E ArmVmp : Match on catch block at 0xc3 in for 0x7e07691025
02-13 22:23:17.662 16371 16371 E ArmVmp : Match on catch block at 0xc3 in for 0x7e07691025
02-13 22:23:17.674 16371 16371 E ArmVmp : Match on catch block at 0xc3 in for 0x7e07691025
02-13 22:23:17.678 16371 16371 E ArmVmp : Match on catch block at 0xc3 in for 0x7e07691025
02-13 22:23:17.690 16371 16371 E ArmVmp : Match on catch block at 0xc3 in for 0x7e07691025
02-13 22:23:17.696 16371 16371 E ArmVmp : Match on catch block at 0xc3 in for 0x7e07691025
02-13 22:23:17.707 16371 16371 E ArmVmp : Match on catch block at 0xc3 in for 0x7e07691025
02-13 22:23:17.712 16371 16371 E ArmVmp : Match on catch block at 0xc3 in for 0x7e07691025
02-13 22:23:17.723 16371 16371 E ArmVmp : Match on catch block at 0xc3 in for 0x7e07691025
02-13 22:23:17.727 16371 16371 E ArmVmp : Match on catch block at 0xc3 in for 0x7e07691025
02-13 22:23:17.740 16371 16371 E ArmVmp : Match on catch block at 0xc3 in for 0x7e07691025
02-13 22:23:17.746 16371 16371 E ArmVmp : Match on catch block at 0xc3 in for 0x7e07691025
02-13 22:23:17.757 16371 16371 E ArmVmp : Match on catch block at 0xc3 in for 0x7e07691025
02-13 22:23:17.761 16371 16371 E ArmVmp : Match on catch block at 0xc3 in for 0x7e07691025
02-13 22:23:17.774 16371 16371 E ArmVmp : Match on catch block at 0xc3 in for 0x7e07691025
02-13 22:23:17.778 16371 16371 E ArmVmp : Match on catch block at 0xc3 in for 0x7e07691025
02-13 22:23:17.790 16371 16371 E ArmVmp : Match on catch block at 0xc3 in for 0x7e07691025
02-13 22:23:17.794 16371 16371 E ArmVmp : Match on catch block at 0xc3 in for 0x7e07691025
02-13 22:23:17.807 16371 16371 E ArmVmp : Match on catch block at 0xc3 in for 0x7e07691025
02-13 22:23:17.811 16371 16436 E SQLiteDatabase: Error inserting transferred=0 media_job_uuid=7ee04098-cc27-4d24-9cf6-db4ad90b88d9 transcoded=1 gif_attribution=0 first_scan_length=0 direct_path=null thumbnail_height_width_ratio=2.1724138 is_animated_sticker=0 file_hash=null file_path=/data/user/95/com.whatsapp/files/.Shared/b600593c-1f1d-46f9-a178- cf923f6636d8.jpg file_size=1791870 partial_media_hash=null face_x=531 face_y=1337 height=4000 trim_to=0 media_key_timestamp=0 message_url=null media_caption=null trim_from=0 mime_type=null partial_media_enc_hash=null width=1847 original_file_hash=W8XEXAjfuTGG+Z73ryM0dBv75zsvLiZUysX+5qhIecE= has_streaming_sidecar=0 autotransfer_retry_enabled=1 media_upload_handle=null message_row_id=203147 multicast_id=null enc_file_hash=null mute_video=0 page_count=0 first_scan_sidecar=null suspicious_content=0 file_length=1791870 media_name=b600593c-1f1d-46f9-a178-cf923f6636d8.jpg media_duration=0 chat_row_id=5 media_key=null
02-13 22:23:17.811 16371 16436 E SQLiteDatabase: android.database.sqlite.SQLiteConstraintException: UNIQUE constraint failed: message_media.message_row_id (code 1555 SQLITE_CONSTRAINT_PRIMARYKEY[1555])
02-13 22:23:17.811 16371 16436 E SQLiteDatabase: at android.database.sqlite.SQLiteConnection.nativeExecuteForLastInsertedRowId(Native Method)
02-13 22:23:17.811 16371 16436 E SQLiteDatabase: at android.database.sqlite.SQLiteConnection.executeForLastInsertedRowId(SQLiteConnecti on.java:1293)
02-13 22:23:17.811 16371 16436 E SQLiteDatabase: at android.database.sqlite.SQLiteSession.executeForLastInsertedRowId(SQLiteSession.jav a:790)
02-13 22:23:17.811 16371 16436 E SQLiteDatabase: at android.database.sqlite.SQLiteStatement.executeInsert(SQLiteStatement.java:89)
02-13 22:23:17.811 16371 16436 E SQLiteDatabase: at android.database.sqlite.SQLiteDatabase.insertWithOnConflict(SQLiteDatabase.java:243 4)
02-13 22:23:17.811 16371 16436 E SQLiteDatabase: at android.database.sqlite.SQLiteDatabase.insert(SQLiteDatabase.java:2303)
02-13 22:23:17.811 16371 16436 E SQLiteDatabase: at X.2tm.A08(Unknown Source:6)
02-13 22:23:17.811 16371 16436 E SQLiteDatabase: at X.35Y.A07(Unknown Source:212)
02-13 22:23:17.811 16371 16436 E SQLiteDatabase: at X.3QF.A14(Unknown Source:470)
02-13 22:23:17.811 16371 16436 E SQLiteDatabase: at X.3gU.run(Unknown Source:982)
02-13 22:23:17.811 16371 16436 E SQLiteDatabase: at android.os.Handler.handleCallback(Handler.java:958)
02-13 22:23:17.811 16371 16436 E SQLiteDatabase: at android.os.Handler.dispatchMessage(Handler.java:99)
02-13 22:23:17.811 16371 16436 E SQLiteDatabase: at X.0zq.dispatchMessage(Unknown Source:4)
02-13 22:23:17.811 16371 16436 E SQLiteDatabase: at android.os.Looper.loopOnce(Looper.java:230)
02-13 22:23:17.811 16371 16436 E SQLiteDatabase: at android.os.Looper.loop(Looper.java:319)
02-13 22:23:17.811 16371 16436 E SQLiteDatabase: at android.os.HandlerThread.run(HandlerThread.java:67)
02-13 22:23:17.812 16371 16371 E ArmVmp : Match on catch block at 0xc3 in for 0x7e07691025
02-13 22:23:17.826 16371 16371 E ArmVmp : Match on catch block at 0xc3 in for 0x7e07691025
02-13 22:23:17.832 16371 16371 E ArmVmp : Match on catch block at 0xc3 in for 0x7e07691025
02-13 22:23:17.859 16371 16371 E ArmVmp : Match on catch block at 0xc3 in for 0x7e07691025
02-13 22:23:17.865 16371 16371 E ArmVmp : Match on catch block at 0xc3 in for 0x7e07691025
02-13 22:23:17.917 16371 16371 E ArmVmp : Match on catch block at 0xc3 in for 0x7e07691025
02-13 22:23:17.923 16371 16371 E ArmVmp : Match on catch block at 0xc3 in for 0x7e07691025
02-13 22:23:17.946 16371 16371 E ArmVmp : Match on catch block at 0xc3 in for 0x7e07691025
02-13 22:23:17.958 16371 16371 E ArmVmp : Match on catch block at 0xc3 in for 0x7e07691025
02-13 22:23:17.974 16371 16371 E ArmVmp : Match on catch block at 0xc3 in for 0x7e07691025
02-13 22:23:17.980 16371 16371 E ArmVmp : Match on catch block at 0xc3 in for 0x7e07691025
02-13 22:23:17.993 16371 16371 E ArmVmp : Match on catch block at 0xc3 in for 0x7e07691025
02-13 22:23:18.005 16371 16371 E ArmVmp : Match on catch block at 0xc3 in for 0x7e07691025
02-13 22:23:18.028 16371 16371 E ArmVmp : Match on catch block at 0xc3 in for 0x7e07691025
02-13 22:23:18.034 16371 16371 E ArmVmp : Match on catch block at 0xc3 in for 0x7e07691025
02-13 22:23:18.047 16371 16371 E ArmVmp : Match on catch block at 0xc3 in for 0x7e07691025
02-13 22:23:18.062 16371 16371 E ArmVmp : Match on catch block at 0xc3 in for 0x7e07691025
02-13 22:23:18.080 16371 16371 E ArmVmp : Match on catch block at 0xc3 in for 0x7e07691025
02-13 22:23:18.087 16371 16371 E ArmVmp : Match on catch block at 0xc3 in for 0x7e07691025
02-13 22:23:18.107 16371 16371 E ArmVmp : Match on catch block at 0xc3 in for 0x7e07691025
02-13 22:23:18.112 16371 16371 E ArmVmp : Match on catch block at 0xc3 in for 0x7e07691025
02-13 22:23:18.124 16371 16371 E ArmVmp : Match on catch block at 0xc3 in for 0x7e07691025
02-13 22:23:18.128 16371 16371 E ArmVmp : Match on catch block at 0xc3 in for 0x7e07691025
02-13 22:23:18.140 16371 16371 E ArmVmp : Match on catch block at 0xc3 in for 0x7e07691025
02-13 22:23:18.145 16371 16371 E ArmVmp : Match on catch block at 0xc3 in for 0x7e07691025
02-13 22:23:18.158 16371 16371 E ArmVmp : Match on catch block at 0xc3 in for 0x7e07691025
02-13 22:23:18.162 16371 16371 E ArmVmp : Match on catch block at 0xc3 in for 0x7e07691025
02-13 22:23:18.174 16371 16371 E ArmVmp : Match on catch block at 0xc3 in for 0x7e07691025
02-13 22:23:18.178 16371 16371 E ArmVmp : Match on catch block at 0xc3 in for 0x7e07691025
02-13 22:23:18.191 16371 16371 E ArmVmp : Match on catch block at 0xc3 in for 0x7e07691025
02-13 22:23:18.195 16371 16371 E ArmVmp : Match on catch block at 0xc3 in for 0x7e07691025
02-13 22:23:18.207 16371 16371 E ArmVmp : Match on catch block at 0xc3 in for 0x7e07691025
02-13 22:23:18.212 16371 16371 E ArmVmp : Match on catch block at 0xc3 in for 0x7e07691025
02-13 22:23:18.224 16371 16371 E ArmVmp : Match on catch block at 0xc3 in for 0x7e07691025
02-13 22:23:18.229 16371 16371 E ArmVmp : Match on catch block at 0xc3 in for 0x7e07691025
02-13 22:23:18.241 16371 16371 E ArmVmp : Match on catch block at 0xc3 in for 0x7e07691025
02-13 22:23:18.246 16371 16371 E ArmVmp : Match on catch block at 0xc3 in for 0x7e07691025
02-13 22:23:18.258 16371 16371 E ArmVmp : Match on catch block at 0xc3 in for 0x7e07691025
02-13 22:23:18.263 16371 16371 E ArmVmp : Match on catch block at 0xc3 in for 0x7e07691025
02-13 22:23:18.275 16371 16371 E ArmVmp : Match on catch block at 0xc3 in for 0x7e07691025
02-13 22:23:18.280 16371 16371 E ArmVmp : Match on catch block at 0xc3 in for 0x7e07691025
02-13 22:23:18.288 16371 2315 W MediaPlayer: Use of stream types is deprecated for operations other than volume control
02-13 22:23:18.288 16371 2315 W MediaPlayer: See the documentation of setAudioStreamType() for what to use instead with android.media.AudioAttributes to qualify your playback use case
02-13 22:23:18.291 16371 16371 E ArmVmp : Match on catch block at 0xc3 in for 0x7e07691025
02-13 22:23:18.297 16371 16371 E ArmVmp : Match on catch block at 0xc3 in for 0x7e07691025
02-13 22:23:18.307 16371 16371 E ArmVmp : Match on catch block at 0xc3 in for 0x7e07691025
02-13 22:23:18.313 16371 16371 E ArmVmp : Match on catch block at 0xc3 in for 0x7e07691025
02-13 22:23:18.324 16371 16371 E ArmVmp : Match on catch block at 0xc3 in for 0x7e07691025
02-13 22:23:18.331 16371 16371 E ArmVmp : Match on catch block at 0xc3 in for 0x7e07691025
02-13 22:23:18.341 16371 16371 E ArmVmp : Match on catch block at 0xc3 in for 0x7e07691025
02-13 22:23:18.347 16371 16371 E ArmVmp : Match on catch block at 0xc3 in for 0x7e07691025
02-13 22:23:18.357 16371 16371 E ArmVmp : Match on catch block at 0xc3 in for 0x7e07691025
02-13 22:23:18.363 16371 16371 E ArmVmp : Match on catch block at 0xc3 in for 0x7e07691025
02-13 22:23:18.374 16371 16371 E ArmVmp : Match on catch block at 0xc3 in for 0x7e07691025
02-13 22:23:18.380 16371 16371 E ArmVmp : Match on catch block at 0xc3 in for 0x7e07691025
02-13 22:23:18.391 16371 16371 E ArmVmp : Match on catch block at 0xc3 in for 0x7e07691025
02-13 22:23:18.397 16371 16371 E ArmVmp : Match on catch block at 0xc3 in for 0x7e07691025
02-13 22:23:18.407 16371 16371 E ArmVmp : Match on catch block at 0xc3 in for 0x7e07691025
02-13 22:23:18.413 16371 16371 E ArmVmp : Match on catch block at 0xc3 in for 0x7e07691025
02-13 22:23:18.425 16371 16371 E ArmVmp : Match on catch block at 0xc3 in for 0x7e07691025
02-13 22:23:18.432 16371 16371 E ArmVmp : Match on catch block at 0xc3 in for 0x7e07691025
02-13 22:23:18.441 16371 16371 E ArmVmp : Match on catch block at 0xc3 in for 0x7e07691025
02-13 22:23:18.448 16371 16371 E ArmVmp : Match on catch block at 0xc3 in for 0x7e07691025
02-13 22:23:18.458 16371 16371 E ArmVmp : Match on catch block at 0xc3 in for 0x7e07691025
02-13 22:23:18.465 16371 16371 E ArmVmp : Match on catch block at 0xc3 in for 0x7e07691025
02-13 22:23:18.475 16371 16371 E ArmVmp : Match on catch block at 0xc3 in for 0x7e07691025
02-13 22:23:18.481 16371 16371 E ArmVmp : Match on catch block at 0xc3 in for 0x7e07691025
02-13 22:23:18.485 16371 27820 W MediaPlayerNative: info/warning (10973, 0)
02-13 22:23:18.490 16371 16371 E ArmVmp : Match on catch block at 0xc3 in for 0x7e07691025
02-13 22:23:18.495 16371 16371 E ArmVmp : Match on catch block at 0xc3 in for 0x7e07691025
02-13 22:23:18.510 16371 16371 E ArmVmp : Match on catch block at 0xc3 in for 0x7e07691025
02-13 22:23:18.515 16371 16371 E ArmVmp : Match on catch block at 0xc3 in for 0x7e07691025
02-13 22:23:18.524 16371 16371 E ArmVmp : Match on catch block at 0xc3 in for 0x7e07691025
02-13 22:23:18.529 16371 16371 E ArmVmp : Match on catch block at 0xc3 in for 0x7e07691025
02-13 22:23:18.540 16371 16371 E ArmVmp : Match on catch block at 0xc3 in for 0x7e07691025
02-13 22:23:18.545 16371 16371 E ArmVmp : Match on catch block at 0xc3 in for 0x7e07691025
02-13 22:23:18.557 16371 16371 E ArmVmp : Match on catch block at 0xc3 in for 0x7e07691025
02-13 22:23:18.562 16371 16371 E ArmVmp : Match on catch block at 0xc3 in for 0x7e07691025
02-13 22:23:18.574 16371 16371 E ArmVmp : Match on catch block at 0xc3 in for 0x7e07691025
02-13 22:23:18.579 16371 16371 E ArmVmp : Match on catch block at 0xc3 in for 0x7e07691025
02-13 22:23:18.590 16371 16371 E ArmVmp : Match on catch block at 0xc3 in for 0x7e07691025
02-13 22:23:18.595 16371 16371 E ArmVmp : Match on catch block at 0xc3 in for 0x7e07691025
02-13 22:23:18.607 16371 16371 E ArmVmp : Match on catch block at 0xc3 in for 0x7e07691025
02-13 22:23:18.613 16371 16371 E ArmVmp : Match on catch block at 0xc3 in for 0x7e07691025
02-13 22:23:18.624 16371 16371 E ArmVmp : Match on catch block at 0xc3 in for 0x7e07691025
02-13 22:23:18.629 16371 16371 E ArmVmp : Match on catch block at 0xc3 in for 0x7e07691025
02-13 22:23:18.640 16371 16371 E ArmVmp : Match on catch block at 0xc3 in for 0x7e07691025
02-13 22:23:18.645 16371 16371 E ArmVmp : Match on catch block at 0xc3 in for 0x7e07691025
02-13 22:23:18.657 16371 16371 E ArmVmp : Match on catch block at 0xc3 in for 0x7e07691025
02-13 22:23:18.662 16371 16371 E ArmVmp : Match on catch block at 0xc3 in for 0x7e07691025
02-13 22:23:18.674 16371 16371 E ArmVmp : Match on catch block at 0xc3 in for 0x7e07691025
02-13 22:23:18.679 16371 16371 E ArmVmp : Match on catch block at 0xc3 in for 0x7e07691025
02-13 22:23:18.690 16371 16371 E ArmVmp : Match on catch block at 0xc3 in for 0x7e07691025
02-13 22:23:18.697 16371 16371 E ArmVmp : Match on catch block at 0xc3 in for 0x7e07691025
02-13 22:23:18.707 16371 16371 E ArmVmp : Match on catch block at 0xc3 in for 0x7e07691025
02-13 22:23:18.712 16371 16371 E ArmVmp : Match on catch block at 0xc3 in for 0x7e07691025
02-13 22:23:18.724 16371 16371 E ArmVmp : Match on catch block at 0xc3 in for 0x7e07691025
02-13 22:23:18.728 16371 16371 E ArmVmp : Match on catch block at 0xc3 in for 0x7e07691025
02-13 22:23:18.740 16371 16371 E ArmVmp : Match on catch block at 0xc3 in for 0x7e07691025
02-13 22:23:18.745 16371 16371 E ArmVmp : Match on catch block at 0xc3 in for 0x7e07691025
02-13 22:23:18.757 16371 16371 E ArmVmp : Match on catch block at 0xc3 in for 0x7e07691025
02-13 22:23:18.762 16371 16371 E ArmVmp : Match on catch block at 0xc3 in for 0x7e07691025
02-13 22:23:18.774 16371 16371 E ArmVmp : Match on catch block at 0xc3 in for 0x7e07691025
02-13 22:23:18.779 16371 16371 E ArmVmp : Match on catch block at 0xc3 in for 0x7e07691025
02-13 22:23:18.790 16371 16371 E ArmVmp : Match on catch block at 0xc3 in for 0x7e07691025
02-13 22:23:18.795 16371 16371 E ArmVmp : Match on catch block at 0xc3 in for 0x7e07691025
02-13 22:23:18.807 16371 16371 E ArmVmp : Match on catch block at 0xc3 in for 0x7e07691025
02-13 22:23:18.813 16371 16371 E ArmVmp : Match on catch block at 0xc3 in for 0x7e07691025
02-13 22:23:18.824 16371 16371 E ArmVmp : Match on catch block at 0xc3 in for 0x7e07691025
02-13 22:23:18.830 16371 16371 E ArmVmp : Match on catch block at 0xc3 in for 0x7e07691025
02-13 22:23:18.853 16371 16371 E ArmVmp : Match on catch block at 0xc3 in for 0x7e07691025
02-13 22:23:18.857 16371 16371 E ArmVmp : Match on catch block at 0xc3 in for 0x7e07691025
02-13 22:23:18.874 16371 16371 E ArmVmp : Match on catch block at 0xc3 in for 0x7e07691025
02-13 22:23:18.879 16371 16371 E ArmVmp : Match on catch block at 0xc3 in for 0x7e07691025
02-13 22:23:18.890 16371 16371 E ArmVmp : Match on catch block at 0xc3 in for 0x7e07691025
02-13 22:23:18.897 16371 16371 E ArmVmp : Match on catch block at 0xc3 in for 0x7e07691025
02-13 22:23:18.907 16371 16371 E ArmVmp : Match on catch block at 0xc3 in for 0x7e07691025
02-13 22:23:18.911 16371 16371 E ArmVmp : Match on catch block at 0xc3 in for 0x7e07691025
02-13 22:23:18.924 16371 16371 E ArmVmp : Match on catch block at 0xc3 in for 0x7e07691025
02-13 22:23:18.929 16371 16371 E ArmVmp : Match on catch block at 0xc3 in for 0x7e07691025
02-13 22:23:18.940 16371 16371 E ArmVmp : Match on catch block at 0xc3 in for 0x7e07691025
02-13 22:23:18.946 16371 16371 E ArmVmp : Match on catch block at 0xc3 in for 0x7e07691025
02-13 22:23:18.951 16371 16436 E SQLiteDatabase: Error inserting transferred=1 media_job_uuid=7ee04098-cc27-4d24-9cf6-db4ad90b88d9 transcoded=1 gif_attribution=0 first_scan_length=0 direct_path=/v/t62.7118- 24/35333076_1063552898234782_6411899901187194852_n.enc?ccb=11- 4&oh=01_AdSG9R8EgI37x7U6qeM9uEoPLQQlTJEKfuVMuZ7Uj_zI0w&oe=65F39F34&_nc_sid=5e03e0 thumbnail_height_width_ratio=2.1724138 is_animated_sticker=0 file_hash=i/Q/GFU21ThNkLQlEs0aMknzip17nh6Kxm8xOvxxaL8= file_path=Media/WhatsApp Images/Sent/IMG-20240213-WA0006.jpg file_size=1791870 partial_media_hash=C2UsjBfD44+PllQrsk4QFAPBzAyHg0da1QD7goOCepg= face_x=531 face_y=1337 height=4000 trim_to=0 media_key_timestamp=1707873797847 message_url=https://mmg.whatsapp.net/v/t62.7118- 24/35333076_1063552898234782_6411899901187194852_n.enc?ccb=11- 4&oh=01_AdSG9R8EgI37x7U6qeM9uEoPLQQlTJEKfuVMuZ7Uj_zI0w&oe=65F39F34&_nc_sid=5e03e0&m ms3=true media_caption=null trim_from=0 mime_type=null partial_media_enc_hash=null width=1847 original_file_hash=W8XEXAjfuTGG+Z73ryM0dBv75zsvLiZUysX+5qhIecE= has_streaming_sidecar=1 autotransfer_retry_enabled=0 media_upload_handle=null message_row_id=203147 multicast_id=null enc_file_hash=r/wgW8s+lT2PTdLj9sUQHG8P0+4SVh2mIv16hQRrJeo= mute_video=0 page_count=0 first_scan_sidecar=null suspicious_content=0 file_length=1791870 media_name=b600593c-1f1d-46f9-a178-cf923f6636d8.jpg media_duration=0 chat_row_id=5 media_key=[B@a593f6b
02-13 22:23:18.951 16371 16436 E SQLiteDatabase: android.database.sqlite.SQLiteConstraintException: UNIQUE constraint failed: message_media.message_row_id (code 1555 SQLITE_CONSTRAINT_PRIMARYKEY[1555])
02-13 22:23:18.951 16371 16436 E SQLiteDatabase: at android.database.sqlite.SQLiteConnection.nativeExecuteForLastInsertedRowId(Native Method)
02-13 22:23:18.951 16371 16436 E SQLiteDatabase: at android.database.sqlite.SQLiteConnection.executeForLastInsertedRowId(SQLiteConnecti on.java:1293)
02-13 22:23:18.951 16371 16436 E SQLiteDatabase: at android.database.sqlite.SQLiteSession.executeForLastInsertedRowId(SQLiteSession.jav a:790)
02-13 22:23:18.951 16371 16436 E SQLiteDatabase: at android.database.sqlite.SQLiteStatement.executeInsert(SQLiteStatement.java:89)
02-13 22:23:18.951 16371 16436 E SQLiteDatabase: at android.database.sqlite.SQLiteDatabase.insertWithOnConflict(SQLiteDatabase.java:243 4)
02-13 22:23:18.951 16371 16436 E SQLiteDatabase: at android.database.sqlite.SQLiteDatabase.insert(SQLiteDatabase.java:2303)
02-13 22:23:18.951 16371 16436 E SQLiteDatabase: at X.2tm.A08(Unknown Source:6)
02-13 22:23:18.951 16371 16436 E SQLiteDatabase: at X.35Y.A07(Unknown Source:212)
02-13 22:23:18.951 16371 16436 E SQLiteDatabase: at X.3QF.A14(Unknown Source:470)
02-13 22:23:18.951 16371 16436 E SQLiteDatabase: at X.3gU.run(Unknown Source:982)
02-13 22:23:18.951 16371 16436 E SQLiteDatabase: at android.os.Handler.handleCallback(Handler.java:958)
02-13 22:23:18.951 16371 16436 E SQLiteDatabase: at android.os.Handler.dispatchMessage(Handler.java:99)
02-13 22:23:18.951 16371 16436 E SQLiteDatabase: at X.0zq.dispatchMessage(Unknown Source:4)
02-13 22:23:18.951 16371 16436 E SQLiteDatabase: at android.os.Looper.loopOnce(Looper.java:230)
02-13 22:23:18.951 16371 16436 E SQLiteDatabase: at android.os.Looper.loop(Looper.java:319)
02-13 22:23:18.951 16371 16436 E SQLiteDatabase: at android.os.HandlerThread.run(HandlerThread.java:67)
02-13 22:23:18.957 16371 16371 E ArmVmp : Match on catch block at 0xc3 in for 0x7e07691025
02-13 22:23:18.964 16371 16371 E ArmVmp : Match on catch block at 0xc3 in for 0x7e07691025
02-13 22:23:18.977 16371 16371 E ArmVmp : Match on catch block at 0xc3 in for 0x7e07691025
02-13 22:23:18.981 16371 16371 E ArmVmp : Match on catch block at 0xc3 in for 0x7e07691025
02-13 22:23:18.997 16371 16371 E ArmVmp : Match on catch block at 0xc3 in for 0x7e07691025
02-13 22:23:19.002 16371 16371 E ArmVmp : Match on catch block at 0xc3 in for 0x7e07691025
02-13 22:23:19.028 16371 16371 E ArmVmp : Match on catch block at 0xc3 in for 0x7e07691025
02-13 22:23:19.033 16371 16371 E ArmVmp : Match on catch block at 0xc3 in for 0x7e07691025
02-13 22:23:19.042 16371 16371 E ArmVmp : Match on catch block at 0xc3 in for 0x7e07691025
02-13 22:23:19.046 16371 16371 E ArmVmp : Match on catch block at 0xc3 in for 0x7e07691025
02-13 22:23:19.057 16371 16371 E ArmVmp : Match on catch block at 0xc3 in for 0x7e07691025
02-13 22:23:19.061 16371 16371 E ArmVmp : Match on catch block at 0xc3 in for 0x7e07691025
02-13 22:23:19.074 16371 16371 E ArmVmp : Match on catch block at 0xc3 in for 0x7e07691025
02-13 22:23:19.077 16371 16371 E ArmVmp : Match on catch block at 0xc3 in for 0x7e07691025
02-13 22:23:19.091 16371 16371 E ArmVmp : Match on catch block at 0xc3 in for 0x7e07691025
02-13 22:23:19.095 16371 16371 E ArmVmp : Match on catch block at 0xc3 in for 0x7e07691025
02-13 22:23:19.108 16371 16371 E ArmVmp : Match on catch block at 0xc3 in for 0x7e07691025
02-13 22:23:19.113 16371 16371 E ArmVmp : Match on catch block at 0xc3 in for 0x7e07691025
02-13 22:23:19.124 16371 16371 E ArmVmp : Match on catch block at 0xc3 in for 0x7e07691025
02-13 22:23:19.128 16371 16371 E ArmVmp : Match on catch block at 0xc3 in for 0x7e07691025
02-13 22:23:19.141 16371 16371 E ArmVmp : Match on catch block at 0xc3 in for 0x7e07691025
02-13 22:23:19.144 16371 16371 E ArmVmp : Match on catch block at 0xc3 in for 0x7e07691025
02-13 22:23:19.157 16371 16371 E ArmVmp : Match on catch block at 0xc3 in for 0x7e07691025
02-13 22:23:19.161 16371 16371 E ArmVmp : Match on catch block at 0xc3 in for 0x7e07691025
02-13 22:23:19.174 16371 16371 E ArmVmp : Match on catch block at 0xc3 in for 0x7e07691025
02-13 22:23:19.177 16371 16371 E ArmVmp : Match on catch block at 0xc3 in for 0x7e07691025
02-13 22:23:19.191 16371 16371 E ArmVmp : Match on catch block at 0xc3 in for 0x7e07691025
02-13 22:23:19.195 16371 16371 E ArmVmp : Match on catch block at 0xc3 in for 0x7e07691025
02-13 22:23:19.207 16371 16371 E ArmVmp : Match on catch block at 0xc3 in for 0x7e07691025
02-13 22:23:19.211 16371 16371 E ArmVmp : Match on catch block at 0xc3 in for 0x7e07691025
02-13 22:23:19.224 16371 16371 E ArmVmp : Match on catch block at 0xc3 in for 0x7e07691025
02-13 22:23:19.228 16371 16371 E ArmVmp : Match on catch block at 0xc3 in for 0x7e07691025
02-13 22:23:19.245 16371 16371 E ArmVmp : Match on catch block at 0xc3 in for 0x7e07691025
02-13 22:23:19.249 16371 16371 E ArmVmp : Match on catch block at 0xc3 in for 0x7e07691025
02-13 22:23:19.255 16371 2315 W MediaPlayer: Use of stream types is deprecated for operations other than volume control
02-13 22:23:19.255 16371 2315 W MediaPlayer: See the documentation of setAudioStreamType() for what to use instead with android.media.AudioAttributes to qualify your playback use case
02-13 22:23:19.263 16371 16371 E ArmVmp : Match on catch block at 0xc3 in for 0x7e07691025
02-13 22:23:19.269 16371 16371 E ArmVmp : Match on catch block at 0xc3 in for 0x7e07691025
02-13 22:23:19.279 16371 16371 E ArmVmp : Match on catch block at 0xc3 in for 0x7e07691025
02-13 22:23:19.282 16371 27820 W MediaPlayerNative: info/warning (10973, 0)
02-13 22:23:19.282 16371 16371 E ArmVmp : Match on catch block at 0xc3 in for 0x7e07691025
02-13 22:23:19.291 16371 16371 E ArmVmp : Match on catch block at 0xc3 in for 0x7e07691025
02-13 22:23:19.294 16371 16371 E ArmVmp : Match on catch block at 0xc3 in for 0x7e07691025
02-13 22:23:19.307 16371 16371 E ArmVmp : Match on catch block at 0xc3 in for 0x7e07691025
02-13 22:23:19.310 16371 16371 E ArmVmp : Match on catch block at 0xc3 in for 0x7e07691025
02-13 22:23:19.323 16371 16371 E ArmVmp : Match on catch block at 0xc3 in for 0x7e07691025
02-13 22:23:19.327 16371 16371 E ArmVmp : Match on catch block at 0xc3 in for 0x7e07691025
02-13 22:23:19.340 16371 16371 E ArmVmp : Match on catch block at 0xc3 in for 0x7e07691025
02-13 22:23:19.344 16371 16371 E ArmVmp : Match on catch block at 0xc3 in for 0x7e07691025
02-13 22:23:19.359 16371 16371 E ArmVmp : Match on catch block at 0xc3 in for 0x7e07691025
02-13 22:23:19.362 16371 16371 E ArmVmp : Match on catch block at 0xc3 in for 0x7e07691025
02-13 22:23:19.374 16371 16371 E ArmVmp : Match on catch block at 0xc3 in for 0x7e07691025
02-13 22:23:19.377 16371 16371 E ArmVmp : Match on catch block at 0xc3 in for 0x7e07691025
02-13 22:23:19.390 16371 16371 E ArmVmp : Match on catch block at 0xc3 in for 0x7e07691025
02-13 22:23:19.394 16371 16371 E ArmVmp : Match on catch block at 0xc3 in for 0x7e07691025
02-13 22:23:19.407 16371 16371 E ArmVmp : Match on catch block at 0xc3 in for 0x7e07691025
02-13 22:23:19.410 16371 16371 E ArmVmp : Match on catch block at 0xc3 in for 0x7e07691025
02-13 22:23:19.424 16371 16371 E ArmVmp : Match on catch block at 0xc3 in for 0x7e07691025
02-13 22:23:19.427 16371 16371 E ArmVmp : Match on catch block at 0xc3 in for 0x7e07691025
02-13 22:23:19.440 16371 16371 E ArmVmp : Match on catch block at 0xc3 in for 0x7e07691025
02-13 22:23:19.445 16371 16371 E ArmVmp : Match on catch block at 0xc3 in for 0x7e07691025
02-13 22:23:19.457 16371 16371 E ArmVmp : Match on catch block at 0xc3 in for 0x7e07691025
02-13 22:23:19.461 16371 16371 E ArmVmp : Match on catch block at 0xc3 in for 0x7e07691025
02-13 22:23:19.474 16371 16371 E ArmVmp : Match on catch block at 0xc3 in for 0x7e07691025
02-13 22:23:19.478 16371 16371 E ArmVmp : Match on catch block at 0xc3 in for 0x7e07691025
02-13 22:23:19.490 16371 16371 E ArmVmp : Match on catch block at 0xc3 in for 0x7e07691025
02-13 22:23:19.494 16371 16371 E ArmVmp : Match on catch block at 0xc3 in for 0x7e07691025
02-13 22:23:19.507 16371 16371 E ArmVmp : Match on catch block at 0xc3 in for 0x7e07691025
02-13 22:23:19.511 16371 16371 E ArmVmp : Match on catch block at 0xc3 in for 0x7e07691025
02-13 22:23:19.524 16371 16371 E ArmVmp : Match on catch block at 0xc3 in for 0x7e07691025
02-13 22:23:19.527 16371 16371 E ArmVmp : Match on catch block at 0xc3 in for 0x7e07691025
02-13 22:23:19.540 16371 16371 E ArmVmp : Match on catch block at 0xc3 in for 0x7e07691025
02-13 22:23:19.544 16371 16371 E ArmVmp : Match on catch block at 0xc3 in for 0x7e07691025
02-13 22:23:19.557 16371 16371 E ArmVmp : Match on catch block at 0xc3 in for 0x7e07691025
02-13 22:23:19.561 16371 16371 E ArmVmp : Match on catch block at 0xc3 in for 0x7e07691025
02-13 22:23:19.574 16371 16371 E ArmVmp : Match on catch block at 0xc3 in for 0x7e07691025
02-13 22:23:19.577 16371 16371 E ArmVmp : Match on catch block at 0xc3 in for 0x7e07691025
02-13 22:23:19.590 16371 16371 E ArmVmp : Match on catch block at 0xc3 in for 0x7e07691025
02-13 22:23:19.595 16371 16371 E ArmVmp : Match on catch block at 0xc3 in for 0x7e07691025
02-13 22:23:19.607 16371 16371 E ArmVmp : Match on catch block at 0xc3 in for 0x7e07691025
02-13 22:23:19.611 16371 16371 E ArmVmp : Match on catch block at 0xc3 in for 0x7e07691025
02-13 22:23:19.623 16371 16371 E ArmVmp : Match on catch block at 0xc3 in for 0x7e07691025
02-13 22:23:19.627 16371 16371 E ArmVmp : Match on catch block at 0xc3 in for 0x7e07691025
02-13 22:23:19.640 16371 16371 E ArmVmp : Match on catch block at 0xc3 in for 0x7e07691025
02-13 22:23:19.644 16371 16371 E ArmVmp : Match on catch block at 0xc3 in for 0x7e07691025
02-13 22:23:19.657 16371 16371 E ArmVmp : Match on catch block at 0xc3 in for 0x7e07691025
02-13 22:23:19.661 16371 16371 E ArmVmp : Match on catch block at 0xc3 in for 0x7e07691025
02-13 22:23:19.674 16371 16371 E ArmVmp : Match on catch block at 0xc3 in for 0x7e07691025
02-13 22:23:19.677 16371 16371 E ArmVmp : Match on catch block at 0xc3 in for 0x7e07691025
02-13 22:23:19.690 16371 16371 E ArmVmp : Match on catch block at 0xc3 in for 0x7e07691025
02-13 22:23:19.694 16371 16371 E ArmVmp : Match on catch block at 0xc3 in for 0x7e07691025
02-13 22:23:19.707 16371 16371 E ArmVmp : Match on catch block at 0xc3 in for 0x7e07691025
02-13 22:23:19.711 16371 16371 E ArmVmp : Match on catch block at 0xc3 in for 0x7e07691025
02-13 22:23:19.724 16371 16371 E ArmVmp : Match on catch block at 0xc3 in for 0x7e07691025
02-13 22:23:19.728 16371 16371 E ArmVmp : Match on catch block at 0xc3 in for 0x7e07691025
02-13 22:23:19.741 16371 16371 E ArmVmp : Match on catch block at 0xc3 in for 0x7e07691025
02-13 22:23:19.746 16371 16371 E ArmVmp : Match on catch block at 0xc3 in for 0x7e07691025
02-13 22:23:19.758 16371 16371 E ArmVmp : Match on catch block at 0xc3 in for 0x7e07691025
02-13 22:23:19.762 16371 16371 E ArmVmp : Match on catch block at 0xc3 in for 0x7e07691025
02-13 22:23:19.774 16371 16371 E ArmVmp : Match on catch block at 0xc3 in for 0x7e07691025
02-13 22:23:19.778 16371 16371 E ArmVmp : Match on catch block at 0xc3 in for 0x7e07691025
02-13 22:23:19.807 16371 16371 E ArmVmp : Match on catch block at 0xc3 in for 0x7e07691025
02-13 22:23:19.812 16371 16371 E ArmVmp : Match on catch block at 0xc3 in for 0x7e07691025
02-13 22:23:20.007 16371 16371 E ArmVmp : Match on catch block at 0xc3 in for 0x7e07691025
02-13 22:23:20.010 16371 16371 E ArmVmp : Match on catch block at 0xc3 in for 0x7e07691025
02-13 22:23:20.082 16371 16371 E ArmVmp : Match on catch block at 0xc3 in for 0x7e07691025
02-13 22:23:20.087 16371 16371 E ArmVmp : Match on catch block at 0xc3 in for 0x7e07691025
02-13 22:23:20.109 16371 16371 E ArmVmp : Match on catch block at 0xc3 in for 0x7e07691025
02-13 22:23:20.113 16371 16371 E ArmVmp : Match on catch block at 0xc3 in for 0x7e07691025
