02-15 07:30:52.997 9536 9536 W JobService: onNetworkChanged() not implemented in androidx.work.impl.background.systemjob.SystemJobService. Must override in a subclass.
02-15 07:30:56.056 9536 9536 W JobService: onNetworkChanged() not implemented in androidx.work.impl.background.systemjob.SystemJobService. Must override in a subclass.
02-15 07:31:18.293 9536 9635 W WM-SystemJobScheduler: Unable to schedule work ID 9345ebc0-d650-4b20-a017-28b6045448dd
02-15 07:31:32.761 9536 9631 W WM-SystemJobScheduler: Unable to schedule work ID 9a0d9935-5e75-4941-9a2d-99d97dd4974d
02-15 07:31:36.195 9536 9536 W JobService: onNetworkChanged() not implemented in androidx.work.impl.background.systemjob.SystemJobService. Must override in a subclass.
02-15 07:32:02.845 9536 9635 W WM-SystemJobScheduler: Unable to schedule work ID ceb130c5-3833-4bdd-a3a0-37633362314d
02-15 07:32:09.881 9536 9628 W WM-SystemJobScheduler: Unable to schedule work ID 576973c8-8c94-4e7c-8273-0ed5329072da
02-15 07:32:37.834 9536 9536 W JobService: onNetworkChanged() not implemented in androidx.work.impl.background.systemjob.SystemJobService. Must override in a subclass.
02-15 07:32:39.932 9536 9631 W WM-SystemJobScheduler: Unable to schedule work ID 0c2341c6-d148-4b54-be18-9bc1739cf96f
02-15 07:32:40.843 9536 9536 W JobService: onNetworkChanged() not implemented in androidx.work.impl.background.systemjob.SystemJobService. Must override in a subclass.
02-15 07:32:41.567 9536 9636 W WM-SystemJobScheduler: Unable to schedule work ID 31fae764-4dfd-4302-8e3d-9370113f0ed1
02-15 07:33:11.612 9536 9631 W WM-SystemJobScheduler: Unable to schedule work ID a4632255-8f95-4dc8-bde9-215d7370d130
02-15 07:33:39.743 9536 9628 W WM-SystemJobScheduler: Unable to schedule work ID 909c0991-11ca-4f28-b085-9f0caec86a6c
02-15 07:34:09.814 9536 9636 W WM-SystemJobScheduler: Unable to schedule work ID aea2852f-51aa-484b-979e-e24b9b24e655
02-15 07:40:52.848 9536 9536 W JobService: onNetworkChanged() not implemented in androidx.work.impl.background.systemjob.SystemJobService. Must override in a subclass.
02-15 07:41:20.850 9536 9635 W WM-SystemJobScheduler: Unable to schedule work ID 48bfc762-fb36-43e8-8c1f-70c820b98326
02-15 07:41:39.472 9536 9636 W WM-SystemJobScheduler: Unable to schedule work ID 7ec29446-3275-4091-9dd9-830287543fbe
02-15 07:41:54.913 9536 9536 W JobService: onNetworkChanged() not implemented in androidx.work.impl.background.systemjob.SystemJobService. Must override in a subclass.
02-15 07:42:09.562 9536 9635 W WM-SystemJobScheduler: Unable to schedule work ID 4289587e-4255-40da-958d-10ebbb200be3
02-15 07:42:16.124 9536 9536 W JobService: onNetworkChanged() not implemented in androidx.work.impl.background.systemjob.SystemJobService. Must override in a subclass.
02-15 07:42:19.159 9536 9536 W JobService: onNetworkChanged() not implemented in androidx.work.impl.background.systemjob.SystemJobService. Must override in a subclass.
02-15 07:42:22.207 9536 9536 W JobService: onNetworkChanged() not implemented in androidx.work.impl.background.systemjob.SystemJobService. Must override in a subclass.
02-15 07:42:38.092 9536 9536 W JobService: onNetworkChanged() not implemented in androidx.work.impl.background.systemjob.SystemJobService. Must override in a subclass.
02-15 07:42:44.087 9536 9628 W WM-SystemJobScheduler: Unable to schedule work ID 6921fabc-41ae-43c4-a0ba-d9b2536e655d
02-15 07:43:14.141 9536 9635 W WM-SystemJobScheduler: Unable to schedule work ID 33638da7-06b8-4910-8640-b712f0aaa986
02-15 07:43:14.395 9536 9636 W WM-SystemJobScheduler: Unable to schedule work ID 020824de-6b33-4267-87b3-20401483a6bb
02-15 07:43:38.106 9536 9536 W JobService: onNetworkChanged() not implemented in androidx.work.impl.background.systemjob.SystemJobService. Must override in a subclass.
02-15 07:43:44.445 9536 9631 W WM-SystemJobScheduler: Unable to schedule work ID 52add763-fc94-4595-bf24-46849fe3f261
02-15 07:43:44.586 9536 9636 W WM-SystemJobScheduler: Unable to schedule work ID 3e22833b-f520-4d5f-89d7-42ab1b8cb7e9
02-15 07:43:46.866 9536 9536 W JobService: onNetworkChanged() not implemented in androidx.work.impl.background.systemjob.SystemJobService. Must override in a subclass.
02-15 07:44:08.011 9536 9536 W JobService: onNetworkChanged() not implemented in androidx.work.impl.background.systemjob.SystemJobService. Must override in a subclass.
02-15 07:44:14.626 9536 9636 W WM-SystemJobScheduler: Unable to schedule work ID 87dbcc24-7ede-4808-a4bc-20f4827088c5
02-15 07:44:20.259 9536 9635 W WM-SystemJobScheduler: Unable to schedule work ID 46888bbc-f2b7-49b9-8942-770b330de6bc
02-15 07:44:50.330 9536 9636 W WM-SystemJobScheduler: Unable to schedule work ID fcb9359d-41d9-4f46-8569-1cca8a1af4d4
02-15 07:44:51.372 9536 9631 W WM-SystemJobScheduler: Unable to schedule work ID 214e0ceb-a4b8-4751-b23a-3f32e1fdac4d
02-15 07:45:21.417 9536 9635 W WM-SystemJobScheduler: Unable to schedule work ID 6eb13891-af17-460a-922b-457d7bdb2a1b
02-15 07:45:47.929 9536 9628 W WM-SystemJobScheduler: Unable to schedule work ID 3cf85a8c-cfe6-4a57-88a9-3e000ec5af01
02-15 07:46:02.765 9536 9536 W JobService: onNetworkChanged() not implemented in androidx.work.impl.background.systemjob.SystemJobService. Must override in a subclass.
02-15 07:46:14.917 9536 9536 W JobService: onNetworkChanged() not implemented in androidx.work.impl.background.systemjob.SystemJobService. Must override in a subclass.
02-15 07:46:17.986 9536 9631 W WM-SystemJobScheduler: Unable to schedule work ID bfb1850b-6e74-4f93-8ec1-14a9fbc9f417
02-15 07:46:19.357 9536 9635 W WM-SystemJobScheduler: Unable to schedule work ID 7fc9b1c1-6739-4dd7-998b-fcdd6160a398
02-15 07:46:49.430 9536 9631 W WM-SystemJobScheduler: Unable to schedule work ID 549e1f75-fb32-45fd-b897-b21bda733f82
02-15 07:46:51.863 9536 9635 W WM-SystemJobScheduler: Unable to schedule work ID 90ec9a32-238f-4a4e-a4c0-ad7000841385
02-15 07:46:55.378 9536 9536 W JobService: onNetworkChanged() not implemented in androidx.work.impl.background.systemjob.SystemJobService. Must override in a subclass.
02-15 07:47:12.393 9536 9536 W JobService: onNetworkChanged() not implemented in androidx.work.impl.background.systemjob.SystemJobService. Must override in a subclass.
02-15 07:47:21.920 9536 9635 W WM-SystemJobScheduler: Unable to schedule work ID a51d1e7d-5fb6-482c-9df2-dc091ff4e751
02-15 07:47:23.866 9536 9628 W WM-SystemJobScheduler: Unable to schedule work ID 5983e7ce-d1a2-4bab-8090-f69170a5a82d
02-15 07:47:51.755 9536 9536 W JobService: onNetworkChanged() not implemented in androidx.work.impl.background.systemjob.SystemJobService. Must override in a subclass.
02-15 07:47:53.917 9536 9631 W WM-SystemJobScheduler: Unable to schedule work ID 455f2288-6eda-4cb1-ac16-118f33044b46
02-15 07:47:55.387 9536 9536 W JobService: onNetworkChanged() not implemented in androidx.work.impl.background.systemjob.SystemJobService. Must override in a subclass.
02-15 07:48:09.895 9536 9536 W JobService: onNetworkChanged() not implemented in androidx.work.impl.background.systemjob.SystemJobService. Must override in a subclass.
02-15 07:48:12.957 9536 9536 W JobService: onNetworkChanged() not implemented in androidx.work.impl.background.systemjob.SystemJobService. Must override in a subclass.
02-15 07:48:16.041 9536 9536 W JobService: onNetworkChanged() not implemented in androidx.work.impl.background.systemjob.SystemJobService. Must override in a subclass.
02-15 07:48:19.077 9536 9536 W JobService: onNetworkChanged() not implemented in androidx.work.impl.background.systemjob.SystemJobService. Must override in a subclass.
02-15 07:48:25.116 9536 9536 W JobService: onNetworkChanged() not implemented in androidx.work.impl.background.systemjob.SystemJobService. Must override in a subclass.
02-15 07:48:28.187 9536 9536 W JobService: onNetworkChanged() not implemented in androidx.work.impl.background.systemjob.SystemJobService. Must override in a subclass.
02-15 07:48:31.249 9536 9536 W JobService: onNetworkChanged() not implemented in androidx.work.impl.background.systemjob.SystemJobService. Must override in a subclass.
02-15 07:48:34.273 9536 9536 W JobService: onNetworkChanged() not implemented in androidx.work.impl.background.systemjob.SystemJobService. Must override in a subclass.
02-15 07:48:37.318 9536 9536 W JobService: onNetworkChanged() not implemented in androidx.work.impl.background.systemjob.SystemJobService. Must override in a subclass.
02-15 07:53:22.769 9536 9536 W JobService: onNetworkChanged() not implemented in androidx.work.impl.background.systemjob.SystemJobService. Must override in a subclass.
02-15 07:53:50.733 9536 9636 W WM-SystemJobScheduler: Unable to schedule work ID 880fec1d-4b70-4db0-86bf-d057894de594
02-15 07:53:51.778 9536 9536 W JobService: onNetworkChanged() not implemented in androidx.work.impl.background.systemjob.SystemJobService. Must override in a subclass.
02-15 07:54:02.083 9536 9536 W JobService: onNetworkChanged() not implemented in androidx.work.impl.background.systemjob.SystemJobService. Must override in a subclass.
02-15 07:54:30.991 9536 9536 W JobService: onNetworkChanged() not implemented in androidx.work.impl.background.systemjob.SystemJobService. Must override in a subclass.
02-15 07:55:16.361 9536 9536 W JobService: onNetworkChanged() not implemented in androidx.work.impl.background.systemjob.SystemJobService. Must override in a subclass.
02-15 07:55:28.432 9536 9536 W JobService: onNetworkChanged() not implemented in androidx.work.impl.background.systemjob.SystemJobService. Must override in a subclass.
02-15 07:55:31.448 9536 9536 W JobService: onNetworkChanged() not implemented in androidx.work.impl.background.systemjob.SystemJobService. Must override in a subclass.
02-15 07:55:34.528 9536 9536 W JobService: onNetworkChanged() not implemented in androidx.work.impl.background.systemjob.SystemJobService. Must override in a subclass.
02-15 07:55:40.584 9536 9536 W JobService: onNetworkChanged() not implemented in androidx.work.impl.background.systemjob.SystemJobService. Must override in a subclass.
02-15 07:55:43.601 9536 9536 W JobService: onNetworkChanged() not implemented in androidx.work.impl.background.systemjob.SystemJobService. Must override in a subclass.
02-15 07:55:46.409 9536 7197 W SQLiteLog: (28) double-quoted string literal: ""
02-15 07:55:58.780 9536 9536 W JobService: onNetworkChanged() not implemented in androidx.work.impl.background.systemjob.SystemJobService. Must override in a subclass.
02-15 07:56:04.819 9536 9536 W JobService: onNetworkChanged() not implemented in androidx.work.impl.background.systemjob.SystemJobService. Must override in a subclass.
02-15 07:56:13.860 9536 9536 W JobService: onNetworkChanged() not implemented in androidx.work.impl.background.systemjob.SystemJobService. Must override in a subclass.
02-15 07:58:01.703 9536 9536 W JobService: onNetworkChanged() not implemented in androidx.work.impl.background.systemjob.SystemJobService. Must override in a subclass.
02-15 07:58:14.869 9536 9636 W WM-SystemJobScheduler: Unable to schedule work ID baaa44b6-9235-4262-bcc9-a35be7c49283
02-15 07:58:26.506 9536 9635 W WM-SystemJobScheduler: Unable to schedule work ID 26bc12c1-4b93-4988-9c27-3d02608a79a1
02-15 07:58:56.596 9536 9636 W WM-SystemJobScheduler: Unable to schedule work ID fb0e7550-8bad-4439-8216-c84c4d30c7c5
02-15 07:59:00.769 9536 9635 W WM-SystemJobScheduler: Unable to schedule work ID 8d1da029-01d6-4104-9240-657dcd658a52
02-15 07:59:30.864 9536 9631 W WM-SystemJobScheduler: Unable to schedule work ID 3411f380-f04a-44b9-ba26-e52c5d1f218f
02-15 08:02:46.785 9536 9536 W JobService: onNetworkChanged() not implemented in androidx.work.impl.background.systemjob.SystemJobService. Must override in a subclass.
02-15 08:02:49.804 9536 9536 W JobService: onNetworkChanged() not implemented in androidx.work.impl.background.systemjob.SystemJobService. Must override in a subclass.
02-15 08:03:12.721 9536 9536 W JobService: onNetworkChanged() not implemented in androidx.work.impl.background.systemjob.SystemJobService. Must override in a subclass.
02-15 08:03:12.721 9536 9536 W JobService: onNetworkChanged() not implemented in androidx.work.impl.background.systemjob.SystemJobService. Must override in a subclass.
02-15 08:03:32.140 9536 9628 W WM-SystemJobScheduler: Unable to schedule work ID 35faa501-3318-4d5a-a0b5-6ca97cbd5708
02-15 08:10:42.865 9536 9536 W JobService: onNetworkChanged() not implemented in androidx.work.impl.background.systemjob.SystemJobService. Must override in a subclass.
02-15 08:10:42.867 9536 9536 W JobService: onNetworkChanged() not implemented in androidx.work.impl.background.systemjob.SystemJobService. Must override in a subclass.
02-15 08:10:48.846 9536 9536 W JobService: onNetworkChanged() not implemented in androidx.work.impl.background.systemjob.SystemJobService. Must override in a subclass.
02-15 08:10:49.993 9536 9536 W JobService: onNetworkChanged() not implemented in androidx.work.impl.background.systemjob.SystemJobService. Must override in a subclass.
02-15 08:10:50.684 9536 9536 W JobService: onNetworkChanged() not implemented in androidx.work.impl.background.systemjob.SystemJobService. Must override in a subclass.
02-15 08:10:51.117 9536 9536 W JobService: onNetworkChanged() not implemented in androidx.work.impl.background.systemjob.SystemJobService. Must override in a subclass.
02-15 08:10:56.643 9536 9536 W JobService: onNetworkChanged() not implemented in androidx.work.impl.background.systemjob.SystemJobService. Must override in a subclass.
02-15 08:10:57.506 9536 9536 W JobService: onNetworkChanged() not implemented in androidx.work.impl.background.systemjob.SystemJobService. Must override in a subclass.
02-15 08:10:57.997 9536 9536 W JobService: onNetworkChanged() not implemented in androidx.work.impl.background.systemjob.SystemJobService. Must override in a subclass.
02-15 08:10:58.348 9536 9536 W JobService: onNetworkChanged() not implemented in androidx.work.impl.background.systemjob.SystemJobService. Must override in a subclass.
02-15 08:11:10.946 9536 9631 W WM-SystemJobScheduler: Unable to schedule work ID 55e46608-8c90-4fda-9faf-e1a3bfeeabda
02-15 08:11:13.293 9536 9635 W WM-SystemJobScheduler: Unable to schedule work ID 2cc8d034-7b58-485e-8018-1453932c0b65
02-15 08:11:43.365 9536 9628 W WM-SystemJobScheduler: Unable to schedule work ID ee9ff157-1ff1-4cb5-ad33-cdd3a860bae7
02-15 08:11:48.646 9536 9635 W WM-SystemJobScheduler: Unable to schedule work ID c590d9ba-810c-4372-aa89-13fde3cdab31
02-15 08:12:18.714 9536 9635 W WM-SystemJobScheduler: Unable to schedule work ID b8d46b1f-b397-4a8d-b35c-40edc6ec31c4
02-15 08:12:27.638 9536 9636 W WM-SystemJobScheduler: Unable to schedule work ID 0d55df04-e9af-4a95-9be6-54f92905292e
02-15 08:12:57.714 9536 9631 W WM-SystemJobScheduler: Unable to schedule work ID b3eca707-083c-4e2c-8859-22a5efb343f0
02-15 08:12:58.500 9536 9628 W WM-SystemJobScheduler: Unable to schedule work ID 97b2af11-a813-4b3b-ba35-5799dbcd715d
02-15 08:13:28.580 9536 9636 W WM-SystemJobScheduler: Unable to schedule work ID e6c9058d-abd3-40a9-80ef-46e4e60b3475
02-15 08:13:39.602 9536 9635 W WM-SystemJobScheduler: Unable to schedule work ID 11064d5f-992c-4ad5-8806-d8d7ae455d39
02-15 08:14:09.748 9536 9628 W WM-SystemJobScheduler: Unable to schedule work ID a7fd320f-8d25-420b-9890-88026b6e26f1
02-15 08:14:14.603 9536 9536 W JobService: onNetworkChanged() not implemented in androidx.work.impl.background.systemjob.SystemJobService. Must override in a subclass.
02-15 08:14:17.610 9536 9536 W JobService: onNetworkChanged() not implemented in androidx.work.impl.background.systemjob.SystemJobService. Must override in a subclass.
02-15 08:14:19.706 9536 9635 W WM-SystemJobScheduler: Unable to schedule work ID 885118c4-a30a-4ee3-9b84-a9042e57a0e5
02-15 08:14:20.638 9536 9536 W JobService: onNetworkChanged() not implemented in androidx.work.impl.background.systemjob.SystemJobService. Must override in a subclass.
02-15 08:14:32.708 9536 9536 W JobService: onNetworkChanged() not implemented in androidx.work.impl.background.systemjob.SystemJobService. Must override in a subclass.
02-15 08:14:49.817 9536 9636 W WM-SystemJobScheduler: Unable to schedule work ID 8723be9b-10d5-47b5-9fc6-5c1277cfbb6b
02-15 08:14:50.576 9536 9636 W WM-SystemJobScheduler: Unable to schedule work ID 3d9a6d68-a292-4bdb-9a1f-8ff4c32e738d
02-15 08:15:20.656 9536 9628 W WM-SystemJobScheduler: Unable to schedule work ID 2d14d313-3c52-4aea-9f73-91581037a564
02-15 08:15:39.013 9536 9628 W WM-SystemJobScheduler: Unable to schedule work ID 2ab956ce-abab-4dc9-a1ae-28c8d15e2735
02-15 08:16:09.096 9536 9635 W WM-SystemJobScheduler: Unable to schedule work ID 7352c28f-0ecf-4413-9928-d1a7ade1d791
02-15 08:16:10.641 9536 9628 W WM-SystemJobScheduler: Unable to schedule work ID da2f8b75-13c0-4fa0-a154-9545b3145f13
02-15 08:16:40.730 9536 9628 W WM-SystemJobScheduler: Unable to schedule work ID c80d4c6b-7595-48f2-92fc-ea5d80cb7c2f
02-15 08:16:57.851 9536 9636 W WM-SystemJobScheduler: Unable to schedule work ID 90a0ab3e-b437-4795-b183-50e4cca884a5
02-15 08:17:27.915 9536 9631 W WM-SystemJobScheduler: Unable to schedule work ID 771a6257-512d-45b7-9edf-38c23083039a
02-15 08:17:28.086 9536 9635 W WM-SystemJobScheduler: Unable to schedule work ID 4db0fa76-9e4d-4861-9150-b1f7225600d3
02-15 08:17:58.165 9536 9635 W WM-SystemJobScheduler: Unable to schedule work ID 58bb6db5-366d-4742-af92-ed825da8c323
02-15 08:18:15.486 9536 9628 W WM-SystemJobScheduler: Unable to schedule work ID 93bcd79f-25a6-49cb-8895-ea9b670d648e
02-15 08:18:45.553 9536 9628 W WM-SystemJobScheduler: Unable to schedule work ID e4f6d86c-c685-439f-a3dd-e375c98815c4
02-15 08:18:45.666 9536 9631 W WM-SystemJobScheduler: Unable to schedule work ID 16a19550-b9bd-45bd-8384-68bbad60595a
02-15 08:19:15.756 9536 9636 W WM-SystemJobScheduler: Unable to schedule work ID b514c07a-698c-48f6-9bfb-1acaa4d70820
02-15 08:19:16.804 9536 9635 W WM-SystemJobScheduler: Unable to schedule work ID 377f8164-c84d-40c6-818d-6792b7cab78c
02-15 08:19:46.890 9536 9635 W WM-SystemJobScheduler: Unable to schedule work ID fd27637b-11d1-4362-8428-47c51b0c8933
02-15 08:19:50.497 9536 9636 W WM-SystemJobScheduler: Unable to schedule work ID dacf8f13-3d02-400c-bc10-ab37c99eedb7
02-15 08:20:20.564 9536 9636 W WM-SystemJobScheduler: Unable to schedule work ID 4978d95d-0879-4793-9d7f-eb65e476a7dc
02-15 08:20:35.443 9536 9628 W WM-SystemJobScheduler: Unable to schedule work ID ee1b3f24-84eb-46d3-b58b-662348f08fe3
02-15 08:32:43.302 9536 9536 W JobService: onNetworkChanged() not implemented in androidx.work.impl.background.systemjob.SystemJobService. Must override in a subclass.
02-15 08:33:11.346 9536 9628 W WM-SystemJobScheduler: Unable to schedule work ID bad05b5b-c789-4ac0-bea7-458bc52ecae4
02-15 08:33:20.585 9536 9636 W WM-SystemJobScheduler: Unable to schedule work ID a681dc91-7fad-4807-a723-a2edc96b8516
02-15 08:33:26.886 9536 9536 W JobService: onNetworkChanged() not implemented in androidx.work.impl.background.systemjob.SystemJobService. Must override in a subclass.
02-15 08:33:29.945 9536 9536 W JobService: onNetworkChanged() not implemented in androidx.work.impl.background.systemjob.SystemJobService. Must override in a subclass.
02-15 08:33:50.663 9536 9628 W WM-SystemJobScheduler: Unable to schedule work ID f818dc30-31e1-403b-b9db-f327ebfcf052
02-15 08:33:55.216 9536 9635 W WM-SystemJobScheduler: Unable to schedule work ID 6ed1a359-5a24-4771-972b-6805f17ea324
02-15 08:34:06.169 9536 9536 W JobService: onNetworkChanged() not implemented in androidx.work.impl.background.systemjob.SystemJobService. Must override in a subclass.
02-15 08:34:09.210 9536 9536 W JobService: onNetworkChanged() not implemented in androidx.work.impl.background.systemjob.SystemJobService. Must override in a subclass.
02-15 08:34:24.332 9536 9536 W JobService: onNetworkChanged() not implemented in androidx.work.impl.background.systemjob.SystemJobService. Must override in a subclass.
02-15 08:34:25.271 9536 9628 W WM-SystemJobScheduler: Unable to schedule work ID dfd96fa0-97df-4262-8edd-e3cd43e22158
02-15 08:34:26.529 9536 9636 W WM-SystemJobScheduler: Unable to schedule work ID db331837-1cf2-4a94-ba7e-1a88d670783f
02-15 08:34:27.383 9536 9536 W JobService: onNetworkChanged() not implemented in androidx.work.impl.background.systemjob.SystemJobService. Must override in a subclass.
02-15 08:34:30.477 9536 9536 W JobService: onNetworkChanged() not implemented in androidx.work.impl.background.systemjob.SystemJobService. Must override in a subclass.
02-15 08:34:33.513 9536 9536 W JobService: onNetworkChanged() not implemented in androidx.work.impl.background.systemjob.SystemJobService. Must override in a subclass.
02-15 08:34:56.566 9536 9631 W WM-SystemJobScheduler: Unable to schedule work ID e2061ff4-5e87-45f4-b97d-8d5d9059ee9e
02-15 08:35:35.561 9536 9636 W WM-SystemJobScheduler: Unable to schedule work ID 123dc7e7-fd34-47e6-a723-c75f11065b5b
02-15 08:36:05.628 9536 9636 W WM-SystemJobScheduler: Unable to schedule work ID c2b86f7e-c64d-489a-af3d-ffc029d4eed5
02-15 08:36:15.190 9536 9628 W WM-SystemJobScheduler: Unable to schedule work ID 34a0cf2d-dc93-4cda-81a1-4a55f302ed1c
02-15 08:36:45.279 9536 9631 W WM-SystemJobScheduler: Unable to schedule work ID a8da24e0-0510-428c-a121-95debaeac59d
02-15 08:36:55.561 9536 9636 W WM-SystemJobScheduler: Unable to schedule work ID 82d7649c-c9b7-48b9-8abd-7a3d54718b03
02-15 08:37:25.631 9536 9635 W WM-SystemJobScheduler: Unable to schedule work ID 1fee61a6-db8d-49ae-8d33-a14b12f4b450
02-15 08:37:32.796 9536 9636 W WM-SystemJobScheduler: Unable to schedule work ID 7629da98-d046-4124-811f-1708107473f8
02-15 08:38:02.893 9536 9636 W WM-SystemJobScheduler: Unable to schedule work ID a14f63ca-2b30-4cbc-9b1e-7ba65710e11e
02-15 08:38:29.736 9536 9635 W WM-SystemJobScheduler: Unable to schedule work ID d5e89e1b-6fc4-40d7-889f-da4ed91340f5
02-15 08:38:35.346 9536 9536 W JobService: onNetworkChanged() not implemented in androidx.work.impl.background.systemjob.SystemJobService. Must override in a subclass.
02-15 08:38:41.380 9536 9536 W JobService: onNetworkChanged() not implemented in androidx.work.impl.background.systemjob.SystemJobService. Must override in a subclass.
02-15 08:38:50.244 9536 7194 W SQLiteLog: (28) double-quoted string literal: ""
02-15 08:38:50.781 9536 9587 E SQLiteDatabase: Error inserting transferred=0 media_job_uuid=3e9ba365-97ea-4b3b-9700-64f8503ba896 transcoded=0 gif_attribution=0 first_scan_length=0 direct_path=/v/t62.43144- 24/10000000_1080601916509655_5752657855367159448_n.enc?ccb=11- 4&oh=01_AdRqhrSo2xDDlChR7T1OXcJHB7flAJx2r548VyoswPQRkA&oe=65F4672F&_nc_sid=5e03e0&_ nc_hot=1707997125 thumbnail_height_width_ratio=0.81666666 is_animated_sticker=0 file_hash=M116SGymyRFiHsqQZ0CeXgGT7WPvSZlxbP/JbrqW9Ys= file_path=null file_size=0 partial_media_hash=null face_x=0 face_y=0 height=0 trim_to=0 media_key_timestamp=1707924222000 message_url=https://mmg.whatsapp.net/v/t62.43144- 24/10000000_1080601916509655_5752657855367159448_n.enc?ccb=11- 4&oh=01_AdRqhrSo2xDDlChR7T1OXcJHB7flAJx2r548VyoswPQRkA&oe=65F4672F&_nc_sid=5e03e0&m ms3=true media_caption=null trim_from=0 mime_type=application/pdf partial_media_enc_hash=null width=0 original_file_hash=null has_streaming_sidecar=0 autotransfer_retry_enabled=0 media_upload_handle=null message_row_id=203892 multicast_id=null enc_file_hash=X2Ds0hv/4LjDCtgbx3jlIX9P3MFHMFKBmge3+HVo43w= mute_video=0 page_count=208 first_scan_sidecar=null suspicious_content=0 file_length=135356873 media_name=Páscoa.pdf media_duration=0 chat_row_id=4101 media_key=[B@57f537b
02-15 08:38:50.781 9536 9587 E SQLiteDatabase: android.database.sqlite.SQLiteConstraintException: UNIQUE constraint failed: message_media.message_row_id (code 1555 SQLITE_CONSTRAINT_PRIMARYKEY[1555])
02-15 08:38:50.781 9536 9587 E SQLiteDatabase: at android.database.sqlite.SQLiteConnection.nativeExecuteForLastInsertedRowId(Native Method)
02-15 08:38:50.781 9536 9587 E SQLiteDatabase: at android.database.sqlite.SQLiteConnection.executeForLastInsertedRowId(SQLiteConnecti on.java:1293)
02-15 08:38:50.781 9536 9587 E SQLiteDatabase: at android.database.sqlite.SQLiteSession.executeForLastInsertedRowId(SQLiteSession.jav a:790)
02-15 08:38:50.781 9536 9587 E SQLiteDatabase: at android.database.sqlite.SQLiteStatement.executeInsert(SQLiteStatement.java:89)
02-15 08:38:50.781 9536 9587 E SQLiteDatabase: at android.database.sqlite.SQLiteDatabase.insertWithOnConflict(SQLiteDatabase.java:243 4)
02-15 08:38:50.781 9536 9587 E SQLiteDatabase: at android.database.sqlite.SQLiteDatabase.insert(SQLiteDatabase.java:2303)
02-15 08:38:50.781 9536 9587 E SQLiteDatabase: at X.2tm.A08(Unknown Source:6)
02-15 08:38:50.781 9536 9587 E SQLiteDatabase: at X.35Y.A07(Unknown Source:212)
02-15 08:38:50.781 9536 9587 E SQLiteDatabase: at X.3QF.A14(Unknown Source:470)
02-15 08:38:50.781 9536 9587 E SQLiteDatabase: at X.3gU.run(Unknown Source:982)
02-15 08:38:50.781 9536 9587 E SQLiteDatabase: at android.os.Handler.handleCallback(Handler.java:958)
02-15 08:38:50.781 9536 9587 E SQLiteDatabase: at android.os.Handler.dispatchMessage(Handler.java:99)
02-15 08:38:50.781 9536 9587 E SQLiteDatabase: at X.0zq.dispatchMessage(Unknown Source:4)
02-15 08:38:50.781 9536 9587 E SQLiteDatabase: at android.os.Looper.loopOnce(Looper.java:230)
02-15 08:38:50.781 9536 9587 E SQLiteDatabase: at android.os.Looper.loop(Looper.java:319)
02-15 08:38:50.781 9536 9587 E SQLiteDatabase: at android.os.HandlerThread.run(HandlerThread.java:67)
02-15 08:38:59.807 9536 9628 W WM-SystemJobScheduler: Unable to schedule work ID 885f87e2-b691-476a-a9a8-a0108a1fa24f
02-15 08:39:11.899 9536 9631 W WM-SystemJobScheduler: Unable to schedule work ID a813c6fb-6cdf-4ef8-953f-cd5a4bd61342
02-15 08:40:11.985 9536 9631 W WM-SystemJobScheduler: Unable to schedule work ID 8a869f4b-ec85-4bac-87e9-a8dba86c003d
02-15 08:40:18.019 9536 9536 W JobService: onNetworkChanged() not implemented in androidx.work.impl.background.systemjob.SystemJobService. Must override in a subclass.
02-15 08:40:21.092 9536 9536 W JobService: onNetworkChanged() not implemented in androidx.work.impl.background.systemjob.SystemJobService. Must override in a subclass.
02-15 08:40:23.418 9536 9635 W WM-SystemJobScheduler: Unable to schedule work ID 3e12ead6-f9ea-4522-bdbd-5aad5afa1d25
02-15 08:40:53.496 9536 9628 W WM-SystemJobScheduler: Unable to schedule work ID 0c0e55ee-a0d7-4311-a8b3-6a97d20adb7d
02-15 08:41:09.607 9536 9636 W WM-SystemJobScheduler: Unable to schedule work ID 2db93fc0-d6a4-4e9d-b48d-c92a28a631a2
02-15 08:41:39.671 9536 9636 W WM-SystemJobScheduler: Unable to schedule work ID 4430dc63-6edf-45a0-80f3-c8d40072786f
02-15 08:41:46.531 9536 9631 W WM-SystemJobScheduler: Unable to schedule work ID 853ffbed-cb72-4648-9fde-0917ce21bfd8
02-15 08:42:16.607 9536 9635 W WM-SystemJobScheduler: Unable to schedule work ID ed8eb8ee-2b24-4d4d-af5e-66148a6222ea
02-15 08:42:16.950 9536 9631 W WM-SystemJobScheduler: Unable to schedule work ID d08a4c51-1a3b-431f-85a7-e2d217a63ee8
02-15 08:42:18.925 9536 9536 W JobService: onNetworkChanged() not implemented in androidx.work.impl.background.systemjob.SystemJobService. Must override in a subclass.
02-15 08:42:21.952 9536 9536 W JobService: onNetworkChanged() not implemented in androidx.work.impl.background.systemjob.SystemJobService. Must override in a subclass.
02-15 08:42:28.043 9536 9536 W JobService: onNetworkChanged() not implemented in androidx.work.impl.background.systemjob.SystemJobService. Must override in a subclass.
02-15 08:42:37.145 9536 9536 W JobService: onNetworkChanged() not implemented in androidx.work.impl.background.systemjob.SystemJobService. Must override in a subclass.
02-15 08:42:47.065 9536 9635 W WM-SystemJobScheduler: Unable to schedule work ID 039ccc63-656a-49e9-91ee-94ad6cc5e742
02-15 08:42:51.804 9536 9631 W WM-SystemJobScheduler: Unable to schedule work ID 2536d215-9db2-47a9-9a83-38695be26e84
02-15 08:43:21.876 9536 9636 W WM-SystemJobScheduler: Unable to schedule work ID 80bb6f51-3c81-4b45-bb22-30396f916ed7
02-15 08:43:36.150 9536 9628 W WM-SystemJobScheduler: Unable to schedule work ID 7565260f-97ed-4da1-9c4c-8fbae631ed6b
02-15 08:44:06.217 9536 9636 W WM-SystemJobScheduler: Unable to schedule work ID d405bb66-f0cf-4902-b3e0-b4baff71fb12
02-15 08:44:32.526 9536 9628 W WM-SystemJobScheduler: Unable to schedule work ID ecb54cca-3496-4e96-81ef-f2849571684c
02-15 08:45:02.602 9536 9635 W WM-SystemJobScheduler: Unable to schedule work ID 4f9d3211-ab55-4f08-97fd-04d109f1f346
02-15 08:45:15.939 9536 9631 W WM-SystemJobScheduler: Unable to schedule work ID f607478f-d5f9-4b7e-b443-2e68778944bf
02-15 08:45:20.005 9536 9536 W JobService: onNetworkChanged() not implemented in androidx.work.impl.background.systemjob.SystemJobService. Must override in a subclass.
02-15 08:45:23.042 9536 9536 W JobService: onNetworkChanged() not implemented in androidx.work.impl.background.systemjob.SystemJobService. Must override in a subclass.
02-15 08:45:46.012 9536 9635 W WM-SystemJobScheduler: Unable to schedule work ID 6444dbbf-3621-44b3-9698-f5921903d420
02-15 08:45:55.324 9536 9631 W WM-SystemJobScheduler: Unable to schedule work ID 965172b3-c8fb-4a9e-844d-3a4fa52ae68f
02-15 08:46:25.405 9536 9628 W WM-SystemJobScheduler: Unable to schedule work ID c1286a4e-8d40-48e7-b2b2-e8a379780c77
02-15 08:46:26.405 9536 9628 W WM-SystemJobScheduler: Unable to schedule work ID d4b21a3d-22e6-4aaa-8ec4-ece4becef1d5
02-15 08:46:56.474 9536 9631 W WM-SystemJobScheduler: Unable to schedule work ID 2c80bfe9-1037-4a54-9b28-6db8455c8012
02-15 08:47:00.830 9536 9628 W WM-SystemJobScheduler: Unable to schedule work ID 60687907-7308-4d20-8e5b-fc5501df33e6
02-15 08:47:30.896 9536 9631 W WM-SystemJobScheduler: Unable to schedule work ID f4cb8a94-e907-4965-86dd-05a05e3b5f8d
02-15 08:47:47.703 9536 9628 W WM-SystemJobScheduler: Unable to schedule work ID 3a619950-3f59-495c-8c40-e7d99af89a4d
02-15 08:48:17.771 9536 9636 W WM-SystemJobScheduler: Unable to schedule work ID e7b3feeb-1e29-48de-a334-49afcb2c9aa7
02-15 08:48:27.534 9536 9628 W WM-SystemJobScheduler: Unable to schedule work ID d2f018b3-ec3d-4130-a55a-a5a3b015cb51
02-15 08:48:57.597 9536 9628 W WM-SystemJobScheduler: Unable to schedule work ID f6403322-6d95-420a-a3eb-179333b43054
02-15 08:49:04.237 9536 9636 W WM-SystemJobScheduler: Unable to schedule work ID 07dea8cc-bfbd-43e4-8683-7c6e7a3356ec
02-15 08:50:04.327 9536 9636 W WM-SystemJobScheduler: Unable to schedule work ID d7103011-aa02-4317-9438-d230559358b3
02-15 08:50:08.483 9536 9631 W WM-SystemJobScheduler: Unable to schedule work ID 38e645c0-6c1b-4678-a170-04ffe61741e4
02-15 08:50:38.564 9536 9635 W WM-SystemJobScheduler: Unable to schedule work ID a9fa393e-497d-4ee5-bd72-cc0b5f25a4ce
02-15 08:50:41.476 9536 9636 W WM-SystemJobScheduler: Unable to schedule work ID dfde9406-e7b8-4389-ba83-fa14e7f02f11
02-15 08:50:58.825 9536 9536 W JobService: onNetworkChanged() not implemented in androidx.work.impl.background.systemjob.SystemJobService. Must override in a subclass.
02-15 08:51:04.954 9536 9536 W JobService: onNetworkChanged() not implemented in androidx.work.impl.background.systemjob.SystemJobService. Must override in a subclass.
02-15 08:51:11.537 9536 9631 W WM-SystemJobScheduler: Unable to schedule work ID bc393092-f8b8-49fd-8572-34faa3a65177
02-15 08:51:14.049 9536 9536 W JobService: onNetworkChanged() not implemented in androidx.work.impl.background.systemjob.SystemJobService. Must override in a subclass.
02-15 08:51:17.093 9536 9536 W JobService: onNetworkChanged() not implemented in androidx.work.impl.background.systemjob.SystemJobService. Must override in a subclass.
02-15 08:51:20.146 9536 9536 W JobService: onNetworkChanged() not implemented in androidx.work.impl.background.systemjob.SystemJobService. Must override in a subclass.
02-15 08:51:23.168 9536 9536 W JobService: onNetworkChanged() not implemented in androidx.work.impl.background.systemjob.SystemJobService. Must override in a subclass.
02-15 08:51:29.223 9536 9536 W JobService: onNetworkChanged() not implemented in androidx.work.impl.background.systemjob.SystemJobService. Must override in a subclass.
02-15 08:51:35.297 9536 9536 W JobService: onNetworkChanged() not implemented in androidx.work.impl.background.systemjob.SystemJobService. Must override in a subclass.
02-15 08:51:43.904 9536 9628 W WM-SystemJobScheduler: Unable to schedule work ID 4c584a63-fe9b-4cf7-8861-4a033bf30346
02-15 08:52:13.980 9536 9636 W WM-SystemJobScheduler: Unable to schedule work ID 7b411486-190b-4c1a-a38e-9eadb7dee2f7
02-15 08:52:17.867 9536 9631 W WM-SystemJobScheduler: Unable to schedule work ID 54837df7-92ef-4384-b917-bc6b4c4778a2
02-15 08:52:47.938 9536 9635 W WM-SystemJobScheduler: Unable to schedule work ID 4e309d12-5215-42b0-9051-5afb464e5b86
02-15 08:52:48.452 9536 9628 W WM-SystemJobScheduler: Unable to schedule work ID 684020a6-9f39-4fbd-84bd-a733f45b267a
02-15 08:53:05.968 9536 9536 W JobService: onNetworkChanged() not implemented in androidx.work.impl.background.systemjob.SystemJobService. Must override in a subclass.
02-15 08:53:18.500 9536 9631 W WM-SystemJobScheduler: Unable to schedule work ID 397c125a-1e14-48ef-8b03-a05413ca1df6
02-15 08:53:21.083 9536 9536 W JobService: onNetworkChanged() not implemented in androidx.work.impl.background.systemjob.SystemJobService. Must override in a subclass.
02-15 08:53:29.317 9536 9635 W WM-SystemJobScheduler: Unable to schedule work ID 367da487-e8a1-4909-96af-eb74c4f40cec
02-15 08:53:45.271 9536 9536 W JobService: onNetworkChanged() not implemented in androidx.work.impl.background.systemjob.SystemJobService. Must override in a subclass.
02-15 08:53:48.320 9536 9536 W JobService: onNetworkChanged() not implemented in androidx.work.impl.background.systemjob.SystemJobService. Must override in a subclass.
02-15 08:53:59.401 9536 9635 W WM-SystemJobScheduler: Unable to schedule work ID 363c9ba1-e9c4-49af-98a1-7540beb3090d
02-15 08:54:02.388 9536 9536 W JobService: onNetworkChanged() not implemented in androidx.work.impl.background.systemjob.SystemJobService. Must override in a subclass.
02-15 08:54:16.812 9536 9628 W WM-SystemJobScheduler: Unable to schedule work ID a8d78cd9-bcd3-4604-a6e9-c0ed55ca3039
02-15 08:54:30.636 9536 9536 W JobService: onNetworkChanged() not implemented in androidx.work.impl.background.systemjob.SystemJobService. Must override in a subclass.
02-15 08:54:33.681 9536 9536 W JobService: onNetworkChanged() not implemented in androidx.work.impl.background.systemjob.SystemJobService. Must override in a subclass.
02-15 08:54:39.766 9536 9536 W JobService: onNetworkChanged() not implemented in androidx.work.impl.background.systemjob.SystemJobService. Must override in a subclass.
02-15 08:54:46.876 9536 9635 W WM-SystemJobScheduler: Unable to schedule work ID 1c4fa960-8fe2-4fd5-b804-6134ab65cf64
02-15 08:54:54.866 9536 9536 W JobService: onNetworkChanged() not implemented in androidx.work.impl.background.systemjob.SystemJobService. Must override in a subclass.
02-15 08:54:56.673 9536 9628 W WM-SystemJobScheduler: Unable to schedule work ID d6608087-3210-4bf3-b245-b9bfbe0aec28
02-15 08:55:12.958 9536 9536 W JobService: onNetworkChanged() not implemented in androidx.work.impl.background.systemjob.SystemJobService. Must override in a subclass.
02-15 08:55:15.983 9536 9536 W JobService: onNetworkChanged() not implemented in androidx.work.impl.background.systemjob.SystemJobService. Must override in a subclass.
02-15 08:55:19.006 9536 9536 W JobService: onNetworkChanged() not implemented in androidx.work.impl.background.systemjob.SystemJobService. Must override in a subclass.
02-15 08:55:22.058 9536 9536 W JobService: onNetworkChanged() not implemented in androidx.work.impl.background.systemjob.SystemJobService. Must override in a subclass.
02-15 08:55:26.764 9536 9635 W WM-SystemJobScheduler: Unable to schedule work ID b98597fb-8686-4a82-8bdf-ac97d136302b
02-15 08:55:27.532 9536 9636 W WM-SystemJobScheduler: Unable to schedule work ID 072baf36-5199-450e-ad50-a065a7fb5343
02-15 08:55:28.119 9536 9536 W JobService: onNetworkChanged() not implemented in androidx.work.impl.background.systemjob.SystemJobService. Must override in a subclass.
02-15 08:55:31.229 9536 9536 W JobService: onNetworkChanged() not implemented in androidx.work.impl.background.systemjob.SystemJobService. Must override in a subclass.
02-15 08:55:57.683 9536 9636 W WM-SystemJobScheduler: Unable to schedule work ID 35acd88b-4d92-46f5-93c2-375efc2f0160
02-15 08:56:03.326 9536 9631 W WM-SystemJobScheduler: Unable to schedule work ID c3056292-4481-483c-bfde-7ff8fdf41a0a
02-15 08:56:40.633 9536 9536 W JobService: onNetworkChanged() not implemented in androidx.work.impl.background.systemjob.SystemJobService. Must override in a subclass.
02-15 08:56:49.717 9536 9536 W JobService: onNetworkChanged() not implemented in androidx.work.impl.background.systemjob.SystemJobService. Must override in a subclass.
02-15 08:56:55.762 9536 9536 W JobService: onNetworkChanged() not implemented in androidx.work.impl.background.systemjob.SystemJobService. Must override in a subclass.
02-15 08:56:58.802 9536 9536 W JobService: onNetworkChanged() not implemented in androidx.work.impl.background.systemjob.SystemJobService. Must override in a subclass.
02-15 08:57:01.878 9536 9536 W JobService: onNetworkChanged() not implemented in androidx.work.impl.background.systemjob.SystemJobService. Must override in a subclass.
02-15 08:57:04.927 9536 9536 W JobService: onNetworkChanged() not implemented in androidx.work.impl.background.systemjob.SystemJobService. Must override in a subclass.
02-15 08:58:47.812 9536 9536 W JobService: onNetworkChanged() not implemented in androidx.work.impl.background.systemjob.SystemJobService. Must override in a subclass.
02-15 08:58:56.875 9536 9536 W JobService: onNetworkChanged() not implemented in androidx.work.impl.background.systemjob.SystemJobService. Must override in a subclass.
02-15 08:59:38.889 9536 9536 W JobService: onNetworkChanged() not implemented in androidx.work.impl.background.systemjob.SystemJobService. Must override in a subclass.
02-15 08:59:38.892 9536 9536 W JobService: onNetworkChanged() not implemented in androidx.work.impl.background.systemjob.SystemJobService. Must override in a subclass.
02-15 08:59:42.875 9536 9536 W JobService: onNetworkChanged() not implemented in androidx.work.impl.background.systemjob.SystemJobService. Must override in a subclass.
02-15 08:59:47.559 9536 9628 W WM-SystemJobScheduler: Unable to schedule work ID df91a109-0ee1-48e6-a8cd-02fe294fd4c7
02-15 08:59:47.629 9536 9628 W WM-SystemJobScheduler: Unable to schedule work ID dfa8113d-06a0-4884-a36c-200709ea7a61
02-15 08:59:57.364 9536 9536 W JobService: onNetworkChanged() not implemented in androidx.work.impl.background.systemjob.SystemJobService. Must override in a subclass.
02-15 09:00:03.398 9536 9536 W JobService: onNetworkChanged() not implemented in androidx.work.impl.background.systemjob.SystemJobService. Must override in a subclass.
02-15 09:00:05.223 9536 9548 W com.whatsapp: Suspending all threads took: 9.112ms
02-15 09:00:15.470 9536 9536 W JobService: onNetworkChanged() not implemented in androidx.work.impl.background.systemjob.SystemJobService. Must override in a subclass.
02-15 09:00:17.682 9536 9631 W WM-SystemJobScheduler: Unable to schedule work ID 2dc77edf-15e8-4cbc-a350-cb150928b9a9
02-15 09:00:18.092 9536 9635 W WM-SystemJobScheduler: Unable to schedule work ID 2038df10-e4a5-42d5-af1a-726789be1ecf
02-15 09:00:18.474 9536 9536 W JobService: onNetworkChanged() not implemented in androidx.work.impl.background.systemjob.SystemJobService. Must override in a subclass.
02-15 09:00:48.192 9536 9635 W WM-SystemJobScheduler: Unable to schedule work ID 386cbd1f-2f8b-42d7-b15b-2877406202f2
02-15 09:00:49.839 9536 9628 W WM-SystemJobScheduler: Unable to schedule work ID 0a012095-7365-4e1c-bf1e-506862fb1b72
02-15 09:01:06.775 9536 9536 W JobService: onNetworkChanged() not implemented in androidx.work.impl.background.systemjob.SystemJobService. Must override in a subclass.
02-15 09:01:09.791 9536 9536 W JobService: onNetworkChanged() not implemented in androidx.work.impl.background.systemjob.SystemJobService. Must override in a subclass.
02-15 09:01:19.956 9536 9636 W WM-SystemJobScheduler: Unable to schedule work ID abc1d770-845e-4f1d-b870-fcf709a227bc
02-15 09:01:21.696 9536 9628 W WM-SystemJobScheduler: Unable to schedule work ID 27a58f08-6737-4002-bec9-5b150311a198
02-15 09:01:51.867 9536 9636 W WM-SystemJobScheduler: Unable to schedule work ID d4bee8c4-37d5-4212-b04d-c95baf8c2110
02-15 09:01:52.956 9536 9628 W WM-SystemJobScheduler: Unable to schedule work ID e1087c88-9608-4f82-aa15-58290d07fd29
02-15 09:02:16.342 9536 9536 W JobService: onNetworkChanged() not implemented in androidx.work.impl.background.systemjob.SystemJobService. Must override in a subclass.
02-15 09:02:19.405 9536 9536 W JobService: onNetworkChanged() not implemented in androidx.work.impl.background.systemjob.SystemJobService. Must override in a subclass.
02-15 09:02:23.138 9536 9631 W WM-SystemJobScheduler: Unable to schedule work ID 57a4b5af-9b10-4f95-9136-581d24256a99
02-15 09:02:23.302 9536 9628 W WM-SystemJobScheduler: Unable to schedule work ID 6ca9cb1e-c658-46de-82f8-60123290336e
02-15 09:02:25.354 9536 9536 W JobService: onNetworkChanged() not implemented in androidx.work.impl.background.systemjob.SystemJobService. Must override in a subclass.
02-15 09:02:28.420 9536 9536 W JobService: onNetworkChanged() not implemented in androidx.work.impl.background.systemjob.SystemJobService. Must override in a subclass.
02-15 09:02:49.649 9536 9536 W JobService: onNetworkChanged() not implemented in androidx.work.impl.background.systemjob.SystemJobService. Must override in a subclass.
02-15 09:02:53.387 9536 9635 W WM-SystemJobScheduler: Unable to schedule work ID 75a56b3a-4c3b-4b35-a20e-c68f1f7eafb9
02-15 09:02:55.200 9536 9635 W WM-SystemJobScheduler: Unable to schedule work ID 05820943-7a16-4b5a-bf1f-b552bba920e5
02-15 09:02:55.671 9536 9536 W JobService: onNetworkChanged() not implemented in androidx.work.impl.background.systemjob.SystemJobService. Must override in a subclass.
02-15 09:03:25.371 9536 9636 W WM-SystemJobScheduler: Unable to schedule work ID 5b203ea6-2cfd-4b75-b02e-b1ab13ecd3fd
02-15 09:03:25.574 9536 9635 W WM-SystemJobScheduler: Unable to schedule work ID 11bb5c23-8723-465d-a3f3-63386014643e
02-15 09:03:55.645 9536 9635 W WM-SystemJobScheduler: Unable to schedule work ID 2f9cd357-7eec-4838-b30e-b1c5ee6f2808
02-15 09:04:05.249 9536 9631 W WM-SystemJobScheduler: Unable to schedule work ID 73b9f283-fa78-462d-8762-e7f20335b9c0
02-15 09:04:08.140 9536 9536 W JobService: onNetworkChanged() not implemented in androidx.work.impl.background.systemjob.SystemJobService. Must override in a subclass.
02-15 09:04:35.337 9536 9636 W WM-SystemJobScheduler: Unable to schedule work ID 02449ed1-429c-4d49-b05f-7934644ccf78
02-15 09:04:47.872 9536 9628 W WM-SystemJobScheduler: Unable to schedule work ID e519b3a1-41ea-4acc-9abd-0e4d013ee647
02-15 09:05:18.075 9536 9635 W WM-SystemJobScheduler: Unable to schedule work ID 758af5da-1fcb-4d06-9d8d-6585cf6deee4
02-15 09:05:30.227 9536 9636 W WM-SystemJobScheduler: Unable to schedule work ID 7d4bfd52-098a-45cc-ae0a-71f22cc52afa
02-15 09:05:41.901 9536 9536 W JobService: onNetworkChanged() not implemented in androidx.work.impl.background.systemjob.SystemJobService. Must override in a subclass.
02-15 09:05:54.002 9536 9536 W JobService: onNetworkChanged() not implemented in androidx.work.impl.background.systemjob.SystemJobService. Must override in a subclass.
02-15 09:06:00.355 9536 9628 W WM-SystemJobScheduler: Unable to schedule work ID 3912892a-ab90-4224-9c17-f58ab0ea26ec
02-15 09:06:00.565 9536 9631 W WM-SystemJobScheduler: Unable to schedule work ID 65dbb35c-df0d-4123-b873-40f2833bed60
02-15 09:06:09.109 9536 9536 W JobService: onNetworkChanged() not implemented in androidx.work.impl.background.systemjob.SystemJobService. Must override in a subclass.
02-15 09:06:21.202 9536 9536 W JobService: onNetworkChanged() not implemented in androidx.work.impl.background.systemjob.SystemJobService. Must override in a subclass.
02-15 09:06:30.736 9536 9635 W WM-SystemJobScheduler: Unable to schedule work ID a228753d-3bdd-42f3-9768-040e196199ed
02-15 09:06:35.401 9536 9636 W WM-SystemJobScheduler: Unable to schedule work ID bdeedcfe-f33d-4ec5-b1bc-0531175cd1be
02-15 09:06:54.428 9536 9536 W JobService: onNetworkChanged() not implemented in androidx.work.impl.background.systemjob.SystemJobService. Must override in a subclass.
02-15 09:07:05.467 9536 9628 W WM-SystemJobScheduler: Unable to schedule work ID 0021cacd-707f-4372-8353-a4562a095a66
02-15 09:07:06.225 9536 9631 W WM-SystemJobScheduler: Unable to schedule work ID 1438c6d2-1448-4c35-9ee9-41203c41860c
02-15 09:07:30.694 9536 9536 W JobService: onNetworkChanged() not implemented in androidx.work.impl.background.systemjob.SystemJobService. Must override in a subclass.
02-15 09:07:33.710 9536 9536 W JobService: onNetworkChanged() not implemented in androidx.work.impl.background.systemjob.SystemJobService. Must override in a subclass.
02-15 09:07:36.365 9536 9636 W WM-SystemJobScheduler: Unable to schedule work ID bf140a73-9bc7-4ba3-ac3e-c1bbd9ebfd26
02-15 09:07:37.823 9536 9628 W WM-SystemJobScheduler: Unable to schedule work ID 89d6c229-d4b7-4cc6-9a42-2d6ea2e11d0f
02-15 09:07:39.796 9536 9536 W JobService: onNetworkChanged() not implemented in androidx.work.impl.background.systemjob.SystemJobService. Must override in a subclass.
02-15 09:07:54.880 9536 9536 W JobService: onNetworkChanged() not implemented in androidx.work.impl.background.systemjob.SystemJobService. Must override in a subclass.
02-15 09:08:08.019 9536 9636 W WM-SystemJobScheduler: Unable to schedule work ID bf8f1091-b3a4-4d45-aa6c-39be77593177
02-15 09:08:14.785 9536 9631 W WM-SystemJobScheduler: Unable to schedule work ID 98d6c9c9-7068-4533-9d00-2659035e746a
02-15 09:08:43.195 9536 9536 W JobService: onNetworkChanged() not implemented in androidx.work.impl.background.systemjob.SystemJobService. Must override in a subclass.
02-15 09:08:44.843 9536 9628 W WM-SystemJobScheduler: Unable to schedule work ID 4170de27-dacb-48b6-8e9a-5aec1eae98de
02-15 09:08:57.814 9536 9635 W WM-SystemJobScheduler: Unable to schedule work ID 0c2b2fa8-be5f-4912-ac70-00034eb96b7a
02-15 09:09:07.399 9536 9536 W JobService: onNetworkChanged() not implemented in androidx.work.impl.background.systemjob.SystemJobService. Must override in a subclass.
02-15 09:09:10.444 9536 9536 W JobService: onNetworkChanged() not implemented in androidx.work.impl.background.systemjob.SystemJobService. Must override in a subclass.
02-15 09:09:16.426 9536 9536 W JobService: onNetworkChanged() not implemented in androidx.work.impl.background.systemjob.SystemJobService. Must override in a subclass.
02-15 09:09:19.472 9536 9536 W JobService: onNetworkChanged() not implemented in androidx.work.impl.background.systemjob.SystemJobService. Must override in a subclass.
02-15 09:09:22.490 9536 9536 W JobService: onNetworkChanged() not implemented in androidx.work.impl.background.systemjob.SystemJobService. Must override in a subclass.
02-15 09:09:27.891 9536 9635 W WM-SystemJobScheduler: Unable to schedule work ID 3469b0be-1fd5-47cd-ab4c-af19dee5263a
02-15 09:09:33.422 9536 9636 W WM-SystemJobScheduler: Unable to schedule work ID 0e1cfc5f-ba44-4fba-a97f-f48e0b74b2c1
02-15 09:09:58.813 9536 9536 W JobService: onNetworkChanged() not implemented in androidx.work.impl.background.systemjob.SystemJobService. Must override in a subclass.
02-15 09:10:03.536 9536 9636 W WM-SystemJobScheduler: Unable to schedule work ID a11df90e-8765-4000-bf01-6fc5b7cef72d
02-15 09:11:26.483 9536 9536 W JobService: onNetworkChanged() not implemented in androidx.work.impl.background.systemjob.SystemJobService. Must override in a subclass.
02-15 09:11:29.498 9536 9536 W JobService: onNetworkChanged() not implemented in androidx.work.impl.background.systemjob.SystemJobService. Must override in a subclass.
02-15 09:11:44.663 9536 9536 W JobService: onNetworkChanged() not implemented in androidx.work.impl.background.systemjob.SystemJobService. Must override in a subclass.
02-15 09:11:47.709 9536 9536 W JobService: onNetworkChanged() not implemented in androidx.work.impl.background.systemjob.SystemJobService. Must override in a subclass.
02-15 09:11:53.786 9536 9536 W JobService: onNetworkChanged() not implemented in androidx.work.impl.background.systemjob.SystemJobService. Must override in a subclass.
02-15 09:12:08.934 9536 9536 W JobService: onNetworkChanged() not implemented in androidx.work.impl.background.systemjob.SystemJobService. Must override in a subclass.
02-15 09:12:27.035 9536 9536 W JobService: onNetworkChanged() not implemented in androidx.work.impl.background.systemjob.SystemJobService. Must override in a subclass.
02-15 09:12:33.133 9536 9536 W JobService: onNetworkChanged() not implemented in androidx.work.impl.background.systemjob.SystemJobService. Must override in a subclass.
02-15 09:12:51.237 9536 9536 W JobService: onNetworkChanged() not implemented in androidx.work.impl.background.systemjob.SystemJobService. Must override in a subclass.
02-15 09:12:57.254 9536 9536 W JobService: onNetworkChanged() not implemented in androidx.work.impl.background.systemjob.SystemJobService. Must override in a subclass.
02-15 09:13:00.312 9536 9536 W JobService: onNetworkChanged() not implemented in androidx.work.impl.background.systemjob.SystemJobService. Must override in a subclass.
02-15 09:13:06.353 9536 9536 W JobService: onNetworkChanged() not implemented in androidx.work.impl.background.systemjob.SystemJobService. Must override in a subclass.
02-15 09:13:09.426 9536 9536 W JobService: onNetworkChanged() not implemented in androidx.work.impl.background.systemjob.SystemJobService. Must override in a subclass.
