02-14 16:52:20.245 17283 17283 E ArmVmp : Match on catch block at 0xc3 in for 0x7e07691025
02-14 16:52:20.249 17283 17283 E ArmVmp : Match on catch block at 0xc3 in for 0x7e07691025
02-14 16:52:20.263 17283 17283 E ArmVmp : Match on catch block at 0xc3 in for 0x7e07691025
02-14 16:52:20.266 17283 17283 E ArmVmp : Match on catch block at 0xc3 in for 0x7e07691025
02-14 16:52:20.305 17283 17283 E ArmVmp : Match on catch block at 0xc3 in for 0x7e07691025
02-14 16:52:20.308 17283 17283 E ArmVmp : Match on catch block at 0xc3 in for 0x7e07691025
02-14 16:52:20.323 17283 17283 E ArmVmp : Match on catch block at 0xc3 in for 0x7e07691025
02-14 16:52:20.326 17283 17283 E ArmVmp : Match on catch block at 0xc3 in for 0x7e07691025
02-14 16:52:20.340 17283 17283 E ArmVmp : Match on catch block at 0xc3 in for 0x7e07691025
02-14 16:52:20.344 17283 17283 E ArmVmp : Match on catch block at 0xc3 in for 0x7e07691025
02-14 16:52:20.357 17283 17283 E ArmVmp : Match on catch block at 0xc3 in for 0x7e07691025
02-14 16:52:20.360 17283 17283 E ArmVmp : Match on catch block at 0xc3 in for 0x7e07691025
02-14 16:52:20.374 17283 17283 E ArmVmp : Match on catch block at 0xc3 in for 0x7e07691025
02-14 16:52:20.378 17283 17283 E ArmVmp : Match on catch block at 0xc3 in for 0x7e07691025
02-14 16:52:20.510 17283 17283 E ArmVmp : Match on catch block at 0xc3 in for 0x7e07691025
02-14 16:52:20.517 17283 17283 E ArmVmp : Match on catch block at 0xc3 in for 0x7e07691025
02-14 16:52:20.527 17283 17283 E ArmVmp : Match on catch block at 0xc3 in for 0x7e07691025
02-14 16:52:20.528 17283 20416 W MediaPlayer: Use of stream types is deprecated for operations other than volume control
02-14 16:52:20.528 17283 20416 W MediaPlayer: See the documentation of setAudioStreamType() for what to use instead with android.media.AudioAttributes to qualify your playback use case
02-14 16:52:20.530 17283 17283 E ArmVmp : Match on catch block at 0xc3 in for 0x7e07691025
02-14 16:52:20.564 17283 17283 W WindowOnBackDispatcher: sendCancelIfRunning: isInProgress=falsecallback=android.view.ViewRootImpl$ $ExternalSyntheticLambda21@401a959
02-14 16:52:20.577 17283 17310 W MediaPlayerNative: info/warning (10973, 0)
02-14 16:52:20.604 17283 17283 E ArmVmp : Match on catch block at 0xc3 in for 0x7e07691025
02-14 16:52:20.607 17283 17283 E ArmVmp : Match on catch block at 0xc3 in for 0x7e07691025
02-14 16:52:20.617 17283 17283 E ArmVmp : Match on catch block at 0xc3 in for 0x7e07691025
02-14 16:52:20.620 17283 17283 E ArmVmp : Match on catch block at 0xc3 in for 0x7e07691025
02-14 16:52:20.623 17283 17283 E ArmVmp : Match on catch block at 0xc3 in for 0x7e07691025
02-14 16:52:20.626 17283 17283 E ArmVmp : Match on catch block at 0xc3 in for 0x7e07691025
02-14 16:52:20.640 17283 17283 E ArmVmp : Match on catch block at 0xc3 in for 0x7e07691025
02-14 16:52:20.644 17283 17283 E ArmVmp : Match on catch block at 0xc3 in for 0x7e07691025
02-14 16:52:20.657 17283 17283 E ArmVmp : Match on catch block at 0xc3 in for 0x7e07691025
02-14 16:52:20.660 17283 17283 E ArmVmp : Match on catch block at 0xc3 in for 0x7e07691025
02-14 16:52:20.673 17283 17283 E ArmVmp : Match on catch block at 0xc3 in for 0x7e07691025
02-14 16:52:20.677 17283 17283 E ArmVmp : Match on catch block at 0xc3 in for 0x7e07691025
02-14 16:52:20.690 17283 17283 E ArmVmp : Match on catch block at 0xc3 in for 0x7e07691025
02-14 16:52:20.695 17283 17283 E ArmVmp : Match on catch block at 0xc3 in for 0x7e07691025
02-14 16:52:20.707 17283 17283 E ArmVmp : Match on catch block at 0xc3 in for 0x7e07691025
02-14 16:52:20.711 17283 17283 E ArmVmp : Match on catch block at 0xc3 in for 0x7e07691025
02-14 16:52:20.723 17283 17283 E ArmVmp : Match on catch block at 0xc3 in for 0x7e07691025
02-14 16:52:20.728 17283 17283 E ArmVmp : Match on catch block at 0xc3 in for 0x7e07691025
02-14 16:52:20.740 17283 17283 E ArmVmp : Match on catch block at 0xc3 in for 0x7e07691025
02-14 16:52:20.744 17283 17283 E ArmVmp : Match on catch block at 0xc3 in for 0x7e07691025
02-14 16:52:20.757 17283 17283 E ArmVmp : Match on catch block at 0xc3 in for 0x7e07691025
02-14 16:52:20.761 17283 17283 E ArmVmp : Match on catch block at 0xc3 in for 0x7e07691025
02-14 16:52:20.773 17283 17283 E ArmVmp : Match on catch block at 0xc3 in for 0x7e07691025
02-14 16:52:20.779 17283 17283 E ArmVmp : Match on catch block at 0xc3 in for 0x7e07691025
02-14 16:52:20.790 17283 17283 E ArmVmp : Match on catch block at 0xc3 in for 0x7e07691025
02-14 16:52:20.794 17283 17283 E ArmVmp : Match on catch block at 0xc3 in for 0x7e07691025
02-14 16:52:20.806 17283 17283 E ArmVmp : Match on catch block at 0xc3 in for 0x7e07691025
02-14 16:52:20.810 17283 17283 E ArmVmp : Match on catch block at 0xc3 in for 0x7e07691025
02-14 16:52:20.824 17283 17283 E ArmVmp : Match on catch block at 0xc3 in for 0x7e07691025
02-14 16:52:20.827 17283 17283 E ArmVmp : Match on catch block at 0xc3 in for 0x7e07691025
02-14 16:52:20.891 17283 17283 E ArmVmp : Match on catch block at 0xc3 in for 0x7e07691025
02-14 16:52:20.896 17283 17283 E ArmVmp : Match on catch block at 0xc3 in for 0x7e07691025
02-14 16:52:21.128 17283 17283 E ArmVmp : Match on catch block at 0xc3 in for 0x7e07691025
02-14 16:52:21.132 17283 17283 E ArmVmp : Match on catch block at 0xc3 in for 0x7e07691025
02-14 16:52:21.242 17283 17283 E ArmVmp : Match on catch block at 0xc3 in for 0x7e07691025
02-14 16:52:21.246 17283 17283 E ArmVmp : Match on catch block at 0xc3 in for 0x7e07691025
02-14 16:52:21.268 17283 17283 E ArmVmp : Match on catch block at 0xc3 in for 0x7e07691025
02-14 16:52:21.271 17283 17283 E ArmVmp : Match on catch block at 0xc3 in for 0x7e07691025
02-14 16:52:21.290 17283 17283 E ArmVmp : Match on catch block at 0xc3 in for 0x7e07691025
02-14 16:52:21.294 17283 17283 E ArmVmp : Match on catch block at 0xc3 in for 0x7e07691025
02-14 16:52:21.310 17283 17283 E ArmVmp : Match on catch block at 0xc3 in for 0x7e07691025
02-14 16:52:21.314 17283 17283 E ArmVmp : Match on catch block at 0xc3 in for 0x7e07691025
02-14 16:52:21.321 17283 17283 E ArmVmp : Match on catch block at 0xc3 in for 0x7e07691025
02-14 16:52:21.325 17283 17283 E ArmVmp : Match on catch block at 0xc3 in for 0x7e07691025
02-14 16:52:21.332 17283 17283 E ArmVmp : Match on catch block at 0xc3 in for 0x7e07691025
02-14 16:52:21.336 17283 17283 E ArmVmp : Match on catch block at 0xc3 in for 0x7e07691025
02-14 16:52:21.340 17283 17283 E ArmVmp : Match on catch block at 0xc3 in for 0x7e07691025
02-14 16:52:21.343 17283 17283 E ArmVmp : Match on catch block at 0xc3 in for 0x7e07691025
02-14 16:52:21.357 17283 17283 E ArmVmp : Match on catch block at 0xc3 in for 0x7e07691025
02-14 16:52:21.360 17283 17283 E ArmVmp : Match on catch block at 0xc3 in for 0x7e07691025
02-14 16:52:21.373 17283 17283 E ArmVmp : Match on catch block at 0xc3 in for 0x7e07691025
02-14 16:52:21.377 17283 17283 E ArmVmp : Match on catch block at 0xc3 in for 0x7e07691025
02-14 16:52:21.390 17283 17283 E ArmVmp : Match on catch block at 0xc3 in for 0x7e07691025
02-14 16:52:21.394 17283 17283 E ArmVmp : Match on catch block at 0xc3 in for 0x7e07691025
02-14 16:52:21.406 17283 17283 E ArmVmp : Match on catch block at 0xc3 in for 0x7e07691025
02-14 16:52:21.410 17283 17283 E ArmVmp : Match on catch block at 0xc3 in for 0x7e07691025
02-14 16:52:21.423 17283 17283 E ArmVmp : Match on catch block at 0xc3 in for 0x7e07691025
02-14 16:52:21.428 17283 17283 E ArmVmp : Match on catch block at 0xc3 in for 0x7e07691025
02-14 16:52:21.440 17283 17283 E ArmVmp : Match on catch block at 0xc3 in for 0x7e07691025
02-14 16:52:21.445 17283 17283 E ArmVmp : Match on catch block at 0xc3 in for 0x7e07691025
02-14 16:52:21.457 17283 17283 E ArmVmp : Match on catch block at 0xc3 in for 0x7e07691025
02-14 16:52:21.461 17283 17283 E ArmVmp : Match on catch block at 0xc3 in for 0x7e07691025
02-14 16:52:21.474 17283 17283 E ArmVmp : Match on catch block at 0xc3 in for 0x7e07691025
02-14 16:52:21.478 17283 17283 E ArmVmp : Match on catch block at 0xc3 in for 0x7e07691025
02-14 16:52:21.490 17283 17283 E ArmVmp : Match on catch block at 0xc3 in for 0x7e07691025
02-14 16:52:21.495 17283 17283 E ArmVmp : Match on catch block at 0xc3 in for 0x7e07691025
02-14 16:52:21.507 17283 17283 E ArmVmp : Match on catch block at 0xc3 in for 0x7e07691025
02-14 16:52:21.512 17283 17283 E ArmVmp : Match on catch block at 0xc3 in for 0x7e07691025
02-14 16:52:21.522 17283 17283 W WindowOnBackDispatcher: sendCancelIfRunning: isInProgress=falsecallback=android.view.ViewRootImpl$ $ExternalSyntheticLambda21@8b3d928
02-14 16:52:25.894 17283 17283 W JobService: onNetworkChanged() not implemented in androidx.work.impl.background.systemjob.SystemJobService. Must override in a subclass.
02-14 16:52:31.919 17283 17283 W JobService: onNetworkChanged() not implemented in androidx.work.impl.background.systemjob.SystemJobService. Must override in a subclass.
02-14 16:53:05.807 17283 17283 W JobService: onNetworkChanged() not implemented in androidx.work.impl.background.systemjob.SystemJobService. Must override in a subclass.
02-14 16:53:18.706 17283 17283 W JobService: onNetworkChanged() not implemented in androidx.work.impl.background.systemjob.SystemJobService. Must override in a subclass.
02-14 16:53:47.352 17283 17283 W JobService: onNetworkChanged() not implemented in androidx.work.impl.background.systemjob.SystemJobService. Must override in a subclass.
02-14 16:56:26.384 17283 17283 W JobService: onNetworkChanged() not implemented in androidx.work.impl.background.systemjob.SystemJobService. Must override in a subclass.
02-14 16:56:27.631 17283 17283 W JobService: onNetworkChanged() not implemented in androidx.work.impl.background.systemjob.SystemJobService. Must override in a subclass.
02-14 16:56:27.632 17283 17283 W JobService: onNetworkChanged() not implemented in androidx.work.impl.background.systemjob.SystemJobService. Must override in a subclass.
02-14 16:56:32.974 17283 17660 W WM-SystemJobScheduler: Unable to schedule work ID 656c1091-6ef3-482c-a145-974c3e5787ca
02-14 16:56:51.189 17283 17283 W JobService: onNetworkChanged() not implemented in androidx.work.impl.background.systemjob.SystemJobService. Must override in a subclass.
02-14 16:57:03.044 17283 17661 W WM-SystemJobScheduler: Unable to schedule work ID 5609b1a8-92ba-44d0-9aad-8a02d8f6859a
02-14 16:57:03.404 17283 17661 W WM-SystemJobScheduler: Unable to schedule work ID 0eab67c0-b335-4e5b-a9d6-e38d31c23239
02-14 16:57:26.396 17283 17283 W JobService: onNetworkChanged() not implemented in androidx.work.impl.background.systemjob.SystemJobService. Must override in a subclass.
02-14 16:57:33.499 17283 17661 W WM-SystemJobScheduler: Unable to schedule work ID 92b9b0c4-ca27-4561-b90e-d98416927d6c
02-14 16:57:54.367 17283 17648 W WM-SystemJobScheduler: Unable to schedule work ID 4988bc0b-56fe-433f-8eaa-9dbe256dc3e1
02-14 16:58:24.445 17283 17660 W WM-SystemJobScheduler: Unable to schedule work ID b9231390-c844-43bf-bfb6-a266639d57c6
02-14 16:58:26.408 17283 17283 W JobService: onNetworkChanged() not implemented in androidx.work.impl.background.systemjob.SystemJobService. Must override in a subclass.
02-14 16:58:29.014 17283 17648 W WM-SystemJobScheduler: Unable to schedule work ID fcbbb71d-d61a-4477-aa1f-c8875021614e
02-14 16:58:59.079 17283 17662 W WM-SystemJobScheduler: Unable to schedule work ID a8302276-6f9b-4bda-977c-605991dd8661
02-14 16:59:07.397 17283 17661 W WM-SystemJobScheduler: Unable to schedule work ID ec448b6e-acd1-4318-bc5b-d488347dce50
02-14 16:59:26.418 17283 17283 W JobService: onNetworkChanged() not implemented in androidx.work.impl.background.systemjob.SystemJobService. Must override in a subclass.
02-14 16:59:37.461 17283 17662 W WM-SystemJobScheduler: Unable to schedule work ID 2f99b9ee-ba32-4b58-b2b6-21d0d9206671
02-14 16:59:47.120 17283 17660 W WM-SystemJobScheduler: Unable to schedule work ID 62465337-7b57-4296-a206-cae50dbd8965
02-14 17:00:18.835 17283 17283 W JobService: onNetworkChanged() not implemented in androidx.work.impl.background.systemjob.SystemJobService. Must override in a subclass.
02-14 17:00:26.439 17283 17283 W JobService: onNetworkChanged() not implemented in androidx.work.impl.background.systemjob.SystemJobService. Must override in a subclass.
02-14 17:00:40.742 17283 17283 W JobService: onNetworkChanged() not implemented in androidx.work.impl.background.systemjob.SystemJobService. Must override in a subclass.
02-14 17:00:40.742 17283 17283 W JobService: onNetworkChanged() not implemented in androidx.work.impl.background.systemjob.SystemJobService. Must override in a subclass.
02-14 17:00:53.261 17283 17283 W JobService: onNetworkChanged() not implemented in androidx.work.impl.background.systemjob.SystemJobService. Must override in a subclass.
02-14 17:00:57.203 17283 17648 W WM-SystemJobScheduler: Unable to schedule work ID d708cecd-e3c8-4721-896e-e4d563df2e72
02-14 17:01:23.077 17283 17662 W WM-SystemJobScheduler: Unable to schedule work ID 1fa227eb-8684-4f29-b367-052d32fe8ed7
02-14 17:01:38.973 17283 17283 W JobService: onNetworkChanged() not implemented in androidx.work.impl.background.systemjob.SystemJobService. Must override in a subclass.
02-14 17:01:53.149 17283 17661 W WM-SystemJobScheduler: Unable to schedule work ID c6a5cfd5-a0ea-48c3-92cc-328b7b6eba6a
02-14 17:06:05.958 17283 28744 W LibraryVersion: Failed to get app version for libraryName: firebase-iid
02-14 17:06:22.873 17283 19211 W SQLiteLog: (28) double-quoted string literal: ""
02-14 17:07:51.442 17283 17283 W JobService: onNetworkChanged() not implemented in androidx.work.impl.background.systemjob.SystemJobService. Must override in a subclass.
02-14 17:08:51.449 17283 17283 W JobService: onNetworkChanged() not implemented in androidx.work.impl.background.systemjob.SystemJobService. Must override in a subclass.
02-14 17:09:29.407 17283 17283 W JobService: onNetworkChanged() not implemented in androidx.work.impl.background.systemjob.SystemJobService. Must override in a subclass.
02-14 17:09:29.408 17283 17283 W JobService: onNetworkChanged() not implemented in androidx.work.impl.background.systemjob.SystemJobService. Must override in a subclass.
02-14 17:09:43.126 17283 17661 W WM-SystemJobScheduler: Unable to schedule work ID 8ab6deda-3118-4cba-bf43-6eb36b199923
02-14 17:09:51.460 17283 17283 W JobService: onNetworkChanged() not implemented in androidx.work.impl.background.systemjob.SystemJobService. Must override in a subclass.
02-14 17:09:55.066 17283 17648 W WM-SystemJobScheduler: Unable to schedule work ID b10b2761-fc4f-47c1-9cb8-2d5deb5496dc
02-14 17:10:25.123 17283 17660 W WM-SystemJobScheduler: Unable to schedule work ID b662734a-c90f-4707-ae22-a67af6db93f8
02-14 17:10:30.899 17283 17661 W WM-SystemJobScheduler: Unable to schedule work ID 385483a8-0337-4906-a214-c84f84800572
02-14 17:10:32.107 17283 17283 W JobService: onNetworkChanged() not implemented in androidx.work.impl.background.systemjob.SystemJobService. Must override in a subclass.
02-14 17:10:35.757 17283 17283 W JobService: onNetworkChanged() not implemented in androidx.work.impl.background.systemjob.SystemJobService. Must override in a subclass.
02-14 17:10:38.771 17283 17283 W JobService: onNetworkChanged() not implemented in androidx.work.impl.background.systemjob.SystemJobService. Must override in a subclass.
02-14 17:10:41.771 17283 17283 W JobService: onNetworkChanged() not implemented in androidx.work.impl.background.systemjob.SystemJobService. Must override in a subclass.
02-14 17:10:47.812 17283 17283 W JobService: onNetworkChanged() not implemented in androidx.work.impl.background.systemjob.SystemJobService. Must override in a subclass.
02-14 17:11:00.953 17283 17648 W WM-SystemJobScheduler: Unable to schedule work ID ddcc5307-fae8-4f68-a070-10df18d9a1bd
02-14 17:11:12.777 17283 17661 W WM-SystemJobScheduler: Unable to schedule work ID cad5fec7-b2c2-414f-a2f0-6474bf480b17
02-14 17:11:21.014 17283 17283 W JobService: onNetworkChanged() not implemented in androidx.work.impl.background.systemjob.SystemJobService. Must override in a subclass.
02-14 17:11:41.906 17283 17283 W JobService: onNetworkChanged() not implemented in androidx.work.impl.background.systemjob.SystemJobService. Must override in a subclass.
02-14 17:11:42.834 17283 17660 W WM-SystemJobScheduler: Unable to schedule work ID 2a82da0e-4870-471a-a9a8-6c47110152ed
02-14 17:11:43.938 17283 17662 W WM-SystemJobScheduler: Unable to schedule work ID 282f9b08-cdcc-44e1-bb40-200b7c9fbc31
02-14 17:12:00.770 17283 17283 W JobService: onNetworkChanged() not implemented in androidx.work.impl.background.systemjob.SystemJobService. Must override in a subclass.
02-14 17:12:14.002 17283 17662 W WM-SystemJobScheduler: Unable to schedule work ID a441a5ab-de15-42a4-871e-2d966f773ecd
02-14 17:12:47.013 17283 17648 W WM-SystemJobScheduler: Unable to schedule work ID d343b982-f508-4892-8e03-19c9738cf53f
02-14 17:13:00.775 17283 17283 W JobService: onNetworkChanged() not implemented in androidx.work.impl.background.systemjob.SystemJobService. Must override in a subclass.
02-14 17:13:17.081 17283 17661 W WM-SystemJobScheduler: Unable to schedule work ID cb04789c-ee53-4774-81ec-f84e44f3db3a
02-14 17:13:21.692 17283 17660 W WM-SystemJobScheduler: Unable to schedule work ID 94cf4f42-0016-4d5b-bcb0-f8f3a5ee5e5a
02-14 17:13:51.772 17283 17660 W WM-SystemJobScheduler: Unable to schedule work ID 1612fd8b-547b-4010-b1b1-0c8ebc549106
02-14 17:13:55.717 17283 17661 W WM-SystemJobScheduler: Unable to schedule work ID 287a38da-133f-4d8c-a297-dfa2335747bd
02-14 17:14:00.786 17283 17283 W JobService: onNetworkChanged() not implemented in androidx.work.impl.background.systemjob.SystemJobService. Must override in a subclass.
02-14 17:14:25.788 17283 17660 W WM-SystemJobScheduler: Unable to schedule work ID 07eee28f-f5c5-4b27-96d5-b46d390ac724
02-14 17:14:45.980 17283 17662 W WM-SystemJobScheduler: Unable to schedule work ID a52ba4c2-b7ae-4f15-9ba8-77208a65438a
02-14 17:14:55.327 17283 17283 W JobService: onNetworkChanged() not implemented in androidx.work.impl.background.systemjob.SystemJobService. Must override in a subclass.
02-14 17:15:16.051 17283 17660 W WM-SystemJobScheduler: Unable to schedule work ID f987e1e3-0791-49af-b67d-71e19f6db17a
02-14 17:15:31.348 17283 17648 W WM-SystemJobScheduler: Unable to schedule work ID 0620f0c2-b6f4-42ba-8782-3e2a5440d94d
02-14 17:16:01.408 17283 17662 W WM-SystemJobScheduler: Unable to schedule work ID 3b463665-5614-44bb-aa0d-c719388cb661
02-14 17:25:30.450 17283 17283 W JobService: onNetworkChanged() not implemented in androidx.work.impl.background.systemjob.SystemJobService. Must override in a subclass.
02-14 17:25:30.451 17283 17283 W JobService: onNetworkChanged() not implemented in androidx.work.impl.background.systemjob.SystemJobService. Must override in a subclass.
02-14 17:25:49.167 17283 17648 W WM-SystemJobScheduler: Unable to schedule work ID 47c8f9f0-6090-4a5b-82fd-e3f89d31e13f
02-14 17:26:04.472 17283 17660 W WM-SystemJobScheduler: Unable to schedule work ID b606e247-32fe-4c31-bc23-faae6093d3b5
02-14 17:26:34.531 17283 17660 W WM-SystemJobScheduler: Unable to schedule work ID 4e5bc53b-1c94-4649-95e0-6f83296dc378
02-14 17:26:45.748 17283 17661 W WM-SystemJobScheduler: Unable to schedule work ID ba79d4e2-d946-4845-8ce7-67e1b7df14ce
02-14 17:27:15.798 17283 17660 W WM-SystemJobScheduler: Unable to schedule work ID 865b00ed-9577-404b-b8fe-2468923563c0
02-14 17:27:44.009 17283 17648 W WM-SystemJobScheduler: Unable to schedule work ID aff70bba-c8c6-418f-b01f-21e4dc108b59
02-14 17:28:14.056 17283 17648 W WM-SystemJobScheduler: Unable to schedule work ID 74df6a2f-7c1c-4c31-b820-31006e29bbf0
02-14 17:28:15.564 17283 17661 W WM-SystemJobScheduler: Unable to schedule work ID d22cad05-ffa7-47ee-b66c-f92d65ed3340
02-14 17:28:45.633 17283 17662 W WM-SystemJobScheduler: Unable to schedule work ID d57a6176-317c-490f-9a27-4df32a151e20
02-14 17:28:58.285 17283 17661 W WM-SystemJobScheduler: Unable to schedule work ID fb6365b3-ef7d-4e68-883f-065b5f433517
02-14 17:29:28.338 17283 17662 W WM-SystemJobScheduler: Unable to schedule work ID 24bb8de6-1d07-48b8-bda2-3a9e7bf557f3
02-14 17:29:28.769 17283 17662 W WM-SystemJobScheduler: Unable to schedule work ID 349cbecc-e3d2-4a45-adfe-bef45d608f6b
02-14 17:29:58.803 17283 17662 W WM-SystemJobScheduler: Unable to schedule work ID 04cf3a59-9cc7-4b1e-99ac-608f42e4e0f1
02-14 17:30:02.779 17283 17661 W WM-SystemJobScheduler: Unable to schedule work ID 48b67dc8-1b9a-4061-b972-3729d6753d1a
02-14 17:30:32.818 17283 17660 W WM-SystemJobScheduler: Unable to schedule work ID ec022502-fcf1-426d-86ed-9ae1652b59f2
02-14 17:30:32.960 17283 17660 W WM-SystemJobScheduler: Unable to schedule work ID c1dbbdb5-8718-446e-a9fb-0816bee6905d
02-14 17:31:03.009 17283 17661 W WM-SystemJobScheduler: Unable to schedule work ID aefed3a5-8fb4-4c3b-8f1d-86766371ab09
02-14 17:31:04.103 17283 17662 W WM-SystemJobScheduler: Unable to schedule work ID a9f8af9e-7781-4f91-aafd-891485a8a1b3
02-14 17:31:34.156 17283 17661 W WM-SystemJobScheduler: Unable to schedule work ID cc46347e-7eed-41c1-9cd5-221d887695ac
02-14 17:31:40.541 17283 17662 W WM-SystemJobScheduler: Unable to schedule work ID 8b8038b7-e360-49d0-a198-7fe51788ee38
02-14 17:32:10.608 17283 17648 W WM-SystemJobScheduler: Unable to schedule work ID 88adeb51-e5f7-4e1c-9ade-225c0d43190a
02-14 17:32:36.377 17283 17661 W WM-SystemJobScheduler: Unable to schedule work ID 9e57f2b3-1124-4227-ad42-afd719c5a011
02-14 17:33:06.426 17283 17660 W WM-SystemJobScheduler: Unable to schedule work ID ec4fd925-636a-4378-9afe-69d323c8ec18
02-14 17:33:10.125 17283 17662 W WM-SystemJobScheduler: Unable to schedule work ID 900cbcb8-ce2f-490c-8e52-450c701e8a15
02-14 17:33:40.174 17283 17662 W WM-SystemJobScheduler: Unable to schedule work ID 656ca4e1-209f-4d2a-aa83-67e4473f287b
02-14 17:37:45.509 17283 17283 W JobService: onNetworkChanged() not implemented in androidx.work.impl.background.systemjob.SystemJobService. Must override in a subclass.
02-14 17:37:45.509 17283 17283 W JobService: onNetworkChanged() not implemented in androidx.work.impl.background.systemjob.SystemJobService. Must override in a subclass.
02-14 17:37:50.563 17283 17662 W WM-SystemJobScheduler: Unable to schedule work ID 4a5a746e-1066-4c36-b158-a53c8496b6c8
02-14 17:38:20.609 17283 17660 W WM-SystemJobScheduler: Unable to schedule work ID 418cd99c-e484-4caa-8408-db19c71e48a1
02-14 17:38:30.571 17283 17662 W WM-SystemJobScheduler: Unable to schedule work ID 71f3fab9-4c4e-4767-b921-ab67c1c434d0
02-14 17:39:00.622 17283 17660 W WM-SystemJobScheduler: Unable to schedule work ID 2a421bd2-a644-46b1-944c-d2298ff525eb
02-14 17:39:03.033 17283 17648 W WM-SystemJobScheduler: Unable to schedule work ID 650150ef-f1d5-483a-8cef-8b5e1e01b413
02-14 17:39:33.089 17283 17662 W WM-SystemJobScheduler: Unable to schedule work ID ac061433-ac56-48ec-9e58-4784afe48c65
02-14 17:39:53.512 17283 17661 W WM-SystemJobScheduler: Unable to schedule work ID b9f6fecc-f184-4b1f-a104-f0ab19949b53
02-14 17:40:23.554 17283 17661 W WM-SystemJobScheduler: Unable to schedule work ID c5c1f957-66de-4559-9a26-66c0a96201f3
02-14 17:40:28.956 17283 17662 W WM-SystemJobScheduler: Unable to schedule work ID 2a4b1119-ee9b-4c70-9a02-0f26c6e0b4e8
02-14 17:40:59.003 17283 17648 W WM-SystemJobScheduler: Unable to schedule work ID e2863122-642e-44c5-b1e2-425e72cad5d6
02-14 17:41:05.801 17283 17661 W WM-SystemJobScheduler: Unable to schedule work ID 655abbd9-abeb-414a-860b-c31423d938f1
02-14 17:41:35.861 17283 17662 W WM-SystemJobScheduler: Unable to schedule work ID 492f2e94-c06d-4c8e-b0a5-e6b195572247
02-14 17:41:40.776 17283 17660 W WM-SystemJobScheduler: Unable to schedule work ID 8ded4423-4010-452f-ab73-ba7bd4de9325
02-14 17:42:10.835 17283 17662 W WM-SystemJobScheduler: Unable to schedule work ID 4ffd08e5-7b6a-4965-b2cc-09757a6ebe7c
02-14 17:42:21.890 17283 17662 W WM-SystemJobScheduler: Unable to schedule work ID ad5f2afc-89ed-4c3f-9271-c570c47990e4
02-14 17:42:51.955 17283 17648 W WM-SystemJobScheduler: Unable to schedule work ID e9358151-1162-43fd-8e86-09afe8822a6f
02-14 17:42:56.606 17283 17661 W WM-SystemJobScheduler: Unable to schedule work ID b789c745-334f-48e0-b884-4de8c706a6aa
02-14 17:43:26.653 17283 17660 W WM-SystemJobScheduler: Unable to schedule work ID 610baaaa-91b1-48fb-98b2-35bc5500b116
02-14 17:43:26.823 17283 17662 W WM-SystemJobScheduler: Unable to schedule work ID 12dc4b02-a639-46a0-96ff-79a01bcb7840
02-14 17:43:56.874 17283 17648 W WM-SystemJobScheduler: Unable to schedule work ID 4a18f2db-385a-437d-872b-40d02614135b
02-14 17:44:04.194 17283 17661 W WM-SystemJobScheduler: Unable to schedule work ID 89f5589b-0c17-4e92-9948-aa0e865f0d7a
02-14 17:44:55.464 17283 17283 W JobService: onNetworkChanged() not implemented in androidx.work.impl.background.systemjob.SystemJobService. Must override in a subclass.
02-14 17:48:23.870 17283 17283 W JobService: onNetworkChanged() not implemented in androidx.work.impl.background.systemjob.SystemJobService. Must override in a subclass.
02-14 17:48:23.870 17283 17283 W JobService: onNetworkChanged() not implemented in androidx.work.impl.background.systemjob.SystemJobService. Must override in a subclass.
02-14 17:48:45.333 17283 17660 W WM-SystemJobScheduler: Unable to schedule work ID 9c6dc171-caf7-4561-b355-a44e0123aa20
02-14 17:48:57.352 17283 17661 W WM-SystemJobScheduler: Unable to schedule work ID cc613d7b-7e3f-4ceb-971d-6cf59342b112
02-14 17:49:27.397 17283 17660 W WM-SystemJobScheduler: Unable to schedule work ID a34a4fdb-8496-4d9b-b3c6-38174d55d959
02-14 17:49:50.503 17283 17648 W WM-SystemJobScheduler: Unable to schedule work ID ada2ca8b-adcd-4fa1-977e-eb4f625f4736
02-14 17:50:20.557 17283 17648 W WM-SystemJobScheduler: Unable to schedule work ID 977ea441-0dcc-4a48-8ed0-8174a74f0a03
02-14 17:50:44.369 17283 17660 W WM-SystemJobScheduler: Unable to schedule work ID 6f035613-e87b-4712-882d-feca13a77d3f
02-14 18:00:41.376 17283 17283 W JobService: onNetworkChanged() not implemented in androidx.work.impl.background.systemjob.SystemJobService. Must override in a subclass.
02-14 18:00:41.376 17283 17283 W JobService: onNetworkChanged() not implemented in androidx.work.impl.background.systemjob.SystemJobService. Must override in a subclass.
02-14 18:01:10.199 17283 17648 W WM-SystemJobScheduler: Unable to schedule work ID 19146f94-ec12-440d-a785-25d3846891b0
02-14 18:01:23.037 17283 17648 W WM-SystemJobScheduler: Unable to schedule work ID 7f70c30f-dbdb-4069-b1dc-67d7fdc03873
02-14 18:01:53.089 17283 17660 W WM-SystemJobScheduler: Unable to schedule work ID ef43298d-a88f-4239-8d65-0f44490ecb4d
02-14 18:02:02.457 17283 17661 W WM-SystemJobScheduler: Unable to schedule work ID 34a5640e-b372-4a0b-9650-f399c05b5cc9
02-14 18:02:32.504 17283 17660 W WM-SystemJobScheduler: Unable to schedule work ID 8199f991-0c59-471a-adec-47681ae95074
02-14 18:02:35.441 17283 17662 W WM-SystemJobScheduler: Unable to schedule work ID 4ca3cd7f-00b5-4608-97e7-87873a6fa6a7
02-14 18:03:05.493 17283 17661 W WM-SystemJobScheduler: Unable to schedule work ID 592aea55-a3e5-4883-a489-b0dfea4ec73d
02-14 18:03:08.504 17283 17661 W WM-SystemJobScheduler: Unable to schedule work ID 5796a047-aecf-4dcf-8c05-cee0bc5d633e
02-14 18:03:38.557 17283 17648 W WM-SystemJobScheduler: Unable to schedule work ID 28844a20-600b-4ade-8c64-a4f37498c786
02-14 18:03:41.581 17283 17662 W WM-SystemJobScheduler: Unable to schedule work ID f7959d1c-f361-4de0-a6ff-ff0169b8875a
02-14 18:04:11.643 17283 17662 W WM-SystemJobScheduler: Unable to schedule work ID 8b1a5774-b543-45ee-9de9-ecfb25582252
02-14 18:04:18.136 17283 17662 W WM-SystemJobScheduler: Unable to schedule work ID 8c8a4cd5-e715-48f3-8efe-18884e219021
02-14 18:04:25.092 17283 17283 W JobService: onNetworkChanged() not implemented in androidx.work.impl.background.systemjob.SystemJobService. Must override in a subclass.
02-14 18:04:48.193 17283 17648 W WM-SystemJobScheduler: Unable to schedule work ID 45f5c8de-7af0-4b50-871b-c92b27cd4d8b
02-14 18:04:48.247 17283 17662 W WM-SystemJobScheduler: Unable to schedule work ID 1f01d23d-2b1f-4ef9-8693-0542ce9ad2ac
02-14 18:05:25.104 17283 17283 W JobService: onNetworkChanged() not implemented in androidx.work.impl.background.systemjob.SystemJobService. Must override in a subclass.
02-14 18:12:46.036 17283 17283 W JobService: onNetworkChanged() not implemented in androidx.work.impl.background.systemjob.SystemJobService. Must override in a subclass.
02-14 18:13:13.862 17283 17648 W WM-SystemJobScheduler: Unable to schedule work ID 1fabfcc1-28d0-4ecf-bc7d-e8e4e28fe2f5
02-14 18:13:15.090 17283 17661 W WM-SystemJobScheduler: Unable to schedule work ID e657d595-1d67-456e-a108-1546e24770bf
02-14 18:13:15.699 17283 19213 W SQLiteLog: (28) double-quoted string literal: ""
02-14 18:13:45.139 17283 17648 W WM-SystemJobScheduler: Unable to schedule work ID 3c32b59e-71ed-484e-862b-900b90f20ce0
02-14 18:13:51.689 17283 17662 W WM-SystemJobScheduler: Unable to schedule work ID ec29cf06-0fcf-4675-be88-62085af8b16e
02-14 18:14:21.748 17283 17660 W WM-SystemJobScheduler: Unable to schedule work ID 1c65fb49-c7e9-4b34-8d71-2f98f5670799
02-14 18:14:37.066 17283 17662 W WM-SystemJobScheduler: Unable to schedule work ID 74e6df29-34ca-4152-ac81-b4a469ba42b5
02-14 18:14:55.496 17283 17283 W JobService: onNetworkChanged() not implemented in androidx.work.impl.background.systemjob.SystemJobService. Must override in a subclass.
02-14 18:15:07.124 17283 17662 W WM-SystemJobScheduler: Unable to schedule work ID fade2e1b-c97a-4f96-aa9e-cd9f4dc20953
02-14 18:15:45.813 17283 17661 W WM-SystemJobScheduler: Unable to schedule work ID b55cc5e4-fcf4-458e-b0dd-37fa8a4fc6ed
02-14 18:16:15.874 17283 17648 W WM-SystemJobScheduler: Unable to schedule work ID c932d685-eacc-4a97-913c-15384f618e3f
02-14 18:16:28.995 17283 17662 W WM-SystemJobScheduler: Unable to schedule work ID 99813582-8223-4bf7-af9a-c5dad5aae6ef
02-14 18:16:59.036 17283 17661 W WM-SystemJobScheduler: Unable to schedule work ID ee3f0061-3860-4467-8581-92ae4a1b7800
02-14 18:17:09.316 17283 17648 W WM-SystemJobScheduler: Unable to schedule work ID caf4cdd2-288f-4c44-bb65-11d5be85b7b8
02-14 18:17:36.486 17283 17283 W JobService: onNetworkChanged() not implemented in androidx.work.impl.background.systemjob.SystemJobService. Must override in a subclass.
02-14 18:17:39.363 17283 17662 W WM-SystemJobScheduler: Unable to schedule work ID f180b5d7-1e2b-4096-afbc-3d5a1bc048a6
02-14 18:17:43.719 17283 17660 W WM-SystemJobScheduler: Unable to schedule work ID 2853bd90-6f35-49fd-8eb3-477792727d96
02-14 18:18:13.764 17283 17648 W WM-SystemJobScheduler: Unable to schedule work ID 11387059-f554-4308-aa44-1afddc0ad1ba
02-14 18:18:15.990 17283 17662 W WM-SystemJobScheduler: Unable to schedule work ID 54631902-023a-43e5-a753-e5f2dcda4303
02-14 18:18:46.032 17283 17661 W WM-SystemJobScheduler: Unable to schedule work ID 81bc4a48-3ccb-4ef9-80cb-52a5d9113341
02-14 18:19:25.293 17283 17662 W WM-SystemJobScheduler: Unable to schedule work ID 7c69f9f9-2cd2-452c-88bc-8ceeb00c88a8
02-14 18:19:55.358 17283 17661 W WM-SystemJobScheduler: Unable to schedule work ID 70426690-d5e6-4eca-acad-35968cf1b2cf
02-14 18:19:56.434 17283 17660 W WM-SystemJobScheduler: Unable to schedule work ID ab26f1d5-e476-482e-ba9a-871bed57b10b
02-14 18:21:24.522 17283 17283 W JobService: onNetworkChanged() not implemented in androidx.work.impl.background.systemjob.SystemJobService. Must override in a subclass.
02-14 18:21:33.404 17283 17662 W WM-SystemJobScheduler: Unable to schedule work ID b7de79dd-3860-40ea-9d96-d126f4bcc9b5
02-14 18:22:03.457 17283 17661 W WM-SystemJobScheduler: Unable to schedule work ID f15170c5-b8f8-4a4c-abad-9b1de3494db4
02-14 18:22:22.974 17283 17662 W WM-SystemJobScheduler: Unable to schedule work ID ab2287df-e9b6-4454-ba56-aeb33354395c
02-14 18:33:29.357 17283 17283 W JobService: onNetworkChanged() not implemented in androidx.work.impl.background.systemjob.SystemJobService. Must override in a subclass.
02-14 18:34:29.365 17283 17283 W JobService: onNetworkChanged() not implemented in androidx.work.impl.background.systemjob.SystemJobService. Must override in a subclass.
02-14 18:35:29.374 17283 17283 W JobService: onNetworkChanged() not implemented in androidx.work.impl.background.systemjob.SystemJobService. Must override in a subclass.
02-14 18:36:08.273 17283 17283 W JobService: onNetworkChanged() not implemented in androidx.work.impl.background.systemjob.SystemJobService. Must override in a subclass.
02-14 18:36:24.024 17283 17662 W WM-SystemJobScheduler: Unable to schedule work ID 36260db8-3047-4938-87d7-0051428a893e
02-14 18:36:29.384 17283 17283 W JobService: onNetworkChanged() not implemented in androidx.work.impl.background.systemjob.SystemJobService. Must override in a subclass.
02-14 18:36:54.068 17283 17662 W WM-SystemJobScheduler: Unable to schedule work ID 5f61c3e2-52ad-42bd-beac-a25aedcd6034
02-14 18:36:56.543 17283 17662 W WM-SystemJobScheduler: Unable to schedule work ID a7402b0f-0bee-4b64-b607-3cd52b52c0ca
02-14 18:37:26.586 17283 17660 W WM-SystemJobScheduler: Unable to schedule work ID 51314d6b-2414-466f-8ee3-47130052bee6
02-14 18:37:29.393 17283 17283 W JobService: onNetworkChanged() not implemented in androidx.work.impl.background.systemjob.SystemJobService. Must override in a subclass.
02-14 18:37:38.019 17283 17662 W WM-SystemJobScheduler: Unable to schedule work ID a8407caa-e55c-4e23-8bd1-d8c5fd352f8a
02-14 18:38:08.061 17283 17662 W WM-SystemJobScheduler: Unable to schedule work ID 1af673e1-d255-411f-9618-b2efd02cd32d
02-14 18:38:29.402 17283 17283 W JobService: onNetworkChanged() not implemented in androidx.work.impl.background.systemjob.SystemJobService. Must override in a subclass.
02-14 18:38:34.856 17283 17648 W WM-SystemJobScheduler: Unable to schedule work ID 7e660894-5057-4b55-98ba-1bdd3d005334
02-14 18:39:04.902 17283 17660 W WM-SystemJobScheduler: Unable to schedule work ID 44c4ad5b-1690-4593-84df-2f84fc8ac148
02-14 18:39:07.822 17283 17648 W WM-SystemJobScheduler: Unable to schedule work ID b335d503-7ff9-4100-bfad-2d3346fa32a3
02-14 18:39:29.412 17283 17283 W JobService: onNetworkChanged() not implemented in androidx.work.impl.background.systemjob.SystemJobService. Must override in a subclass.
02-14 18:39:37.875 17283 17662 W WM-SystemJobScheduler: Unable to schedule work ID 73fce5be-434d-4dbe-82cf-3db346300150
02-14 18:40:03.115 17283 17660 W WM-SystemJobScheduler: Unable to schedule work ID 997cbde1-005d-4c0a-afcf-ece6e8c5d03e
02-14 18:40:29.421 17283 17283 W JobService: onNetworkChanged() not implemented in androidx.work.impl.background.systemjob.SystemJobService. Must override in a subclass.
02-14 18:40:33.163 17283 17661 W WM-SystemJobScheduler: Unable to schedule work ID f107eb5c-f3d2-4cfa-8d0e-0044cfb289ef
02-14 18:40:39.161 17283 17660 W WM-SystemJobScheduler: Unable to schedule work ID ad43470a-a506-494a-b6ba-2964a04a3fdd
02-14 18:41:09.203 17283 17661 W WM-SystemJobScheduler: Unable to schedule work ID 80e8e1ee-2b00-4e6d-be54-b32b69fa9a0e
02-14 18:41:09.879 17283 17660 W WM-SystemJobScheduler: Unable to schedule work ID d88f9ced-4552-4a83-a4c7-8b331d54056a
02-14 18:41:39.939 17283 17648 W WM-SystemJobScheduler: Unable to schedule work ID e8f3385e-2f68-4242-ac66-814444982932
02-14 18:41:49.052 17283 17661 W WM-SystemJobScheduler: Unable to schedule work ID 45e76aaa-48fe-40aa-98b6-38e4de2212b9
02-14 18:42:07.128 17283 17283 W JobService: onNetworkChanged() not implemented in androidx.work.impl.background.systemjob.SystemJobService. Must override in a subclass.
02-14 18:42:19.127 17283 17662 W WM-SystemJobScheduler: Unable to schedule work ID 2e06b154-924c-43b4-9109-5045fcde3fa2
02-14 18:42:40.009 17283 17662 W WM-SystemJobScheduler: Unable to schedule work ID 4e8257b4-b2e8-404a-b030-995db8712f20
02-14 18:43:07.144 17283 17283 W JobService: onNetworkChanged() not implemented in androidx.work.impl.background.systemjob.SystemJobService. Must override in a subclass.
02-14 18:43:10.086 17283 17648 W WM-SystemJobScheduler: Unable to schedule work ID 18c7bfd3-30ce-43a5-8267-17ce8587e3be
02-14 18:49:38.399 17283 17283 W JobService: onNetworkChanged() not implemented in androidx.work.impl.background.systemjob.SystemJobService. Must override in a subclass.
02-14 18:49:38.400 17283 17283 W JobService: onNetworkChanged() not implemented in androidx.work.impl.background.systemjob.SystemJobService. Must override in a subclass.
02-14 18:54:13.055 17283 17283 W JobService: onNetworkChanged() not implemented in androidx.work.impl.background.systemjob.SystemJobService. Must override in a subclass.
02-14 18:54:13.056 17283 17283 W JobService: onNetworkChanged() not implemented in androidx.work.impl.background.systemjob.SystemJobService. Must override in a subclass.
02-14 18:54:22.878 17283 17648 W WM-SystemJobScheduler: Unable to schedule work ID f06b8756-2099-4c42-b522-76b33d3b3da4
02-14 18:54:52.933 17283 17648 W WM-SystemJobScheduler: Unable to schedule work ID 58e0ef71-9920-494a-a992-5f357bdfae80
02-14 18:54:59.322 17283 17661 W WM-SystemJobScheduler: Unable to schedule work ID 59ff614c-4f58-432c-a970-62d0f91f0124
02-14 19:22:22.233 17283 17283 W JobService: onNetworkChanged() not implemented in androidx.work.impl.background.systemjob.SystemJobService. Must override in a subclass.
02-14 19:24:22.562 17283 17283 W JobService: onNetworkChanged() not implemented in androidx.work.impl.background.systemjob.SystemJobService. Must override in a subclass.
02-14 19:25:22.593 17283 17283 W JobService: onNetworkChanged() not implemented in androidx.work.impl.background.systemjob.SystemJobService. Must override in a subclass.
02-14 19:28:35.313 17283 17283 W JobService: onNetworkChanged() not implemented in androidx.work.impl.background.systemjob.SystemJobService. Must override in a subclass.
02-14 19:29:13.930 17283 17283 W JobService: onNetworkChanged() not implemented in androidx.work.impl.background.systemjob.SystemJobService. Must override in a subclass.
02-14 19:29:41.387 17283 17660 W WM-SystemJobScheduler: Unable to schedule work ID aa83af23-df17-4357-a4f0-f1ed459740a2
02-14 19:29:45.614 17283 17661 W WM-SystemJobScheduler: Unable to schedule work ID abc5a19a-9882-4737-b828-302f31608797
02-14 19:30:15.658 17283 17660 W WM-SystemJobScheduler: Unable to schedule work ID bf32310d-6dc9-4615-a2d1-530c5ad0c468
02-14 19:30:18.821 17283 17660 W WM-SystemJobScheduler: Unable to schedule work ID 6c9dd015-fbac-43bb-a135-f72d079d4857
02-14 19:30:48.921 17283 17660 W WM-SystemJobScheduler: Unable to schedule work ID 2f2c1e34-c408-4f1b-a61b-4af1cbbf1903
02-14 19:31:01.945 17283 17648 W WM-SystemJobScheduler: Unable to schedule work ID 2eadabb7-f4bf-44c6-9b24-6ffbf43b3dc9
02-14 19:31:05.390 17283 17283 W JobService: onNetworkChanged() not implemented in androidx.work.impl.background.systemjob.SystemJobService. Must override in a subclass.
02-14 19:31:32.020 17283 17661 W WM-SystemJobScheduler: Unable to schedule work ID e542decc-c46b-4df0-a726-b429f86cb719
02-14 19:31:49.053 17283 17662 W WM-SystemJobScheduler: Unable to schedule work ID 8443c9dd-bd42-4066-a1b1-a78af73e8e4e
02-14 19:32:19.118 17283 17661 W WM-SystemJobScheduler: Unable to schedule work ID fc9a9cb7-2565-4d5d-8204-df661dc727c7
02-14 19:32:20.358 17283 17648 W WM-SystemJobScheduler: Unable to schedule work ID 7dbfbc24-4d93-4b31-ae99-0e1231a93f37
02-14 19:32:50.409 17283 17660 W WM-SystemJobScheduler: Unable to schedule work ID c2454e7c-6494-4252-b9dd-ee6b8cc98d28
02-14 19:36:13.440 17283 17611 E SQLiteDatabase: Error inserting transferred=0 media_job_uuid=b52d0dcf-e1c3-40b7-83c8-48ba6eecfa2b transcoded=0 gif_attribution=0 first_scan_length=0 direct_path=/v/t62.7119- 24/33501936_1556998485055591_2519445119838973463_n.enc?ccb=11- 4&oh=01_AdTaUfCqerRSzGQ724AxFnYweSvRY3H5Gfrv2NWVrni4qQ&oe=65F4ADB3&_nc_sid=5e03e0 thumbnail_height_width_ratio=0.7916667 is_animated_sticker=0 file_hash=ZTJZ0tz6IsPKGO5GGcqbWwyOAKdMOjAjIoN/jr+Xl2g= file_path=null file_size=0 partial_media_hash=null face_x=0 face_y=0 height=0 trim_to=0 media_key_timestamp=1707950146000 message_url=https://mmg.whatsapp.net/v/t62.7119- 24/33501936_1556998485055591_2519445119838973463_n.enc?ccb=11- 4&oh=01_AdTaUfCqerRSzGQ724AxFnYweSvRY3H5Gfrv2NWVrni4qQ&oe=65F4ADB3&_nc_sid=5e03e0&m ms3=true media_caption=null trim_from=0 mime_type=application/pdf partial_media_enc_hash=null width=0 original_file_hash=null has_streaming_sidecar=0 autotransfer_retry_enabled=0 media_upload_handle=null message_row_id=203750 multicast_id=null enc_file_hash=ezmUyX3Fs37LSjXBmyo3YVHHCrJ8sEjoKUgzgx4V8R8= mute_video=0 page_count=84 first_scan_sidecar=null suspicious_content=0 file_length=11770646 media_name=Dia Internacional da Mulher.pdf media_duration=0 chat_row_id=4101 media_key=[B@506edeb
02-14 19:36:13.440 17283 17611 E SQLiteDatabase: android.database.sqlite.SQLiteConstraintException: UNIQUE constraint failed: message_media.message_row_id (code 1555 SQLITE_CONSTRAINT_PRIMARYKEY[1555])
02-14 19:36:13.440 17283 17611 E SQLiteDatabase: at android.database.sqlite.SQLiteConnection.nativeExecuteForLastInsertedRowId(Native Method)
02-14 19:36:13.440 17283 17611 E SQLiteDatabase: at android.database.sqlite.SQLiteConnection.executeForLastInsertedRowId(SQLiteConnecti on.java:1293)
02-14 19:36:13.440 17283 17611 E SQLiteDatabase: at android.database.sqlite.SQLiteSession.executeForLastInsertedRowId(SQLiteSession.jav a:790)
02-14 19:36:13.440 17283 17611 E SQLiteDatabase: at android.database.sqlite.SQLiteStatement.executeInsert(SQLiteStatement.java:89)
02-14 19:36:13.440 17283 17611 E SQLiteDatabase: at android.database.sqlite.SQLiteDatabase.insertWithOnConflict(SQLiteDatabase.java:243 4)
02-14 19:36:13.440 17283 17611 E SQLiteDatabase: at android.database.sqlite.SQLiteDatabase.insert(SQLiteDatabase.java:2303)
02-14 19:36:13.440 17283 17611 E SQLiteDatabase: at X.2tm.A08(Unknown Source:6)
02-14 19:36:13.440 17283 17611 E SQLiteDatabase: at X.35Y.A07(Unknown Source:212)
02-14 19:36:13.440 17283 17611 E SQLiteDatabase: at X.3QF.A14(Unknown Source:470)
02-14 19:36:13.440 17283 17611 E SQLiteDatabase: at X.3gU.run(Unknown Source:982)
02-14 19:36:13.440 17283 17611 E SQLiteDatabase: at android.os.Handler.handleCallback(Handler.java:958)
02-14 19:36:13.440 17283 17611 E SQLiteDatabase: at android.os.Handler.dispatchMessage(Handler.java:99)
02-14 19:36:13.440 17283 17611 E SQLiteDatabase: at X.0zq.dispatchMessage(Unknown Source:4)
02-14 19:36:13.440 17283 17611 E SQLiteDatabase: at android.os.Looper.loopOnce(Looper.java:230)
02-14 19:36:13.440 17283 17611 E SQLiteDatabase: at android.os.Looper.loop(Looper.java:319)
02-14 19:36:13.440 17283 17611 E SQLiteDatabase: at android.os.HandlerThread.run(HandlerThread.java:67)
02-14 19:36:13.620 17283 17611 E SQLiteDatabase: Error inserting transferred=0 media_job_uuid=57dbdb4f-659d-4aaa-b01a-0eab2f4e0de0 transcoded=0 gif_attribution=0 first_scan_length=0 direct_path=/v/t62.7119- 24/33360444_385995380796911_3034969282672138339_n.enc?ccb=11- 4&oh=01_AdS6xRP16kSst4Im1M3jc0_-6t5mAH8FE2q_M4a6_oAoFQ&oe=65F4AD17&_nc_sid=5e03e0 thumbnail_height_width_ratio=0.8229167 is_animated_sticker=0 file_hash=nI4CTDwmj+9HkadBVRRlJ1DNHyFrzVMj3eDUVEamFJg= file_path=null file_size=0 partial_media_hash=null face_x=0 face_y=0 height=0 trim_to=0 media_key_timestamp=1707950146000 message_url=https://mmg.whatsapp.net/v/t62.7119- 24/33360444_385995380796911_3034969282672138339_n.enc?ccb=11- 4&oh=01_AdS6xRP16kSst4Im1M3jc0_- 6t5mAH8FE2q_M4a6_oAoFQ&oe=65F4AD17&_nc_sid=5e03e0&mms3=true media_caption=null trim_from=0 mime_type=application/pdf partial_media_enc_hash=null width=0 original_file_hash=null has_streaming_sidecar=0 autotransfer_retry_enabled=0 media_upload_handle=null message_row_id=203751 multicast_id=null enc_file_hash=kEAuMmSEhylXU7MxE3Dr2lrfvQPqC/L9Am2IPrtGxCE= mute_video=0 page_count=389 first_scan_sidecar=null suspicious_content=0 file_length=36101710 media_name=Dia das Mães.pdf media_duration=0 chat_row_id=4101 media_key=[B@2a02b42
02-14 19:36:13.620 17283 17611 E SQLiteDatabase: android.database.sqlite.SQLiteConstraintException: UNIQUE constraint failed: message_media.message_row_id (code 1555 SQLITE_CONSTRAINT_PRIMARYKEY[1555])
02-14 19:36:13.620 17283 17611 E SQLiteDatabase: at android.database.sqlite.SQLiteConnection.nativeExecuteForLastInsertedRowId(Native Method)
02-14 19:36:13.620 17283 17611 E SQLiteDatabase: at android.database.sqlite.SQLiteConnection.executeForLastInsertedRowId(SQLiteConnecti on.java:1293)
02-14 19:36:13.620 17283 17611 E SQLiteDatabase: at android.database.sqlite.SQLiteSession.executeForLastInsertedRowId(SQLiteSession.jav a:790)
02-14 19:36:13.620 17283 17611 E SQLiteDatabase: at android.database.sqlite.SQLiteStatement.executeInsert(SQLiteStatement.java:89)
02-14 19:36:13.620 17283 17611 E SQLiteDatabase: at android.database.sqlite.SQLiteDatabase.insertWithOnConflict(SQLiteDatabase.java:243 4)
02-14 19:36:13.620 17283 17611 E SQLiteDatabase: at android.database.sqlite.SQLiteDatabase.insert(SQLiteDatabase.java:2303)
02-14 19:36:13.620 17283 17611 E SQLiteDatabase: at X.2tm.A08(Unknown Source:6)
02-14 19:36:13.620 17283 17611 E SQLiteDatabase: at X.35Y.A07(Unknown Source:212)
02-14 19:36:13.620 17283 17611 E SQLiteDatabase: at X.3QF.A14(Unknown Source:470)
02-14 19:36:13.620 17283 17611 E SQLiteDatabase: at X.3gU.run(Unknown Source:982)
02-14 19:36:13.620 17283 17611 E SQLiteDatabase: at android.os.Handler.handleCallback(Handler.java:958)
02-14 19:36:13.620 17283 17611 E SQLiteDatabase: at android.os.Handler.dispatchMessage(Handler.java:99)
02-14 19:36:13.620 17283 17611 E SQLiteDatabase: at X.0zq.dispatchMessage(Unknown Source:4)
02-14 19:36:13.620 17283 17611 E SQLiteDatabase: at android.os.Looper.loopOnce(Looper.java:230)
02-14 19:36:13.620 17283 17611 E SQLiteDatabase: at android.os.Looper.loop(Looper.java:319)
02-14 19:36:13.620 17283 17611 E SQLiteDatabase: at android.os.HandlerThread.run(HandlerThread.java:67)
02-14 19:39:32.511 17283 17283 W JobService: onNetworkChanged() not implemented in androidx.work.impl.background.systemjob.SystemJobService. Must override in a subclass.
02-14 19:39:32.511 17283 17283 W JobService: onNetworkChanged() not implemented in androidx.work.impl.background.systemjob.SystemJobService. Must override in a subclass.
02-14 19:39:54.004 17283 17648 W WM-SystemJobScheduler: Unable to schedule work ID 780cfc85-8118-4709-ab80-a8517dce4d94
02-14 19:40:24.057 17283 17662 W WM-SystemJobScheduler: Unable to schedule work ID 2e58f9ef-55fa-4fef-a446-95c8d1b075a6
02-14 19:40:25.976 17283 17661 W WM-SystemJobScheduler: Unable to schedule work ID 390ce9b4-9820-447f-999b-7a6b0fd39eda
02-14 19:40:56.057 17283 17648 W WM-SystemJobScheduler: Unable to schedule work ID 6ff8d9d1-1f0d-4b1d-83da-3f21520ce084
02-14 19:40:58.724 17283 17662 W WM-SystemJobScheduler: Unable to schedule work ID 7e64cfdc-6c65-4c0b-959b-4768b915d1a6
02-14 19:41:28.768 17283 17661 W WM-SystemJobScheduler: Unable to schedule work ID 975a70b7-10c4-46f7-b1d7-d91abf4185b5
02-14 19:41:30.367 17283 17660 W WM-SystemJobScheduler: Unable to schedule work ID 51a4ade7-b401-4fff-887d-5f219e69ad81
02-14 19:42:00.430 17283 17660 W WM-SystemJobScheduler: Unable to schedule work ID 0f52bb95-83b8-4284-93d7-a1b07c5b219d
02-14 19:42:10.094 17283 17660 W WM-SystemJobScheduler: Unable to schedule work ID a4348b4b-52c1-4b3a-932c-bee2336cae4c
02-14 19:42:40.157 17283 17662 W WM-SystemJobScheduler: Unable to schedule work ID ca0b8e99-c0a9-40f1-bcaa-1e2ee89ee010
02-14 19:42:58.427 17283 17660 W WM-SystemJobScheduler: Unable to schedule work ID dbba4270-592a-45b0-aeaa-ac57938c5649
02-14 19:43:28.462 17283 17661 W WM-SystemJobScheduler: Unable to schedule work ID 8a4f8769-032a-49b4-8202-b36ea72560d7
02-14 19:43:38.560 17283 17661 W WM-SystemJobScheduler: Unable to schedule work ID f7142f04-8a75-472a-b75d-429b8ddf3f6f
02-14 19:44:08.610 17283 17662 W WM-SystemJobScheduler: Unable to schedule work ID 52751f51-f864-4c37-b5eb-41dd8129d909
02-14 19:44:21.260 17283 17648 W WM-SystemJobScheduler: Unable to schedule work ID a1aff2d4-7837-4427-90f1-a05394bec668
02-14 19:44:56.259 17283 17283 W JobService: onNetworkChanged() not implemented in androidx.work.impl.background.systemjob.SystemJobService. Must override in a subclass.
02-14 19:45:21.326 17283 17661 W WM-SystemJobScheduler: Unable to schedule work ID b7fcc97c-1762-4ef3-9abc-0aa6672cc483
02-14 19:45:41.364 17283 17662 W WM-SystemJobScheduler: Unable to schedule work ID cb512aac-35ef-48c9-b945-54e2568c52fa
02-14 19:46:11.424 17283 17660 W WM-SystemJobScheduler: Unable to schedule work ID 74073a1c-50fb-4588-98e2-acffef1ea128
02-14 19:46:51.494 17283 17661 W WM-SystemJobScheduler: Unable to schedule work ID a831c34f-e37f-4f12-affe-c1c1c2082bc3
02-14 19:47:21.561 17283 17660 W WM-SystemJobScheduler: Unable to schedule work ID 01141f55-6ef9-4fa9-829b-8c275e620ca8
02-14 19:47:22.827 17283 17661 W WM-SystemJobScheduler: Unable to schedule work ID af15bc8f-1d19-493b-9107-9cdd067fcb37
02-14 19:47:52.890 17283 17661 W WM-SystemJobScheduler: Unable to schedule work ID 4dd8e681-e4e2-4b7c-88d7-127aea98d61a
02-14 19:47:57.751 17283 17648 W WM-SystemJobScheduler: Unable to schedule work ID ab2339d2-3346-4465-9171-9dbe8efd70b5
02-14 19:48:27.808 17283 17662 W WM-SystemJobScheduler: Unable to schedule work ID 547e7820-183e-4c71-966a-971cb42691c5
02-14 19:51:15.007 17283 17283 W JobService: onNetworkChanged() not implemented in androidx.work.impl.background.systemjob.SystemJobService. Must override in a subclass.
02-14 19:52:15.042 17283 17283 W JobService: onNetworkChanged() not implemented in androidx.work.impl.background.systemjob.SystemJobService. Must override in a subclass.
02-14 19:52:33.476 17283 17283 W JobService: onNetworkChanged() not implemented in androidx.work.impl.background.systemjob.SystemJobService. Must override in a subclass.
02-14 19:52:33.476 17283 17283 W JobService: onNetworkChanged() not implemented in androidx.work.impl.background.systemjob.SystemJobService. Must override in a subclass.
