02-14 16:37:22.236 16371 16371 E ArmVmp : Match on catch block at 0xc3 in for 0x7e07691025
02-14 16:37:22.242 16371 16371 E ArmVmp : Match on catch block at 0xc3 in for 0x7e07691025
02-14 16:37:22.436 16371 16371 E ArmVmp : Match on catch block at 0xc3 in for 0x7e07691025
02-14 16:37:22.442 16371 16371 E ArmVmp : Match on catch block at 0xc3 in for 0x7e07691025
02-14 16:37:22.552 16371 16371 E ArmVmp : Match on catch block at 0xc3 in for 0x7e07691025
02-14 16:37:22.557 16371 16371 E ArmVmp : Match on catch block at 0xc3 in for 0x7e07691025
02-14 16:37:22.786 16371 16371 E ArmVmp : Match on catch block at 0xc3 in for 0x7e07691025
02-14 16:37:22.792 16371 16371 E ArmVmp : Match on catch block at 0xc3 in for 0x7e07691025
02-14 16:37:22.802 16371 16371 E ArmVmp : Match on catch block at 0xc3 in for 0x7e07691025
02-14 16:37:22.808 16371 16371 E ArmVmp : Match on catch block at 0xc3 in for 0x7e07691025
02-14 16:37:23.269 16371 16371 E ArmVmp : Match on catch block at 0xc3 in for 0x7e07691025
02-14 16:37:23.276 16371 16371 E ArmVmp : Match on catch block at 0xc3 in for 0x7e07691025
02-14 16:37:23.286 16371 16371 E ArmVmp : Match on catch block at 0xc3 in for 0x7e07691025
02-14 16:37:23.292 16371 16371 E ArmVmp : Match on catch block at 0xc3 in for 0x7e07691025
02-14 16:37:23.295 16371 16371 E SpannableStringBuilder: SPAN_EXCLUSIVE_EXCLUSIVE spans cannot have a zero length
02-14 16:37:23.636 16371 16371 E ArmVmp : Match on catch block at 0xc3 in for 0x7e07691025
02-14 16:37:23.645 16371 16371 E ArmVmp : Match on catch block at 0xc3 in for 0x7e07691025
02-14 16:37:23.653 16371 16371 E ArmVmp : Match on catch block at 0xc3 in for 0x7e07691025
02-14 16:37:23.659 16371 16371 E ArmVmp : Match on catch block at 0xc3 in for 0x7e07691025
02-14 16:37:23.869 16371 16371 E ArmVmp : Match on catch block at 0xc3 in for 0x7e07691025
02-14 16:37:23.875 16371 16371 E ArmVmp : Match on catch block at 0xc3 in for 0x7e07691025
02-14 16:37:23.886 16371 16371 E ArmVmp : Match on catch block at 0xc3 in for 0x7e07691025
02-14 16:37:23.891 16371 16371 E ArmVmp : Match on catch block at 0xc3 in for 0x7e07691025
02-14 16:37:23.895 16371 16371 E SpannableStringBuilder: SPAN_EXCLUSIVE_EXCLUSIVE spans cannot have a zero length
02-14 16:37:23.986 16371 16371 E ArmVmp : Match on catch block at 0xc3 in for 0x7e07691025
02-14 16:37:23.990 16371 16371 E ArmVmp : Match on catch block at 0xc3 in for 0x7e07691025
02-14 16:37:24.003 16371 16371 E ArmVmp : Match on catch block at 0xc3 in for 0x7e07691025
02-14 16:37:24.008 16371 16371 E ArmVmp : Match on catch block at 0xc3 in for 0x7e07691025
02-14 16:37:24.086 16371 16371 E ArmVmp : Match on catch block at 0xc3 in for 0x7e07691025
02-14 16:37:24.092 16371 16371 E ArmVmp : Match on catch block at 0xc3 in for 0x7e07691025
02-14 16:37:24.103 16371 16371 E ArmVmp : Match on catch block at 0xc3 in for 0x7e07691025
02-14 16:37:24.108 16371 16371 E ArmVmp : Match on catch block at 0xc3 in for 0x7e07691025
02-14 16:37:24.203 16371 16371 E ArmVmp : Match on catch block at 0xc3 in for 0x7e07691025
02-14 16:37:24.209 16371 16371 E ArmVmp : Match on catch block at 0xc3 in for 0x7e07691025
02-14 16:37:24.219 16371 16371 E ArmVmp : Match on catch block at 0xc3 in for 0x7e07691025
02-14 16:37:24.226 16371 16371 E ArmVmp : Match on catch block at 0xc3 in for 0x7e07691025
02-14 16:37:24.286 16371 16371 E ArmVmp : Match on catch block at 0xc3 in for 0x7e07691025
02-14 16:37:24.292 16371 16371 E ArmVmp : Match on catch block at 0xc3 in for 0x7e07691025
02-14 16:37:24.303 16371 16371 E ArmVmp : Match on catch block at 0xc3 in for 0x7e07691025
02-14 16:37:24.309 16371 16371 E ArmVmp : Match on catch block at 0xc3 in for 0x7e07691025
02-14 16:37:24.313 16371 16371 E SpannableStringBuilder: SPAN_EXCLUSIVE_EXCLUSIVE spans cannot have a zero length
02-14 16:37:24.585 16371 16371 E ArmVmp : Match on catch block at 0xc3 in for 0x7e07691025
02-14 16:37:24.589 16371 16371 E ArmVmp : Match on catch block at 0xc3 in for 0x7e07691025
02-14 16:37:24.602 16371 16371 E ArmVmp : Match on catch block at 0xc3 in for 0x7e07691025
02-14 16:37:24.605 16371 16371 E ArmVmp : Match on catch block at 0xc3 in for 0x7e07691025
02-14 16:37:24.668 16371 16371 E ArmVmp : Match on catch block at 0xc3 in for 0x7e07691025
02-14 16:37:24.671 16371 16371 E ArmVmp : Match on catch block at 0xc3 in for 0x7e07691025
02-14 16:37:24.685 16371 16371 E ArmVmp : Match on catch block at 0xc3 in for 0x7e07691025
02-14 16:37:24.688 16371 16371 E ArmVmp : Match on catch block at 0xc3 in for 0x7e07691025
02-14 16:37:24.785 16371 16371 E ArmVmp : Match on catch block at 0xc3 in for 0x7e07691025
02-14 16:37:24.790 16371 16371 E ArmVmp : Match on catch block at 0xc3 in for 0x7e07691025
02-14 16:37:24.802 16371 16371 E ArmVmp : Match on catch block at 0xc3 in for 0x7e07691025
02-14 16:37:24.805 16371 16371 E ArmVmp : Match on catch block at 0xc3 in for 0x7e07691025
02-14 16:37:24.868 16371 16371 E ArmVmp : Match on catch block at 0xc3 in for 0x7e07691025
02-14 16:37:24.872 16371 16371 E ArmVmp : Match on catch block at 0xc3 in for 0x7e07691025
02-14 16:37:24.885 16371 16371 E ArmVmp : Match on catch block at 0xc3 in for 0x7e07691025
02-14 16:37:24.888 16371 16371 E ArmVmp : Match on catch block at 0xc3 in for 0x7e07691025
02-14 16:37:25.002 16371 16371 E ArmVmp : Match on catch block at 0xc3 in for 0x7e07691025
02-14 16:37:25.006 16371 16371 E ArmVmp : Match on catch block at 0xc3 in for 0x7e07691025
02-14 16:37:25.019 16371 16371 E ArmVmp : Match on catch block at 0xc3 in for 0x7e07691025
02-14 16:37:25.022 16371 16371 E ArmVmp : Match on catch block at 0xc3 in for 0x7e07691025
02-14 16:37:25.196 16371 16371 E ArmVmp : Match on catch block at 0xc3 in for 0x7e07691025
02-14 16:37:25.199 16371 16371 E ArmVmp : Match on catch block at 0xc3 in for 0x7e07691025
02-14 16:37:25.220 16371 16371 E ArmVmp : Match on catch block at 0xc3 in for 0x7e07691025
02-14 16:37:25.226 16371 16371 E ArmVmp : Match on catch block at 0xc3 in for 0x7e07691025
02-14 16:37:25.352 16371 16371 E ArmVmp : Match on catch block at 0xc3 in for 0x7e07691025
02-14 16:37:25.359 16371 16371 E ArmVmp : Match on catch block at 0xc3 in for 0x7e07691025
02-14 16:37:25.369 16371 16371 E ArmVmp : Match on catch block at 0xc3 in for 0x7e07691025
02-14 16:37:25.375 16371 16371 E ArmVmp : Match on catch block at 0xc3 in for 0x7e07691025
02-14 16:37:25.620 16371 16371 E ArmVmp : Match on catch block at 0xc3 in for 0x7e07691025
02-14 16:37:25.625 16371 16371 E ArmVmp : Match on catch block at 0xc3 in for 0x7e07691025
02-14 16:37:25.636 16371 16371 E ArmVmp : Match on catch block at 0xc3 in for 0x7e07691025
02-14 16:37:25.642 16371 16371 E ArmVmp : Match on catch block at 0xc3 in for 0x7e07691025
02-14 16:37:25.646 16371 16371 E SpannableStringBuilder: SPAN_EXCLUSIVE_EXCLUSIVE spans cannot have a zero length
02-14 16:37:26.136 16371 16371 E ArmVmp : Match on catch block at 0xc3 in for 0x7e07691025
02-14 16:37:26.146 16371 16371 E ArmVmp : Match on catch block at 0xc3 in for 0x7e07691025
02-14 16:37:26.656 16371 16371 E ArmVmp : Match on catch block at 0xc3 in for 0x7e07691025
02-14 16:37:26.668 16371 16371 E ArmVmp : Match on catch block at 0xc3 in for 0x7e07691025
02-14 16:37:27.154 16371 16371 E ArmVmp : Match on catch block at 0xc3 in for 0x7e07691025
02-14 16:37:27.164 16371 16371 E ArmVmp : Match on catch block at 0xc3 in for 0x7e07691025
02-14 16:37:27.636 16371 16371 E ArmVmp : Match on catch block at 0xc3 in for 0x7e07691025
02-14 16:37:27.642 16371 16371 E ArmVmp : Match on catch block at 0xc3 in for 0x7e07691025
02-14 16:37:27.687 16371 16371 E ArmVmp : Match on catch block at 0xc3 in for 0x7e07691025
02-14 16:37:27.692 16371 16371 E ArmVmp : Match on catch block at 0xc3 in for 0x7e07691025
02-14 16:37:27.710 16371 16371 E ArmVmp : Match on catch block at 0xc3 in for 0x7e07691025
02-14 16:37:27.713 16371 16371 E ArmVmp : Match on catch block at 0xc3 in for 0x7e07691025
02-14 16:37:27.739 16371 16371 E ArmVmp : Match on catch block at 0xc3 in for 0x7e07691025
02-14 16:37:27.743 16371 16371 E ArmVmp : Match on catch block at 0xc3 in for 0x7e07691025
02-14 16:37:27.752 16371 16371 E ArmVmp : Match on catch block at 0xc3 in for 0x7e07691025
02-14 16:37:27.756 16371 16371 E ArmVmp : Match on catch block at 0xc3 in for 0x7e07691025
02-14 16:37:27.760 16371 16371 E SpannableStringBuilder: SPAN_EXCLUSIVE_EXCLUSIVE spans cannot have a zero length
02-14 16:37:27.777 16371 16371 E ArmVmp : Match on catch block at 0xc3 in for 0x7e07691025
02-14 16:37:27.782 16371 16371 E ArmVmp : Match on catch block at 0xc3 in for 0x7e07691025
02-14 16:37:27.790 16371 16371 E SpannableStringBuilder: SPAN_EXCLUSIVE_EXCLUSIVE spans cannot have a zero length
02-14 16:37:27.805 16371 16371 E ArmVmp : Match on catch block at 0xc3 in for 0x7e07691025
02-14 16:37:27.808 16371 16371 E ArmVmp : Match on catch block at 0xc3 in for 0x7e07691025
02-14 16:37:27.819 16371 16371 E ArmVmp : Match on catch block at 0xc3 in for 0x7e07691025
02-14 16:37:27.822 16371 16371 E ArmVmp : Match on catch block at 0xc3 in for 0x7e07691025
02-14 16:37:27.835 16371 16371 E ArmVmp : Match on catch block at 0xc3 in for 0x7e07691025
02-14 16:37:27.839 16371 16371 E ArmVmp : Match on catch block at 0xc3 in for 0x7e07691025
02-14 16:37:27.852 16371 16371 E ArmVmp : Match on catch block at 0xc3 in for 0x7e07691025
02-14 16:37:27.857 16371 16371 E ArmVmp : Match on catch block at 0xc3 in for 0x7e07691025
02-14 16:37:27.869 16371 16371 E ArmVmp : Match on catch block at 0xc3 in for 0x7e07691025
02-14 16:37:27.874 16371 16371 E ArmVmp : Match on catch block at 0xc3 in for 0x7e07691025
02-14 16:37:27.886 16371 16371 E ArmVmp : Match on catch block at 0xc3 in for 0x7e07691025
02-14 16:37:27.891 16371 16371 E ArmVmp : Match on catch block at 0xc3 in for 0x7e07691025
02-14 16:37:27.903 16371 16371 E ArmVmp : Match on catch block at 0xc3 in for 0x7e07691025
02-14 16:37:27.908 16371 16371 E ArmVmp : Match on catch block at 0xc3 in for 0x7e07691025
02-14 16:37:28.022 16371 16371 E ArmVmp : Match on catch block at 0xc3 in for 0x7e07691025
02-14 16:37:28.031 16371 16371 E ArmVmp : Match on catch block at 0xc3 in for 0x7e07691025
02-14 16:37:28.053 16371 9770 W MediaPlayer: Use of stream types is deprecated for operations other than volume control
02-14 16:37:28.053 16371 9770 W MediaPlayer: See the documentation of setAudioStreamType() for what to use instead with android.media.AudioAttributes to qualify your playback use case
02-14 16:37:28.054 16371 16371 E ArmVmp : Match on catch block at 0xc3 in for 0x7e07691025
02-14 16:37:28.060 16371 16371 E ArmVmp : Match on catch block at 0xc3 in for 0x7e07691025
02-14 16:37:28.088 16371 18552 W MediaPlayerNative: info/warning (10973, 0)
02-14 16:37:28.203 16371 16371 E ArmVmp : Match on catch block at 0xc3 in for 0x7e07691025
02-14 16:37:28.210 16371 16371 E ArmVmp : Match on catch block at 0xc3 in for 0x7e07691025
02-14 16:37:28.420 16371 16371 E ArmVmp : Match on catch block at 0xc3 in for 0x7e07691025
02-14 16:37:28.426 16371 16371 E ArmVmp : Match on catch block at 0xc3 in for 0x7e07691025
02-14 16:37:28.456 16371 16371 E ArmVmp : Match on catch block at 0xc3 in for 0x7e07691025
02-14 16:37:28.460 16371 16371 E ArmVmp : Match on catch block at 0xc3 in for 0x7e07691025
02-14 16:37:28.487 16371 16371 E ArmVmp : Match on catch block at 0xc3 in for 0x7e07691025
02-14 16:37:28.491 16371 16371 E ArmVmp : Match on catch block at 0xc3 in for 0x7e07691025
02-14 16:37:28.702 16371 16371 E ArmVmp : Match on catch block at 0xc3 in for 0x7e07691025
02-14 16:37:28.707 16371 16371 E ArmVmp : Match on catch block at 0xc3 in for 0x7e07691025
02-14 16:37:28.935 16371 16371 E ArmVmp : Match on catch block at 0xc3 in for 0x7e07691025
02-14 16:37:28.941 16371 16371 E ArmVmp : Match on catch block at 0xc3 in for 0x7e07691025
02-14 16:37:29.195 16371 16371 E ArmVmp : Match on catch block at 0xc3 in for 0x7e07691025
02-14 16:37:29.205 16371 16371 E ArmVmp : Match on catch block at 0xc3 in for 0x7e07691025
02-14 16:37:29.244 16371 16371 W WindowOnBackDispatcher: sendCancelIfRunning: isInProgress=falsecallback=ImeCallback=ImeOnBackInvokedCallback@195574840 Callback=android.window.IOnBackInvokedCallback$Stub$Proxy@3604d34
02-14 16:37:45.777 16371 16371 W JobService: onNetworkChanged() not implemented in androidx.work.impl.background.systemjob.SystemJobService. Must override in a subclass.
02-14 16:38:37.374 16371 16371 W JobService: onNetworkChanged() not implemented in androidx.work.impl.background.systemjob.SystemJobService. Must override in a subclass.
02-14 16:38:45.816 16371 16371 W JobService: onNetworkChanged() not implemented in androidx.work.impl.background.systemjob.SystemJobService. Must override in a subclass.
02-14 16:38:52.609 16371 16371 W JobService: onNetworkChanged() not implemented in androidx.work.impl.background.systemjob.SystemJobService. Must override in a subclass.
02-14 16:38:58.689 16371 16371 W JobService: onNetworkChanged() not implemented in androidx.work.impl.background.systemjob.SystemJobService. Must override in a subclass.
02-14 16:39:13.842 16371 16371 W JobService: onNetworkChanged() not implemented in androidx.work.impl.background.systemjob.SystemJobService. Must override in a subclass.
02-14 16:39:16.905 16371 16371 W JobService: onNetworkChanged()--------- beginning of main
02-14 16:39:23.025 16371 16371 W JobService: onNetworkChanged() not implemented in androidx.work.impl.background.systemjob.SystemJobService. Must override in a subclass.
02-14 16:39:26.047 16371 16371 W JobService: onNetworkChanged() not implemented in androidx.work.impl.background.systemjob.SystemJobService. Must override in a subclass.
02-14 16:39:29.088 16371 16371 W JobService: onNetworkChanged() not implemented in androidx.work.impl.background.systemjob.SystemJobService. Must override in a subclass.
02-14 16:40:11.016 16371 16371 W JobService: onNetworkChanged() not implemented in androidx.work.impl.background.systemjob.SystemJobService. Must override in a subclass.
02-14 16:41:11.016 16371 16371 W JobService: onNetworkChanged() not implemented in androidx.work.impl.background.systemjob.SystemJobService. Must override in a subclass.
02-14 16:42:11.022 16371 16371 W JobService: onNetworkChanged() not implemented in androidx.work.impl.background.systemjob.SystemJobService. Must override in a subclass.
02-14 16:43:28.156 16371 16371 W JobService: onNetworkChanged() not implemented in androidx.work.impl.background.systemjob.SystemJobService. Must override in a subclass.
02-14 16:44:28.166 16371 16371 W JobService: onNetworkChanged() not implemented in androidx.work.impl.background.systemjob.SystemJobService. Must override in a subclass.
02-14 16:44:55.227 16371 16371 W JobService: onNetworkChanged() not implemented in androidx.work.impl.background.systemjob.SystemJobService. Must override in a subclass.
02-14 16:45:28.174 16371 16371 W JobService: onNetworkChanged() not implemented in androidx.work.impl.background.systemjob.SystemJobService. Must override in a subclass.
02-14 16:46:10.807 16371 16371 W JobService: onNetworkChanged() not implemented in androidx.work.impl.background.systemjob.SystemJobService. Must override in a subclass.
02-14 16:46:10.808 16371 16371 W JobService: onNetworkChanged() not implemented in androidx.work.impl.background.systemjob.SystemJobService. Must override in a subclass.
02-14 16:46:19.076 16371 16480 W WM-SystemJobScheduler: Unable to schedule work ID 34c4e0ea-d06a-40ed-9760-02e5d4574d94
02-14 16:46:28.185 16371 16371 W JobService: onNetworkChanged() not implemented in androidx.work.impl.background.systemjob.SystemJobService. Must override in a subclass.
02-14 16:46:49.135 16371 16489 W WM-SystemJobScheduler: Unable to schedule work ID 4f837dbf-cf11-46c3-93e8-51a8cb0f2d7e
02-14 16:46:50.737 16371 16482 W WM-SystemJobScheduler: Unable to schedule work ID dc1f6688-3caa-464a-8b52-f2744e1c7cb3
02-14 16:47:20.800 16371 16489 W WM-SystemJobScheduler: Unable to schedule work ID 1ad6646b-0399-4b70-a5e0-ec8ed0c5bf61
02-14 16:47:36.994 16371 16482 W WM-SystemJobScheduler: Unable to schedule work ID 7a122ad7-1ffd-4365-829a-f872084ad87f
02-14 16:48:07.042 16371 16479 W WM-SystemJobScheduler: Unable to schedule work ID 8bfe6ab5-10a7-44b1-89b0-0bd965ecf13e
02-14 16:48:35.239 16371 16371 W JobService: onNetworkChanged() not implemented in androidx.work.impl.background.systemjob.SystemJobService. Must override in a subclass.
02-14 16:48:36.630 16371 16482 W WM-SystemJobScheduler: Unable to schedule work ID 9e0f96d1-2461-4e59-9519-684a2a360676
02-14 16:48:38.046 16371 16371 W JobService: onNetworkChanged() not implemented in androidx.work.impl.background.systemjob.SystemJobService. Must override in a subclass.
02-14 16:48:56.785 17283 17283 E com.whatsapp: Not starting debugger since process cannot load the jdwp agent.
02-14 16:48:57.409 17283 17283 W System.err: java.lang.ClassNotFoundException: mbmodsd.mbmodsw.ui.views.btn.BtnBK
02-14 16:48:57.416 17283 17283 W System.err: at java.lang.Runtime.nativeLoad(Native Method)
02-14 16:48:57.416 17283 17283 W System.err: at java.lang.Runtime.nativeLoad(Runtime.java:1126)
02-14 16:48:57.416 17283 17283 W System.err: at java.lang.Runtime.loadLibrary0(Runtime.java:1080)
02-14 16:48:57.416 17283 17283 W System.err: at java.lang.Runtime.loadLibrary0(Runtime.java:1003)
02-14 16:48:57.416 17283 17283 W System.err: at java.lang.System.loadLibrary(System.java:1661)
02-14 16:48:57.416 17283 17283 W System.err: at arm.EpicVm.<clinit>(Unknown Source:2)
02-14 16:48:57.416 17283 17283 W System.err: at java.lang.Class.newInstance(Native Method)
02-14 16:48:57.416 17283 17283 W System.err: at android.app.AppComponentFactory.instantiateApplication(AppComponentFactory.java:76)
02-14 16:48:57.416 17283 17283 W System.err: at androidx.core.app.CoreComponentFactory.instantiateApplication(Unknown Source:0)
02-14 16:48:57.416 17283 17283 W System.err: at android.app.Instrumentation.newApplication(Instrumentation.java:1282)
02-14 16:48:57.416 17283 17283 W System.err: at android.app.LoadedApk.makeApplicationInner(LoadedApk.java:1512)
02-14 16:48:57.416 17283 17283 W System.err: at android.app.LoadedApk.makeApplicationInner(LoadedApk.java:1449)
02-14 16:48:57.416 17283 17283 W System.err: at android.app.ActivityThread.handleBindApplication(ActivityThread.java:7625)
02-14 16:48:57.416 17283 17283 W System.err: at android.app.ActivityThread.-$ $Nest$mhandleBindApplication(Unknown Source:0)
02-14 16:48:57.416 17283 17283 W System.err: at android.app.ActivityThread$H.handleMessage(ActivityThread.java:2478)
02-14 16:48:57.416 17283 17283 W System.err: at android.os.Handler.dispatchMessage(Handler.java:106)
02-14 16:48:57.416 17283 17283 W System.err: at android.os.Looper.loopOnce(Looper.java:230)
02-14 16:48:57.416 17283 17283 W System.err: at android.os.Looper.loop(Looper.java:319)
02-14 16:48:57.416 17283 17283 W System.err: at android.app.ActivityThread.main(ActivityThread.java:8893)
02-14 16:48:57.416 17283 17283 W System.err: at java.lang.reflect.Method.invoke(Native Method)
02-14 16:48:57.416 17283 17283 W System.err: at com.android.internal.os.RuntimeInit$MethodAndArgsCaller.run(RuntimeInit.java:608)
02-14 16:48:57.416 17283 17283 W System.err: at com.android.internal.os.ZygoteInit.main(ZygoteInit.java:1103)
02-14 16:48:57.452 17283 17283 E CustomActivityOnCrash: IMPORTANT WARNING! You already have an UncaughtExceptionHandler, are you sure this is correct? If you use a custom UncaughtExceptionHandler, you must initialize it AFTER CustomActivityOnCrash! Installing anyway, but your original handler will not be called.
02-14 16:48:58.134 17283 17283 W com.whatsapp: Accessing hidden method Lcom/android/org/conscrypt/OpenSSLSocketImpl;->setUseSessionTickets(Z)V (max- target-q,core-platform-api, reflection, denied)
02-14 16:48:58.134 17283 17283 W com.whatsapp: Accessing hidden method Lcom/android/org/conscrypt/AbstractConscryptSocket;->setUseSessionTickets(Z)V (max- target-q, reflection, denied)
02-14 16:48:58.165 17579 17579 W libprocessgroup: Controller io is not found
02-14 16:48:58.165 17579 17579 W libprocessgroup: Controller io is not found
02-14 16:48:58.165 17579 17579 W libprocessgroup: Controller io is not found
02-14 16:48:58.167 17579 17579 W libprocessgroup: Unknown profile action: None
02-14 16:48:58.527 17283 17615 W com.whatsapp: Method void X.2rL.A03(java.lang.Integer) failed lock verification and will run slower.
02-14 16:48:58.527 17283 17615 W com.whatsapp: Common causes for lock verification issues are non-optimized dex code
02-14 16:48:58.527 17283 17615 W com.whatsapp: and incorrect proguard optimizations.
02-14 16:49:36.599 17283 17648 W WM-SystemJobScheduler: Unable to schedule work ID 0773c7d0-4aaf-4286-bf1a-cd14b6530714
02-14 16:49:58.818 17283 17661 W WM-SystemJobScheduler: Unable to schedule work ID f3fffeb5-ab91-4e9f-8a86-d4723b83fe99
02-14 16:50:11.192 17283 19213 W SQLiteLog: (28) double-quoted string literal: ""
02-14 16:50:17.091 17283 17283 W JobService: onNetworkChanged() not implemented in androidx.work.impl.background.systemjob.SystemJobService. Must override in a subclass.
02-14 16:50:28.912 17283 17648 W WM-SystemJobScheduler: Unable to schedule work ID 52323bb7-778e-48ff-83da-b5fe17b59bc0
02-14 16:50:29.785 17283 17660 W WM-SystemJobScheduler: Unable to schedule work ID fdb40c20-df22-4c56-8541-3ef8affbaa5d
02-14 16:50:59.873 17283 17662 W WM-SystemJobScheduler: Unable to schedule work ID 493094f4-6f1f-4537-a503-91d5bf1df98a
02-14 16:51:12.868 17283 17660 W WM-SystemJobScheduler: Unable to schedule work ID e5ac6d2f-86d8-4587-bc9c-bc6955ebae39
02-14 16:51:17.099 17283 17283 W JobService: onNetworkChanged() not implemented in androidx.work.impl.background.systemjob.SystemJobService. Must override in a subclass.
02-14 16:51:41.517 17283 17283 W JobService: onNetworkChanged() not implemented in androidx.work.impl.background.systemjob.SystemJobService. Must override in a subclass.
02-14 16:51:42.981 17283 17660 W WM-SystemJobScheduler: Unable to schedule work ID 531c6fab-aa1b-4876-919c-037c8e669527
02-14 16:51:45.587 17283 17283 W com.whatsapp: Method void X.0eU.A0h(X.0tK, boolean) failed lock verification and will run slower.
02-14 16:51:45.688 17283 17283 W com.whatsapp: Method void com.whatsapp.HomeActivity.A6e() failed lock verification and will run slower.
02-14 16:51:45.760 17283 17283 E ArmVmp : Match on catch block at 0xb0 in for 0x7e07691039
02-14 16:51:45.810 17283 17283 E ArmVmp : Match on catch block at 0xb0 in for 0x7e07691039
02-14 16:51:45.951 17283 17283 E ArmVmp : Match on catch block at 0x0a in for 0x7e07691031
02-14 16:51:45.965 17283 17283 E ArmVmp : Match on catch block at 0x0a in for 0x7e0769104d
02-14 16:51:45.984 17283 20376 W com.whatsapp: Accessing hidden method Lcom/android/org/conscrypt/ConscryptEngineSocket;->setUseSessionTickets(Z)V (max- target-q,core-platform-api, reflection, denied)
02-14 16:51:45.985 17283 20376 W com.whatsapp: Accessing hidden method Lcom/android/org/conscrypt/OpenSSLSocketImpl;->setUseSessionTickets(Z)V (max- target-q,core-platform-api, reflection, denied)
02-14 16:51:45.985 17283 20376 W com.whatsapp: Accessing hidden method Lcom/android/org/conscrypt/AbstractConscryptSocket;->setUseSessionTickets(Z)V (max- target-q, reflection, denied)
02-14 16:51:45.985 17283 20376 W com.whatsapp: Accessing hidden method Lcom/android/org/conscrypt/ConscryptEngineSocket;->setHostname(Ljava/lang/String;)V (max-target-q,core-platform-api, reflection, denied)
02-14 16:51:45.985 17283 20376 W com.whatsapp: Accessing hidden method Lcom/android/org/conscrypt/OpenSSLSocketImpl;->setHostname(Ljava/lang/String;)V (max-target-q,core-platform-api, reflection, denied)
02-14 16:51:45.985 17283 20376 W com.whatsapp: Accessing hidden method Lcom/android/org/conscrypt/AbstractConscryptSocket;->setHostname(Ljava/lang/ String;)V (max-target-q, reflection, denied)
02-14 16:51:45.985 17283 20376 W com.whatsapp: Accessing hidden method Lcom/android/org/conscrypt/OpenSSLSocketImpl;->setAlpnProtocols([B)V (max-target- q,core-platform-api, reflection, denied)
02-14 16:51:45.985 17283 20376 W com.whatsapp: Accessing hidden method Lcom/android/org/conscrypt/AbstractConscryptSocket;->setAlpnProtocols([B)V (max- target-q, reflection, denied)
02-14 16:51:46.005 17283 20376 W com.whatsapp: Accessing hidden method Lcom/android/org/conscrypt/OpenSSLSocketImpl;->getAlpnSelectedProtocol()[B (max- target-q,core-platform-api, reflection, denied)
02-14 16:51:46.005 17283 20376 W com.whatsapp: Accessing hidden method Lcom/android/org/conscrypt/AbstractConscryptSocket;->getAlpnSelectedProtocol()[B (max-target-q, reflection, denied)
02-14 16:51:46.028 17283 17692 E ArmVmp : No matching catch block at 0x07
02-14 16:51:46.029 17283 17692 E ArmVmp : Match on catch block at 0x02 in for 0x7e05506e05
02-14 16:51:46.037 17283 17692 W System.err: java.net.UnknownHostException: Unable to resolve host "pastebin.com": No address associated with hostname
02-14 16:51:46.038 17283 17692 W System.err: at java.net.Inet6AddressImpl.lookupHostByName(Inet6AddressImpl.java:156)
02-14 16:51:46.038 17283 17692 W System.err: at java.net.Inet6AddressImpl.lookupAllHostAddr(Inet6AddressImpl.java:103)
02-14 16:51:46.038 17283 17692 W System.err: at java.net.InetAddress.getAllByName(InetAddress.java:1152)
02-14 16:51:46.038 17283 17692 W System.err: at com.android.okhttp.Dns$1.lookup(Dns.java:41)
02-14 16:51:46.039 17283 17692 W System.err: at com.android.okhttp.internal.http.RouteSelector.resetNextInetSocketAddress(RouteSele ctor.java:178)
02-14 16:51:46.039 17283 17692 W System.err: at com.android.okhttp.internal.http.RouteSelector.nextProxy(RouteSelector.java:144)
02-14 16:51:46.039 17283 17692 W System.err: at com.android.okhttp.internal.http.RouteSelector.next(RouteSelector.java:86)
02-14 16:51:46.039 17283 17692 W System.err: at com.android.okhttp.internal.http.StreamAllocation.findConnection(StreamAllocation.j ava:176)
02-14 16:51:46.039 17283 17692 W System.err: at com.android.okhttp.internal.http.StreamAllocation.findHealthyConnection(StreamAlloc ation.java:128)
02-14 16:51:46.039 17283 17692 W System.err: at com.android.okhttp.internal.http.StreamAllocation.newStream(StreamAllocation.java:9 7)
02-14 16:51:46.039 17283 17692 W System.err: at com.android.okhttp.internal.http.HttpEngine.connect(HttpEngine.java:289)
02-14 16:51:46.039 17283 17692 W System.err: at com.android.okhttp.internal.http.HttpEngine.sendRequest(HttpEngine.java:232)
02-14 16:51:46.039 17283 17692 W System.err: at com.android.okhttp.internal.huc.HttpURLConnectionImpl.execute(HttpURLConnectionImpl .java:465)
02-14 16:51:46.039 17283 17692 W System.err: at com.android.okhttp.internal.huc.HttpURLConnectionImpl.getResponse(HttpURLConnection Impl.java:411)
02-14 16:51:46.039 17283 17692 W System.err: at com.android.okhttp.internal.huc.HttpURLConnectionImpl.getInputStream(HttpURLConnect ionImpl.java:248)
02-14 16:51:46.039 17283 17692 W System.err: at com.android.okhttp.internal.huc.DelegatingHttpsURLConnection.getInputStream(Delegat ingHttpsURLConnection.java:211)
02-14 16:51:46.039 17283 17692 W System.err: at com.android.okhttp.internal.huc.HttpsURLConnectionImpl.getInputStream(HttpsURLConne ctionImpl.java:30)
02-14 16:51:46.039 17283 17692 W System.err: at java.net.URL.openStream(URL.java:1072)
02-14 16:51:46.039 17283 17692 W System.err: at mbmodsd.mbmodsw.mbdialog.MBDialogMan.loadJsonFromUrl(Native Method)
02-14 16:51:46.039 17283 17692 W System.err: at mbmodsd.mbmodsw.mbdialog.MBDialogMan.access$000(Native Method)
02-14 16:51:46.039 17283 17692 W System.err: at mbmodsd.mbmodsw.mbdialog.MBDialogMan$FetchJsonTask.doInBackground(Native Method)
02-14 16:51:46.039 17283 17692 W System.err: at mbmodsd.mbmodsw.mbdialog.MBDialogMan$FetchJsonTask.doInBackground(Native Method)
02-14 16:51:46.039 17283 17692 W System.err: at android.os.AsyncTask$3.call(AsyncTask.java:394)
02-14 16:51:46.039 17283 17692 W System.err: at java.util.concurrent.FutureTask.run(FutureTask.java:264)
02-14 16:51:46.039 17283 17692 W System.err: at android.os.AsyncTask$SerialExecutor$1.run(AsyncTask.java:305)
02-14 16:51:46.039 17283 17692 W System.err: at java.util.concurrent.ThreadPoolExecutor.runWorker(ThreadPoolExecutor.java:1145)
02-14 16:51:46.039 17283 17692 W System.err: at java.util.concurrent.ThreadPoolExecutor$Worker.run(ThreadPoolExecutor.java:644)
02-14 16:51:46.039 17283 17692 W System.err: at java.lang.Thread.run(Thread.java:1012)
02-14 16:51:46.040 17283 17692 W System.err: Caused by: android.system.GaiException: android_getaddrinfo failed: EAI_NODATA (No address associated with hostname)
02-14 16:51:46.040 17283 17692 W System.err: at libcore.io.Linux.android_getaddrinfo(Native Method)
02-14 16:51:46.040 17283 17692 W System.err: at libcore.io.ForwardingOs.android_getaddrinfo(ForwardingOs.java:133)
02-14 16:51:46.040 17283 17692 W System.err: at libcore.io.BlockGuardOs.android_getaddrinfo(BlockGuardOs.java:222)
02-14 16:51:46.040 17283 17692 W System.err: at libcore.io.ForwardingOs.android_getaddrinfo(ForwardingOs.java:133)
02-14 16:51:46.040 17283 17692 W System.err: at java.net.Inet6AddressImpl.lookupHostByName(Inet6AddressImpl.java:135)
02-14 16:51:46.040 17283 17692 W System.err: ... 27 more
02-14 16:51:46.086 17283 17283 W libc : Access denied finding property "persist.dm.passive.display_brightness"
02-14 16:51:46.086 17283 17283 W libc : Access denied finding property "persist.dm.passive.ambient_brightness"
02-14 16:51:46.133 17283 17297 W com.whatsapp: Cleared Reference was only reachable from finalizer (only reported once)
02-14 16:51:46.256 17283 17663 W SQLiteLog: (28) double-quoted string literal: "20"
02-14 16:51:46.256 17283 17663 W SQLiteLog: (28) double-quoted string literal: "40"
02-14 16:51:46.404 17283 17283 E ArmVmp : Match on catch block at 0xb0 in for 0x7e0769103d
02-14 16:51:46.482 17283 17283 E ArmVmp : Match on catch block at 0xb0 in for 0x7e0769103d
02-14 16:51:46.520 17283 17283 E ArmVmp : Match on catch block at 0xb0 in for 0x7e0769103d
02-14 16:51:46.612 17283 20584 W ContextImpl: Failed to ensure /data/user/95/com.whatsapp/cache: chown failed: EPERM (Operation not permitted)
02-14 16:51:46.795 17283 17283 E ArmVmp : Match on catch block at 0xb0 in for 0x7e0769103d
02-14 16:51:46.938 17283 17283 E ArmVmp : Match on catch block at 0xb0 in for 0x7e0769103d
02-14 16:51:46.971 17283 17283 E ArmVmp : Match on catch block at 0xb0 in for 0x7e0769103d
02-14 16:51:46.998 17283 17283 E ArmVmp : Match on catch block at 0xb0 in for 0x7e0769103d
02-14 16:51:47.023 17283 17283 E ArmVmp : Match on catch block at 0xb0 in for 0x7e0769103d
02-14 16:51:47.048 17283 17283 E ArmVmp : Match on catch block at 0xb0 in for 0x7e0769103d
02-14 16:51:47.073 17283 17283 E ArmVmp : Match on catch block at 0xb0 in for 0x7e0769103d
02-14 16:51:47.098 17283 17283 E ArmVmp : Match on catch block at 0xb0 in for 0x7e0769103d
02-14 16:51:47.124 17283 17283 E ArmVmp : Match on catch block at 0xb0 in for 0x7e0769103d
02-14 16:51:47.143 17283 17283 E ArmVmp : Match on catch block at 0xb0 in for 0x7e0769103d
02-14 16:51:47.173 17283 17283 E ArmVmp : Match on catch block at 0xb0 in for 0x7e0769103d
02-14 16:51:47.198 17283 17283 E ArmVmp : Match on catch block at 0xb0 in for 0x7e0769103d
02-14 16:51:47.215 17283 17283 E ArmVmp : Match on catch block at 0xb0 in for 0x7e0769103d
02-14 16:51:47.233 17283 17283 E ArmVmp : Match on catch block at 0xb0 in for 0x7e0769103d
02-14 16:51:47.255 17283 17283 E ArmVmp : Match on catch block at 0xb0 in for 0x7e0769103d
02-14 16:51:47.277 17283 17283 E ViewRootImpl@cc7c2de[HomeActivity]: Surface is not valid.
02-14 16:51:47.301 17283 17283 E ViewRootImpl@cc7c2de[HomeActivity]: Surface is not valid.
02-14 16:51:47.304 17283 17283 E ArmVmp : Match on catch block at 0x0a in for 0x7e07691035
02-14 16:51:47.400 17283 20687 W LOTTIE : Animation contains merge paths. Merge paths are only supported on KitKat+ and must be manually enabled by calling enableMergePathsForKitKatAndAbove().
02-14 16:51:47.418 17283 17283 E ArmVmp : Match on catch block at 0xb0 in for 0x7e07691049
02-14 16:51:47.420 17283 17283 E ArmVmp : Match on catch block at 0xb0 in for 0x7e07691049
02-14 16:51:47.422 17283 17283 E ArmVmp : Match on catch block at 0xb0 in for 0x7e07691049
02-14 16:51:47.424 17283 17283 E ArmVmp : Match on catch block at 0xb0 in for 0x7e07691049
02-14 16:51:47.487 17283 17283 E ArmVmp : Match on catch block at 0xb0 in for 0x7e07691049
02-14 16:51:47.489 17283 17283 E ArmVmp : Match on catch block at 0xb0 in for 0x7e07691049
02-14 16:51:47.491 17283 17283 E ArmVmp : Match on catch block at 0xb0 in for 0x7e07691049
02-14 16:51:47.493 17283 17283 E ArmVmp : Match on catch block at 0xb0 in for 0x7e07691049
02-14 16:51:47.701 17283 17283 W WindowOnBackDispatcher: sendCancelIfRunning: isInProgress=falsecallback=android.view.ViewRootImpl$ $ExternalSyntheticLambda21@f4eabc0
02-14 16:51:47.735 17283 17283 E ArmVmp : Match on catch block at 0xb0 in for 0x7e07691039
02-14 16:51:47.758 17283 17283 E ArmVmp : Match on catch block at 0xb0 in for 0x7e07691039
02-14 16:51:47.822 17283 17283 E ArmVmp : Match on catch block at 0x0a in for 0x7e07691031
02-14 16:51:47.830 17283 17283 E ArmVmp : Match on catch block at 0x0a in for 0x7e0769104d
02-14 16:51:47.846 17283 17692 E ArmVmp : No matching catch block at 0x07
02-14 16:51:47.846 17283 17692 E ArmVmp : Match on catch block at 0x02 in for 0x7e05506e05
02-14 16:51:47.846 17283 17692 W System.err: java.net.UnknownHostException: Unable to resolve host "pastebin.com": No address associated with hostname
02-14 16:51:47.847 17283 17692 W System.err: at java.net.Inet6AddressImpl.lookupHostByName(Inet6AddressImpl.java:124)
02-14 16:51:47.847 17283 17692 W System.err: at java.net.Inet6AddressImpl.lookupAllHostAddr(Inet6AddressImpl.java:103)
02-14 16:51:47.847 17283 17692 W System.err: at java.net.InetAddress.getAllByName(InetAddress.java:1152)
02-14 16:51:47.847 17283 17692 W System.err: at com.android.okhttp.Dns$1.lookup(Dns.java:41)
02-14 16:51:47.847 17283 17692 W System.err: at com.android.okhttp.internal.http.RouteSelector.resetNextInetSocketAddress(RouteSele ctor.java:178)
02-14 16:51:47.847 17283 17692 W System.err: at com.android.okhttp.internal.http.RouteSelector.nextProxy(RouteSelector.java:144)
02-14 16:51:47.847 17283 17692 W System.err: at com.android.okhttp.internal.http.RouteSelector.next(RouteSelector.java:86)
02-14 16:51:47.847 17283 17692 W System.err: at com.android.okhttp.internal.http.StreamAllocation.findConnection(StreamAllocation.j ava:176)
02-14 16:51:47.847 17283 17692 W System.err: at com.android.okhttp.internal.http.StreamAllocation.findHealthyConnection(StreamAlloc ation.java:128)
02-14 16:51:47.847 17283 17692 W System.err: at com.android.okhttp.internal.http.StreamAllocation.newStream(StreamAllocation.java:9 7)
02-14 16:51:47.847 17283 17692 W System.err: at com.android.okhttp.internal.http.HttpEngine.connect(HttpEngine.java:289)
02-14 16:51:47.847 17283 17692 W System.err: at com.android.okhttp.internal.http.HttpEngine.sendRequest(HttpEngine.java:232)
02-14 16:51:47.847 17283 17692 W System.err: at com.android.okhttp.internal.huc.HttpURLConnectionImpl.execute(HttpURLConnectionImpl .java:465)
02-14 16:51:47.847 17283 17692 W System.err: at com.android.okhttp.internal.huc.HttpURLConnectionImpl.getResponse(HttpURLConnection Impl.java:411)
02-14 16:51:47.847 17283 17692 W System.err: at com.android.okhttp.internal.huc.HttpURLConnectionImpl.getInputStream(HttpURLConnect ionImpl.java:248)
02-14 16:51:47.847 17283 17692 W System.err: at com.android.okhttp.internal.huc.DelegatingHttpsURLConnection.getInputStream(Delegat ingHttpsURLConnection.java:211)
02-14 16:51:47.847 17283 17692 W System.err: at com.android.okhttp.internal.huc.HttpsURLConnectionImpl.getInputStream(HttpsURLConne ctionImpl.java:30)
02-14 16:51:47.847 17283 17692 W System.err: at java.net.URL.openStream(URL.java:1072)
02-14 16:51:47.847 17283 17692 W System.err: at mbmodsd.mbmodsw.mbdialog.MBDialogMan.loadJsonFromUrl(Native Method)
02-14 16:51:47.847 17283 17692 W System.err: at mbmodsd.mbmodsw.mbdialog.MBDialogMan.access$000(Native Method)
02-14 16:51:47.847 17283 17692 W System.err: at mbmodsd.mbmodsw.mbdialog.MBDialogMan$FetchJsonTask.doInBackground(Native Method)
02-14 16:51:47.847 17283 17692 W System.err: at mbmodsd.mbmodsw.mbdialog.MBDialogMan$FetchJsonTask.doInBackground(Native Method)
02-14 16:51:47.847 17283 17692 W System.err: at android.os.AsyncTask$3.call(AsyncTask.java:394)
02-14 16:51:47.847 17283 17692 W System.err: at java.util.concurrent.FutureTask.run(FutureTask.java:264)
02-14 16:51:47.847 17283 17692 W System.err: at android.os.AsyncTask$SerialExecutor$1.run(AsyncTask.java:305)
02-14 16:51:47.847 17283 17692 W System.err: at java.util.concurrent.ThreadPoolExecutor.runWorker(ThreadPoolExecutor.java:1145)
02-14 16:51:47.847 17283 17692 W System.err: at java.util.concurrent.ThreadPoolExecutor$Worker.run(ThreadPoolExecutor.java:644)
02-14 16:51:47.848 17283 17692 W System.err: at java.lang.Thread.run(Thread.java:1012)
02-14 16:51:47.884 17283 17663 W SQLiteLog: (28) double-quoted string literal: "20"
02-14 16:51:47.884 17283 17663 W SQLiteLog: (28) double-quoted string literal: "40"
02-14 16:51:47.954 17283 17283 W LOTTIE : Animation contains merge paths but they are disabled.
02-14 16:51:47.985 17283 17283 E ArmVmp : Match on catch block at 0xb0 in for 0x7e07691049
02-14 16:51:47.987 17283 17283 E ArmVmp : Match on catch block at 0xb0 in for 0x7e07691049
02-14 16:51:47.989 17283 17283 E ArmVmp : Match on catch block at 0xb0 in for 0x7e07691049
02-14 16:51:47.991 17283 17283 E ArmVmp : Match on catch block at 0xb0 in for 0x7e07691049
02-14 16:51:47.997 17283 17283 E ArmVmp : Match on catch block at 0xb0 in for 0x7e0769103d
02-14 16:51:48.016 17283 17283 E ArmVmp : Match on catch block at 0xb0 in for 0x7e0769103d
02-14 16:51:48.033 17283 17283 E ArmVmp : Match on catch block at 0xb0 in for 0x7e0769103d
02-14 16:51:48.049 17283 17283 E ArmVmp : Match on catch block at 0xb0 in for 0x7e0769103d
02-14 16:51:48.067 17283 17283 E ArmVmp : Match on catch block at 0xb0 in for 0x7e0769103d
02-14 16:51:48.085 17283 17283 E ArmVmp : Match on catch block at 0xb0 in for 0x7e0769103d
02-14 16:51:48.102 17283 17283 E ArmVmp : Match on catch block at 0xb0 in for 0x7e0769103d
02-14 16:51:48.120 17283 17283 E ArmVmp : Match on catch block at 0xb0 in for 0x7e0769103d
02-14 16:51:48.138 17283 17283 E ArmVmp : Match on catch block at 0xb0 in for 0x7e0769103d
02-14 16:51:48.154 17283 17283 E ArmVmp : Match on catch block at 0xb0 in for 0x7e07691049
02-14 16:51:48.156 17283 17283 E ArmVmp : Match on catch block at 0xb0 in for 0x7e07691049
02-14 16:51:48.158 17283 17283 E ArmVmp : Match on catch block at 0xb0 in for 0x7e07691049
02-14 16:51:48.160 17283 17283 E ArmVmp : Match on catch block at 0xb0 in for 0x7e07691049
02-14 16:51:48.165 17283 17283 E ArmVmp : Match on catch block at 0xb0 in for 0x7e0769103d
02-14 16:51:48.179 17283 17283 E ArmVmp : Match on catch block at 0xb0 in for 0x7e0769103d
02-14 16:51:48.194 17283 17283 E ArmVmp : Match on catch block at 0xb0 in for 0x7e0769103d
02-14 16:51:48.208 17283 17283 E ArmVmp : Match on catch block at 0xb0 in for 0x7e0769103d
02-14 16:51:48.221 17283 17283 E ArmVmp : Match on catch block at 0xb0 in for 0x7e0769103d
02-14 16:51:48.235 17283 17283 E ArmVmp : Match on catch block at 0xb0 in for 0x7e0769103d
02-14 16:51:48.248 17283 17283 E ArmVmp : Match on catch block at 0xb0 in for 0x7e0769103d
02-14 16:51:48.261 17283 17283 E ArmVmp : Match on catch block at 0xb0 in for 0x7e0769103d
02-14 16:51:48.275 17283 17283 E ArmVmp : Match on catch block at 0xb0 in for 0x7e0769103d
02-14 16:51:48.457 17283 17283 E ArmVmp : Match on catch block at 0x0a in for 0x7e07691035
02-14 16:51:48.640 17283 17283 E ArmVmp : Match on catch block at 0xb0 in for 0x7e0769103d
02-14 16:51:48.660 17283 17283 E ArmVmp : Match on catch block at 0xb0 in for 0x7e0769103d
02-14 16:51:48.683 17283 17283 E ArmVmp : Match on catch block at 0xb0 in for 0x7e0769103d
02-14 16:51:48.696 17283 17283 E ArmVmp : Match on catch block at 0xb0 in for 0x7e0769103d
02-14 16:51:48.713 17283 20709 W ContextImpl: Failed to ensure /data/user/95/com.whatsapp/cache: chown failed: EPERM (Operation not permitted)
02-14 16:51:49.738 17283 20716 E RenderScript: Failed to find hal setup entry points: undefined symbol: rsdHalAbort
02-14 16:51:49.739 17283 20716 E RenderScript: Failed to load runtime , loading default
02-14 16:51:49.879 17283 17283 E ArmVmp : Match on catch block at 0xb0 in for 0x7e07691039
02-14 16:51:49.882 17283 17283 E ArmVmp : Match on catch block at 0xb0 in for 0x7e07691039
02-14 16:51:49.915 17283 17283 E ArmVmp : Match on catch block at 0x0a in for 0x7e07691035
02-14 16:51:49.918 17283 17283 E ArmVmp : Match on catch block at 0x0a in for 0x7e07691035
02-14 16:51:50.048 17283 17283 W View : requestLayout() improperly called by X.4rg{93a9a71 V.E....L. ......ID 0,998-1080,2075} during layout: running second layout pass
02-14 16:51:50.048 17283 17283 W View : requestLayout() improperly called by android.widget.LinearLayout{b55c4 V.E...... ......ID 42,126-744,1063 #7f0b0e50 app:id/main_layout} during layout: running second layout pass
02-14 16:51:50.048 17283 17283 W View : requestLayout() improperly called by com.whatsapp.conversation.conversationrow.ConversationRowImage$RowImageView{8222be2 VFED..CL. ......ID 11,11-691,861 #7f0b0c84 app:id/image} during layout: running second layout pass
02-14 16:51:50.056 17283 17283 E ArmVmp : Match on catch block at 0xc3 in for 0x7e07691021
02-14 16:51:50.068 17283 17283 E ArmVmp : Match on catch block at 0xc3 in for 0x7e07691021
02-14 16:51:50.108 17283 17283 E ArmVmp : Match on catch block at 0xc3 in for 0x7e07691025
02-14 16:51:50.111 17283 17283 E ArmVmp : Match on catch block at 0xc3 in for 0x7e07691025
02-14 16:51:50.127 17283 17283 W View : requestLayout() improperly called by X.4rg{93a9a71 V.E....L. ........ 0,998-1080,2075} during second layout pass: posting in next frame
02-14 16:51:50.127 17283 17283 W View : requestLayout() improperly called by android.widget.LinearLayout{b55c4 V.E...... ........ 42,126-744,1063 #7f0b0e50 app:id/main_layout} during second layout pass: posting in next frame
02-14 16:51:50.129 17283 17283 E ArmVmp : Match on catch block at 0xc3 in for 0x7e07691025
02-14 16:51:50.132 17283 17283 E ArmVmp : Match on catch block at 0xc3 in for 0x7e07691025
02-14 16:51:50.144 17283 17283 E ArmVmp : Match on catch block at 0xc3 in for 0x7e07691025
02-14 16:51:50.148 17283 17283 E ArmVmp : Match on catch block at 0xc3 in for 0x7e07691025
02-14 16:51:50.156 17283 17283 E ArmVmp : Match on catch block at 0xc3 in for 0x7e07691025
02-14 16:51:50.159 17283 17283 E ArmVmp : Match on catch block at 0xc3 in for 0x7e07691025
02-14 16:51:50.241 17283 17283 E ArmVmp : Match on catch block at 0xc3 in for 0x7e07691025
02-14 16:51:50.246 17283 17283 E ArmVmp : Match on catch block at 0xc3 in for 0x7e07691025
02-14 16:51:50.256 17283 17283 E ArmVmp : Match on catch block at 0xc3 in for 0x7e07691025
02-14 16:51:50.260 17283 17283 E ArmVmp : Match on catch block at 0xc3 in for 0x7e07691025
02-14 16:51:50.323 17283 17283 E SpannableStringBuilder: SPAN_EXCLUSIVE_EXCLUSIVE spans cannot have a zero length
02-14 16:51:50.345 17283 19213 W SQLiteLog: (28) double-quoted string literal: ""
02-14 16:51:50.739 17283 17283 E ArmVmp : Match on catch block at 0xc3 in for 0x7e07691025
02-14 16:51:50.744 17283 17283 E ArmVmp : Match on catch block at 0xc3 in for 0x7e07691025
02-14 16:51:51.109 17283 17283 E ArmVmp : Match on catch block at 0xc3 in for 0x7e07691025
02-14 16:51:51.114 17283 17283 E ArmVmp : Match on catch block at 0xc3 in for 0x7e07691025
02-14 16:51:51.126 17283 17283 E ArmVmp : Match on catch block at 0xc3 in for 0x7e07691025
02-14 16:51:51.131 17283 17283 E ArmVmp : Match on catch block at 0xc3 in for 0x7e07691025
02-14 16:51:51.141 17283 17283 E ArmVmp : Match on catch block at 0xc3 in for 0x7e07691025
02-14 16:51:51.146 17283 17283 E ArmVmp : Match on catch block at 0xc3 in for 0x7e07691025
02-14 16:51:51.157 17283 17283 E ArmVmp : Match on catch block at 0xc3 in for 0x7e07691025
02-14 16:51:51.162 17283 17283 E ArmVmp : Match on catch block at 0xc3 in for 0x7e07691025
02-14 16:51:51.173 17283 17283 E ArmVmp : Match on catch block at 0xc3 in for 0x7e07691025
02-14 16:51:51.178 17283 17283 E ArmVmp : Match on catch block at 0xc3 in for 0x7e07691025
02-14 16:51:51.190 17283 17283 E ArmVmp : Match on catch block at 0xc3 in for 0x7e07691025
02-14 16:51:51.194 17283 17283 E ArmVmp : Match on catch block at 0xc3 in for 0x7e07691025
02-14 16:51:51.207 17283 17283 E ArmVmp : Match on catch block at 0xc3 in for 0x7e07691025
02-14 16:51:51.210 17283 17283 E ArmVmp : Match on catch block at 0xc3 in for 0x7e07691025
02-14 16:51:51.223 17283 17283 E ArmVmp : Match on catch block at 0xc3 in for 0x7e07691025
02-14 16:51:51.226 17283 17283 E ArmVmp : Match on catch block at 0xc3 in for 0x7e07691025
02-14 16:51:51.240 17283 17283 E ArmVmp : Match on catch block at 0xc3 in for 0x7e07691025
02-14 16:51:51.243 17283 17283 E ArmVmp : Match on catch block at 0xc3 in for 0x7e07691025
02-14 16:51:51.256 17283 17283 E ArmVmp : Match on catch block at 0xc3 in for 0x7e07691025
02-14 16:51:51.260 17283 17283 E ArmVmp : Match on catch block at 0xc3 in for 0x7e07691025
02-14 16:51:51.274 17283 17283 E ArmVmp : Match on catch block at 0xc3 in for 0x7e07691025
02-14 16:51:51.278 17283 17283 E ArmVmp : Match on catch block at 0xc3 in for 0x7e07691025
02-14 16:51:51.290 17283 17283 E ArmVmp : Match on catch block at 0xc3 in for 0x7e07691025
02-14 16:51:51.293 17283 17283 E ArmVmp : Match on catch block at 0xc3 in for 0x7e07691025
02-14 16:51:51.307 17283 17283 E ArmVmp : Match on catch block at 0xc3 in for 0x7e07691025
02-14 16:51:51.311 17283 17283 E ArmVmp : Match on catch block at 0xc3 in for 0x7e07691025
02-14 16:51:51.324 17283 17283 E ArmVmp : Match on catch block at 0xc3 in for 0x7e07691025
02-14 16:51:51.328 17283 17283 E ArmVmp : Match on catch block at 0xc3 in for 0x7e07691025
02-14 16:51:51.340 17283 17283 E ArmVmp : Match on catch block at 0xc3 in for 0x7e07691025
02-14 16:51:51.344 17283 17283 E ArmVmp : Match on catch block at 0xc3 in for 0x7e07691025
02-14 16:51:51.357 17283 17283 E ArmVmp : Match on catch block at 0xc3 in for 0x7e07691025
02-14 16:51:51.361 17283 17283 E ArmVmp : Match on catch block at 0xc3 in for 0x7e07691025
02-14 16:51:51.373 17283 17283 E ArmVmp : Match on catch block at 0xc3 in for 0x7e07691025
02-14 16:51:51.377 17283 17283 E ArmVmp : Match on catch block at 0xc3 in for 0x7e07691025
02-14 16:51:51.390 17283 17283 E ArmVmp : Match on catch block at 0xc3 in for 0x7e07691025
02-14 16:51:51.394 17283 17283 E ArmVmp : Match on catch block at 0xc3 in for 0x7e07691025
02-14 16:51:51.407 17283 17283 E ArmVmp : Match on catch block at 0xc3 in for 0x7e07691025
02-14 16:51:51.411 17283 17283 E ArmVmp : Match on catch block at 0xc3 in for 0x7e07691025
02-14 16:51:51.424 17283 17283 E ArmVmp : Match on catch block at 0xc3 in for 0x7e07691025
02-14 16:51:51.428 17283 17283 E ArmVmp : Match on catch block at 0xc3 in for 0x7e07691025
02-14 16:51:51.439 17283 17283 E ArmVmp : Match on catch block at 0xc3 in for 0x7e07691025
02-14 16:51:51.443 17283 17283 E ArmVmp : Match on catch block at 0xc3 in for 0x7e07691025
02-14 16:51:51.456 17283 17283 E ArmVmp : Match on catch block at 0xc3 in for 0x7e07691025
02-14 16:51:51.460 17283 17283 E ArmVmp : Match on catch block at 0xc3 in for 0x7e07691025
02-14 16:51:51.473 17283 17283 E ArmVmp : Match on catch block at 0xc3 in for 0x7e07691025
02-14 16:51:51.477 17283 17283 E ArmVmp : Match on catch block at 0xc3 in for 0x7e07691025
02-14 16:51:51.490 17283 17283 E ArmVmp : Match on catch block at 0xc3 in for 0x7e07691025
02-14 16:51:51.493 17283 17283 E ArmVmp : Match on catch block at 0xc3 in for 0x7e07691025
02-14 16:51:51.506 17283 17283 E ArmVmp : Match on catch block at 0xc3 in for 0x7e07691025
02-14 16:51:51.510 17283 17283 E ArmVmp : Match on catch block at 0xc3 in for 0x7e07691025
02-14 16:51:51.523 17283 17283 E ArmVmp : Match on catch block at 0xc3 in for 0x7e07691025
02-14 16:51:51.527 17283 17283 E ArmVmp : Match on catch block at 0xc3 in for 0x7e07691025
02-14 16:51:51.540 17283 17283 E ArmVmp : Match on catch block at 0xc3 in for 0x7e07691025
02-14 16:51:51.544 17283 17283 E ArmVmp : Match on catch block at 0xc3 in for 0x7e07691025
02-14 16:51:51.557 17283 17283 E ArmVmp : Match on catch block at 0xc3 in for 0x7e07691025
02-14 16:51:51.561 17283 17283 E ArmVmp : Match on catch block at 0xc3 in for 0x7e07691025
02-14 16:51:51.573 17283 17283 E ArmVmp : Match on catch block at 0xc3 in for 0x7e07691025
02-14 16:51:51.576 17283 17283 E ArmVmp : Match on catch block at 0xc3 in for 0x7e07691025
02-14 16:51:51.590 17283 17283 E ArmVmp : Match on catch block at 0xc3 in for 0x7e07691025
02-14 16:51:51.593 17283 17283 E ArmVmp : Match on catch block at 0xc3 in for 0x7e07691025
02-14 16:51:51.606 17283 17283 E ArmVmp : Match on catch block at 0xc3 in for 0x7e07691025
02-14 16:51:51.610 17283 17283 E ArmVmp : Match on catch block at 0xc3 in for 0x7e07691025
02-14 16:51:51.623 17283 17283 E ArmVmp : Match on catch block at 0xc3 in for 0x7e07691025
02-14 16:51:51.626 17283 17283 E ArmVmp : Match on catch block at 0xc3 in for 0x7e07691025
02-14 16:51:51.640 17283 17283 E ArmVmp : Match on catch block at 0xc3 in for 0x7e07691025
02-14 16:51:51.644 17283 17283 E ArmVmp : Match on catch block at 0xc3 in for 0x7e07691025
02-14 16:51:51.656 17283 17283 E ArmVmp : Match on catch block at 0xc3 in for 0x7e07691025
02-14 16:51:51.661 17283 17283 E ArmVmp : Match on catch block at 0xc3 in for 0x7e07691025
02-14 16:51:51.673 17283 17283 E ArmVmp : Match on catch block at 0xc3 in for 0x7e07691025
02-14 16:51:51.677 17283 17283 E ArmVmp : Match on catch block at 0xc3 in for 0x7e07691025
02-14 16:51:51.691 17283 17283 E ArmVmp : Match on catch block at 0xc3 in for 0x7e07691025
