02-14 13:14:54.431 16371 16371 W JobService: onNetworkChanged() not implemented in androidx.work.impl.background.systemjob.SystemJobService. Must override in a subclass.
02-14 13:16:03.077 16371 16436 E SQLiteDatabase: Error inserting transferred=1 media_job_uuid=708beb1a-45ff-4e3d-be6f-d17c3fdceda6 transcoded=0 gif_attribution=0 first_scan_length=0 direct_path=/v/t62.7117- 24/17635993_744899654278232_6772955636673125684_n.enc?ccb=11- 4&oh=01_AdTVGAd3yRLj6QcHjbPKLbmNUIcJFsmmTtNz5LVsPi3Mnw&oe=65F44795&_nc_sid=5e03e0 thumbnail_height_width_ratio=0.0 is_animated_sticker=0 file_hash=+F8KekPpXJNEU4UFi7Gi/8P/U/dyII0gB0RC6XIAMF4= file_path=Media/WhatsApp Voice Notes/202407/PTT-20240214-WA0007.opus file_size=161777 partial_media_hash=null face_x=0 face_y=0 height=0 trim_to=0 media_key_timestamp=1707927294000 message_url=https://mmg.whatsapp.net/v/t62.7117- 24/17635993_744899654278232_6772955636673125684_n.enc?ccb=11- 4&oh=01_AdTVGAd3yRLj6QcHjbPKLbmNUIcJFsmmTtNz5LVsPi3Mnw&oe=65F44795&_nc_sid=5e03e0&m ms3=true media_caption=null trim_from=0 mime_type=audio/ogg; codecs=opus partial_media_enc_hash=null width=0 original_file_hash=null has_streaming_sidecar=0 autotransfer_retry_enabled=1 media_upload_handle=null message_row_id=203442 multicast_id=null enc_file_hash=LNFICWZjs8SIVvnLvyArKllTZzp1zoiljwf/pIxclBM= mute_video=0 page_count=0 first_scan_sidecar=null suspicious_content=0 file_length=161777 media_name=null media_duration=68 chat_row_id=1497 media_key=[B@91bf06b
02-14 13:16:03.077 16371 16436 E SQLiteDatabase: android.database.sqlite.SQLiteConstraintException: UNIQUE constraint failed: message_media.message_row_id (code 1555 SQLITE_CONSTRAINT_PRIMARYKEY[1555])
02-14 13:16:03.077 16371 16436 E SQLiteDatabase: at android.database.sqlite.SQLiteConnection.nativeExecuteForLastInsertedRowId(Native Method)
02-14 13:16:03.077 16371 16436 E SQLiteDatabase: at android.database.sqlite.SQLiteConnection.executeForLastInsertedRowId(SQLiteConnecti on.java:1293)
02-14 13:16:03.077 16371 16436 E SQLiteDatabase: at android.database.sqlite.SQLiteSession.executeForLastInsertedRowId(SQLiteSession.jav a:790)
02-14 13:16:03.077 16371 16436 E SQLiteDatabase: at android.database.sqlite.SQLiteStatement.executeInsert(SQLiteStatement.java:89)
02-14 13:16:03.077 16371 16436 E SQLiteDatabase: at android.database.sqlite.SQLiteDatabase.insertWithOnConflict(SQLiteDatabase.java:243 4)
02-14 13:16:03.077 16371 16436 E SQLiteDatabase: at android.database.sqlite.SQLiteDatabase.insert(SQLiteDatabase.java:2303)
02-14 13:16:03.077 16371 16436 E SQLiteDatabase: at X.2tm.A08(Unknown Source:6)
02-14 13:16:03.077 16371 16436 E SQLiteDatabase: at X.35Y.A07(Unknown Source:212)
02-14 13:16:03.077 16371 16436 E SQLiteDatabase: at X.3QF.A14(Unknown Source:470)
02-14 13:16:03.077 16371 16436 E SQLiteDatabase: at X.3gU.run(Unknown Source:982)
02-14 13:16:03.077 16371 16436 E SQLiteDatabase: at android.os.Handler.handleCallback(Handler.java:958)
02-14 13:16:03.077 16371 16436 E SQLiteDatabase: at android.os.Handler.dispatchMessage(Handler.java:99)
02-14 13:16:03.077 16371 16436 E SQLiteDatabase: at X.0zq.dispatchMessage(Unknown Source:4)
02-14 13:16:03.077 16371 16436 E SQLiteDatabase: at android.os.Looper.loopOnce(Looper.java:230)
02-14 13:16:03.077 16371 16436 E SQLiteDatabase: at android.os.Looper.loop(Looper.java:319)
02-14 13:16:03.077 16371 16436 E SQLiteDatabase: at android.os.HandlerThread.run(HandlerThread.java:67)
02-14 13:17:20.492 16371 16371 W com.whatsapp: Long monitor contention with owner wa-shared-handler (18015) at void com.whatsapp.HomeActivity.A6e()(:-1) waiters=0 in boolean X.5mL.Bg9() for 252ms
02-14 13:17:20.511 16371 16436 E SQLiteDatabase: Error inserting transferred=0 media_job_uuid=d11f32f6-667c-470f-b8ba-45afa80f5d6d transcoded=0 gif_attribution=0 first_scan_length=0 direct_path=/v/t62.7119- 24/11956454_1543581236214299_7936196179022631168_n.enc?ccb=11- 4&oh=01_AdQppSlSwz0bv0eg22drjAiwafhIEa0E4rAkjCxCiOdzbQ&oe=65F468F3&_nc_sid=5e03e0&_ nc_hot=1707927438 thumbnail_height_width_ratio=1.3513514 is_animated_sticker=0 file_hash=ibeJkZdT/T5AE0yTJPE6y6qAFqcH/CYwkWcHTfkGvRc= file_path=null file_size=0 partial_media_hash=null face_x=0 face_y=0 height=0 trim_to=0 media_key_timestamp=1707924714000 message_url=https://mmg.whatsapp.net/v/t62.7119- 24/11956454_1543581236214299_7936196179022631168_n.enc?ccb=11- 4&oh=01_AdQppSlSwz0bv0eg22drjAiwafhIEa0E4rAkjCxCiOdzbQ&oe=65F468F3&_nc_sid=5e03e0&m ms3=true media_caption=null trim_from=0 mime_type=application/pdf partial_media_enc_hash=null width=0 original_file_hash=null has_streaming_sidecar=0 autotransfer_retry_enabled=0 media_upload_handle=null message_row_id=203444 multicast_id=null enc_file_hash=4nrHMyPiZTob5muo93oB8eYZDK1upARjN6nKMog1B7M= mute_video=0 page_count=1 first_scan_sidecar=null suspicious_content=0 file_length=5207394 media_name=caixinha porta bis duplo.pdf media_duration=0 chat_row_id=1497 media_key=[B@49666de
02-14 13:17:20.511 16371 16436 E SQLiteDatabase: android.database.sqlite.SQLiteConstraintException: UNIQUE constraint failed: message_media.message_row_id (code 1555 SQLITE_CONSTRAINT_PRIMARYKEY[1555])
02-14 13:17:20.511 16371 16436 E SQLiteDatabase: at android.database.sqlite.SQLiteConnection.nativeExecuteForLastInsertedRowId(Native Method)
02-14 13:17:20.511 16371 16436 E SQLiteDatabase: at android.database.sqlite.SQLiteConnection.executeForLastInsertedRowId(SQLiteConnecti on.java:1293)
02-14 13:17:20.511 16371 16436 E SQLiteDatabase: at android.database.sqlite.SQLiteSession.executeForLastInsertedRowId(SQLiteSession.jav a:790)
02-14 13:17:20.511 16371 16436 E SQLiteDatabase: at android.database.sqlite.SQLiteStatement.executeInsert(SQLiteStatement.java:89)
02-14 13:17:20.511 16371 16436 E SQLiteDatabase: at android.database.sqlite.SQLiteDatabase.insertWithOnConflict(SQLiteDatabase.java:243 4)
02-14 13:17:20.511 16371 16436 E SQLiteDatabase: at android.database.sqlite.SQLiteDatabase.insert(SQLiteDatabase.java:2303)
02-14 13:17:20.511 16371 16436 E SQLiteDatabase: at X.2tm.A08(Unknown Source:6)
02-14 13:17:20.511 16371 16436 E SQLiteDatabase: at X.35Y.A07(Unknown Source:212)
02-14 13:17:20.511 16371 16436 E SQLiteDatabase: at X.3QF.A14(Unknown Source:470)
02-14 13:17:20.511 16371 16436 E SQLiteDatabase: at X.3gU.run(Unknown Source:982)
02-14 13:17:20.511 16371 16436 E SQLiteDatabase: at android.os.Handler.handleCallback(Handler.java:958)
02-14 13:17:20.511 16371 16436 E SQLiteDatabase: at android.os.Handler.dispatchMessage(Handler.java:99)
02-14 13:17:20.511 16371 16436 E SQLiteDatabase: at X.0zq.dispatchMessage(Unknown Source:4)
02-14 13:17:20.511 16371 16436 E SQLiteDatabase: at android.os.Looper.loopOnce(Looper.java:230)
02-14 13:17:20.511 16371 16436 E SQLiteDatabase: at android.os.Looper.loop(Looper.java:319)
02-14 13:17:20.511 16371 16436 E SQLiteDatabase: at android.os.HandlerThread.run(HandlerThread.java:67)
02-14 13:18:07.435 16371 16436 E SQLiteDatabase: Error inserting transferred=1 media_job_uuid=68239fec-cc71-4e78-bcee-72f46c465caa transcoded=0 gif_attribution=0 first_scan_length=0 direct_path=/v/t62.7117- 24/11290120_1253516002288498_4658348192749340252_n.enc?ccb=11-4&oh=01_AdRf7- zHhe8YE-fyW16WtuCPgEDC9p_K8W_xSsgoYwl5WQ&oe=65F46728&_nc_sid=5e03e0 thumbnail_height_width_ratio=0.0 is_animated_sticker=0 file_hash=taogaCcYE+ +p03x2XWEHIkvMKmC/VE0YWeA9DzQ2C3k= file_path=Media/WhatsApp Voice Notes/202407/PTT- 20240214-WA0008.opus file_size=61854 partial_media_hash=null face_x=0 face_y=0 height=0 trim_to=0 media_key_timestamp=1707927460000 message_url=https://mmg.whatsapp.net/v/t62.7117- 24/11290120_1253516002288498_4658348192749340252_n.enc?ccb=11-4&oh=01_AdRf7- zHhe8YE-fyW16WtuCPgEDC9p_K8W_xSsgoYwl5WQ&oe=65F46728&_nc_sid=5e03e0&mms3=true media_caption=null trim_from=0 mime_type=audio/ogg; codecs=opus partial_media_enc_hash=null width=0 original_file_hash=null has_streaming_sidecar=0 autotransfer_retry_enabled=1 media_upload_handle=null message_row_id=203446 multicast_id=null enc_file_hash=0/Venzs9JkhtIbaSQEs26vQ8N3DR+/bMXtujDgk1U4Y= mute_video=0 page_count=0 first_scan_sidecar=null suspicious_content=0 file_length=61854 media_name=null media_duration=27 chat_row_id=1497 media_key=[B@7da1113
02-14 13:18:07.435 16371 16436 E SQLiteDatabase: android.database.sqlite.SQLiteConstraintException: UNIQUE constraint failed: message_media.message_row_id (code 1555 SQLITE_CONSTRAINT_PRIMARYKEY[1555])
02-14 13:18:07.435 16371 16436 E SQLiteDatabase: at android.database.sqlite.SQLiteConnection.nativeExecuteForLastInsertedRowId(Native Method)
02-14 13:18:07.435 16371 16436 E SQLiteDatabase: at android.database.sqlite.SQLiteConnection.executeForLastInsertedRowId(SQLiteConnecti on.java:1293)
02-14 13:18:07.435 16371 16436 E SQLiteDatabase: at android.database.sqlite.SQLiteSession.executeForLastInsertedRowId(SQLiteSession.jav a:790)
02-14 13:18:07.435 16371 16436 E SQLiteDatabase: at android.database.sqlite.SQLiteStatement.executeInsert(SQLiteStatement.java:89)
02-14 13:18:07.435 16371 16436 E SQLiteDatabase: at android.database.sqlite.SQLiteDatabase.insertWithOnConflict(SQLiteDatabase.java:243 4)
02-14 13:18:07.435 16371 16436 E SQLiteDatabase: at android.database.sqlite.SQLiteDatabase.insert(SQLiteDatabase.java:2303)
02-14 13:18:07.435 16371 16436 E SQLiteDatabase: at X.2tm.A08(Unknown Source:6)
02-14 13:18:07.435 16371 16436 E SQLiteDatabase: at X.35Y.A07(Unknown Source:212)
02-14 13:18:07.435 16371 16436 E SQLiteDatabase: at X.3QF.A14(Unknown Source:470)
02-14 13:18:07.435 16371 16436 E SQLiteDatabase: at X.3gU.run(Unknown Source:982)
02-14 13:18:07.435 16371 16436 E SQLiteDatabase: at android.os.Handler.handleCallback(Handler.java:958)
02-14 13:18:07.435 16371 16436 E SQLiteDatabase: at android.os.Handler.dispatchMessage(Handler.java:99)
02-14 13:18:07.435 16371 16436 E SQLiteDatabase: at X.0zq.dispatchMessage(Unknown Source:4)
02-14 13:18:07.435 16371 16436 E SQLiteDatabase: at android.os.Looper.loopOnce(Looper.java:230)
02-14 13:18:07.435 16371 16436 E SQLiteDatabase: at android.os.Looper.loop(Looper.java:319)
02-14 13:18:07.435 16371 16436 E SQLiteDatabase: at android.os.HandlerThread.run(HandlerThread.java:67)
02-14 13:40:40.911 16371 16383 W System : A resource failed to call end.
02-14 13:44:54.459 16371 16371 W JobService: onNetworkChanged() not implemented in androidx.work.impl.background.systemjob.SystemJobService. Must override in a subclass.
02-14 14:02:53.126 16371 16371 W com.whatsapp: Long monitor contention with owner update_widget (19117) at java.util.List X.32m.A0A()(:-1) waiters=0 in int X.32m.A02() for 650ms
02-14 14:02:53.128 16371 18015 W com.whatsapp: Long monitor contention with owner update_widget (19117) at java.util.List X.32m.A0A()(:-1) waiters=1 in void com.whatsapp.HomeActivity.A6e() for 404ms
02-14 14:02:53.599 16371 16371 W com.whatsapp: Long monitor contention with owner wa-shared-handler (18015) at void com.whatsapp.HomeActivity.A6e()(:-1) waiters=0 in java.util.List X.32m.A0B(X.1Nj) for 467ms
02-14 14:03:52.708 16371 16381 W com.whatsapp: Suspending all threads took: 7.125ms
02-14 14:04:23.552 16371 16371 W JobService: onNetworkChanged() not implemented in androidx.work.impl.background.systemjob.SystemJobService. Must override in a subclass.
02-14 14:04:25.339 16371 16371 W JobService: onNetworkChanged() not implemented in androidx.work.impl.background.systemjob.SystemJobService. Must override in a subclass.
02-14 14:09:49.389 16371 16371 W JobService: onNetworkChanged() not implemented in androidx.work.impl.background.systemjob.SystemJobService. Must override in a subclass.
02-14 14:10:04.551 16371 16371 W JobService: onNetworkChanged() not implemented in androidx.work.impl.background.systemjob.SystemJobService. Must override in a subclass.
02-14 14:10:19.657 16371 16371 W JobService: onNetworkChanged() not implemented in androidx.work.impl.background.systemjob.SystemJobService. Must override in a subclass.
02-14 14:10:22.680 16371 16371 W JobService: onNetworkChanged() not implemented in androidx.work.impl.background.systemjob.SystemJobService. Must override in a subclass.
02-14 14:10:40.448 16371 16371 W JobService: onNetworkChanged() not implemented in androidx.work.impl.background.systemjob.SystemJobService. Must override in a subclass.
02-14 14:11:40.467 16371 16371 W JobService: onNetworkChanged() not implemented in androidx.work.impl.background.systemjob.SystemJobService. Must override in a subclass.
02-14 14:14:54.633 16371 16371 W JobService: onNetworkChanged() not implemented in androidx.work.impl.background.systemjob.SystemJobService. Must override in a subclass.
02-14 14:23:40.824 16371 16371 W JobService: onNetworkChanged() not implemented in androidx.work.impl.background.systemjob.SystemJobService. Must override in a subclass.
02-14 14:24:01.221 16371 16371 W JobService: onNetworkChanged() not implemented in androidx.work.impl.background.systemjob.SystemJobService. Must override in a subclass.
02-14 14:24:40.839 16371 16371 W JobService: onNetworkChanged() not implemented in androidx.work.impl.background.systemjob.SystemJobService. Must override in a subclass.
02-14 14:25:40.847 16371 16371 W JobService: onNetworkChanged() not implemented in androidx.work.impl.background.systemjob.SystemJobService. Must override in a subclass.
02-14 14:27:04.774 16371 16371 W JobService: onNetworkChanged() not implemented in androidx.work.impl.background.systemjob.SystemJobService. Must override in a subclass.
02-14 14:27:36.436 16371 16381 W com.whatsapp: Suspending all threads took: 19.327ms
02-14 14:28:04.781 16371 16371 W JobService: onNetworkChanged() not implemented in androidx.work.impl.background.systemjob.SystemJobService. Must override in a subclass.
02-14 14:37:27.333 16371 16371 W JobService: onNetworkChanged() not implemented in androidx.work.impl.background.systemjob.SystemJobService. Must override in a subclass.
02-14 14:37:33.253 16371 16371 W JobService: onNetworkChanged() not implemented in androidx.work.impl.background.systemjob.SystemJobService. Must override in a subclass.
02-14 14:37:39.390 16371 16371 W JobService: onNetworkChanged() not implemented in androidx.work.impl.background.systemjob.SystemJobService. Must override in a subclass.
02-14 14:38:33.252 16371 16371 W JobService: onNetworkChanged() not implemented in androidx.work.impl.background.systemjob.SystemJobService. Must override in a subclass.
02-14 14:44:08.765 16371 16371 W JobService: onNetworkChanged() not implemented in androidx.work.impl.background.systemjob.SystemJobService. Must override in a subclass.
02-14 14:44:45.176 16371 16371 W JobService: onNetworkChanged() not implemented in androidx.work.impl.background.systemjob.SystemJobService. Must override in a subclass.
02-14 14:44:48.257 16371 16371 W JobService: onNetworkChanged() not implemented in androidx.work.impl.background.systemjob.SystemJobService. Must override in a subclass.
02-14 14:44:54.899 16371 16371 W JobService: onNetworkChanged() not implemented in androidx.work.impl.background.systemjob.SystemJobService. Must override in a subclass.
02-14 14:45:08.771 16371 16371 W JobService: onNetworkChanged() not implemented in androidx.work.impl.background.systemjob.SystemJobService. Must override in a subclass.
02-14 14:51:55.796 16371 16371 W JobService: onNetworkChanged() not implemented in androidx.work.impl.background.systemjob.SystemJobService. Must override in a subclass.
02-14 14:53:06.040 16371 16371 W JobService: onNetworkChanged() not implemented in androidx.work.impl.background.systemjob.SystemJobService. Must override in a subclass.
02-14 14:53:09.062 16371 16371 W JobService: onNetworkChanged() not implemented in androidx.work.impl.background.systemjob.SystemJobService. Must override in a subclass.
02-14 15:01:18.868 16371 16371 W JobService: onNetworkChanged() not implemented in androidx.work.impl.background.systemjob.SystemJobService. Must override in a subclass.
02-14 15:02:37.122 16371 16371 W JobService: onNetworkChanged() not implemented in androidx.work.impl.background.systemjob.SystemJobService. Must override in a subclass.
02-14 15:02:40.176 16371 16371 W JobService: onNetworkChanged() not implemented in androidx.work.impl.background.systemjob.SystemJobService. Must override in a subclass.
02-14 15:02:52.238 16371 16371 W JobService: onNetworkChanged() not implemented in androidx.work.impl.background.systemjob.SystemJobService. Must override in a subclass.
02-14 15:02:58.299 16371 16371 W JobService: onNetworkChanged() not implemented in androidx.work.impl.background.systemjob.SystemJobService. Must override in a subclass.
02-14 15:04:10.750 16371 16371 W JobService: onNetworkChanged() not implemented in androidx.work.impl.background.systemjob.SystemJobService. Must override in a subclass.
02-14 15:04:16.824 16371 16371 W JobService: onNetworkChanged() not implemented in androidx.work.impl.background.systemjob.SystemJobService. Must override in a subclass.
02-14 15:04:22.894 16371 16371 W JobService: onNetworkChanged() not implemented in androidx.work.impl.background.systemjob.SystemJobService. Must override in a subclass.
02-14 15:04:25.957 16371 16371 W JobService: onNetworkChanged() not implemented in androidx.work.impl.background.systemjob.SystemJobService. Must override in a subclass.
02-14 15:04:37.294 16371 16371 W JobService: onNetworkChanged() not implemented in androidx.work.impl.background.systemjob.SystemJobService. Must override in a subclass.
02-14 15:05:08.272 16371 16371 W JobService: onNetworkChanged() not implemented in androidx.work.impl.background.systemjob.SystemJobService. Must override in a subclass.
02-14 15:05:37.305 16371 16371 W JobService: onNetworkChanged() not implemented in androidx.work.impl.background.systemjob.SystemJobService. Must override in a subclass.
02-14 15:06:37.310 16371 16371 W JobService: onNetworkChanged() not implemented in androidx.work.impl.background.systemjob.SystemJobService. Must override in a subclass.
02-14 15:07:26.947 16371 16371 W JobService: onNetworkChanged() not implemented in androidx.work.impl.background.systemjob.SystemJobService. Must override in a subclass.
02-14 15:07:29.958 16371 16371 W JobService: onNetworkChanged() not implemented in androidx.work.impl.background.systemjob.SystemJobService. Must override in a subclass.
02-14 15:07:54.095 16371 16371 W JobService: onNetworkChanged() not implemented in androidx.work.impl.background.systemjob.SystemJobService. Must override in a subclass.
02-14 15:07:57.137 16371 16371 W JobService: onNetworkChanged() not implemented in androidx.work.impl.background.systemjob.SystemJobService. Must override in a subclass.
02-14 15:08:09.198 16371 16371 W JobService: onNetworkChanged() not implemented in androidx.work.impl.background.systemjob.SystemJobService. Must override in a subclass.
02-14 15:08:12.223 16371 16371 W JobService: onNetworkChanged() not implemented in androidx.work.impl.background.systemjob.SystemJobService. Must override in a subclass.
02-14 15:09:15.549 16371 16371 W JobService: onNetworkChanged() not implemented in androidx.work.impl.background.systemjob.SystemJobService. Must override in a subclass.
02-14 15:09:18.638 16371 16371 W JobService: onNetworkChanged() not implemented in androidx.work.impl.background.systemjob.SystemJobService. Must override in a subclass.
02-14 15:11:07.103 16371 16371 W JobService: onNetworkChanged() not implemented in androidx.work.impl.background.systemjob.SystemJobService. Must override in a subclass.
02-14 15:11:10.139 16371 16371 W JobService: onNetworkChanged() not implemented in androidx.work.impl.background.systemjob.SystemJobService. Must override in a subclass.
02-14 15:12:33.772 16371 16371 W com.whatsapp: Long monitor contention with owner update_widget (19117) at java.util.List X.32m.A0A()(:-1) waiters=1 in int X.32m.A01() for 661ms
02-14 15:12:34.682 16371 14175 W com.whatsapp: Long monitor contention with owner WhatsApp Worker #285 (18937) at void X.2s3.A04(X.2Ur)(:-1) waiters=4 in void X.2s3.A04(X.2Ur) for 283ms
02-14 15:12:35.269 16371 18015 W com.whatsapp: Long monitor contention with owner update_widget (19117) at java.util.List X.32m.A0A()(:-1) waiters=0 in void com.whatsapp.HomeActivity.A6e() for 300ms
02-14 15:12:35.814 16371 16371 W com.whatsapp: Long monitor contention with owner wa-shared-handler (18015) at void com.whatsapp.HomeActivity.A6e()(:-1) waiters=0 in boolean X.32m.A0F(X.1af, X.1af, long, boolean) for 287ms
02-14 15:12:36.425 16371 18015 W com.whatsapp: Long monitor contention with owner update_widget (19117) at java.util.List X.32m.A0A()(:-1) waiters=0 in void com.whatsapp.HomeActivity.A6e() for 323ms
02-14 15:12:37.134 16371 16371 W com.whatsapp: Long monitor contention with owner update_widget (19117) at java.util.List X.32m.A0A()(:-1) waiters=1 in boolean X.5mL.Bg9() for 978ms
02-14 15:13:10.067 16371 19117 W com.whatsapp: Long monitor contention with owner main (16371) at java.util.List X.32m.A0B(X.1Nj)(:-1) waiters=0 in java.util.List X.32m.A0A() for 266ms
02-14 15:13:10.649 16371 16371 W com.whatsapp: Long monitor contention with owner update_widget (19117) at java.util.List X.32m.A0A()(:-1) waiters=1 in int X.32m.A01() for 554ms
02-14 15:13:17.664 16371 16371 W com.whatsapp: Long monitor contention with owner update_widget (19117) at java.util.List X.32m.A0A()(:-1) waiters=1 in boolean X.5mL.Bg9() for 590ms
02-14 15:13:18.259 16371 19117 W com.whatsapp: Long monitor contention with owner main (16371) at java.util.List X.32m.A0B(X.1Nj)(:-1) waiters=0 in java.util.List X.32m.A0A() for 263ms
02-14 15:13:18.866 16371 16371 W com.whatsapp: Long monitor contention with owner update_widget (19117) at java.util.List X.32m.A0A()(:-1) waiters=1 in boolean X.5mL.Bg9() for 582ms
02-14 15:13:47.739 16371 19117 W com.whatsapp: Long monitor contention with owner main (16371) at java.util.List X.32m.A0B(X.1Nj)(:-1) waiters=0 in java.util.List X.32m.A0A() for 297ms
02-14 15:13:48.376 16371 16371 W com.whatsapp: Long monitor contention with owner update_widget (19117) at java.util.List X.32m.A0A()(:-1) waiters=1 in boolean X.5mL.Bg9() for 581ms
02-14 15:14:54.701 16371 16371 W com.whatsapp: Long monitor contention with owner update_widget (19117) at java.util.List X.32m.A0A()(:-1) waiters=1 in boolean X.5mL.Bg9() for 966ms
02-14 15:14:55.306 16371 16371 W JobService: onNetworkChanged() not implemented in androidx.work.impl.background.systemjob.SystemJobService. Must override in a subclass.
02-14 15:14:56.483 16371 16371 W JobService: onNetworkChanged() not implemented in androidx.work.impl.background.systemjob.SystemJobService. Must override in a subclass.
02-14 15:15:38.602 16371 16371 W JobService: onNetworkChanged() not implemented in androidx.work.impl.background.systemjob.SystemJobService. Must override in a subclass.
02-14 15:15:41.630 16371 16371 W JobService: onNetworkChanged() not implemented in androidx.work.impl.background.systemjob.SystemJobService. Must override in a subclass.
02-14 15:15:55.947 16371 16371 W JobService: onNetworkChanged() not implemented in androidx.work.impl.background.systemjob.SystemJobService. Must override in a subclass.
02-14 15:16:16.829 16371 16371 W com.whatsapp: Long monitor contention with owner update_widget (19117) at java.util.List X.32m.A0A()(:-1) waiters=0 in java.util.List X.32m.A0B(X.1Nj) for 545ms
02-14 15:16:16.897 16371 18015 W com.whatsapp: Long monitor contention with owner update_widget (19117) at java.util.List X.32m.A0A()(:-1) waiters=1 in void com.whatsapp.HomeActivity.A6e() for 370ms
02-14 15:16:38.835 16371 16371 W JobService: onNetworkChanged() not implemented in androidx.work.impl.background.systemjob.SystemJobService. Must override in a subclass.
02-14 15:16:44.948 16371 16371 W JobService: onNetworkChanged() not implemented in androidx.work.impl.background.systemjob.SystemJobService. Must override in a subclass.
02-14 15:16:51.082 16371 16371 W JobService: onNetworkChanged() not implemented in androidx.work.impl.background.systemjob.SystemJobService. Must override in a subclass.
02-14 15:16:55.971 16371 16371 W JobService: onNetworkChanged() not implemented in androidx.work.impl.background.systemjob.SystemJobService. Must override in a subclass.
02-14 15:16:56.902 16371 16371 W JobService: onNetworkChanged() not implemented in androidx.work.impl.background.systemjob.SystemJobService. Must override in a subclass.
02-14 15:18:15.473 16371 16371 W JobService: onNetworkChanged() not implemented in androidx.work.impl.background.systemjob.SystemJobService. Must override in a subclass.
02-14 15:19:10.379 16371 19117 W com.whatsapp: Long monitor contention with owner main (16371) at java.util.List X.32m.A0B(X.1Nj)(:-1) waiters=0 in java.util.List X.32m.A0A() for 315ms
02-14 15:19:11.224 16371 16371 W com.whatsapp: Long monitor contention with owner update_widget (19117) at java.util.List X.32m.A0A()(:-1) waiters=1 in boolean X.5mL.Bg9() for 596ms
02-14 15:19:15.481 16371 16371 W JobService: onNetworkChanged() not implemented in androidx.work.impl.background.systemjob.SystemJobService. Must override in a subclass.
02-14 15:32:50.022 16371 16371 W JobService: onNetworkChanged() not implemented in androidx.work.impl.background.systemjob.SystemJobService. Must override in a subclass.
02-14 15:33:05.509 16371 18015 W com.whatsapp: Long monitor contention with owner main (16371) at java.util.List X.32m.A0B(X.1Nj)(:-1) waiters=0 in void com.whatsapp.HomeActivity.A6e() for 167ms
02-14 15:33:08.083 16371 16371 W JobService: onNetworkChanged() not implemented in androidx.work.impl.background.systemjob.SystemJobService. Must override in a subclass.
02-14 15:35:23.946 16371 16371 W JobService: onNetworkChanged() not implemented in androidx.work.impl.background.systemjob.SystemJobService. Must override in a subclass.
02-14 15:35:26.947 16371 16371 W JobService: onNetworkChanged() not implemented in androidx.work.impl.background.systemjob.SystemJobService. Must override in a subclass.
02-14 15:36:21.316 16371 16371 W JobService: onNetworkChanged() not implemented in androidx.work.impl.background.systemjob.SystemJobService. Must override in a subclass.
02-14 15:36:27.393 16371 16371 W JobService: onNetworkChanged() not implemented in androidx.work.impl.background.systemjob.SystemJobService. Must override in a subclass.
02-14 15:36:42.495 16371 16371 W JobService: onNetworkChanged() not implemented in androidx.work.impl.background.systemjob.SystemJobService. Must override in a subclass.
02-14 15:36:45.547 16371 16371 W JobService: onNetworkChanged() not implemented in androidx.work.impl.background.systemjob.SystemJobService. Must override in a subclass.
02-14 15:37:09.625 16371 16371 W JobService: onNetworkChanged() not implemented in androidx.work.impl.background.systemjob.SystemJobService. Must override in a subclass.
02-14 15:37:15.681 16371 16371 W JobService: onNetworkChanged() not implemented in androidx.work.impl.background.systemjob.SystemJobService. Must override in a subclass.
02-14 15:37:42.707 16371 16371 W JobService: onNetworkChanged() not implemented in androidx.work.impl.background.systemjob.SystemJobService. Must override in a subclass.
02-14 15:37:45.740 16371 16371 W JobService: onNetworkChanged() not implemented in androidx.work.impl.background.systemjob.SystemJobService. Must override in a subclass.
02-14 15:37:54.591 16371 16436 E SQLiteDatabase: Error inserting transferred=1 media_job_uuid=e7b8c6f1-29f5-4c5e-950d-1ba50aa5de12 transcoded=0 gif_attribution=0 first_scan_length=0 direct_path=/v/t62.7117- 24/33507588_1369711351088237_6294429793855125780_n.enc?ccb=11- 4&oh=01_AdTl2z6Sx0WyS5MzBOxs-3Y2U6haNmtEk7riYyKv8_O1LQ&oe=65F46099&_nc_sid=5e03e0 thumbnail_height_width_ratio=0.0 is_animated_sticker=0 file_hash=n2C92yEdTg3VzXfV7Bbdz0IlIkQSkMELcR2N9bIEjA4= file_path=Media/WhatsApp Voice Notes/202407/PTT-20240214-WA0009.opus file_size=24967 partial_media_hash=null face_x=0 face_y=0 height=0 trim_to=0 media_key_timestamp=1707935858000 message_url=https://mmg.whatsapp.net/v/t62.7117- 24/33507588_1369711351088237_6294429793855125780_n.enc?ccb=11- 4&oh=01_AdTl2z6Sx0WyS5MzBOxs- 3Y2U6haNmtEk7riYyKv8_O1LQ&oe=65F46099&_nc_sid=5e03e0&mms3=true media_caption=null trim_from=0 mime_type=audio/ogg; codecs=opus partial_media_enc_hash=null width=0 original_file_hash=null has_streaming_sidecar=0 autotransfer_retry_enabled=1 media_upload_handle=null message_row_id=203548 multicast_id=null enc_file_hash=T3JC6d2rSrOy8DS2Qw+DSMjcu/XHxHcsoI+dJ5+fnUg= mute_video=0 page_count=0 first_scan_sidecar=null suspicious_content=0 file_length=24967 media_name=null media_duration=10 chat_row_id=1497 media_key=[B@51cf9
02-14 15:37:54.591 16371 16436 E SQLiteDatabase: android.database.sqlite.SQLiteConstraintException: UNIQUE constraint failed: message_media.message_row_id (code 1555 SQLITE_CONSTRAINT_PRIMARYKEY[1555])
02-14 15:37:54.591 16371 16436 E SQLiteDatabase: at android.database.sqlite.SQLiteConnection.nativeExecuteForLastInsertedRowId(Native Method)
02-14 15:37:54.591 16371 16436 E SQLiteDatabase: at android.database.sqlite.SQLiteConnection.executeForLastInsertedRowId(SQLiteConnecti on.java:1293)
02-14 15:37:54.591 16371 16436 E SQLiteDatabase: at android.database.sqlite.SQLiteSession.executeForLastInsertedRowId(SQLiteSession.jav a:790)
02-14 15:37:54.591 16371 16436 E SQLiteDatabase: at android.database.sqlite.SQLiteStatement.executeInsert(SQLiteStatement.java:89)
02-14 15:37:54.591 16371 16436 E SQLiteDatabase: at android.database.sqlite.SQLiteDatabase.insertWithOnConflict(SQLiteDatabase.java:243 4)
02-14 15:37:54.591 16371 16436 E SQLiteDatabase: at android.database.sqlite.SQLiteDatabase.insert(SQLiteDatabase.java:2303)
02-14 15:37:54.591 16371 16436 E SQLiteDatabase: at X.2tm.A08(Unknown Source:6)
02-14 15:37:54.591 16371 16436 E SQLiteDatabase: at X.35Y.A07(Unknown Source:212)
02-14 15:37:54.591 16371 16436 E SQLiteDatabase: at X.3QF.A14(Unknown Source:470)
02-14 15:37:54.591 16371 16436 E SQLiteDatabase: at X.3gU.run(Unknown Source:982)
02-14 15:37:54.591 16371 16436 E SQLiteDatabase: at android.os.Handler.handleCallback(Handler.java:958)
02-14 15:37:54.591 16371 16436 E SQLiteDatabase: at android.os.Handler.dispatchMessage(Handler.java:99)
02-14 15:37:54.591 16371 16436 E SQLiteDatabase: at X.0zq.dispatchMessage(Unknown Source:4)
02-14 15:37:54.591 16371 16436 E SQLiteDatabase: at android.os.Looper.loopOnce(Looper.java:230)
02-14 15:37:54.591 16371 16436 E SQLiteDatabase: at android.os.Looper.loop(Looper.java:319)
02-14 15:37:54.591 16371 16436 E SQLiteDatabase: at android.os.HandlerThread.run(HandlerThread.java:67)
02-14 15:38:28.038 16371 16371 W JobService: onNetworkChanged() not implemented in androidx.work.impl.background.systemjob.SystemJobService. Must override in a subclass.
02-14 15:38:33.994 16371 16371 W JobService: onNetworkChanged() not implemented in androidx.work.impl.background.systemjob.SystemJobService. Must override in a subclass.
02-14 15:38:43.080 16371 16371 W JobService: onNetworkChanged() not implemented in androidx.work.impl.background.systemjob.SystemJobService. Must override in a subclass.
02-14 15:38:46.140 16371 16371 W JobService: onNetworkChanged() not implemented in androidx.work.impl.background.systemjob.SystemJobService. Must override in a subclass.
02-14 15:38:52.081 16371 16371 W JobService: onNetworkChanged() not implemented in androidx.work.impl.background.systemjob.SystemJobService. Must override in a subclass.
02-14 15:39:01.227 16371 16371 W JobService: onNetworkChanged() not implemented in androidx.work.impl.background.systemjob.SystemJobService. Must override in a subclass.
02-14 15:40:07.482 16371 16371 W JobService: onNetworkChanged() not implemented in androidx.work.impl.background.systemjob.SystemJobService. Must override in a subclass.
02-14 15:40:10.542 16371 16371 W JobService: onNetworkChanged() not implemented in androidx.work.impl.background.systemjob.SystemJobService. Must override in a subclass.
02-14 15:40:22.616 16371 16371 W JobService: onNetworkChanged() not implemented in androidx.work.impl.background.systemjob.SystemJobService. Must override in a subclass.
02-14 15:40:28.657 16371 16371 W JobService: onNetworkChanged() not implemented in androidx.work.impl.background.systemjob.SystemJobService. Must override in a subclass.
02-14 15:41:41.709 16371 16371 W com.whatsapp: Long monitor contention with owner wa-shared-handler (18015) at void com.whatsapp.HomeActivity.A6e()(:-1) waiters=0 in int X.32m.A01() for 186ms
02-14 15:41:42.524 16371 18015 W com.whatsapp: Long monitor contention with owner update_widget (19117) at java.util.List X.32m.A0A()(:-1) waiters=0 in void com.whatsapp.HomeActivity.A6e() for 135ms
02-14 15:42:20.291 16371 16371 W JobService: onNetworkChanged() not implemented in androidx.work.impl.background.systemjob.SystemJobService. Must override in a subclass.
02-14 15:42:23.349 16371 16371 W JobService: onNetworkChanged() not implemented in androidx.work.impl.background.systemjob.SystemJobService. Must override in a subclass.
02-14 15:43:22.043 16371 16371 W JobService: onNetworkChanged() not implemented in androidx.work.impl.background.systemjob.SystemJobService. Must override in a subclass.
02-14 15:43:22.043 16371 16371 W JobService: onNetworkChanged() not implemented in androidx.work.impl.background.systemjob.SystemJobService. Must override in a subclass.
02-14 15:43:31.653 16371 16480 W WM-SystemJobScheduler: Unable to schedule work ID 19d3b1cb-24dc-46c8-ab47-a6c096cbc980
02-14 15:43:37.612 16371 16482 W WM-SystemJobScheduler: Unable to schedule work ID 2d19b232-ca8d-405f-8258-2bc128ed21ba
02-14 15:44:07.689 16371 16482 W WM-SystemJobScheduler: Unable to schedule work ID 6e3bb2c3-7aff-4972-b5a5-a3331812a7f0
02-14 15:44:27.663 16371 16480 W WM-SystemJobScheduler: Unable to schedule work ID 5c638c99-a139-40bc-ae1a-def597ec66fe
02-14 15:44:32.988 16371 16371 W JobService: onNetworkChanged() not implemented in androidx.work.impl.background.systemjob.SystemJobService. Must override in a subclass.
02-14 15:44:36.060 16371 16371 W JobService: onNetworkChanged() not implemented in androidx.work.impl.background.systemjob.SystemJobService. Must override in a subclass.
02-14 15:44:55.103 16371 16371 W JobService: onNetworkChanged() not implemented in androidx.work.impl.background.systemjob.SystemJobService. Must override in a subclass.
02-14 15:44:57.874 16371 16480 W WM-SystemJobScheduler: Unable to schedule work ID aed4e0f7-76d5-4322-89df-f45f0cecbc0f
02-14 15:45:40.923 16371 16482 W WM-SystemJobScheduler: Unable to schedule work ID 5c5cb443-a50b-4c47-a774-8ba4cf1e4a14
02-14 15:46:40.959 16371 16479 W WM-SystemJobScheduler: Unable to schedule work ID 98f0c086-3f4e-41dc-91c1-82a32dc7eec4
02-14 15:46:41.094 16371 16480 W WM-SystemJobScheduler: Unable to schedule work ID 620feebf-39fa-4e73-b1a4-bf9143d0004a
02-14 15:47:40.972 16371 16482 W WM-SystemJobScheduler: Unable to schedule work ID 8cb35b7a-f537-4711-8cb2-5be88b80c363
02-14 15:47:41.036 16371 16480 W WM-SystemJobScheduler: Unable to schedule work ID b51799f3-53ef-4ee4-b383-d1a3e52d8662
02-14 15:47:41.465 16371 16371 W com.whatsapp: Long monitor contention with owner wa-shared-handler (18015) at void com.whatsapp.HomeActivity.A6e()(:-1) waiters=0 in boolean X.5mL.Bg9() for 103ms
02-14 15:48:41.044 16371 16479 W WM-SystemJobScheduler: Unable to schedule work ID 36a6eddd-f6db-430d-844f-7a6500104f50
02-14 15:49:40.910 16371 16482 W WM-SystemJobScheduler: Unable to schedule work ID 60ae4405-8f4c-4c81-8687-20eba13a5ea2
02-14 15:50:44.109 16371 16371 W JobService: onNetworkChanged() not implemented in androidx.work.impl.background.systemjob.SystemJobService. Must override in a subclass.
02-14 15:50:46.551 16371 16371 W JobService: onNetworkChanged() not implemented in androidx.work.impl.background.systemjob.SystemJobService. Must override in a subclass.
02-14 15:50:59.459 16371 16371 W JobService: onNetworkChanged() not implemented in androidx.work.impl.background.systemjob.SystemJobService. Must override in a subclass.
02-14 15:50:59.459 16371 16371 W JobService: onNetworkChanged() not implemented in androidx.work.impl.background.systemjob.SystemJobService. Must override in a subclass.
02-14 15:51:17.282 16371 16371 W JobService: onNetworkChanged() not implemented in androidx.work.impl.background.systemjob.SystemJobService. Must override in a subclass.
02-14 15:51:18.804 16371 16479 W WM-SystemJobScheduler: Unable to schedule work ID faae7ed2-cb55-47bc-aa61-9c01eb6872a9
02-14 15:51:20.886 16371 16482 W WM-SystemJobScheduler: Unable to schedule work ID a4af5bbe-de7f-42f3-8350-f61ec708958e
02-14 15:52:40.869 16371 16480 W WM-SystemJobScheduler: Unable to schedule work ID dfd4a86c-96be-4bea-b61d-f02475443295
02-14 15:52:50.099 16371 16482 W WM-SystemJobScheduler: Unable to schedule work ID 42b2bc8e-b3c9-43a5-9fdb-406060d37063
02-14 15:56:22.119 16371 16371 W JobService: onNetworkChanged() not implemented in androidx.work.impl.background.systemjob.SystemJobService. Must override in a subclass.
02-14 15:56:22.119 16371 16371 W JobService: onNetworkChanged() not implemented in androidx.work.impl.background.systemjob.SystemJobService. Must override in a subclass.
02-14 15:56:40.227 16371 16479 W WM-SystemJobScheduler: Unable to schedule work ID 47c4951c-8b8c-4e18-9b75-9861626192c3
02-14 15:56:43.722 16371 16482 W WM-SystemJobScheduler: Unable to schedule work ID 8daae37a-a349-4222-b1f6-748725166705
02-14 15:57:13.882 16371 16482 W WM-SystemJobScheduler: Unable to schedule work ID a8a2d04a-63de-45fe-a004-3b75e48a287f
02-14 15:57:23.652 16371 16480 W WM-SystemJobScheduler: Unable to schedule work ID 0a5244b3-b5b7-4d91-a9d6-3cfba75e8554
02-14 15:57:29.096 16371 16381 W com.whatsapp: Suspending all threads took: 6.148ms
02-14 15:57:53.715 16371 16480 W WM-SystemJobScheduler: Unable to schedule work ID 4b29c081-6a77-4da5-858e-a82e62c4e03c
02-14 15:58:16.151 16371 16482 W WM-SystemJobScheduler: Unable to schedule work ID c505824c-0c03-43f6-b815-c8666d8761ca
02-14 15:58:46.264 16371 16479 W WM-SystemJobScheduler: Unable to schedule work ID 57d6e516-7552-4d11-b850-e6156bb10208
02-14 15:59:22.702 16371 16489 W WM-SystemJobScheduler: Unable to schedule work ID 6b1d6fb6-5979-4ec6-9f92-a0218dae2704
02-14 15:59:52.775 16371 16480 W WM-SystemJobScheduler: Unable to schedule work ID 55acafd8-efea-4223-b879-2a89ad246192
02-14 16:00:02.507 16371 16479 W WM-SystemJobScheduler: Unable to schedule work ID b6bdc127-9379-4cb4-83cf-aa6fa5d37c22
02-14 16:00:14.474 16371 16371 W JobService: onNetworkChanged() not implemented in androidx.work.impl.background.systemjob.SystemJobService. Must override in a subclass.
02-14 16:00:23.525 16371 16371 W JobService: onNetworkChanged() not implemented in androidx.work.impl.background.systemjob.SystemJobService. Must override in a subclass.
02-14 16:00:32.570 16371 16479 W WM-SystemJobScheduler: Unable to schedule work ID 36c27c6f-a493-4493-8084-bbf293826bc6
02-14 16:00:35.580 16371 16371 W JobService: onNetworkChanged() not implemented in androidx.work.impl.background.systemjob.SystemJobService. Must override in a subclass.
02-14 16:00:41.623 16371 16371 W JobService: onNetworkChanged() not implemented in androidx.work.impl.background.systemjob.SystemJobService. Must override in a subclass.
02-14 16:00:44.657 16371 16371 W JobService: onNetworkChanged() not implemented in androidx.work.impl.background.systemjob.SystemJobService. Must override in a subclass.
02-14 16:00:47.669 16371 16371 W JobService: onNetworkChanged() not implemented in androidx.work.impl.background.systemjob.SystemJobService. Must override in a subclass.
02-14 16:00:54.840 16371 16371 W JobService: onNetworkChanged() not implemented in androidx.work.impl.background.systemjob.SystemJobService. Must override in a subclass.
02-14 16:02:54.863 16371 16371 W JobService: onNetworkChanged() not implemented in androidx.work.impl.background.systemjob.SystemJobService. Must override in a subclass.
02-14 16:04:06.544 16371 16371 W JobService: onNetworkChanged() not implemented in androidx.work.impl.background.systemjob.SystemJobService. Must override in a subclass.
02-14 16:05:06.556 16371 16371 W JobService: onNetworkChanged() not implemented in androidx.work.impl.background.systemjob.SystemJobService. Must override in a subclass.
02-14 16:05:34.944 16371 16371 W JobService: onNetworkChanged() not implemented in androidx.work.impl.background.systemjob.SystemJobService. Must override in a subclass.
02-14 16:05:34.949 16371 16371 W JobService: onNetworkChanged() not implemented in androidx.work.impl.background.systemjob.SystemJobService. Must override in a subclass.
02-14 16:05:48.201 16371 16489 W WM-SystemJobScheduler: Unable to schedule work ID f319f068-c72d-4917-947f-42e387277d25
02-14 16:05:53.758 16371 16479 W WM-SystemJobScheduler: Unable to schedule work ID 9555ddb7-1fc1-46d9-b7ce-1d0c1b74cdf1
02-14 16:06:05.593 16371 16371 W JobService: onNetworkChanged() not implemented in androidx.work.impl.background.systemjob.SystemJobService. Must override in a subclass.
02-14 16:06:06.571 16371 16371 W JobService: onNetworkChanged() not implemented in androidx.work.impl.background.systemjob.SystemJobService. Must override in a subclass.
02-14 16:06:23.972 16371 16480 W WM-SystemJobScheduler: Unable to schedule work ID 68a660ef-1a81-4160-8712-c47c868bc305
02-14 16:06:36.868 16371 16480 W WM-SystemJobScheduler: Unable to schedule work ID 95302ee8-4df5-47d3-a20e-e117a9e72a82
02-14 16:07:06.573 16371 16371 W JobService: onNetworkChanged() not implemented in androidx.work.impl.background.systemjob.SystemJobService. Must override in a subclass.
02-14 16:07:06.958 16371 16479 W WM-SystemJobScheduler: Unable to schedule work ID 91813111-b23d-4627-a8e1-6859f02668be
02-14 16:07:17.674 16371 16489 W WM-SystemJobScheduler: Unable to schedule work ID 6dd772b3-a144-43fb-8f28-012dd4164cad
02-14 16:07:47.747 16371 16479 W WM-SystemJobScheduler: Unable to schedule work ID d4196710-e69c-415f-8050-72613cfca8f3
02-14 16:07:49.347 16371 16489 W WM-SystemJobScheduler: Unable to schedule work ID c77ff738-130f-42e4-8b5c-9e3d300d6b33
02-14 16:08:19.412 16371 16480 W WM-SystemJobScheduler: Unable to schedule work ID 7b4f11c2-7f7a-4779-bd03-1f2eef732f02
02-14 16:08:31.127 16371 16482 W WM-SystemJobScheduler: Unable to schedule work ID d43446f4-dbf5-476e-ad26-fbf4feed6f54
02-14 16:08:31.783 16371 16371 W JobService: onNetworkChanged() not implemented in androidx.work.impl.background.systemjob.SystemJobService. Must override in a subclass.
02-14 16:09:01.196 16371 16480 W WM-SystemJobScheduler: Unable to schedule work ID 4348850e-68ed-490a-b4ca-850bbb00f71e
02-14 16:09:17.835 16371 16482 W WM-SystemJobScheduler: Unable to schedule work ID 4e1cdf26-0135-40e6-9058-67c378b309f5
02-14 16:09:47.916 16371 16482 W WM-SystemJobScheduler: Unable to schedule work ID b8d6cdc8-9818-47b5-9f7c-e578a34785e8
02-14 16:09:50.707 16371 16489 W WM-SystemJobScheduler: Unable to schedule work ID 0c4be646-7ea3-467a-ad30-1b497ec1851a
02-14 16:10:20.790 16371 16480 W WM-SystemJobScheduler: Unable to schedule work ID 4afddb35-876b-41ca-a81e-411e620aaa95
02-14 16:10:23.227 16371 16479 W WM-SystemJobScheduler: Unable to schedule work ID d80aac70-f9d3-4b9c-bebd-e814ff5276ae
02-14 16:10:37.057 16371 16371 W JobService: onNetworkChanged() not implemented in androidx.work.impl.background.systemjob.SystemJobService. Must override in a subclass.
02-14 16:10:39.773 16371 16371 W JobService: onNetworkChanged() not implemented in androidx.work.impl.background.systemjob.SystemJobService. Must override in a subclass.
02-14 16:10:40.074 16371 16371 W JobService: onNetworkChanged() not implemented in androidx.work.impl.background.systemjob.SystemJobService. Must override in a subclass.
02-14 16:10:53.339 16371 16489 W WM-SystemJobScheduler: Unable to schedule work ID 44290863-7cbb-4067-b726-edf1dc181d57
02-14 16:11:00.654 16371 16482 W WM-SystemJobScheduler: Unable to schedule work ID 4fde887f-6fc9-42f3-83c3-605d731cc71c
02-14 16:11:30.727 16371 16489 W WM-SystemJobScheduler: Unable to schedule work ID 479060b9-dc4a-411b-9e7f-a05360c5f4bc
02-14 16:11:31.437 16371 16371 W JobService: onNetworkChanged() not implemented in androidx.work.impl.background.systemjob.SystemJobService. Must override in a subclass.
02-14 16:11:34.458 16371 16371 W JobService: onNetworkChanged() not implemented in androidx.work.impl.background.systemjob.SystemJobService. Must override in a subclass.
02-14 16:11:39.777 16371 16371 W JobService: onNetworkChanged() not implemented in androidx.work.impl.background.systemjob.SystemJobService. Must override in a subclass.
02-14 16:11:57.294 16371 16489 W WM-SystemJobScheduler: Unable to schedule work ID 0aaaa208-5d7d-4270-8906-24443a5a2f5a
02-14 16:12:27.391 16371 16489 W WM-SystemJobScheduler: Unable to schedule work ID 2463023b-80e1-4857-bfce-ade073d79e79
02-14 16:12:39.788 16371 16371 W JobService: onNetworkChanged() not implemented in androidx.work.impl.background.systemjob.SystemJobService. Must override in a subclass.
02-14 16:12:45.889 16371 16480 W WM-SystemJobScheduler: Unable to schedule work ID e3469afc-96ef-4696-9293-a41963956231
02-14 16:13:55.099 16371 16371 W SoundPool: Use of stream types is deprecated for operations other than volume control
02-14 16:13:55.099 16371 16371 W SoundPool: See the documentation of SoundPool() for what to use instead with android.media.AudioAttributes to qualify your playback use case
02-14 16:14:16.030 16371 19117 W com.whatsapp: Long monitor contention with owner wa-shared-handler (18015) at void com.whatsapp.HomeActivity.A6e()(:-1) waiters=0 in java.util.List X.32m.A0A() for 139ms
02-14 16:14:16.096 16371 16371 W com.whatsapp: Long monitor contention with owner wa-shared-handler (18015) at void com.whatsapp.HomeActivity.A6e()(:-1) waiters=1 in boolean X.5mL.Bg9() for 198ms
02-14 16:14:16.202 16371 16371 W JobService: onNetworkChanged() not implemented in androidx.work.impl.background.systemjob.SystemJobService. Must override in a subclass.
02-14 16:14:17.192 16371 16383 W System : A resource failed to call AbstractCursor.close.
02-14 16:14:17.193 16371 16383 W System : A resource failed to call CursorWrapperInner.close.
02-14 16:14:18.827 16371 16371 W WindowOnBackDispatcher: sendCancelIfRunning: isInProgress=falsecallback=android.view.ViewRootImpl$ $ExternalSyntheticLambda21@61c686d
02-14 16:14:19.114 16371 16371 E ArmVmp : Match on catch block at 0xb0 in for 0x7e07691039
02-14 16:14:19.117 16371 16371 E ArmVmp : Match on catch block at 0xb0 in for 0x7e07691039
02-14 16:14:19.143 16371 16371 E ArmVmp : Match on catch block at 0x0a in for 0x7e07691035
02-14 16:14:19.146 16371 16371 E ArmVmp : Match on catch block at 0x0a in for 0x7e07691035
02-14 16:14:19.344 16371 16371 E ArmVmp : Match on catch block at 0xc3 in for 0x7e07691021
02-14 16:14:19.367 16371 16371 E ArmVmp : Match on catch block at 0xc3 in for 0x7e07691021
02-14 16:14:19.373 16371 16371 E ArmVmp : Match on catch block at 0xc3 in for 0x7e07691021
02-14 16:14:19.464 16371 16371 E ArmVmp : Match on catch block at 0xc3 in for 0x7e07691025
02-14 16:14:19.474 16371 16371 E ArmVmp : Match on catch block at 0xc3 in for 0x7e07691025
02-14 16:14:19.483 16371 16371 E ArmVmp : Match on catch block at 0xc3 in for 0x7e07691025
02-14 16:14:19.506 16371 16371 E ArmVmp : Match on catch block at 0xc3 in for 0x7e07691025
02-14 16:14:19.511 16371 16371 E ArmVmp : Match on catch block at 0xc3 in for 0x7e07691025
02-14 16:14:19.517 16371 16371 E ArmVmp : Match on catch block at 0xc3 in for 0x7e07691025
02-14 16:14:19.540 16371 16371 E ArmVmp : Match on catch block at 0xc3 in for 0x7e07691025
02-14 16:14:19.548 16371 16371 E ArmVmp : Match on catch block at 0xc3 in for 0x7e07691025
02-14 16:14:19.553 16371 16371 E ArmVmp : Match on catch block at 0xc3 in for 0x7e07691025
02-14 16:14:19.571 16371 16371 E ArmVmp : Match on catch block at 0xc3 in for 0x7e07691025
02-14 16:14:19.582 16371 16371 E ArmVmp : Match on catch block at 0xc3 in for 0x7e07691025
02-14 16:14:19.590 16371 16371 E ArmVmp : Match on catch block at 0xc3 in for 0x7e07691025
02-14 16:14:19.607 16371 16371 E SpannableStringBuilder: SPAN_EXCLUSIVE_EXCLUSIVE spans cannot have a zero length
02-14 16:14:20.042 16371 16371 E ArmVmp : Match on catch block at 0xc3 in for 0x7e07691025
02-14 16:14:20.044 16371 16371 E ArmVmp : Match on catch block at 0xc3 in for 0x7e07691025
02-14 16:14:20.046 16371 16371 E ArmVmp : Match on catch block at 0xc3 in for 0x7e07691025
02-14 16:14:20.509 16371 16371 W JobService: onNetworkChanged() not implemented in androidx.work.impl.background.systemjob.SystemJobService. Must override in a subclass.
02-14 16:14:20.541 16371 16371 E ArmVmp : Match on catch block at 0xc3 in for 0x7e07691025
02-14 16:14:20.545 16371 16371 E ArmVmp : Match on catch block at 0xc3 in for 0x7e07691025
02-14 16:14:20.548 16371 16371 E ArmVmp : Match on catch block at 0xc3 in for 0x7e07691025
02-14 16:14:21.042 16371 16371 E ArmVmp : Match on catch block at 0xc3 in for 0x7e07691025
02-14 16:14:21.046 16371 16371 E ArmVmp : Match on catch block at 0xc3 in for 0x7e07691025
02-14 16:14:21.048 16371 16371 E ArmVmp : Match on catch block at 0xc3 in for 0x7e07691025
02-14 16:14:21.445 16371 25380 W MediaPlayer: Use of stream types is deprecated for operations other than volume control
02-14 16:14:21.445 16371 25380 W MediaPlayer: See the documentation of setAudioStreamType() for what to use instead with android.media.AudioAttributes to qualify your playback use case
02-14 16:14:21.471 16371 16371 E ArmVmp : Match on catch block at 0xc3 in for 0x7e07691025
02-14 16:14:21.475 16371 16371 E ArmVmp : Match on catch block at 0xc3 in for 0x7e07691025
02-14 16:14:21.476 16371 16371 E ArmVmp : Match on catch block at 0xc3 in for 0x7e07691025
02-14 16:14:21.478 16371 18209 W MediaPlayerNative: info/warning (10973, 0)
02-14 16:14:21.505 16371 16371 E ArmVmp : Match on catch block at 0xc3 in for 0x7e07691025
02-14 16:14:21.508 16371 16371 E ArmVmp : Match on catch block at 0xc3 in for 0x7e07691025
