02-15 11:00:58.156 9536 9631 W WM-SystemJobScheduler: Unable to schedule work ID 8ae5e238-9124-44d5-8c90-864fa6fa0134
02-15 11:01:28.234 9536 9636 W WM-SystemJobScheduler: Unable to schedule work ID a434f1bb-b005-4752-8fcb-f4fd2f603f35
02-15 11:01:31.278 9536 9635 W WM-SystemJobScheduler: Unable to schedule work ID 3c2fb04a-3f5d-4358-904f-3984d6d1f97a
02-15 11:02:01.350 9536 9635 W WM-SystemJobScheduler: Unable to schedule work ID 9fc681f0-c587-42ee-8265-ca99b5dc56c4
02-15 11:02:05.400 9536 9628 W WM-SystemJobScheduler: Unable to schedule work ID cad381d3-0b1a-4438-be01-1a9fa397e537
02-15 11:02:35.514 9536 9631 W WM-SystemJobScheduler: Unable to schedule work ID b11661f1-ea6c-404c-bc81-c74b95b07212
02-15 11:02:47.544 9536 9635 W WM-SystemJobScheduler: Unable to schedule work ID 33a8f6a7-344c-49c1-a467-296d62f2e81e
02-15 11:03:17.592 9536 9628 W WM-SystemJobScheduler: Unable to schedule work ID b7a96ec5-11f0-472f-974c-3954308963ac
02-15 11:03:21.276 9536 9635 W WM-SystemJobScheduler: Unable to schedule work ID e2eee779-5be1-41ce-a420-ebde16c68a08
02-15 11:03:34.076 9536 9536 W JobService: onNetworkChanged() not implemented in androidx.work.impl.background.systemjob.SystemJobService. Must override in a subclass.
02-15 11:03:40.143 9536 9536 W JobService: onNetworkChanged() not implemented in androidx.work.impl.background.systemjob.SystemJobService. Must override in a subclass.
02-15 11:03:46.236 9536 9536 W JobService: onNetworkChanged() not implemented in androidx.work.impl.background.systemjob.SystemJobService. Must override in a subclass.
02-15 11:03:49.295 9536 9536 W JobService: onNetworkChanged() not implemented in androidx.work.impl.background.systemjob.SystemJobService. Must override in a subclass.
02-15 11:03:51.396 9536 9631 W WM-SystemJobScheduler: Unable to schedule work ID 5ee44dd8-2034-4d17-81f7-068070fda9f9
02-15 11:03:55.402 9536 9536 W JobService: onNetworkChanged() not implemented in androidx.work.impl.background.systemjob.SystemJobService. Must override in a subclass.
02-15 11:03:58.452 9536 9536 W JobService: onNetworkChanged() not implemented in androidx.work.impl.background.systemjob.SystemJobService. Must override in a subclass.
02-15 11:04:04.506 9536 9536 W JobService: onNetworkChanged() not implemented in androidx.work.impl.background.systemjob.SystemJobService. Must override in a subclass.
02-15 11:04:07.527 9536 9536 W JobService: onNetworkChanged() not implemented in androidx.work.impl.background.systemjob.SystemJobService. Must override in a subclass.
02-15 11:04:10.598 9536 9631 W WM-SystemJobScheduler: Unable to schedule work ID 937a4a81-7c09-4962-b7e8-5a0c2ed00571
02-15 11:04:40.689 9536 9635 W WM-SystemJobScheduler: Unable to schedule work ID 031bae98-b8d9-4fd9-9dbe-79c2f7a2211a
02-15 11:05:05.176 9536 9631 W WM-SystemJobScheduler: Unable to schedule work ID 3ac8dbaa-3829-4a07-b808-1e07db08b0f8
02-15 11:05:59.496 9536 9631 W WM-SystemJobScheduler: Unable to schedule work ID 1eee177a-8800-4f9d-9304-38bf1ec020af
02-15 11:06:08.655 9536 9631 W WM-SystemJobScheduler: Unable to schedule work ID a31e3525-084e-4815-a3b3-fd14d347ac3b
02-15 11:06:16.968 9536 9536 W JobService: onNetworkChanged() not implemented in androidx.work.impl.background.systemjob.SystemJobService. Must override in a subclass.
02-15 11:06:38.745 9536 9631 W WM-SystemJobScheduler: Unable to schedule work ID 58f7bb96-877c-4544-b9cb-7d2a56672e2f
02-15 11:06:53.831 9536 9635 W WM-SystemJobScheduler: Unable to schedule work ID 2beff6c3-fc3e-4237-b540-e4a0e7904cbd
02-15 11:07:23.903 9536 9628 W WM-SystemJobScheduler: Unable to schedule work ID b594495c-32af-4574-8905-546e41785938
02-15 11:07:27.615 9536 9635 W WM-SystemJobScheduler: Unable to schedule work ID 65f22e09-071a-4018-9cce-03d145c9af64
02-15 11:07:57.662 9536 9635 W WM-SystemJobScheduler: Unable to schedule work ID ccdd7234-d717-4804-a1b5-54faaf99df8c
02-15 11:07:59.220 9536 9631 W WM-SystemJobScheduler: Unable to schedule work ID 935a64b4-d77b-4a5f-81d7-31d9899dd6cf
02-15 11:08:07.929 9536 9536 W JobService: onNetworkChanged() not implemented in androidx.work.impl.background.systemjob.SystemJobService. Must override in a subclass.
02-15 11:08:29.289 9536 9635 W WM-SystemJobScheduler: Unable to schedule work ID 9ccd8be8-3877-4152-a6c2-e1cb7d23b6a4
02-15 11:08:38.693 9536 9628 W WM-SystemJobScheduler: Unable to schedule work ID b6a93dfc-9cf7-4f57-846d-535c424ec145
02-15 11:09:07.943 9536 9536 W JobService: onNetworkChanged() not implemented in androidx.work.impl.background.systemjob.SystemJobService. Must override in a subclass.
02-15 11:09:08.760 9536 9628 W WM-SystemJobScheduler: Unable to schedule work ID fb098b3c-696a-488a-ba8e-b54c74c4b5c3
02-15 11:09:09.589 9536 9636 W WM-SystemJobScheduler: Unable to schedule work ID 526385c7-c5d0-4634-8b2b-50c341d8954f
02-15 11:09:39.633 9536 9636 W WM-SystemJobScheduler: Unable to schedule work ID b04798ab-ebcd-441d-8ad4-1fb2538adfd5
02-15 11:09:42.372 9536 9635 W WM-SystemJobScheduler: Unable to schedule work ID 8f42267a-5403-4d64-83f9-222c7d4f37f7
02-15 11:10:12.424 9536 9631 W WM-SystemJobScheduler: Unable to schedule work ID f63ee23b-3601-4119-a310-9556cc296d4b
02-15 11:10:27.382 9536 9636 W WM-SystemJobScheduler: Unable to schedule work ID d068d73c-8271-4389-afa8-0ad311cbd707
02-15 11:10:57.442 9536 9628 W WM-SystemJobScheduler: Unable to schedule work ID a455d4a7-c761-4aca-bee4-fafa5aadd27c
02-15 11:10:59.567 9536 9636 W WM-SystemJobScheduler: Unable to schedule work ID d0cb64dd-5db7-466a-b48f-786c77f30953
02-15 11:11:27.607 9536 9536 W JobService: onNetworkChanged() not implemented in androidx.work.impl.background.systemjob.SystemJobService. Must override in a subclass.
02-15 11:11:29.608 9536 9636 W WM-SystemJobScheduler: Unable to schedule work ID cac322ec-127b-44c6-8597-82153d2b131b
02-15 11:11:55.483 9536 9628 W WM-SystemJobScheduler: Unable to schedule work ID d8f0de54-ffdf-4484-a358-d1d10205ca07
02-15 11:12:18.930 9536 9628 W WM-SystemJobScheduler: Unable to schedule work ID 1050c66d-06e3-443d-98fb-dee61cc3b7c6
02-15 11:13:40.847 9536 9635 W WM-SystemJobScheduler: Unable to schedule work ID 1e8aac92-1e84-4921-85ad-afaa2f291c2f
02-15 11:13:40.896 9536 9635 W WM-SystemJobScheduler: Unable to schedule work ID ee4ad8d3-7558-46c3-97f6-3365ae4dd881
02-15 11:14:40.875 9536 9628 W WM-SystemJobScheduler: Unable to schedule work ID 1344ca87-536a-4614-8c79-2058ec69cdbe
02-15 11:14:44.516 9536 9636 W WM-SystemJobScheduler: Unable to schedule work ID 5b7749f3-72fd-46e1-b9fc-a9e0ac66f6c2
02-15 11:15:40.868 9536 9636 W WM-SystemJobScheduler: Unable to schedule work ID d78f67c2-6312-40e6-9ad6-aace6bf84619
02-15 11:15:40.909 9536 9635 W WM-SystemJobScheduler: Unable to schedule work ID 5173b85c-ce2f-44b4-a7a2-e198fa30a7e8
02-15 11:17:27.718 9536 9631 W WM-SystemJobScheduler: Unable to schedule work ID 353bfba9-6aa3-415f-a02b-c27fd255f452
02-15 11:17:27.761 9536 9635 W WM-SystemJobScheduler: Unable to schedule work ID a9bfc2d0-4308-4d4c-8d36-168aef3d99d3
02-15 11:25:29.723 9536 9536 W JobService: onNetworkChanged() not implemented in androidx.work.impl.background.systemjob.SystemJobService. Must override in a subclass.
02-15 11:26:38.527 9536 9628 W WM-SystemJobScheduler: Unable to schedule work ID 0e3588cc-03ce-491d-ac5b-6e9838357fd9
02-15 11:26:45.467 9536 9631 W WM-SystemJobScheduler: Unable to schedule work ID cbe5dc81-1c0c-4fba-8a2e-e09e5215797e
02-15 11:28:24.519 9536 9628 W WM-SystemJobScheduler: Unable to schedule work ID 70af8d02-f8c5-461e-905d-d966f12016f4
02-15 11:28:24.555 9536 9635 W WM-SystemJobScheduler: Unable to schedule work ID 901aa7a5-cda1-4dca-bf3b-a1f982a8e66b
02-15 11:29:58.636 9536 9628 W WM-SystemJobScheduler: Unable to schedule work ID 373c1fee-b9b0-46ad-9441-5cd6c1da20c8
02-15 11:30:12.346 9536 9628 W WM-SystemJobScheduler: Unable to schedule work ID 6c203651-11f0-4e2e-b5e8-5cf26e8457a4
02-15 11:31:29.062 9536 9628 W WM-SystemJobScheduler: Unable to schedule work ID ba588096-ef92-40b7-88f7-658c87af70a0
02-15 11:31:40.879 9536 9631 W WM-SystemJobScheduler: Unable to schedule work ID 90cb2586-f39f-4253-91ae-582965d33859
02-15 11:32:47.058 9536 9587 E SQLiteDatabase: Error inserting transferred=0 media_job_uuid=3d5ea64d-2eeb-456a-97cc-f61acf9aaa7f transcoded=0 gif_attribution=0 first_scan_length=0 direct_path=/v/t62.7119- 24/19078912_923823742424824_7814724848831556612_n.enc?ccb=11- 4&oh=01_AdTbv064Q8So18p1vBYOZMG7yJ3fc21zVRY_yA_nL4Kn3g&oe=65F58CA8&_nc_sid=5e03e0 thumbnail_height_width_ratio=1.4159292 is_animated_sticker=0 file_hash=SE7KGl3DoAR8isxVArtqHxqN6uDJfGi6kmR7+s7x7XY= file_path=null file_size=0 partial_media_hash=null face_x=0 face_y=0 height=0 trim_to=0 media_key_timestamp=1708007558000 message_url=https://mmg.whatsapp.net/v/t62.7119- 24/19078912_923823742424824_7814724848831556612_n.enc?ccb=11- 4&oh=01_AdTbv064Q8So18p1vBYOZMG7yJ3fc21zVRY_yA_nL4Kn3g&oe=65F58CA8&_nc_sid=5e03e0&m ms3=true media_caption=null trim_from=0 mime_type=application/pdf partial_media_enc_hash=null width=0 original_file_hash=null has_streaming_sidecar=0 autotransfer_retry_enabled=0 media_upload_handle=null message_row_id=204149 multicast_id=null enc_file_hash=fG2aDLRtUm6Uu7XgN1gSnMdDodSpcWO4cgNhynvFyy4= mute_video=0 page_count=1 first_scan_sidecar=null suspicious_content=0 file_length=1418684 media_name=Modelo polaroides.pdf media_duration=0 chat_row_id=2464 media_key=[B@6f5c703
02-15 11:32:47.058 9536 9587 E SQLiteDatabase: android.database.sqlite.SQLiteConstraintException: UNIQUE constraint failed: message_media.message_row_id (code 1555 SQLITE_CONSTRAINT_PRIMARYKEY[1555])
02-15 11:32:47.058 9536 9587 E SQLiteDatabase: at android.database.sqlite.SQLiteConnection.nativeExecuteForLastInsertedRowId(Native Method)
02-15 11:32:47.058 9536 9587 E SQLiteDatabase: at android.database.sqlite.SQLiteConnection.executeForLastInsertedRowId(SQLiteConnecti on.java:1293)
02-15 11:32:47.058 9536 9587 E SQLiteDatabase: at android.database.sqlite.SQLiteSession.executeForLastInsertedRowId(SQLiteSession.jav a:790)
02-15 11:32:47.058 9536 9587 E SQLiteDatabase: at android.database.sqlite.SQLiteStatement.executeInsert(SQLiteStatement.java:89)
02-15 11:32:47.058 9536 9587 E SQLiteDatabase: at android.database.sqlite.SQLiteDatabase.insertWithOnConflict(SQLiteDatabase.java:243 4)
02-15 11:32:47.058 9536 9587 E SQLiteDatabase: at android.database.sqlite.SQLiteDatabase.insert(SQLiteDatabase.java:2303)
02-15 11:32:47.058 9536 9587 E SQLiteDatabase: at X.2tm.A08(Unknown Source:6)
02-15 11:32:47.058 9536 9587 E SQLiteDatabase: at X.35Y.A07(Unknown Source:212)
02-15 11:32:47.058 9536 9587 E SQLiteDatabase: at X.3QF.A14(Unknown Source:470)
02-15 11:32:47.058 9536 9587 E SQLiteDatabase: at X.3gU.run(Unknown Source:982)
02-15 11:32:47.058 9536 9587 E SQLiteDatabase: at android.os.Handler.handleCallback(Handler.java:958)
02-15 11:32:47.058 9536 9587 E SQLiteDatabase: at android.os.Handler.dispatchMessage(Handler.java:99)
02-15 11:32:47.058 9536 9587 E SQLiteDatabase: at X.0zq.dispatchMessage(Unknown Source:4)
02-15 11:32:47.058 9536 9587 E SQLiteDatabase: at android.os.Looper.loopOnce(Looper.java:230)
02-15 11:32:47.058 9536 9587 E SQLiteDatabase: at android.os.Looper.loop(Looper.java:319)
02-15 11:32:47.058 9536 9587 E SQLiteDatabase: at android.os.HandlerThread.run(HandlerThread.java:67)
02-15 11:33:51.058 9536 9636 W WM-SystemJobScheduler: Unable to schedule work ID d479f93e-6aa0-48ab-bd6d-b700c44852a6
02-15 11:34:03.851 9536 9628 W WM-SystemJobScheduler: Unable to schedule work ID 88867ff2-e9fb-47a8-8498-0910d83a99a0
02-15 11:34:33.913 9536 9628 W WM-SystemJobScheduler: Unable to schedule work ID 3ee33357-dc4d-4ee2-a238-1c54c61a5100
02-15 11:34:42.544 9536 9631 W WM-SystemJobScheduler: Unable to schedule work ID 1e9491b0-7390-45ac-a531-b6b8f741074b
02-15 11:35:12.592 9536 9635 W WM-SystemJobScheduler: Unable to schedule work ID 8e55921b-3f5d-420d-9822-c134fdc3d1e8
02-15 11:35:22.345 9536 9636 W WM-SystemJobScheduler: Unable to schedule work ID 73258672-245b-4003-87fb-36bd0bd76044
02-15 11:36:48.835 9536 9628 W WM-SystemJobScheduler: Unable to schedule work ID 5d1f4a42-8545-453b-b0d5-d4592430a113
02-15 11:36:51.662 9536 9631 W WM-SystemJobScheduler: Unable to schedule work ID 54dbb33f-deef-4634-ab2c-a5fccf368d7d
02-15 11:38:38.653 9536 9631 W WM-SystemJobScheduler: Unable to schedule work ID 71117dc4-5379-410b-a30f-911e7205fe37
02-15 11:38:42.801 9536 9635 W WM-SystemJobScheduler: Unable to schedule work ID fae66533-f50f-45db-ae08-a7acee1b32ee
02-15 11:40:35.736 9536 9631 W WM-SystemJobScheduler: Unable to schedule work ID 4a5542be-2630-45bb-86fe-cfdb3de5fd38
02-15 11:40:36.648 9536 9636 W WM-SystemJobScheduler: Unable to schedule work ID e7e8eb2c-80b5-4d87-b3e5-0af4b277be06
02-15 11:42:06.049 9536 9635 W WM-SystemJobScheduler: Unable to schedule work ID cff48e8f-8d72-4edd-a3f6-0f3b45bd26b6
02-15 11:42:06.119 9536 9635 W WM-SystemJobScheduler: Unable to schedule work ID 8fc404d8-aefa-4818-9047-1fa274dfb3bc
02-15 11:49:37.562 9536 9536 W JobService: onNetworkChanged() not implemented in androidx.work.impl.background.systemjob.SystemJobService. Must override in a subclass.
02-15 11:50:37.571 9536 9536 W JobService: onNetworkChanged() not implemented in androidx.work.impl.background.systemjob.SystemJobService. Must override in a subclass.
02-15 11:50:38.506 9536 9635 W WM-SystemJobScheduler: Unable to schedule work ID b6db41f2-6f50-47e2-ab02-c9d348d59b59
02-15 11:50:47.630 9536 9631 W WM-SystemJobScheduler: Unable to schedule work ID bc811cc9-1962-4344-b911-b4c497508ba8
02-15 11:52:17.555 9536 9636 W WM-SystemJobScheduler: Unable to schedule work ID ff8d7970-a5d9-4610-ac53-32d88c0af645
02-15 11:52:24.134 9536 9628 W WM-SystemJobScheduler: Unable to schedule work ID 430f93da-7e9b-412c-a7e6-93baf21ba814
02-15 11:53:05.926 9536 9636 W WM-SystemJobScheduler: Unable to schedule work ID 2000b962-1838-4bee-8c1d-0e05a879dba7
02-15 11:53:11.872 9536 9631 W WM-SystemJobScheduler: Unable to schedule work ID 22f0e217-a20b-42db-aaf7-10531d2ece36
02-15 11:53:41.925 9536 9635 W WM-SystemJobScheduler: Unable to schedule work ID 073c2233-4eb0-4923-8c42-e433d31e8e54
02-15 11:53:46.997 9536 9631 W WM-SystemJobScheduler: Unable to schedule work ID 839f5aef-7774-4bd9-9ea2-8011349aa526
02-15 11:55:08.561 9536 9628 W WM-SystemJobScheduler: Unable to schedule work ID 6e0d1a27-f423-4c07-b064-56b334e61ac5
02-15 11:55:14.905 9536 9635 W WM-SystemJobScheduler: Unable to schedule work ID 34a603dd-60ac-4392-b2e1-f687839b7c4a
02-15 11:55:40.853 9536 9548 W com.whatsapp: Suspending all threads took: 5.428ms
02-15 11:56:20.780 9536 9636 W WM-SystemJobScheduler: Unable to schedule work ID 00fdfc50-4b12-4494-97c9-9e6a3dfe98ce
02-15 12:03:10.931 9536 9536 W JobService: onNetworkChanged() not implemented in androidx.work.impl.background.systemjob.SystemJobService. Must override in a subclass.
02-15 12:03:10.935 9536 9536 W JobService: onNetworkChanged() not implemented in androidx.work.impl.background.systemjob.SystemJobService. Must override in a subclass.
02-15 12:03:11.716 9536 9635 W WM-SystemJobScheduler: Unable to schedule work ID 5ba9ab2e-93c9-4a9f-8ac2-b5baa88f1b9c
02-15 12:03:20.650 9536 9631 W WM-SystemJobScheduler: Unable to schedule work ID a0cdbd89-8766-4a70-a169-28339e42ba59
02-15 12:03:50.734 9536 9635 W WM-SystemJobScheduler: Unable to schedule work ID dcf02746-121c-4b06-b6bd-9c5bb92857fa
02-15 12:03:51.194 9536 9636 W WM-SystemJobScheduler: Unable to schedule work ID 895408d0-46e1-4eff-b41c-fdda50375c56
02-15 12:04:21.250 9536 9628 W WM-SystemJobScheduler: Unable to schedule work ID ec9f11fc-fb0f-40f0-8e74-fea7fb7573e0
02-15 12:04:30.508 9536 9635 W WM-SystemJobScheduler: Unable to schedule work ID e3835e4e-182a-4116-817e-49bc1f6811a4
02-15 12:05:00.554 9536 9631 W WM-SystemJobScheduler: Unable to schedule work ID f70e35f3-48d4-443b-99c7-b6a79593ca95
02-15 12:05:00.592 9536 9628 W WM-SystemJobScheduler: Unable to schedule work ID 198163a2-1b11-436e-a3a2-548972f3f928
02-15 12:05:30.653 9536 9636 W WM-SystemJobScheduler: Unable to schedule work ID 82acbc01-6689-4a96-aba8-42e5a1fef26a
02-15 12:05:35.083 9536 9628 W WM-SystemJobScheduler: Unable to schedule work ID 4694c9b8-cbce-4a64-9bd2-717bcf4eb135
02-15 12:06:05.137 9536 9628 W WM-SystemJobScheduler: Unable to schedule work ID 9a27f9a5-412b-4a52-9743-a41a25c96526
02-15 12:06:06.715 9536 9635 W WM-SystemJobScheduler: Unable to schedule work ID 3d1e79e3-67a1-40d2-86cf-2a575ab15146
02-15 12:06:36.806 9536 9628 W WM-SystemJobScheduler: Unable to schedule work ID 3d433dbd-88e4-4583-85d0-ae7af43a1fe4
02-15 12:06:38.905 9536 9636 W WM-SystemJobScheduler: Unable to schedule work ID 0f6e4856-65ed-4b46-8ad1-755313d5f463
02-15 12:07:08.963 9536 9635 W WM-SystemJobScheduler: Unable to schedule work ID e1b62bfb-5e65-4dd4-bbb3-2f6f2ec32e06
02-15 12:07:20.445 9536 9631 W WM-SystemJobScheduler: Unable to schedule work ID 62a794c2-a36a-4703-81a0-73f0ee5afc3d
02-15 12:07:50.490 9536 9635 W WM-SystemJobScheduler: Unable to schedule work ID 0ebbcd7e-3239-41ee-aa9d-848cf766bd1a
02-15 12:08:09.697 9536 9636 W WM-SystemJobScheduler: Unable to schedule work ID 8a30cab1-7338-4565-b952-7d492ebbe1b6
02-15 12:08:39.742 9536 9628 W WM-SystemJobScheduler: Unable to schedule work ID 8695f3c4-eadf-468d-bb7f-23812feee91f
02-15 12:08:43.108 9536 9631 W WM-SystemJobScheduler: Unable to schedule work ID 3c44e459-cc34-4a43-9c69-8abbeb3a47e3
02-15 12:09:13.266 9536 9635 W WM-SystemJobScheduler: Unable to schedule work ID 5225f834-d584-42e6-896f-a27c733590f4
02-15 12:09:13.681 9536 9631 W WM-SystemJobScheduler: Unable to schedule work ID d4c16644-515f-4009-8820-e31ac865486b
02-15 12:09:43.776 9536 9636 W WM-SystemJobScheduler: Unable to schedule work ID 719c7c5e-8f7d-45e4-b52b-97d1c3172f26
02-15 12:16:02.556 9536 9536 W JobService: onNetworkChanged() not implemented in androidx.work.impl.background.systemjob.SystemJobService. Must override in a subclass.
02-15 12:16:16.497 9536 9636 W WM-SystemJobScheduler: Unable to schedule work ID e476baa9-40bd-4f6d-85c0-44bf2dca60dc
02-15 12:16:19.172 9536 9628 W WM-SystemJobScheduler: Unable to schedule work ID 56ea4f74-d5fe-436e-b938-8f821cfbb54c
02-15 12:17:40.826 9536 9628 W WM-SystemJobScheduler: Unable to schedule work ID ccfe24a5-c2e9-4e83-92f5-25e381699444
02-15 12:19:14.874 9536 9636 W WM-SystemJobScheduler: Unable to schedule work ID 1e835417-4481-439e-bda6-70a888cb1cc8
02-15 12:19:44.945 9536 9628 W WM-SystemJobScheduler: Unable to schedule work ID d8ba5ab9-9814-4aac-b7b7-2affd90da802
02-15 12:20:06.839 9536 9631 W WM-SystemJobScheduler: Unable to schedule work ID 3dff87f2-5cae-43d0-a8fa-5f0127aa475f
02-15 12:22:16.440 9536 9635 W WM-SystemJobScheduler: Unable to schedule work ID 745e9607-7de6-4a54-aebe-787f83e12504
02-15 12:22:18.968 9536 9628 W WM-SystemJobScheduler: Unable to schedule work ID d337ff7c-d06d-42ad-b2eb-539b610b1538
02-15 12:28:41.710 9536 9636 W WM-SystemJobScheduler: Unable to schedule work ID cc8e2a34-2f60-495f-bda8-bea04c66db73
02-15 12:49:45.245 9536 9536 W JobService: onNetworkChanged() not implemented in androidx.work.impl.background.systemjob.SystemJobService. Must override in a subclass.
02-15 12:50:11.889 9536 9631 W WM-SystemJobScheduler: Unable to schedule work ID c364a039-35c8-48de-817d-c1f9e8becec4
02-15 12:50:16.463 9536 9636 W WM-SystemJobScheduler: Unable to schedule work ID 11eaaf0a-6667-4f88-899a-be613643842d
02-15 12:50:46.522 9536 9628 W WM-SystemJobScheduler: Unable to schedule work ID f316b7bf-ee3e-45a5-b839-24e3088270f6
02-15 12:50:47.807 9536 9635 W WM-SystemJobScheduler: Unable to schedule work ID af526761-3d59-4a25-bf0e-8f105cb3a5b4
02-15 12:53:33.602 9536 9628 W WM-SystemJobScheduler: Unable to schedule work ID 53d55d21-77b3-4d3e-ac78-1f0261dda0d4
02-15 12:53:36.310 9536 9636 W WM-SystemJobScheduler: Unable to schedule work ID b3b21986-39aa-4886-9f8e-17d37876386e
02-15 12:55:48.712 9536 9628 W WM-SystemJobScheduler: Unable to schedule work ID 49cc59a0-9e89-406e-9aa5-cd97b8c51863
02-15 12:55:48.919 9536 9628 W WM-SystemJobScheduler: Unable to schedule work ID d8083e37-c84a-4f7b-ac1b-9b366a87a813
02-15 12:58:52.519 9536 9631 W WM-SystemJobScheduler: Unable to schedule work ID ff84294f-4d8a-474b-b82a-23100e507f6f
02-15 12:59:07.597 9536 9635 W WM-SystemJobScheduler: Unable to schedule work ID 2d4b0913-ee7a-4c84-8ed1-cbc971fb187f
02-15 13:03:54.080 9536 9536 W JobService: onNetworkChanged() not implemented in androidx.work.impl.background.systemjob.SystemJobService. Must override in a subclass.
02-15 13:04:54.097 9536 9536 W JobService: onNetworkChanged() not implemented in androidx.work.impl.background.systemjob.SystemJobService. Must override in a subclass.
02-15 13:05:25.869 9536 9536 W JobService: onNetworkChanged() not implemented in androidx.work.impl.background.systemjob.SystemJobService. Must override in a subclass.
02-15 13:05:35.560 9536 9635 W WM-SystemJobScheduler: Unable to schedule work ID 778159a1-9089-41cf-8776-e47ae4ea531c
02-15 13:05:41.047 9536 9628 W WM-SystemJobScheduler: Unable to schedule work ID 8c8ff35a-8352-4136-8341-849aa24ae2e5
02-15 13:06:11.119 9536 9635 W WM-SystemJobScheduler: Unable to schedule work ID 9857f9ce-e61c-4c84-a567-be311f9ec974
02-15 13:06:53.524 9536 9628 W WM-SystemJobScheduler: Unable to schedule work ID 36206b64-ec6b-4e0f-9daa-d90da9a1cdb5
02-15 13:08:20.093 9536 9635 W WM-SystemJobScheduler: Unable to schedule work ID 4fd4845a-7103-4156-b5f8-be925d267b67
02-15 13:08:25.113 9536 9636 W WM-SystemJobScheduler: Unable to schedule work ID 7c17fe6b-d14d-46a8-9ea3-e3314f7b3a8d
02-15 13:08:59.186 9536 9587 E SQLiteDatabase: Error inserting transferred=1 media_job_uuid=78cf8f7b-7f73-40e0-9cd2-f1efbebdedd2 transcoded=0 gif_attribution=0 first_scan_length=0 direct_path=/v/t62.7117- 24/32810725_7411032398917634_8640132721765582482_n.enc?ccb=11- 4&oh=01_AdQFMO2RGeK90_MfeAW_5tWIqeO7QrVyihDAu9wb6hV3JQ&oe=65F5B764&_nc_sid=5e03e0 thumbnail_height_width_ratio=0.0 is_animated_sticker=0 file_hash=DviwpiZy2QkbBXr/J3ozNdSDHObK8n2SzPnj2P2Od68= file_path=Media/WhatsApp Voice Notes/202407/PTT-20240215-WA0016.opus file_size=244087 partial_media_hash=null face_x=0 face_y=0 height=0 trim_to=0 media_key_timestamp=1708013234000 message_url=https://mmg.whatsapp.net/v/t62.7117- 24/32810725_7411032398917634_8640132721765582482_n.enc?ccb=11- 4&oh=01_AdQFMO2RGeK90_MfeAW_5tWIqeO7QrVyihDAu9wb6hV3JQ&oe=65F5B764&_nc_sid=5e03e0&m ms3=true media_caption=null trim_from=0 mime_type=audio/ogg; codecs=opus partial_media_enc_hash=null width=0 original_file_hash=null has_streaming_sidecar=0 autotransfer_retry_enabled=1 media_upload_handle=null message_row_id=204210 multicast_id=null enc_file_hash=EbWZRwfWAj5SZn9+MluubEIIDuLIsUNssYZQUmjCMZ4= mute_video=0 page_count=0 first_scan_sidecar=null suspicious_content=0 file_length=244087 media_name=null media_duration=102 chat_row_id=1497 media_key=[B@6b479bd
02-15 13:08:59.186 9536 9587 E SQLiteDatabase: android.database.sqlite.SQLiteConstraintException: UNIQUE constraint failed: message_media.message_row_id (code 1555 SQLITE_CONSTRAINT_PRIMARYKEY[1555])
02-15 13:08:59.186 9536 9587 E SQLiteDatabase: at android.database.sqlite.SQLiteConnection.nativeExecuteForLastInsertedRowId(Native Method)
02-15 13:08:59.186 9536 9587 E SQLiteDatabase: at android.database.sqlite.SQLiteConnection.executeForLastInsertedRowId(SQLiteConnecti on.java:1293)
02-15 13:08:59.186 9536 9587 E SQLiteDatabase: at android.database.sqlite.SQLiteSession.executeForLastInsertedRowId(SQLiteSession.jav a:790)
02-15 13:08:59.186 9536 9587 E SQLiteDatabase: at android.database.sqlite.SQLiteStatement.executeInsert(SQLiteStatement.java:89)
02-15 13:08:59.186 9536 9587 E SQLiteDatabase: at android.database.sqlite.SQLiteDatabase.insertWithOnConflict(SQLiteDatabase.java:243 4)
02-15 13:08:59.186 9536 9587 E SQLiteDatabase: at android.database.sqlite.SQLiteDatabase.insert(SQLiteDatabase.java:2303)
02-15 13:08:59.186 9536 9587 E SQLiteDatabase: at X.2tm.A08(Unknown Source:6)
02-15 13:08:59.186 9536 9587 E SQLiteDatabase: at X.35Y.A07(Unknown Source:212)
02-15 13:08:59.186 9536 9587 E SQLiteDatabase: at X.3QF.A14(Unknown Source:470)
02-15 13:08:59.186 9536 9587 E SQLiteDatabase: at X.3gU.run(Unknown Source:982)
02-15 13:08:59.186 9536 9587 E SQLiteDatabase: at android.os.Handler.handleCallback(Handler.java:958)
02-15 13:08:59.186 9536 9587 E SQLiteDatabase: at android.os.Handler.dispatchMessage(Handler.java:99)
02-15 13:08:59.186 9536 9587 E SQLiteDatabase: at X.0zq.dispatchMessage(Unknown Source:4)
02-15 13:08:59.186 9536 9587 E SQLiteDatabase: at android.os.Looper.loopOnce(Looper.java:230)
02-15 13:08:59.186 9536 9587 E SQLiteDatabase: at android.os.Looper.loop(Looper.java:319)
02-15 13:08:59.186 9536 9587 E SQLiteDatabase: at android.os.HandlerThread.run(HandlerThread.java:67)
02-15 13:10:01.763 9536 9636 W WM-SystemJobScheduler: Unable to schedule work ID 11aa7a65-c16d-4efc-9eea-5e3f5c0b3d7e
02-15 13:10:15.223 9536 9635 W WM-SystemJobScheduler: Unable to schedule work ID acaf3b30-60b6-4263-bbc2-8e8a8323ab66
02-15 13:10:51.176 9536 9587 E SQLiteDatabase: Error inserting transferred=1 media_job_uuid=b83a7f91-7fa5-413e-bb8b-511c91fa9236 transcoded=0 gif_attribution=0 first_scan_length=0 direct_path=/v/t62.7117- 24/34592436_1328013661240001_5098162299448001030_n.enc?ccb=11- 4&oh=01_AdRidaeC9y_uHtbePk4MRGW7sK25v9yFRL7zJCg1qKdg_w&oe=65F5BEEE&_nc_sid=5e03e0 thumbnail_height_width_ratio=0.0 is_animated_sticker=0 file_hash=q7VeYJ1wewFTOYNqPRE6dDZbpSbMu/t7+URg634Mtts= file_path=Media/WhatsApp Voice Notes/202407/PTT-20240215-WA0017.opus file_size=132245 partial_media_hash=null face_x=0 face_y=0 height=0 trim_to=0 media_key_timestamp=1708013395000 message_url=https://mmg.whatsapp.net/v/t62.7117- 24/34592436_1328013661240001_5098162299448001030_n.enc?ccb=11- 4&oh=01_AdRidaeC9y_uHtbePk4MRGW7sK25v9yFRL7zJCg1qKdg_w&oe=65F5BEEE&_nc_sid=5e03e0&m ms3=true media_caption=null trim_from=0 mime_type=audio/ogg; codecs=opus partial_media_enc_hash=null width=0 original_file_hash=null has_streaming_sidecar=0 autotransfer_retry_enabled=1 media_upload_handle=null message_row_id=204211 multicast_id=null enc_file_hash=xLpQ8isjTx4WOM74cCCRVCOfnTjiKd2NZ3bCevmCmbE= mute_video=0 page_count=0 first_scan_sidecar=null suspicious_content=0 file_length=132245 media_name=null media_duration=55 chat_row_id=1497 media_key=[B@72f4a72
02-15 13:10:51.176 9536 9587 E SQLiteDatabase: android.database.sqlite.SQLiteConstraintException: UNIQUE constraint failed: message_media.message_row_id (code 1555 SQLITE_CONSTRAINT_PRIMARYKEY[1555])
02-15 13:10:51.176 9536 9587 E SQLiteDatabase: at android.database.sqlite.SQLiteConnection.nativeExecuteForLastInsertedRowId(Native Method)
02-15 13:10:51.176 9536 9587 E SQLiteDatabase: at android.database.sqlite.SQLiteConnection.executeForLastInsertedRowId(SQLiteConnecti on.java:1293)
02-15 13:10:51.176 9536 9587 E SQLiteDatabase: at android.database.sqlite.SQLiteSession.executeForLastInsertedRowId(SQLiteSession.jav a:790)
02-15 13:10:51.176 9536 9587 E SQLiteDatabase: at android.database.sqlite.SQLiteStatement.executeInsert(SQLiteStatement.java:89)
02-15 13:10:51.176 9536 9587 E SQLiteDatabase: at android.database.sqlite.SQLiteDatabase.insertWithOnConflict(SQLiteDatabase.java:243 4)
02-15 13:10:51.176 9536 9587 E SQLiteDatabase: at android.database.sqlite.SQLiteDatabase.insert(SQLiteDatabase.java:2303)
02-15 13:10:51.176 9536 9587 E SQLiteDatabase: at X.2tm.A08(Unknown Source:6)
02-15 13:10:51.176 9536 9587 E SQLiteDatabase: at X.35Y.A07(Unknown Source:212)
02-15 13:10:51.176 9536 9587 E SQLiteDatabase: at X.3QF.A14(Unknown Source:470)
02-15 13:10:51.176 9536 9587 E SQLiteDatabase: at X.3gU.run(Unknown Source:982)
02-15 13:10:51.176 9536 9587 E SQLiteDatabase: at android.os.Handler.handleCallback(Handler.java:958)
02-15 13:10:51.176 9536 9587 E SQLiteDatabase: at android.os.Handler.dispatchMessage(Handler.java:99)
02-15 13:10:51.176 9536 9587 E SQLiteDatabase: at X.0zq.dispatchMessage(Unknown Source:4)
02-15 13:10:51.176 9536 9587 E SQLiteDatabase: at android.os.Looper.loopOnce(Looper.java:230)
02-15 13:10:51.176 9536 9587 E SQLiteDatabase: at android.os.Looper.loop(Looper.java:319)
02-15 13:10:51.176 9536 9587 E SQLiteDatabase: at android.os.HandlerThread.run(HandlerThread.java:67)
02-15 13:11:11.947 9536 9636 W WM-SystemJobScheduler: Unable to schedule work ID 5b7a8b61-84bc-44e5-b2a2-15ad847eb2d8
02-15 13:11:14.671 9536 9628 W WM-SystemJobScheduler: Unable to schedule work ID 7e2cbc29-c074-4bb5-a706-e192d09a3eec
02-15 13:11:44.723 9536 9628 W WM-SystemJobScheduler: Unable to schedule work ID d747d902-a8d1-4e82-9fba-5a36a2bcf2bb
02-15 13:11:53.978 9536 9631 W WM-SystemJobScheduler: Unable to schedule work ID 2ad44927-b9b2-4d3b-9d93-908c11485010
02-15 13:12:24.012 9536 9636 W WM-SystemJobScheduler: Unable to schedule work ID de29b887-d8cf-439e-b1fb-99083acaa604
02-15 13:12:29.314 9536 9628 W WM-SystemJobScheduler: Unable to schedule work ID da58f0d8-b3c4-408f-af09-8b6bddfdf7a5
02-15 13:13:41.891 9536 9635 W WM-SystemJobScheduler: Unable to schedule work ID a815553e-c576-44b7-9e59-bcaaf24ac274
02-15 13:13:54.557 9536 9631 W WM-SystemJobScheduler: Unable to schedule work ID a34cbb71-beb8-431c-89ee-2386c1a84c8a
02-15 13:15:54.406 9536 9631 W WM-SystemJobScheduler: Unable to schedule work ID c7b4124b-0f02-4bf6-8fd6-4df9529b3b86
02-15 13:15:59.044 9536 9627 W SQLiteLog: (28) double-quoted string literal: ""
02-15 13:16:02.666 9536 9628 W WM-SystemJobScheduler: Unable to schedule work ID 5bcb1538-c657-464d-a58b-703296f81ddd
02-15 13:17:46.647 9536 9635 W WM-SystemJobScheduler: Unable to schedule work ID 0c827c64-de51-4591-8fe2-172ffc7a9338
02-15 13:18:03.544 9536 9628 W WM-SystemJobScheduler: Unable to schedule work ID d06a7e98-6855-4422-9767-f03c23531504
02-15 13:18:33.583 9536 9636 W WM-SystemJobScheduler: Unable to schedule work ID 28567785-2598-4fc3-addc-c040bf46e0f9
02-15 13:18:34.675 9536 9635 W WM-SystemJobScheduler: Unable to schedule work ID c1052168-02b7-4aa8-975c-018b1a2e298c
02-15 13:19:04.712 9536 9628 W WM-SystemJobScheduler: Unable to schedule work ID f061a0bd-1a94-4d85-bc3f-ee4bbc2eb818
02-15 13:19:29.972 9536 9636 W WM-SystemJobScheduler: Unable to schedule work ID a70b54cd-dffe-4078-8275-17d324d0df08
02-15 13:20:00.018 9536 9631 W WM-SystemJobScheduler: Unable to schedule work ID 884e8fff-f9eb-467c-ada6-b48ac512882b
02-15 13:20:01.506 9536 9635 W WM-SystemJobScheduler: Unable to schedule work ID afd905c9-931b-4ddc-a92b-0651db2eb014
02-15 13:20:31.548 9536 9635 W WM-SystemJobScheduler: Unable to schedule work ID 7a34ca43-b78a-46ff-8f4c-103ed3ec19de
02-15 13:20:34.966 9536 9628 W WM-SystemJobScheduler: Unable to schedule work ID d0b2c989-e9b0-48ba-bc90-5a2b7ce25f8a
02-15 13:21:05.009 9536 9636 W WM-SystemJobScheduler: Unable to schedule work ID 4c3dedfb-6d7c-4e10-8868-0818510603fa
02-15 13:21:25.576 9536 9631 W WM-SystemJobScheduler: Unable to schedule work ID 9ebec6c7-231d-4ef3-b502-c4b17f658ac3
02-15 13:21:55.607 9536 9636 W WM-SystemJobScheduler: Unable to schedule work ID 9cab5990-d5b0-4a9b-89d3-d694141065ea
02-15 13:21:56.560 9536 9631 W WM-SystemJobScheduler: Unable to schedule work ID 683e17b6-3443-460a-b787-0faba8f05da7
02-15 13:22:26.601 9536 9631 W WM-SystemJobScheduler: Unable to schedule work ID 2547c198-c3c3-49cf-8af9-d29deb3bb5a9
02-15 13:22:31.738 9536 9635 W WM-SystemJobScheduler: Unable to schedule work ID 8ed7d12e-4719-4201-84c1-0ba42232c68a
02-15 13:23:01.787 9536 9635 W WM-SystemJobScheduler: Unable to schedule work ID c9384419-3366-4b8f-ac82-8ba2b3183fa0
02-15 13:23:02.037 9536 9635 W WM-SystemJobScheduler: Unable to schedule work ID 49c12555-7e74-4964-8735-b899582ba58b
02-15 13:23:32.095 9536 9636 W WM-SystemJobScheduler: Unable to schedule work ID 43bb1b66-d5f2-4e0d-b9b3-ed92849fbef9
02-15 13:23:55.454 9536 9628 W WM-SystemJobScheduler: Unable to schedule work ID 30346bf7-9b16-430c-9b7b-b3bb11b97ca4
02-15 13:25:26.714 9536 9628 W WM-SystemJobScheduler: Unable to schedule work ID 5988bc1e-21b3-4a08-9ace-e21b79db8f43
02-15 13:25:29.981 9536 9636 W WM-SystemJobScheduler: Unable to schedule work ID 84882285-76e8-4c69-86af-de2d91ccea12
02-15 13:26:05.077 9536 9628 W WM-SystemJobScheduler: Unable to schedule work ID 2086c718-f1ce-432e-878f-46b138b53838
02-15 13:26:20.599 9536 9628 W WM-SystemJobScheduler: Unable to schedule work ID 6435fa47-dea2-4940-bff9-d4f2737d366d
02-15 13:26:50.639 9536 9636 W WM-SystemJobScheduler: Unable to schedule work ID a25cd23c-3745-40fe-92f5-e13ef04f5fd9
02-15 13:27:10.326 9536 9636 W WM-SystemJobScheduler: Unable to schedule work ID febba86e-a09e-4c6b-ada1-a11a8a142a99
02-15 13:35:43.196 9536 9536 W JobService: onNetworkChanged() not implemented in androidx.work.impl.background.systemjob.SystemJobService. Must override in a subclass.
02-15 13:35:43.196 9536 9536 W JobService: onNetworkChanged() not implemented in androidx.work.impl.background.systemjob.SystemJobService. Must override in a subclass.
02-15 13:35:43.442 9536 9631 W WM-SystemJobScheduler: Unable to schedule work ID b51d0378-fa11-4381-bd0f-a6f2ee3c08e1
02-15 13:35:54.187 9536 9636 W WM-SystemJobScheduler: Unable to schedule work ID 533f36e2-80c3-44ce-8ef0-97e766ee97da
02-15 13:37:42.507 9536 9636 W WM-SystemJobScheduler: Unable to schedule work ID 74bd7424-97e8-4f70-b13c-a5d6a416b180
02-15 13:37:45.404 9536 9628 W WM-SystemJobScheduler: Unable to schedule work ID 759795e7-ace8-4eae-ae66-e94323575fda
02-15 13:39:59.352 9536 9636 W WM-SystemJobScheduler: Unable to schedule work ID 58cd68ae-742a-4cb5-bc10-386c77b9b768
02-15 13:39:59.381 9536 9635 W WM-SystemJobScheduler: Unable to schedule work ID fb082392-fd86-4b8a-8f4e-d798a1d84211
02-15 13:41:20.710 9536 9628 W WM-SystemJobScheduler: Unable to schedule work ID 68a260d6-aecf-49f7-b922-f8080431acc6
02-15 13:41:37.801 9536 9631 W WM-SystemJobScheduler: Unable to schedule work ID 63807199-fadb-4fdc-a5bf-50d708b8aa4a
02-15 13:42:07.839 9536 9636 W WM-SystemJobScheduler: Unable to schedule work ID 4f5f66a7-a68c-49b0-93ae-6be25c165a3a
02-15 13:42:09.438 9536 9636 W WM-SystemJobScheduler: Unable to schedule work ID 81dfa15c-cfa8-42c2-9a8e-299575cc44ea
02-15 13:42:39.477 9536 9635 W WM-SystemJobScheduler: Unable to schedule work ID a01f63cb-9b0a-4559-96b4-7b5e34f2de0e
02-15 13:42:40.670 9536 9628 W WM-SystemJobScheduler: Unable to schedule work ID e8f93d1b-1b26-4199-8381-19a1b7b337df
02-15 13:43:37.949 9536 9628 W WM-SystemJobScheduler: Unable to schedule work ID f1ae0527-6417-4538-a0f9-6583072b760c
02-15 13:43:44.221 9536 9631 W WM-SystemJobScheduler: Unable to schedule work ID d83a3272-f795-47e0-a6fe-a620fff4e535
02-15 13:45:06.516 9536 9587 E SQLiteDatabase: Error inserting transferred=0 media_job_uuid=b915373b-bb16-4e34-9a0a-f99b62a22d43 transcoded=0 gif_attribution=0 first_scan_length=0 direct_path=/v/t62.7119- 24/34630485_1775027106328855_1301486967047674859_n.enc?ccb=11- 4&oh=01_AdTOrb1Jlbx8GTQihz-JRiVPWz3V2tE8H3TP9dpUAIlICw&oe=65F5BDC4&_nc_sid=5e03e0 thumbnail_height_width_ratio=1.7712177 is_animated_sticker=0 file_hash=YXse7D/K7+D0rZt3ED3QtXpr5OlE/5HYpyUSVaJUK6I= file_path=null file_size=0 partial_media_hash=null face_x=0 face_y=0 height=0 trim_to=0 media_key_timestamp=1708015504000 message_url=https://mmg.whatsapp.net/v/t62.7119- 24/34630485_1775027106328855_1301486967047674859_n.enc?ccb=11- 4&oh=01_AdTOrb1Jlbx8GTQihz- JRiVPWz3V2tE8H3TP9dpUAIlICw&oe=65F5BDC4&_nc_sid=5e03e0&mms3=true media_caption=null trim_from=0 mime_type=application/pdf partial_media_enc_hash=null width=0 original_file_hash=null has_streaming_sidecar=0 autotransfer_retry_enabled=0 media_upload_handle=null message_row_id=204244 multicast_id=null enc_file_hash=vDCcf2frQ7i386yJlEyndzx+MkxnQIJ+9Q8Axva58hk= mute_video=0 page_count=2 first_scan_sidecar=null suspicious_content=0 file_length=18872 media_name=2024_02_15_12_44_17_807_receipt.pdf media_duration=0 chat_row_id=5 media_key=[B@39ac1d2
02-15 13:45:06.516 9536 9587 E SQLiteDatabase: android.database.sqlite.SQLiteConstraintException: UNIQUE constraint failed: message_media.message_row_id (code 1555 SQLITE_CONSTRAINT_PRIMARYKEY[1555])
02-15 13:45:06.516 9536 9587 E SQLiteDatabase: at android.database.sqlite.SQLiteConnection.nativeExecuteForLastInsertedRowId(Native Method)
02-15 13:45:06.516 9536 9587 E SQLiteDatabase: at android.database.sqlite.SQLiteConnection.executeForLastInsertedRowId(SQLiteConnecti on.java:1293)
02-15 13:45:06.516 9536 9587 E SQLiteDatabase: at android.database.sqlite.SQLiteSession.executeForLastInsertedRowId(SQLiteSession.jav a:790)
02-15 13:45:06.516 9536 9587 E SQLiteDatabase: at android.database.sqlite.SQLiteStatement.executeInsert(SQLiteStatement.java:89)
02-15 13:45:06.516 9536 9587 E SQLiteDatabase: at android.database.sqlite.SQLiteDatabase.insertWithOnConflict(SQLiteDatabase.java:243 4)
02-15 13:45:06.516 9536 9587 E SQLiteDatabase: at android.database.sqlite.SQLiteDatabase.insert(SQLiteDatabase.java:2303)
02-15 13:45:06.516 9536 9587 E SQLiteDatabase: at X.2tm.A08(Unknown Source:6)
02-15 13:45:06.516 9536 9587 E SQLiteDatabase: at X.35Y.A07(Unknown Source:212)
02-15 13:45:06.516 9536 9587 E SQLiteDatabase: at X.3QF.A14(Unknown Source:470)
02-15 13:45:06.516 9536 9587 E SQLiteDatabase: at X.3gU.run(Unknown Source:982)
02-15 13:45:06.516 9536 9587 E SQLiteDatabase: at android.os.Handler.handleCallback(Handler.java:958)
02-15 13:45:06.516 9536 9587 E SQLiteDatabase: at android.os.Handler.dispatchMessage(Handler.java:99)
02-15 13:45:06.516 9536 9587 E SQLiteDatabase: at X.0zq.dispatchMessage(Unknown Source:4)
02-15 13:45:06.516 9536 9587 E SQLiteDatabase: at android.os.Looper.loopOnce(Looper.java:230)
02-15 13:45:06.516 9536 9587 E SQLiteDatabase: at android.os.Looper.loop(Looper.java:319)
02-15 13:45:06.516 9536 9587 E SQLiteDatabase: at android.os.HandlerThread.run(HandlerThread.java:67)
02-15 13:45:42.073 9536 9635 W WM-SystemJobScheduler: Unable to schedule work ID 6f2fe6cc-4e09-49f0-8433-4f8b9d226e81
02-15 13:45:47.616 9536 9628 W WM-SystemJobScheduler: Unable to schedule work ID 76ee5ee9-a8e9-4546-ba2b-65a27f870b9d
02-15 13:47:18.252 9536 9636 W WM-SystemJobScheduler: Unable to schedule work ID f856a77a-9fdc-44cf-9c01-8118fc164980
02-15 13:47:18.719 9536 9587 E SQLiteDatabase: Error inserting transferred=0 media_job_uuid=6155ef98-e8e5-49f9-923b-e4eafb6ff249 transcoded=0 gif_attribution=0 first_scan_length=0 direct_path=/v/t62.7119- 24/27115980_240520362460050_7634826451203146407_n.enc?ccb=11- 4&oh=01_AdSUNOk9BDUUfAttQZF1gXVAUJHXXhxz8MyzVGka8bc_ng&oe=65F5A493&_nc_sid=5e03e0 thumbnail_height_width_ratio=1.7712177 is_animated_sticker=0 file_hash=XOgj+/yh1KzXZcVF1sgiRQWevhYeZaaVVdVvjC+QdMk= file_path=null file_size=0 partial_media_hash=null face_x=0 face_y=0 height=0 trim_to=0 media_key_timestamp=1708015636000 message_url=https://mmg.whatsapp.net/v/t62.7119- 24/27115980_240520362460050_7634826451203146407_n.enc?ccb=11- 4&oh=01_AdSUNOk9BDUUfAttQZF1gXVAUJHXXhxz8MyzVGka8bc_ng&oe=65F5A493&_nc_sid=5e03e0&m ms3=true media_caption=null trim_from=0 mime_type=application/pdf partial_media_enc_hash=null width=0 original_file_hash=null has_streaming_sidecar=0 autotransfer_retry_enabled=0 media_upload_handle=null message_row_id=204245 multicast_id=null enc_file_hash=n9X+mBNhnY1HK9Ti+iDlV7XcGqdj1K2J8AX4ahtnJrc= mute_video=0 page_count=1 first_scan_sidecar=null suspicious_content=0 file_length=17936 media_name=2024_02_15_12_46_24_413_receipt.pdf media_duration=0 chat_row_id=5 media_key=[B@d5d4320
02-15 13:47:18.719 9536 9587 E SQLiteDatabase: android.database.sqlite.SQLiteConstraintException: UNIQUE constraint failed: message_media.message_row_id (code 1555 SQLITE_CONSTRAINT_PRIMARYKEY[1555])
02-15 13:47:18.719 9536 9587 E SQLiteDatabase: at android.database.sqlite.SQLiteConnection.nativeExecuteForLastInsertedRowId(Native Method)
02-15 13:47:18.719 9536 9587 E SQLiteDatabase: at android.database.sqlite.SQLiteConnection.executeForLastInsertedRowId(SQLiteConnecti on.java:1293)
02-15 13:47:18.719 9536 9587 E SQLiteDatabase: at android.database.sqlite.SQLiteSession.executeForLastInsertedRowId(SQLiteSession.jav a:790)
02-15 13:47:18.719 9536 9587 E SQLiteDatabase: at android.database.sqlite.SQLiteStatement.executeInsert(SQLiteStatement.java:89)
02-15 13:47:18.719 9536 9587 E SQLiteDatabase: at android.database.sqlite.SQLiteDatabase.insertWithOnConflict(SQLiteDatabase.java:243 4)
02-15 13:47:18.719 9536 9587 E SQLiteDatabase: at android.database.sqlite.SQLiteDatabase.insert(SQLiteDatabase.java:2303)
02-15 13:47:18.719 9536 9587 E SQLiteDatabase: at X.2tm.A08(Unknown Source:6)
02-15 13:47:18.719 9536 9587 E SQLiteDatabase: at X.35Y.A07(Unknown Source:212)
02-15 13:47:18.719 9536 9587 E SQLiteDatabase: at X.3QF.A14(Unknown Source:470)
02-15 13:47:18.719 9536 9587 E SQLiteDatabase: at X.3gU.run(Unknown Source:982)
02-15 13:47:18.719 9536 9587 E SQLiteDatabase: at android.os.Handler.handleCallback(Handler.java:958)
02-15 13:47:18.719 9536 9587 E SQLiteDatabase: at android.os.Handler.dispatchMessage(Handler.java:99)
02-15 13:47:18.719 9536 9587 E SQLiteDatabase: at X.0zq.dispatchMessage(Unknown Source:4)
02-15 13:47:18.719 9536 9587 E SQLiteDatabase: at android.os.Looper.loopOnce(Looper.java:230)
02-15 13:47:18.719 9536 9587 E SQLiteDatabase: at android.os.Looper.loop(Looper.java:319)
02-15 13:47:18.719 9536 9587 E SQLiteDatabase: at android.os.HandlerThread.run(HandlerThread.java:67)
02-15 13:47:30.587 9536 9635 W WM-SystemJobScheduler: Unable to schedule work ID c5a8320b-ec71-449d-b95f-911b3d152410
02-15 13:48:00.636 9536 9636 W WM-SystemJobScheduler: Unable to schedule work ID c99d8de6-fa46-4fda-8a5c-a8b198d09399
02-15 13:48:05.957 9536 9631 W WM-SystemJobScheduler: Unable to schedule work ID ae2c4ead-4fd3-45ee-bc89-2021aab1c05b
02-15 13:49:51.827 9536 9628 W WM-SystemJobScheduler: Unable to schedule work ID 49bf4d84-5de6-453a-981f-35c1a7ef042a
02-15 13:50:28.909 9536 9631 W WM-SystemJobScheduler: Unable to schedule work ID 260bd2e9-f5fb-4a45-9138-fa76ea1097be
02-15 13:52:40.611 9536 9635 W WM-SystemJobScheduler: Unable to schedule work ID dc8e8c21-5778-4cc7-9b7e-6ffd50488c25
02-15 13:52:52.708 9536 9628 W WM-SystemJobScheduler: Unable to schedule work ID 81b091f7-997e-4086-bd79-c6584c9ca760
02-15 13:53:28.768 9536 9628 W WM-SystemJobScheduler: Unable to schedule work ID 969bf69c-d559-472d-bba2-e7a62c30c830
02-15 13:53:34.810 9536 9635 W WM-SystemJobScheduler: Unable to schedule work ID f8d94c25-d858-413c-bd13-3cc17d37b675
02-15 13:54:04.909 9536 9636 W WM-SystemJobScheduler: Unable to schedule work ID 1edf178b-dec9-4f1a-bc3c-2f7f54b43bb6
02-15 13:54:10.865 9536 9635 W WM-SystemJobScheduler: Unable to schedule work ID 71161773-bb01-4783-9845-289790995440
02-15 13:54:40.908 9536 9628 W WM-SystemJobScheduler: Unable to schedule work ID db71be11-1e25-4dc8-b319-384dec6cedff
02-15 13:54:41.478 9536 9636 W WM-SystemJobScheduler: Unable to schedule work ID 179324b1-cae0-4f41-a3e1-ee57c58596a0
02-15 13:58:34.935 9536 9587 E SQLiteDatabase: Error inserting transferred=1 media_job_uuid=16ca986b-ed07-4b2a-a57e-2708ea300473 transcoded=0 gif_attribution=0 first_scan_length=0 direct_path=/v/t62.7117- 24/12158843_2143886909323993_1502404710171809753_n.enc?ccb=11-4&oh=01_AdRi4CF03q- ImscGZkBo2L8-L2qLK-UWG30fUIJ3cuxuSg&oe=65F5B4CD&_nc_sid=5e03e0 thumbnail_height_width_ratio=0.0 is_animated_sticker=0 file_hash=8XXiDZfq1E3V7UweyjY5L/3zwiz7ykV4yRphT8HYtew= file_path=Media/WhatsApp Voice Notes/202407/PTT-20240215-WA0018.opus file_size=55654 partial_media_hash=null face_x=0 face_y=0 height=0 trim_to=0 media_key_timestamp=1708016288000 message_url=https://mmg.whatsapp.net/v/t62.7117- 24/12158843_2143886909323993_1502404710171809753_n.enc?ccb=11-4&oh=01_AdRi4CF03q- ImscGZkBo2L8-L2qLK-UWG30fUIJ3cuxuSg&oe=65F5B4CD&_nc_sid=5e03e0&mms3=true media_caption=null trim_from=0 mime_type=audio/ogg; codecs=opus partial_media_enc_hash=null width=0 original_file_hash=null has_streaming_sidecar=0 autotransfer_retry_enabled=1 media_upload_handle=null message_row_id=204247 multicast_id=null enc_file_hash=pC/lcJvhZdSFPkWduZB975KreRcZwBOdfL5lig7REl0= mute_video=0 page_count=0 first_scan_sidecar=null suspicious_content=0 file_length=55654 media_name=null media_duration=23 chat_row_id=1497 media_key=[B@cd91710
02-15 13:58:34.935 9536 9587 E SQLiteDatabase: android.database.sqlite.SQLiteConstraintException: UNIQUE constraint failed: message_media.message_row_id (code 1555 SQLITE_CONSTRAINT_PRIMARYKEY[1555])
02-15 13:58:34.935 9536 9587 E SQLiteDatabase: at android.database.sqlite.SQLiteConnection.nativeExecuteForLastInsertedRowId(Native Method)
02-15 13:58:34.935 9536 9587 E SQLiteDatabase: at android.database.sqlite.SQLiteConnection.executeForLastInsertedRowId(SQLiteConnecti on.java:1293)
02-15 13:58:34.935 9536 9587 E SQLiteDatabase: at android.database.sqlite.SQLiteSession.executeForLastInsertedRowId(SQLiteSession.jav a:790)
02-15 13:58:34.935 9536 9587 E SQLiteDatabase: at android.database.sqlite.SQLiteStatement.executeInsert(SQLiteStatement.java:89)
02-15 13:58:34.935 9536 9587 E SQLiteDatabase: at android.database.sqlite.SQLiteDatabase.insertWithOnConflict(SQLiteDatabase.java:243 4)
02-15 13:58:34.935 9536 9587 E SQLiteDatabase: at android.database.sqlite.SQLiteDatabase.insert(SQLiteDatabase.java:2303)
02-15 13:58:34.935 9536 9587 E SQLiteDatabase: at X.2tm.A08(Unknown Source:6)
02-15 13:58:34.935 9536 9587 E SQLiteDatabase: at X.35Y.A07(Unknown Source:212)
02-15 13:58:34.935 9536 9587 E SQLiteDatabase: at X.3QF.A14(Unknown Source:470)
02-15 13:58:34.935 9536 9587 E SQLiteDatabase: at X.3gU.run(Unknown Source:982)
02-15 13:58:34.935 9536 9587 E SQLiteDatabase: at android.os.Handler.handleCallback(Handler.java:958)
02-15 13:58:34.935 9536 9587 E SQLiteDatabase: at android.os.Handler.dispatchMessage(Handler.java:99)
02-15 13:58:34.935 9536 9587 E SQLiteDatabase: at X.0zq.dispatchMessage(Unknown Source:4)
02-15 13:58:34.935 9536 9587 E SQLiteDatabase: at android.os.Looper.loopOnce(Looper.java:230)
02-15 13:58:34.935 9536 9587 E SQLiteDatabase: at android.os.Looper.loop(Looper.java:319)
02-15 13:58:34.935 9536 9587 E SQLiteDatabase: at android.os.HandlerThread.run(HandlerThread.java:67)
02-15 13:58:44.574 9536 9536 W JobService: onNetworkChanged() not implemented in androidx.work.impl.background.systemjob.SystemJobService. Must override in a subclass.
02-15 13:58:44.574 9536 9536 W JobService: onNetworkChanged() not implemented in androidx.work.impl.background.systemjob.SystemJobService. Must override in a subclass.
02-15 13:59:04.491 9536 9636 W WM-SystemJobScheduler: Unable to schedule work ID c53c016a-d08b-40d8-90c6-a6d78f074e9c
02-15 13:59:13.086 9536 9631 W WM-SystemJobScheduler: Unable to schedule work ID e78b586c-77e8-4e4e-966e-0aa065c850fa
02-15 14:00:10.996 9536 9628 W WM-SystemJobScheduler: Unable to schedule work ID 351071fd-79b6-45fa-bcbe-2f1b2dd4df70
02-15 14:00:17.463 9536 9635 W WM-SystemJobScheduler: Unable to schedule work ID aa4be826-3cea-4f40-9dc2-84959e4df89e
02-15 14:01:49.217 9536 9636 W WM-SystemJobScheduler: Unable to schedule work ID d9fa07a8-9b46-4a1d-b4a8-48bb76aab68b
02-15 14:01:58.925 9536 9636 W WM-SystemJobScheduler: Unable to schedule work ID 658c4c7f-5596-4e69-9097-1aaffe489d90
02-15 14:04:39.578 9536 9628 W WM-SystemJobScheduler: Unable to schedule work ID f738715f-2227-4f3f-aed7-6077b500efba
02-15 14:04:51.121 9536 9635 W WM-SystemJobScheduler: Unable to schedule work ID 3ac14a69-f351-40d2-b66a-eb943d28a841
02-15 14:06:36.552 9536 9628 W WM-SystemJobScheduler: Unable to schedule work ID 9bc31d16-b9c5-4a02-aad9-02adbcb53427
02-15 14:06:40.477 9536 9636 W WM-SystemJobScheduler: Unable to schedule work ID b59c44d5-bef9-4331-8710-ff5fb2a82ea3
02-15 14:08:22.947 9536 9631 W WM-SystemJobScheduler: Unable to schedule work ID 6d0bd9ff-0a8e-4f60-bca9-583a5fcead44
02-15 14:08:22.978 9536 9635 W WM-SystemJobScheduler: Unable to schedule work ID 2f1f4448-7e6c-4751-82d2-f910527ed1c4
02-15 14:24:04.140 9536 9536 W JobService: onNetworkChanged() not implemented in androidx.work.impl.background.systemjob.SystemJobService. Must override in a subclass.
02-15 14:38:07.054 9536 9587 E SQLiteDatabase: Error inserting transferred=0 media_job_uuid=f7c2afb8-8aef-4a8b-adb5-3e28fccf1273 transcoded=0 gif_attribution=0 first_scan_length=0 direct_path=/v/t62.7119- 24/19730319_7097452063664692_82083429177879480_n.enc?ccb=11- 4&oh=01_AdTqmuxT1ZOGEQWEAls_RNrzXXcmh7gypOQv2pxeZyOXyw&oe=65F5B586&_nc_sid=5e03e0 thumbnail_height_width_ratio=1.7712177 is_animated_sticker=0 file_hash=0wE+s7wrUhjfHgiPd3iPnmn4YrXcT37Id0SnNv8gcqo= file_path=null file_size=0 partial_media_hash=null face_x=0 face_y=0 height=0 trim_to=0 media_key_timestamp=1708018685000 message_url=https://mmg.whatsapp.net/v/t62.7119- 24/19730319_7097452063664692_82083429177879480_n.enc?ccb=11- 4&oh=01_AdTqmuxT1ZOGEQWEAls_RNrzXXcmh7gypOQv2pxeZyOXyw&oe=65F5B586&_nc_sid=5e03e0&m ms3=true media_caption=null trim_from=0 mime_type=application/pdf partial_media_enc_hash=null width=0 original_file_hash=null has_streaming_sidecar=0 autotransfer_retry_enabled=0 media_upload_handle=null message_row_id=204295 multicast_id=null enc_file_hash=xajIhjmDpQsP5rXlXVoDyZ/46vcwWkFqegNXOZvcULc= mute_video=0 page_count=1 first_scan_sidecar=null suspicious_content=0 file_length=17981 media_name=2024_02_15_13_37_32_748_receipt.pdf media_duration=0 chat_row_id=5 media_key=[B@47c56c
02-15 14:38:07.054 9536 9587 E SQLiteDatabase: android.database.sqlite.SQLiteConstraintException: UNIQUE constraint failed: message_media.message_row_id (code 1555 SQLITE_CONSTRAINT_PRIMARYKEY[1555])
02-15 14:38:07.054 9536 9587 E SQLiteDatabase: at android.database.sqlite.SQLiteConnection.nativeExecuteForLastInsertedRowId(Native Method)
02-15 14:38:07.054 9536 9587 E SQLiteDatabase: at android.database.sqlite.SQLiteConnection.executeForLastInsertedRowId(SQLiteConnecti on.java:1293)
02-15 14:38:07.054 9536 9587 E SQLiteDatabase: at android.database.sqlite.SQLiteSession.executeForLastInsertedRowId(SQLiteSession.jav a:790)
02-15 14:38:07.054 9536 9587 E SQLiteDatabase: at android.database.sqlite.SQLiteStatement.executeInsert(SQLiteStatement.java:89)
