02-13 22:22:23.616 16371 7100 W System.err: at libcore.io.ForwardingOs.android_getaddrinfo(ForwardingOs.java:133)
02-13 22:22:23.616 16371 7100 W System.err: at java.net.Inet6AddressImpl.lookupHostByName(Inet6AddressImpl.java:135)
02-13 22:22:23.616 16371 7100 W System.err: ... 27 more
02-13 22:22:23.655 16371 16371 W libc : Access denied finding property "persist.dm.passive.display_brightness"
02-13 22:22:23.655 16371 16371 W libc : Access denied finding property "persist.dm.passive.ambient_brightness"
02-13 22:22:24.032 16371 4366 W SQLiteLog: (28) double-quoted string literal: "20"
02-13 22:22:24.032 16371 4366 W SQLiteLog: (28) double-quoted string literal: "40"
02-13 22:22:24.050 16371 10173 W com.whatsapp: Long monitor contention with owner WhatsApp Worker #21 (4366) at void X.9CW.A04()(:-1) waiters=0 in void X.9CW.A04() for 146ms
02-13 22:22:24.203 16371 16371 E ArmVmp : Match on catch block at 0xb0 in for 0x7e0769103d
02-13 22:22:24.274 16371 16371 E ArmVmp : Match on catch block at 0xb0 in for 0x7e0769103d
02-13 22:22:24.329 16371 16371 E ArmVmp : Match on catch block at 0xb0 in for 0x7e0769103d
02-13 22:22:24.369 16371 16371 E ArmVmp : Match on catch block at 0xb0 in for 0x7e0769103d
02-13 22:22:24.404 16371 16371 E ArmVmp : Match on catch block at 0xb0 in for 0x7e0769103d
02-13 22:22:24.433 16371 2417 W ContextImpl: Failed to ensure /data/user/95/com.whatsapp/cache: chown failed: EPERM (Operation not permitted)
02-13 22:22:24.448 16371 16371 E ArmVmp : Match on catch block at 0xb0 in for 0x7e0769103d
02-13 22:22:24.482 16371 16371 E ArmVmp : Match on catch block at 0xb0 in for 0x7e0769103d
02-13 22:22:24.529 16371 16371 E ArmVmp : Match on catch block at 0xb0 in for 0x7e0769103d
02-13 22:22:24.573 16371 16371 E ArmVmp : Match on catch block at 0xb0 in for 0x7e0769103d
02-13 22:22:24.607 16371 16371 E ArmVmp : Match on catch block at 0xb0 in for 0x7e0769103d
02-13 22:22:24.648 16371 16371 E ArmVmp : Match on catch block at 0xb0 in for 0x7e0769103d
02-13 22:22:24.657 16371 16381 W com.whatsapp: Cleared Reference was only reachable from finalizer (only reported once)
02-13 22:22:24.734 16371 16371 E ArmVmp : Match on catch block at 0xb0 in for 0x7e0769103d
02-13 22:22:24.798 16371 16371 E ArmVmp : Match on catch block at 0xb0 in for 0x7e0769103d
02-13 22:22:24.828 16371 16371 E ArmVmp : Match on catch block at 0xb0 in for 0x7e0769103d
02-13 22:22:24.862 16371 16371 E ArmVmp : Match on catch block at 0xb0 in for 0x7e0769103d
02-13 22:22:24.885 16371 16371 E ArmVmp : Match on catch block at 0xb0 in for 0x7e0769103d
02-13 22:22:24.912 16371 16371 E ArmVmp : Match on catch block at 0xb0 in for 0x7e0769103d
02-13 22:22:24.942 16371 16371 E ArmVmp : Match on catch block at 0xb0 in for 0x7e0769103d
02-13 22:22:24.971 16371 16371 E ViewRootImpl@2d954e6[HomeActivity]: Surface is not valid.
02-13 22:22:25.001 16371 16371 E ViewRootImpl@2d954e6[HomeActivity]: Surface is not valid.
02-13 22:22:25.006 16371 16371 E ArmVmp : Match on catch block at 0x0a in for 0x7e07691035
02-13 22:22:25.017 16371 2464 W LibraryVersion: Failed to get app version for libraryName: firebase-iid
02-13 22:22:25.157 16371 2509 W LOTTIE : Animation contains merge paths. Merge paths are only supported on KitKat+ and must be manually enabled by calling enableMergePathsForKitKatAndAbove().
02-13 22:22:25.206 16371 16371 E ArmVmp : Match on catch block at 0xb0 in for 0x7e07691049
02-13 22:22:25.208 16371 16371 E ArmVmp : Match on catch block at 0xb0 in for 0x7e07691049
02-13 22:22:25.211 16371 16371 E ArmVmp : Match on catch block at 0xb0 in for 0x7e07691049
02-13 22:22:25.213 16371 16371 E ArmVmp : Match on catch block at 0xb0 in for 0x7e07691049
02-13 22:22:25.278 16371 16371 E ArmVmp : Match on catch block at 0xb0 in for 0x7e07691049
02-13 22:22:25.280 16371 16371 E ArmVmp : Match on catch block at 0xb0 in for 0x7e07691049
02-13 22:22:25.283 16371 16371 E ArmVmp : Match on catch block at 0xb0 in for 0x7e07691049
02-13 22:22:25.285 16371 16371 E ArmVmp : Match on catch block at 0xb0 in for 0x7e07691049
02-13 22:22:25.519 16371 16371 W WindowOnBackDispatcher: sendCancelIfRunning: isInProgress=falsecallback=android.view.ViewRootImpl$ $ExternalSyntheticLambda21@7941da3
02-13 22:22:25.591 16371 16371 E ArmVmp : Match on catch block at 0xb0 in for 0x7e07691039
02-13 22:22:25.643 16371 16371 E ArmVmp : Match on catch block at 0xb0 in for 0x7e07691039
02-13 22:22:25.726 16371 16371 E ArmVmp : Match on catch block at 0x0a in for 0x7e07691031
02-13 22:22:25.734 16371 16371 E ArmVmp : Match on catch block at 0x0a in for 0x7e0769104d
02-13 22:22:25.772 16371 2629 E ArmVmp : No matching catch block at 0x07
02-13 22:22:25.772 16371 2629 E ArmVmp : Match on catch block at 0x02 in for 0x7e05204805
02-13 22:22:25.773 16371 2629 W System.err: java.net.UnknownHostException: Unable to resolve host "pastebin.com": No address associated with hostname
02-13 22:22:25.773 16371 2629 W System.err: at java.net.Inet6AddressImpl.lookupHostByName(Inet6AddressImpl.java:156)
02-13 22:22:25.773 16371 2629 W System.err: at java.net.Inet6AddressImpl.lookupAllHostAddr(Inet6AddressImpl.java:103)
02-13 22:22:25.773 16371 2629 W System.err: at java.net.InetAddress.getAllByName(InetAddress.java:1152)
02-13 22:22:25.773 16371 2629 W System.err: at com.android.okhttp.Dns$1.lookup(Dns.java:41)
02-13 22:22:25.773 16371 2629 W System.err: at com.android.okhttp.internal.http.RouteSelector.resetNextInetSocketAddress(RouteSele ctor.java:178)
02-13 22:22:25.774 16371 2629 W System.err: at com.android.okhttp.internal.http.RouteSelector.nextProxy(RouteSelector.java:144)
02-13 22:22:25.774 16371 2629 W System.err: at com.android.okhttp.internal.http.RouteSelector.next(RouteSelector.java:86)
02-13 22:22:25.774 16371 2629 W System.err: at com.android.okhttp.internal.http.StreamAllocation.findConnection(StreamAllocation.j ava:176)
02-13 22:22:25.774 16371 2629 W System.err: at com.android.okhttp.internal.http.StreamAllocation.findHealthyConnection(StreamAlloc ation.java:128)
02-13 22:22:25.774 16371 2629 W System.err: at com.android.okhttp.internal.http.StreamAllocation.newStream(StreamAllocation.java:9 7)
02-13 22:22:25.774 16371 2629 W System.err: at com.android.okhttp.internal.http.HttpEngine.connect(HttpEngine.java:289)
02-13 22:22:25.774 16371 2629 W System.err: at com.android.okhttp.internal.http.HttpEngine.sendRequest(HttpEngine.java:232)
02-13 22:22:25.774 16371 2629 W System.err: at com.android.okhttp.internal.huc.HttpURLConnectionImpl.execute(HttpURLConnectionImpl .java:465)
02-13 22:22:25.775 16371 2629 W System.err: at com.android.okhttp.internal.huc.HttpURLConnectionImpl.getResponse(HttpURLConnection Impl.java:411)
02-13 22:22:25.775 16371 2629 W System.err: at com.android.okhttp.internal.huc.HttpURLConnectionImpl.getInputStream(HttpURLConnect ionImpl.java:248)
02-13 22:22:25.775 16371 2629 W System.err: at com.android.okhttp.internal.huc.DelegatingHttpsURLConnection.getInputStream(Delegat ingHttpsURLConnection.java:211)
02-13 22:22:25.775 16371 2629 W System.err: at com.android.okhttp.internal.huc.HttpsURLConnectionImpl.getInputStream(HttpsURLConne ctionImpl.java:30)
02-13 22:22:25.775 16371 2629 W System.err: at java.net.URL.openStream(URL.java:1072)
02-13 22:22:25.775 16371 2629 W System.err: at mbmodsd.mbmodsw.mbdialog.MBDialogMan.loadJsonFromUrl(Native Method)
02-13 22:22:25.775 16371 2629 W System.err: at mbmodsd.mbmodsw.mbdialog.MBDialogMan.access$000(Native Method)
02-13 22:22:25.775 16371 2629 W System.err: at mbmodsd.mbmodsw.mbdialog.MBDialogMan$FetchJsonTask.doInBackground(Native Method)
02-13 22:22:25.775 16371 2629 W System.err: at mbmodsd.mbmodsw.mbdialog.MBDialogMan$FetchJsonTask.doInBackground(Native Method)
02-13 22:22:25.775 16371 2629 W System.err: at android.os.AsyncTask$3.call(AsyncTask.java:394)
02-13 22:22:25.776 16371 2629 W System.err: at java.util.concurrent.FutureTask.run(FutureTask.java:264)
02-13 22:22:25.776 16371 2629 W System.err: at android.os.AsyncTask$SerialExecutor$1.run(AsyncTask.java:305)
02-13 22:22:25.776 16371 2629 W System.err: at java.util.concurrent.ThreadPoolExecutor.runWorker(ThreadPoolExecutor.java:1145)
02-13 22:22:25.776 16371 2629 W System.err: at java.util.concurrent.ThreadPoolExecutor$Worker.run(ThreadPoolExecutor.java:644)
02-13 22:22:25.776 16371 2629 W System.err: at java.lang.Thread.run(Thread.java:1012)
02-13 22:22:25.776 16371 2629 W System.err: Caused by: android.system.GaiException: android_getaddrinfo failed: EAI_NODATA (No address associated with hostname)
02-13 22:22:25.776 16371 2629 W System.err: at libcore.io.Linux.android_getaddrinfo(Native Method)
02-13 22:22:25.777 16371 2629 W System.err: at libcore.io.ForwardingOs.android_getaddrinfo(ForwardingOs.java:133)
02-13 22:22:25.777 16371 2629 W System.err: at libcore.io.BlockGuardOs.android_getaddrinfo(BlockGuardOs.java:222)
02-13 22:22:25.777 16371 2629 W System.err: at libcore.io.ForwardingOs.android_getaddrinfo(ForwardingOs.java:133)
02-13 22:22:25.777 16371 2629 W System.err: at java.net.Inet6AddressImpl.lookupHostByName(Inet6AddressImpl.java:135)
02-13 22:22:25.777 16371 2629 W System.err: ... 27 more
02-13 22:22:25.877 16371 16371 W LOTTIE : Animation contains merge paths but they are disabled.
02-13 22:22:25.918 16371 16371 E ArmVmp : Match on catch block at 0xb0 in for 0x7e07691049
02-13 22:22:25.921 16371 16371 E ArmVmp : Match on catch block at 0xb0 in for 0x7e07691049
02-13 22:22:25.923 16371 16371 E ArmVmp : Match on catch block at 0xb0 in for 0x7e07691049
02-13 22:22:25.925 16371 16371 E ArmVmp : Match on catch block at 0xb0 in for 0x7e07691049
02-13 22:22:25.932 16371 16371 E ArmVmp : Match on catch block at 0xb0 in for 0x7e0769103d
02-13 22:22:25.952 16371 16371 E ArmVmp : Match on catch block at 0xb0 in for 0x7e0769103d
02-13 22:22:25.971 16371 16371 E ArmVmp : Match on catch block at 0xb0 in for 0x7e0769103d
02-13 22:22:25.994 16371 16371 E ArmVmp : Match on catch block at 0xb0 in for 0x7e0769103d
02-13 22:22:26.014 16371 16371 E ArmVmp : Match on catch block at 0xb0 in for 0x7e0769103d
02-13 22:22:26.034 16371 16371 E ArmVmp : Match on catch block at 0xb0 in for 0x7e0769103d
02-13 22:22:26.055 16371 16371 E ArmVmp : Match on catch block at 0xb0 in for 0x7e0769103d
02-13 22:22:26.074 16371 16371 E ArmVmp : Match on catch block at 0xb0 in for 0x7e0769103d
02-13 22:22:26.095 16371 16371 E ArmVmp : Match on catch block at 0xb0 in for 0x7e0769103d
02-13 22:22:26.116 16371 16371 E ArmVmp : Match on catch block at 0xb0 in for 0x7e07691049
02-13 22:22:26.118 16371 16371 E ArmVmp : Match on catch block at 0xb0 in for 0x7e07691049
02-13 22:22:26.122 16371 16371 E ArmVmp : Match on catch block at 0xb0 in for 0x7e07691049
02-13 22:22:26.125 16371 16371 E ArmVmp : Match on catch block at 0xb0 in for 0x7e07691049
02-13 22:22:26.132 16371 16371 E ArmVmp : Match on catch block at 0xb0 in for 0x7e0769103d
02-13 22:22:26.149 16371 16371 E ArmVmp : Match on catch block at 0xb0 in for 0x7e0769103d
02-13 22:22:26.167 16371 16371 E ArmVmp : Match on catch block at 0xb0 in for 0x7e0769103d
02-13 22:22:26.182 16371 16371 E ArmVmp : Match on catch block at 0xb0 in for 0x7e0769103d
02-13 22:22:26.198 16371 16371 E ArmVmp : Match on catch block at 0xb0 in for 0x7e0769103d
02-13 22:22:26.214 16371 16371 E ArmVmp : Match on catch block at 0xb0 in for 0x7e0769103d
02-13 22:22:26.228 16371 16371 E ArmVmp : Match on catch block at 0xb0 in for 0x7e0769103d
02-13 22:22:26.244 16371 16371 E ArmVmp : Match on catch block at 0xb0 in for 0x7e0769103d
02-13 22:22:26.264 16371 16371 E ArmVmp : Match on catch block at 0xb0 in for 0x7e0769103d
02-13 22:22:26.536 16371 16371 E ArmVmp : Match on catch block at 0x0a in for 0x7e07691035
02-13 22:22:26.632 16371 16371 E ArmVmp : Match on catch block at 0xb0 in for 0x7e0769103d
02-13 22:22:26.648 16371 16371 E ArmVmp : Match on catch block at 0xb0 in for 0x7e0769103d
02-13 22:22:26.673 16371 16371 E ArmVmp : Match on catch block at 0xb0 in for 0x7e0769103d
02-13 22:22:26.688 16371 16371 E ArmVmp : Match on catch block at 0xb0 in for 0x7e0769103d
02-13 22:22:26.701 16371 2730 W ContextImpl: Failed to ensure /data/user/95/com.whatsapp/cache: chown failed: EPERM (Operation not permitted)
02-13 22:22:27.685 16371 2839 E RenderScript: Failed to find hal setup entry points: undefined symbol: rsdHalAbort
02-13 22:22:27.686 16371 2839 E RenderScript: Failed to load runtime , loading default
02-13 22:22:27.807 16371 16371 E ArmVmp : Match on catch block at 0xb0 in for 0x7e07691039
02-13 22:22:27.811 16371 16371 E ArmVmp : Match on catch block at 0xb0 in for 0x7e07691039
02-13 22:22:27.855 16371 16371 E ArmVmp : Match on catch block at 0x0a in for 0x7e07691035
02-13 22:22:27.859 16371 16371 E ArmVmp : Match on catch block at 0x0a in for 0x7e07691035
02-13 22:22:28.103 16371 16371 E ArmVmp : Match on catch block at 0xc3 in for 0x7e07691021
02-13 22:22:28.117 16371 16371 E ArmVmp : Match on catch block at 0xc3 in for 0x7e07691021
02-13 22:22:28.175 16371 16371 E ArmVmp : Match on catch block at 0xc3 in for 0x7e07691025
02-13 22:22:28.184 16371 16371 E ArmVmp : Match on catch block at 0xc3 in for 0x7e07691025
02-13 22:22:28.212 16371 16371 E ArmVmp : Match on catch block at 0xc3 in for 0x7e07691025
02-13 22:22:28.216 16371 16371 E ArmVmp : Match on catch block at 0xc3 in for 0x7e07691025
02-13 22:22:28.228 16371 16371 E ArmVmp : Match on catch block at 0xc3 in for 0x7e07691025
02-13 22:22:28.232 16371 16371 E ArmVmp : Match on catch block at 0xc3 in for 0x7e07691025
02-13 22:22:28.276 16371 16371 E ArmVmp : Match on catch block at 0xc3 in for 0x7e07691025
02-13 22:22:28.286 16371 16371 E ArmVmp : Match on catch block at 0xc3 in for 0x7e07691025
02-13 22:22:28.294 16371 16371 E ArmVmp : Match on catch block at 0xc3 in for 0x7e07691025
02-13 22:22:28.299 16371 16371 E ArmVmp : Match on catch block at 0xc3 in for 0x7e07691025
02-13 22:22:28.305 16371 16371 E SpannableStringBuilder: SPAN_EXCLUSIVE_EXCLUSIVE spans cannot have a zero length
02-13 22:22:28.775 16371 16371 E ArmVmp : Match on catch block at 0xc3 in for 0x7e07691025
02-13 22:22:28.778 16371 16371 E ArmVmp : Match on catch block at 0xc3 in for 0x7e07691025
02-13 22:22:29.275 16371 16371 E ArmVmp : Match on catch block at 0xc3 in for 0x7e07691025
02-13 22:22:29.279 16371 16371 E ArmVmp : Match on catch block at 0xc3 in for 0x7e07691025
02-13 22:22:29.774 16371 16371 E ArmVmp : Match on catch block at 0xc3 in for 0x7e07691025
02-13 22:22:29.779 16371 16371 E ArmVmp : Match on catch block at 0xc3 in for 0x7e07691025
02-13 22:22:30.275 16371 16371 E ArmVmp : Match on catch block at 0xc3 in for 0x7e07691025
02-13 22:22:30.279 16371 16371 E ArmVmp : Match on catch block at 0xc3 in for 0x7e07691025
02-13 22:22:30.775 16371 16371 E ArmVmp : Match on catch block at 0xc3 in for 0x7e07691025
02-13 22:22:30.779 16371 16371 E ArmVmp : Match on catch block at 0xc3 in for 0x7e07691025
02-13 22:22:31.275 16371 16371 E ArmVmp : Match on catch block at 0xc3 in for 0x7e07691025
02-13 22:22:31.279 16371 16371 E ArmVmp : Match on catch block at 0xc3 in for 0x7e07691025
02-13 22:22:31.775 16371 16371 E ArmVmp : Match on catch block at 0xc3 in for 0x7e07691025
02-13 22:22:31.779 16371 16371 E ArmVmp : Match on catch block at 0xc3 in for 0x7e07691025
02-13 22:22:32.275 16371 16371 E ArmVmp : Match on catch block at 0xc3 in for 0x7e07691025
02-13 22:22:32.279 16371 16371 E ArmVmp : Match on catch block at 0xc3 in for 0x7e07691025
02-13 22:22:32.776 16371 16371 E ArmVmp : Match on catch block at 0xc3 in for 0x7e07691025
02-13 22:22:32.780 16371 16371 E ArmVmp : Match on catch block at 0xc3 in for 0x7e07691025
02-13 22:22:32.926 16371 16371 E ArmVmp : Match on catch block at 0xc3 in for 0x7e07691025
02-13 22:22:32.931 16371 16371 E ArmVmp : Match on catch block at 0xc3 in for 0x7e07691025
02-13 22:22:33.023 16371 16371 W TabLayout: MODE_SCROLLABLE + GRAVITY_FILL is not supported, GRAVITY_START will be used instead
02-13 22:22:33.089 16371 16371 W BottomSheetBehavior: BottomSheetBehavior now supports multiple callbacks. `setBottomSheetCallback()` removes all existing callbacks, including ones set internally by library authors, which may result in unintended behavior. This may change in the future. Please use `addBottomSheetCallback()` and `removeBottomSheetCallback()` instead to set your own callbacks.
02-13 22:22:33.206 16371 16371 W View : requestLayout() improperly called by com.whatsapp.WaImageView{bac5b5d VF.D..CL. ......ID 0,0-180,180 #7f0b1814 app:id/shutter} during layout: running second layout pass
02-13 22:22:33.206 16371 16371 W View : requestLayout() improperly called by com.whatsapp.CircularProgressBar{b8b1134 V.ED..... ......ID 0,0-180,180 #7f0b14fc app:id/recording_progress} during layout: running second layout pass
02-13 22:22:33.206 16371 16371 W View : requestLayout() improperly called by com.whatsapp.WaImageView{3276cd2 VF.D..C.. ......ID 0,0-135,135 #7f0b1976 app:id/switch_camera_btn} during layout: running second layout pass
02-13 22:22:33.206 16371 16371 W View : requestLayout() improperly called by com.whatsapp.WaImageView{75d81a3 VFED..C.. ......ID 0,0-135,135 #7f0b0b0d app:id/gallery_btn} during layout: running second layout pass
02-13 22:22:33.206 16371 16371 W View : requestLayout() improperly called by com.whatsapp.WaImageView{7620ca0 VF.D..C.. ......ID 0,0-135,135 #7f0b0a9c app:id/flash_btn} during layout: running second layout pass
02-13 22:22:33.206 16371 16371 W View : requestLayout() improperly called by com.whatsapp.WaImageView{8585059 VFED..C.. ......ID 0,0-135,135 #7f0b057f app:id/close_camera_btn} during layout: running second layout pass
02-13 22:22:33.206 16371 16371 W View : requestLayout() improperly called by X.4Ki{3eb52cc V.ED..... ......ID 0,6-1080,141} during layout: running second layout pass
02-13 22:22:33.206 16371 16371 W View : requestLayout() improperly called by androidx.appcompat.view.menu.ActionMenuItemView{675f8f6 VFED..CL. ......ID 0,11- 136,146 #7f0b0fe8 app:id/more} during layout: running second layout pass
02-13 22:22:33.206 16371 16371 W View : requestLayout() improperly called by androidx.appcompat.widget.ActionMenuView{65a24f7 V.E...... ......ID 944,0-1080,158} during layout: running second layout pass
02-13 22:22:33.251 16371 16371 W View : requestLayout() improperly called by com.whatsapp.WaImageView{bac5b5d VF.D..CL. ......ID 450,1692-630,1872 #7f0b1814 app:id/shutter} during layout: running second layout pass
02-13 22:22:33.252 16371 16371 W View : requestLayout() improperly called by com.whatsapp.CircularProgressBar{b8b1134 V.ED..... ......ID 450,1692-630,1872 #7f0b14fc app:id/recording_progress} during layout: running second layout pass
02-13 22:22:33.252 16371 16371 W View : requestLayout() improperly called by com.whatsapp.WaImageView{3276cd2 VF.D..C.. ......ID 921,1713-1056,1848 #7f0b1976 app:id/switch_camera_btn} during layout: running second layout pass
02-13 22:22:33.252 16371 16371 W View : requestLayout() improperly called by com.whatsapp.WaImageView{75d81a3 VFED..C.. ......ID 24,1713-159,1848 #7f0b0b0d app:id/gallery_btn} during layout: running second layout pass
02-13 22:22:33.252 16371 16371 W View : requestLayout() improperly called by com.whatsapp.WaImageView{7620ca0 VF.D..C.. ......I. 921,24-1056,159 #7f0b0a9c app:id/flash_btn} during layout: running second layout pass
02-13 22:22:33.252 16371 16371 W View : requestLayout() improperly called by com.whatsapp.WaImageView{8585059 VFED..C.. ......I. 24,24-159,159 #7f0b057f app:id/close_camera_btn} during layout: running second layout pass
02-13 22:22:33.265 16371 16371 E ArmVmp : Match on catch block at 0xc3 in for 0x7e07691025
02-13 22:22:33.273 16371 16371 E ArmVmp : Match on catch block at 0xc3 in for 0x7e07691025
02-13 22:22:33.836 16371 16371 E ArmVmp : Match on catch block at 0xc3 in for 0x7e07691025
02-13 22:22:33.848 16371 16371 E ArmVmp : Match on catch block at 0xc3 in for 0x7e07691025
02-13 22:22:39.871 16371 16383 W com.whatsapp: ApkAssets: Deleting an ApkAssets object '<empty> and /data/app/~~BO2GlpayVsgWT-SeuNb5Tw==/com.sec.android.gallery3d- GWry4RGvqOnOwAHEvPvfBQ==/base.apk' with 1 weak references
02-13 22:22:39.872 16371 16383 W com.whatsapp: ApkAssets: Deleting an ApkAssets object '/product/overlay/NavigationBarModeGestural/NavigationBarModeGesturalOverlay.apk' with 2 weak references
02-13 22:22:39.872 16371 16383 W com.whatsapp: ApkAssets: Deleting an ApkAssets object '/data/resource-cache/android-SemWT_MonetPalette-xivP.frro' with 1 weak references
02-13 22:22:39.872 16371 16383 W com.whatsapp: ApkAssets: Deleting an ApkAssets object '/data/resource-cache/android-SemWT_android-W0Tr.frro' with 1 weak references
02-13 22:22:39.872 16371 16383 W com.whatsapp: ApkAssets: Deleting an ApkAssets object '/data/resource-cache/android-SemWT_com.sec.android.gallery3d-q0Pu.frro' with 1 weak references
02-13 22:22:39.872 16371 16383 W com.whatsapp: ApkAssets: Deleting an ApkAssets object '<empty> and /data/app/~~xIPPf7Os_y1YbFBhumnWHQ==/com.google.android.apps.photos- a93FAEKv2WHsImvHAYI6uw==/base.apk' with 1 weak references
02-13 22:22:39.873 16371 16383 W com.whatsapp: ApkAssets: Deleting an ApkAssets object '<empty> and /data/app/~~xIPPf7Os_y1YbFBhumnWHQ==/com.google.android.apps.photos- a93FAEKv2WHsImvHAYI6uw==/split_config.arm64_v8a.apk' with 1 weak references
02-13 22:22:39.873 16371 16383 W com.whatsapp: ApkAssets: Deleting an ApkAssets object '<empty> and /data/app/~~xIPPf7Os_y1YbFBhumnWHQ==/com.google.android.apps.photos- a93FAEKv2WHsImvHAYI6uw==/split_config.pt.apk' with 1 weak references
02-13 22:22:39.873 16371 16383 W System : A resource failed to call AbstractCursor.close.
02-13 22:22:39.880 16371 16383 W com.whatsapp: ApkAssets: Deleting an ApkAssets object '<empty> and /data/app/~~xIPPf7Os_y1YbFBhumnWHQ==/com.google.android.apps.photos- a93FAEKv2WHsImvHAYI6uw==/split_config.xxhdpi.apk' with 1 weak references
02-13 22:22:39.881 16371 16383 W System : A resource failed to call CursorWrapperInner.close.
02-13 22:22:41.389 16371 2492 W Kumiho-Kumiho: isSupportedFormat: Format is not supported
02-13 22:22:41.412 16371 2492 W Kumiho-Kumiho: isSupportedFormat: Format is not supported
02-13 22:22:41.427 16371 2492 W Kumiho-Kumiho: isSupportedFormat: Format is not supported
02-13 22:22:41.631 16371 2492 W Kumiho-Kumiho: isSupportedFormat: Format is not supported
02-13 22:22:41.715 16371 2492 W Kumiho-Kumiho: isSupportedFormat: Format is not supported
02-13 22:22:41.855 16371 2492 W Kumiho-Kumiho: isSupportedFormat: Format is not supported
02-13 22:22:44.030 16371 16371 W BottomSheetBehavior: BottomSheetBehavior now supports multiple callbacks. `setBottomSheetCallback()` removes all existing callbacks, including ones set internally by library authors, which may result in unintended behavior. This may change in the future. Please use `addBottomSheetCallback()` and `removeBottomSheetCallback()` instead to set your own callbacks.
02-13 22:22:44.037 16371 16371 E RecyclerView: No adapter attached; skipping layout
02-13 22:22:44.043 16371 16371 E RecyclerView: No adapter attached; skipping layout
02-13 22:22:44.372 16371 16388 W com.whatsapp: Long monitor contention with owner Optic-Task-Handler-Thread (3256) at void android.hardware.camera2.impl.CameraDeviceImpl.close()(CameraDeviceImpl.java:1492) waiters=0 in void android.hardware.camera2.impl.CameraDeviceImpl$CameraDeviceCallbacks.onCaptureStart ed(android.hardware.camera2.impl.CaptureResultExtras, long) for 363ms
02-13 22:22:45.798 16371 16371 E SpannableStringBuilder: SPAN_EXCLUSIVE_EXCLUSIVE spans cannot have a zero length
02-13 22:22:45.958 16371 16371 E SpannableStringBuilder: SPAN_EXCLUSIVE_EXCLUSIVE spans cannot have a zero length
02-13 22:22:45.974 16371 16371 E SpannableStringBuilder: SPAN_EXCLUSIVE_EXCLUSIVE spans cannot have a zero length
02-13 22:22:46.826 16371 2492 W SQLiteLog: (28) double-quoted string literal: ""
02-13 22:22:48.116 16371 2492 W Kumiho-Kumiho: isSupportedFormat: Format is not supported
02-13 22:22:48.170 16371 2492 W Kumiho-Kumiho: isSupportedFormat: Format is not supported
02-13 22:22:48.341 16371 16371 E SpannableStringBuilder: SPAN_EXCLUSIVE_EXCLUSIVE spans cannot have a zero length
02-13 22:22:48.684 16371 16371 W WindowOnBackDispatcher: sendCancelIfRunning: isInProgress=falsecallback=ImeCallback=ImeOnBackInvokedCallback@195574840 Callback=android.window.IOnBackInvokedCallback$Stub$Proxy@360fb6
02-13 22:22:48.685 16371 16371 W WindowOnBackDispatcher: sendCancelIfRunning: isInProgress=falsecallback=android.view.ViewRootImpl$ $ExternalSyntheticLambda21@1a297d3
02-13 22:22:48.758 16371 16371 E ImeBackDispatcher: Ime callback not found. Ignoring unregisterReceivedCallback. callbackId: 195574840
02-13 22:22:53.589 16371 16371 E ArmVmp : Match on catch block at 0x0a in for 0x7e07691035
02-13 22:22:53.592 16371 16371 E ArmVmp : Match on catch block at 0x0a in for 0x7e07691035
02-13 22:22:53.655 16371 16371 E ArmVmp : Match on catch block at 0xc3 in for 0x7e07691025
02-13 22:22:53.661 16371 16371 E ArmVmp : Match on catch block at 0xc3 in for 0x7e07691025
02-13 22:22:53.738 16371 16371 E ArmVmp : Match on catch block at 0xc3 in for 0x7e07691025
02-13 22:22:53.741 16371 16371 E ArmVmp : Match on catch block at 0xc3 in for 0x7e07691025
02-13 22:22:53.781 16371 16371 E ArmVmp : Match on catch block at 0xc3 in for 0x7e07691025
02-13 22:22:53.786 16371 16371 E ArmVmp : Match on catch block at 0xc3 in for 0x7e07691025
02-13 22:22:53.846 16371 16371 E ArmVmp : Match on catch block at 0xc3 in for 0x7e07691025
02-13 22:22:53.860 16371 16371 E ArmVmp : Match on catch block at 0xc3 in for 0x7e07691025
02-13 22:22:53.883 16371 16371 E ArmVmp : Match on catch block at 0xc3 in for 0x7e07691025
02-13 22:22:53.895 16371 16371 E ArmVmp : Match on catch block at 0xc3 in for 0x7e07691025
02-13 22:22:53.915 16371 16371 E ArmVmp : Match on catch block at 0xc3 in for 0x7e07691025
02-13 22:22:53.925 16371 16371 E ArmVmp : Match on catch block at 0xc3 in for 0x7e07691025
02-13 22:22:53.929 16371 16371 E SpannableStringBuilder: SPAN_EXCLUSIVE_EXCLUSIVE spans cannot have a zero length
02-13 22:22:54.094 16371 16371 E ArmVmp : Match on catch block at 0xc3 in for 0x7e07691025
02-13 22:22:54.104 16371 16371 E ArmVmp : Match on catch block at 0xc3 in for 0x7e07691025
02-13 22:22:54.228 16371 16371 W BottomSheetBehavior: BottomSheetBehavior now supports multiple callbacks. `setBottomSheetCallback()` removes all existing callbacks, including ones set internally by library authors, which may result in unintended behavior. This may change in the future. Please use `addBottomSheetCallback()` and `removeBottomSheetCallback()` instead to set your own callbacks.
02-13 22:22:54.230 16371 16371 W WindowOnBackDispatcher: sendCancelIfRunning: isInProgress=falsecallback=android.view.ViewRootImpl$ $ExternalSyntheticLambda21@44ece43
02-13 22:22:54.262 16371 16371 W WindowOnBackDispatcher: sendCancelIfRunning: isInProgress=falsecallback=android.view.ViewRootImpl$ $ExternalSyntheticLambda21@b339d6
02-13 22:22:54.341 16371 16371 E ArmVmp : Match on catch block at 0xc3 in for 0x7e07691025
02-13 22:22:54.345 16371 16371 E ArmVmp : Match on catch block at 0xc3 in for 0x7e07691025
02-13 22:22:54.624 16371 16371 E ArmVmp : Match on catch block at 0xc3 in for 0x7e07691025
02-13 22:22:54.627 16371 16371 E ArmVmp : Match on catch block at 0xc3 in for 0x7e07691025
02-13 22:22:54.709 16371 16371 W TabLayout: MODE_SCROLLABLE + GRAVITY_FILL is not supported, GRAVITY_START will be used instead
02-13 22:22:54.725 16371 16371 W BottomSheetBehavior: BottomSheetBehavior now supports multiple callbacks. `setBottomSheetCallback()` removes all existing callbacks, including ones set internally by library authors, which may result in unintended behavior. This may change in the future. Please use `addBottomSheetCallback()` and `removeBottomSheetCallback()` instead to set your own callbacks.
02-13 22:22:54.897 16371 16371 W View : requestLayout() improperly called by com.whatsapp.WaImageView{285cd39 VF.D..CL. ......ID 0,0-180,180 #7f0b1814 app:id/shutter} during layout: running second layout pass
02-13 22:22:54.897 16371 16371 W View : requestLayout() improperly called by com.whatsapp.CircularProgressBar{ad5f100 V.ED..... ......ID 0,0-180,180 #7f0b14fc app:id/recording_progress} during layout: running second layout pass
02-13 22:22:54.897 16371 16371 W View : requestLayout() improperly called by com.whatsapp.WaImageView{a95ef7e VF.D..C.. ......ID 0,0-135,135 #7f0b1976 app:id/switch_camera_btn} during layout: running second layout pass
02-13 22:22:54.897 16371 16371 W View : requestLayout() improperly called by com.whatsapp.WaImageView{a438cdf VFED..C.. ......ID 0,0-135,135 #7f0b0b0d app:id/gallery_btn} during layout: running second layout pass
02-13 22:22:54.897 16371 16371 W View : requestLayout() improperly called by com.whatsapp.WaImageView{7291d2c VF.D..C.. ......ID 0,0-135,135 #7f0b0a9c app:id/flash_btn} during layout: running second layout pass
02-13 22:22:54.897 16371 16371 W View : requestLayout() improperly called by com.whatsapp.WaImageView{f6d03f5 VFED..C.. ......ID 0,0-135,135 #7f0b057f app:id/close_camera_btn} during layout: running second layout pass
02-13 22:22:54.897 16371 16371 W View : requestLayout() improperly called by X.4Ki{ca0e018 V.ED..... ......ID 0,6-1080,141} during layout: running second layout pass
02-13 22:22:54.897 16371 16371 W View : requestLayout() improperly called by androidx.appcompat.view.menu.ActionMenuItemView{3613be2 VFED..CL. ......ID 0,11- 136,146 #7f0b0fe8 app:id/more} during layout: running second layout pass
02-13 22:22:54.897 16371 16371 W View : requestLayout() improperly called by androidx.appcompat.widget.ActionMenuView{3718b73 V.E...... ......ID 944,0-1080,158} during layout: running second layout pass
02-13 22:22:54.913 16371 16371 W View : requestLayout() improperly called by com.whatsapp.WaImageView{285cd39 VF.D..CL. ......ID 450,1692-630,1872 #7f0b1814 app:id/shutter} during layout: running second layout pass
02-13 22:22:54.913 16371 16371 W View : requestLayout() improperly called by com.whatsapp.CircularProgressBar{ad5f100 V.ED..... ......ID 450,1692-630,1872 #7f0b14fc app:id/recording_progress} during layout: running second layout pass
02-13 22:22:54.913 16371 16371 W View : requestLayout() improperly called by com.whatsapp.WaImageView{a95ef7e VF.D..C.. ......ID 921,1713-1056,1848 #7f0b1976 app:id/switch_camera_btn} during layout: running second layout pass
02-13 22:22:54.913 16371 16371 W View : requestLayout() improperly called by com.whatsapp.WaImageView{a438cdf VFED..C.. ......ID 24,1713-159,1848 #7f0b0b0d app:id/gallery_btn} during layout: running second layout pass
02-13 22:22:54.913 16371 16371 W View : requestLayout() improperly called by com.whatsapp.WaImageView{7291d2c VF.D..C.. ......ID 921,24-1056,159 #7f0b0a9c app:id/flash_btn} during layout: running second layout pass
02-13 22:22:54.913 16371 16371 W View : requestLayout() improperly called by com.whatsapp.WaImageView{f6d03f5 VFED..C.. ......I. 24,24-159,159 #7f0b057f app:id/close_camera_btn} during layout: running second layout pass
02-13 22:22:54.916 16371 16371 E ArmVmp : Match on catch block at 0xc3 in for 0x7e07691025
02-13 22:22:54.921 16371 16371 E ArmVmp : Match on catch block at 0xc3 in for 0x7e07691025
02-13 22:22:56.435 16371 16436 E SQLiteDatabase: Error inserting transferred=0 media_job_uuid=26dc8f3c-795b-4aed-a209-7bd6671d1860 transcoded=1 gif_attribution=0 first_scan_length=0 direct_path=null thumbnail_height_width_ratio=2.2142856 is_animated_sticker=0 file_hash=null file_path=/data/user/95/com.whatsapp/files/.Shared/8b558538-0f0a-47b4-88bd- 7ccbeb3a8178.jpg file_size=2098453 partial_media_hash=null face_x=1088 face_y=1855 height=3982 trim_to=0 media_key_timestamp=0 message_url=null media_caption=null trim_from=0 mime_type=null partial_media_enc_hash=null width=1844 original_file_hash=gYfWyQ6WHoFRRIJURBvNcyFjLD6LeLp3Z3P9nyLDRTQ= has_streaming_sidecar=0 autotransfer_retry_enabled=1 media_upload_handle=null message_row_id=203145 multicast_id=null enc_file_hash=null mute_video=0 page_count=0 first_scan_sidecar=null suspicious_content=0 file_length=2098453 media_name=8b558538-0f0a-47b4-88bd-7ccbeb3a8178.jpg media_duration=0 chat_row_id=5 media_key=null
02-13 22:22:56.435 16371 16436 E SQLiteDatabase: android.database.sqlite.SQLiteConstraintException: UNIQUE constraint failed: message_media.message_row_id (code 1555 SQLITE_CONSTRAINT_PRIMARYKEY[1555])
02-13 22:22:56.435 16371 16436 E SQLiteDatabase: at android.database.sqlite.SQLiteConnection.nativeExecuteForLastInsertedRowId(Native Method)
02-13 22:22:56.435 16371 16436 E SQLiteDatabase: at android.database.sqlite.SQLiteConnection.executeForLastInsertedRowId(SQLiteConnecti on.java:1293)
02-13 22:22:56.435 16371 16436 E SQLiteDatabase: at android.database.sqlite.SQLiteSession.executeForLastInsertedRowId(SQLiteSession.jav a:790)
02-13 22:22:56.435 16371 16436 E SQLiteDatabase: at android.database.sqlite.SQLiteStatement.executeInsert(SQLiteStatement.java:89)
02-13 22:22:56.435 16371 16436 E SQLiteDatabase: at android.database.sqlite.SQLiteDatabase.insertWithOnConflict(SQLiteDatabase.java:243 4)
02-13 22:22:56.435 16371 16436 E SQLiteDatabase: at android.database.sqlite.SQLiteDatabase.insert(SQLiteDatabase.java:2303)
02-13 22:22:56.435 16371 16436 E SQLiteDatabase: at X.2tm.A08(Unknown Source:6)
02-13 22:22:56.435 16371 16436 E SQLiteDatabase: at X.35Y.A07(Unknown Source:212)
02-13 22:22:56.435 16371 16436 E SQLiteDatabase: at X.3QF.A14(Unknown Source:470)
02-13 22:22:56.435 16371 16436 E SQLiteDatabase: at X.3gU.run(Unknown Source:982)
02-13 22:22:56.435 16371 16436 E SQLiteDatabase: at android.os.Handler.handleCallback(Handler.java:958)
02-13 22:22:56.435 16371 16436 E SQLiteDatabase: at android.os.Handler.dispatchMessage(Handler.java:99)
02-13 22:22:56.435 16371 16436 E SQLiteDatabase: at X.0zq.dispatchMessage(Unknown Source:4)
02-13 22:22:56.435 16371 16436 E SQLiteDatabase: at android.os.Looper.loopOnce(Looper.java:230)
02-13 22:22:56.435 16371 16436 E SQLiteDatabase: at android.os.Looper.loop(Looper.java:319)
02-13 22:22:56.435 16371 16436 E SQLiteDatabase: at android.os.HandlerThread.run(HandlerThread.java:67)
02-13 22:22:56.486 16371 4072 W System : ClassLoader referenced unknown path:
02-13 22:22:56.579 16371 4072 W com.whatsapp: ClassLoaderContext classpath size mismatch. expected=11, found=8 (DLC[];PCL[/data/app/~~FboMRFs4kC6PTFkPk5A8bA==/com.google.android.gms- n06FE9_fr2TFMeYTQO9o2Q==/base.apk*349137480:/data/app/~~FboMRFs4kC6PTFkPk5A8bA==/ com.google.android.gms-n06FE9_fr2TFMeYTQO9o2Q==/base.apk!classes2.dex*1289722616:/ data/app/~~FboMRFs4kC6PTFkPk5A8bA==/com.google.android.gms- n06FE9_fr2TFMeYTQO9o2Q==/base.apk!classes3.dex*2968750802:/data/app/ ~~FboMRFs4kC6PTFkPk5A8bA==/com.google.android.gms-n06FE9_fr2TFMeYTQO9o2Q==/ base.apk!classes4.dex*2285723439:/data/app/~~FboMRFs4kC6PTFkPk5A8bA==/ com.google.android.gms-n06FE9_fr2TFMeYTQO9o2Q==/base.apk!classes5.dex*1138212654:/ data/app/~~FboMRFs4kC6PTFkPk5A8bA==/com.google.android.gms- n06FE9_fr2TFMeYTQO9o2Q==/base.apk!classes6.dex*4139902314:/data/app/ ~~FboMRFs4kC6PTFkPk5A8bA==/com.google.android.gms-n06FE9_fr2TFMeYTQO9o2Q==/ base.apk!classes7.dex*2312775549:/data/app/~~FboMRFs4kC6PTFkPk5A8bA==/ com.google.android.gms-n06FE9_fr2TFMeYTQO9o2Q==/base.apk!classes8.dex*3479344672:/ data/app/~~FboMRFs4kC6PTFkPk5A8bA==/com.google.android.gms- n06FE9_fr2TFMeYTQO9o2Q==/base.apk!classes9.dex*3341405296:/data/app/ ~~FboMRFs4kC6PTFkPk5A8bA==/com.google.android.gms-n06FE9_fr2TFMeYTQO9o2Q==/ base.apk!classes10.dex*3951663067:/data/app/~~FboMRFs4kC6PTFkPk5A8bA==/ com.google.android.gms-n06FE9_fr2TFMeYTQO9o2Q==/base.apk!classes11.dex*4071732218] {PCL[/system/framework/org.apache.http.legacy.jar*365604908]#PCL[/system/ framework/com.android.media.remotedisplay.jar*2114713713]#PCL[/system/framework/ com.android.location.provider.jar*3994156536]#PCL[/system/framework/ org.apache.http.legacy.jar*365604908]} | DLC[];PCL[/data/app/~~xKQT0aQvgvlXpjGzwQErvw==/com.whatsapp- qp1AGKjC_VeVG6MqtdqprA==/base.apk*2898611840:/data/app/~~xKQT0aQvgvlXpjGzwQErvw==/ com.whatsapp-qp1AGKjC_VeVG6MqtdqprA==/base.apk!classes2.dex*582363862:/data/app/ ~~xKQT0aQvgvlXpjGzwQErvw==/com.whatsapp-qp1AGKjC_VeVG6MqtdqprA==/base.apk! classes3.dex*3969303300:/data/app/~~xKQT0aQvgvlXpjGzwQErvw==/com.whatsapp- qp1AGKjC_VeVG6MqtdqprA==/base.apk!classes4.dex*1138905225:/data/app/ ~~xKQT0aQvgvlXpjGzwQErvw==/com.whatsapp-qp1AGKjC_VeVG6MqtdqprA==/base.apk! classes5.dex*1597569023:/data/app/~~xKQT0aQvgvlXpjGzwQErvw==/com.whatsapp- qp1AGKjC_VeVG6MqtdqprA==/base.apk!classes6.dex*2093298036:/data/app/ ~~xKQT0aQvgvlXpjGzwQErvw==/com.whatsapp-qp1AGKjC_VeVG6MqtdqprA==/base.apk! classes7.dex*3819718928:/data/app/~~xKQT0aQvgvlXpjGzwQErvw==/com.whatsapp- qp1AGKjC_VeVG6MqtdqprA==/base.apk!classes8.dex*321686265]{PCL[/system/framework/ org.apache.http.legacy.jar*365604908]})
02-13 22:22:56.802 16371 16383 W com.whatsapp: ApkAssets: Deleting an ApkAssets object '<empty> and /data/app/~~BO2GlpayVsgWT-SeuNb5Tw==/com.sec.android.gallery3d- GWry4RGvqOnOwAHEvPvfBQ==/base.apk' with 1 weak references
02-13 22:22:56.803 16371 16383 W com.whatsapp: ApkAssets: Deleting an ApkAssets object '/product/overlay/NavigationBarModeGestural/NavigationBarModeGesturalOverlay.apk' with 2 weak references
02-13 22:22:56.803 16371 16383 W com.whatsapp: ApkAssets: Deleting an ApkAssets object '/data/resource-cache/android-SemWT_MonetPalette-xivP.frro' with 1 weak references
02-13 22:22:56.803 16371 16383 W com.whatsapp: ApkAssets: Deleting an ApkAssets object '/data/resource-cache/android-SemWT_android-W0Tr.frro' with 1 weak references
02-13 22:22:56.803 16371 16383 W com.whatsapp: ApkAssets: Deleting an ApkAssets object '/data/resource-cache/android-SemWT_com.sec.android.gallery3d-q0Pu.frro' with 1 weak references
02-13 22:22:56.803 16371 16383 W com.whatsapp: ApkAssets: Deleting an ApkAssets object '<empty> and /data/app/~~xIPPf7Os_y1YbFBhumnWHQ==/com.google.android.apps.photos- a93FAEKv2WHsImvHAYI6uw==/base.apk' with 1 weak references
02-13 22:22:56.804 16371 16383 W com.whatsapp: ApkAssets: Deleting an ApkAssets object '<empty> and /data/app/~~xIPPf7Os_y1YbFBhumnWHQ==/com.google.android.apps.photos- a93FAEKv2WHsImvHAYI6uw==/split_config.arm64_v8a.apk' with 1 weak references
02-13 22:22:56.804 16371 16383 W com.whatsapp: ApkAssets: Deleting an ApkAssets object '<empty> and /data/app/~~xIPPf7Os_y1YbFBhumnWHQ==/com.google.android.apps.photos- a93FAEKv2WHsImvHAYI6uw==/split_config.pt.apk' with 1 weak references
02-13 22:22:56.804 16371 16383 W com.whatsapp: ApkAssets: Deleting an ApkAssets object '<empty> and /data/app/~~xIPPf7Os_y1YbFBhumnWHQ==/com.google.android.apps.photos- a93FAEKv2WHsImvHAYI6uw==/split_config.xxhdpi.apk' with 1 weak references
02-13 22:22:56.871 16371 4088 E chromium: [0213/222256.871446:ERROR:cronet_context.cc(156)] Invalid QUIC hint host: .whatsapp.com
02-13 22:22:56.871 16371 4088 E chromium: [0213/222256.871699:ERROR:cronet_context.cc(156)] Invalid QUIC hint host: .cdninstagram.com
02-13 22:22:56.871 16371 4088 E chromium: [0213/222256.871727:ERROR:cronet_context.cc(156)] Invalid QUIC hint host: .fbcdn.net
02-13 22:22:56.871 16371 4088 E chromium: [0213/222256.871740:ERROR:cronet_context.cc(156)] Invalid QUIC hint host: .facebook.com
02-13 22:22:56.871 16371 4088 E chromium: [0213/222256.871752:ERROR:cronet_context.cc(156)] Invalid QUIC hint host: .instagram.com
02-13 22:22:56.871 16371 4088 E chromium: [0213/222256.871763:ERROR:cronet_context.cc(156)] Invalid QUIC hint host: .whatsapp.net
02-13 22:22:58.429 16371 16436 E SQLiteDatabase: Error inserting transferred=1 media_job_uuid=26dc8f3c-795b-4aed-a209-7bd6671d1860 transcoded=1 gif_attribution=0 first_scan_length=0 direct_path=/v/t62.7118- 24/22527800_404517898607027_3558264264530367695_n.enc?ccb=11- 4&oh=01_AdQtT3s7IXS3ouq0xKEQS_MhTey0ZZPWkTA25qEGYDAd4w&oe=65F37CB5&_nc_sid=5e03e0 thumbnail_height_width_ratio=2.2142856 is_animated_sticker=0 file_hash=jEOY2wcwaLf+5UBb+VRjOtm/juRatZcIACzDW/iL/1k= file_path=Media/WhatsApp Images/Sent/IMG-20240213-WA0005.jpg file_size=2098453 partial_media_hash=82ozKIMYZyMSb7XdDtlRyfU5wFK/8QRIGLFbIGjH/Og= face_x=1088 face_y=1855 height=3982 trim_to=0 media_key_timestamp=1707873776338 message_url=https://mmg.whatsapp.net/v/t62.7118- 24/22527800_404517898607027_3558264264530367695_n.enc?ccb=11- 4&oh=01_AdQtT3s7IXS3ouq0xKEQS_MhTey0ZZPWkTA25qEGYDAd4w&oe=65F37CB5&_nc_sid=5e03e0&m ms3=true media_caption=null trim_from=0 mime_type=null partial_media_enc_hash=null width=1844 original_file_hash=gYfWyQ6WHoFRRIJURBvNcyFjLD6LeLp3Z3P9nyLDRTQ= has_streaming_sidecar=1 autotransfer_retry_enabled=0 media_upload_handle=null message_row_id=203145 multicast_id=null enc_file_hash=dGpxFyVbV+pVrzB2j90MH7Ifky8VrbQbvpt1w263adk= mute_video=0 page_count=0 first_scan_sidecar=null suspicious_content=0 file_length=2098453 media_name=8b558538-0f0a-47b4-88bd-7ccbeb3a8178.jpg media_duration=0 chat_row_id=5 media_key=[B@94d050f
02-13 22:22:58.429 16371 16436 E SQLiteDatabase: android.database.sqlite.SQLiteConstraintException: UNIQUE constraint failed: message_media.message_row_id (code 1555 SQLITE_CONSTRAINT_PRIMARYKEY[1555])
02-13 22:22:58.429 16371 16436 E SQLiteDatabase: at android.database.sqlite.SQLiteConnection.nativeExecuteForLastInsertedRowId(Native Method)
02-13 22:22:58.429 16371 16436 E SQLiteDatabase: at android.database.sqlite.SQLiteConnection.executeForLastInsertedRowId(SQLiteConnecti on.java:1293)
02-13 22:22:58.429 16371 16436 E SQLiteDatabase: at android.database.sqlite.SQLiteSession.executeForLastInsertedRowId(SQLiteSession.jav a:790)
02-13 22:22:58.429 16371 16436 E SQLiteDatabase: at android.database.sqlite.SQLiteStatement.executeInsert(SQLiteStatement.java:89)
02-13 22:22:58.429 16371 16436 E SQLiteDatabase: at android.database.sqlite.SQLiteDatabase.insertWithOnConflict(SQLiteDatabase.java:243 4)
02-13 22:22:58.429 16371 16436 E SQLiteDatabase: at android.database.sqlite.SQLiteDatabase.insert(SQLiteDatabase.java:2303)
02-13 22:22:58.429 16371 16436 E SQLiteDatabase: at X.2tm.A08(Unknown Source:6)
02-13 22:22:58.429 16371 16436 E SQLiteDatabase: at X.35Y.A07(Unknown Source:212)
02-13 22:22:58.429 16371 16436 E SQLiteDatabase: at X.3QF.A14(Unknown Source:470)
02-13 22:22:58.429 16371 16436 E SQLiteDatabase: at X.3gU.run(Unknown Source:982)
02-13 22:22:58.429 16371 16436 E SQLiteDatabase: at android.os.Handler.handleCallback(Handler.java:958)
02-13 22:22:58.429 16371 16436 E SQLiteDatabase: at android.os.Handler.dispatchMessage(Handler.java:99)
02-13 22:22:58.429 16371 16436 E SQLiteDatabase: at X.0zq.dispatchMessage(Unknown Source:4)
02-13 22:22:58.429 16371 16436 E SQLiteDatabase: at android.os.Looper.loopOnce(Looper.java:230)
02-13 22:22:58.429 16371 16436 E SQLiteDatabase: at android.os.Looper.loop(Looper.java:319)
02-13 22:22:58.429 16371 16436 E SQLiteDatabase: at android.os.HandlerThread.run(HandlerThread.java:67)
02-13 22:23:00.370 16371 20693 W Kumiho-Kumiho: isSupportedFormat: Format is not supported
02-13 22:23:00.389 16371 20693 W Kumiho-Kumiho: isSupportedFormat: Format is not supported
02-13 22:23:00.405 16371 20693 W Kumiho-Kumiho: isSupportedFormat: Format is not supported
02-13 22:23:00.579 16371 20693 W Kumiho-Kumiho: isSupportedFormat: Format is not supported
02-13 22:23:00.653 16371 20693 W Kumiho-Kumiho: isSupportedFormat: Format is not supported
02-13 22:23:00.782 16371 20693 W Kumiho-Kumiho: isSupportedFormat: Format is not supported
02-13 22:23:02.582 16371 16371 W BottomSheetBehavior: BottomSheetBehavior now supports multiple callbacks. `setBottomSheetCallback()` removes all existing callbacks, including ones set internally by library authors, which may result in unintended behavior. This may change in the future. Please use `addBottomSheetCallback()` and `removeBottomSheetCallback()` instead to set your own callbacks.
02-13 22:23:02.589 16371 16371 E RecyclerView: No adapter attached; skipping layout
02-13 22:23:02.591 16371 16371 E RecyclerView: No adapter attached; skipping layout
02-13 22:23:02.932 16371 18209 W com.whatsapp: Long monitor contention with owner Optic-Task-Handler-Thread (3256) at void android.hardware.camera2.impl.CameraDeviceImpl.close()(CameraDeviceImpl.java:1492) waiters=0 in void android.hardware.camera2.impl.CameraDeviceImpl.onDeviceError(int, android.hardware.camera2.impl.CaptureResultExtras) for 337ms
02-13 22:23:05.865 16371 16371 W RecyclerView: An instance of 6Hl was started more than once. Each instance of6Hl is intended to only be used once. You should create a new instance for each use.
02-13 22:23:05.907 16371 16371 W RecyclerView: An instance of 6Hl was started more than once. Each instance of6Hl is intended to only be used once. You should create a new instance for each use.
02-13 22:23:06.094 16371 16371 W BottomSheetBehavior: BottomSheetBehavior now supports multiple callbacks. `setBottomSheetCallback()` removes all existing callbacks, including ones set internally by library authors, which may result in unintended behavior. This may change in the future. Please use `addBottomSheetCallback()` and `removeBottomSheetCallback()` instead to set your own callbacks.
02-13 22:23:06.098 16371 16371 W WindowOnBackDispatcher: sendCancelIfRunning: isInProgress=falsecallback=android.view.ViewRootImpl$ $ExternalSyntheticLambda21@dba642
02-13 22:23:06.621 16371 20693 W Kumiho-Kumiho: isSupportedFormat: Format is not supported
02-13 22:23:06.679 16371 20693 W Kumiho-Kumiho: isSupportedFormat: Format is not supported
02-13 22:23:07.589 16371 16371 W BottomSheetBehavior: BottomSheetBehavior now supports multiple callbacks. `setBottomSheetCallback()` removes all existing callbacks, including ones set internally by library authors, which may result in unintended behavior. This may change in the future. Please use `addBottomSheetCallback()` and `removeBottomSheetCallback()` instead to set your own callbacks.
02-13 22:23:07.597 16371 16371 E RecyclerView: No adapter attached; skipping layout
02-13 22:23:07.610 16371 16371 E RecyclerView: No adapter attached; skipping layout
02-13 22:23:07.921 16371 16388 W com.whatsapp: Long monitor contention with owner Optic-Task-Handler-Thread (3256) at void android.hardware.camera2.impl.CameraDeviceImpl.close()(CameraDeviceImpl.java:1492) waiters=0 in void android.hardware.camera2.impl.CameraDeviceImpl.onDeviceError(int, android.hardware.camera2.impl.CaptureResultExtras) for 338ms
02-13 22:23:09.377 16371 16371 E SpannableStringBuilder: SPAN_EXCLUSIVE_EXCLUSIVE spans cannot have a zero length
02-13 22:23:09.395 16371 16371 E SpannableStringBuilder: SPAN_EXCLUSIVE_EXCLUSIVE spans cannot have a zero length
02-13 22:23:10.191 16371 16371 E SpannableStringBuilder: SPAN_EXCLUSIVE_EXCLUSIVE spans cannot have a zero length
02-13 22:23:10.574 16371 16371 E SpannableStringBuilder: SPAN_EXCLUSIVE_EXCLUSIVE spans cannot have a zero length
02-13 22:23:11.774 16371 16371 E SpannableStringBuilder: SPAN_EXCLUSIVE_EXCLUSIVE spans cannot have a zero length
02-13 22:23:13.107 16371 16371 E SpannableStringBuilder: SPAN_EXCLUSIVE_EXCLUSIVE spans cannot have a zero length
02-13 22:23:13.617 16371 16371 W WindowOnBackDispatcher: sendCancelIfRunning: isInProgress=falsecallback=ImeCallback=ImeOnBackInvokedCallback@195574840 Callback=android.window.IOnBackInvokedCallback$Stub$Proxy@98cd3d7
02-13 22:23:13.617 16371 16371 W WindowOnBackDispatcher: sendCancelIfRunning: isInProgress=falsecallback=android.view.ViewRootImpl$ $ExternalSyntheticLambda21@6527261
02-13 22:23:13.690 16371 16371 E ImeBackDispatcher: Ime callback not found. Ignoring unregisterReceivedCallback. callbackId: 195574840
02-13 22:23:15.353 16371 16371 E ArmVmp : Match on catch block at 0x0a in for 0x7e07691035
02-13 22:23:15.355 16371 16371 E ArmVmp : Match on catch block at 0x0a in for 0x7e07691035
02-13 22:23:15.499 16371 16371 E ArmVmp : Match on catch block at 0xc3 in for 0x7e07691025
02-13 22:23:15.508 16371 16371 E ArmVmp : Match on catch block at 0xc3 in for 0x7e07691025
02-13 22:23:15.562 16371 16371 E ArmVmp : Match on catch block at 0xc3 in for 0x7e07691025
02-13 22:23:15.566 16371 16371 E ArmVmp : Match on catch block at 0xc3 in for 0x7e07691025
02-13 22:23:15.590 16371 16371 E ArmVmp : Match on catch block at 0xc3 in for 0x7e07691025
02-13 22:23:15.597 16371 16371 E ArmVmp : Match on catch block at 0xc3 in for 0x7e07691025
02-13 22:23:15.622 16371 16371 E ArmVmp : Match on catch block at 0xc3 in for 0x7e07691025
02-13 22:23:15.633 16371 16371 E ArmVmp : Match on catch block at 0xc3 in for 0x7e07691025
02-13 22:23:15.649 16371 16371 E ArmVmp : Match on catch block at 0xc3 in for 0x7e07691025
02-13 22:23:15.654 16371 16371 E ArmVmp : Match on catch block at 0xc3 in for 0x7e07691025
02-13 22:23:15.674 16371 16371 E ArmVmp : Match on catch block at 0xc3 in for 0x7e07691025
02-13 22:23:15.678 16371 16371 E ArmVmp : Match on catch block at 0xc3 in for 0x7e07691025
02-13 22:23:15.686 16371 16371 E ArmVmp : Match on catch block at 0xc3 in for 0x7e07691025
02-13 22:23:15.692 16371 16371 E ArmVmp : Match on catch block at 0xc3 in for 0x7e07691025
02-13 22:23:15.701 16371 16371 E ArmVmp : Match on catch block at 0xc3 in for 0x7e07691025
02-13 22:23:15.714 16371 16371 E ArmVmp : Match on catch block at 0xc3 in for 0x7e07691025
02-13 22:23:15.726 16371 16371 E ArmVmp : Match on catch block at 0xc3 in for 0x7e07691025
02-13 22:23:15.734 16371 16371 E ArmVmp : Match on catch block at 0xc3 in for 0x7e07691025
02-13 22:23:15.737 16371 16371 E SpannableStringBuilder: SPAN_EXCLUSIVE_EXCLUSIVE spans cannot have a zero length
02-13 22:23:15.740 16371 16371 E ArmVmp : Match on catch block at 0xc3 in for 0x7e07691025
02-13 22:23:15.749 16371 16371 E ArmVmp : Match on catch block at 0xc3 in for 0x7e07691025
02-13 22:23:15.760 16371 16371 E ArmVmp : Match on catch block at 0xc3 in for 0x7e07691025
02-13 22:23:15.767 16371 16371 E ArmVmp : Match on catch block at 0xc3 in for 0x7e07691025
