02-14 16:25:01.735 16371 16371 W BottomSheetBehavior: BottomSheetBehavior now supports multiple callbacks. `setBottomSheetCallback()` removes all existing callbacks, including ones set internally by library authors, which may result in unintended behavior. This may change in the future. Please use `addBottomSheetCallback()` and `removeBottomSheetCallback()` instead to set your own callbacks.
02-14 16:25:01.778 16371 16371 E RecyclerView: No adapter attached; skipping layout
02-14 16:25:01.780 16371 16371 E RecyclerView: No adapter attached; skipping layout
02-14 16:25:01.887 16371 16371 E RecyclerView: No adapter attached; skipping layout
02-14 16:25:02.085 16371 18621 W com.whatsapp: Long monitor contention with owner Optic-Task-Handler-Thread (3256) at void android.hardware.camera2.impl.CameraDeviceImpl.close()(CameraDeviceImpl.java:1492) waiters=0 in void android.hardware.camera2.impl.CameraDeviceImpl.onDeviceError(int, android.hardware.camera2.impl.CaptureResultExtras) for 527ms
02-14 16:25:02.883 16371 16371 W BottomSheetBehavior: BottomSheetBehavior now supports multiple callbacks. `setBottomSheetCallback()` removes all existing callbacks, including ones set internally by library authors, which may result in unintended behavior. This may change in the future. Please use `addBottomSheetCallback()` and `removeBottomSheetCallback()` instead to set your own callbacks.
02-14 16:25:02.910 16371 16371 E RecyclerView: No adapter attached; skipping layout
02-14 16:25:03.211 16371 16371 W WindowOnBackDispatcher: sendCancelIfRunning: isInProgress=falsecallback=android.view.ViewRootImpl$ $ExternalSyntheticLambda21@26f18ca
02-14 16:25:03.683 16371 16436 E SQLiteDatabase: Error inserting transferred=0 media_job_uuid=cf834028-b224-40c5-be0f-bfba8035820b transcoded=1 gif_attribution=0 first_scan_length=0 direct_path=null thumbnail_height_width_ratio=0.5555556 is_animated_sticker=0 file_hash=null file_path=/data/user/95/com.whatsapp/files/.Shared/f2941ecb-629b-47b6-a360- 61fc3f4669ca.jpg file_size=99305 partial_media_hash=null face_x=0 face_y=0 height=675 trim_to=0 media_key_timestamp=0 message_url=null media_caption=null trim_from=0 mime_type=null partial_media_enc_hash=null width=1200 original_file_hash=5nnsHcB0cDTlWahWPmbDdI0Sqpa3nG/IsBDignschkg= has_streaming_sidecar=0 autotransfer_retry_enabled=1 media_upload_handle=null message_row_id=203614 multicast_id=null enc_file_hash=null mute_video=0 page_count=0 first_scan_sidecar=null suspicious_content=0 file_length=99305 media_name=f2941ecb-629b-47b6-a360-61fc3f4669ca.jpg media_duration=0 chat_row_id=5 media_key=null
02-14 16:25:03.683 16371 16436 E SQLiteDatabase: android.database.sqlite.SQLiteConstraintException: UNIQUE constraint failed: message_media.message_row_id (code 1555 SQLITE_CONSTRAINT_PRIMARYKEY[1555])
02-14 16:25:03.683 16371 16436 E SQLiteDatabase: at android.database.sqlite.SQLiteConnection.nativeExecuteForLastInsertedRowId(Native Method)
02-14 16:25:03.683 16371 16436 E SQLiteDatabase: at android.database.sqlite.SQLiteConnection.executeForLastInsertedRowId(SQLiteConnecti on.java:1293)
02-14 16:25:03.683 16371 16436 E SQLiteDatabase: at android.database.sqlite.SQLiteSession.executeForLastInsertedRowId(SQLiteSession.jav a:790)
02-14 16:25:03.683 16371 16436 E SQLiteDatabase: at android.database.sqlite.SQLiteStatement.executeInsert(SQLiteStatement.java:89)
02-14 16:25:03.683 16371 16436 E SQLiteDatabase: at android.database.sqlite.SQLiteDatabase.insertWithOnConflict(SQLiteDatabase.java:243 4)
02-14 16:25:03.683 16371 16436 E SQLiteDatabase: at android.database.sqlite.SQLiteDatabase.insert(SQLiteDatabase.java:2303)
02-14 16:25:03.683 16371 16436 E SQLiteDatabase: at X.2tm.A08(Unknown Source:6)
02-14 16:25:03.683 16371 16436 E SQLiteDatabase: at X.35Y.A07(Unknown Source:212)
02-14 16:25:03.683 16371 16436 E SQLiteDatabase: at X.3QF.A14(Unknown Source:470)
02-14 16:25:03.683 16371 16436 E SQLiteDatabase: at X.3gU.run(Unknown Source:982)
02-14 16:25:03.683 16371 16436 E SQLiteDatabase: at android.os.Handler.handleCallback(Handler.java:958)
02-14 16:25:03.683 16371 16436 E SQLiteDatabase: at android.os.Handler.dispatchMessage(Handler.java:99)
02-14 16:25:03.683 16371 16436 E SQLiteDatabase: at X.0zq.dispatchMessage(Unknown Source:4)
02-14 16:25:03.683 16371 16436 E SQLiteDatabase: at android.os.Looper.loopOnce(Looper.java:230)
02-14 16:25:03.683 16371 16436 E SQLiteDatabase: at android.os.Looper.loop(Looper.java:319)
02-14 16:25:03.683 16371 16436 E SQLiteDatabase: at android.os.HandlerThread.run(HandlerThread.java:67)
02-14 16:25:03.725 16371 16436 E SQLiteDatabase: Error inserting transferred=0 media_job_uuid=5473c4ff-1c3e-47a0-a444-b0524c172382 transcoded=1 gif_attribution=0 first_scan_length=0 direct_path=null thumbnail_height_width_ratio=1.0 is_animated_sticker=0 file_hash=null file_path=/data/user/95/com.whatsapp/files/.Shared/cfc02aeb-f294-4d2d-aa2f- 5655012ff2f5.jpg file_size=193181 partial_media_hash=null face_x=0 face_y=0 height=1200 trim_to=0 media_key_timestamp=0 message_url=null media_caption=null trim_from=0 mime_type=null partial_media_enc_hash=null width=1200 original_file_hash=+pCABY0NWrsU6pTFQ26O7peMp7E/6FBM3c/aSKBmMMI= has_streaming_sidecar=0 autotransfer_retry_enabled=1 media_upload_handle=null message_row_id=203615 multicast_id=null enc_file_hash=null mute_video=0 page_count=0 first_scan_sidecar=null suspicious_content=0 file_length=193181 media_name=cfc02aeb-f294-4d2d-aa2f-5655012ff2f5.jpg media_duration=0 chat_row_id=5 media_key=null
02-14 16:25:03.725 16371 16436 E SQLiteDatabase: android.database.sqlite.SQLiteConstraintException: UNIQUE constraint failed: message_media.message_row_id (code 1555 SQLITE_CONSTRAINT_PRIMARYKEY[1555])
02-14 16:25:03.725 16371 16436 E SQLiteDatabase: at android.database.sqlite.SQLiteConnection.nativeExecuteForLastInsertedRowId(Native Method)
02-14 16:25:03.725 16371 16436 E SQLiteDatabase: at android.database.sqlite.SQLiteConnection.executeForLastInsertedRowId(SQLiteConnecti on.java:1293)
02-14 16:25:03.725 16371 16436 E SQLiteDatabase: at android.database.sqlite.SQLiteSession.executeForLastInsertedRowId(SQLiteSession.jav a:790)
02-14 16:25:03.725 16371 16436 E SQLiteDatabase: at android.database.sqlite.SQLiteStatement.executeInsert(SQLiteStatement.java:89)
02-14 16:25:03.725 16371 16436 E SQLiteDatabase: at android.database.sqlite.SQLiteDatabase.insertWithOnConflict(SQLiteDatabase.java:243 4)
02-14 16:25:03.725 16371 16436 E SQLiteDatabase: at android.database.sqlite.SQLiteDatabase.insert(SQLiteDatabase.java:2303)
02-14 16:25:03.725 16371 16436 E SQLiteDatabase: at X.2tm.A08(Unknown Source:6)
02-14 16:25:03.725 16371 16436 E SQLiteDatabase: at X.35Y.A07(Unknown Source:212)
02-14 16:25:03.725 16371 16436 E SQLiteDatabase: at X.3QF.A14(Unknown Source:470)
02-14 16:25:03.725 16371 16436 E SQLiteDatabase: at X.3gU.run(Unknown Source:982)
02-14 16:25:03.725 16371 16436 E SQLiteDatabase: at android.os.Handler.handleCallback(Handler.java:958)
02-14 16:25:03.725 16371 16436 E SQLiteDatabase: at android.os.Handler.dispatchMessage(Handler.java:99)
02-14 16:25:03.725 16371 16436 E SQLiteDatabase: at X.0zq.dispatchMessage(Unknown Source:4)
02-14 16:25:03.725 16371 16436 E SQLiteDatabase: at android.os.Looper.loopOnce(Looper.java:230)
02-14 16:25:03.725 16371 16436 E SQLiteDatabase: at android.os.Looper.loop(Looper.java:319)
02-14 16:25:03.725 16371 16436 E SQLiteDatabase: at android.os.HandlerThread.run(HandlerThread.java:67)
02-14 16:25:03.760 16371 16371 E ArmVmp : Match on catch block at 0x0a in for 0x7e07691035
02-14 16:25:03.763 16371 16371 E ArmVmp : Match on catch block at 0x0a in for 0x7e07691035
02-14 16:25:03.871 16371 16371 E ArmVmp : Match on catch block at 0xc3 in for 0x7e07691025
02-14 16:25:03.877 16371 16371 E ArmVmp : Match on catch block at 0xc3 in for 0x7e07691025
02-14 16:25:03.879 16371 16371 E ArmVmp : Match on catch block at 0xc3 in for 0x7e07691025
02-14 16:25:03.949 16371 16371 E ArmVmp : Match on catch block at 0xc3 in for 0x7e07691025
02-14 16:25:03.954 16371 16371 E ArmVmp : Match on catch block at 0xc3 in for 0x7e07691025
02-14 16:25:03.956 16371 16371 E ArmVmp : Match on catch block at 0xc3 in for 0x7e07691025
02-14 16:25:03.996 16371 16371 E ArmVmp : Match on catch block at 0xc3 in for 0x7e07691025
02-14 16:25:04.000 16371 16371 E ArmVmp : Match on catch block at 0xc3 in for 0x7e07691025
02-14 16:25:04.002 16371 16371 E ArmVmp : Match on catch block at 0xc3 in for 0x7e07691025
02-14 16:25:04.029 16371 16371 E ArmVmp : Match on catch block at 0xc3 in for 0x7e07691025
02-14 16:25:04.033 16371 16371 E ArmVmp : Match on catch block at 0xc3 in for 0x7e07691025
02-14 16:25:04.035 16371 16371 E ArmVmp : Match on catch block at 0xc3 in for 0x7e07691025
02-14 16:25:04.053 16371 16371 E ArmVmp : Match on catch block at 0xc3 in for 0x7e07691025
02-14 16:25:04.058 16371 16371 E ArmVmp : Match on catch block at 0xc3 in for 0x7e07691025
02-14 16:25:04.059 16371 16371 E ArmVmp : Match on catch block at 0xc3 in for 0x7e07691025
02-14 16:25:04.072 16371 16371 E ArmVmp : Match on catch block at 0xc3 in for 0x7e07691025
02-14 16:25:04.079 16371 16371 E ArmVmp : Match on catch block at 0xc3 in for 0x7e07691025
02-14 16:25:04.080 16371 16371 E ArmVmp : Match on catch block at 0xc3 in for 0x7e07691025
02-14 16:25:04.087 16371 16371 E SpannableStringBuilder: SPAN_EXCLUSIVE_EXCLUSIVE spans cannot have a zero length
02-14 16:25:04.090 16371 16371 E ArmVmp : Match on catch block at 0xc3 in for 0x7e07691025
02-14 16:25:04.095 16371 16371 E ArmVmp : Match on catch block at 0xc3 in for 0x7e07691025
02-14 16:25:04.096 16371 16371 E ArmVmp : Match on catch block at 0xc3 in for 0x7e07691025
02-14 16:25:04.117 16371 16371 E ArmVmp : Match on catch block at 0xc3 in for 0x7e07691025
02-14 16:25:04.122 16371 16371 E ArmVmp : Match on catch block at 0xc3 in for 0x7e07691025
02-14 16:25:04.124 16371 16371 E ArmVmp : Match on catch block at 0xc3 in for 0x7e07691025
02-14 16:25:04.146 16371 16371 E ArmVmp : Match on catch block at 0xc3 in for 0x7e07691025
02-14 16:25:04.151 16371 16371 E ArmVmp : Match on catch block at 0xc3 in for 0x7e07691025
02-14 16:25:04.153 16371 16371 E ArmVmp : Match on catch block at 0xc3 in for 0x7e07691025
02-14 16:25:04.162 16371 16371 E ArmVmp : Match on catch block at 0xc3 in for 0x7e07691025
02-14 16:25:04.166 16371 16371 E ArmVmp : Match on catch block at 0xc3 in for 0x7e07691025
02-14 16:25:04.168 16371 16371 E ArmVmp : Match on catch block at 0xc3 in for 0x7e07691025
02-14 16:25:04.178 16371 16371 E ArmVmp : Match on catch block at 0xc3 in for 0x7e07691025
02-14 16:25:04.183 16371 16371 E ArmVmp : Match on catch block at 0xc3 in for 0x7e07691025
02-14 16:25:04.184 16371 16371 E ArmVmp : Match on catch block at 0xc3 in for 0x7e07691025
02-14 16:25:04.194 16371 16371 E ArmVmp : Match on catch block at 0xc3 in for 0x7e07691025
02-14 16:25:04.198 16371 16371 E ArmVmp : Match on catch block at 0xc3 in for 0x7e07691025
02-14 16:25:04.200 16371 16371 E ArmVmp : Match on catch block at 0xc3 in for 0x7e07691025
02-14 16:25:04.211 16371 16371 E ArmVmp : Match on catch block at 0xc3 in for 0x7e07691025
02-14 16:25:04.215 16371 16371 E ArmVmp : Match on catch block at 0xc3 in for 0x7e07691025
02-14 16:25:04.216 16371 16371 E ArmVmp : Match on catch block at 0xc3 in for 0x7e07691025
02-14 16:25:04.228 16371 16371 E ArmVmp : Match on catch block at 0xc3 in for 0x7e07691025
02-14 16:25:04.233 16371 16371 E ArmVmp : Match on catch block at 0xc3 in for 0x7e07691025
02-14 16:25:04.234 16371 16371 E ArmVmp : Match on catch block at 0xc3 in for 0x7e07691025
02-14 16:25:04.244 16371 16371 E ArmVmp : Match on catch block at 0xc3 in for 0x7e07691025
02-14 16:25:04.249 16371 16371 E ArmVmp : Match on catch block at 0xc3 in for 0x7e07691025
02-14 16:25:04.250 16371 16371 E ArmVmp : Match on catch block at 0xc3 in for 0x7e07691025
02-14 16:25:04.261 16371 16371 E ArmVmp : Match on catch block at 0xc3 in for 0x7e07691025
02-14 16:25:04.265 16371 16371 E ArmVmp : Match on catch block at 0xc3 in for 0x7e07691025
02-14 16:25:04.266 16371 16371 E ArmVmp : Match on catch block at 0xc3 in for 0x7e07691025
02-14 16:25:04.278 16371 16371 E ArmVmp : Match on catch block at 0xc3 in for 0x7e07691025
02-14 16:25:04.281 16371 16371 E ArmVmp : Match on catch block at 0xc3 in for 0x7e07691025
02-14 16:25:04.283 16371 16371 E ArmVmp : Match on catch block at 0xc3 in for 0x7e07691025
02-14 16:25:04.294 16371 16371 E ArmVmp : Match on catch block at 0xc3 in for 0x7e07691025
02-14 16:25:04.299 16371 16371 E ArmVmp : Match on catch block at 0xc3 in for 0x7e07691025
02-14 16:25:04.300 16371 16371 E ArmVmp : Match on catch block at 0xc3 in for 0x7e07691025
02-14 16:25:04.311 16371 16371 E ArmVmp : Match on catch block at 0xc3 in for 0x7e07691025
02-14 16:25:04.315 16371 16371 E ArmVmp : Match on catch block at 0xc3 in for 0x7e07691025
02-14 16:25:04.316 16371 16371 E ArmVmp : Match on catch block at 0xc3 in for 0x7e07691025
02-14 16:25:04.330 16371 16371 E ArmVmp : Match on catch block at 0xc3 in for 0x7e07691025
02-14 16:25:04.334 16371 16371 E ArmVmp : Match on catch block at 0xc3 in for 0x7e07691025
02-14 16:25:04.336 16371 16371 E ArmVmp : Match on catch block at 0xc3 in for 0x7e07691025
02-14 16:25:04.347 16371 16371 E ArmVmp : Match on catch block at 0xc3 in for 0x7e07691025
02-14 16:25:04.353 16371 16371 E ArmVmp : Match on catch block at 0xc3 in for 0x7e07691025
02-14 16:25:04.355 16371 16371 E ArmVmp : Match on catch block at 0xc3 in for 0x7e07691025
02-14 16:25:04.378 16371 31041 W MediaPlayer: Use of stream types is deprecated for operations other than volume control
02-14 16:25:04.378 16371 31041 W MediaPlayer: See the documentation of setAudioStreamType() for what to use instead with android.media.AudioAttributes to qualify your playback use case
02-14 16:25:04.400 16371 16371 E ArmVmp : Match on catch block at 0xc3 in for 0x7e07691025
02-14 16:25:04.406 16371 16371 E ArmVmp : Match on catch block at 0xc3 in for 0x7e07691025
02-14 16:25:04.408 16371 16371 E ArmVmp : Match on catch block at 0xc3 in for 0x7e07691025
02-14 16:25:04.420 16371 16371 W BottomSheetBehavior: BottomSheetBehavior now supports multiple callbacks. `setBottomSheetCallback()` removes all existing callbacks, including ones set internally by library authors, which may result in unintended behavior. This may change in the future. Please use `addBottomSheetCallback()` and `removeBottomSheetCallback()` instead to set your own callbacks.
02-14 16:25:04.421 16371 16371 W BottomSheetBehavior: BottomSheetBehavior now supports multiple callbacks. `setBottomSheetCallback()` removes all existing callbacks, including ones set internally by library authors, which may result in unintended behavior. This may change in the future. Please use `addBottomSheetCallback()` and `removeBottomSheetCallback()` instead to set your own callbacks.
02-14 16:25:04.422 16371 16371 W WindowOnBackDispatcher: sendCancelIfRunning: isInProgress=falsecallback=android.view.ViewRootImpl$ $ExternalSyntheticLambda21@8895d30
02-14 16:25:04.472 16371 16371 W WindowOnBackDispatcher: sendCancelIfRunning: isInProgress=falsecallback=android.view.ViewRootImpl$ $ExternalSyntheticLambda21@49d6111
02-14 16:25:04.487 16371 16371 E ArmVmp : Match on catch block at 0xc3 in for 0x7e07691025
02-14 16:25:04.491 16371 16371 E ArmVmp : Match on catch block at 0xc3 in for 0x7e07691025
02-14 16:25:04.492 16371 16371 E ArmVmp : Match on catch block at 0xc3 in for 0x7e07691025
02-14 16:25:04.499 16371 16371 E ArmVmp : Match on catch block at 0xc3 in for 0x7e07691025
02-14 16:25:04.503 16371 16371 E ArmVmp : Match on catch block at 0xc3 in for 0x7e07691025
02-14 16:25:04.505 16371 16371 E ArmVmp : Match on catch block at 0xc3 in for 0x7e07691025
02-14 16:25:04.511 16371 16371 E ArmVmp : Match on catch block at 0xc3 in for 0x7e07691025
02-14 16:25:04.515 16371 16371 E ArmVmp : Match on catch block at 0xc3 in for 0x7e07691025
02-14 16:25:04.517 16371 16371 E ArmVmp : Match on catch block at 0xc3 in for 0x7e07691025
02-14 16:25:04.527 16371 16371 E ArmVmp : Match on catch block at 0xc3 in for 0x7e07691025
02-14 16:25:04.531 16371 16371 E ArmVmp : Match on catch block at 0xc3 in for 0x7e07691025
02-14 16:25:04.533 16371 16371 E ArmVmp : Match on catch block at 0xc3 in for 0x7e07691025
02-14 16:25:04.544 16371 16371 E ArmVmp : Match on catch block at 0xc3 in for 0x7e07691025
02-14 16:25:04.547 16371 16371 E ArmVmp : Match on catch block at 0xc3 in for 0x7e07691025
02-14 16:25:04.548 16371 16371 E ArmVmp : Match on catch block at 0xc3 in for 0x7e07691025
02-14 16:25:04.560 16371 16371 E ArmVmp : Match on catch block at 0xc3 in for 0x7e07691025
02-14 16:25:04.564 16371 16371 E ArmVmp : Match on catch block at 0xc3 in for 0x7e07691025
02-14 16:25:04.565 16371 16371 E ArmVmp : Match on catch block at 0xc3 in for 0x7e07691025
02-14 16:25:04.577 16371 16371 E ArmVmp : Match on catch block at 0xc3 in for 0x7e07691025
02-14 16:25:04.580 16371 16371 E ArmVmp : Match on catch block at 0xc3 in for 0x7e07691025
02-14 16:25:04.582 16371 16371 E ArmVmp : Match on catch block at 0xc3 in for 0x7e07691025
02-14 16:25:04.594 16371 16371 E ArmVmp : Match on catch block at 0xc3 in for 0x7e07691025
02-14 16:25:04.597 16371 16371 E ArmVmp : Match on catch block at 0xc3 in for 0x7e07691025
02-14 16:25:04.599 16371 16371 E ArmVmp : Match on catch block at 0xc3 in for 0x7e07691025
02-14 16:25:04.603 16371 16436 E SQLiteDatabase: Error inserting transferred=1 media_job_uuid=cf834028-b224-40c5-be0f-bfba8035820b transcoded=1 gif_attribution=0 first_scan_length=0 direct_path=/v/t62.7118- 24/11853782_884348013442554_857527355793088558_n.enc?ccb=11- 4&oh=01_AdSuAwqC6KuSRw0ut2Ftez-6abiUEtqmrv6rAi10-4ZNnQ&oe=65F486AA&_nc_sid=5e03e0 thumbnail_height_width_ratio=0.5555556 is_animated_sticker=0 file_hash=5nnsHcB0cDTlWahWPmbDdI0Sqpa3nG/IsBDignschkg= file_path=Media/WhatsApp Images/Sent/IMG-20240214-WA0010.jpg file_size=99305 partial_media_hash=null face_x=0 face_y=0 height=675 trim_to=0 media_key_timestamp=1707938703706 message_url=https://mmg.whatsapp.net/v/t62.7118- 24/11853782_884348013442554_857527355793088558_n.enc?ccb=11- 4&oh=01_AdSuAwqC6KuSRw0ut2Ftez-6abiUEtqmrv6rAi10- 4ZNnQ&oe=65F486AA&_nc_sid=5e03e0&mms3=true media_caption=null trim_from=0 mime_type=null partial_media_enc_hash=null width=1200 original_file_hash=5nnsHcB0cDTlWahWPmbDdI0Sqpa3nG/IsBDignschkg= has_streaming_sidecar=0 autotransfer_retry_enabled=0 media_upload_handle=null message_row_id=203614 multicast_id=null enc_file_hash=PIQQy0n7ksraQDufhKkMedc/3mMHqi0+VIb4ralXuW8= mute_video=0 page_count=0 first_scan_sidecar=null suspicious_content=0 file_length=99305 media_name=f2941ecb-629b-47b6-a360-61fc3f4669ca.jpg media_duration=0 chat_row_id=5 media_key=[B@107a29
02-14 16:25:04.603 16371 16436 E SQLiteDatabase: android.database.sqlite.SQLiteConstraintException: UNIQUE constraint failed: message_media.message_row_id (code 1555 SQLITE_CONSTRAINT_PRIMARYKEY[1555])
02-14 16:25:04.603 16371 16436 E SQLiteDatabase: at android.database.sqlite.SQLiteConnection.nativeExecuteForLastInsertedRowId(Native Method)
02-14 16:25:04.603 16371 16436 E SQLiteDatabase: at android.database.sqlite.SQLiteConnection.executeForLastInsertedRowId(SQLiteConnecti on.java:1293)
02-14 16:25:04.603 16371 16436 E SQLiteDatabase: at android.database.sqlite.SQLiteSession.executeForLastInsertedRowId(SQLiteSession.jav a:790)
02-14 16:25:04.603 16371 16436 E SQLiteDatabase: at android.database.sqlite.SQLiteStatement.executeInsert(SQLiteStatement.java:89)
02-14 16:25:04.603 16371 16436 E SQLiteDatabase: at android.database.sqlite.SQLiteDatabase.insertWithOnConflict(SQLiteDatabase.java:243 4)
02-14 16:25:04.603 16371 16436 E SQLiteDatabase: at android.database.sqlite.SQLiteDatabase.insert(SQLiteDatabase.java:2303)
02-14 16:25:04.603 16371 16436 E SQLiteDatabase: at X.2tm.A08(Unknown Source:6)
02-14 16:25:04.603 16371 16436 E SQLiteDatabase: at X.35Y.A07(Unknown Source:212)
02-14 16:25:04.603 16371 16436 E SQLiteDatabase: at X.3QF.A14(Unknown Source:470)
02-14 16:25:04.603 16371 16436 E SQLiteDatabase: at X.3gU.run(Unknown Source:982)
02-14 16:25:04.603 16371 16436 E SQLiteDatabase: at android.os.Handler.handleCallback(Handler.java:958)
02-14 16:25:04.603 16371 16436 E SQLiteDatabase: at android.os.Handler.dispatchMessage(Handler.java:99)
02-14 16:25:04.603 16371 16436 E SQLiteDatabase: at X.0zq.dispatchMessage(Unknown Source:4)
02-14 16:25:04.603 16371 16436 E SQLiteDatabase: at android.os.Looper.loopOnce(Looper.java:230)
02-14 16:25:04.603 16371 16436 E SQLiteDatabase: at android.os.Looper.loop(Looper.java:319)
02-14 16:25:04.603 16371 16436 E SQLiteDatabase: at android.os.HandlerThread.run(HandlerThread.java:67)
02-14 16:25:04.611 16371 16371 E ArmVmp : Match on catch block at 0xc3 in for 0x7e07691025
02-14 16:25:04.616 16371 16371 E ArmVmp : Match on catch block at 0xc3 in for 0x7e07691025
02-14 16:25:04.618 16371 16371 E ArmVmp : Match on catch block at 0xc3 in for 0x7e07691025
02-14 16:25:04.631 16371 16371 E ArmVmp : Match on catch block at 0xc3 in for 0x7e07691025
02-14 16:25:04.639 16371 16371 E ArmVmp : Match on catch block at 0xc3 in for 0x7e07691025
02-14 16:25:04.642 16371 16485 W MediaPlayerNative: info/warning (10973, 0)
02-14 16:25:04.644 16371 16371 E ArmVmp : Match on catch block at 0xc3 in for 0x7e07691025
02-14 16:25:04.671 16371 31041 W MediaPlayer: Use of stream types is deprecated for operations other than volume control
02-14 16:25:04.671 16371 31041 W MediaPlayer: See the documentation of setAudioStreamType() for what to use instead with android.media.AudioAttributes to qualify your playback use case
02-14 16:25:04.674 16371 16371 E ArmVmp : Match on catch block at 0xc3 in for 0x7e07691025
02-14 16:25:04.685 16371 16371 E ArmVmp : Match on catch block at 0xc3 in for 0x7e07691025
02-14 16:25:04.688 16371 16371 E ArmVmp : Match on catch block at 0xc3 in for 0x7e07691025
02-14 16:25:04.697 16371 16371 E ArmVmp : Match on catch block at 0xc3 in for 0x7e07691025
02-14 16:25:04.701 16371 16371 E ArmVmp : Match on catch block at 0xc3 in for 0x7e07691025
02-14 16:25:04.703 16371 16371 E ArmVmp : Match on catch block at 0xc3 in for 0x7e07691025
02-14 16:25:04.707 16371 16436 E SQLiteDatabase: Error inserting transferred=1 media_job_uuid=5473c4ff-1c3e-47a0-a444-b0524c172382 transcoded=1 gif_attribution=0 first_scan_length=0 direct_path=/v/t62.7118- 24/32125016_1441113686614386_1968940677417350365_n.enc?ccb=11- 4&oh=01_AdRfCj76uC1SkCMEty_6oUHBjrKA1GjiqwOtRh_JAIuDDw&oe=65F491CE&_nc_sid=5e03e0 thumbnail_height_width_ratio=1.0 is_animated_sticker=0 file_hash=+pCABY0NWrsU6pTFQ26O7peMp7E/6FBM3c/aSKBmMMI= file_path=Media/WhatsApp Images/Sent/IMG-20240214-WA0011.jpg file_size=193181 partial_media_hash=null face_x=0 face_y=0 height=1200 trim_to=0 media_key_timestamp=1707938703745 message_url=https://mmg.whatsapp.net/v/t62.7118- 24/32125016_1441113686614386_1968940677417350365_n.enc?ccb=11- 4&oh=01_AdRfCj76uC1SkCMEty_6oUHBjrKA1GjiqwOtRh_JAIuDDw&oe=65F491CE&_nc_sid=5e03e0&m ms3=true media_caption=null trim_from=0 mime_type=null partial_media_enc_hash=null width=1200 original_file_hash=+pCABY0NWrsU6pTFQ26O7peMp7E/6FBM3c/aSKBmMMI= has_streaming_sidecar=0 autotransfer_retry_enabled=0 media_upload_handle=null message_row_id=203615 multicast_id=null enc_file_hash=HDH66mqnw+tl0YHpOLjG4wJstPEIc4UEDR5qtv6rA1U= mute_video=0 page_count=0 first_scan_sidecar=null suspicious_content=0 file_length=193181 media_name=cfc02aeb-f294-4d2d-aa2f-5655012ff2f5.jpg media_duration=0 chat_row_id=5 media_key=[B@bf181e6
02-14 16:25:04.707 16371 16436 E SQLiteDatabase: android.database.sqlite.SQLiteConstraintException: UNIQUE constraint failed: message_media.message_row_id (code 1555 SQLITE_CONSTRAINT_PRIMARYKEY[1555])
02-14 16:25:04.707 16371 16436 E SQLiteDatabase: at android.database.sqlite.SQLiteConnection.nativeExecuteForLastInsertedRowId(Native Method)
02-14 16:25:04.707 16371 16436 E SQLiteDatabase: at android.database.sqlite.SQLiteConnection.executeForLastInsertedRowId(SQLiteConnecti on.java:1293)
02-14 16:25:04.707 16371 16436 E SQLiteDatabase: at android.database.sqlite.SQLiteSession.executeForLastInsertedRowId(SQLiteSession.jav a:790)
02-14 16:25:04.707 16371 16436 E SQLiteDatabase: at android.database.sqlite.SQLiteStatement.executeInsert(SQLiteStatement.java:89)
02-14 16:25:04.707 16371 16436 E SQLiteDatabase: at android.database.sqlite.SQLiteDatabase.insertWithOnConflict(SQLiteDatabase.java:243 4)
02-14 16:25:04.707 16371 16436 E SQLiteDatabase: at android.database.sqlite.SQLiteDatabase.insert(SQLiteDatabase.java:2303)
02-14 16:25:04.707 16371 16436 E SQLiteDatabase: at X.2tm.A08(Unknown Source:6)
02-14 16:25:04.707 16371 16436 E SQLiteDatabase: at X.35Y.A07(Unknown Source:212)
02-14 16:25:04.707 16371 16436 E SQLiteDatabase: at X.3QF.A14(Unknown Source:470)
02-14 16:25:04.707 16371 16436 E SQLiteDatabase: at X.3gU.run(Unknown Source:982)
02-14 16:25:04.707 16371 16436 E SQLiteDatabase: at android.os.Handler.handleCallback(Handler.java:958)
02-14 16:25:04.707 16371 16436 E SQLiteDatabase: at android.os.Handler.dispatchMessage(Handler.java:99)
02-14 16:25:04.707 16371 16436 E SQLiteDatabase: at X.0zq.dispatchMessage(Unknown Source:4)
02-14 16:25:04.707 16371 16436 E SQLiteDatabase: at android.os.Looper.loopOnce(Looper.java:230)
02-14 16:25:04.707 16371 16436 E SQLiteDatabase: at android.os.Looper.loop(Looper.java:319)
02-14 16:25:04.707 16371 16436 E SQLiteDatabase: at android.os.HandlerThread.run(HandlerThread.java:67)
02-14 16:25:04.711 16371 16371 E ArmVmp : Match on catch block at 0xc3 in for 0x7e07691025
02-14 16:25:04.715 16371 16371 E ArmVmp : Match on catch block at 0xc3 in for 0x7e07691025
02-14 16:25:04.717 16371 16371 E ArmVmp : Match on catch block at 0xc3 in for 0x7e07691025
02-14 16:25:04.728 16371 16371 E ArmVmp : Match on catch block at 0xc3 in for 0x7e07691025
02-14 16:25:04.730 16371 16387 W MediaPlayerNative: info/warning (10973, 0)
02-14 16:25:04.735 16371 16371 E ArmVmp : Match on catch block at 0xc3 in for 0x7e07691025
02-14 16:25:04.737 16371 16371 E ArmVmp : Match on catch block at 0xc3 in for 0x7e07691025
02-14 16:25:04.753 16371 16371 E ArmVmp : Match on catch block at 0xc3 in for 0x7e07691025
02-14 16:25:04.756 16371 16371 E ArmVmp : Match on catch block at 0xc3 in for 0x7e07691025
02-14 16:25:04.759 16371 16371 E ArmVmp : Match on catch block at 0xc3 in for 0x7e07691025
02-14 16:25:04.827 16371 16371 E ArmVmp : Match on catch block at 0xc3 in for 0x7e07691025
02-14 16:25:04.861 16371 16371 E ArmVmp : Match on catch block at 0xc3 in for 0x7e07691025
02-14 16:25:04.867 16371 16371 E ArmVmp : Match on catch block at 0xc3 in for 0x7e07691025
02-14 16:25:04.888 16371 16371 E ArmVmp : Match on catch block at 0xc3 in for 0x7e07691025
02-14 16:25:04.892 16371 16371 E ArmVmp : Match on catch block at 0xc3 in for 0x7e07691025
02-14 16:25:04.894 16371 16371 E ArmVmp : Match on catch block at 0xc3 in for 0x7e07691025
02-14 16:25:04.911 16371 16371 E ArmVmp : Match on catch block at 0xc3 in for 0x7e07691025
02-14 16:25:04.914 16371 16371 E ArmVmp : Match on catch block at 0xc3 in for 0x7e07691025
02-14 16:25:04.916 16371 16371 E ArmVmp : Match on catch block at 0xc3 in for 0x7e07691025
02-14 16:25:04.963 16371 31041 W MediaPlayer: Use of stream types is deprecated for operations other than volume control
02-14 16:25:04.963 16371 31041 W MediaPlayer: See the documentation of setAudioStreamType() for what to use instead with android.media.AudioAttributes to qualify your playback use case
02-14 16:25:05.010 16371 16387 W MediaPlayerNative: info/warning (10973, 0)
02-14 16:25:05.111 16371 16371 E ArmVmp : Match on catch block at 0xc3 in for 0x7e07691025
02-14 16:25:05.115 16371 16371 E ArmVmp : Match on catch block at 0xc3 in for 0x7e07691025
02-14 16:25:05.116 16371 16371 E ArmVmp : Match on catch block at 0xc3 in for 0x7e07691025
02-14 16:25:05.123 16371 31041 W MediaPlayer: Use of stream types is deprecated for operations other than volume control
02-14 16:25:05.123 16371 31041 W MediaPlayer: See the documentation of setAudioStreamType() for what to use instead with android.media.AudioAttributes to qualify your playback use case
02-14 16:25:05.127 16371 16371 E ArmVmp : Match on catch block at 0xc3 in for 0x7e07691025
02-14 16:25:05.131 16371 16371 E ArmVmp : Match on catch block at 0xc3 in for 0x7e07691025
02-14 16:25:05.132 16371 16371 E ArmVmp : Match on catch block at 0xc3 in for 0x7e07691025
02-14 16:25:05.161 16371 16387 W MediaPlayerNative: info/warning (10973, 0)
02-14 16:25:05.610 16371 16371 E ArmVmp : Match on catch block at 0xc3 in for 0x7e07691025
02-14 16:25:05.614 16371 16371 E ArmVmp : Match on catch block at 0xc3 in for 0x7e07691025
02-14 16:25:05.615 16371 16371 E ArmVmp : Match on catch block at 0xc3 in for 0x7e07691025
02-14 16:25:05.797 16371 16371 E ArmVmp : Match on catch block at 0xc3 in for 0x7e07691025
02-14 16:25:05.800 16371 16371 E ArmVmp : Match on catch block at 0xc3 in for 0x7e07691025
02-14 16:25:05.802 16371 16371 E ArmVmp : Match on catch block at 0xc3 in for 0x7e07691025
02-14 16:25:05.810 16371 16371 E ArmVmp : Match on catch block at 0xc3 in for 0x7e07691025
02-14 16:25:05.814 16371 16371 E ArmVmp : Match on catch block at 0xc3 in for 0x7e07691025
02-14 16:25:05.815 16371 16371 E ArmVmp : Match on catch block at 0xc3 in for 0x7e07691025
02-14 16:25:05.818 16371 16371 E SpannableStringBuilder: SPAN_EXCLUSIVE_EXCLUSIVE spans cannot have a zero length
02-14 16:25:05.822 16371 16371 E SpannableStringBuilder: SPAN_EXCLUSIVE_EXCLUSIVE spans cannot have a zero length
02-14 16:25:05.899 16371 16371 E ArmVmp : Match on catch block at 0xc3 in for 0x7e07691025
02-14 16:25:05.902 16371 16371 E ArmVmp : Match on catch block at 0xc3 in for 0x7e07691025
02-14 16:25:05.911 16371 16371 E ArmVmp : Match on catch block at 0xc3 in for 0x7e07691025
02-14 16:25:05.915 16371 16371 E ArmVmp : Match on catch block at 0xc3 in for 0x7e07691025
02-14 16:25:06.110 16371 16371 E ArmVmp : Match on catch block at 0xc3 in for 0x7e07691025
02-14 16:25:06.114 16371 16371 E ArmVmp : Match on catch block at 0xc3 in for 0x7e07691025
02-14 16:25:06.211 16371 16371 E ArmVmp : Match on catch block at 0xc3 in for 0x7e07691025
02-14 16:25:06.215 16371 16371 E ArmVmp : Match on catch block at 0xc3 in for 0x7e07691025
02-14 16:25:06.611 16371 16371 E ArmVmp : Match on catch block at 0xc3 in for 0x7e07691025
02-14 16:25:06.615 16371 16371 E ArmVmp : Match on catch block at 0xc3 in for 0x7e07691025
02-14 16:25:06.631 16371 16371 E ArmVmp : Match on catch block at 0xc3 in for 0x7e07691025
02-14 16:25:06.636 16371 16371 E ArmVmp : Match on catch block at 0xc3 in for 0x7e07691025
02-14 16:25:06.644 16371 16371 E ArmVmp : Match on catch block at 0xc3 in for 0x7e07691025
02-14 16:25:06.653 16371 16371 E ArmVmp : Match on catch block at 0xc3 in for 0x7e07691025
02-14 16:25:06.661 16371 16371 E ArmVmp : Match on catch block at 0xc3 in for 0x7e07691025
02-14 16:25:06.665 16371 16371 E ArmVmp : Match on catch block at 0xc3 in for 0x7e07691025
02-14 16:25:06.677 16371 16371 E ArmVmp : Match on catch block at 0xc3 in for 0x7e07691025
02-14 16:25:06.680 16371 16371 E ArmVmp : Match on catch block at 0xc3 in for 0x7e07691025
02-14 16:25:06.694 16371 16371 E ArmVmp : Match on catch block at 0xc3 in for 0x7e07691025
02-14 16:25:06.698 16371 16371 E ArmVmp : Match on catch block at 0xc3 in for 0x7e07691025
02-14 16:25:06.710 16371 16371 E ArmVmp : Match on catch block at 0xc3 in for 0x7e07691025
02-14 16:25:06.714 16371 16371 E ArmVmp : Match on catch block at 0xc3 in for 0x7e07691025
02-14 16:25:06.727 16371 16371 E ArmVmp : Match on catch block at 0xc3 in for 0x7e07691025
02-14 16:25:06.732 16371 16371 E ArmVmp : Match on catch block at 0xc3 in for 0x7e07691025
02-14 16:25:06.745 16371 16371 E ArmVmp : Match on catch block at 0xc3 in for 0x7e07691025
02-14 16:25:06.749 16371 16371 E ArmVmp : Match on catch block at 0xc3 in for 0x7e07691025
02-14 16:25:06.761 16371 16371 E ArmVmp : Match on catch block at 0xc3 in for 0x7e07691025
02-14 16:25:06.765 16371 16371 E ArmVmp : Match on catch block at 0xc3 in for 0x7e07691025
02-14 16:25:06.777 16371 16371 E ArmVmp : Match on catch block at 0xc3 in for 0x7e07691025
02-14 16:25:06.782 16371 16371 E ArmVmp : Match on catch block at 0xc3 in for 0x7e07691025
02-14 16:25:06.794 16371 16371 E ArmVmp : Match on catch block at 0xc3 in for 0x7e07691025
02-14 16:25:06.799 16371 16371 E ArmVmp : Match on catch block at 0xc3 in for 0x7e07691025
02-14 16:25:06.810 16371 16371 E ArmVmp : Match on catch block at 0xc3 in for 0x7e07691025
02-14 16:25:06.815 16371 16371 E ArmVmp : Match on catch block at 0xc3 in for 0x7e07691025
02-14 16:25:06.827 16371 16371 E ArmVmp : Match on catch block at 0xc3 in for 0x7e07691025
02-14 16:25:06.832 16371 16371 E ArmVmp : Match on catch block at 0xc3 in for 0x7e07691025
02-14 16:25:07.011 16371 16371 E ArmVmp : Match on catch block at 0xc3 in for 0x7e07691025
02-14 16:25:07.015 16371 16371 E ArmVmp : Match on catch block at 0xc3 in for 0x7e07691025
02-14 16:25:07.018 16371 16371 E SpannableStringBuilder: SPAN_EXCLUSIVE_EXCLUSIVE spans cannot have a zero length
02-14 16:25:07.261 16371 16371 E ArmVmp : Match on catch block at 0xc3 in for 0x7e07691025
02-14 16:25:07.266 16371 16371 E ArmVmp : Match on catch block at 0xc3 in for 0x7e07691025
02-14 16:25:07.443 16371 16371 E ArmVmp : Match on catch block at 0xc3 in for 0x7e07691025
02-14 16:25:07.448 16371 16371 E ArmVmp : Match on catch block at 0xc3 in for 0x7e07691025
02-14 16:25:07.544 16371 16371 E ArmVmp : Match on catch block at 0xc3 in for 0x7e07691025
02-14 16:25:07.548 16371 16371 E ArmVmp : Match on catch block at 0xc3 in for 0x7e07691025
02-14 16:25:07.661 16371 16371 E ArmVmp : Match on catch block at 0xc3 in for 0x7e07691025
02-14 16:25:07.665 16371 16371 E ArmVmp : Match on catch block at 0xc3 in for 0x7e07691025
02-14 16:25:07.677 16371 16371 E ArmVmp : Match on catch block at 0xc3 in for 0x7e07691025
02-14 16:25:07.680 16371 16371 E ArmVmp : Match on catch block at 0xc3 in for 0x7e07691025
02-14 16:25:07.861 16371 16371 E ArmVmp : Match on catch block at 0xc3 in for 0x7e07691025
02-14 16:25:07.866 16371 16371 E ArmVmp : Match on catch block at 0xc3 in for 0x7e07691025
02-14 16:25:07.944 16371 16371 E ArmVmp : Match on catch block at 0xc3 in for 0x7e07691025
02-14 16:25:07.949 16371 16371 E ArmVmp : Match on catch block at 0xc3 in for 0x7e07691025
02-14 16:25:07.961 16371 16371 E ArmVmp : Match on catch block at 0xc3 in for 0x7e07691025
02-14 16:25:07.966 16371 16371 E ArmVmp : Match on catch block at 0xc3 in for 0x7e07691025
02-14 16:25:08.144 16371 16371 E ArmVmp : Match on catch block at 0xc3 in for 0x7e07691025
02-14 16:25:08.147 16371 16371 E ArmVmp : Match on catch block at 0xc3 in for 0x7e07691025
02-14 16:25:08.311 16371 16371 E ArmVmp : Match on catch block at 0xc3 in for 0x7e07691025
02-14 16:25:08.316 16371 16371 E ArmVmp : Match on catch block at 0xc3 in for 0x7e07691025
02-14 16:25:08.427 16371 16371 E ArmVmp : Match on catch block at 0xc3 in for 0x7e07691025
02-14 16:25:08.433 16371 16371 E ArmVmp : Match on catch block at 0xc3 in for 0x7e07691025
02-14 16:25:08.611 16371 16371 E ArmVmp : Match on catch block at 0xc3 in for 0x7e07691025
02-14 16:25:08.617 16371 16371 E ArmVmp : Match on catch block at 0xc3 in for 0x7e07691025
02-14 16:25:08.628 16371 16371 E ArmVmp : Match on catch block at 0xc3 in for 0x7e07691025
02-14 16:25:08.632 16371 16371 E ArmVmp : Match on catch block at 0xc3 in for 0x7e07691025
02-14 16:25:08.636 16371 16371 E SpannableStringBuilder: SPAN_EXCLUSIVE_EXCLUSIVE spans cannot have a zero length
02-14 16:25:08.728 16371 16371 E ArmVmp : Match on catch block at 0xc3 in for 0x7e07691025
02-14 16:25:08.733 16371 16371 E ArmVmp : Match on catch block at 0xc3 in for 0x7e07691025
02-14 16:25:08.828 16371 16371 E ArmVmp : Match on catch block at 0xc3 in for 0x7e07691025
02-14 16:25:08.833 16371 16371 E ArmVmp : Match on catch block at 0xc3 in for 0x7e07691025
02-14 16:25:09.011 16371 16371 E ArmVmp : Match on catch block at 0xc3 in for 0x7e07691025
02-14 16:25:09.017 16371 16371 E ArmVmp : Match on catch block at 0xc3 in for 0x7e07691025
02-14 16:25:09.195 16371 16371 E ArmVmp : Match on catch block at 0xc3 in for 0x7e07691025
02-14 16:25:09.201 16371 16371 E ArmVmp : Match on catch block at 0xc3 in for 0x7e07691025
02-14 16:25:09.211 16371 16371 E ArmVmp : Match on catch block at 0xc3 in for 0x7e07691025
02-14 16:25:09.217 16371 16371 E ArmVmp : Match on catch block at 0xc3 in for 0x7e07691025
02-14 16:25:09.220 16371 16371 E SpannableStringBuilder: SPAN_EXCLUSIVE_EXCLUSIVE spans cannot have a zero length
02-14 16:25:09.710 16371 16371 E ArmVmp : Match on catch block at 0xc3 in for 0x7e07691025
02-14 16:25:09.714 16371 16371 E ArmVmp : Match on catch block at 0xc3 in for 0x7e07691025
02-14 16:25:09.760 16371 16371 E ArmVmp : Match on catch block at 0xc3 in for 0x7e07691025
02-14 16:25:09.765 16371 16371 E ArmVmp : Match on catch block at 0xc3 in for 0x7e07691025
02-14 16:25:09.927 16371 16371 E ArmVmp : Match on catch block at 0xc3 in for 0x7e07691025
02-14 16:25:09.930 16371 16371 E ArmVmp : Match on catch block at 0xc3 in for 0x7e07691025
02-14 16:25:10.082 16371 16371 E ArmVmp : Match on catch block at 0xc3 in for 0x7e07691025
02-14 16:25:10.086 16371 16371 E ArmVmp : Match on catch block at 0xc3 in for 0x7e07691025
02-14 16:25:10.094 16371 16371 E ArmVmp : Match on catch block at 0xc3 in for 0x7e07691025
02-14 16:25:10.099 16371 16371 E ArmVmp : Match on catch block at 0xc3 in for 0x7e07691025
02-14 16:25:10.311 16371 16371 E ArmVmp : Match on catch block at 0xc3 in for 0x7e07691025
02-14 16:25:10.316 16371 16371 E ArmVmp : Match on catch block at 0xc3 in for 0x7e07691025
02-14 16:25:10.319 16371 16371 E SpannableStringBuilder: SPAN_EXCLUSIVE_EXCLUSIVE spans cannot have a zero length
02-14 16:25:10.662 16371 16371 E ArmVmp : Match on catch block at 0xc3 in for 0x7e07691025
02-14 16:25:10.668 16371 16371 E ArmVmp : Match on catch block at 0xc3 in for 0x7e07691025
02-14 16:25:10.845 16371 16371 E ArmVmp : Match on catch block at 0xc3 in for 0x7e07691025
02-14 16:25:10.850 16371 16371 E ArmVmp : Match on catch block at 0xc3 in for 0x7e07691025
02-14 16:25:11.095 16371 16371 E ArmVmp : Match on catch block at 0xc3 in for 0x7e07691025
02-14 16:25:11.102 16371 16371 E ArmVmp : Match on catch block at 0xc3 in for 0x7e07691025
02-14 16:25:11.112 16371 16371 E ArmVmp : Match on catch block at 0xc3 in for 0x7e07691025
02-14 16:25:11.118 16371 16371 E ArmVmp : Match on catch block at 0xc3 in for 0x7e07691025
02-14 16:25:11.362 16371 16371 E ArmVmp : Match on catch block at 0xc3 in for 0x7e07691025
02-14 16:25:11.368 16371 16371 E ArmVmp : Match on catch block at 0xc3 in for 0x7e07691025
02-14 16:25:11.478 16371 16371 E ArmVmp : Match on catch block at 0xc3 in for 0x7e07691025
02-14 16:25:11.484 16371 16371 E ArmVmp : Match on catch block at 0xc3 in for 0x7e07691025
02-14 16:25:11.495 16371 16371 E ArmVmp : Match on catch block at 0xc3 in for 0x7e07691025
02-14 16:25:11.501 16371 16371 E ArmVmp : Match on catch block at 0xc3 in for 0x7e07691025
02-14 16:25:11.996 16371 16371 E ArmVmp : Match on catch block at 0xc3 in for 0x7e07691025
02-14 16:25:12.009 16371 16371 E ArmVmp : Match on catch block at 0xc3 in for 0x7e07691025
02-14 16:25:12.081 16371 16371 E ArmVmp : Match on catch block at 0xc3 in for 0x7e07691025
02-14 16:25:12.086 16371 16371 E ArmVmp : Match on catch block at 0xc3 in for 0x7e07691025
02-14 16:25:12.112 16371 16371 E ArmVmp : Match on catch block at 0xc3 in for 0x7e07691025
02-14 16:25:12.116 16371 16371 E ArmVmp : Match on catch block at 0xc3 in for 0x7e07691025
02-14 16:25:12.135 16371 16371 E ArmVmp : Match on catch block at 0xc3 in for 0x7e07691025
02-14 16:25:12.139 16371 16371 E ArmVmp : Match on catch block at 0xc3 in for 0x7e07691025
02-14 16:25:12.495 16371 16371 E ArmVmp : Match on catch block at 0xc3 in for 0x7e07691025
02-14 16:25:12.503 16371 16371 E ArmVmp : Match on catch block at 0xc3 in for 0x7e07691025
02-14 16:25:12.706 16371 16371 E SpannableStringBuilder: SPAN_EXCLUSIVE_EXCLUSIVE spans cannot have a zero length
02-14 16:25:12.713 16371 16371 E ArmVmp : Match on catch block at 0xc3 in for 0x7e07691025
02-14 16:25:12.720 16371 16371 E ArmVmp : Match on catch block at 0xc3 in for 0x7e07691025
02-14 16:25:12.723 16371 16371 E SpannableStringBuilder: SPAN_EXCLUSIVE_EXCLUSIVE spans cannot have a zero length
02-14 16:25:13.162 16371 16371 E ArmVmp : Match on catch block at 0xc3 in for 0x7e07691025
02-14 16:25:13.168 16371 16371 E ArmVmp : Match on catch block at 0xc3 in for 0x7e07691025
02-14 16:25:13.177 16371 16371 E ArmVmp : Match on catch block at 0xc3 in for 0x7e07691025
02-14 16:25:13.183 16371 16371 E ArmVmp : Match on catch block at 0xc3 in for 0x7e07691025
02-14 16:25:13.378 16371 16371 E ArmVmp : Match on catch block at 0xc3 in for 0x7e07691025
02-14 16:25:13.384 16371 16371 E ArmVmp : Match on catch block at 0xc3 in for 0x7e07691025
02-14 16:25:13.495 16371 16371 E ArmVmp : Match on catch block at 0xc3 in for 0x7e07691025
02-14 16:25:13.502 16371 16371 E ArmVmp : Match on catch block at 0xc3 in for 0x7e07691025
02-14 16:25:13.511 16371 16371 E ArmVmp : Match on catch block at 0xc3 in for 0x7e07691025
02-14 16:25:13.517 16371 16371 E ArmVmp : Match on catch block at 0xc3 in for 0x7e07691025
02-14 16:25:13.711 16371 16371 E ArmVmp : Match on catch block at 0xc3 in for 0x7e07691025
02-14 16:25:13.717 16371 16371 E ArmVmp : Match on catch block at 0xc3 in for 0x7e07691025
02-14 16:25:13.811 16371 16371 E ArmVmp : Match on catch block at 0xc3 in for 0x7e07691025
02-14 16:25:13.816 16371 16371 E ArmVmp : Match on catch block at 0xc3 in for 0x7e07691025
02-14 16:25:14.310 16371 16371 E ArmVmp : Match on catch block at 0xc3 in for 0x7e07691025
02-14 16:25:14.315 16371 16371 E ArmVmp : Match on catch block at 0xc3 in for 0x7e07691025
02-14 16:25:14.344 16371 16371 E ArmVmp : Match on catch block at 0xc3 in for 0x7e07691025
02-14 16:25:14.351 16371 16371 E ArmVmp : Match on catch block at 0xc3 in for 0x7e07691025
02-14 16:25:14.444 16371 16371 E ArmVmp : Match on catch block at 0xc3 in for 0x7e07691025
02-14 16:25:14.449 16371 16371 E ArmVmp : Match on catch block at 0xc3 in for 0x7e07691025
02-14 16:25:14.946 16371 16371 E ArmVmp : Match on catch block at 0xc3 in for 0x7e07691025
02-14 16:25:14.957 16371 16371 E ArmVmp : Match on catch block at 0xc3 in for 0x7e07691025
02-14 16:25:15.218 16371 16371 E ArmVmp : Match on catch block at 0xc3 in for 0x7e07691025
02-14 16:25:15.223 16371 16371 E ArmVmp : Match on catch block at 0xc3 in for 0x7e07691025
02-14 16:25:15.245 16371 16371 E ArmVmp : Match on catch block at 0xc3 in for 0x7e07691025
02-14 16:25:15.251 16371 16371 E ArmVmp : Match on catch block at 0xc3 in for 0x7e07691025
02-14 16:25:15.254 16371 16371 E SpannableStringBuilder: SPAN_EXCLUSIVE_EXCLUSIVE spans cannot have a zero length
02-14 16:25:15.748 16371 16371 E ArmVmp : Match on catch block at 0xc3 in for 0x7e07691025
02-14 16:25:15.761 16371 16371 E ArmVmp : Match on catch block at 0xc3 in for 0x7e07691025
02-14 16:25:16.247 16371 16371 E ArmVmp : Match on catch block at 0xc3 in for 0x7e07691025
02-14 16:25:16.260 16371 16371 E ArmVmp : Match on catch block at 0xc3 in for 0x7e07691025
02-14 16:25:16.747 16371 16371 E ArmVmp : Match on catch block at 0xc3 in for 0x7e07691025
02-14 16:25:16.760 16371 16371 E ArmVmp : Match on catch block at 0xc3 in for 0x7e07691025
02-14 16:25:17.247 16371 16371 E ArmVmp : Match on catch block at 0xc3 in for 0x7e07691025
02-14 16:25:17.260 16371 16371 E ArmVmp : Match on catch block at 0xc3 in for 0x7e07691025
02-14 16:25:17.747 16371 16371 E ArmVmp : Match on catch block at 0xc3 in for 0x7e07691025
02-14 16:25:17.760 16371 16371 E ArmVmp : Match on catch block at 0xc3 in for 0x7e07691025
02-14 16:25:18.247 16371 16371 E ArmVmp : Match on catch block at 0xc3 in for 0x7e07691025
02-14 16:25:18.260 16371 16371 E ArmVmp : Match on catch block at 0xc3 in for 0x7e07691025
02-14 16:25:18.745 16371 16371 E ArmVmp : Match on catch block at 0xc3 in for 0x7e07691025
02-14 16:25:18.753 16371 16371 E ArmVmp : Match on catch block at 0xc3 in for 0x7e07691025
02-14 16:25:19.199 16371 16371 E ArmVmp : Match on catch block at 0xc3 in for 0x7e07691025
02-14 16:25:19.206 16371 16371 E ArmVmp : Match on catch block at 0xc3 in for 0x7e07691025
02-14 16:25:19.219 16371 16371 E SpannableStringBuilder: SPAN_EXCLUSIVE_EXCLUSIVE spans cannot have a zero length
02-14 16:25:19.230 16371 16371 E ArmVmp : Match on catch block at 0xc3 in for 0x7e07691025
02-14 16:25:19.238 16371 16371 E ArmVmp : Match on catch block at 0xc3 in for 0x7e07691025
02-14 16:25:19.245 16371 16371 E SpannableStringBuilder: SPAN_EXCLUSIVE_EXCLUSIVE spans cannot have a zero length
02-14 16:25:19.697 16371 16371 E ArmVmp : Match on catch block at 0xc3 in for 0x7e07691025
02-14 16:25:19.704 16371 16371 E ArmVmp : Match on catch block at 0xc3 in for 0x7e07691025
02-14 16:25:19.715 16371 16371 E SpannableStringBuilder: SPAN_EXCLUSIVE_EXCLUSIVE spans cannot have a zero length
02-14 16:25:19.742 16371 16371 E ArmVmp : Match on catch block at 0xc3 in for 0x7e07691025
02-14 16:25:19.745 16371 16371 E ArmVmp : Match on catch block at 0xc3 in for 0x7e07691025
02-14 16:25:19.754 16371 16371 E SpannableStringBuilder: SPAN_EXCLUSIVE_EXCLUSIVE spans cannot have a zero length
02-14 16:25:19.763 16371 16371 E ArmVmp : Match on catch block at 0xc3 in for 0x7e07691025
02-14 16:25:19.770 16371 16371 E ArmVmp : Match on catch block at 0xc3 in for 0x7e07691025
02-14 16:25:19.942 16371 16371 E SpannableStringBuilder: SPAN_EXCLUSIVE_EXCLUSIVE spans cannot have a zero length
02-14 16:25:19.946 16371 16371 E ArmVmp : Match on catch block at 0xc3 in for 0x7e07691025
02-14 16:25:19.953 16371 16371 E ArmVmp : Match on catch block at 0xc3 in for 0x7e07691025
02-14 16:25:19.959 16371 16371 E SpannableStringBuilder: SPAN_EXCLUSIVE_EXCLUSIVE spans cannot have a zero length
02-14 16:25:20.176 16371 16371 E SpannableStringBuilder: SPAN_EXCLUSIVE_EXCLUSIVE spans cannot have a zero length
02-14 16:25:20.180 16371 16371 E ArmVmp : Match on catch block at 0xc3 in for 0x7e07691025
02-14 16:25:20.187 16371 16371 E ArmVmp : Match on catch block at 0xc3 in for 0x7e07691025
02-14 16:25:20.192 16371 16371 E SpannableStringBuilder: SPAN_EXCLUSIVE_EXCLUSIVE spans cannot have a zero length
02-14 16:25:20.408 16371 16371 E SpannableStringBuilder: SPAN_EXCLUSIVE_EXCLUSIVE spans cannot have a zero length
02-14 16:25:20.413 16371 16371 E ArmVmp : Match on catch block at 0xc3 in for 0x7e07691025
02-14 16:25:20.418 16371 16371 E ArmVmp : Match on catch block at 0xc3 in for 0x7e07691025
02-14 16:25:20.425 16371 16371 E SpannableStringBuilder: SPAN_EXCLUSIVE_EXCLUSIVE spans cannot have a zero length
02-14 16:25:20.430 16371 16371 E ArmVmp : Match on catch block at 0xc3 in for 0x7e07691025
02-14 16:25:20.436 16371 16371 E ArmVmp : Match on catch block at 0xc3 in for 0x7e07691025
02-14 16:25:20.444 16371 16371 E ArmVmp : Match on catch block at 0xc3 in for 0x7e07691025
02-14 16:25:20.450 16371 16371 E ArmVmp : Match on catch block at 0xc3 in for 0x7e07691025
02-14 16:25:20.464 16371 16371 E ArmVmp : Match on catch block at 0xc3 in for 0x7e07691025
02-14 16:25:20.469 16371 16371 E ArmVmp : Match on catch block at 0xc3 in for 0x7e07691025
02-14 16:25:20.480 16371 16371 E ArmVmp : Match on catch block at 0xc3 in for 0x7e07691025
02-14 16:25:20.486 16371 16371 E ArmVmp : Match on catch block at 0xc3 in for 0x7e07691025
02-14 16:25:20.496 16371 16371 E ArmVmp : Match on catch block at 0xc3 in for 0x7e07691025
02-14 16:25:20.502 16371 16371 E ArmVmp : Match on catch block at 0xc3 in for 0x7e07691025
02-14 16:25:20.512 16371 16371 E ArmVmp : Match on catch block at 0xc3 in for 0x7e07691025
02-14 16:25:20.519 16371 16371 E ArmVmp : Match on catch block at 0xc3 in for 0x7e07691025
02-14 16:25:20.529 16371 16371 E ArmVmp : Match on catch block at 0xc3 in for 0x7e07691025
02-14 16:25:20.536 16371 16371 E ArmVmp : Match on catch block at 0xc3 in for 0x7e07691025
02-14 16:25:20.546 16371 16371 E ArmVmp : Match on catch block at 0xc3 in for 0x7e07691025
02-14 16:25:20.553 16371 16371 E ArmVmp : Match on catch block at 0xc3 in for 0x7e07691025
02-14 16:25:20.563 16371 16371 E ArmVmp : Match on catch block at 0xc3 in for 0x7e07691025
02-14 16:25:20.570 16371 16371 E ArmVmp : Match on catch block at 0xc3 in for 0x7e07691025
02-14 16:25:20.578 16371 16371 E ArmVmp : Match on catch block at 0xc3 in for 0x7e07691025
02-14 16:25:20.584 16371 16371 E ArmVmp : Match on catch block at 0xc3 in for 0x7e07691025
02-14 16:25:20.595 16371 16371 E ArmVmp : Match on catch block at 0xc3 in for 0x7e07691025
02-14 16:25:20.602 16371 16371 E ArmVmp : Match on catch block at 0xc3 in for 0x7e07691025
02-14 16:25:20.613 16371 16371 E ArmVmp : Match on catch block at 0xc3 in for 0x7e07691025
02-14 16:25:20.619 16371 16371 E ArmVmp : Match on catch block at 0xc3 in for 0x7e07691025
02-14 16:25:20.631 16371 16371 E ArmVmp : Match on catch block at 0xc3 in for 0x7e07691025
02-14 16:25:20.637 16371 16371 E ArmVmp : Match on catch block at 0xc3 in for 0x7e07691025
02-14 16:25:20.812 16371 16371 E ArmVmp : Match on catch block at 0xc3 in for 0x7e07691025
02-14 16:25:20.823 16371 16371 E ArmVmp : Match on catch block at 0xc3 in for 0x7e07691025
02-14 16:25:20.930 16371 16371 E ArmVmp : Match on catch block at 0xc3 in for 0x7e07691025
02-14 16:25:20.941 16371 16371 E ArmVmp : Match on catch block at 0xc3 in for 0x7e07691025
02-14 16:25:20.997 16371 16371 E ArmVmp : Match on catch block at 0xc3 in for 0x7e07691025
02-14 16:25:21.007 16371 16371 E ArmVmp : Match on catch block at 0xc3 in for 0x7e07691025
02-14 16:25:21.164 16371 16371 E ArmVmp : Match on catch block at 0xc3 in for 0x7e07691025
02-14 16:25:21.175 16371 16371 E ArmVmp : Match on catch block at 0xc3 in for 0x7e07691025
02-14 16:25:21.314 16371 16371 E ArmVmp : Match on catch block at 0xc3 in for 0x7e07691025
