02-14 21:05:27.975 21769 21769 E ArmVmp : Match on catch block at 0xc3 in for 0x7e07691025
02-14 21:05:27.976 21769 21769 E ArmVmp : Match on catch block at 0xc3 in for 0x7e07691025
02-14 21:05:27.991 21769 21769 E ArmVmp : Match on catch block at 0xc3 in for 0x7e07691025
02-14 21:05:27.994 21769 21769 E ArmVmp : Match on catch block at 0xc3 in for 0x7e07691025
02-14 21:05:27.996 21769 21769 E ArmVmp : Match on catch block at 0xc3 in for 0x7e07691025
02-14 21:05:28.002 21769 21769 E ArmVmp : Match on catch block at 0xc3 in for 0x7e07691025
02-14 21:05:28.007 21769 21769 E ArmVmp : Match on catch block at 0xc3 in for 0x7e07691025
02-14 21:05:28.008 21769 21769 E ArmVmp : Match on catch block at 0xc3 in for 0x7e07691025
02-14 21:05:28.011 21769 21769 E SpannableStringBuilder: SPAN_EXCLUSIVE_EXCLUSIVE spans cannot have a zero length
02-14 21:05:28.332 21769 21769 E ArmVmp : Match on catch block at 0xc3 in for 0x7e07691025
02-14 21:05:28.335 21769 21769 E ArmVmp : Match on catch block at 0xc3 in for 0x7e07691025
02-14 21:05:28.337 21769 21769 E ArmVmp : Match on catch block at 0xc3 in for 0x7e07691025
02-14 21:05:28.348 21769 21769 E ArmVmp : Match on catch block at 0xc3 in for 0x7e07691025
02-14 21:05:28.352 21769 21769 E ArmVmp : Match on catch block at 0xc3 in for 0x7e07691025
02-14 21:05:28.353 21769 21769 E ArmVmp : Match on catch block at 0xc3 in for 0x7e07691025
02-14 21:05:28.365 21769 21769 E ArmVmp : Match on catch block at 0xc3 in for 0x7e07691025
02-14 21:05:28.369 21769 21769 E ArmVmp : Match on catch block at 0xc3 in for 0x7e07691025
02-14 21:05:28.371 21769 21769 E ArmVmp : Match on catch block at 0xc3 in for 0x7e07691025
02-14 21:05:28.382 21769 21769 E ArmVmp : Match on catch block at 0xc3 in for 0x7e07691025
02-14 21:05:28.385 21769 21769 E ArmVmp : Match on catch block at 0xc3 in for 0x7e07691025
02-14 21:05:28.387 21769 21769 E ArmVmp : Match on catch block at 0xc3 in for 0x7e07691025
02-14 21:05:28.398 21769 21769 E ArmVmp : Match on catch block at 0xc3 in for 0x7e07691025
02-14 21:05:28.401 21769 21769 E ArmVmp : Match on catch block at 0xc3 in for 0x7e07691025
02-14 21:05:28.402 21769 21769 E ArmVmp : Match on catch block at 0xc3 in for 0x7e07691025
02-14 21:05:28.414 21769 21769 E ArmVmp : Match on catch block at 0xc3 in for 0x7e07691025
02-14 21:05:28.417 21769 21769 E ArmVmp : Match on catch block at 0xc3 in for 0x7e07691025
02-14 21:05:28.419 21769 21769 E ArmVmp : Match on catch block at 0xc3 in for 0x7e07691025
02-14 21:05:28.432 21769 21769 E ArmVmp : Match on catch block at 0xc3 in for 0x7e07691025
02-14 21:05:28.436 21769 21769 E ArmVmp : Match on catch block at 0xc3 in for 0x7e07691025
02-14 21:05:28.437 21769 21769 E ArmVmp : Match on catch block at 0xc3 in for 0x7e07691025
02-14 21:05:28.448 21769 21769 E ArmVmp : Match on catch block at 0xc3 in for 0x7e07691025
02-14 21:05:28.451 21769 21769 E ArmVmp : Match on catch block at 0xc3 in for 0x7e07691025
02-14 21:05:28.453 21769 21769 E ArmVmp : Match on catch block at 0xc3 in for 0x7e07691025
02-14 21:05:28.464 21769 21769 E ArmVmp : Match on catch block at 0xc3 in for 0x7e07691025
02-14 21:05:28.468 21769 21769 E ArmVmp : Match on catch block at 0xc3 in for 0x7e07691025
02-14 21:05:28.469 21769 21769 E ArmVmp : Match on catch block at 0xc3 in for 0x7e07691025
02-14 21:05:28.481 21769 21769 E ArmVmp : Match on catch block at 0xc3 in for 0x7e07691025
02-14 21:05:28.485 21769 21769 E ArmVmp : Match on catch block at 0xc3 in for 0x7e07691025
02-14 21:05:28.486 21769 21769 E ArmVmp : Match on catch block at 0xc3 in for 0x7e07691025
02-14 21:05:28.498 21769 21769 E ArmVmp : Match on catch block at 0xc3 in for 0x7e07691025
02-14 21:05:28.501 21769 21769 E ArmVmp : Match on catch block at 0xc3 in for 0x7e07691025
02-14 21:05:28.502 21769 21769 E ArmVmp : Match on catch block at 0xc3 in for 0x7e07691025
02-14 21:05:28.514 21769 21769 E ArmVmp : Match on catch block at 0xc3 in for 0x7e07691025
02-14 21:05:28.517 21769 21769 E ArmVmp : Match on catch block at 0xc3 in for 0x7e07691025
02-14 21:05:28.519 21769 21769 E ArmVmp : Match on catch block at 0xc3 in for 0x7e07691025
02-14 21:05:28.531 21769 21769 E ArmVmp : Match on catch block at 0xc3 in for 0x7e07691025
02-14 21:05:28.534 21769 21769 E ArmVmp : Match on catch block at 0xc3 in for 0x7e07691025
02-14 21:05:28.536 21769 21769 E ArmVmp : Match on catch block at 0xc3 in for 0x7e07691025
02-14 21:05:28.548 21769 21769 E ArmVmp : Match on catch block at 0xc3 in for 0x7e07691025
02-14 21:05:28.551 21769 21769 E ArmVmp : Match on catch block at 0xc3 in for 0x7e07691025
02-14 21:05:28.552 21769 21769 E ArmVmp : Match on catch block at 0xc3 in for 0x7e07691025
02-14 21:05:28.564 21769 21769 E ArmVmp : Match on catch block at 0xc3 in for 0x7e07691025
02-14 21:05:28.568 21769 21769 E ArmVmp : Match on catch block at 0xc3 in for 0x7e07691025
02-14 21:05:28.569 21769 21769 E ArmVmp : Match on catch block at 0xc3 in for 0x7e07691025
02-14 21:05:28.581 21769 21769 E ArmVmp : Match on catch block at 0xc3 in for 0x7e07691025
02-14 21:05:28.584 21769 21769 E ArmVmp : Match on catch block at 0xc3 in for 0x7e07691025
02-14 21:05:28.585 21769 21769 E ArmVmp : Match on catch block at 0xc3 in for 0x7e07691025
02-14 21:05:28.779 21769 21769 E ArmVmp : Match on catch block at 0xc3 in for 0x7e07691025
02-14 21:05:28.790 21769 21769 E ArmVmp : Match on catch block at 0xc3 in for 0x7e07691025
02-14 21:05:28.793 21769 21769 E ArmVmp : Match on catch block at 0xc3 in for 0x7e07691025
02-14 21:05:28.818 21769 21769 E ArmVmp : Match on catch block at 0xc3 in for 0x7e07691025
02-14 21:05:28.822 21769 21769 E ArmVmp : Match on catch block at 0xc3 in for 0x7e07691025
02-14 21:05:28.823 21769 21769 E ArmVmp : Match on catch block at 0xc3 in for 0x7e07691025
02-14 21:05:28.843 21769 21769 W com.whatsapp: Method void com.whatsapp.HomeActivity.A6e() failed lock verification and will run slower.
02-14 21:05:28.895 21769 21769 E ArmVmp : Match on catch block at 0xb0 in for 0x7e07691039
02-14 21:05:28.933 21769 21769 E ArmVmp : Match on catch block at 0xb0 in for 0x7e07691039
02-14 21:05:29.075 21769 21769 E ArmVmp : Match on catch block at 0x0a in for 0x7e07691031
02-14 21:05:29.090 21769 21769 E ArmVmp : Match on catch block at 0x0a in for 0x7e0769104d
02-14 21:05:29.110 21769 18674 W com.whatsapp: Accessing hidden method Lcom/android/org/conscrypt/ConscryptEngineSocket;->setUseSessionTickets(Z)V (max- target-q,core-platform-api, reflection, denied)
02-14 21:05:29.110 21769 18674 W com.whatsapp: Accessing hidden method Lcom/android/org/conscrypt/OpenSSLSocketImpl;->setUseSessionTickets(Z)V (max- target-q,core-platform-api, reflection, denied)
02-14 21:05:29.110 21769 18674 W com.whatsapp: Accessing hidden method Lcom/android/org/conscrypt/AbstractConscryptSocket;->setUseSessionTickets(Z)V (max- target-q, reflection, denied)
02-14 21:05:29.110 21769 18674 W com.whatsapp: Accessing hidden method Lcom/android/org/conscrypt/ConscryptEngineSocket;->setHostname(Ljava/lang/String;)V (max-target-q,core-platform-api, reflection, denied)
02-14 21:05:29.110 21769 18674 W com.whatsapp: Accessing hidden method Lcom/android/org/conscrypt/OpenSSLSocketImpl;->setHostname(Ljava/lang/String;)V (max-target-q,core-platform-api, reflection, denied)
02-14 21:05:29.110 21769 18674 W com.whatsapp: Accessing hidden method Lcom/android/org/conscrypt/AbstractConscryptSocket;->setHostname(Ljava/lang/ String;)V (max-target-q, reflection, denied)
02-14 21:05:29.110 21769 18674 W com.whatsapp: Accessing hidden method Lcom/android/org/conscrypt/OpenSSLSocketImpl;->setAlpnProtocols([B)V (max-target- q,core-platform-api, reflection, denied)
02-14 21:05:29.110 21769 18674 W com.whatsapp: Accessing hidden method Lcom/android/org/conscrypt/AbstractConscryptSocket;->setAlpnProtocols([B)V (max- target-q, reflection, denied)
02-14 21:05:29.125 21769 18674 W com.whatsapp: Accessing hidden method Lcom/android/org/conscrypt/OpenSSLSocketImpl;->getAlpnSelectedProtocol()[B (max- target-q,core-platform-api, reflection, denied)
02-14 21:05:29.125 21769 18674 W com.whatsapp: Accessing hidden method Lcom/android/org/conscrypt/AbstractConscryptSocket;->getAlpnSelectedProtocol()[B (max-target-q, reflection, denied)
02-14 21:05:29.141 21769 22375 E ArmVmp : No matching catch block at 0x07
02-14 21:05:29.141 21769 22375 E ArmVmp : Match on catch block at 0x02 in for 0x7e05506605
02-14 21:05:29.141 21769 22375 W System.err: java.net.UnknownHostException: Unable to resolve host "pastebin.com": No address associated with hostname
02-14 21:05:29.143 21769 22375 W System.err: at java.net.Inet6AddressImpl.lookupHostByName(Inet6AddressImpl.java:156)
02-14 21:05:29.143 21769 22375 W System.err: at java.net.Inet6AddressImpl.lookupAllHostAddr(Inet6AddressImpl.java:103)
02-14 21:05:29.143 21769 22375 W System.err: at java.net.InetAddress.getAllByName(InetAddress.java:1152)
02-14 21:05:29.143 21769 22375 W System.err: at com.android.okhttp.Dns$1.lookup(Dns.java:41)
02-14 21:05:29.143 21769 22375 W System.err: at com.android.okhttp.internal.http.RouteSelector.resetNextInetSocketAddress(RouteSele ctor.java:178)
02-14 21:05:29.143 21769 22375 W System.err: at com.android.okhttp.internal.http.RouteSelector.nextProxy(RouteSelector.java:144)
02-14 21:05:29.143 21769 22375 W System.err: at com.android.okhttp.internal.http.RouteSelector.next(RouteSelector.java:86)
02-14 21:05:29.143 21769 22375 W System.err: at com.android.okhttp.internal.http.StreamAllocation.findConnection(StreamAllocation.j ava:176)
02-14 21:05:29.143 21769 22375 W System.err: at com.android.okhttp.internal.http.StreamAllocation.findHealthyConnection(StreamAlloc ation.java:128)
02-14 21:05:29.143 21769 22375 W System.err: at com.android.okhttp.internal.http.StreamAllocation.newStream(StreamAllocation.java:9 7)
02-14 21:05:29.143 21769 22375 W System.err: at com.android.okhttp.internal.http.HttpEngine.connect(HttpEngine.java:289)
02-14 21:05:29.143 21769 22375 W System.err: at com.android.okhttp.internal.http.HttpEngine.sendRequest(HttpEngine.java:232)
02-14 21:05:29.143 21769 22375 W System.err: at com.android.okhttp.internal.huc.HttpURLConnectionImpl.execute(HttpURLConnectionImpl .java:465)
02-14 21:05:29.143 21769 22375 W System.err: at com.android.okhttp.internal.huc.HttpURLConnectionImpl.getResponse(HttpURLConnection Impl.java:411)
02-14 21:05:29.143 21769 22375 W System.err: at com.android.okhttp.internal.huc.HttpURLConnectionImpl.getInputStream(HttpURLConnect ionImpl.java:248)
02-14 21:05:29.143 21769 22375 W System.err: at com.android.okhttp.internal.huc.DelegatingHttpsURLConnection.getInputStream(Delegat ingHttpsURLConnection.java:211)
02-14 21:05:29.144 21769 22375 W System.err: at com.android.okhttp.internal.huc.HttpsURLConnectionImpl.getInputStream(HttpsURLConne ctionImpl.java:30)
02-14 21:05:29.144 21769 22375 W System.err: at java.net.URL.openStream(URL.java:1072)
02-14 21:05:29.144 21769 22375 W System.err: at mbmodsd.mbmodsw.mbdialog.MBDialogMan.loadJsonFromUrl(Native Method)
02-14 21:05:29.144 21769 22375 W System.err: at mbmodsd.mbmodsw.mbdialog.MBDialogMan.access$000(Native Method)
02-14 21:05:29.144 21769 22375 W System.err: at mbmodsd.mbmodsw.mbdialog.MBDialogMan$FetchJsonTask.doInBackground(Native Method)
02-14 21:05:29.144 21769 22375 W System.err: at mbmodsd.mbmodsw.mbdialog.MBDialogMan$FetchJsonTask.doInBackground(Native Method)
02-14 21:05:29.144 21769 22375 W System.err: at android.os.AsyncTask$3.call(AsyncTask.java:394)
02-14 21:05:29.144 21769 22375 W System.err: at java.util.concurrent.FutureTask.run(FutureTask.java:264)
02-14 21:05:29.144 21769 22375 W System.err: at android.os.AsyncTask$SerialExecutor$1.run(AsyncTask.java:305)
02-14 21:05:29.144 21769 22375 W System.err: at java.util.concurrent.ThreadPoolExecutor.runWorker(ThreadPoolExecutor.java:1145)
02-14 21:05:29.144 21769 22375 W System.err: at java.util.concurrent.ThreadPoolExecutor$Worker.run(ThreadPoolExecutor.java:644)
02-14 21:05:29.144 21769 22375 W System.err: at java.lang.Thread.run(Thread.java:1012)
02-14 21:05:29.144 21769 22375 W System.err: Caused by: android.system.GaiException: android_getaddrinfo failed: EAI_NODATA (No address associated with hostname)
02-14 21:05:29.144 21769 22375 W System.err: at libcore.io.Linux.android_getaddrinfo(Native Method)
02-14 21:05:29.144 21769 22375 W System.err: at libcore.io.ForwardingOs.android_getaddrinfo(ForwardingOs.java:133)
02-14 21:05:29.144 21769 22375 W System.err: at libcore.io.BlockGuardOs.android_getaddrinfo(BlockGuardOs.java:222)
02-14 21:05:29.144 21769 22375 W System.err: at libcore.io.ForwardingOs.android_getaddrinfo(ForwardingOs.java:133)
02-14 21:05:29.144 21769 22375 W System.err: at java.net.Inet6AddressImpl.lookupHostByName(Inet6AddressImpl.java:135)
02-14 21:05:29.144 21769 22375 W System.err: ... 27 more
02-14 21:05:29.190 21769 27095 W SQLiteLog: (28) double-quoted string literal: "20"
02-14 21:05:29.190 21769 27095 W SQLiteLog: (28) double-quoted string literal: "40"
02-14 21:05:29.263 21769 18698 W LOTTIE : Animation contains merge paths. Merge paths are only supported on KitKat+ and must be manually enabled by calling enableMergePathsForKitKatAndAbove().
02-14 21:05:29.300 21769 21769 E ArmVmp : Match on catch block at 0xb0 in for 0x7e07691049
02-14 21:05:29.303 21769 21769 E ArmVmp : Match on catch block at 0xb0 in for 0x7e07691049
02-14 21:05:29.305 21769 21769 E ArmVmp : Match on catch block at 0xb0 in for 0x7e07691049
02-14 21:05:29.308 21769 21769 E ArmVmp : Match on catch block at 0xb0 in for 0x7e07691049
02-14 21:05:29.318 21769 21769 E ArmVmp : Match on catch block at 0xb0 in for 0x7e0769103d
02-14 21:05:29.359 21769 21769 E ArmVmp : Match on catch block at 0xb0 in for 0x7e0769103d
02-14 21:05:29.381 21769 21769 E ArmVmp : Match on catch block at 0xb0 in for 0x7e0769103d
02-14 21:05:29.440 21769 21769 E ArmVmp : Match on catch block at 0xb0 in for 0x7e0769103d
02-14 21:05:29.457 21769 21769 E ArmVmp : Match on catch block at 0xb0 in for 0x7e0769103d
02-14 21:05:29.481 21769 21769 E ArmVmp : Match on catch block at 0xb0 in for 0x7e0769103d
02-14 21:05:29.491 21769 18700 W ContextImpl: Failed to ensure /data/user/95/com.whatsapp/cache: chown failed: EPERM (Operation not permitted)
02-14 21:05:29.506 21769 21769 E ArmVmp : Match on catch block at 0xb0 in for 0x7e0769103d
02-14 21:05:29.531 21769 21769 E ArmVmp : Match on catch block at 0xb0 in for 0x7e0769103d
02-14 21:05:29.557 21769 21769 E ArmVmp : Match on catch block at 0xb0 in for 0x7e0769103d
02-14 21:05:29.581 21769 21769 E ArmVmp : Match on catch block at 0xb0 in for 0x7e07691049
02-14 21:05:29.583 21769 21769 E ArmVmp : Match on catch block at 0xb0 in for 0x7e07691049
02-14 21:05:29.585 21769 21769 E ArmVmp : Match on catch block at 0xb0 in for 0x7e07691049
02-14 21:05:29.586 21769 21769 E ArmVmp : Match on catch block at 0xb0 in for 0x7e07691049
02-14 21:05:29.591 21769 21769 E ArmVmp : Match on catch block at 0xb0 in for 0x7e0769103d
02-14 21:05:29.618 21769 21769 E ArmVmp : Match on catch block at 0xb0 in for 0x7e0769103d
02-14 21:05:29.639 21769 21769 E ArmVmp : Match on catch block at 0xb0 in for 0x7e0769103d
02-14 21:05:29.664 21769 21769 E ArmVmp : Match on catch block at 0xb0 in for 0x7e0769103d
02-14 21:05:29.684 21769 21778 W com.whatsapp: Cleared Reference was only reachable from finalizer (only reported once)
02-14 21:05:29.700 21769 21769 E ArmVmp : Match on catch block at 0xb0 in for 0x7e0769103d
02-14 21:05:29.726 21769 21769 E ArmVmp : Match on catch block at 0xb0 in for 0x7e0769103d
02-14 21:05:29.739 21769 21780 W System : A resource failed to call HardwareBuffer.close.
02-14 21:05:29.740 21769 21780 W System : A resource failed to call HardwareBuffer.close.
02-14 21:05:29.747 21769 21769 E ArmVmp : Match on catch block at 0xb0 in for 0x7e0769103d
02-14 21:05:29.768 21769 21769 E ArmVmp : Match on catch block at 0xb0 in for 0x7e0769103d
02-14 21:05:29.784 21769 21769 E ArmVmp : Match on catch block at 0xb0 in for 0x7e0769103d
02-14 21:05:29.895 21769 21769 W LOTTIE : Animation contains merge paths but they are disabled.
02-14 21:05:29.924 21769 21769 E ArmVmp : Match on catch block at 0x0a in for 0x7e07691035
02-14 21:05:29.945 21769 21769 W WindowOnBackDispatcher: sendCancelIfRunning: isInProgress=falsecallback=android.view.ViewRootImpl$ $ExternalSyntheticLambda21@120d9cd
02-14 21:05:30.187 21769 21769 W WindowOnBackDispatcher: sendCancelIfRunning: isInProgress=falsecallback=android.view.ViewRootImpl$ $ExternalSyntheticLambda21@f1b7c4c
02-14 21:05:30.216 21769 21769 E ArmVmp : Match on catch block at 0xb0 in for 0x7e07691039
02-14 21:05:30.237 21769 21769 E ArmVmp : Match on catch block at 0xb0 in for 0x7e07691039
02-14 21:05:30.301 21769 21769 E ArmVmp : Match on catch block at 0x0a in for 0x7e07691031
02-14 21:05:30.308 21769 21769 E ArmVmp : Match on catch block at 0x0a in for 0x7e0769104d
02-14 21:05:30.322 21769 22375 E ArmVmp : No matching catch block at 0x07
02-14 21:05:30.322 21769 22375 E ArmVmp : Match on catch block at 0x02 in for 0x7e05506605
02-14 21:05:30.323 21769 22375 W System.err: java.net.UnknownHostException: Unable to resolve host "pastebin.com": No address associated with hostname
02-14 21:05:30.323 21769 22375 W System.err: at java.net.Inet6AddressImpl.lookupHostByName(Inet6AddressImpl.java:124)
02-14 21:05:30.323 21769 22375 W System.err: at java.net.Inet6AddressImpl.lookupAllHostAddr(Inet6AddressImpl.java:103)
02-14 21:05:30.323 21769 22375 W System.err: at java.net.InetAddress.getAllByName(InetAddress.java:1152)
02-14 21:05:30.323 21769 22375 W System.err: at com.android.okhttp.Dns$1.lookup(Dns.java:41)
02-14 21:05:30.323 21769 22375 W System.err: at com.android.okhttp.internal.http.RouteSelector.resetNextInetSocketAddress(RouteSele ctor.java:178)
02-14 21:05:30.323 21769 22375 W System.err: at com.android.okhttp.internal.http.RouteSelector.nextProxy(RouteSelector.java:144)
02-14 21:05:30.323 21769 22375 W System.err: at com.android.okhttp.internal.http.RouteSelector.next(RouteSelector.java:86)
02-14 21:05:30.323 21769 22375 W System.err: at com.android.okhttp.internal.http.StreamAllocation.findConnection(StreamAllocation.j ava:176)
02-14 21:05:30.323 21769 22375 W System.err: at com.android.okhttp.internal.http.StreamAllocation.findHealthyConnection(StreamAlloc ation.java:128)
02-14 21:05:30.323 21769 22375 W System.err: at com.android.okhttp.internal.http.StreamAllocation.newStream(StreamAllocation.java:9 7)
02-14 21:05:30.323 21769 22375 W System.err: at com.android.okhttp.internal.http.HttpEngine.connect(HttpEngine.java:289)
02-14 21:05:30.323 21769 22375 W System.err: at com.android.okhttp.internal.http.HttpEngine.sendRequest(HttpEngine.java:232)
02-14 21:05:30.323 21769 22375 W System.err: at com.android.okhttp.internal.huc.HttpURLConnectionImpl.execute(HttpURLConnectionImpl .java:465)
02-14 21:05:30.324 21769 22375 W System.err: at com.android.okhttp.internal.huc.HttpURLConnectionImpl.getResponse(HttpURLConnection Impl.java:411)
02-14 21:05:30.324 21769 22375 W System.err: at com.android.okhttp.internal.huc.HttpURLConnectionImpl.getInputStream(HttpURLConnect ionImpl.java:248)
02-14 21:05:30.324 21769 22375 W System.err: at com.android.okhttp.internal.huc.DelegatingHttpsURLConnection.getInputStream(Delegat ingHttpsURLConnection.java:211)
02-14 21:05:30.324 21769 22375 W System.err: at com.android.okhttp.internal.huc.HttpsURLConnectionImpl.getInputStream(HttpsURLConne ctionImpl.java:30)
02-14 21:05:30.324 21769 22375 W System.err: at java.net.URL.openStream(URL.java:1072)
02-14 21:05:30.324 21769 22375 W System.err: at mbmodsd.mbmodsw.mbdialog.MBDialogMan.loadJsonFromUrl(Native Method)
02-14 21:05:30.324 21769 22375 W System.err: at mbmodsd.mbmodsw.mbdialog.MBDialogMan.access$000(Native Method)
02-14 21:05:30.324 21769 22375 W System.err: at mbmodsd.mbmodsw.mbdialog.MBDialogMan$FetchJsonTask.doInBackground(Native Method)
02-14 21:05:30.324 21769 22375 W System.err: at mbmodsd.mbmodsw.mbdialog.MBDialogMan$FetchJsonTask.doInBackground(Native Method)
02-14 21:05:30.324 21769 22375 W System.err: at android.os.AsyncTask$3.call(AsyncTask.java:394)
02-14 21:05:30.324 21769 22375 W System.err: at java.util.concurrent.FutureTask.run(FutureTask.java:264)
02-14 21:05:30.324 21769 22375 W System.err: at android.os.AsyncTask$SerialExecutor$1.run(AsyncTask.java:305)
02-14 21:05:30.324 21769 22375 W System.err: at java.util.concurrent.ThreadPoolExecutor.runWorker(ThreadPoolExecutor.java:1145)
02-14 21:05:30.324 21769 22375 W System.err: at java.util.concurrent.ThreadPoolExecutor$Worker.run(ThreadPoolExecutor.java:644)
02-14 21:05:30.324 21769 22375 W System.err: at java.lang.Thread.run(Thread.java:1012)
02-14 21:05:30.459 21769 21769 E ArmVmp : Match on catch block at 0xb0 in for 0x7e07691049
02-14 21:05:30.461 21769 21769 E ArmVmp : Match on catch block at 0xb0 in for 0x7e07691049
02-14 21:05:30.462 21769 21769 E ArmVmp : Match on catch block at 0xb0 in for 0x7e07691049
02-14 21:05:30.464 21769 21769 E ArmVmp : Match on catch block at 0xb0 in for 0x7e07691049
02-14 21:05:30.470 21769 21769 E ArmVmp : Match on catch block at 0xb0 in for 0x7e0769103d
02-14 21:05:30.489 21769 21769 E ArmVmp : Match on catch block at 0xb0 in for 0x7e0769103d
02-14 21:05:30.506 21769 21769 E ArmVmp : Match on catch block at 0xb0 in for 0x7e0769103d
02-14 21:05:30.523 21769 21769 E ArmVmp : Match on catch block at 0xb0 in for 0x7e0769103d
02-14 21:05:30.540 21769 21769 E ArmVmp : Match on catch block at 0xb0 in for 0x7e0769103d
02-14 21:05:30.558 21769 21769 E ArmVmp : Match on catch block at 0xb0 in for 0x7e0769103d
02-14 21:05:30.575 21769 21769 E ArmVmp : Match on catch block at 0xb0 in for 0x7e0769103d
02-14 21:05:30.593 21769 21769 E ArmVmp : Match on catch block at 0xb0 in for 0x7e0769103d
02-14 21:05:30.610 21769 21769 E ArmVmp : Match on catch block at 0xb0 in for 0x7e0769103d
02-14 21:05:30.627 21769 21769 E ArmVmp : Match on catch block at 0xb0 in for 0x7e07691049
02-14 21:05:30.629 21769 21769 E ArmVmp : Match on catch block at 0xb0 in for 0x7e07691049
02-14 21:05:30.630 21769 21769 E ArmVmp : Match on catch block at 0xb0 in for 0x7e07691049
02-14 21:05:30.632 21769 21769 E ArmVmp : Match on catch block at 0xb0 in for 0x7e07691049
02-14 21:05:30.637 21769 21769 E ArmVmp : Match on catch block at 0xb0 in for 0x7e0769103d
02-14 21:05:30.651 21769 21769 E ArmVmp : Match on catch block at 0xb0 in for 0x7e0769103d
02-14 21:05:30.665 21769 21769 E ArmVmp : Match on catch block at 0xb0 in for 0x7e0769103d
02-14 21:05:30.681 21769 21769 E ArmVmp : Match on catch block at 0xb0 in for 0x7e0769103d
02-14 21:05:30.695 21769 21769 E ArmVmp : Match on catch block at 0xb0 in for 0x7e0769103d
02-14 21:05:30.709 21769 21769 E ArmVmp : Match on catch block at 0xb0 in for 0x7e0769103d
02-14 21:05:30.722 21769 21769 E ArmVmp : Match on catch block at 0xb0 in for 0x7e0769103d
02-14 21:05:30.736 21769 21769 E ArmVmp : Match on catch block at 0xb0 in for 0x7e0769103d
02-14 21:05:30.749 21769 21769 E ArmVmp : Match on catch block at 0xb0 in for 0x7e0769103d
02-14 21:05:30.927 21769 21769 E ArmVmp : Match on catch block at 0x0a in for 0x7e07691035
02-14 21:05:31.098 21769 21769 E ArmVmp : Match on catch block at 0xb0 in for 0x7e0769103d
02-14 21:05:31.117 21769 21769 E ArmVmp : Match on catch block at 0xb0 in for 0x7e0769103d
02-14 21:05:31.140 21769 21769 E ArmVmp : Match on catch block at 0xb0 in for 0x7e0769103d
02-14 21:05:31.153 21769 21769 E ArmVmp : Match on catch block at 0xb0 in for 0x7e0769103d
02-14 21:05:31.167 21769 18779 W ContextImpl: Failed to ensure /data/user/95/com.whatsapp/cache: chown failed: EPERM (Operation not permitted)
02-14 21:05:32.923 21769 21769 E ArmVmp : Match on catch block at 0x38 in for 0x7e0769102d
02-14 21:05:32.923 21769 21769 W System.err: java.lang.NumberFormatException: For input string: ""
02-14 21:05:32.923 21769 21769 W System.err: at java.lang.Integer.parseInt(Integer.java:807)
02-14 21:05:32.923 21769 21769 W System.err: at java.lang.Integer.parseInt(Integer.java:915)
02-14 21:05:32.923 21769 21769 W System.err: at mbmodsd.mbmodsw.home.HomeActivity.mbcRe(Native Method)
02-14 21:05:32.924 21769 21769 W System.err: at com.whatsapp.HomeActivity.onPause(Unknown Source:9)
02-14 21:05:32.924 21769 21769 W System.err: at android.app.Activity.performPause(Activity.java:9150)
02-14 21:05:32.924 21769 21769 W System.err: at android.app.Instrumentation.callActivityOnPause(Instrumentation.java:1657)
02-14 21:05:32.924 21769 21769 W System.err: at android.app.ActivityThread.performPauseActivityIfNeeded(ActivityThread.java:5769)
02-14 21:05:32.924 21769 21769 W System.err: at android.app.ActivityThread.performPauseActivity(ActivityThread.java:5730)
02-14 21:05:32.924 21769 21769 W System.err: at android.app.ActivityThread.handlePauseActivity(ActivityThread.java:5682)
02-14 21:05:32.924 21769 21769 W System.err: at android.app.servertransaction.PauseActivityItem.execute(PauseActivityItem.java:48)
02-14 21:05:32.924 21769 21769 W System.err: at android.app.servertransaction.ActivityTransactionItem.execute(ActivityTransactionIt em.java:45)
02-14 21:05:32.924 21769 21769 W System.err: at android.app.servertransaction.TransactionExecutor.executeLifecycleState(Transaction Executor.java:180)
02-14 21:05:32.924 21769 21769 W System.err: at android.app.servertransaction.TransactionExecutor.execute(TransactionExecutor.java: 98)
02-14 21:05:32.924 21769 21769 W System.err: at android.app.ActivityThread$H.handleMessage(ActivityThread.java:2685)
02-14 21:05:32.924 21769 21769 W System.err: at android.os.Handler.dispatchMessage(Handler.java:106)
02-14 21:05:32.924 21769 21769 W System.err: at android.os.Looper.loopOnce(Looper.java:230)
02-14 21:05:32.924 21769 21769 W System.err: at android.os.Looper.loop(Looper.java:319)
02-14 21:05:32.924 21769 21769 W System.err: at android.app.ActivityThread.main(ActivityThread.java:8893)
02-14 21:05:32.924 21769 21769 W System.err: at java.lang.reflect.Method.invoke(Native Method)
02-14 21:05:32.924 21769 21769 W System.err: at com.android.internal.os.RuntimeInit$MethodAndArgsCaller.run(RuntimeInit.java:608)
02-14 21:05:32.924 21769 21769 W System.err: at com.android.internal.os.ZygoteInit.main(ZygoteInit.java:1103)
02-14 21:05:32.970 21769 21769 E ArmVmp : Match on catch block at 0xb0 in for 0x7e07691039
02-14 21:05:32.972 21769 21769 E ArmVmp : Match on catch block at 0xb0 in for 0x7e07691039
02-14 21:05:32.990 21769 21769 E ArmVmp : Match on catch block at 0xb0 in for 0x7e07691039
02-14 21:05:32.992 21769 21769 E ArmVmp : Match on catch block at 0xb0 in for 0x7e07691039
02-14 21:05:33.035 21769 21769 W BottomSheetBehavior: BottomSheetBehavior now supports multiple callbacks. `setBottomSheetCallback()` removes all existing callbacks, including ones set internally by library authors, which may result in unintended behavior. This may change in the future. Please use `addBottomSheetCallback()` and `removeBottomSheetCallback()` instead to set your own callbacks.
02-14 21:05:33.036 21769 21769 W BottomSheetBehavior: BottomSheetBehavior now supports multiple callbacks. `setBottomSheetCallback()` removes all existing callbacks, including ones set internally by library authors, which may result in unintended behavior. This may change in the future. Please use `addBottomSheetCallback()` and `removeBottomSheetCallback()` instead to set your own callbacks.
02-14 21:05:33.048 21769 21769 W BottomSheetBehavior: BottomSheetBehavior now supports multiple callbacks. `setBottomSheetCallback()` removes all existing callbacks, including ones set internally by library authors, which may result in unintended behavior. This may change in the future. Please use `addBottomSheetCallback()` and `removeBottomSheetCallback()` instead to set your own callbacks.
02-14 21:05:33.048 21769 21769 W BottomSheetBehavior: BottomSheetBehavior now supports multiple callbacks. `setBottomSheetCallback()` removes all existing callbacks, including ones set internally by library authors, which may result in unintended behavior. This may change in the future. Please use `addBottomSheetCallback()` and `removeBottomSheetCallback()` instead to set your own callbacks.
02-14 21:05:33.060 21769 21769 W BottomSheetBehavior: BottomSheetBehavior now supports multiple callbacks. `setBottomSheetCallback()` removes all existing callbacks, including ones set internally by library authors, which may result in unintended behavior. This may change in the future. Please use `addBottomSheetCallback()` and `removeBottomSheetCallback()` instead to set your own callbacks.
02-14 21:05:33.060 21769 21769 W BottomSheetBehavior: BottomSheetBehavior now supports multiple callbacks. `setBottomSheetCallback()` removes all existing callbacks, including ones set internally by library authors, which may result in unintended behavior. This may change in the future. Please use `addBottomSheetCallback()` and `removeBottomSheetCallback()` instead to set your own callbacks.
02-14 21:05:33.075 21769 21769 E RecyclerView: No adapter attached; skipping layout
02-14 21:05:33.076 21769 21769 E RecyclerView: No adapter attached; skipping layout
02-14 21:05:33.422 21769 21878 E SQLiteDatabase: Error inserting transferred=1 media_job_uuid=a68d1fe7-9642-4ae1-8bfe-2c676d95d6fb transcoded=0 gif_attribution=0 first_scan_length=3518 direct_path=/o1/v/t62.7118-24/f1/m269/up-oil-image-c5b3a4db- 7e1c-4de5-9d43-7b77205c8104?ccb=9- 4&oh=01_AdRjKm5YxSwKufOTYqfzgjUb1XPPtnzVqFz6kOjIqRNKmQ&oe=65F387FB&_nc_sid=000000 thumbnail_height_width_ratio=1.8113208 is_animated_sticker=0 file_hash=OLopC34YdAPJlw09QEYrRoyyvEtCpbKRKtytqDYY3P8= file_path=Media/.Statuses/ac312c11aed94d1588698d3379e09dae.jpg file_size=17696 partial_media_hash=zfQZ2edSgXsWyXmx0lSRwIcDv/S1Asoy39+T/3TVI4c= face_x=0 face_y=0 height=960 trim_to=0 media_key_timestamp=1707869366000 message_url=https://mmg.whatsapp.net/o1/v/t62.7118-24/f1/m269/up-oil-image- c5b3a4db-7e1c-4de5-9d43-7b77205c8104?ccb=9- 4&oh=01_AdRjKm5YxSwKufOTYqfzgjUb1XPPtnzVqFz6kOjIqRNKmQ&oe=65F387FB&_nc_sid=000000&m ms3=true media_caption=null trim_from=0 mime_type=image/jpeg partial_media_enc_hash=null width=540 original_file_hash=null has_streaming_sidecar=1 autotransfer_retry_enabled=1 media_upload_handle=null message_row_id=203126 multicast_id=null enc_file_hash=KTiVDdfQfnAJozETk6E/0gGx+ySu/r8XNzBqjn+Gyg4= mute_video=0 page_count=0 first_scan_sidecar=[B@7b819e0 suspicious_content=0 file_length=17696 media_name=null media_duration=0 chat_row_id=2 media_key=[B@4857499
02-14 21:05:33.422 21769 21878 E SQLiteDatabase: android.database.sqlite.SQLiteConstraintException: UNIQUE constraint failed: message_media.message_row_id (code 1555 SQLITE_CONSTRAINT_PRIMARYKEY[1555])
02-14 21:05:33.422 21769 21878 E SQLiteDatabase: at android.database.sqlite.SQLiteConnection.nativeExecuteForLastInsertedRowId(Native Method)
02-14 21:05:33.422 21769 21878 E SQLiteDatabase: at android.database.sqlite.SQLiteConnection.executeForLastInsertedRowId(SQLiteConnecti on.java:1293)
02-14 21:05:33.422 21769 21878 E SQLiteDatabase: at android.database.sqlite.SQLiteSession.executeForLastInsertedRowId(SQLiteSession.jav a:790)
02-14 21:05:33.422 21769 21878 E SQLiteDatabase: at android.database.sqlite.SQLiteStatement.executeInsert(SQLiteStatement.java:89)
02-14 21:05:33.422 21769 21878 E SQLiteDatabase: at android.database.sqlite.SQLiteDatabase.insertWithOnConflict(SQLiteDatabase.java:243 4)
02-14 21:05:33.422 21769 21878 E SQLiteDatabase: at android.database.sqlite.SQLiteDatabase.insert(SQLiteDatabase.java:2303)
02-14 21:05:33.422 21769 21878 E SQLiteDatabase: at X.2tm.A08(Unknown Source:6)
02-14 21:05:33.422 21769 21878 E SQLiteDatabase: at X.35Y.A07(Unknown Source:212)
02-14 21:05:33.422 21769 21878 E SQLiteDatabase: at X.3QF.A14(Unknown Source:470)
02-14 21:05:33.422 21769 21878 E SQLiteDatabase: at X.3gU.run(Unknown Source:982)
02-14 21:05:33.422 21769 21878 E SQLiteDatabase: at android.os.Handler.handleCallback(Handler.java:958)
02-14 21:05:33.422 21769 21878 E SQLiteDatabase: at android.os.Handler.dispatchMessage(Handler.java:99)
02-14 21:05:33.422 21769 21878 E SQLiteDatabase: at X.0zq.dispatchMessage(Unknown Source:4)
02-14 21:05:33.422 21769 21878 E SQLiteDatabase: at android.os.Looper.loopOnce(Looper.java:230)
02-14 21:05:33.422 21769 21878 E SQLiteDatabase: at android.os.Looper.loop(Looper.java:319)
02-14 21:05:33.422 21769 21878 E SQLiteDatabase: at android.os.HandlerThread.run(HandlerThread.java:67)
02-14 21:05:33.766 21769 21878 E SQLiteDatabase: Error inserting transferred=1 media_job_uuid=0dc4d55b-4695-4ae4-9e3a-863166346f20 transcoded=0 gif_attribution=0 first_scan_length=6969 direct_path=/o1/v/t62.7118-24/f1/m233/up-oil-image-65bce6f1- ee8a-460b-9e69-1174456f4dac?ccb=9-4&oh=01_AdTqlGXHfQGJNeKFlodZQAKFDWwMTrN_j_- amr4jQx7fYA&oe=65F361A0&_nc_sid=000000 thumbnail_height_width_ratio=1.7021277 is_animated_sticker=0 file_hash=62B0x+CHJvUDdPlU/eCVi53rnvdtDi/XHrUw3mWRuFI= file_path=Media/.Statuses/b6e429342a814992ad8d8b856c9bd923.jpg file_size=68091 partial_media_hash=7EQlAhpP0bIvou+9/Pu9FAnzikEE4EKOXHBTP9szLFA= face_x=0 face_y=0 height=1080 trim_to=0 media_key_timestamp=1707871380000 message_url=https://mmg.whatsapp.net/o1/v/t62.7118-24/f1/m233/up-oil-image- 65bce6f1-ee8a-460b-9e69-1174456f4dac?ccb=9- 4&oh=01_AdTqlGXHfQGJNeKFlodZQAKFDWwMTrN_j_- amr4jQx7fYA&oe=65F361A0&_nc_sid=000000&mms3=true media_caption=null trim_from=0 mime_type=image/jpeg partial_media_enc_hash=null width=629 original_file_hash=null has_streaming_sidecar=1 autotransfer_retry_enabled=1 media_upload_handle=null message_row_id=203129 multicast_id=null enc_file_hash=SMLw0uNMZXu4dfaTBY+xpKHbNQESub/DsxH8Puu1xIk= mute_video=0 page_count=0 first_scan_sidecar=[B@d089456 suspicious_content=0 file_length=68091 media_name=null media_duration=0 chat_row_id=2 media_key=[B@a5d8cd7
02-14 21:05:33.766 21769 21878 E SQLiteDatabase: android.database.sqlite.SQLiteConstraintException: UNIQUE constraint failed: message_media.message_row_id (code 1555 SQLITE_CONSTRAINT_PRIMARYKEY[1555])
02-14 21:05:33.766 21769 21878 E SQLiteDatabase: at android.database.sqlite.SQLiteConnection.nativeExecuteForLastInsertedRowId(Native Method)
02-14 21:05:33.766 21769 21878 E SQLiteDatabase: at android.database.sqlite.SQLiteConnection.executeForLastInsertedRowId(SQLiteConnecti on.java:1293)
02-14 21:05:33.766 21769 21878 E SQLiteDatabase: at android.database.sqlite.SQLiteSession.executeForLastInsertedRowId(SQLiteSession.jav a:790)
02-14 21:05:33.766 21769 21878 E SQLiteDatabase: at android.database.sqlite.SQLiteStatement.executeInsert(SQLiteStatement.java:89)
02-14 21:05:33.766 21769 21878 E SQLiteDatabase: at android.database.sqlite.SQLiteDatabase.insertWithOnConflict(SQLiteDatabase.java:243 4)
02-14 21:05:33.766 21769 21878 E SQLiteDatabase: at android.database.sqlite.SQLiteDatabase.insert(SQLiteDatabase.java:2303)
02-14 21:05:33.766 21769 21878 E SQLiteDatabase: at X.2tm.A08(Unknown Source:6)
02-14 21:05:33.766 21769 21878 E SQLiteDatabase: at X.35Y.A07(Unknown Source:212)
02-14 21:05:33.766 21769 21878 E SQLiteDatabase: at X.3QF.A14(Unknown Source:470)
02-14 21:05:33.766 21769 21878 E SQLiteDatabase: at X.3gU.run(Unknown Source:982)
02-14 21:05:33.766 21769 21878 E SQLiteDatabase: at android.os.Handler.handleCallback(Handler.java:958)
02-14 21:05:33.766 21769 21878 E SQLiteDatabase: at android.os.Handler.dispatchMessage(Handler.java:99)
02-14 21:05:33.766 21769 21878 E SQLiteDatabase: at X.0zq.dispatchMessage(Unknown Source:4)
02-14 21:05:33.766 21769 21878 E SQLiteDatabase: at android.os.Looper.loopOnce(Looper.java:230)
02-14 21:05:33.766 21769 21878 E SQLiteDatabase: at android.os.Looper.loop(Looper.java:319)
02-14 21:05:33.766 21769 21878 E SQLiteDatabase: at android.os.HandlerThread.run(HandlerThread.java:67)
02-14 21:05:34.068 21769 21878 E SQLiteDatabase: Error inserting transferred=1 media_job_uuid=b62ded26-0141-473d-9f60-c680d3817ea7 transcoded=0 gif_attribution=0 first_scan_length=3590 direct_path=/o1/v/t62.7118-24/f1/m231/up-oil-image-80521af4- cd3d-47e0-9221-bf80c00fe21c?ccb=9- 4&oh=01_AdQFhKVJaFGqP49S_UDb5AjaWR3xqUZu5iQq23j6U-NTJg&oe=65F42317&_nc_sid=000000 thumbnail_height_width_ratio=1.92 is_animated_sticker=0 file_hash=RqtV1KobsaE+p8Bu/a6BNMMYr1ykGm5qqV64UPCcz+c= file_path=Media/.Statuses/382e8cd9ef3440e9a37123695675d5b9.jpg file_size=21510 partial_media_hash=koZOqEKGtoePq9c1TrbdhYJ9+K2TgDv28UmzL5n0jkI= face_x=368 face_y=160 height=1080 trim_to=0 media_key_timestamp=1707912284000 message_url=https://mmg.whatsapp.net/o1/v/t62.7118-24/f1/m231/up-oil-image- 80521af4-cd3d-47e0-9221-bf80c00fe21c?ccb=9- 4&oh=01_AdQFhKVJaFGqP49S_UDb5AjaWR3xqUZu5iQq23j6U- NTJg&oe=65F42317&_nc_sid=000000&mms3=true media_caption=null trim_from=0 mime_type=image/jpeg partial_media_enc_hash=null width=559 original_file_hash=null has_streaming_sidecar=1 autotransfer_retry_enabled=1 media_upload_handle=null message_row_id=203211 multicast_id=null enc_file_hash=BDtpDDwX2fpBRJXz7bHjteibVXN2eNlPNV4fXwUHuxg= mute_video=0 page_count=0 first_scan_sidecar=[B@3ce7ba1 suspicious_content=0 file_length=21510 media_name=null media_duration=0 chat_row_id=2 media_key=[B@81be1c6
02-14 21:05:34.068 21769 21878 E SQLiteDatabase: android.database.sqlite.SQLiteConstraintException: UNIQUE constraint failed: message_media.message_row_id (code 1555 SQLITE_CONSTRAINT_PRIMARYKEY[1555])
02-14 21:05:34.068 21769 21878 E SQLiteDatabase: at android.database.sqlite.SQLiteConnection.nativeExecuteForLastInsertedRowId(Native Method)
02-14 21:05:34.068 21769 21878 E SQLiteDatabase: at android.database.sqlite.SQLiteConnection.executeForLastInsertedRowId(SQLiteConnecti on.java:1293)
02-14 21:05:34.068 21769 21878 E SQLiteDatabase: at android.database.sqlite.SQLiteSession.executeForLastInsertedRowId(SQLiteSession.jav a:790)
02-14 21:05:34.068 21769 21878 E SQLiteDatabase: at android.database.sqlite.SQLiteStatement.executeInsert(SQLiteStatement.java:89)
02-14 21:05:34.068 21769 21878 E SQLiteDatabase: at android.database.sqlite.SQLiteDatabase.insertWithOnConflict(SQLiteDatabase.java:243 4)
02-14 21:05:34.068 21769 21878 E SQLiteDatabase: at android.database.sqlite.SQLiteDatabase.insert(SQLiteDatabase.java:2303)
02-14 21:05:34.068 21769 21878 E SQLiteDatabase: at X.2tm.A08(Unknown Source:6)
02-14 21:05:34.068 21769 21878 E SQLiteDatabase: at X.35Y.A07(Unknown Source:212)
02-14 21:05:34.068 21769 21878 E SQLiteDatabase: at X.3QF.A14(Unknown Source:470)
02-14 21:05:34.068 21769 21878 E SQLiteDatabase: at X.3gU.run(Unknown Source:982)
02-14 21:05:34.068 21769 21878 E SQLiteDatabase: at android.os.Handler.handleCallback(Handler.java:958)
02-14 21:05:34.068 21769 21878 E SQLiteDatabase: at android.os.Handler.dispatchMessage(Handler.java:99)
02-14 21:05:34.068 21769 21878 E SQLiteDatabase: at X.0zq.dispatchMessage(Unknown Source:4)
02-14 21:05:34.068 21769 21878 E SQLiteDatabase: at android.os.Looper.loopOnce(Looper.java:230)
02-14 21:05:34.068 21769 21878 E SQLiteDatabase: at android.os.Looper.loop(Looper.java:319)
02-14 21:05:34.068 21769 21878 E SQLiteDatabase: at android.os.HandlerThread.run(HandlerThread.java:67)
02-14 21:05:36.978 21769 21769 E ArmVmp : Match on catch block at 0xb0 in for 0x7e07691069
02-14 21:05:38.071 21769 21769 W WindowOnBackDispatcher: sendCancelIfRunning: isInProgress=falsecallback=android.view.ViewRootImpl$ $ExternalSyntheticLambda21@c26af28
02-14 21:05:38.616 21769 21769 W BottomSheetBehavior: BottomSheetBehavior now supports multiple callbacks. `setBottomSheetCallback()` removes all existing callbacks, including ones set internally by library authors, which may result in unintended behavior. This may change in the future. Please use `addBottomSheetCallback()` and `removeBottomSheetCallback()` instead to set your own callbacks.
02-14 21:05:38.617 21769 21769 W BottomSheetBehavior: BottomSheetBehavior now supports multiple callbacks. `setBottomSheetCallback()` removes all existing callbacks, including ones set internally by library authors, which may result in unintended behavior. This may change in the future. Please use `addBottomSheetCallback()` and `removeBottomSheetCallback()` instead to set your own callbacks.
02-14 21:05:38.623 21769 21769 E RecyclerView: No adapter attached; skipping layout
02-14 21:05:39.036 21769 21878 E SQLiteDatabase: Error inserting transferred=1 media_job_uuid=2878c083-ffb8-460e-9022-15a250aaa6da transcoded=0 gif_attribution=0 first_scan_length=5964 direct_path=/o1/v/t62.7118-24/f1/m231/up-oil-image-6666f5c5- d96a-411e-8e7c-0eb16e5d814f?ccb=9- 4&oh=01_AdR3xJIu0uY8TyUNj1Pe4UxEJsacII4lXNKfur_ZumbNIg&oe=65F38CC7&_nc_sid=000000 thumbnail_height_width_ratio=1.882353 is_animated_sticker=0 file_hash=bQsYq3/jaw2Q3bTUqWEP+jtebLNpVR69DV8acrxNdUc= file_path=Media/.Statuses/30f136819b254f738d241e2c2ddb3f40.jpg file_size=52866 partial_media_hash=xDwpybQirdl8LyL9MFNQtpn3VsdcROR8JQlF2J75eRE= face_x=280 face_y=224 height=1080 trim_to=0 media_key_timestamp=1707871548000 message_url=https://mmg.whatsapp.net/o1/v/t62.7118-24/f1/m231/up-oil-image- 6666f5c5-d96a-411e-8e7c-0eb16e5d814f?ccb=9- 4&oh=01_AdR3xJIu0uY8TyUNj1Pe4UxEJsacII4lXNKfur_ZumbNIg&oe=65F38CC7&_nc_sid=000000&m ms3=true media_caption=null trim_from=0 mime_type=image/jpeg partial_media_enc_hash=null width=570 original_file_hash=null has_streaming_sidecar=1 autotransfer_retry_enabled=1 media_upload_handle=null message_row_id=203130 multicast_id=null enc_file_hash=i5JSehZiOoPBh+fpuywfNn29cixIAdov0ey4wt03Uog= mute_video=0 page_count=0 first_scan_sidecar=[B@288c42c suspicious_content=0 file_length=52866 media_name=null media_duration=0 chat_row_id=2 media_key=[B@6091ef5
02-14 21:05:39.036 21769 21878 E SQLiteDatabase: android.database.sqlite.SQLiteConstraintException: UNIQUE constraint failed: message_media.message_row_id (code 1555 SQLITE_CONSTRAINT_PRIMARYKEY[1555])
02-14 21:05:39.036 21769 21878 E SQLiteDatabase: at android.database.sqlite.SQLiteConnection.nativeExecuteForLastInsertedRowId(Native Method)
02-14 21:05:39.036 21769 21878 E SQLiteDatabase: at android.database.sqlite.SQLiteConnection.executeForLastInsertedRowId(SQLiteConnecti on.java:1293)
02-14 21:05:39.036 21769 21878 E SQLiteDatabase: at android.database.sqlite.SQLiteSession.executeForLastInsertedRowId(SQLiteSession.jav a:790)
02-14 21:05:39.036 21769 21878 E SQLiteDatabase: at android.database.sqlite.SQLiteStatement.executeInsert(SQLiteStatement.java:89)
02-14 21:05:39.036 21769 21878 E SQLiteDatabase: at android.database.sqlite.SQLiteDatabase.insertWithOnConflict(SQLiteDatabase.java:243 4)
02-14 21:05:39.036 21769 21878 E SQLiteDatabase: at android.database.sqlite.SQLiteDatabase.insert(SQLiteDatabase.java:2303)
02-14 21:05:39.036 21769 21878 E SQLiteDatabase: at X.2tm.A08(Unknown Source:6)
02-14 21:05:39.036 21769 21878 E SQLiteDatabase: at X.35Y.A07(Unknown Source:212)
02-14 21:05:39.036 21769 21878 E SQLiteDatabase: at X.3QF.A14(Unknown Source:470)
02-14 21:05:39.036 21769 21878 E SQLiteDatabase: at X.3gU.run(Unknown Source:982)
02-14 21:05:39.036 21769 21878 E SQLiteDatabase: at android.os.Handler.handleCallback(Handler.java:958)
02-14 21:05:39.036 21769 21878 E SQLiteDatabase: at android.os.Handler.dispatchMessage(Handler.java:99)
02-14 21:05:39.036 21769 21878 E SQLiteDatabase: at X.0zq.dispatchMessage(Unknown Source:4)
02-14 21:05:39.036 21769 21878 E SQLiteDatabase: at android.os.Looper.loopOnce(Looper.java:230)
02-14 21:05:39.036 21769 21878 E SQLiteDatabase: at android.os.Looper.loop(Looper.java:319)
02-14 21:05:39.036 21769 21878 E SQLiteDatabase: at android.os.HandlerThread.run(HandlerThread.java:67)
02-14 21:05:44.655 21769 21769 W BottomSheetBehavior: BottomSheetBehavior now supports multiple callbacks. `setBottomSheetCallback()` removes all existing callbacks, including ones set internally by library authors, which may result in unintended behavior. This may change in the future. Please use `addBottomSheetCallback()` and `removeBottomSheetCallback()` instead to set your own callbacks.
02-14 21:05:44.655 21769 21769 W BottomSheetBehavior: BottomSheetBehavior now supports multiple callbacks. `setBottomSheetCallback()` removes all existing callbacks, including ones set internally by library authors, which may result in unintended behavior. This may change in the future. Please use `addBottomSheetCallback()` and `removeBottomSheetCallback()` instead to set your own callbacks.
02-14 21:05:44.665 21769 21769 E RecyclerView: No adapter attached; skipping layout
02-14 21:05:45.082 21769 21878 E SQLiteDatabase: Error inserting transferred=1 media_job_uuid=84145a19-9b10-4585-b632-bea40adda5f7 transcoded=0 gif_attribution=0 first_scan_length=3608 direct_path=/v/t62.7118- 24/23694691_415831730975643_3777120842010997374_n.enc?ccb=11- 4&oh=01_AdTdVIrYmBJ9EStL1d015VxzEMzwOmzU_NHHzutx8Mcy_g&oe=65F39871&_nc_sid=5e03e0 thumbnail_height_width_ratio=1.3333334 is_animated_sticker=0 file_hash=BsWb+qOd1VhdPv9c8XaXwqOVLf+7rC//q1C/LtuF7Zs= file_path=Media/.Statuses/700556332db7479099c255ee20f1147d.jpg file_size=16781 partial_media_hash=xLvM7MY8XpX2pTBpH2w3u4VT2h12JPv/q8Cr+sh+MIA= face_x=0 face_y=0 height=1020 trim_to=0 media_key_timestamp=1707871656000 message_url=https://mmg.whatsapp.net/v/t62.7118- 24/23694691_415831730975643_3777120842010997374_n.enc?ccb=11- 4&oh=01_AdTdVIrYmBJ9EStL1d015VxzEMzwOmzU_NHHzutx8Mcy_g&oe=65F39871&_nc_sid=5e03e0&m ms3=true media_caption=null trim_from=0 mime_type=image/jpeg partial_media_enc_hash=null width=768 original_file_hash=null has_streaming_sidecar=1 autotransfer_retry_enabled=1 media_upload_handle=null message_row_id=203137 multicast_id=null enc_file_hash=gGfe6bRYp5ZrqduR1SM38+albNTR7DPSDmhDMKrwlLY= mute_video=0 page_count=0 first_scan_sidecar=[B@e0396e8 suspicious_content=0 file_length=16781 media_name=null media_duration=0 chat_row_id=2 media_key=[B@ef22101
02-14 21:05:45.082 21769 21878 E SQLiteDatabase: android.database.sqlite.SQLiteConstraintException: UNIQUE constraint failed: message_media.message_row_id (code 1555 SQLITE_CONSTRAINT_PRIMARYKEY[1555])
02-14 21:05:45.082 21769 21878 E SQLiteDatabase: at android.database.sqlite.SQLiteConnection.nativeExecuteForLastInsertedRowId(Native Method)
02-14 21:05:45.082 21769 21878 E SQLiteDatabase: at android.database.sqlite.SQLiteConnection.executeForLastInsertedRowId(SQLiteConnecti on.java:1293)
02-14 21:05:45.082 21769 21878 E SQLiteDatabase: at android.database.sqlite.SQLiteSession.executeForLastInsertedRowId(SQLiteSession.jav a:790)
02-14 21:05:45.082 21769 21878 E SQLiteDatabase: at android.database.sqlite.SQLiteStatement.executeInsert(SQLiteStatement.java:89)
02-14 21:05:45.082 21769 21878 E SQLiteDatabase: at android.database.sqlite.SQLiteDatabase.insertWithOnConflict(SQLiteDatabase.java:243 4)
02-14 21:05:45.082 21769 21878 E SQLiteDatabase: at android.database.sqlite.SQLiteDatabase.insert(SQLiteDatabase.java:2303)
02-14 21:05:45.082 21769 21878 E SQLiteDatabase: at X.2tm.A08(Unknown Source:6)
02-14 21:05:45.082 21769 21878 E SQLiteDatabase: at X.35Y.A07(Unknown Source:212)
02-14 21:05:45.082 21769 21878 E SQLiteDatabase: at X.3QF.A14(Unknown Source:470)
02-14 21:05:45.082 21769 21878 E SQLiteDatabase: at X.3gU.run(Unknown Source:982)
02-14 21:05:45.082 21769 21878 E SQLiteDatabase: at android.os.Handler.handleCallback(Handler.java:958)
02-14 21:05:45.082 21769 21878 E SQLiteDatabase: at android.os.Handler.dispatchMessage(Handler.java:99)
02-14 21:05:45.082 21769 21878 E SQLiteDatabase: at X.0zq.dispatchMessage(Unknown Source:4)
02-14 21:05:45.082 21769 21878 E SQLiteDatabase: at android.os.Looper.loopOnce(Looper.java:230)
02-14 21:05:45.082 21769 21878 E SQLiteDatabase: at android.os.Looper.loop(Looper.java:319)
02-14 21:05:45.082 21769 21878 E SQLiteDatabase: at android.os.HandlerThread.run(HandlerThread.java:67)
02-14 21:05:45.557 21769 21769 W BottomSheetBehavior: BottomSheetBehavior now supports multiple callbacks. `setBottomSheetCallback()` removes all existing callbacks, including ones set internally by library authors, which may result in unintended behavior. This may change in the future. Please use `addBottomSheetCallback()` and `removeBottomSheetCallback()` instead to set your own callbacks.
02-14 21:05:45.557 21769 21769 W BottomSheetBehavior: BottomSheetBehavior now supports multiple callbacks. `setBottomSheetCallback()` removes all existing callbacks, including ones set internally by library authors, which may result in unintended behavior. This may change in the future. Please use `addBottomSheetCallback()` and `removeBottomSheetCallback()` instead to set your own callbacks.
02-14 21:05:46.589 21769 21769 W BottomSheetBehavior: BottomSheetBehavior now supports multiple callbacks. `setBottomSheetCallback()` removes all existing callbacks, including ones set internally by library authors, which may result in unintended behavior. This may change in the future. Please use `addBottomSheetCallback()` and `removeBottomSheetCallback()` instead to set your own callbacks.
02-14 21:05:46.589 21769 21769 W BottomSheetBehavior: BottomSheetBehavior now supports multiple callbacks. `setBottomSheetCallback()` removes all existing callbacks, including ones set internally by library authors, which may result in unintended behavior. This may change in the future. Please use `addBottomSheetCallback()` and `removeBottomSheetCallback()` instead to set your own callbacks.
02-14 21:05:47.254 21769 21769 W BottomSheetBehavior: BottomSheetBehavior now supports multiple callbacks. `setBottomSheetCallback()` removes all existing callbacks, including ones set internally by library authors, which may result in unintended behavior. This may change in the future. Please use `addBottomSheetCallback()` and `removeBottomSheetCallback()` instead to set your own callbacks.
