02-15 09:34:45.242 9536 9587 E SQLiteDatabase: Error inserting transferred=1 media_job_uuid=8a0d4ebb-8595-42ed-b9ec-3e2acd8a0d03 transcoded=0 gif_attribution=0 first_scan_length=0 direct_path=/v/t62.7117- 24/23655295_1209519550014611_107574146414863669_n.enc?ccb=11- 4&oh=01_AdSD5z4PovbXUeJF2XdkGx_8Y8bqW98EeJh2iwiK0wgJUg&oe=65F58D86&_nc_sid=5e03e0 thumbnail_height_width_ratio=0.0 is_animated_sticker=0 file_hash=o507xnIKvcurFYYTAzS5gyN8Nas0jljUtIKddCDJ5B4= file_path=Media/WhatsApp Voice Notes/202407/PTT-20240215-WA0010.opus file_size=101708 partial_media_hash=null face_x=0 face_y=0 height=0 trim_to=0 media_key_timestamp=1708000417000 message_url=https://mmg.whatsapp.net/v/t62.7117- 24/23655295_1209519550014611_107574146414863669_n.enc?ccb=11- 4&oh=01_AdSD5z4PovbXUeJF2XdkGx_8Y8bqW98EeJh2iwiK0wgJUg&oe=65F58D86&_nc_sid=5e03e0&m ms3=true media_caption=null trim_from=0 mime_type=audio/ogg; codecs=opus partial_media_enc_hash=null width=0 original_file_hash=null has_streaming_sidecar=0 autotransfer_retry_enabled=1 media_upload_handle=null message_row_id=203977 multicast_id=null enc_file_hash=4tITYuphf/fiO8gSq+3flQBkgqtpEkCdUy9KUPmWSBo= mute_video=0 page_count=0 first_scan_sidecar=null suspicious_content=0 file_length=101708 media_name=null media_duration=42 chat_row_id=1497 media_key=[B@6cae1a8
02-15 09:34:45.242 9536 9587 E SQLiteDatabase: android.database.sqlite.SQLiteConstraintException: UNIQUE constraint failed: message_media.message_row_id (code 1555 SQLITE_CONSTRAINT_PRIMARYKEY[1555])
02-15 09:34:45.242 9536 9587 E SQLiteDatabase: at android.database.sqlite.SQLiteConnection.nativeExecuteForLastInsertedRowId(Native Method)
02-15 09:34:45.242 9536 9587 E SQLiteDatabase: at android.database.sqlite.SQLiteConnection.executeForLastInsertedRowId(SQLiteConnecti on.java:1293)
02-15 09:34:45.242 9536 9587 E SQLiteDatabase: at android.database.sqlite.SQLiteSession.executeForLastInsertedRowId(SQLiteSession.jav a:790)
02-15 09:34:45.242 9536 9587 E SQLiteDatabase: at android.database.sqlite.SQLiteStatement.executeInsert(SQLiteStatement.java:89)
02-15 09:34:45.242 9536 9587 E SQLiteDatabase: at android.database.sqlite.SQLiteDatabase.insertWithOnConflict(SQLiteDatabase.java:243 4)
02-15 09:34:45.242 9536 9587 E SQLiteDatabase: at android.database.sqlite.SQLiteDatabase.insert(SQLiteDatabase.java:2303)
02-15 09:34:45.242 9536 9587 E SQLiteDatabase: at X.2tm.A08(Unknown Source:6)
02-15 09:34:45.242 9536 9587 E SQLiteDatabase: at X.35Y.A07(Unknown Source:212)
02-15 09:34:45.242 9536 9587 E SQLiteDatabase: at X.3QF.A14(Unknown Source:470)
02-15 09:34:45.242 9536 9587 E SQLiteDatabase: at X.3gU.run(Unknown Source:982)
02-15 09:34:45.242 9536 9587 E SQLiteDatabase: at android.os.Handler.handleCallback(Handler.java:958)
02-15 09:34:45.242 9536 9587 E SQLiteDatabase: at android.os.Handler.dispatchMessage(Handler.java:99)
02-15 09:34:45.242 9536 9587 E SQLiteDatabase: at X.0zq.dispatchMessage(Unknown Source:4)
02-15 09:34:45.242 9536 9587 E SQLiteDatabase: at android.os.Looper.loopOnce(Looper.java:230)
02-15 09:34:45.242 9536 9587 E SQLiteDatabase: at android.os.Looper.loop(Looper.java:319)
02-15 09:34:45.242 9536 9587 E SQLiteDatabase: at android.os.HandlerThread.run(HandlerThread.java:67)
02-15 09:34:46.433 9536 9536 W JobService: onNetworkChanged() not implemented in androidx.work.impl.background.systemjob.SystemJobService. Must override in a subclass.
02-15 09:34:49.450 9536 9536 W JobService: onNetworkChanged() not implemented in androidx.work.impl.background.systemjob.SystemJobService. Must override in a subclass.
02-15 09:35:14.168 9536 9631 W WM-SystemJobScheduler: Unable to schedule work ID 9efbf6d0-ff75-4e27-8f67-8a54084cf654
02-15 09:35:22.106 9536 9536 W JobService: onNetworkChanged() not implemented in androidx.work.impl.background.systemjob.SystemJobService. Must override in a subclass.
02-15 09:35:43.772 9536 9636 W WM-SystemJobScheduler: Unable to schedule work ID cb77eacf-045f-406f-83fe-51418ee2f516
02-15 09:36:13.845 9536 9635 W WM-SystemJobScheduler: Unable to schedule work ID 9063a144-146e-4e0c-a0bb-16fe93dc0e9b
02-15 09:36:17.016 9536 9536 W JobService: onNetworkChanged() not implemented in androidx.work.impl.background.systemjob.SystemJobService. Must override in a subclass.
02-15 09:36:18.107 9536 9636 W WM-SystemJobScheduler: Unable to schedule work ID 71b2e63b-58cf-4336-97cf-866a860a9450
02-15 09:36:22.112 9536 9536 W JobService: onNetworkChanged() not implemented in androidx.work.impl.background.systemjob.SystemJobService. Must override in a subclass.
02-15 09:36:23.059 9536 9536 W JobService: onNetworkChanged() not implemented in androidx.work.impl.background.systemjob.SystemJobService. Must override in a subclass.
02-15 09:36:48.212 9536 9636 W WM-SystemJobScheduler: Unable to schedule work ID 811c3e39-b75f-426e-b031-d4718b35f234
02-15 09:37:31.237 9536 9628 W WM-SystemJobScheduler: Unable to schedule work ID c2be0161-891a-43a5-a540-8270b9381450
02-15 09:37:49.628 9536 9536 W JobService: onNetworkChanged() not implemented in androidx.work.impl.background.systemjob.SystemJobService. Must override in a subclass.
02-15 09:38:01.334 9536 9631 W WM-SystemJobScheduler: Unable to schedule work ID f3aa8aa5-17a7-44ff-9082-1aeab351fb66
02-15 09:38:04.091 9536 9635 W WM-SystemJobScheduler: Unable to schedule work ID 9bd0b4e0-a0f6-4ab6-be94-153d2e40e595
02-15 09:38:22.127 9536 9536 W JobService: onNetworkChanged() not implemented in androidx.work.impl.background.systemjob.SystemJobService. Must override in a subclass.
02-15 09:38:34.204 9536 9636 W WM-SystemJobScheduler: Unable to schedule work ID 0a6f96a1-5a79-4a8e-8b4e-10f025465c35
02-15 09:38:49.567 9536 9631 W WM-SystemJobScheduler: Unable to schedule work ID 5e37d374-d2ab-4062-9d53-ed639c6e507e
02-15 09:38:52.740 9536 9548 W com.whatsapp: Suspending all threads took: 6.963ms
02-15 09:39:19.689 9536 9636 W WM-SystemJobScheduler: Unable to schedule work ID 7634cd93-1a7f-438e-970a-cd256212e192
02-15 09:39:22.628 9536 9635 W WM-SystemJobScheduler: Unable to schedule work ID 3b9480f6-627a-4992-80c1-31c6911cf148
02-15 09:39:52.676 9536 9631 W WM-SystemJobScheduler: Unable to schedule work ID 22280523-3c74-465e-8bd0-e02f9a4f8bfd
02-15 09:40:11.073 9536 9635 W WM-SystemJobScheduler: Unable to schedule work ID 2e9f757c-fc02-4876-8b8f-ba08d619edd3
02-15 09:40:41.125 9536 9631 W WM-SystemJobScheduler: Unable to schedule work ID 87776f57-5441-4fb6-9283-974d222d1db1
02-15 09:40:50.095 9536 9636 W WM-SystemJobScheduler: Unable to schedule work ID 244cab7e-f63a-4952-97e1-d1098a8f7300
02-15 09:41:20.168 9536 9631 W WM-SystemJobScheduler: Unable to schedule work ID dbccea43-18b3-48e5-80a5-d10c10e6c24d
02-15 09:41:21.017 9536 9635 W WM-SystemJobScheduler: Unable to schedule work ID 6de217d9-cadc-4460-afce-9fe0f9d4056e
02-15 09:41:51.069 9536 9631 W WM-SystemJobScheduler: Unable to schedule work ID d49c748e-747a-4a85-8299-3fb7be1249e3
02-15 09:42:01.593 9536 9628 W WM-SystemJobScheduler: Unable to schedule work ID 755c883d-5b9d-4b25-9b6f-92e1ddda5b65
02-15 09:42:31.637 9536 9631 W WM-SystemJobScheduler: Unable to schedule work ID 4418adee-eac0-48f6-94ea-190c3f2ddd42
02-15 09:42:33.599 9536 9631 W WM-SystemJobScheduler: Unable to schedule work ID ce8104f3-9993-4bcc-9e04-795bf887d10e
02-15 09:46:32.221 9536 9587 E SQLiteDatabase: Error inserting transferred=1 media_job_uuid=6012e711-9c8a-4431-b06a-bf0c1f0ba739 transcoded=0 gif_attribution=0 first_scan_length=0 direct_path=/v/t62.7117- 24/31080355_910635003844323_7170245143784793675_n.enc?ccb=11- 4&oh=01_AdSqRds51RgQCZc9RHf0u9qGHiuUa2uDxGWt6dp7zKv3iQ&oe=65F58683&_nc_sid=5e03e0 thumbnail_height_width_ratio=0.0 is_animated_sticker=0 file_hash=g/YqrQOVeTNvpFR3Ycdhs1eV6CIpDi0ZjJcKN40O8vQ= file_path=Media/WhatsApp Voice Notes/202407/PTT-20240215-WA0011.opus file_size=263783 partial_media_hash=null face_x=0 face_y=0 height=0 trim_to=0 media_key_timestamp=1708001081000 message_url=https://mmg.whatsapp.net/v/t62.7117- 24/31080355_910635003844323_7170245143784793675_n.enc?ccb=11- 4&oh=01_AdSqRds51RgQCZc9RHf0u9qGHiuUa2uDxGWt6dp7zKv3iQ&oe=65F58683&_nc_sid=5e03e0&m ms3=true media_caption=null trim_from=0 mime_type=audio/ogg; codecs=opus partial_media_enc_hash=null width=0 original_file_hash=null has_streaming_sidecar=0 autotransfer_retry_enabled=1 media_upload_handle=null message_row_id=203986 multicast_id=null enc_file_hash=ZXdneb+ZHrw2J1t1maQ2MSGROtGuiOTYjPXD2CaGnQc= mute_video=0 page_count=0 first_scan_sidecar=null suspicious_content=0 file_length=263783 media_name=null media_duration=111 chat_row_id=1497 media_key=[B@a32a043
02-15 09:46:32.221 9536 9587 E SQLiteDatabase: android.database.sqlite.SQLiteConstraintException: UNIQUE constraint failed: message_media.message_row_id (code 1555 SQLITE_CONSTRAINT_PRIMARYKEY[1555])
02-15 09:46:32.221 9536 9587 E SQLiteDatabase: at android.database.sqlite.SQLiteConnection.nativeExecuteForLastInsertedRowId(Native Method)
02-15 09:46:32.221 9536 9587 E SQLiteDatabase: at android.database.sqlite.SQLiteConnection.executeForLastInsertedRowId(SQLiteConnecti on.java:1293)
02-15 09:46:32.221 9536 9587 E SQLiteDatabase: at android.database.sqlite.SQLiteSession.executeForLastInsertedRowId(SQLiteSession.jav a:790)
02-15 09:46:32.221 9536 9587 E SQLiteDatabase: at android.database.sqlite.SQLiteStatement.executeInsert(SQLiteStatement.java:89)
02-15 09:46:32.221 9536 9587 E SQLiteDatabase: at android.database.sqlite.SQLiteDatabase.insertWithOnConflict(SQLiteDatabase.java:243 4)
02-15 09:46:32.221 9536 9587 E SQLiteDatabase: at android.database.sqlite.SQLiteDatabase.insert(SQLiteDatabase.java:2303)
02-15 09:46:32.221 9536 9587 E SQLiteDatabase: at X.2tm.A08(Unknown Source:6)
02-15 09:46:32.221 9536 9587 E SQLiteDatabase: at X.35Y.A07(Unknown Source:212)
02-15 09:46:32.221 9536 9587 E SQLiteDatabase: at X.3QF.A14(Unknown Source:470)
02-15 09:46:32.221 9536 9587 E SQLiteDatabase: at X.3gU.run(Unknown Source:982)
02-15 09:46:32.221 9536 9587 E SQLiteDatabase: at android.os.Handler.handleCallback(Handler.java:958)
02-15 09:46:32.221 9536 9587 E SQLiteDatabase: at android.os.Handler.dispatchMessage(Handler.java:99)
02-15 09:46:32.221 9536 9587 E SQLiteDatabase: at X.0zq.dispatchMessage(Unknown Source:4)
02-15 09:46:32.221 9536 9587 E SQLiteDatabase: at android.os.Looper.loopOnce(Looper.java:230)
02-15 09:46:32.221 9536 9587 E SQLiteDatabase: at android.os.Looper.loop(Looper.java:319)
02-15 09:46:32.221 9536 9587 E SQLiteDatabase: at android.os.HandlerThread.run(HandlerThread.java:67)
02-15 09:47:13.440 9536 9536 W JobService: onNetworkChanged() not implemented in androidx.work.impl.background.systemjob.SystemJobService. Must override in a subclass.
02-15 09:47:13.442 9536 9536 W JobService: onNetworkChanged() not implemented in androidx.work.impl.background.systemjob.SystemJobService. Must override in a subclass.
02-15 09:48:04.602 9536 9628 W WM-SystemJobScheduler: Unable to schedule work ID 196cff58-254a-470e-9257-e945a20285e1
02-15 09:48:14.017 9536 9628 W WM-SystemJobScheduler: Unable to schedule work ID fdd86d5b-498e-4910-9f34-80b58e343128
02-15 09:48:44.069 9536 9631 W WM-SystemJobScheduler: Unable to schedule work ID da86f526-e546-4fa1-a5ce-c006bf3137ef
02-15 09:49:14.012 9536 9636 W WM-SystemJobScheduler: Unable to schedule work ID 61133408-697f-4da0-977b-72ed48e27d1b
02-15 09:49:44.078 9536 9635 W WM-SystemJobScheduler: Unable to schedule work ID 0c03d0c0-4285-4081-8de9-c04c84ca2913
02-15 09:49:51.991 9536 9631 W WM-SystemJobScheduler: Unable to schedule work ID 7d8b07ac-4fbe-44c6-bab3-eaf12c88d816
02-15 09:50:22.050 9536 9636 W WM-SystemJobScheduler: Unable to schedule work ID d8f68688-690f-4cf4-9af6-f5c155a9824e
02-15 09:50:26.721 9536 9631 W WM-SystemJobScheduler: Unable to schedule work ID ebe83c88-484b-45bb-94e4-800ee99ee277
02-15 09:50:56.777 9536 9631 W WM-SystemJobScheduler: Unable to schedule work ID a25fc613-4d23-4b03-9391-b4ba7f458e9c
02-15 09:51:09.811 9536 9636 W WM-SystemJobScheduler: Unable to schedule work ID bf8dcde1-6b11-4b7a-9952-a7cf9289447b
02-15 09:51:39.862 9536 9636 W WM-SystemJobScheduler: Unable to schedule work ID c662bf0e-6f05-4e59-8ed5-f3c5c07f3da5
02-15 09:51:40.759 9536 9635 W WM-SystemJobScheduler: Unable to schedule work ID e1c6db59-a37d-44e2-b863-475b628f91aa
02-15 09:51:54.375 9536 9587 E SQLiteDatabase: Error inserting transferred=1 media_job_uuid=125490d6-0d35-4aca-b667-fb7cf26a6625 transcoded=0 gif_attribution=0 first_scan_length=0 direct_path=/v/t62.7117- 24/19144529_331243833283231_3122325631028928393_n.enc?ccb=11-4&oh=01_AdQjjiLN- 2IHkp9sKkx7pkpVt6zSKj56VChPMl2ecB_aHQ&oe=65F58C59&_nc_sid=5e03e0 thumbnail_height_width_ratio=0.0 is_animated_sticker=0 file_hash=FPYRfvhVD5wY83vkX7MoGyGPjx6TdPo0Xm7gFSyBXT4= file_path=Media/WhatsApp Voice Notes/202407/PTT-20240215-WA0012.opus file_size=96614 partial_media_hash=null face_x=0 face_y=0 height=0 trim_to=0 media_key_timestamp=1708001473000 message_url=https://mmg.whatsapp.net/v/t62.7117- 24/19144529_331243833283231_3122325631028928393_n.enc?ccb=11-4&oh=01_AdQjjiLN- 2IHkp9sKkx7pkpVt6zSKj56VChPMl2ecB_aHQ&oe=65F58C59&_nc_sid=5e03e0&mms3=true media_caption=null trim_from=0 mime_type=audio/ogg; codecs=opus partial_media_enc_hash=null width=0 original_file_hash=null has_streaming_sidecar=0 autotransfer_retry_enabled=1 media_upload_handle=null message_row_id=203988 multicast_id=null enc_file_hash=hnzfmj1Ue0PGM0GFArHajMqCgC4K4F3MZm+LdLXuMgI= mute_video=0 page_count=0 first_scan_sidecar=null suspicious_content=0 file_length=96614 media_name=null media_duration=41 chat_row_id=1497 media_key=[B@7927fb0
02-15 09:51:54.375 9536 9587 E SQLiteDatabase: android.database.sqlite.SQLiteConstraintException: UNIQUE constraint failed: message_media.message_row_id (code 1555 SQLITE_CONSTRAINT_PRIMARYKEY[1555])
02-15 09:51:54.375 9536 9587 E SQLiteDatabase: at android.database.sqlite.SQLiteConnection.nativeExecuteForLastInsertedRowId(Native Method)
02-15 09:51:54.375 9536 9587 E SQLiteDatabase: at android.database.sqlite.SQLiteConnection.executeForLastInsertedRowId(SQLiteConnecti on.java:1293)
02-15 09:51:54.375 9536 9587 E SQLiteDatabase: at android.database.sqlite.SQLiteSession.executeForLastInsertedRowId(SQLiteSession.jav a:790)
02-15 09:51:54.375 9536 9587 E SQLiteDatabase: at android.database.sqlite.SQLiteStatement.executeInsert(SQLiteStatement.java:89)
02-15 09:51:54.375 9536 9587 E SQLiteDatabase: at android.database.sqlite.SQLiteDatabase.insertWithOnConflict(SQLiteDatabase.java:243 4)
02-15 09:51:54.375 9536 9587 E SQLiteDatabase: at android.database.sqlite.SQLiteDatabase.insert(SQLiteDatabase.java:2303)
02-15 09:51:54.375 9536 9587 E SQLiteDatabase: at X.2tm.A08(Unknown Source:6)
02-15 09:51:54.375 9536 9587 E SQLiteDatabase: at X.35Y.A07(Unknown Source:212)
02-15 09:51:54.375 9536 9587 E SQLiteDatabase: at X.3QF.A14(Unknown Source:470)
02-15 09:51:54.375 9536 9587 E SQLiteDatabase: at X.3gU.run(Unknown Source:982)
02-15 09:51:54.375 9536 9587 E SQLiteDatabase: at android.os.Handler.handleCallback(Handler.java:958)
02-15 09:51:54.375 9536 9587 E SQLiteDatabase: at android.os.Handler.dispatchMessage(Handler.java:99)
02-15 09:51:54.375 9536 9587 E SQLiteDatabase: at X.0zq.dispatchMessage(Unknown Source:4)
02-15 09:51:54.375 9536 9587 E SQLiteDatabase: at android.os.Looper.loopOnce(Looper.java:230)
02-15 09:51:54.375 9536 9587 E SQLiteDatabase: at android.os.Looper.loop(Looper.java:319)
02-15 09:51:54.375 9536 9587 E SQLiteDatabase: at android.os.HandlerThread.run(HandlerThread.java:67)
02-15 09:52:10.830 9536 9628 W WM-SystemJobScheduler: Unable to schedule work ID 14410ff0-1765-4b2a-a81d-d088e9e606c6
02-15 09:52:15.174 9536 9636 W WM-SystemJobScheduler: Unable to schedule work ID a8c4db46-7917-494b-a820-fe885da5a7d4
02-15 09:52:45.237 9536 9631 W WM-SystemJobScheduler: Unable to schedule work ID 05beb3ba-4f3c-4412-a8de-04e1d3a0aa68
02-15 09:52:53.600 9536 9635 W WM-SystemJobScheduler: Unable to schedule work ID 60134308-a6fc-42c8-8582-d4e13e6785cd
02-15 09:53:23.708 9536 9631 W WM-SystemJobScheduler: Unable to schedule work ID 6f71fe30-b094-4722-8edb-3e15557006c0
02-15 09:53:29.509 9536 9636 W WM-SystemJobScheduler: Unable to schedule work ID b10d4e46-49d7-433f-bbf1-08b923253549
02-15 09:53:41.873 9536 9548 W com.whatsapp: Suspending all threads took: 19.457ms
02-15 09:54:02.546 9536 9536 W JobService: onNetworkChanged() not implemented in androidx.work.impl.background.systemjob.SystemJobService. Must override in a subclass.
02-15 09:54:29.600 9536 9628 W WM-SystemJobScheduler: Unable to schedule work ID 3b8ece33-58d9-4081-b34a-1ec9a086b27b
02-15 09:54:30.213 9536 9631 W WM-SystemJobScheduler: Unable to schedule work ID 6ac8d582-69fb-4086-aa58-6fe6011077db
02-15 09:54:59.085 9536 9536 W JobService: onNetworkChanged() not implemented in androidx.work.impl.background.systemjob.SystemJobService. Must override in a subclass.
02-15 10:00:55.885 9536 9536 W JobService: onNetworkChanged() not implemented in androidx.work.impl.background.systemjob.SystemJobService. Must override in a subclass.
02-15 10:00:56.573 9536 9536 W JobService: onNetworkChanged() not implemented in androidx.work.impl.background.systemjob.SystemJobService. Must override in a subclass.
02-15 10:00:56.584 9536 9536 W JobService: onNetworkChanged() not implemented in androidx.work.impl.background.systemjob.SystemJobService. Must override in a subclass.
02-15 10:00:57.163 9536 9536 W JobService: onNetworkChanged() not implemented in androidx.work.impl.background.systemjob.SystemJobService. Must override in a subclass.
02-15 10:01:05.094 9536 9635 W WM-SystemJobScheduler: Unable to schedule work ID fb2fef5e-d08f-486b-a8a0-e24b503ad8f0
02-15 10:01:18.536 9536 9587 E SQLiteDatabase: Error inserting transferred=1 media_job_uuid=bfaefaf6-58f3-4004-a6cb-077f6a20b75a transcoded=0 gif_attribution=0 first_scan_length=0 direct_path=/v/t62.7117- 24/25486419_308533362214902_8796255917667151398_n.enc?ccb=11- 4&oh=01_AdSUnLEEu7AmXaYmPQH9FP1aHZaPZ9ymiIRyyCnCrPgZnQ&oe=65F58770&_nc_sid=5e03e0 thumbnail_height_width_ratio=0.0 is_animated_sticker=0 file_hash=sdEUwAzizqAEZgRy1BrNJJvI6k+H54aye9y0CF5FU5Y= file_path=Media/WhatsApp Voice Notes/202407/PTT-20240215-WA0013.opus file_size=303119 partial_media_hash=null face_x=0 face_y=0 height=0 trim_to=0 media_key_timestamp=1708001946000 message_url=https://mmg.whatsapp.net/v/t62.7117- 24/25486419_308533362214902_8796255917667151398_n.enc?ccb=11- 4&oh=01_AdSUnLEEu7AmXaYmPQH9FP1aHZaPZ9ymiIRyyCnCrPgZnQ&oe=65F58770&_nc_sid=5e03e0&m ms3=true media_caption=null trim_from=0 mime_type=audio/ogg; codecs=opus partial_media_enc_hash=null width=0 original_file_hash=null has_streaming_sidecar=0 autotransfer_retry_enabled=1 media_upload_handle=null message_row_id=203996 multicast_id=null enc_file_hash=7bKjh71PdDxzJImiM757vwap8JDABUcJMRojFweeKqo= mute_video=0 page_count=0 first_scan_sidecar=null suspicious_content=0 file_length=303119 media_name=null media_duration=129 chat_row_id=1497 media_key=[B@9611522
02-15 10:01:18.536 9536 9587 E SQLiteDatabase: android.database.sqlite.SQLiteConstraintException: UNIQUE constraint failed: message_media.message_row_id (code 1555 SQLITE_CONSTRAINT_PRIMARYKEY[1555])
02-15 10:01:18.536 9536 9587 E SQLiteDatabase: at android.database.sqlite.SQLiteConnection.nativeExecuteForLastInsertedRowId(Native Method)
02-15 10:01:18.536 9536 9587 E SQLiteDatabase: at android.database.sqlite.SQLiteConnection.executeForLastInsertedRowId(SQLiteConnecti on.java:1293)
02-15 10:01:18.536 9536 9587 E SQLiteDatabase: at android.database.sqlite.SQLiteSession.executeForLastInsertedRowId(SQLiteSession.jav a:790)
02-15 10:01:18.536 9536 9587 E SQLiteDatabase: at android.database.sqlite.SQLiteStatement.executeInsert(SQLiteStatement.java:89)
02-15 10:01:18.536 9536 9587 E SQLiteDatabase: at android.database.sqlite.SQLiteDatabase.insertWithOnConflict(SQLiteDatabase.java:243 4)
02-15 10:01:18.536 9536 9587 E SQLiteDatabase: at android.database.sqlite.SQLiteDatabase.insert(SQLiteDatabase.java:2303)
02-15 10:01:18.536 9536 9587 E SQLiteDatabase: at X.2tm.A08(Unknown Source:6)
02-15 10:01:18.536 9536 9587 E SQLiteDatabase: at X.35Y.A07(Unknown Source:212)
02-15 10:01:18.536 9536 9587 E SQLiteDatabase: at X.3QF.A14(Unknown Source:470)
02-15 10:01:18.536 9536 9587 E SQLiteDatabase: at X.3gU.run(Unknown Source:982)
02-15 10:01:18.536 9536 9587 E SQLiteDatabase: at android.os.Handler.handleCallback(Handler.java:958)
02-15 10:01:18.536 9536 9587 E SQLiteDatabase: at android.os.Handler.dispatchMessage(Handler.java:99)
02-15 10:01:18.536 9536 9587 E SQLiteDatabase: at X.0zq.dispatchMessage(Unknown Source:4)
02-15 10:01:18.536 9536 9587 E SQLiteDatabase: at android.os.Looper.loopOnce(Looper.java:230)
02-15 10:01:18.536 9536 9587 E SQLiteDatabase: at android.os.Looper.loop(Looper.java:319)
02-15 10:01:18.536 9536 9587 E SQLiteDatabase: at android.os.HandlerThread.run(HandlerThread.java:67)
02-15 10:01:35.172 9536 9631 W WM-SystemJobScheduler: Unable to schedule work ID 249bd473-418b-4321-9481-9aed12fa8f5d
02-15 10:01:36.900 9536 9636 W WM-SystemJobScheduler: Unable to schedule work ID 8433f99f-5e45-4016-ad8a-faccf1ea3584
02-15 10:01:47.191 9536 9536 W JobService: onNetworkChanged() not implemented in androidx.work.impl.background.systemjob.SystemJobService. Must override in a subclass.
02-15 10:01:56.256 9536 9536 W JobService: onNetworkChanged() not implemented in androidx.work.impl.background.systemjob.SystemJobService. Must override in a subclass.
02-15 10:01:56.578 9536 9536 W JobService: onNetworkChanged() not implemented in androidx.work.impl.background.systemjob.SystemJobService. Must override in a subclass.
02-15 10:01:59.273 9536 9536 W JobService: onNetworkChanged() not implemented in androidx.work.impl.background.systemjob.SystemJobService. Must override in a subclass.
02-15 10:02:02.305 9536 9536 W JobService: onNetworkChanged() not implemented in androidx.work.impl.background.systemjob.SystemJobService. Must override in a subclass.
02-15 10:02:05.317 9536 9536 W JobService: onNetworkChanged() not implemented in androidx.work.impl.background.systemjob.SystemJobService. Must override in a subclass.
02-15 10:02:06.962 9536 9636 W WM-SystemJobScheduler: Unable to schedule work ID 2140ffa6-4846-4eb7-aae9-89ae04200fa3
02-15 10:02:08.401 9536 9628 W WM-SystemJobScheduler: Unable to schedule work ID 270dd73c-fb8c-48d7-8888-6f75f3e529c7
02-15 10:02:20.433 9536 9536 W JobService: onNetworkChanged() not implemented in androidx.work.impl.background.systemjob.SystemJobService. Must override in a subclass.
02-15 10:02:23.435 9536 9536 W JobService: onNetworkChanged() not implemented in androidx.work.impl.background.systemjob.SystemJobService. Must override in a subclass.
02-15 10:02:32.481 9536 9536 W JobService: onNetworkChanged() not implemented in androidx.work.impl.background.systemjob.SystemJobService. Must override in a subclass.
02-15 10:02:38.460 9536 9635 W WM-SystemJobScheduler: Unable to schedule work ID 41ac467a-207f-4587-b093-8b6844c30de4
02-15 10:02:38.526 9536 9536 W JobService: onNetworkChanged() not implemented in androidx.work.impl.background.systemjob.SystemJobService. Must override in a subclass.
02-15 10:02:38.965 9536 9631 W WM-SystemJobScheduler: Unable to schedule work ID 3e685819-f569-4f1d-ba24-87dec307edd1
02-15 10:02:47.559 9536 9536 W JobService: onNetworkChanged() not implemented in androidx.work.impl.background.systemjob.SystemJobService. Must override in a subclass.
02-15 10:02:56.641 9536 9536 W JobService: onNetworkChanged() not implemented in androidx.work.impl.background.systemjob.SystemJobService. Must override in a subclass.
02-15 10:03:02.661 9536 9536 W JobService: onNetworkChanged() not implemented in androidx.work.impl.background.systemjob.SystemJobService. Must override in a subclass.
02-15 10:03:05.674 9536 9536 W JobService: onNetworkChanged() not implemented in androidx.work.impl.background.systemjob.SystemJobService. Must override in a subclass.
02-15 10:03:09.035 9536 9635 W WM-SystemJobScheduler: Unable to schedule work ID 78edfb29-eaf3-43dc-92b7-f20400ebb81d
02-15 10:03:10.012 9536 9628 W WM-SystemJobScheduler: Unable to schedule work ID c2f7b342-9938-4d8a-b248-09c9a9a582ac
02-15 10:03:14.793 9536 9536 W JobService: onNetworkChanged() not implemented in androidx.work.impl.background.systemjob.SystemJobService. Must override in a subclass.
02-15 10:03:28.268 9536 9536 W JobService: onNetworkChanged() not implemented in androidx.work.impl.background.systemjob.SystemJobService. Must override in a subclass.
02-15 10:03:40.102 9536 9628 W WM-SystemJobScheduler: Unable to schedule work ID a91fe228-8dae-4fb8-acb3-001a143c7394
02-15 10:03:44.976 9536 9536 W JobService: onNetworkChanged() not implemented in androidx.work.impl.background.systemjob.SystemJobService. Must override in a subclass.
02-15 10:03:46.391 9536 9636 W WM-SystemJobScheduler: Unable to schedule work ID a65a156d-1c6d-4550-8a30-5140d50de0e8
02-15 10:04:06.103 9536 9536 W JobService: onNetworkChanged() not implemented in androidx.work.impl.background.systemjob.SystemJobService. Must override in a subclass.
02-15 10:04:16.496 9536 9636 W WM-SystemJobScheduler: Unable to schedule work ID e0987f2b-67bc-4fed-88a3-74ca3f79483f
02-15 10:04:25.856 9536 9636 W WM-SystemJobScheduler: Unable to schedule work ID 20611716-aed5-425a-9318-9c2fd34cc891
02-15 10:04:28.278 9536 9536 W JobService: onNetworkChanged() not implemented in androidx.work.impl.background.systemjob.SystemJobService. Must override in a subclass.
02-15 10:04:55.939 9536 9628 W WM-SystemJobScheduler: Unable to schedule work ID c55afad5-6426-4a0d-a70e-37c6f34baef1
02-15 10:04:56.155 9536 9636 W WM-SystemJobScheduler: Unable to schedule work ID 3bfb6520-354b-43a2-966d-a20029252b9c
02-15 10:05:26.289 9536 9636 W WM-SystemJobScheduler: Unable to schedule work ID 79a09038-9831-4657-ab47-cc9ffa45be89
02-15 10:05:34.517 9536 9631 W WM-SystemJobScheduler: Unable to schedule work ID c51819db-ce4c-4d7d-be08-1d322f0096d0
02-15 10:06:04.615 9536 9635 W WM-SystemJobScheduler: Unable to schedule work ID 3b16b423-5ba7-4d13-8c23-aa47b151c197
02-15 10:06:23.832 9536 9631 W WM-SystemJobScheduler: Unable to schedule work ID 175626dd-bb76-4668-9f2f-b0b066f09f65
02-15 10:06:53.881 9536 9635 W WM-SystemJobScheduler: Unable to schedule work ID 352060b4-790d-4d8e-8c93-f25399467d6e
02-15 10:07:02.512 9536 9628 W WM-SystemJobScheduler: Unable to schedule work ID d76b8c0b-1896-4db7-8db4-d1e5c525e2ea
02-15 10:07:32.601 9536 9631 W WM-SystemJobScheduler: Unable to schedule work ID 497366fc-a429-48e9-ace4-d15cf6ff9678
02-15 10:08:15.689 9536 9635 W WM-SystemJobScheduler: Unable to schedule work ID b11d2f48-260b-43ef-a961-573419ccc9b2
02-15 10:08:45.732 9536 9636 W WM-SystemJobScheduler: Unable to schedule work ID 9eed91ed-ebc5-458e-805e-8851b5b41f3f
02-15 10:08:48.926 9536 9628 W WM-SystemJobScheduler: Unable to schedule work ID 564d12a2-146d-452a-b6fd-eab7ac3ed7b6
02-15 10:09:18.974 9536 9635 W WM-SystemJobScheduler: Unable to schedule work ID 61526176-0658-4227-81cf-7c17f0695805
02-15 10:09:19.041 9536 9636 W WM-SystemJobScheduler: Unable to schedule work ID 8bf61716-98f5-4610-b498-7c6f97f90207
02-15 10:10:19.110 9536 9628 W WM-SystemJobScheduler: Unable to schedule work ID c8e0455d-b50f-4732-8276-7b290a33b892
02-15 10:10:19.651 9536 9635 W WM-SystemJobScheduler: Unable to schedule work ID e514b1eb-9c9e-4390-89a8-b62ea650a021
02-15 10:10:49.702 9536 9635 W WM-SystemJobScheduler: Unable to schedule work ID 207b4230-0cf8-4d01-b3c6-9498a305cfad
02-15 10:11:16.483 9536 9635 W WM-SystemJobScheduler: Unable to schedule work ID b7cd98ae-26bf-43fb-bd74-f1c0ed929a56
02-15 10:16:01.015 9536 9536 W JobService: onNetworkChanged() not implemented in androidx.work.impl.background.systemjob.SystemJobService. Must override in a subclass.
02-15 10:16:01.016 9536 9536 W JobService: onNetworkChanged() not implemented in androidx.work.impl.background.systemjob.SystemJobService. Must override in a subclass.
02-15 10:16:13.780 9536 9631 W WM-SystemJobScheduler: Unable to schedule work ID 83e34f91-28ec-407c-9ea9-8239c7d64f01
02-15 10:16:27.224 9536 9636 W WM-SystemJobScheduler: Unable to schedule work ID ad0b27e1-50c8-4023-a6ad-cec6ab8c922e
02-15 10:16:57.277 9536 9628 W WM-SystemJobScheduler: Unable to schedule work ID 3fa22bcb-295d-44d0-b748-52d4467d786f
02-15 10:17:05.365 9536 9636 W WM-SystemJobScheduler: Unable to schedule work ID 2636d871-535a-49a0-b598-f31bb31c9276
02-15 10:17:35.420 9536 9635 W WM-SystemJobScheduler: Unable to schedule work ID 801a24df-8792-4510-aa01-670066095da8
02-15 10:17:37.948 9536 9635 W WM-SystemJobScheduler: Unable to schedule work ID 4d00cde5-0948-421d-96ca-cfb84046752c
02-15 10:18:07.994 9536 9636 W WM-SystemJobScheduler: Unable to schedule work ID fa3d5df3-dfca-4465-a38b-2169253ed4d4
02-15 10:18:12.745 9536 9631 W WM-SystemJobScheduler: Unable to schedule work ID 1dcd9cf0-f1da-4c60-9732-1d4d7c38558c
02-15 10:18:42.831 9536 9636 W WM-SystemJobScheduler: Unable to schedule work ID 679f3636-0814-45fb-98ac-ee81ec2131c3
02-15 10:18:44.825 9536 9628 W WM-SystemJobScheduler: Unable to schedule work ID 40816f3a-ed4c-4561-b664-4e7ed203eb87
02-15 10:19:14.885 9536 9631 W WM-SystemJobScheduler: Unable to schedule work ID 0167367e-b626-43a6-8531-3a81c1e6199e
02-15 10:19:23.906 9536 9628 W WM-SystemJobScheduler: Unable to schedule work ID 215759eb-2ea0-442c-b1b6-62956cf536f3
02-15 10:19:53.961 9536 9635 W WM-SystemJobScheduler: Unable to schedule work ID a7a46595-8a7a-4226-9c3c-d7f13435ceba
02-15 10:19:57.499 9536 9636 W WM-SystemJobScheduler: Unable to schedule work ID fd9f385f-e648-4df9-bf8d-9882f376b134
02-15 10:20:27.554 9536 9631 W WM-SystemJobScheduler: Unable to schedule work ID 262ed245-2feb-4a9f-a780-c23307404918
02-15 10:20:27.614 9536 9631 W WM-SystemJobScheduler: Unable to schedule work ID f037fc7a-db12-46f2-a0da-9c27ac041ef2
02-15 10:20:57.675 9536 9635 W WM-SystemJobScheduler: Unable to schedule work ID b672f14a-3192-4817-af12-66e9e31588d9
02-15 10:21:00.305 9536 9628 W WM-SystemJobScheduler: Unable to schedule work ID 878198c5-6440-4667-8e4c-f2a6bd0d32dd
02-15 10:21:30.379 9536 9628 W WM-SystemJobScheduler: Unable to schedule work ID da07aa88-4559-4e2d-b6c4-65993c171a33
02-15 10:21:32.422 9536 9631 W WM-SystemJobScheduler: Unable to schedule work ID 5ed5ca02-5480-4ebb-b8de-622ca10b04be
02-15 10:22:02.487 9536 9636 W WM-SystemJobScheduler: Unable to schedule work ID efed483a-be36-46a2-bd97-f8028bfe6161
02-15 10:22:07.977 9536 9628 W WM-SystemJobScheduler: Unable to schedule work ID 02738b17-98d0-430b-8f8c-3c8195a8c3aa
02-15 10:22:38.040 9536 9628 W WM-SystemJobScheduler: Unable to schedule work ID a80a06f9-0e58-4a7c-9f2d-368ab8cfbf7c
02-15 10:22:49.831 9536 9536 W JobService: onNetworkChanged() not implemented in androidx.work.impl.background.systemjob.SystemJobService. Must override in a subclass.
02-15 10:24:02.744 9536 9536 W JobService: onNetworkChanged() not implemented in androidx.work.impl.background.systemjob.SystemJobService. Must override in a subclass.
02-15 10:24:36.822 9536 9587 E SQLiteDatabase: Error inserting transferred=1 media_job_uuid=c4036897-e1d6-4569-a443-b1c26f8cfaa1 transcoded=0 gif_attribution=0 first_scan_length=0 direct_path=/v/t62.7117- 24/18865951_412461658010322_3715454313598785171_n.enc?ccb=11-4&oh=01_AdQ8Vn90- aEv_0bAcrJJVn4YltBxPRwtj_UhJcmkiSOEWQ&oe=65F57289&_nc_sid=5e03e0 thumbnail_height_width_ratio=0.0 is_animated_sticker=0 file_hash=QtDZM0mCG8EFRVhDi9b1LBs6uVPPSH9hjHGN5a7JfrI= file_path=Media/WhatsApp Voice Notes/202407/PTT-20240215-WA0014.opus file_size=135334 partial_media_hash=null face_x=0 face_y=0 height=0 trim_to=0 media_key_timestamp=1708003417000 message_url=https://mmg.whatsapp.net/v/t62.7117- 24/18865951_412461658010322_3715454313598785171_n.enc?ccb=11-4&oh=01_AdQ8Vn90- aEv_0bAcrJJVn4YltBxPRwtj_UhJcmkiSOEWQ&oe=65F57289&_nc_sid=5e03e0&mms3=true media_caption=null trim_from=0 mime_type=audio/ogg; codecs=opus partial_media_enc_hash=null width=0 original_file_hash=null has_streaming_sidecar=0 autotransfer_retry_enabled=1 media_upload_handle=null message_row_id=204021 multicast_id=null enc_file_hash=vfvVglG5cjY+8/KoPXvl7XB+ZrbTTYb7QmiKjE6qdK0= mute_video=0 page_count=0 first_scan_sidecar=null suspicious_content=0 file_length=135334 media_name=null media_duration=57 chat_row_id=1497 media_key=[B@74f801
02-15 10:24:36.822 9536 9587 E SQLiteDatabase: android.database.sqlite.SQLiteConstraintException: UNIQUE constraint failed: message_media.message_row_id (code 1555 SQLITE_CONSTRAINT_PRIMARYKEY[1555])
02-15 10:24:36.822 9536 9587 E SQLiteDatabase: at android.database.sqlite.SQLiteConnection.nativeExecuteForLastInsertedRowId(Native Method)
02-15 10:24:36.822 9536 9587 E SQLiteDatabase: at android.database.sqlite.SQLiteConnection.executeForLastInsertedRowId(SQLiteConnecti on.java:1293)
02-15 10:24:36.822 9536 9587 E SQLiteDatabase: at android.database.sqlite.SQLiteSession.executeForLastInsertedRowId(SQLiteSession.jav a:790)
02-15 10:24:36.822 9536 9587 E SQLiteDatabase: at android.database.sqlite.SQLiteStatement.executeInsert(SQLiteStatement.java:89)
02-15 10:24:36.822 9536 9587 E SQLiteDatabase: at android.database.sqlite.SQLiteDatabase.insertWithOnConflict(SQLiteDatabase.java:243 4)
02-15 10:24:36.822 9536 9587 E SQLiteDatabase: at android.database.sqlite.SQLiteDatabase.insert(SQLiteDatabase.java:2303)
02-15 10:24:36.822 9536 9587 E SQLiteDatabase: at X.2tm.A08(Unknown Source:6)
02-15 10:24:36.822 9536 9587 E SQLiteDatabase: at X.35Y.A07(Unknown Source:212)
02-15 10:24:36.822 9536 9587 E SQLiteDatabase: at X.3QF.A14(Unknown Source:470)
02-15 10:24:36.822 9536 9587 E SQLiteDatabase: at X.3gU.run(Unknown Source:982)
02-15 10:24:36.822 9536 9587 E SQLiteDatabase: at android.os.Handler.handleCallback(Handler.java:958)
02-15 10:24:36.822 9536 9587 E SQLiteDatabase: at android.os.Handler.dispatchMessage(Handler.java:99)
02-15 10:24:36.822 9536 9587 E SQLiteDatabase: at X.0zq.dispatchMessage(Unknown Source:4)
02-15 10:24:36.822 9536 9587 E SQLiteDatabase: at android.os.Looper.loopOnce(Looper.java:230)
02-15 10:24:36.822 9536 9587 E SQLiteDatabase: at android.os.Looper.loop(Looper.java:319)
02-15 10:24:36.822 9536 9587 E SQLiteDatabase: at android.os.HandlerThread.run(HandlerThread.java:67)
02-15 10:25:45.655 9536 9536 W JobService: onNetworkChanged() not implemented in androidx.work.impl.background.systemjob.SystemJobService. Must override in a subclass.
02-15 10:25:48.152 9536 9536 W JobService: onNetworkChanged() not implemented in androidx.work.impl.background.systemjob.SystemJobService. Must override in a subclass.
02-15 10:26:48.162 9536 9536 W JobService: onNetworkChanged() not implemented in androidx.work.impl.background.systemjob.SystemJobService. Must override in a subclass.
02-15 10:27:58.727 9536 9587 E SQLiteDatabase: Error inserting transferred=1 media_job_uuid=26a6a902-08bd-4830-ab18-c656c08245e2 transcoded=0 gif_attribution=0 first_scan_length=0 direct_path=/v/t62.7117- 24/30262904_939416984365085_3498062400338478475_n.enc?ccb=11- 4&oh=01_AdQnky1FIATKGxN6GphF-YqERQICZ-8gDKsE9CxOCRgp7A&oe=65F5786D&_nc_sid=5e03e0 thumbnail_height_width_ratio=0.0 is_animated_sticker=0 file_hash=Q2kl0NLc+o06ZMNy7IROy6kG7yM4+N6u4i3csKLCLrQ= file_path=Media/WhatsApp Voice Notes/202407/PTT-20240215-WA0015.opus file_size=127922 partial_media_hash=null face_x=0 face_y=0 height=0 trim_to=0 media_key_timestamp=1708003625000 message_url=https://mmg.whatsapp.net/v/t62.7117- 24/30262904_939416984365085_3498062400338478475_n.enc?ccb=11- 4&oh=01_AdQnky1FIATKGxN6GphF-YqERQICZ- 8gDKsE9CxOCRgp7A&oe=65F5786D&_nc_sid=5e03e0&mms3=true media_caption=null trim_from=0 mime_type=audio/ogg; codecs=opus partial_media_enc_hash=null width=0 original_file_hash=null has_streaming_sidecar=0 autotransfer_retry_enabled=1 media_upload_handle=null message_row_id=204038 multicast_id=null enc_file_hash=dG5IcuEZbBc4uclQA3JPs9K0iHVb3eQEPOjWOfZ6Bzs= mute_video=0 page_count=0 first_scan_sidecar=null suspicious_content=0 file_length=127922 media_name=null media_duration=53 chat_row_id=1497 media_key=[B@474e0ea
02-15 10:27:58.727 9536 9587 E SQLiteDatabase: android.database.sqlite.SQLiteConstraintException: UNIQUE constraint failed: message_media.message_row_id (code 1555 SQLITE_CONSTRAINT_PRIMARYKEY[1555])
02-15 10:27:58.727 9536 9587 E SQLiteDatabase: at android.database.sqlite.SQLiteConnection.nativeExecuteForLastInsertedRowId(Native Method)
02-15 10:27:58.727 9536 9587 E SQLiteDatabase: at android.database.sqlite.SQLiteConnection.executeForLastInsertedRowId(SQLiteConnecti on.java:1293)
02-15 10:27:58.727 9536 9587 E SQLiteDatabase: at android.database.sqlite.SQLiteSession.executeForLastInsertedRowId(SQLiteSession.jav a:790)
02-15 10:27:58.727 9536 9587 E SQLiteDatabase: at android.database.sqlite.SQLiteStatement.executeInsert(SQLiteStatement.java:89)
02-15 10:27:58.727 9536 9587 E SQLiteDatabase: at android.database.sqlite.SQLiteDatabase.insertWithOnConflict(SQLiteDatabase.java:243 4)
02-15 10:27:58.727 9536 9587 E SQLiteDatabase: at android.database.sqlite.SQLiteDatabase.insert(SQLiteDatabase.java:2303)
02-15 10:27:58.727 9536 9587 E SQLiteDatabase: at X.2tm.A08(Unknown Source:6)
02-15 10:27:58.727 9536 9587 E SQLiteDatabase: at X.35Y.A07(Unknown Source:212)
02-15 10:27:58.727 9536 9587 E SQLiteDatabase: at X.3QF.A14(Unknown Source:470)
02-15 10:27:58.727 9536 9587 E SQLiteDatabase: at X.3gU.run(Unknown Source:982)
02-15 10:27:58.727 9536 9587 E SQLiteDatabase: at android.os.Handler.handleCallback(Handler.java:958)
02-15 10:27:58.727 9536 9587 E SQLiteDatabase: at android.os.Handler.dispatchMessage(Handler.java:99)
02-15 10:27:58.727 9536 9587 E SQLiteDatabase: at X.0zq.dispatchMessage(Unknown Source:4)
02-15 10:27:58.727 9536 9587 E SQLiteDatabase: at android.os.Looper.loopOnce(Looper.java:230)
02-15 10:27:58.727 9536 9587 E SQLiteDatabase: at android.os.Looper.loop(Looper.java:319)
02-15 10:27:58.727 9536 9587 E SQLiteDatabase: at android.os.HandlerThread.run(HandlerThread.java:67)
02-15 10:43:33.186 9536 9536 W JobService: onNetworkChanged() not implemented in androidx.work.impl.background.systemjob.SystemJobService. Must override in a subclass.
02-15 10:43:36.124 9536 9536 W JobService: onNetworkChanged() not implemented in androidx.work.impl.background.systemjob.SystemJobService. Must override in a subclass.
02-15 10:43:36.127 9536 9536 W JobService: onNetworkChanged() not implemented in androidx.work.impl.background.systemjob.SystemJobService. Must override in a subclass.
02-15 10:43:36.129 9536 9536 W JobService: onNetworkChanged() not implemented in androidx.work.impl.background.systemjob.SystemJobService. Must override in a subclass.
02-15 10:43:36.129 9536 9536 W JobService: onNetworkChanged() not implemented in androidx.work.impl.background.systemjob.SystemJobService. Must override in a subclass.
02-15 10:43:36.759 9536 9635 W WM-SystemJobScheduler: Unable to schedule work ID 1546b035-e427-4392-9b75-927d70e9693f
02-15 10:43:38.687 9536 9636 W WM-SystemJobScheduler: Unable to schedule work ID 0c915acb-1968-42ef-82d7-d364f0798b9c
02-15 10:43:48.285 9536 9536 W JobService: onNetworkChanged() not implemented in androidx.work.impl.background.systemjob.SystemJobService. Must override in a subclass.
02-15 10:43:51.282 9536 9536 W JobService: onNetworkChanged() not implemented in androidx.work.impl.background.systemjob.SystemJobService. Must override in a subclass.
02-15 10:44:08.757 9536 9631 W WM-SystemJobScheduler: Unable to schedule work ID aa5b8234-e1a9-4849-868d-c510adec30f8
02-15 10:44:09.740 9536 9628 W WM-SystemJobScheduler: Unable to schedule work ID fa5b44da-d1fc-4749-8c82-d8d02504f90e
02-15 10:44:36.136 9536 9536 W JobService: onNetworkChanged() not implemented in androidx.work.impl.background.systemjob.SystemJobService. Must override in a subclass.
02-15 10:44:39.803 9536 9631 W WM-SystemJobScheduler: Unable to schedule work ID d9f9ae44-74cb-49b5-aa15-7131a4582642
02-15 10:44:42.777 9536 9635 W WM-SystemJobScheduler: Unable to schedule work ID e8c35c9f-0a25-4bd6-91f5-fafce354e2c9
02-15 10:45:12.856 9536 9636 W WM-SystemJobScheduler: Unable to schedule work ID f3da068e-2871-459d-9ff1-e36f8f99f95b
02-15 10:45:13.380 9536 9628 W WM-SystemJobScheduler: Unable to schedule work ID 7d9b4402-575c-42ba-a4fb-5c5abbf22761
02-15 10:45:36.150 9536 9536 W JobService: onNetworkChanged() not implemented in androidx.work.impl.background.systemjob.SystemJobService. Must override in a subclass.
02-15 10:45:43.438 9536 9635 W WM-SystemJobScheduler: Unable to schedule work ID caf9ca10-ed86-44fb-a085-6e091336a824
02-15 10:45:44.075 9536 9628 W WM-SystemJobScheduler: Unable to schedule work ID ea0f9f84-5930-4ed8-8489-75bd88e0717f
02-15 10:46:14.150 9536 9635 W WM-SystemJobScheduler: Unable to schedule work ID c54275b2-9958-40d0-9ee5-1faea1538e3f
02-15 10:46:22.828 9536 9636 W WM-SystemJobScheduler: Unable to schedule work ID 4eef1290-9e49-4121-91f9-9cc2d42f1a03
02-15 10:46:36.160 9536 9536 W JobService: onNetworkChanged() not implemented in androidx.work.impl.background.systemjob.SystemJobService. Must override in a subclass.
02-15 10:46:52.883 9536 9635 W WM-SystemJobScheduler: Unable to schedule work ID c5fd4168-a340-4a88-a6fa-23f6aa2aa2f5
02-15 10:46:57.291 9536 9636 W WM-SystemJobScheduler: Unable to schedule work ID cb69e936-8c75-4a59-93bd-640a1a47795e
02-15 10:47:27.346 9536 9636 W WM-SystemJobScheduler: Unable to schedule work ID 2b8932b1-7e21-4320-ab65-6f9f879920c5
02-15 10:47:33.595 9536 9628 W WM-SystemJobScheduler: Unable to schedule work ID 17d801fa-c71c-4eba-ac39-99d62f64c26a
02-15 10:47:36.170 9536 9536 W JobService: onNetworkChanged() not implemented in androidx.work.impl.background.systemjob.SystemJobService. Must override in a subclass.
02-15 10:48:03.661 9536 9636 W WM-SystemJobScheduler: Unable to schedule work ID ad3fe57b-78fc-4fd6-92bb-733f97087c07
02-15 10:48:14.983 9536 9631 W WM-SystemJobScheduler: Unable to schedule work ID eb449890-428f-4ecc-a24c-e420c462338e
02-15 10:48:36.183 9536 9536 W JobService: onNetworkChanged() not implemented in androidx.work.impl.background.systemjob.SystemJobService. Must override in a subclass.
02-15 10:48:45.035 9536 9635 W WM-SystemJobScheduler: Unable to schedule work ID 1196897a-42b3-44a0-845e-f5af4e068b8c
02-15 10:48:50.625 9536 9631 W WM-SystemJobScheduler: Unable to schedule work ID 896109d6-5c32-409f-a2e2-9a1e6db74dec
02-15 10:49:20.686 9536 9628 W WM-SystemJobScheduler: Unable to schedule work ID c51f284f-d2eb-4080-8bd8-28c219ffdf30
02-15 10:49:34.245 9536 9635 W WM-SystemJobScheduler: Unable to schedule work ID dd8354be-844b-4c4a-a830-711ff1b2efed
02-15 10:49:36.194 9536 9536 W JobService: onNetworkChanged() not implemented in androidx.work.impl.background.systemjob.SystemJobService. Must override in a subclass.
02-15 10:50:04.279 9536 9631 W WM-SystemJobScheduler: Unable to schedule work ID 18d3ac99-a626-424f-8ae6-caca31975335
02-15 10:50:12.973 9536 9628 W WM-SystemJobScheduler: Unable to schedule work ID 879f5d84-141b-4180-bb1b-f9b666a9766d
02-15 10:50:43.038 9536 9636 W WM-SystemJobScheduler: Unable to schedule work ID a7223212-5b33-453a-9688-490afabbd216
02-15 10:50:53.313 9536 9635 W WM-SystemJobScheduler: Unable to schedule work ID 526f59f3-0201-476a-a8f4-12dd37b18c27
02-15 10:51:23.362 9536 9635 W WM-SystemJobScheduler: Unable to schedule work ID cf3cde94-bd1b-4aab-8527-3110f549b7f3
02-15 10:51:28.425 9536 9631 W WM-SystemJobScheduler: Unable to schedule work ID 04104212-f9a8-4129-a7e2-551045194e7a
02-15 10:51:58.483 9536 9631 W WM-SystemJobScheduler: Unable to schedule work ID 5f5dd35b-455a-4538-bd85-0fc84cd15b90
02-15 10:51:58.530 9536 9636 W WM-SystemJobScheduler: Unable to schedule work ID 5c4a5dd1-861b-4f75-9d29-80b5b8b3553e
02-15 10:52:10.809 9536 9536 W JobService: onNetworkChanged() not implemented in androidx.work.impl.background.systemjob.SystemJobService. Must override in a subclass.
02-15 10:52:28.584 9536 9628 W WM-SystemJobScheduler: Unable to schedule work ID cd425ac7-0e28-4f4a-a340-e72408fca1da
02-15 10:52:34.574 9536 9636 W WM-SystemJobScheduler: Unable to schedule work ID d18d7142-6984-4962-b8fd-2a6fe3f73028
02-15 10:52:55.691 9536 9536 W JobService: onNetworkChanged() not implemented in androidx.work.impl.background.systemjob.SystemJobService. Must override in a subclass.
02-15 10:53:04.636 9536 9636 W WM-SystemJobScheduler: Unable to schedule work ID 705bb422-7448-45c6-bff8-dd7230732046
02-15 10:53:06.528 9536 9631 W WM-SystemJobScheduler: Unable to schedule work ID 860348d3-c951-4e49-a499-fa2bc4bf97d5
02-15 10:53:36.585 9536 9635 W WM-SystemJobScheduler: Unable to schedule work ID 4053b11e-f095-4701-8a56-09043cafc700
02-15 10:53:44.279 9536 9631 W WM-SystemJobScheduler: Unable to schedule work ID 4fa06fa5-6016-4950-b329-79e132b45844
02-15 10:54:44.324 9536 9628 W WM-SystemJobScheduler: Unable to schedule work ID c6a9d1e6-feec-4e12-80b6-89584c150918
02-15 10:54:50.040 9536 9635 W WM-SystemJobScheduler: Unable to schedule work ID abcff8df-f5b6-4586-a6db-ae49d61c501e
02-15 10:55:20.097 9536 9631 W WM-SystemJobScheduler: Unable to schedule work ID eb74ad20-b64f-428c-9f2d-a812ae9fa1d4
02-15 10:55:23.854 9536 9628 W WM-SystemJobScheduler: Unable to schedule work ID af596226-4989-40f4-aaa3-5363b5d42c0a
02-15 10:55:53.901 9536 9628 W WM-SystemJobScheduler: Unable to schedule work ID e42b5622-be4b-485b-a41c-eff6cde7034f
02-15 10:55:57.434 9536 9636 W WM-SystemJobScheduler: Unable to schedule work ID 60cbc03c-0692-42cb-b092-21a39fd588c6
02-15 10:56:27.489 9536 9628 W WM-SystemJobScheduler: Unable to schedule work ID 88a3f0d1-dec2-471e-ab5b-1c9d75c1d418
02-15 10:56:31.331 9536 9536 W JobService: onNetworkChanged() not implemented in androidx.work.impl.background.systemjob.SystemJobService. Must override in a subclass.
02-15 10:56:32.629 9536 9536 W JobService: onNetworkChanged() not implemented in androidx.work.impl.background.systemjob.SystemJobService. Must override in a subclass.
02-15 10:56:33.782 9536 9636 W WM-SystemJobScheduler: Unable to schedule work ID bed33b5a-e874-444e-be30-797d911c267c
02-15 10:56:35.647 9536 9536 W JobService: onNetworkChanged() not implemented in androidx.work.impl.background.systemjob.SystemJobService. Must override in a subclass.
02-15 10:56:38.658 9536 9536 W JobService: onNetworkChanged() not implemented in androidx.work.impl.background.systemjob.SystemJobService. Must override in a subclass.
02-15 10:56:50.709 9536 9536 W JobService: onNetworkChanged() not implemented in androidx.work.impl.background.systemjob.SystemJobService. Must override in a subclass.
02-15 10:57:03.840 9536 9635 W WM-SystemJobScheduler: Unable to schedule work ID 83c318f3-e500-4c1c-b156-0ec55de847cb
02-15 10:57:08.794 9536 9635 W WM-SystemJobScheduler: Unable to schedule work ID 2a5d056c-e220-4a05-bad9-813778d2f08a
02-15 10:57:31.335 9536 9536 W JobService: onNetworkChanged() not implemented in androidx.work.impl.background.systemjob.SystemJobService. Must override in a subclass.
02-15 10:57:38.854 9536 9635 W WM-SystemJobScheduler: Unable to schedule work ID 12b29993-88bc-4cc6-a0ba-4264fc43290c
02-15 10:57:42.386 9536 9635 W WM-SystemJobScheduler: Unable to schedule work ID ce206d7e-ac9f-49fe-b27a-706ae70ca4a6
02-15 10:58:09.055 9536 9536 W JobService: onNetworkChanged() not implemented in androidx.work.impl.background.systemjob.SystemJobService. Must override in a subclass.
02-15 10:58:12.061 9536 9536 W JobService: onNetworkChanged() not implemented in androidx.work.impl.background.systemjob.SystemJobService. Must override in a subclass.
02-15 10:58:12.450 9536 9628 W WM-SystemJobScheduler: Unable to schedule work ID bd5d0a17-e6c0-402d-beba-ac60963f637a
02-15 10:58:15.671 9536 9636 W WM-SystemJobScheduler: Unable to schedule work ID 06cd2973-bdd3-4c69-b819-20dc63935a24
02-15 10:58:18.078 9536 9536 W JobService: onNetworkChanged() not implemented in androidx.work.impl.background.systemjob.SystemJobService. Must override in a subclass.
02-15 10:58:21.096 9536 9536 W JobService: onNetworkChanged() not implemented in androidx.work.impl.background.systemjob.SystemJobService. Must override in a subclass.
02-15 10:59:15.811 9536 9628 W WM-SystemJobScheduler: Unable to schedule work ID aaa2bcd8-a3b2-4bd3-b17d-cdf2fd636e8e
02-15 10:59:16.466 9536 9536 W JobService: onNetworkChanged() not implemented in androidx.work.impl.background.systemjob.SystemJobService. Must override in a subclass.
02-15 10:59:18.826 9536 9631 W WM-SystemJobScheduler: Unable to schedule work ID 55459e57-6d1d-4e7b-bc9a-d84955271057
02-15 10:59:21.614 9536 9548 W com.whatsapp: Suspending all threads took: 5.080ms
02-15 10:59:48.961 9536 9635 W WM-SystemJobScheduler: Unable to schedule work ID 4bec0dca-0782-439d-b145-f0260b782b2d
02-15 10:59:49.620 9536 9636 W WM-SystemJobScheduler: Unable to schedule work ID 6da9cfeb-c300-4c27-a38b-a477d3d0a710
02-15 11:00:08.567 9536 9536 W JobService: onNetworkChanged() not implemented in androidx.work.impl.background.systemjob.SystemJobService. Must override in a subclass.
02-15 11:00:11.476 9536 9536 W JobService: onNetworkChanged() not implemented in androidx.work.impl.background.systemjob.SystemJobService. Must override in a subclass.
02-15 11:00:14.509 9536 9536 W JobService: onNetworkChanged() not implemented in androidx.work.impl.background.systemjob.SystemJobService. Must override in a subclass.
02-15 11:00:16.520 9536 9536 W JobService: onNetworkChanged() not implemented in androidx.work.impl.background.systemjob.SystemJobService. Must override in a subclass.
02-15 11:00:17.515 9536 9536 W JobService: onNetworkChanged() not implemented in androidx.work.impl.background.systemjob.SystemJobService. Must override in a subclass.
02-15 11:00:19.691 9536 9635 W WM-SystemJobScheduler: Unable to schedule work ID 822aba1e-d62b-464d-9b7a-41e2c70cad67
02-15 11:00:27.642 9536 9631 W WM-SystemJobScheduler: Unable to schedule work ID 26c3364e-6587-44b1-9439-2d9a9877a2ef
02-15 11:00:57.694 9536 9628 W WM-SystemJobScheduler: Unable to schedule work ID 7681ddcf-a767-4d05-bafc-c6891de4ac91
