0% found this document useful (0 votes)
7 views1,030 pages

Logcat 1730026798572

Uploaded by

Arivelto
Copyright
© © All Rights Reserved
We take content rights seriously. If you suspect this is your content, claim it here.
Available Formats
Download as TXT, PDF, TXT or read online on Scribd
0% found this document useful (0 votes)
7 views1,030 pages

Logcat 1730026798572

Uploaded by

Arivelto
Copyright
© © All Rights Reserved
We take content rights seriously. If you suspect this is your content, claim it here.
Available Formats
Download as TXT, PDF, TXT or read online on Scribd
You are on page 1/ 1030

--------- beginning of main

10-27 07:59:58.632 31744 31803 I FA : Tag Manager is not found and thus will
not be used
--------- beginning of system
10-27 07:59:58.642 31744 31744 D ViewRootImpl: update {(0,0)(fillxfill)
sim={forwardNavigation} ty=BASE_APPLICATION wanim=0x10302fd
10-27 07:59:58.642 31744 31744 D ViewRootImpl: fl=LAYOUT_IN_SCREEN FULLSCREEN
LAYOUT_INSET_DECOR SPLIT_TOUCH DRAWS_SYSTEM_BAR_BACKGROUNDS
10-27 07:59:58.642 31744 31744 D ViewRootImpl: pfl=NO_MOVE_ANIMATION
FORCE_DRAW_STATUS_BAR_BACKGROUND FIT_INSETS_CONTROLLED
10-27 07:59:58.642 31744 31744 D ViewRootImpl: bhv=DEFAULT
10-27 07:59:58.642 31744 31744 D ViewRootImpl: fitSides=} by setView
10-27 07:59:58.685 31744 31859 W cr_media: BLUETOOTH_CONNECT permission is missing.
10-27 07:59:58.691 31744 31859 W cr_media: getBluetoothAdapter() requires BLUETOOTH
permission
10-27 07:59:58.691 31744 31859 W cr_media: registerBluetoothIntentsIfNeeded:
Requires BLUETOOTH permission
10-27 07:59:58.705 31744 31895 I AdrenoGLES-0: QUALCOMM build :
43fc279f3a, I58833f8ed4
10-27 07:59:58.705 31744 31895 I AdrenoGLES-0: Build Date :
03/24/23
10-27 07:59:58.705 31744 31895 I AdrenoGLES-0: OpenGL ES Shader Compiler Version:
EV031.32.02.17
10-27 07:59:58.705 31744 31895 I AdrenoGLES-0: Local Branch :
10-27 07:59:58.705 31744 31895 I AdrenoGLES-0: Remote Branch :
10-27 07:59:58.705 31744 31895 I AdrenoGLES-0: Remote Branch :
10-27 07:59:58.705 31744 31895 I AdrenoGLES-0: Reconstruct Branch :
10-27 07:59:58.705 31744 31895 I AdrenoGLES-0: Build Config : S
P 10.0.7 AArch64
10-27 07:59:58.705 31744 31895 I AdrenoGLES-0: Driver
Path : /vendor/lib64/egl/libGLESv2_adreno.so
10-27 07:59:58.712 31744 31895 I AdrenoGLES-0: PFP: 0x016ee197, ME: 0x00000000
10-27 07:59:58.770 31744 31895 W chromium: [WARNING:viz_main_impl.cc(85)]
VizNullHypothesis is disabled (not a warning)
10-27 07:59:58.949 31744 31865 W VideoCapabilities: Unsupported mime
image/vnd.android.heic
10-27 07:59:59.169 31744 31744 I Ads : JS: The jsLoaded GMSG has been sent
(https://googleads.g.doubleclick.net/mads/static/mad/sdk/native/production/sdk-
core-v40-impl.html:792)
10-27 07:59:59.355 31884 31884 W libprocessgroup: JoinCgroup: controller schedtune
is not found
10-27 08:00:02.079 31744 31744 E Adapter : Size of list 5
10-27 08:00:02.083 31744 31744 D ViewRootImpl: update {(0,0)(fillxfill)
sim={adjust=pan forwardNavigation} ty=BASE_APPLICATION wanim=0x10302fd
10-27 08:00:02.083 31744 31744 D ViewRootImpl: fl=LAYOUT_IN_SCREEN
LAYOUT_INSET_DECOR SPLIT_TOUCH DRAWS_SYSTEM_BAR_BACKGROUNDS
10-27 08:00:02.083 31744 31744 D ViewRootImpl: pfl=NO_MOVE_ANIMATION
FORCE_DRAW_STATUS_BAR_BACKGROUND FIT_INSETS_CONTROLLED
10-27 08:00:02.083 31744 31744 D ViewRootImpl: bhv=DEFAULT
10-27 08:00:02.083 31744 31744 D ViewRootImpl: fitSides=} by setView
10-27 08:00:02.890 31744 31744 D Surface : Surface::disconnect
10-27 08:00:02.890 31744 31744 D BufferQueueProducer: [VRI[SplashActivity]#0(BLAST
Consumer)0](id:7c0000000000,api:2,p:31744,c:31744) disconnect: api 2
10-27 08:00:09.656 31744 31744 E RippleDrawable: The RippleDrawable.STYLE_PATTERNED
animation is not supported for a non-hardware accelerated Canvas. Skipping
animation.
10-27 08:00:09.710 31744 31744 E RippleDrawable: The RippleDrawable.STYLE_PATTERNED
animation is not supported for a non-hardware accelerated Canvas. Skipping
animation.
10-27 08:00:09.754 31744 31744 E RippleDrawable: The RippleDrawable.STYLE_PATTERNED
animation is not supported for a non-hardware accelerated Canvas. Skipping
animation.
10-27 08:00:09.789 31744 31744 D checkwidth: 1080
10-27 08:00:09.808 31744 31744 D ViewRootImpl: update {(0,0)(wrapxwrap) gr=CENTER
sim={adjust=pan forwardNavigation} ty=APPLICATION fmt=TRANSLUCENT wanim=0x10302fe
10-27 08:00:09.808 31744 31744 D ViewRootImpl: fl=DIM_BEHIND ALT_FOCUSABLE_IM
SPLIT_TOUCH
10-27 08:00:09.808 31744 31744 D ViewRootImpl: bhv=DEFAULT
10-27 08:00:09.808 31744 31744 D ViewRootImpl: fitTypes=STATUS_BARS
NAVIGATION_BARS CAPTION_BAR} by setView
10-27 08:00:09.822 31744 31744 D ViewRootImpl: update {(0,0)(fillxfill)
sim={forwardNavigation} ty=BASE_APPLICATION wanim=0x10302fd
10-27 08:00:09.822 31744 31744 D ViewRootImpl: fl=LAYOUT_IN_SCREEN
LAYOUT_INSET_DECOR SPLIT_TOUCH DRAWS_SYSTEM_BAR_BACKGROUNDS
10-27 08:00:09.822 31744 31744 D ViewRootImpl: pfl=NO_MOVE_ANIMATION
FORCE_DRAW_STATUS_BAR_BACKGROUND FIT_INSETS_CONTROLLED
10-27 08:00:09.822 31744 31744 D ViewRootImpl: bhv=DEFAULT
10-27 08:00:09.822 31744 31744 D ViewRootImpl: fitSides=} by setView
10-27 08:00:09.861 31744 31744 E RippleDrawable: The RippleDrawable.STYLE_PATTERNED
animation is not supported for a non-hardware accelerated Canvas. Skipping
animation.
10-27 08:00:09.883 31744 31744 W RecyclerView: No adapter attached; skipping layout
10-27 08:00:09.945 31744 31744 E RippleDrawable: The RippleDrawable.STYLE_PATTERNED
animation is not supported for a non-hardware accelerated Canvas. Skipping
animation.
10-27 08:00:09.997 31744 31744 E RippleDrawable: The RippleDrawable.STYLE_PATTERNED
animation is not supported for a non-hardware accelerated Canvas. Skipping
animation.
10-27 08:00:10.051 31744 31744 E RippleDrawable: The RippleDrawable.STYLE_PATTERNED
animation is not supported for a non-hardware accelerated Canvas. Skipping
animation.
10-27 08:00:10.100 31744 31744 E RippleDrawable: The RippleDrawable.STYLE_PATTERNED
animation is not supported for a non-hardware accelerated Canvas. Skipping
animation.
10-27 08:00:11.245 31744 31744 D Surface : Surface::disconnect
10-27 08:00:11.245 31744 31744 D BufferQueueProducer:
[VRI[ScriptDetailsActivity]#2(BLAST Consumer)2]
(id:7c0000000002,api:2,p:31744,c:31744) disconnect: api 2
10-27 08:00:11.420 31744 31744 E RippleDrawable: The RippleDrawable.STYLE_PATTERNED
animation is not supported for a non-hardware accelerated Canvas. Skipping
animation.
10-27 08:00:11.424 31744 31744 I Choreographer: Skipped 117 frames! The
application may be doing too much work on its main thread.
10-27 08:00:11.447 31744 31744 D Surface : Surface::disconnect
10-27 08:00:11.447 31744 31744 D BufferQueueProducer: [VRI[ScriptsActivity]#1(BLAST
Consumer)1](id:7c0000000001,api:2,p:31744,c:31744) disconnect: api 2
10-27 08:00:25.737 31744 31744 D call : On create
10-27 08:00:25.773 31744 31744 E oru : potr
10-27 08:00:25.779 31744 31744 D call : On Resume
10-27 08:00:25.780 31744 31744 E TAG : ....
10-27 08:00:25.780 31744 31744 E TAG : ...
10-27 08:00:25.780 31744 31744 E TAG : . ..
10-27 08:00:25.780 31744 31744 E TAG : ...
10-27 08:00:25.780 31744 31744 E TAG : ....
10-27 08:00:25.780 31744 31744 E TAG : ....
10-27 08:00:25.780 31744 31744 E TAG : **Saudade do Pai Gaúcho**
10-27 08:00:25.780 31744 31744 E TAG :
10-27 08:00:25.780 31744 31744 E TAG : Hoje é dia de festa, um aniversário a
brilhar,
10-27 08:00:25.780 31744 31744 E TAG : Mas a saudade aperta, difícil de
suportar.
10-27 08:00:25.780 31744 31744 E TAG : Pai gaúcho, tu que tanto amaste a vida,
10-27 08:00:25.780 31744 31744 E TAG : Teu sorriso ecoa em cada lembrança
querida.
10-27 08:00:25.780 31744 31744 E TAG :
10-27 08:00:25.780 31744 31744 E TAG : Recordo as histórias ao redor da
fogueira,
10-27 08:00:25.780 31744 31744 E TAG : Teu jeito forte e doce, minha eterna
bandeira.
10-27 08:00:25.780 31744 31744 E TAG : Em cada chimarrão, um pouco de ti,
10-27 08:00:25.780 31744 31744 E TAG : Teus conselhos e risadas sempre vão
existir.
10-27 08:00:25.780 31744 31744 E TAG :
10-27 08:00:25.780 31744 31744 E TAG : Estive ao teu lado em teu último
instante,
10-27 08:00:25.780 31744 31744 E TAG : Um momento sagrado, um amor tão
constante.
10-27 08:00:25.780 31744 31744 E TAG : Teu olhar sereno me disse sem palavras,
10-27 08:00:25.780 31744 31744 E TAG : Que a vida é um ciclo e a alma nunca
acaba.
10-27 08:00:25.780 31744 31744 E TAG :
10-27 08:00:25.780 31744 31744 E TAG : Hoje celebramos o homem que foste,
10-27 08:00:25.780 31744 31744 E TAG : Teus ensinamentos são presentes que me
brote.
10-27 08:00:25.780 31744 31744 E TAG : Na lida do campo ou no abraço apertado,
10-27 08:00:25.780 31744 31744 E TAG : Teu legado é luz que nunca será apagado.
10-27 08:00:25.780 31744 31744 E TAG :
10-27 08:00:25.780 31744 31744 E TAG : Mesmo ausente, sinto tua força aqui,
10-27 08:00:25.780 31744 31744 E TAG : Nos ventos do campo, no canto do siri.
10-27 08:00:25.780 31744 31744 E TAG : Em cada rincão do meu coração gaúcho,
10-27 08:00:25.780 31744 31744 E TAG : És alma linda e imortal e no CTG de São
Pedro, certamente Xiru das Falas.
10-27 08:00:25.780 31744 31744 E TAG :
10-27 08:00:25.780 31744 31744 E TAG : Feliz aniversário! A festa é em tua
homenagem ,
10-27 08:00:25.780 31744 31744 E TAG : Com amor e saudade, a vida se torna uma
torna uma bela viagem.
10-27 08:00:25.780 31744 31744 E TAG : Na memória e no afeto, sempre vou te
guardar,
10-27 08:00:25.780 31744 31744 E TAG : Teu espírito livre sempre vai me guiar.
10-27 08:00:25.780 31744 31744 D test : 387 775
10-27 08:00:25.781 31744 31744 D test : width= 1080 height= 2161
10-27 08:00:25.801 31744 31744 D ViewRootImpl: update {(0,0)(fillxfill)
sim={forwardNavigation} ty=BASE_APPLICATION wanim=0x10302fd
10-27 08:00:25.801 31744 31744 D ViewRootImpl: fl=KEEP_SCREEN_ON LAYOUT_IN_SCREEN
FULLSCREEN LAYOUT_INSET_DECOR SPLIT_TOUCH DRAWS_SYSTEM_BAR_BACKGROUNDS
10-27 08:00:25.801 31744 31744 D ViewRootImpl: pfl=NO_MOVE_ANIMATION
FORCE_DRAW_STATUS_BAR_BACKGROUND FIT_INSETS_CONTROLLED
10-27 08:00:25.801 31744 31744 D ViewRootImpl: bhv=DEFAULT
10-27 08:00:25.801 31744 31744 D ViewRootImpl: fitSides=} by setView
10-27 08:00:25.805 31744 31744 D event : 3
10-27 08:00:25.829 31744 31744 D checklines: main height =28761
10-27 08:00:25.829 31744 31744 D checklines: 221
10-27 08:00:25.829 31744 31744 D checklines: max= 28761
10-27 08:00:25.829 31744 31744 D checklines: lines = 130 onewordheight =221
textheight = 28730 totalheight700 scrollview geight = 29430
10-27 08:00:26.036 31744 31750 W MediaPlayer-JNI: MediaPlayer finalized without
being released
10-27 08:00:26.364 31744 31744 D Surface : Surface::disconnect
10-27 08:00:26.364 31744 31744 D BufferQueueProducer:
[VRI[ScriptDetailsActivity]#3(BLAST Consumer)3]
(id:7c0000000003,api:2,p:31744,c:31744) disconnect: api 2
10-27 08:00:35.864 31744 31744 D moveheight: x=225
10-27 08:00:35.926 31744 31744 D moveheight: x=216
10-27 08:00:35.973 31744 31744 D moveheight: x=212
10-27 08:00:36.021 31744 31744 D moveheight: x=215
10-27 08:00:36.076 31744 31744 D moveheight: x=224
10-27 08:00:36.124 31744 31744 D moveheight: x=206
10-27 08:00:36.176 31744 31744 D moveheight: x=202
10-27 08:00:36.176 31744 31744 D moveheight: x=202
10-27 08:01:02.720 31744 31744 D moveheight: x=518
10-27 08:01:02.791 31744 31744 D moveheight: x=523
10-27 08:01:02.855 31744 31744 D moveheight: x=514
10-27 08:01:02.915 31744 31744 D moveheight: x=486
10-27 08:01:02.964 31744 31744 D moveheight: x=478
10-27 08:01:03.020 31744 31744 D moveheight: x=477
10-27 08:01:03.075 31744 31744 D moveheight: x=480
10-27 08:01:03.129 31744 31744 D moveheight: x=481
10-27 08:01:03.185 31744 31744 D moveheight: x=483
10-27 08:01:03.238 31744 31744 D moveheight: x=487
10-27 08:01:03.295 31744 31744 D moveheight: x=494
10-27 08:01:03.348 31744 31744 D moveheight: x=498
10-27 08:01:03.402 31744 31744 D moveheight: x=498
10-27 08:01:03.463 31744 31744 D moveheight: x=501
10-27 08:01:03.531 31744 31744 D moveheight: x=499
10-27 08:01:03.580 31744 31744 D moveheight: x=494
10-27 08:01:03.630 31744 31744 D moveheight: x=488
10-27 08:01:03.694 31744 31744 D moveheight: x=483
10-27 08:01:03.755 31744 31744 D moveheight: x=483
10-27 08:01:03.818 31744 31744 D moveheight: x=484
10-27 08:01:03.880 31744 31744 D moveheight: x=486
10-27 08:01:03.994 31744 31744 D moveheight: x=487
10-27 08:01:04.046 31744 31744 D moveheight: x=491
10-27 08:01:04.092 31744 31744 D moveheight: x=493
10-27 08:01:04.139 31744 31744 D moveheight: x=493
10-27 08:01:04.232 31744 31744 D moveheight: x=484
10-27 08:01:04.290 31744 31744 D moveheight: x=470
10-27 08:01:04.348 31744 31744 D moveheight: x=457
10-27 08:01:04.410 31744 31744 D moveheight: x=453
10-27 08:01:04.472 31744 31744 D moveheight: x=448
10-27 08:01:04.527 31744 31744 D moveheight: x=448
10-27 08:01:04.587 31744 31744 D moveheight: x=448
10-27 08:01:04.713 31744 31744 D moveheight: x=453
10-27 08:01:04.774 31744 31744 D moveheight: x=458
10-27 08:01:04.822 31744 31744 D moveheight: x=459
10-27 08:01:04.873 31744 31744 D moveheight: x=458
10-27 08:01:04.873 31744 31744 D moveheight: x=458
10-27 08:01:04.873 31744 31744 D checklines: 221
10-27 08:01:04.873 31744 31744 D checklines: max= 28761
10-27 08:01:04.873 31744 31744 D checklines: lines = 130 onewordheight =221
textheight = 28730 totalheight1747 scrollview geight = 30477
10-27 08:01:06.529 31744 31744 D moveheight: x=318
10-27 08:01:06.618 31744 31744 D moveheight: x=311
10-27 08:01:06.681 31744 31744 D moveheight: x=306
10-27 08:01:06.738 31744 31744 D moveheight: x=311
10-27 08:01:06.794 31744 31744 D moveheight: x=320
10-27 08:01:06.854 31744 31744 D moveheight: x=327
10-27 08:01:06.910 31744 31744 D moveheight: x=329
10-27 08:01:06.972 31744 31744 D moveheight: x=322
10-27 08:01:07.031 31744 31744 D moveheight: x=302
10-27 08:01:07.089 31744 31744 D moveheight: x=281
10-27 08:01:07.089 31744 31744 D moveheight: x=281
10-27 08:01:07.542 31744 31744 D moveheight: x=341
10-27 08:01:07.604 31744 31744 D moveheight: x=351
10-27 08:01:07.661 31744 31744 D moveheight: x=354
10-27 08:01:07.722 31744 31744 D moveheight: x=347
10-27 08:01:07.785 31744 31744 D moveheight: x=350
10-27 08:01:07.849 31744 31744 D moveheight: x=364
10-27 08:01:07.906 31744 31744 D moveheight: x=381
10-27 08:01:07.965 31744 31744 D moveheight: x=387
10-27 08:01:08.020 31744 31744 D moveheight: x=391
10-27 08:01:08.069 31744 31744 D moveheight: x=392
10-27 08:01:08.116 31744 31744 D moveheight: x=393
10-27 08:01:08.423 31744 31744 D moveheight: x=392
10-27 08:01:08.464 31744 31744 D moveheight: x=388
10-27 08:01:08.514 31744 31744 D moveheight: x=374
10-27 08:01:08.569 31744 31744 D moveheight: x=362
10-27 08:01:08.624 31744 31744 D moveheight: x=359
10-27 08:01:08.681 31744 31744 D moveheight: x=363
10-27 08:01:08.733 31744 31744 D moveheight: x=367
10-27 08:01:08.784 31744 31744 D moveheight: x=366
10-27 08:01:08.838 31744 31744 D moveheight: x=366
10-27 08:01:08.895 31744 31744 D moveheight: x=369
10-27 08:01:08.951 31744 31744 D moveheight: x=373
10-27 08:01:08.999 31744 31744 D moveheight: x=373
10-27 08:01:09.046 31744 31744 D moveheight: x=370
10-27 08:01:09.096 31744 31744 D moveheight: x=365
10-27 08:01:09.142 31744 31744 D moveheight: x=364
10-27 08:01:09.191 31744 31744 D moveheight: x=364
10-27 08:01:09.247 31744 31744 D moveheight: x=366
10-27 08:01:09.296 31744 31744 D moveheight: x=370
10-27 08:01:09.344 31744 31744 D moveheight: x=372
10-27 08:01:09.391 31744 31744 D moveheight: x=375
10-27 08:01:09.433 31744 31744 D moveheight: x=378
10-27 08:01:09.476 31744 31744 D moveheight: x=376
10-27 08:01:09.525 31744 31744 D moveheight: x=372
10-27 08:01:09.525 31744 31744 D moveheight: x=372
10-27 08:01:09.525 31744 31744 D checklines: 221
10-27 08:01:09.525 31744 31744 D checklines: max= 28761
10-27 08:01:09.525 31744 31744 D checklines: lines = 130 onewordheight =221
textheight = 28730 totalheight1681 scrollview geight = 30411
10-27 08:01:21.731 31744 31744 E TAG : start record preSec 5 afterSec 0
10-27 08:01:21.731 31744 31744 E oru : potr
10-27 08:01:26.795 31744 31744 E oru : potr
10-27 08:01:26.857 31744 32119 I MediaCodec: (0xb4000073d11b1000) init
name(OMX.qcom.video.encoder.avc)
10-27 08:01:26.862 31744 542 I OMXClient: IOmx service obtained
10-27 08:01:26.925 31744 541 I MediaCodec: (0xb4000073d11b1000) Component
Allocated (OMX.qcom.video.encoder.avc)
10-27 08:01:26.937 31744 32119 I MediaCodec: (0xb4000073d11b1000) configure
surface(0x0) crypto(0x0) flags(1)
10-27 08:01:26.937 31744 32119 D MediaCodec: (0xb4000073d11b1000) configure format:
AMessage(what = 0x00000000) = {
10-27 08:01:26.937 31744 32119 D MediaCodec: int32_t color-format =
2130708361
10-27 08:01:26.937 31744 32119 D MediaCodec: int32_t i-frame-interval = 1
10-27 08:01:26.937 31744 32119 D MediaCodec: string mime = "video/avc"
10-27 08:01:26.937 31744 32119 D MediaCodec: int32_t width = 1920
10-27 08:01:26.937 31744 32119 D MediaCodec: int32_t bitrate = 20000000
10-27 08:01:26.937 31744 32119 D MediaCodec: int32_t frame-rate = 30
10-27 08:01:26.937 31744 32119 D MediaCodec: int32_t height = 1080
10-27 08:01:26.937 31744 32119 D MediaCodec: }
10-27 08:01:26.968 31744 32119 D CodecSeeding: Seed: codec
OMX.qcom.video.encoder.avc, mediatype video/avc, overrideable 1
10-27 08:01:26.968 31744 32119 D CodecProperties: setTuningValue(vq-target-bpp,0)
10-27 08:01:26.968 31744 32119 D CodecProperties: setTuningValue(vq-target-bpp-
1080p,1.90)
10-27 08:01:26.968 31744 32119 D CodecProperties: setTuningValue(vq-target-bpp-
720p,2.25)
10-27 08:01:26.968 31744 32119 D CodecProperties: setTuningValue(vq-target-bpp-
540p,2.65)
10-27 08:01:26.968 31744 32119 D CodecProperties: setTuningValue(vq-target-bpp-
480p,3.00)
10-27 08:01:26.968 31744 32119 D CodecProperties: setTuningValue(vq-target-bpp-
320x240,0)
10-27 08:01:26.968 31744 32119 D CodecProperties: setTuningValue(vq-target-qpmax,-
1)
10-27 08:01:26.968 31744 32119 D CodecProperties: setTuningValue(vq-target-qpmax-
1080p,45)
10-27 08:01:26.968 31744 32119 D CodecProperties: setTuningValue(vq-target-qpmax-
720p,43)
10-27 08:01:26.968 31744 32119 D CodecProperties: setTuningValue(vq-target-qpmax-
540p,42)
10-27 08:01:26.968 31744 32119 D CodecProperties: setTuningValue(vq-target-qpmax-
480p,38)
10-27 08:01:26.968 31744 32119 D CodecProperties: setTuningValue(vq-bitrate-
phaseout,1.75)
10-27 08:01:26.968 31744 32119 D CodecProperties: setTuningValue(vq-boost-missing-
qp,0.20)
10-27 08:01:26.968 31744 32119 D CodecProperties: setFeatureValue(can-swap-width-
height,1)
10-27 08:01:26.968 31744 32119 D CodecProperties:
setFeatureValue(_vq_eligible.device,1)
10-27 08:01:26.968 31744 32119 D CodecProperties:
setFeatureValue(_quality.target,1)
10-27 08:01:26.968 31744 32119 D CodecSeeding: Seed: codec
OMX.qcom.video.encoder.avc, mediatype video/avc, overrideable 0
10-27 08:01:26.968 31744 32119 D MediaCodec: shapeMediaFormat: deltas(1):
AMessage(what = 0x00000000) = {
10-27 08:01:26.968 31744 32119 D MediaCodec: int32_t android._encoding-quality-
level = 0
10-27 08:01:26.968 31744 32119 D MediaCodec: }
10-27 08:01:26.969 31744 541 D MediaCodec: flushMediametrics
10-27 08:01:26.978 31744 542 I ExtendedACodec: setupVideoEncoder()
10-27 08:01:26.978 31744 542 I ACodec : [OMX.qcom.video.encoder.avc]
setupVideoEncoder mime(video/avc) colorFormat(7f000789)
10-27 08:01:26.978 31744 542 W OMXUtils: do not know color format 0x7fa30c04 =
2141391876
10-27 08:01:26.979 31744 542 W OMXUtils: do not know color format 0x7fa30c00 =
2141391872
10-27 08:01:26.979 31744 542 W OMXUtils: do not know color format 0x7f000789 =
2130708361
10-27 08:01:26.979 31744 542 I ACodec : width height(1920x1080) stride(1920)
sliceHeight(1080)
10-27 08:01:26.979 31744 542 I ACodec : bitrate(20000000) framerate(30.000000)
compressionFormat(7)
10-27 08:01:26.980 31744 542 I ACodec : setupAVCEncoderParameters with [profile:
High] [level: Level1]
10-27 08:01:26.981 31744 542 I ACodec : [OMX.qcom.video.encoder.avc] cannot
encode HDR static metadata. Ignoring.
10-27 08:01:26.981 31744 542 I ACodec : setupVideoEncoder succeeded
10-27 08:01:26.981 31744 542 I ExtendedACodec: [OMX.qcom.video.encoder.avc]
configure, AMessage : AMessage(what = 'conf', target = 1) = {
10-27 08:01:26.981 31744 542 I ExtendedACodec: int32_t color-format =
2130708361
10-27 08:01:26.981 31744 542 I ExtendedACodec: int32_t i-frame-interval = 1
10-27 08:01:26.981 31744 542 I ExtendedACodec: string mime = "video/avc"
10-27 08:01:26.981 31744 542 I ExtendedACodec: int32_t width = 1920
10-27 08:01:26.981 31744 542 I ExtendedACodec: int32_t bitrate = 20000000
10-27 08:01:26.981 31744 542 I ExtendedACodec: int32_t frame-rate = 30
10-27 08:01:26.981 31744 542 I ExtendedACodec: int32_t height = 1080
10-27 08:01:26.981 31744 542 I ExtendedACodec: int32_t android._encoding-
quality-level = 0
10-27 08:01:26.981 31744 542 I ExtendedACodec: int32_t flags = 1
10-27 08:01:26.981 31744 542 I ExtendedACodec: int32_t encoder = 1
10-27 08:01:26.981 31744 542 I ExtendedACodec: }
10-27 08:01:26.981 31744 542 W OMXUtils: do not know color format 0x7f000789 =
2130708361
10-27 08:01:26.992 31744 32119 W MediaCodec: ResourceManagerClient does not release
the encoder: OMX.qcom.video.encoder.avc when the other codecs try to
reclaimResource.
10-27 08:01:26.993 31744 32119 I MediaCodec: (0xb4000073d11b7000) init
name(c2.android.aac.encoder)
10-27 08:01:26.994 31744 547 D CCodec : allocate(c2.android.aac.encoder)
10-27 08:01:26.996 31744 547 I Codec2Client: Available Codec2 services:
"software"
10-27 08:01:27.001 31744 541 D MediaCodec: flushMediametrics
10-27 08:01:27.002 31744 541 D MediaCodec: flushMediametrics
10-27 08:01:27.018 31744 547 I CCodec : Created component
[c2.android.aac.encoder]
10-27 08:01:27.019 31744 547 D CCodecConfig: read media type: audio/mp4a-latm
10-27 08:01:27.023 31744 547 D ReflectedParamUpdater: extent() != 1 for single
value type: algo.buffers.max-count.values
10-27 08:01:27.023 31744 547 D ReflectedParamUpdater: extent() != 1 for single
value type: output.subscribed-indices.values
10-27 08:01:27.024 31744 547 D ReflectedParamUpdater: extent() != 1 for single
value type: input.buffers.allocator-ids.values
10-27 08:01:27.024 31744 547 D ReflectedParamUpdater: extent() != 1 for single
value type: output.buffers.allocator-ids.values
10-27 08:01:27.024 31744 547 D ReflectedParamUpdater: extent() != 1 for single
value type: algo.buffers.allocator-ids.values
10-27 08:01:27.024 31744 547 D ReflectedParamUpdater: extent() != 1 for single
value type: output.buffers.pool-ids.values
10-27 08:01:27.024 31744 547 D ReflectedParamUpdater: extent() != 1 for single
value type: algo.buffers.pool-ids.values
10-27 08:01:27.026 31744 547 I CCodecConfig: query failed after returning 9
values (BAD_INDEX)
10-27 08:01:27.026 31744 547 D CCodecConfig: c2 config diff is Dict {
10-27 08:01:27.026 31744 547 D CCodecConfig: c2::u32 coded.bitrate.value =
64000
10-27 08:01:27.026 31744 547 D CCodecConfig: c2::u32 coded.pl.level = 0
10-27 08:01:27.026 31744 547 D CCodecConfig: c2::u32 coded.pl.profile = 8192
10-27 08:01:27.026 31744 547 D CCodecConfig: c2::u32 coding.aac-sbr-mode.value
= 3
10-27 08:01:27.026 31744 547 D CCodecConfig: c2::u32 input.buffers.max-
size.value = 2048
10-27 08:01:27.026 31744 547 D CCodecConfig: c2::u32 input.delay.value = 0
10-27 08:01:27.026 31744 547 D CCodecConfig: string input.media-type.value =
"audio/raw"
10-27 08:01:27.026 31744 547 D CCodecConfig: string output.media-type.value =
"audio/mp4a-latm"
10-27 08:01:27.026 31744 547 D CCodecConfig: c2::u32 raw.channel-count.value =
1
10-27 08:01:27.026 31744 547 D CCodecConfig: c2::u32 raw.sample-rate.value =
44100
10-27 08:01:27.026 31744 547 D CCodecConfig: }
10-27 08:01:27.027 31744 547 I MediaCodec: (0xb4000073d11b7000) Component
Allocated (c2.android.aac.encoder)
10-27 08:01:27.027 31744 32119 I MediaCodec: (0xb4000073d11b7000) configure
surface(0x0) crypto(0x0) flags(1)
10-27 08:01:27.027 31744 32119 D MediaCodec: (0xb4000073d11b7000) configure format:
AMessage(what = 0x00000000) = {
10-27 08:01:27.027 31744 32119 D MediaCodec: int32_t channel-mask = 12
10-27 08:01:27.027 31744 32119 D MediaCodec: int32_t sample-rate = 48000
10-27 08:01:27.027 31744 32119 D MediaCodec: string mime = "audio/mp4a-latm"
10-27 08:01:27.027 31744 32119 D MediaCodec: int32_t channel-count = 2
10-27 08:01:27.027 31744 32119 D MediaCodec: int32_t bitrate = 156000
10-27 08:01:27.027 31744 32119 D MediaCodec: }
10-27 08:01:27.027 31744 32119 D CodecSeeding: Seed: codec c2.android.aac.encoder,
mediatype audio/mp4a-latm, overrideable 1
10-27 08:01:27.027 31744 32119 D CodecProperties:
setFeatureValue(_vq_eligible.device,1)
10-27 08:01:27.027 31744 32119 D CodecProperties:
setFeatureValue(_quality.target,1)
10-27 08:01:27.027 31744 32119 D CodecSeeding: Seed: codec c2.android.aac.encoder,
mediatype audio/mp4a-latm, overrideable 0
10-27 08:01:27.027 31744 32119 D MediaCodec: shapeMediaFormat: deltas(0):
AMessage(what = 0x00000000) = {
10-27 08:01:27.027 31744 32119 D MediaCodec: }
10-27 08:01:27.028 31744 547 D MediaCodec: flushMediametrics
10-27 08:01:27.028 31744 547 D CCodec : [c2.android.aac.encoder] buffers are
bound to CCodec for this session
10-27 08:01:27.028 31744 547 D CCodecConfig: no c2 equivalents for flags
10-27 08:01:27.028 31744 547 D CCodecConfig: no c2 equivalents for encoder
10-27 08:01:27.028 31744 547 D CCodecConfig: c2 config diff is c2::u32
coded.bitrate.value = 156000
10-27 08:01:27.028 31744 547 D CCodecConfig: c2::u32 raw.channel-count.value =
2
10-27 08:01:27.028 31744 547 D CCodecConfig: c2::u32 raw.sample-rate.value =
48000
10-27 08:01:27.029 31744 547 W Codec2Client: query -- param skipped: index =
1107298332.
10-27 08:01:27.029 31744 547 D CCodec : encoding statistics level = 0
10-27 08:01:27.029 31744 547 D CCodec : setup formats input: AMessage(what =
0x00000000) = {
10-27 08:01:27.029 31744 547 D CCodec : int32_t sample-rate = 48000
10-27 08:01:27.029 31744 547 D CCodec : int32_t channel-count = 2
10-27 08:01:27.029 31744 547 D CCodec : int32_t max-input-size = 4096
10-27 08:01:27.029 31744 547 D CCodec : string mime = "audio/raw"
10-27 08:01:27.029 31744 547 D CCodec : int32_t channel-mask = 12
10-27 08:01:27.029 31744 547 D CCodec : int32_t android._config-pcm-encoding =
2
10-27 08:01:27.029 31744 547 D CCodec : }
10-27 08:01:27.029 31744 547 D CCodec : setup formats output: AMessage(what =
0x00000000) = {
10-27 08:01:27.029 31744 547 D CCodec : int32_t sample-rate = 48000
10-27 08:01:27.029 31744 547 D CCodec : int32_t bitrate = 156000
10-27 08:01:27.029 31744 547 D CCodec : int32_t channel-count = 2
10-27 08:01:27.029 31744 547 D CCodec : int32_t level = 0
10-27 08:01:27.029 31744 547 D CCodec : int32_t max-bitrate = 156000
10-27 08:01:27.029 31744 547 D CCodec : string mime = "audio/mp4a-latm"
10-27 08:01:27.029 31744 547 D CCodec : int32_t profile = 2
10-27 08:01:27.029 31744 547 D CCodec : }
10-27 08:01:27.029 31744 547 I CCodecConfig: query failed after returning 9
values (BAD_INDEX)
10-27 08:01:27.029 31744 547 D CCodecConfig: c2 config diff is c2::u32
input.buffers.max-size.value = 4096
10-27 08:01:27.031 31744 547 I hw-BpHwBinder: onLastStrongRef automatically
unlinking death recipients
10-27 08:01:27.032 31744 547 D MediaCodec: flushMediametrics
10-27 08:01:27.032 31744 547 D MediaCodec: flushMediametrics
10-27 08:01:28.170 31744 31744 D record1233: start recording..
10-27 08:01:28.296 31744 31744 D recording: Recording con....
10-27 08:01:28.296 31744 31744 D checklines: max= 28761
10-27 08:01:28.296 31744 31744 D speedScrollViw: delay =5
10-27 08:01:28.296 31744 31744 D speedScrollViw: period =5
10-27 08:01:28.298 31744 31744 D speedScrollViw: delay =5
10-27 08:01:28.298 31744 31744 D speedScrollViw: period =5
10-27 08:01:28.353 31744 31744 D checklines: moveScrollView to 1 to 28761 : 1
10-27 08:01:28.353 31744 31744 D checklines: moveScrollView to 1 to 28761 : 2
10-27 08:01:28.353 31744 31744 D checklines: moveScrollView to 1 to 28761 : 3
10-27 08:01:28.353 31744 31744 D checklines: moveScrollView to 1 to 28761 : 4
10-27 08:01:28.353 31744 31744 D checklines: moveScrollView to 1 to 28761 : 5
10-27 08:01:28.353 31744 31744 D checklines: moveScrollView to 1 to 28761 : 6
10-27 08:01:28.353 31744 31744 D checklines: moveScrollView to 1 to 28761 : 7
10-27 08:01:28.353 31744 31744 D checklines: moveScrollView to 1 to 28761 : 8
10-27 08:01:28.353 31744 31744 D checklines: moveScrollView to 1 to 28761 : 9
10-27 08:01:28.353 31744 31744 D checklines: moveScrollView to 1 to 28761 : 10
10-27 08:01:28.354 31744 31744 D checklines: moveScrollView to 1 to 28761 : 11
10-27 08:01:28.420 31744 31744 D checklines: moveScrollView to 1 to 28761 : 12
10-27 08:01:28.420 31744 31744 D checklines: moveScrollView to 1 to 28761 : 13
10-27 08:01:28.474 31744 31744 D checklines: moveScrollView to 1 to 28761 : 14
10-27 08:01:28.474 31744 31744 D checklines: moveScrollView to 1 to 28761 : 15
10-27 08:01:28.474 31744 31744 D checklines: moveScrollView to 1 to 28761 : 16
10-27 08:01:28.474 31744 31744 D checklines: moveScrollView to 1 to 28761 : 17
10-27 08:01:28.474 31744 31744 D checklines: moveScrollView to 1 to 28761 : 18
10-27 08:01:28.474 31744 31744 D checklines: moveScrollView to 1 to 28761 : 19
10-27 08:01:28.474 31744 31744 D checklines: moveScrollView to 1 to 28761 : 20
10-27 08:01:28.474 31744 31744 D checklines: moveScrollView to 1 to 28761 : 21
10-27 08:01:28.527 31744 31744 D checklines: moveScrollView to 1 to 28761 : 22
10-27 08:01:28.527 31744 31744 D checklines: moveScrollView to 1 to 28761 : 23
10-27 08:01:28.527 31744 31744 D checklines: moveScrollView to 1 to 28761 : 24
10-27 08:01:28.527 31744 31744 D checklines: moveScrollView to 1 to 28761 : 25
10-27 08:01:28.527 31744 31744 D checklines: moveScrollView to 1 to 28761 : 26
10-27 08:01:28.527 31744 31744 D checklines: moveScrollView to 1 to 28761 : 27
10-27 08:01:28.527 31744 31744 D checklines: moveScrollView to 1 to 28761 : 28
10-27 08:01:28.527 31744 31744 D checklines: moveScrollView to 1 to 28761 : 29
10-27 08:01:28.527 31744 31744 D checklines: moveScrollView to 1 to 28761 : 30
10-27 08:01:28.527 31744 31744 D checklines: moveScrollView to 1 to 28761 : 31
10-27 08:01:28.527 31744 31744 D checklines: moveScrollView to 1 to 28761 : 32
10-27 08:01:28.527 31744 31744 D checklines: moveScrollView to 1 to 28761 : 33
10-27 08:01:28.527 31744 31744 D checklines: moveScrollView to 1 to 28761 : 34
10-27 08:01:28.584 31744 31744 D checklines: moveScrollView to 1 to 28761 : 35
10-27 08:01:28.584 31744 31744 D checklines: moveScrollView to 1 to 28761 : 36
10-27 08:01:28.584 31744 31744 D checklines: moveScrollView to 1 to 28761 : 37
10-27 08:01:28.584 31744 31744 D checklines: moveScrollView to 1 to 28761 : 38
10-27 08:01:28.584 31744 31744 D checklines: moveScrollView to 1 to 28761 : 39
10-27 08:01:28.584 31744 31744 D checklines: moveScrollView to 1 to 28761 : 40
10-27 08:01:28.584 31744 31744 D checklines: moveScrollView to 1 to 28761 : 41
10-27 08:01:28.584 31744 31744 D checklines: moveScrollView to 1 to 28761 : 42
10-27 08:01:28.584 31744 31744 D checklines: moveScrollView to 1 to 28761 : 43
10-27 08:01:28.584 31744 31744 D checklines: moveScrollView to 1 to 28761 : 44
10-27 08:01:28.639 31744 31744 D checklines: moveScrollView to 1 to 28761 : 45
10-27 08:01:28.640 31744 31744 D checklines: moveScrollView to 1 to 28761 : 46
10-27 08:01:28.640 31744 31744 D checklines: moveScrollView to 1 to 28761 : 47
10-27 08:01:28.640 31744 31744 D checklines: moveScrollView to 1 to 28761 : 48
10-27 08:01:28.640 31744 31744 D checklines: moveScrollView to 1 to 28761 : 49
10-27 08:01:28.640 31744 31744 D checklines: moveScrollView to 1 to 28761 : 50
10-27 08:01:28.640 31744 31744 D checklines: moveScrollView to 1 to 28761 : 51
10-27 08:01:28.640 31744 31744 D checklines: moveScrollView to 1 to 28761 : 52
10-27 08:01:28.640 31744 31744 D checklines: moveScrollView to 1 to 28761 : 53
10-27 08:01:28.694 31744 31744 D checklines: moveScrollView to 1 to 28761 : 54
10-27 08:01:28.694 31744 31744 D checklines: moveScrollView to 1 to 28761 : 55
10-27 08:01:28.694 31744 31744 D checklines: moveScrollView to 1 to 28761 : 56
10-27 08:01:28.694 31744 31744 D checklines: moveScrollView to 1 to 28761 : 57
10-27 08:01:28.694 31744 31744 D checklines: moveScrollView to 1 to 28761 : 58
10-27 08:01:28.694 31744 31744 D checklines: moveScrollView to 1 to 28761 : 59
10-27 08:01:28.694 31744 31744 D checklines: moveScrollView to 1 to 28761 : 60
10-27 08:01:28.694 31744 31744 D checklines: moveScrollView to 1 to 28761 : 61
10-27 08:01:28.694 31744 31744 D checklines: moveScrollView to 1 to 28761 : 62
10-27 08:01:28.746 31744 31744 D checklines: moveScrollView to 1 to 28761 : 63
10-27 08:01:28.746 31744 31744 D checklines: moveScrollView to 1 to 28761 : 64
10-27 08:01:28.746 31744 31744 D checklines: moveScrollView to 1 to 28761 : 65
10-27 08:01:28.746 31744 31744 D checklines: moveScrollView to 1 to 28761 : 66
10-27 08:01:28.746 31744 31744 D checklines: moveScrollView to 1 to 28761 : 67
10-27 08:01:28.746 31744 31744 D checklines: moveScrollView to 1 to 28761 : 68
10-27 08:01:28.746 31744 31744 D checklines: moveScrollView to 1 to 28761 : 69
10-27 08:01:28.746 31744 31744 D checklines: moveScrollView to 1 to 28761 : 70
10-27 08:01:28.746 31744 31744 D checklines: moveScrollView to 1 to 28761 : 71
10-27 08:01:28.746 31744 31744 D checklines: moveScrollView to 1 to 28761 : 72
10-27 08:01:28.746 31744 31744 D checklines: moveScrollView to 1 to 28761 : 73
10-27 08:01:28.746 31744 31744 D checklines: moveScrollView to 1 to 28761 : 74
10-27 08:01:28.746 31744 31744 D checklines: moveScrollView to 1 to 28761 : 75
10-27 08:01:28.803 31744 31744 D checklines: moveScrollView to 1 to 28761 : 76
10-27 08:01:28.803 31744 31744 D checklines: moveScrollView to 1 to 28761 : 77
10-27 08:01:28.803 31744 31744 D checklines: moveScrollView to 1 to 28761 : 78
10-27 08:01:28.803 31744 31744 D checklines: moveScrollView to 1 to 28761 : 79
10-27 08:01:28.803 31744 31744 D checklines: moveScrollView to 1 to 28761 : 80
10-27 08:01:28.803 31744 31744 D checklines: moveScrollView to 1 to 28761 : 81
10-27 08:01:28.803 31744 31744 D checklines: moveScrollView to 1 to 28761 : 82
10-27 08:01:28.803 31744 31744 D checklines: moveScrollView to 1 to 28761 : 83
10-27 08:01:28.803 31744 31744 D checklines: moveScrollView to 1 to 28761 : 84
10-27 08:01:28.857 31744 31744 D checklines: moveScrollView to 1 to 28761 : 85
10-27 08:01:28.858 31744 31744 D checklines: moveScrollView to 1 to 28761 : 86
10-27 08:01:28.858 31744 31744 D checklines: moveScrollView to 1 to 28761 : 87
10-27 08:01:28.858 31744 31744 D checklines: moveScrollView to 1 to 28761 : 88
10-27 08:01:28.858 31744 31744 D checklines: moveScrollView to 1 to 28761 : 89
10-27 08:01:28.858 31744 31744 D checklines: moveScrollView to 1 to 28761 : 90
10-27 08:01:28.858 31744 31744 D checklines: moveScrollView to 1 to 28761 : 91
10-27 08:01:28.858 31744 31744 D checklines: moveScrollView to 1 to 28761 : 92
10-27 08:01:28.858 31744 31744 D checklines: moveScrollView to 1 to 28761 : 93
10-27 08:01:28.912 31744 31744 D checklines: moveScrollView to 1 to 28761 : 94
10-27 08:01:28.912 31744 31744 D checklines: moveScrollView to 1 to 28761 : 95
10-27 08:01:28.912 31744 31744 D checklines: moveScrollView to 1 to 28761 : 96
10-27 08:01:28.912 31744 31744 D checklines: moveScrollView to 1 to 28761 : 97
10-27 08:01:28.912 31744 31744 D checklines: moveScrollView to 1 to 28761 : 98
10-27 08:01:28.912 31744 31744 D checklines: moveScrollView to 1 to 28761 : 99
10-27 08:01:28.912 31744 31744 D checklines: moveScrollView to 1 to 28761 : 100
10-27 08:01:28.912 31744 31744 D checklines: moveScrollView to 1 to 28761 : 101
10-27 08:01:28.912 31744 31744 D checklines: moveScrollView to 1 to 28761 : 102
10-27 08:01:28.912 31744 31744 D checklines: moveScrollView to 1 to 28761 : 103
10-27 08:01:28.912 31744 31744 D checklines: moveScrollView to 1 to 28761 : 104
10-27 08:01:28.913 31744 31744 D checklines: moveScrollView to 1 to 28761 : 105
10-27 08:01:28.913 31744 31744 D checklines: moveScrollView to 1 to 28761 : 106
10-27 08:01:28.960 31744 31744 D checklines: moveScrollView to 1 to 28761 : 107
10-27 08:01:28.960 31744 31744 D checklines: moveScrollView to 1 to 28761 : 108
10-27 08:01:28.961 31744 31744 D checklines: moveScrollView to 1 to 28761 : 109
10-27 08:01:28.961 31744 31744 D checklines: moveScrollView to 1 to 28761 : 110
10-27 08:01:28.961 31744 31744 D checklines: moveScrollView to 1 to 28761 : 111
10-27 08:01:28.961 31744 31744 D checklines: moveScrollView to 1 to 28761 : 112
10-27 08:01:28.961 31744 31744 D checklines: moveScrollView to 1 to 28761 : 113
10-27 08:01:28.961 31744 31744 D checklines: moveScrollView to 1 to 28761 : 114
10-27 08:01:28.961 31744 31744 D checklines: moveScrollView to 1 to 28761 : 115
10-27 08:01:29.002 31744 31744 D checklines: moveScrollView to 1 to 28761 : 116
10-27 08:01:29.002 31744 31744 D checklines: moveScrollView to 1 to 28761 : 117
10-27 08:01:29.002 31744 31744 D checklines: moveScrollView to 1 to 28761 : 118
10-27 08:01:29.002 31744 31744 D checklines: moveScrollView to 1 to 28761 : 119
10-27 08:01:29.002 31744 31744 D checklines: moveScrollView to 1 to 28761 : 120
10-27 08:01:29.002 31744 31744 D checklines: moveScrollView to 1 to 28761 : 121
10-27 08:01:29.002 31744 31744 D checklines: moveScrollView to 1 to 28761 : 122
10-27 08:01:29.002 31744 31744 D checklines: moveScrollView to 1 to 28761 : 123
10-27 08:01:29.002 31744 31744 D checklines: moveScrollView to 1 to 28761 : 124
10-27 08:01:29.043 31744 31744 D checklines: moveScrollView to 1 to 28761 : 125
10-27 08:01:29.043 31744 31744 D checklines: moveScrollView to 1 to 28761 : 126
10-27 08:01:29.043 31744 31744 D checklines: moveScrollView to 1 to 28761 : 127
10-27 08:01:29.043 31744 31744 D checklines: moveScrollView to 1 to 28761 : 128
10-27 08:01:29.043 31744 31744 D checklines: moveScrollView to 1 to 28761 : 129
10-27 08:01:29.043 31744 31744 D checklines: moveScrollView to 1 to 28761 : 130
10-27 08:01:29.085 31744 31744 D checklines: moveScrollView to 1 to 28761 : 131
10-27 08:01:29.085 31744 31744 D checklines: moveScrollView to 1 to 28761 : 132
10-27 08:01:29.086 31744 31744 D checklines: moveScrollView to 1 to 28761 : 133
10-27 08:01:29.086 31744 31744 D checklines: moveScrollView to 1 to 28761 : 134
10-27 08:01:29.086 31744 31744 D checklines: moveScrollView to 1 to 28761 : 135
10-27 08:01:29.086 31744 31744 D checklines: moveScrollView to 1 to 28761 : 136
10-27 08:01:29.086 31744 31744 D checklines: moveScrollView to 1 to 28761 : 137
10-27 08:01:29.086 31744 31744 D checklines: moveScrollView to 1 to 28761 : 138
10-27 08:01:29.086 31744 31744 D checklines: moveScrollView to 1 to 28761 : 139
10-27 08:01:29.125 31744 31744 D checklines: moveScrollView to 1 to 28761 : 140
10-27 08:01:29.125 31744 31744 D checklines: moveScrollView to 1 to 28761 : 141
10-27 08:01:29.125 31744 31744 D checklines: moveScrollView to 1 to 28761 : 142
10-27 08:01:29.125 31744 31744 D checklines: moveScrollView to 1 to 28761 : 143
10-27 08:01:29.125 31744 31744 D checklines: moveScrollView to 1 to 28761 : 144
10-27 08:01:29.125 31744 31744 D checklines: moveScrollView to 1 to 28761 : 145
10-27 08:01:29.164 31744 31744 D checklines: moveScrollView to 1 to 28761 : 146
10-27 08:01:29.164 31744 31744 D checklines: moveScrollView to 1 to 28761 : 147
10-27 08:01:29.164 31744 31744 D checklines: moveScrollView to 1 to 28761 : 148
10-27 08:01:29.164 31744 31744 D checklines: moveScrollView to 1 to 28761 : 149
10-27 08:01:29.164 31744 31744 D checklines: moveScrollView to 1 to 28761 : 150
10-27 08:01:29.164 31744 31744 D checklines: moveScrollView to 1 to 28761 : 151
10-27 08:01:29.164 31744 31744 D checklines: moveScrollView to 1 to 28761 : 152
10-27 08:01:29.164 31744 31744 D checklines: moveScrollView to 1 to 28761 : 153
10-27 08:01:29.205 31744 31744 D checklines: moveScrollView to 1 to 28761 : 154
10-27 08:01:29.206 31744 31744 D checklines: moveScrollView to 1 to 28761 : 155
10-27 08:01:29.206 31744 31744 D checklines: moveScrollView to 1 to 28761 : 156
10-27 08:01:29.206 31744 31744 D checklines: moveScrollView to 1 to 28761 : 157
10-27 08:01:29.206 31744 31744 D checklines: moveScrollView to 1 to 28761 : 158
10-27 08:01:29.206 31744 31744 D checklines: moveScrollView to 1 to 28761 : 159
10-27 08:01:29.245 31744 31744 D checklines: moveScrollView to 1 to 28761 : 160
10-27 08:01:29.245 31744 31744 D checklines: moveScrollView to 1 to 28761 : 161
10-27 08:01:29.245 31744 31744 D checklines: moveScrollView to 1 to 28761 : 162
10-27 08:01:29.245 31744 31744 D checklines: moveScrollView to 1 to 28761 : 163
10-27 08:01:29.245 31744 31744 D checklines: moveScrollView to 1 to 28761 : 164
10-27 08:01:29.245 31744 31744 D checklines: moveScrollView to 1 to 28761 : 165
10-27 08:01:29.283 31744 31744 D checklines: moveScrollView to 1 to 28761 : 166
10-27 08:01:29.283 31744 31744 D checklines: moveScrollView to 1 to 28761 : 167
10-27 08:01:29.283 31744 31744 D checklines: moveScrollView to 1 to 28761 : 168
10-27 08:01:29.283 31744 31744 D checklines: moveScrollView to 1 to 28761 : 169
10-27 08:01:29.283 31744 31744 D checklines: moveScrollView to 1 to 28761 : 170
10-27 08:01:29.283 31744 31744 D checklines: moveScrollView to 1 to 28761 : 171
10-27 08:01:29.283 31744 31744 D checklines: moveScrollView to 1 to 28761 : 172
10-27 08:01:29.283 31744 31744 D checklines: moveScrollView to 1 to 28761 : 173
10-27 08:01:29.283 31744 31744 D checklines: moveScrollView to 1 to 28761 : 174
10-27 08:01:29.324 31744 31744 D checklines: moveScrollView to 1 to 28761 : 175
10-27 08:01:29.324 31744 31744 D checklines: moveScrollView to 1 to 28761 : 176
10-27 08:01:29.324 31744 31744 D checklines: moveScrollView to 1 to 28761 : 177
10-27 08:01:29.324 31744 31744 D checklines: moveScrollView to 1 to 28761 : 178
10-27 08:01:29.324 31744 31744 D checklines: moveScrollView to 1 to 28761 : 179
10-27 08:01:29.324 31744 31744 D checklines: moveScrollView to 1 to 28761 : 180
10-27 08:01:29.367 31744 31744 D checklines: moveScrollView to 1 to 28761 : 181
10-27 08:01:29.367 31744 31744 D checklines: moveScrollView to 1 to 28761 : 182
10-27 08:01:29.367 31744 31744 D checklines: moveScrollView to 1 to 28761 : 183
10-27 08:01:29.367 31744 31744 D checklines: moveScrollView to 1 to 28761 : 184
10-27 08:01:29.367 31744 31744 D checklines: moveScrollView to 1 to 28761 : 185
10-27 08:01:29.367 31744 31744 D checklines: moveScrollView to 1 to 28761 : 186
10-27 08:01:29.412 31744 31744 D checklines: moveScrollView to 1 to 28761 : 187
10-27 08:01:29.412 31744 31744 D checklines: moveScrollView to 1 to 28761 : 188
10-27 08:01:29.412 31744 31744 D checklines: moveScrollView to 1 to 28761 : 189
10-27 08:01:29.412 31744 31744 D checklines: moveScrollView to 1 to 28761 : 190
10-27 08:01:29.412 31744 31744 D checklines: moveScrollView to 1 to 28761 : 191
10-27 08:01:29.412 31744 31744 D checklines: moveScrollView to 1 to 28761 : 192
10-27 08:01:29.412 31744 31744 D checklines: moveScrollView to 1 to 28761 : 193
10-27 08:01:29.412 31744 31744 D checklines: moveScrollView to 1 to 28761 : 194
10-27 08:01:29.412 31744 31744 D checklines: moveScrollView to 1 to 28761 : 195
10-27 08:01:29.412 31744 31744 D checklines: moveScrollView to 1 to 28761 : 196
10-27 08:01:29.412 31744 31744 D checklines: moveScrollView to 1 to 28761 : 197
10-27 08:01:29.412 31744 31744 D checklines: moveScrollView to 1 to 28761 : 198
10-27 08:01:29.412 31744 31744 D checklines: moveScrollView to 1 to 28761 : 199
10-27 08:01:29.412 31744 31744 D checklines: moveScrollView to 1 to 28761 : 200
10-27 08:01:29.455 31744 31744 D checklines: moveScrollView to 1 to 28761 : 201
10-27 08:01:29.455 31744 31744 D checklines: moveScrollView to 1 to 28761 : 202
10-27 08:01:29.455 31744 31744 D checklines: moveScrollView to 1 to 28761 : 203
10-27 08:01:29.455 31744 31744 D checklines: moveScrollView to 1 to 28761 : 204
10-27 08:01:29.455 31744 31744 D checklines: moveScrollView to 1 to 28761 : 205
10-27 08:01:29.455 31744 31744 D checklines: moveScrollView to 1 to 28761 : 206
10-27 08:01:29.455 31744 31744 D checklines: moveScrollView to 1 to 28761 : 207
10-27 08:01:29.455 31744 31744 D checklines: moveScrollView to 1 to 28761 : 208
10-27 08:01:29.455 31744 31744 D checklines: moveScrollView to 1 to 28761 : 209
10-27 08:01:29.456 31744 31744 D checklines: moveScrollView to 1 to 28761 : 210
10-27 08:01:29.509 31744 31744 D checklines: moveScrollView to 1 to 28761 : 211
10-27 08:01:29.509 31744 31744 D checklines: moveScrollView to 1 to 28761 : 212
10-27 08:01:29.509 31744 31744 D checklines: moveScrollView to 1 to 28761 : 213
10-27 08:01:29.549 31744 31744 D checklines: moveScrollView to 1 to 28761 : 214
10-27 08:01:29.549 31744 31744 D checklines: moveScrollView to 1 to 28761 : 215
10-27 08:01:29.549 31744 31744 D checklines: moveScrollView to 1 to 28761 : 216
10-27 08:01:29.549 31744 31744 D checklines: moveScrollView to 1 to 28761 : 217
10-27 08:01:29.549 31744 31744 D checklines: moveScrollView to 1 to 28761 : 218
10-27 08:01:29.549 31744 31744 D checklines: moveScrollView to 1 to 28761 : 219
10-27 08:01:29.588 31744 31744 D checklines: moveScrollView to 1 to 28761 : 220
10-27 08:01:29.588 31744 31744 D checklines: moveScrollView to 1 to 28761 : 221
10-27 08:01:29.588 31744 31744 D checklines: moveScrollView to 1 to 28761 : 222
10-27 08:01:29.588 31744 31744 D checklines: moveScrollView to 1 to 28761 : 223
10-27 08:01:29.588 31744 31744 D checklines: moveScrollView to 1 to 28761 : 224
10-27 08:01:29.588 31744 31744 D checklines: moveScrollView to 1 to 28761 : 225
10-27 08:01:29.588 31744 31744 D checklines: moveScrollView to 1 to 28761 : 226
10-27 08:01:29.588 31744 31744 D checklines: moveScrollView to 1 to 28761 : 227
10-27 08:01:29.588 31744 31744 D checklines: moveScrollView to 1 to 28761 : 228
10-27 08:01:29.628 31744 31744 D checklines: moveScrollView to 1 to 28761 : 229
10-27 08:01:29.628 31744 31744 D checklines: moveScrollView to 1 to 28761 : 230
10-27 08:01:29.628 31744 31744 D checklines: moveScrollView to 1 to 28761 : 231
10-27 08:01:29.628 31744 31744 D checklines: moveScrollView to 1 to 28761 : 232
10-27 08:01:29.628 31744 31744 D checklines: moveScrollView to 1 to 28761 : 233
10-27 08:01:29.628 31744 31744 D checklines: moveScrollView to 1 to 28761 : 234
10-27 08:01:29.668 31744 31744 D checklines: moveScrollView to 1 to 28761 : 235
10-27 08:01:29.668 31744 31744 D checklines: moveScrollView to 1 to 28761 : 236
10-27 08:01:29.668 31744 31744 D checklines: moveScrollView to 1 to 28761 : 237
10-27 08:01:29.668 31744 31744 D checklines: moveScrollView to 1 to 28761 : 238
10-27 08:01:29.668 31744 31744 D checklines: moveScrollView to 1 to 28761 : 239
10-27 08:01:29.668 31744 31744 D checklines: moveScrollView to 1 to 28761 : 240
10-27 08:01:29.668 31744 31744 D checklines: moveScrollView to 1 to 28761 : 241
10-27 08:01:29.668 31744 31744 D checklines: moveScrollView to 1 to 28761 : 242
10-27 08:01:29.709 31744 31744 D checklines: moveScrollView to 1 to 28761 : 243
10-27 08:01:29.709 31744 31744 D checklines: moveScrollView to 1 to 28761 : 244
10-27 08:01:29.709 31744 31744 D checklines: moveScrollView to 1 to 28761 : 245
10-27 08:01:29.709 31744 31744 D checklines: moveScrollView to 1 to 28761 : 246
10-27 08:01:29.709 31744 31744 D checklines: moveScrollView to 1 to 28761 : 247
10-27 08:01:29.709 31744 31744 D checklines: moveScrollView to 1 to 28761 : 248
10-27 08:01:29.747 31744 31744 D checklines: moveScrollView to 1 to 28761 : 249
10-27 08:01:29.747 31744 31744 D checklines: moveScrollView to 1 to 28761 : 250
10-27 08:01:29.747 31744 31744 D checklines: moveScrollView to 1 to 28761 : 251
10-27 08:01:29.747 31744 31744 D checklines: moveScrollView to 1 to 28761 : 252
10-27 08:01:29.747 31744 31744 D checklines: moveScrollView to 1 to 28761 : 253
10-27 08:01:29.747 31744 31744 D checklines: moveScrollView to 1 to 28761 : 254
10-27 08:01:29.786 31744 31744 D checklines: moveScrollView to 1 to 28761 : 255
10-27 08:01:29.786 31744 31744 D checklines: moveScrollView to 1 to 28761 : 256
10-27 08:01:29.787 31744 31744 D checklines: moveScrollView to 1 to 28761 : 257
10-27 08:01:29.787 31744 31744 D checklines: moveScrollView to 1 to 28761 : 258
10-27 08:01:29.787 31744 31744 D checklines: moveScrollView to 1 to 28761 : 259
10-27 08:01:29.787 31744 31744 D checklines: moveScrollView to 1 to 28761 : 260
10-27 08:01:29.787 31744 31744 D checklines: moveScrollView to 1 to 28761 : 261
10-27 08:01:29.787 31744 31744 D checklines: moveScrollView to 1 to 28761 : 262
10-27 08:01:29.787 31744 31744 D checklines: moveScrollView to 1 to 28761 : 263
10-27 08:01:29.787 31744 31744 D checklines: moveScrollView to 1 to 28761 : 264
10-27 08:01:29.825 31744 31744 D checklines: moveScrollView to 1 to 28761 : 265
10-27 08:01:29.825 31744 31744 D checklines: moveScrollView to 1 to 28761 : 266
10-27 08:01:29.826 31744 31744 D checklines: moveScrollView to 1 to 28761 : 267
10-27 08:01:29.826 31744 31744 D checklines: moveScrollView to 1 to 28761 : 268
10-27 08:01:29.826 31744 31744 D checklines: moveScrollView to 1 to 28761 : 269
10-27 08:01:29.826 31744 31744 D checklines: moveScrollView to 1 to 28761 : 270
10-27 08:01:29.864 31744 31744 D checklines: moveScrollView to 1 to 28761 : 271
10-27 08:01:29.864 31744 31744 D checklines: moveScrollView to 1 to 28761 : 272
10-27 08:01:29.864 31744 31744 D checklines: moveScrollView to 1 to 28761 : 273
10-27 08:01:29.864 31744 31744 D checklines: moveScrollView to 1 to 28761 : 274
10-27 08:01:29.864 31744 31744 D checklines: moveScrollView to 1 to 28761 : 275
10-27 08:01:29.864 31744 31744 D checklines: moveScrollView to 1 to 28761 : 276
10-27 08:01:29.903 31744 31744 D checklines: moveScrollView to 1 to 28761 : 277
10-27 08:01:29.903 31744 31744 D checklines: moveScrollView to 1 to 28761 : 278
10-27 08:01:29.903 31744 31744 D checklines: moveScrollView to 1 to 28761 : 279
