05-09 12:28:05.403 26316 26532 D AudioTrack: [audioTrackData][zero] 6s(f:0 m:0 s:0
k:0 z:6001) : pid 26316 uid 10587 sessionId 27817 sr 48000 ch 2 fmt 1
mMaxAmplitude 0
05-09 12:28:05.617 26045 26049 I m.fnatic.loader: Background concurrent mark
compact GC freed 7705KB AllocSpace bytes, 55(1100KB) LOS objects, 49% free,
12MB/25MB, paused 1.916ms,3.054ms total 119.376ms
05-09 12:28:05.626 26045 26051 W m.fnatic.loader: ApkAssets: Deleting an ApkAssets
object '<empty> and /data/app/~~EqapaSUCKgj-hwqbmFPKrA==/com.pubg.imobile--
uTAicvntdw3MWHi-pRZUQ==/base.apk' with 1 weak references
05-09 12:28:05.702 26316 26411 I TDM : [TDM][I][2025-05-09 12:28:05 702]
[0x7ce3eca410][(TDMHTTPClient.cpp:289) SendJsonPostRequest] : Http network call
back
05-09 12:28:05.702 26316 26411 I TDM : [TDM][E][2025-05-09 12:28:05 702]
[0x7ce3eca410][(TBlueDataReportManager.cpp:243) OnHTTPRouteResp] : OnHTTPRouteResp
ret != 0 or respBody is empty
05-09 12:28:05.811 26045 26045 D MiuiCameraCoveredManager:
java.lang.NullPointerException: Attempt to invoke virtual method 'java.lang.String
android.provider.MiuiSettings$SettingsCloudData$CloudData.getString(java.lang.Strin
g, java.lang.String)' on a null object reference
05-09 12:28:05.813 26045 26096 W libc : Access denied finding property
"ro.vendor.display.iris_x7.support"
05-09 12:28:05.814 26045 26045 D VRI[] : hardware acceleration = true,
forceHwAccelerated = false
05-09 12:28:05.823 26045 26045 D AppOpsManager: Noted app header size: 36
05-09 12:28:05.825 26045 26045 D InputEventReceiver: Input log is disabled in
InputEventReceiver.
05-09 12:28:06.034 26045 26045 D BufferQueueConsumer: [](id:65bd00000006,api:0,p:-
1,c:26045) connect: controlledByApp=false
05-09 12:28:06.035 26045 26045 D BLASTBufferQueue: [VRI[]#6](f:0,a:0) constructor()
05-09 12:28:06.035 26045 26045 D BLASTBufferQueue: [VRI[]#6](f:0,a:0) update
width=963 height=866 format=1 mTransformHint=4
05-09 12:28:06.080 26045 26045 D VRI[] : vri.reportNextDraw
android.view.ViewRootImpl.performTraversals:4958
android.view.ViewRootImpl.doTraversal:3549
android.view.ViewRootImpl$TraversalRunnable.run:11736
android.view.Choreographer$CallbackRecord.run:1778
android.view.Choreographer$CallbackRecord.run:1787
05-09 12:28:06.080 26045 26045 D VRI[] : Setup new sync=wmsSync-VRI[]#20
05-09 12:28:06.090 26045 26096 D HWUI : makeCurrent grContext:0xb400007aa6d62890
reset mTextureAvailable
05-09 12:28:06.203 26045 26096 D BLASTBufferQueue: [VRI[]#6](f:0,a:1)
acquireNextBufferLocked size=963x866 mFrameNumber=1 applyTransaction=true
mTimestamp=353453620506297(auto) mPendingTransactions.size=0
graphicBufferId=111862423224351 transform=7
05-09 12:28:06.204 26045 26045 D VRI[] : vri.reportDrawFinished
05-09 12:28:06.234 26045 26045 D MiuiCameraCoveredManager:
java.lang.NullPointerException: Attempt to invoke virtual method 'java.lang.String
android.provider.MiuiSettings$SettingsCloudData$CloudData.getString(java.lang.Strin
g, java.lang.String)' on a null object reference
05-09 12:28:06.236 26045 26096 W libc : Access denied finding property
"ro.vendor.display.iris_x7.support"
05-09 12:28:06.238 26045 26045 D VRI[] : hardware acceleration = true,
forceHwAccelerated = false
05-09 12:28:06.244 26045 26045 D AppOpsManager: Noted app header size: 36
05-09 12:28:06.246 26045 26045 D InputEventReceiver: Input log is disabled in
InputEventReceiver.
05-09 12:28:06.246 26045 26045 I Choreographer: Skipped 40 frames! The application
may be doing too much work on its main thread.
05-09 12:28:06.259 26045 26045 D BufferQueueConsumer: [](id:65bd00000007,api:0,p:-
1,c:26045) connect: controlledByApp=false
05-09 12:28:06.259 26045 26045 D BLASTBufferQueue: [VRI[]#7](f:0,a:0) constructor()
05-09 12:28:06.259 26045 26045 D BLASTBufferQueue: [VRI[]#7](f:0,a:0) update
width=2400 height=1080 format=1 mTransformHint=4
05-09 12:28:06.265 26045 26045 D VRI[] : vri.reportNextDraw
android.view.ViewRootImpl.performTraversals:4958
android.view.ViewRootImpl.doTraversal:3549
android.view.ViewRootImpl$TraversalRunnable.run:11736
android.view.Choreographer$CallbackRecord.run:1778
android.view.Choreographer$CallbackRecord.run:1787
05-09 12:28:06.266 26045 26045 D VRI[] : Setup new sync=wmsSync-VRI[]#22
05-09 12:28:06.266 26045 26045 E Dyno-Draw: socket not connected yet
05-09 12:28:06.266 26045 26096 D HWUI : makeCurrent grContext:0xb400007aa6d62890
reset mTextureAvailable
05-09 12:28:06.271 26045 26096 D BLASTBufferQueue: [VRI[]#7](f:0,a:1)
acquireNextBufferLocked size=2400x1080 mFrameNumber=1 applyTransaction=true
mTimestamp=353453688757990(auto) mPendingTransactions.size=0
graphicBufferId=111862423224353 transform=7
05-09 12:28:06.272 26045 26045 D VRI[] : vri.reportDrawFinished
05-09 12:28:06.273 26045 26045 W Looper : PerfMonitor doFrame : time=26ms
vsyncFrame=21285957 latency=333ms procState=-1 historyMsgCount=5 (msgIndex=1
wall=296ms seq=8655 late=121ms h=android.view.Choreographer$FrameHandler
c=android.view.Choreographer$FrameDisplayEventReceiver)
05-09 12:28:06.280 26045 26045 E Dyno-Draw: socket not connected yet
05-09 12:28:06.289 26045 26045 E Dyno-Draw: socket not connected yet
05-09 12:28:06.297 26045 26045 E Dyno-Draw: socket not connected yet
05-09 12:28:06.313 26045 26045 E Dyno-Draw: socket not connected yet
05-09 12:28:06.330 26045 26045 E Dyno-Draw: socket not connected yet
05-09 12:28:06.347 26045 26045 E Dyno-Draw: socket not connected yet
05-09 12:28:06.363 26045 26045 E Dyno-Draw: socket not connected yet
05-09 12:28:06.380 26045 26045 E Dyno-Draw: socket not connected yet
05-09 12:28:06.397 26045 26045 E Dyno-Draw: socket not connected yet
05-09 12:28:06.407 26316 26532 D AudioTrack: [audioTrackData][zero] 7s(f:0 m:0 s:0
k:0 z:7004) : pid 26316 uid 10587 sessionId 27817 sr 48000 ch 2 fmt 1
mMaxAmplitude 0
05-09 12:28:06.414 26045 26045 E Dyno-Draw: socket not connected yet
05-09 12:28:06.430 26045 26045 E Dyno-Draw: socket not connected yet
05-09 12:28:06.447 26045 26045 E Dyno-Draw: socket not connected yet
05-09 12:28:06.463 26045 26045 E Dyno-Draw: socket not connected yet
05-09 12:28:06.479 26045 26045 E Dyno-Draw: socket not connected yet
05-09 12:28:06.496 26045 26045 E Dyno-Draw: socket not connected yet
05-09 12:28:06.513 26045 26045 E Dyno-Draw: socket not connected yet
05-09 12:28:06.529 26045 26045 E Dyno-Draw: socket not connected yet
05-09 12:28:06.546 26045 26045 E Dyno-Draw: socket not connected yet
05-09 12:28:06.563 26045 26045 E Dyno-Draw: socket not connected yet
05-09 12:28:06.579 26045 26045 E Dyno-Draw: socket not connected yet
05-09 12:28:06.596 26045 26045 E Dyno-Draw: socket not connected yet
05-09 12:28:06.613 26045 26045 E Dyno-Draw: socket not connected yet
05-09 12:28:06.621 26045 26045 E Dyno-Draw: socket not connected yet
05-09 12:28:06.638 26045 26045 E Dyno-Draw: socket not connected yet
05-09 12:28:06.654 26045 26045 E Dyno-Draw: socket not connected yet
05-09 12:28:06.671 26045 26045 E Dyno-Draw: socket not connected yet
05-09 12:28:06.687 26045 26045 E Dyno-Draw: socket not connected yet
05-09 12:28:06.704 26045 26045 E Dyno-Draw: socket not connected yet
05-09 12:28:06.721 26045 26045 E Dyno-Draw: socket not connected yet
05-09 12:28:06.737 26045 26045 E Dyno-Draw: socket not connected yet
05-09 12:28:06.754 26045 26045 E Dyno-Draw: socket not connected yet
05-09 12:28:06.771 26045 26045 E Dyno-Draw: socket not connected yet
05-09 12:28:06.787 26045 26045 E Dyno-Draw: socket not connected yet
05-09 12:28:06.804 26045 26045 E Dyno-Draw: socket not connected yet
05-09 12:28:06.821 26045 26045 E Dyno-Draw: socket not connected yet
05-09 12:28:06.837 26045 26045 E Dyno-Draw: socket not connected yet
05-09 12:28:06.854 26045 26045 E Dyno-Draw: socket not connected yet
05-09 12:28:06.870 26045 26045 E Dyno-Draw: socket not connected yet
05-09 12:28:06.887 26045 26045 E Dyno-Draw: socket not connected yet
05-09 12:28:06.905 26045 26045 E Dyno-Draw: socket not connected yet
05-09 12:28:06.921 26045 26045 E Dyno-Draw: socket not connected yet
05-09 12:28:06.937 26045 26045 E Dyno-Draw: socket not connected yet
05-09 12:28:06.954 26045 26045 E Dyno-Draw: socket not connected yet
05-09 12:28:06.971 26045 26045 E Dyno-Draw: socket not connected yet
05-09 12:28:06.987 26045 26045 E Dyno-Draw: socket not connected yet
05-09 12:28:07.005 26045 26045 E Dyno-Draw: socket not connected yet
05-09 12:28:07.020 26045 26045 E Dyno-Draw: socket not connected yet
05-09 12:28:07.037 26045 26045 E Dyno-Draw: socket not connected yet
05-09 12:28:07.054 26045 26045 E Dyno-Draw: socket not connected yet
05-09 12:28:07.071 26045 26045 E Dyno-Draw: socket not connected yet
05-09 12:28:07.079 26045 26045 E Dyno-Draw: socket not connected yet
05-09 12:28:07.095 26045 26045 E Dyno-Draw: socket not connected yet
05-09 12:28:07.120 26045 26045 E Dyno-Draw: socket not connected yet
05-09 12:28:07.129 26045 26045 E Dyno-Draw: socket not connected yet
05-09 12:28:07.145 26045 26045 E Dyno-Draw: socket not connected yet
05-09 12:28:07.162 26045 26045 E Dyno-Draw: socket not connected yet
05-09 12:28:07.179 26045 26045 E Dyno-Draw: socket not connected yet
05-09 12:28:07.195 26045 26045 E Dyno-Draw: socket not connected yet
05-09 12:28:07.211 26045 26045 E Dyno-Draw: socket not connected yet
05-09 12:28:07.229 26045 26045 E Dyno-Draw: socket not connected yet
05-09 12:28:07.245 26045 26045 E Dyno-Draw: socket not connected yet
05-09 12:28:07.262 26045 26045 E Dyno-Draw: socket not connected yet
05-09 12:28:07.279 26045 26045 E Dyno-Draw: socket not connected yet
05-09 12:28:07.295 26045 26045 E Dyno-Draw: socket not connected yet
05-09 12:28:07.311 26045 26045 E Dyno-Draw: socket not connected yet
05-09 12:28:07.328 26045 26045 E Dyno-Draw: socket not connected yet
05-09 12:28:07.345 26045 26045 E Dyno-Draw: socket not connected yet
05-09 12:28:07.361 26045 26045 E Dyno-Draw: socket not connected yet
05-09 12:28:07.378 26045 26045 E Dyno-Draw: socket not connected yet
05-09 12:28:07.395 26045 26045 E Dyno-Draw: socket not connected yet
05-09 12:28:07.410 26316 26532 D AudioTrack: [audioTrackData][zero] 8s(f:0 m:0 s:0
k:0 z:8007) : pid 26316 uid 10587 sessionId 27817 sr 48000 ch 2 fmt 1
mMaxAmplitude 0
05-09 12:28:07.411 26045 26045 E Dyno-Draw: socket not connected yet
05-09 12:28:07.428 26045 26045 E Dyno-Draw: socket not connected yet
05-09 12:28:07.444 26045 26045 E Dyno-Draw: socket not connected yet
05-09 12:28:07.461 26045 26045 E Dyno-Draw: socket not connected yet
05-09 12:28:07.477 26045 26045 E Dyno-Draw: socket not connected yet
05-09 12:28:07.494 26045 26045 E Dyno-Draw: socket not connected yet
05-09 12:28:07.511 26045 26045 E Dyno-Draw: socket not connected yet
05-09 12:28:07.529 26045 26045 E Dyno-Draw: socket not connected yet
05-09 12:28:07.546 26045 26045 E Dyno-Draw: socket not connected yet
05-09 12:28:07.563 26045 26045 E Dyno-Draw: socket not connected yet
05-09 12:28:07.578 26045 26045 E Dyno-Draw: socket not connected yet
05-09 12:28:07.595 26045 26045 E Dyno-Draw: socket not connected yet
05-09 12:28:07.612 26045 26045 E Dyno-Draw: socket not connected yet
05-09 12:28:07.628 26045 26045 E Dyno-Draw: socket not connected yet
05-09 12:28:07.645 26045 26045 E Dyno-Draw: socket not connected yet
05-09 12:28:07.662 26045 26045 E Dyno-Draw: socket not connected yet
05-09 12:28:07.678 26045 26045 E Dyno-Draw: socket not connected yet
05-09 12:28:07.695 26045 26045 E Dyno-Draw: socket not connected yet
05-09 12:28:07.712 26045 26045 E Dyno-Draw: socket not connected yet
05-09 12:28:07.729 26045 26045 E Dyno-Draw: socket not connected yet
05-09 12:28:07.745 26045 26045 E Dyno-Draw: socket not connected yet
05-09 12:28:07.761 26045 26045 E Dyno-Draw: socket not connected yet
05-09 12:28:07.778 26045 26045 E Dyno-Draw: socket not connected yet
05-09 12:28:07.785 26045 26045 E Dyno-Draw: socket not connected yet
05-09 12:28:07.802 26045 26045 E Dyno-Draw: socket not connected yet
05-09 12:28:07.819 26045 26045 E Dyno-Draw: socket not connected yet
05-09 12:28:07.835 26045 26045 E Dyno-Draw: socket not connected yet
05-09 12:28:07.852 26045 26045 E Dyno-Draw: socket not connected yet
05-09 12:28:07.869 26045 26045 E Dyno-Draw: socket not connected yet
05-09 12:28:07.885 26045 26045 E Dyno-Draw: socket not connected yet
05-09 12:28:07.902 26045 26045 E Dyno-Draw: socket not connected yet
05-09 12:28:07.918 26045 26045 E Dyno-Draw: socket not connected yet
05-09 12:28:07.936 26045 26045 E Dyno-Draw: socket not connected yet
05-09 12:28:07.960 26045 26045 E Dyno-Draw: socket not connected yet
05-09 12:28:07.968 26045 26045 E Dyno-Draw: socket not connected yet
05-09 12:28:07.985 26045 26045 E Dyno-Draw: socket not connected yet
05-09 12:28:08.002 26045 26045 E Dyno-Draw: socket not connected yet
05-09 12:28:08.018 26045 26045 E Dyno-Draw: socket not connected yet
05-09 12:28:08.035 26045 26045 E Dyno-Draw: socket not connected yet
05-09 12:28:08.051 26045 26045 E Dyno-Draw: socket not connected yet
05-09 12:28:08.068 26045 26045 E Dyno-Draw: socket not connected yet
05-09 12:28:08.076 26045 26045 E Dyno-Draw: socket not connected yet
05-09 12:28:08.093 26045 26045 E Dyno-Draw: socket not connected yet
05-09 12:28:08.109 26045 26045 E Dyno-Draw: socket not connected yet
05-09 12:28:08.126 26045 26045 E Dyno-Draw: socket not connected yet
05-09 12:28:08.143 26045 26045 E Dyno-Draw: socket not connected yet
05-09 12:28:08.150 26316 26408 I TDM : [TDM][I][2025-05-09 12:28:08 149]
[0x7ce3eca410][(TBlueData.cpp:339) SetLogLevel] : LogLevel:4
05-09 12:28:08.150 26316 26408 I TDM : [TDM][I][2025-05-09 12:28:08 150]
[0x7ce3eca410][(TLog.cpp:306) SetTLogLevel] : LogLevel:4
05-09 12:28:08.159 26045 26045 E Dyno-Draw: socket not connected yet
05-09 12:28:08.176 26045 26045 E Dyno-Draw: socket not connected yet
05-09 12:28:08.193 26045 26045 E Dyno-Draw: socket not connected yet
05-09 12:28:08.210 26045 26045 E Dyno-Draw: socket not connected yet
05-09 12:28:08.226 26045 26045 E Dyno-Draw: socket not connected yet
05-09 12:28:08.242 26045 26045 E Dyno-Draw: socket not connected yet
05-09 12:28:08.260 26045 26045 E Dyno-Draw: socket not connected yet
05-09 12:28:08.276 26045 26045 E Dyno-Draw: socket not connected yet
05-09 12:28:08.293 26045 26045 E Dyno-Draw: socket not connected yet
05-09 12:28:08.309 26045 26045 E Dyno-Draw: socket not connected yet
05-09 12:28:08.326 26045 26045 E Dyno-Draw: socket not connected yet
05-09 12:28:08.342 26045 26045 E Dyno-Draw: socket not connected yet
05-09 12:28:08.359 26045 26045 E Dyno-Draw: socket not connected yet
05-09 12:28:08.376 26045 26045 E Dyno-Draw: socket not connected yet
05-09 12:28:08.393 26045 26045 E Dyno-Draw: socket not connected yet
05-09 12:28:08.409 26045 26045 E Dyno-Draw: socket not connected yet
05-09 12:28:08.411 26316 26532 D AudioTrack: [audioTrackData][zero] 9s(f:0 m:0 s:0
k:0 z:9009) : pid 26316 uid 10587 sessionId 27817 sr 48000 ch 2 fmt 1
mMaxAmplitude 0
05-09 12:28:08.425 26045 26045 E Dyno-Draw: socket not connected yet
05-09 12:28:08.442 26045 26045 E Dyno-Draw: socket not connected yet
05-09 12:28:08.459 26045 26045 E Dyno-Draw: socket not connected yet
05-09 12:28:08.475 26045 26045 E Dyno-Draw: socket not connected yet
05-09 12:28:08.484 26045 26045 E Dyno-Draw: socket not connected yet
05-09 12:28:08.509 26045 26045 E Dyno-Draw: socket not connected yet
05-09 12:28:08.526 26045 26045 E Dyno-Draw: socket not connected yet
05-09 12:28:08.534 26045 26045 E Dyno-Draw: socket not connected yet
05-09 12:28:08.551 26045 26045 E Dyno-Draw: socket not connected yet
05-09 12:28:08.567 26045 26045 E Dyno-Draw: socket not connected yet
05-09 12:28:08.583 26045 26045 E Dyno-Draw: socket not connected yet
05-09 12:28:08.600 26045 26045 E Dyno-Draw: socket not connected yet
05-09 12:28:08.616 26045 26045 E Dyno-Draw: socket not connected yet
05-09 12:28:08.634 26045 26045 E Dyno-Draw: socket not connected yet
05-09 12:28:08.651 26045 26045 E Dyno-Draw: socket not connected yet
05-09 12:28:08.667 26045 26045 E Dyno-Draw: socket not connected yet
05-09 12:28:08.684 26045 26045 E Dyno-Draw: socket not connected yet
05-09 12:28:08.700 26045 26045 E Dyno-Draw: socket not connected yet
05-09 12:28:08.717 26045 26045 E Dyno-Draw: socket not connected yet
05-09 12:28:08.733 26045 26045 E Dyno-Draw: socket not connected yet
05-09 12:28:08.750 26045 26045 E Dyno-Draw: socket not connected yet
05-09 12:28:08.767 26045 26045 E Dyno-Draw: socket not connected yet
05-09 12:28:08.783 26045 26045 E Dyno-Draw: socket not connected yet
05-09 12:28:08.800 26045 26045 E Dyno-Draw: socket not connected yet
05-09 12:28:08.816 26045 26045 E Dyno-Draw: socket not connected yet
05-09 12:28:08.834 26045 26045 E Dyno-Draw: socket not connected yet
05-09 12:28:08.849 26045 26045 E Dyno-Draw: socket not connected yet
05-09 12:28:08.866 26045 26045 E Dyno-Draw: socket not connected yet
05-09 12:28:08.883 26045 26045 E Dyno-Draw: socket not connected yet
05-09 12:28:08.899 26045 26045 E Dyno-Draw: socket not connected yet
05-09 12:28:08.917 26045 26045 E Dyno-Draw: socket not connected yet
05-09 12:28:08.933 26045 26045 E Dyno-Draw: socket not connected yet
05-09 12:28:08.950 26045 26045 E Dyno-Draw: socket not connected yet
05-09 12:28:08.967 26045 26045 E Dyno-Draw: socket not connected yet
05-09 12:28:08.983 26045 26045 E Dyno-Draw: socket not connected yet
05-09 12:28:08.999 26045 26045 E Dyno-Draw: socket not connected yet
05-09 12:28:09.016 26045 26045 E Dyno-Draw: socket not connected yet
05-09 12:28:09.033 26045 26045 E Dyno-Draw: socket not connected yet
05-09 12:28:09.049 26045 26045 E Dyno-Draw: socket not connected yet
05-09 12:28:09.066 26045 26045 E Dyno-Draw: socket not connected yet
05-09 12:28:09.083 26045 26045 E Dyno-Draw: socket not connected yet
05-09 12:28:09.099 26045 26045 E Dyno-Draw: socket not connected yet
05-09 12:28:09.116 26045 26045 E Dyno-Draw: socket not connected yet
05-09 12:28:09.132 26045 26045 E Dyno-Draw: socket not connected yet
05-09 12:28:09.141 26045 26045 E Dyno-Draw: socket not connected yet
05-09 12:28:09.157 26045 26045 E Dyno-Draw: socket not connected yet
05-09 12:28:09.174 26045 26045 E Dyno-Draw: socket not connected yet
05-09 12:28:09.199 26045 26045 E Dyno-Draw: socket not connected yet
05-09 12:28:09.208 26045 26045 E Dyno-Draw: socket not connected yet
05-09 12:28:09.224 26045 26045 E Dyno-Draw: socket not connected yet
05-09 12:28:09.240 26045 26045 E Dyno-Draw: socket not connected yet
05-09 12:28:09.257 26045 26045 E Dyno-Draw: socket not connected yet
05-09 12:28:09.274 26045 26045 E Dyno-Draw: socket not connected yet
05-09 12:28:09.291 26045 26045 E Dyno-Draw: socket not connected yet
05-09 12:28:09.307 26045 26045 E Dyno-Draw: socket not connected yet
05-09 12:28:09.325 26045 26045 E Dyno-Draw: socket not connected yet
05-09 12:28:09.340 26045 26045 E Dyno-Draw: socket not connected yet
05-09 12:28:09.357 26045 26045 E Dyno-Draw: socket not connected yet
05-09 12:28:09.374 26045 26045 E Dyno-Draw: socket not connected yet
05-09 12:28:09.390 26045 26045 E Dyno-Draw: socket not connected yet
05-09 12:28:09.403 26316 26532 D AudioTrack: [audioTrackData][zero] 10s(f:0 m:0 s:0
k:0 z:10000) : pid 26316 uid 10587 sessionId 27817 sr 48000 ch 2 fmt 1
mMaxAmplitude 0
05-09 12:28:09.407 26045 26045 E Dyno-Draw: socket not connected yet
05-09 12:28:09.423 26045 26045 E Dyno-Draw: socket not connected yet
05-09 12:28:09.439 26045 26045 E Dyno-Draw: socket not connected yet
05-09 12:28:09.457 26045 26045 E Dyno-Draw: socket not connected yet
05-09 12:28:09.473 26045 26045 E Dyno-Draw: socket not connected yet
05-09 12:28:09.490 26045 26045 E Dyno-Draw: socket not connected yet
05-09 12:28:09.508 26045 26045 I MIUIInput: [MotionEvent] ViewRootImpl windowName
'', { action=ACTION_DOWN, id[0]=0, pointerCount=1, eventTime=353456920,
downTime=353456920, phoneEventTime=12:28:09.502 } moveCount:0
05-09 12:28:09.514 26045 26045 E Dyno-Draw: socket not connected yet
05-09 12:28:09.523 26045 26045 E Dyno-Draw: socket not connected yet
05-09 12:28:09.539 26045 26045 E Dyno-Draw: socket not connected yet
05-09 12:28:09.556 26045 26045 E Dyno-Draw: socket not connected yet
05-09 12:28:09.572 26045 26045 E Dyno-Draw: socket not connected yet
05-09 12:28:09.583 26045 26045 I MIUIInput: [MotionEvent] ViewRootImpl windowName
'', { action=ACTION_UP, id[0]=0, pointerCount=1, eventTime=353456999,
downTime=353456920, phoneEventTime=12:28:09.581 } moveCount:0
05-09 12:28:09.589 26045 26045 E Dyno-Draw: socket not connected yet
05-09 12:28:09.599 26045 26045 D BLASTBufferQueue: [VRI[]#6](f:0,a:1) update
width=138 height=138 format=1 mTransformHint=4
05-09 12:28:09.605 26045 26096 D BLASTBufferQueue: [VRI[]#6](f:0,a:2) producer
disconnected before acquireNextBufferLocked
05-09 12:28:09.607 26045 26045 E Dyno-Draw: socket not connected yet
05-09 12:28:09.622 26045 26045 E Dyno-Draw: socket not connected yet
05-09 12:28:09.639 26045 26045 E Dyno-Draw: socket not connected yet
05-09 12:28:09.656 26045 26045 E Dyno-Draw: socket not connected yet
05-09 12:28:09.672 26045 26045 E Dyno-Draw: socket not connected yet
05-09 12:28:09.689 26045 26045 E Dyno-Draw: socket not connected yet
05-09 12:28:09.697 26045 26045 E Dyno-Draw: socket not connected yet
05-09 12:28:09.715 26045 26045 E Dyno-Draw: socket not connected yet
05-09 12:28:09.731 26045 26045 E Dyno-Draw: socket not connected yet
05-09 12:28:09.748 26045 26045 E Dyno-Draw: socket not connected yet
05-09 12:28:09.764 26045 26045 E Dyno-Draw: socket not connected yet
05-09 12:28:09.781 26045 26045 E Dyno-Draw: socket not connected yet
05-09 12:28:09.797 26045 26045 E Dyno-Draw: socket not connected yet
05-09 12:28:09.814 26045 26045 E Dyno-Draw: socket not connected yet
05-09 12:28:09.831 26045 26045 E Dyno-Draw: socket not connected yet
05-09 12:28:09.848 26045 26045 E Dyno-Draw: socket not connected yet
05-09 12:28:09.864 26045 26045 E Dyno-Draw: socket not connected yet
05-09 12:28:09.881 26045 26045 E Dyno-Draw: socket not connected yet
05-09 12:28:09.897 26045 26045 E Dyno-Draw: socket not connected yet
05-09 12:28:09.915 26045 26045 E Dyno-Draw: socket not connected yet
05-09 12:28:09.931 26045 26045 E Dyno-Draw: socket not connected yet
05-09 12:28:09.947 26045 26045 E Dyno-Draw: socket not connected yet
05-09 12:28:09.964 26045 26045 E Dyno-Draw: socket not connected yet
05-09 12:28:09.981 26045 26045 E Dyno-Draw: socket not connected yet
05-09 12:28:09.997 26045 26045 E Dyno-Draw: socket not connected yet
05-09 12:28:10.013 26045 26045 E Dyno-Draw: socket not connected yet
05-09 12:28:10.030 26045 26045 E Dyno-Draw: socket not connected yet
05-09 12:28:10.047 26045 26045 E Dyno-Draw: socket not connected yet
05-09 12:28:10.063 26045 26045 E Dyno-Draw: socket not connected yet
05-09 12:28:10.080 26045 26045 E Dyno-Draw: socket not connected yet
05-09 12:28:10.097 26045 26045 E Dyno-Draw: socket not connected yet
05-09 12:28:10.114 26045 26045 E Dyno-Draw: socket not connected yet
05-09 12:28:10.130 26045 26045 E Dyno-Draw: socket not connected yet
05-09 12:28:10.147 26045 26045 E Dyno-Draw: socket not connected yet
05-09 12:28:10.155 26045 26045 E Dyno-Draw: socket not connected yet
05-09 12:28:10.171 26045 26045 E Dyno-Draw: socket not connected yet
05-09 12:28:10.197 26045 26045 E Dyno-Draw: socket not connected yet
05-09 12:28:10.205 26045 26045 E Dyno-Draw: socket not connected yet
05-09 12:28:10.221 26045 26045 E Dyno-Draw: socket not connected yet
05-09 12:28:10.238 26045 26045 E Dyno-Draw: socket not connected yet
05-09 12:28:10.254 26045 26045 E Dyno-Draw: socket not connected yet
05-09 12:28:10.264 26045 26045 I MIUIInput: [MotionEvent] ViewRootImpl windowName
'', { action=ACTION_DOWN, id[0]=0, pointerCount=1, eventTime=353457678,
downTime=353457678, phoneEventTime=12:28:10.261 } moveCount:0
05-09 12:28:10.279 26045 26045 E Dyno-Draw: socket not connected yet
05-09 12:28:10.288 26045 26045 E Dyno-Draw: socket not connected yet
05-09 12:28:10.316 26045 26045 E Dyno-Draw: socket not connected yet
05-09 12:28:10.335 26045 26045 E Dyno-Draw: socket not connected yet
05-09 12:28:10.340 26045 26045 E Dyno-Draw: socket not connected yet
05-09 12:28:10.364 26045 26045 E Dyno-Draw: socket not connected yet
05-09 12:28:10.380 26045 26045 E Dyno-Draw: socket not connected yet
05-09 12:28:10.397 26045 26045 E Dyno-Draw: socket not connected yet
05-09 12:28:10.402 26316 26532 D AudioTrack: [audioTrackData][zero] 11s(f:0 m:0 s:0
k:0 z:11000) : pid 26316 uid 10587 sessionId 27817 sr 48000 ch 2 fmt 1
mMaxAmplitude 0
05-09 12:28:10.414 26045 26045 E Dyno-Draw: socket not connected yet
05-09 12:28:10.431 26045 26045 E Dyno-Draw: socket not connected yet
05-09 12:28:10.448 26045 26045 E Dyno-Draw: socket not connected yet
05-09 12:28:10.463 26045 26045 E Dyno-Draw: socket not connected yet
05-09 12:28:10.472 26045 26045 E Dyno-Draw: socket not connected yet
05-09 12:28:10.490 26045 26045 E Dyno-Draw: socket not connected yet
05-09 12:28:10.505 26045 26045 E Dyno-Draw: socket not connected yet
05-09 12:28:10.521 26045 26045 E Dyno-Draw: socket not connected yet
05-09 12:28:10.538 26045 26045 E Dyno-Draw: socket not connected yet
05-09 12:28:10.555 26045 26045 E Dyno-Draw: socket not connected yet
05-09 12:28:10.571 26045 26045 E Dyno-Draw: socket not connected yet
05-09 12:28:10.588 26045 26045 E Dyno-Draw: socket not connected yet
05-09 12:28:10.605 26045 26045 E Dyno-Draw: socket not connected yet
05-09 12:28:10.622 26045 26045 E Dyno-Draw: socket not connected yet
05-09 12:28:10.638 26045 26045 E Dyno-Draw: socket not connected yet
05-09 12:28:10.655 26045 26045 E Dyno-Draw: socket not connected yet
05-09 12:28:10.672 26045 26045 E Dyno-Draw: socket not connected yet
05-09 12:28:10.688 26045 26045 E Dyno-Draw: socket not connected yet
05-09 12:28:10.701 26045 26045 I MiInputConsumer: optimized resample latency:
809670 ns
05-09 12:28:10.705 26045 26045 E Dyno-Draw: socket not connected yet
05-09 12:28:10.721 26045 26045 E Dyno-Draw: socket not connected yet
05-09 12:28:10.737 26045 26045 E Dyno-Draw: socket not connected yet
05-09 12:28:10.745 26045 26045 E Dyno-Draw: socket not connected yet
05-09 12:28:10.763 26045 26045 E Dyno-Draw: socket not connected yet
05-09 12:28:10.784 26045 26045 I MIUIInput: [MotionEvent] ViewRootImpl windowName
'', { action=ACTION_UP, id[0]=0, pointerCount=1, eventTime=353458199,
downTime=353457678, phoneEventTime=12:28:10.782 } moveCount:60
05-09 12:28:10.786 26045 26045 E Dyno-Draw: socket not connected yet
05-09 12:28:10.795 26045 26045 E Dyno-Draw: socket not connected yet
05-09 12:28:10.811 26045 26045 E Dyno-Draw: socket not connected yet
05-09 12:28:10.820 26045 26045 E Dyno-Draw: socket not connected yet
05-09 12:28:10.837 26045 26045 E Dyno-Draw: socket not connected yet
05-09 12:28:10.853 26045 26045 E Dyno-Draw: socket not connected yet
05-09 12:28:10.870 26045 26045 E Dyno-Draw: socket not connected yet
05-09 12:28:10.887 26045 26045 E Dyno-Draw: socket not connected yet
05-09 12:28:10.904 26045 26045 E Dyno-Draw: socket not connected yet
05-09 12:28:10.920 26045 26045 E Dyno-Draw: socket not connected yet
05-09 12:28:10.937 26045 26045 E Dyno-Draw: socket not connected yet
05-09 12:28:10.954 26045 26045 E Dyno-Draw: socket not connected yet
05-09 12:28:10.971 26045 26045 E Dyno-Draw: socket not connected yet
05-09 12:28:10.986 26045 26045 E Dyno-Draw: socket not connected yet
05-09 12:28:11.003 26045 26045 E Dyno-Draw: socket not connected yet
05-09 12:28:11.020 26045 26045 E Dyno-Draw: socket not connected yet
05-09 12:28:11.037 26045 26045 E Dyno-Draw: socket not connected yet
05-09 12:28:11.054 26045 26045 E Dyno-Draw: socket not connected yet
05-09 12:28:11.070 26045 26045 E Dyno-Draw: socket not connected yet
05-09 12:28:11.086 26045 26045 E Dyno-Draw: socket not connected yet
05-09 12:28:11.103 26045 26045 E Dyno-Draw: socket not connected yet
05-09 12:28:11.119 26045 26045 E Dyno-Draw: socket not connected yet
05-09 12:28:11.136 26045 26045 E Dyno-Draw: socket not connected yet
05-09 12:28:11.153 26045 26045 E Dyno-Draw: socket not connected yet
05-09 12:28:11.170 26045 26045 E Dyno-Draw: socket not connected yet
05-09 12:28:11.186 26045 26045 E Dyno-Draw: socket not connected yet
05-09 12:28:11.203 26045 26045 E Dyno-Draw: socket not connected yet
05-09 12:28:11.219 26045 26045 E Dyno-Draw: socket not connected yet
05-09 12:28:11.236 26045 26045 E Dyno-Draw: socket not connected yet
05-09 12:28:11.253 26045 26045 E Dyno-Draw: socket not connected yet
05-09 12:28:11.264 26045 26045 I MIUIInput: [MotionEvent] ViewRootImpl windowName
'', { action=ACTION_DOWN, id[0]=0, pointerCount=1, eventTime=353458678,
downTime=353458678, phoneEventTime=12:28:11.260 } moveCount:0
05-09 12:28:11.269 26045 26045 E Dyno-Draw: socket not connected yet
05-09 12:28:11.285 26045 26045 E Dyno-Draw: socket not connected yet
05-09 12:28:11.302 26045 26045 E Dyno-Draw: socket not connected yet
05-09 12:28:11.319 26045 26045 E Dyno-Draw: socket not connected yet
05-09 12:28:11.336 26045 26045 E Dyno-Draw: socket not connected yet
05-09 12:28:11.353 26045 26045 E Dyno-Draw: socket not connected yet
05-09 12:28:11.362 26045 26045 E Dyno-Draw: socket not connected yet
05-09 12:28:11.388 26045 26045 E Dyno-Draw: socket not connected yet
05-09 12:28:11.402 26316 26532 D AudioTrack: [audioTrackData][zero] 12s(f:0 m:0 s:0
k:0 z:12000) : pid 26316 uid 10587 sessionId 27817 sr 48000 ch 2 fmt 1
mMaxAmplitude 0
05-09 12:28:11.406 26045 26045 E Dyno-Draw: socket not connected yet
05-09 12:28:11.422 26045 26045 E Dyno-Draw: socket not connected yet
05-09 12:28:11.436 26045 26045 E Dyno-Draw: socket not connected yet
05-09 12:28:11.453 26045 26045 E Dyno-Draw: socket not connected yet
05-09 12:28:11.470 26045 26045 E Dyno-Draw: socket not connected yet
05-09 12:28:11.486 26045 26045 E Dyno-Draw: socket not connected yet
05-09 12:28:11.505 26045 26045 E Dyno-Draw: socket not connected yet
05-09 12:28:11.519 26045 26045 E Dyno-Draw: socket not connected yet
05-09 12:28:11.536 26045 26045 E Dyno-Draw: socket not connected yet
05-09 12:28:11.553 26045 26045 E Dyno-Draw: socket not connected yet
05-09 12:28:11.569 26045 26045 E Dyno-Draw: socket not connected yet
05-09 12:28:11.586 26045 26045 E Dyno-Draw: socket not connected yet
05-09 12:28:11.603 26045 26045 E Dyno-Draw: socket not connected yet
05-09 12:28:11.620 26045 26045 E Dyno-Draw: socket not connected yet
05-09 12:28:11.636 26045 26045 E Dyno-Draw: socket not connected yet
05-09 12:28:11.644 26045 26045 E Dyno-Draw: socket not connected yet
05-09 12:28:11.662 26045 26045 E Dyno-Draw: socket not connected yet
05-09 12:28:11.678 26045 26045 E Dyno-Draw: socket not connected yet
05-09 12:28:11.694 26045 26045 E Dyno-Draw: socket not connected yet
05-09 12:28:11.711 26045 26045 E Dyno-Draw: socket not connected yet
05-09 12:28:11.726 26045 26045 E Dyno-Draw: socket not connected yet
05-09 12:28:11.745 26045 26045 E Dyno-Draw: socket not connected yet
05-09 12:28:11.760 26045 26045 E Dyno-Draw: socket not connected yet
05-09 12:28:11.777 26045 26045 E Dyno-Draw: socket not connected yet
05-09 12:28:11.794 26045 26045 E Dyno-Draw: socket not connected yet
05-09 12:28:11.810 26045 26045 E Dyno-Draw: socket not connected yet
05-09 12:28:11.827 26045 26045 E Dyno-Draw: socket not connected yet
05-09 12:28:11.836 26045 26045 I MIUIInput: [MotionEvent] ViewRootImpl windowName
'', { action=ACTION_UP, id[0]=0, pointerCount=1, eventTime=353459251,
downTime=353458678, phoneEventTime=12:28:11.833 } moveCount:59
05-09 12:28:11.842 26045 26045 E Dyno-Draw: socket not connected yet
05-09 12:28:11.851 26045 26045 E Dyno-Draw: socket not connected yet
05-09 12:28:11.868 26045 26045 E Dyno-Draw: socket not connected yet
05-09 12:28:11.885 26045 26045 E Dyno-Draw: socket not connected yet
05-09 12:28:11.901 26045 26045 E Dyno-Draw: socket not connected yet
05-09 12:28:11.918 26045 26045 E Dyno-Draw: socket not connected yet
05-09 12:28:11.934 26045 26045 E Dyno-Draw: socket not connected yet
05-09 12:28:11.952 26045 26045 E Dyno-Draw: socket not connected yet
05-09 12:28:11.968 26045 26045 E Dyno-Draw: socket not connected yet
05-09 12:28:11.984 26045 26045 E Dyno-Draw: socket not connected yet
05-09 12:28:12.001 26045 26045 E Dyno-Draw: socket not connected yet
05-09 12:28:12.018 26045 26045 E Dyno-Draw: socket not connected yet
05-09 12:28:12.035 26045 26045 E Dyno-Draw: socket not connected yet
05-09 12:28:12.051 26045 26045 E Dyno-Draw: socket not connected yet
05-09 12:28:12.067 26045 26045 E Dyno-Draw: socket not connected yet
05-09 12:28:12.076 26045 26045 E Dyno-Draw: socket not connected yet
05-09 12:28:12.093 26045 26045 E Dyno-Draw: socket not connected yet
05-09 12:28:12.117 26045 26045 E Dyno-Draw: socket not connected yet
05-09 12:28:12.126 26045 26045 E Dyno-Draw: socket not connected yet
05-09 12:28:12.142 26045 26045 E Dyno-Draw: socket not connected yet
05-09 12:28:12.159 26045 26045 E Dyno-Draw: socket not connected yet
05-09 12:28:12.176 26045 26045 E Dyno-Draw: socket not connected yet
05-09 12:28:12.192 26045 26045 E Dyno-Draw: socket not connected yet
05-09 12:28:12.209 26045 26045 E Dyno-Draw: socket not connected yet
05-09 12:28:12.225 26045 26045 E Dyno-Draw: socket not connected yet
05-09 12:28:12.242 26045 26045 E Dyno-Draw: socket not connected yet
05-09 12:28:12.258 26045 26045 E Dyno-Draw: socket not connected yet
05-09 12:28:12.275 26045 26045 E Dyno-Draw: socket not connected yet
05-09 12:28:12.292 26045 26045 E Dyno-Draw: socket not connected yet
05-09 12:28:12.309 26045 26045 E Dyno-Draw: socket not connected yet
05-09 12:28:12.325 26045 26045 E Dyno-Draw: socket not connected yet
05-09 12:28:12.342 26045 26045 E Dyno-Draw: socket not connected yet
05-09 12:28:12.358 26045 26045 E Dyno-Draw: socket not connected yet
05-09 12:28:12.375 26045 26045 E Dyno-Draw: socket not connected yet
05-09 12:28:12.391 26045 26045 E Dyno-Draw: socket not connected yet
05-09 12:28:12.403 26316 26532 D AudioTrack: [audioTrackData][zero] 13s(f:0 m:0 s:0
k:0 z:13000) : pid 26316 uid 10587 sessionId 27817 sr 48000 ch 2 fmt 1
mMaxAmplitude 0
05-09 12:28:12.408 26045 26045 E Dyno-Draw: socket not connected yet
05-09 12:28:12.425 26045 26045 E Dyno-Draw: socket not connected yet
05-09 12:28:12.442 26045 26045 E Dyno-Draw: socket not connected yet
05-09 12:28:12.458 26045 26045 E Dyno-Draw: socket not connected yet
05-09 12:28:12.475 26045 26045 E Dyno-Draw: socket not connected yet
05-09 12:28:12.492 26045 26045 E Dyno-Draw: socket not connected yet
05-09 12:28:12.508 26045 26045 E Dyno-Draw: socket not connected yet
05-09 12:28:12.525 26045 26045 E Dyno-Draw: socket not connected yet
05-09 12:28:12.541 26045 26045 E Dyno-Draw: socket not connected yet
05-09 12:28:12.558 26045 26045 E Dyno-Draw: socket not connected yet
05-09 12:28:12.575 26045 26045 E Dyno-Draw: socket not connected yet
05-09 12:28:12.591 26045 26045 E Dyno-Draw: socket not connected yet
05-09 12:28:12.608 26045 26045 E Dyno-Draw: socket not connected yet
05-09 12:28:12.624 26045 26045 E Dyno-Draw: socket not connected yet
05-09 12:28:12.641 26045 26045 E Dyno-Draw: socket not connected yet
05-09 12:28:12.658 26045 26045 E Dyno-Draw: socket not connected yet
05-09 12:28:12.675 26045 26045 E Dyno-Draw: socket not connected yet
05-09 12:28:12.691 26045 26045 E Dyno-Draw: socket not connected yet
05-09 12:28:12.708 26045 26045 E Dyno-Draw: socket not connected yet
05-09 12:28:12.724 26045 26045 E Dyno-Draw: socket not connected yet
05-09 12:28:12.741 26045 26045 E Dyno-Draw: socket not connected yet
05-09 12:28:12.757 26045 26045 E Dyno-Draw: socket not connected yet
05-09 12:28:12.774 26045 26045 E Dyno-Draw: socket not connected yet
05-09 12:28:12.791 26045 26045 E Dyno-Draw: socket not connected yet
05-09 12:28:12.808 26045 26045 E Dyno-Draw: socket not connected yet
05-09 12:28:12.824 26045 26045 E Dyno-Draw: socket not connected yet
05-09 12:28:12.841 26045 26045 E Dyno-Draw: socket not connected yet
05-09 12:28:12.857 26045 26045 E Dyno-Draw: socket not connected yet
05-09 12:28:12.866 26045 26045 E Dyno-Draw: socket not connected yet
05-09 12:28:12.882 26045 26045 E Dyno-Draw: socket not connected yet
05-09 12:28:12.899 26045 26045 E Dyno-Draw: socket not connected yet
05-09 12:28:12.916 26045 26045 E Dyno-Draw: socket not connected yet
05-09 12:28:12.932 26045 26045 E Dyno-Draw: socket not connected yet
05-09 12:28:12.949 26045 26045 E Dyno-Draw: socket not connected yet
05-09 12:28:12.965 26045 26045 E Dyno-Draw: socket not connected yet
05-09 12:28:12.981 26045 26045 E Dyno-Draw: socket not connected yet
05-09 12:28:12.998 26045 26045 E Dyno-Draw: socket not connected yet
05-09 12:28:13.016 26045 26045 E Dyno-Draw: socket not connected yet
05-09 12:28:13.031 26045 26045 E Dyno-Draw: socket not connected yet
05-09 12:28:13.049 26045 26045 E Dyno-Draw: socket not connected yet
05-09 12:28:13.065 26045 26045 E Dyno-Draw: socket not connected yet
05-09 12:28:13.081 26045 26045 E Dyno-Draw: socket not connected yet
05-09 12:28:13.099 26045 26045 E Dyno-Draw: socket not connected yet
05-09 12:28:13.115 26045 26045 E Dyno-Draw: socket not connected yet
05-09 12:28:13.132 26045 26045 E Dyno-Draw: socket not connected yet
05-09 12:28:13.148 26045 26045 E Dyno-Draw: socket not connected yet
05-09 12:28:13.165 26045 26045 E Dyno-Draw: socket not connected yet
05-09 12:28:13.181 26045 26045 E Dyno-Draw: socket not connected yet
05-09 12:28:13.198 26045 26045 E Dyno-Draw: socket not connected yet
05-09 12:28:13.214 26045 26045 E Dyno-Draw: socket not connected yet
05-09 12:28:13.231 26045 26045 E Dyno-Draw: socket not connected yet
05-09 12:28:13.248 26045 26045 E Dyno-Draw: socket not connected yet
05-09 12:28:13.265 26045 26045 E Dyno-Draw: socket not connected yet
05-09 12:28:13.281 26045 26045 E Dyno-Draw: socket not connected yet
05-09 12:28:13.298 26045 26045 E Dyno-Draw: socket not connected yet
05-09 12:28:13.315 26045 26045 E Dyno-Draw: socket not connected yet
05-09 12:28:13.331 26045 26045 E Dyno-Draw: socket not connected yet
05-09 12:28:13.348 26045 26045 E Dyno-Draw: socket not connected yet
05-09 12:28:13.365 26045 26045 E Dyno-Draw: socket not connected yet
05-09 12:28:13.381 26045 26045 E Dyno-Draw: socket not connected yet
05-09 12:28:13.398 26045 26045 E Dyno-Draw: socket not connected yet
05-09 12:28:13.404 26316 26532 D AudioTrack: [audioTrackData][zero] 14s(f:0 m:0 s:0
k:0 z:14002) : pid 26316 uid 10587 sessionId 27817 sr 48000 ch 2 fmt 1
mMaxAmplitude 0
05-09 12:28:13.414 26045 26045 E Dyno-Draw: socket not connected yet
05-09 12:28:13.431 26045 26045 E Dyno-Draw: socket not connected yet
05-09 12:28:13.448 26045 26045 E Dyno-Draw: socket not connected yet
05-09 12:28:13.464 26045 26045 E Dyno-Draw: socket not connected yet
05-09 12:28:13.472 26045 26045 E Dyno-Draw: socket not connected yet
05-09 12:28:13.490 26045 26045 E Dyno-Draw: socket not connected yet
05-09 12:28:13.506 26045 26045 E Dyno-Draw: socket not connected yet
05-09 12:28:13.522 26045 26045 E Dyno-Draw: socket not connected yet
05-09 12:28:13.539 26045 26045 E Dyno-Draw: socket not connected yet
05-09 12:28:13.556 26045 26045 E Dyno-Draw: socket not connected yet
05-09 12:28:13.573 26045 26045 E Dyno-Draw: socket not connected yet
05-09 12:28:13.589 26045 26045 E Dyno-Draw: socket not connected yet
05-09 12:28:13.606 26045 26045 E Dyno-Draw: socket not connected yet
05-09 12:28:13.622 26045 26045 E Dyno-Draw: socket not connected yet
05-09 12:28:13.639 26045 26045 E Dyno-Draw: socket not connected yet
05-09 12:28:13.655 26045 26045 E Dyno-Draw: socket not connected yet
05-09 12:28:13.672 26045 26045 E Dyno-Draw: socket not connected yet
05-09 12:28:13.689 26045 26045 E Dyno-Draw: socket not connected yet
05-09 12:28:13.706 26045 26045 E Dyno-Draw: socket not connected yet
05-09 12:28:13.722 26045 26045 E Dyno-Draw: socket not connected yet
05-09 12:28:13.738 26045 26045 E Dyno-Draw: socket not connected yet
05-09 12:28:13.755 26045 26045 E Dyno-Draw: socket not connected yet
05-09 12:28:13.772 26045 26045 E Dyno-Draw: socket not connected yet
05-09 12:28:13.789 26045 26045 E Dyno-Draw: socket not connected yet
05-09 12:28:13.805 26045 26045 E Dyno-Draw: socket not connected yet
05-09 12:28:13.822 26045 26045 E Dyno-Draw: socket not connected yet
05-09 12:28:13.838 26045 26045 E Dyno-Draw: socket not connected yet
05-09 12:28:13.855 26045 26045 E Dyno-Draw: socket not connected yet
05-09 12:28:13.872 26045 26045 E Dyno-Draw: socket not connected yet
05-09 12:28:13.888 26045 26045 E Dyno-Draw: socket not connected yet
05-09 12:28:13.905 26045 26045 E Dyno-Draw: socket not connected yet
05-09 12:28:13.922 26045 26045 E Dyno-Draw: socket not connected yet
05-09 12:28:13.938 26045 26045 E Dyno-Draw: socket not connected yet
05-09 12:28:13.955 26045 26045 E Dyno-Draw: socket not connected yet
05-09 12:28:13.971 26045 26045 E Dyno-Draw: socket not connected yet
05-09 12:28:13.989 26045 26045 E Dyno-Draw: socket not connected yet
05-09 12:28:14.005 26045 26045 E Dyno-Draw: socket not connected yet
05-09 12:28:14.021 26045 26045 E Dyno-Draw: socket not connected yet
05-09 12:28:14.030 26045 26045 E Dyno-Draw: socket not connected yet
05-09 12:28:14.047 26045 26045 E Dyno-Draw: socket not connected yet
05-09 12:28:14.063 26045 26045 E Dyno-Draw: socket not connected yet
05-09 12:28:14.080 26045 26045 E Dyno-Draw: socket not connected yet
05-09 12:28:14.096 26045 26045 E Dyno-Draw: socket not connected yet
05-09 12:28:14.113 26045 26045 E Dyno-Draw: socket not connected yet
05-09 12:28:14.130 26045 26045 E Dyno-Draw: socket not connected yet
05-09 12:28:14.146 26045 26045 E Dyno-Draw: socket not connected yet
05-09 12:28:14.164 26045 26045 E Dyno-Draw: socket not connected yet
05-09 12:28:14.179 26045 26045 E Dyno-Draw: socket not connected yet
05-09 12:28:14.204 26045 26045 E Dyno-Draw: socket not connected yet
05-09 12:28:14.212 26045 26045 E Dyno-Draw: socket not connected yet
05-09 12:28:14.229 26045 26045 E Dyno-Draw: socket not connected yet
05-09 12:28:14.245 26045 26045 E Dyno-Draw: socket not connected yet
05-09 12:28:14.263 26045 26045 E Dyno-Draw: socket not connected yet
05-09 12:28:14.279 26045 26045 E Dyno-Draw: socket not connected yet
05-09 12:28:14.296 26045 26045 E Dyno-Draw: socket not connected yet
05-09 12:28:14.312 26045 26045 E Dyno-Draw: socket not connected yet
05-09 12:28:14.329 26045 26045 E Dyno-Draw: socket not connected yet
05-09 12:28:14.345 26045 26045 E Dyno-Draw: socket not connected yet
05-09 12:28:14.362 26045 26045 E Dyno-Draw: socket not connected yet
05-09 12:28:14.379 26045 26045 E Dyno-Draw: socket not connected yet
05-09 12:28:14.395 26045 26045 E Dyno-Draw: socket not connected yet
05-09 12:28:14.406 26316 26532 D AudioTrack: [audioTrackData][zero] 15s(f:0 m:0 s:0
k:0 z:15004) : pid 26316 uid 10587 sessionId 27817 sr 48000 ch 2 fmt 1
mMaxAmplitude 0
05-09 12:28:14.412 26045 26045 E Dyno-Draw: socket not connected yet
05-09 12:28:14.429 26045 26045 E Dyno-Draw: socket not connected yet
05-09 12:28:14.445 26045 26045 E Dyno-Draw: socket not connected yet
05-09 12:28:14.462 26045 26045 E Dyno-Draw: socket not connected yet
05-09 12:28:14.479 26045 26045 E Dyno-Draw: socket not connected yet
05-09 12:28:14.495 26045 26045 E Dyno-Draw: socket not connected yet
05-09 12:28:14.512 26045 26045 E Dyno-Draw: socket not connected yet
05-09 12:28:14.528 26045 26045 E Dyno-Draw: socket not connected yet
05-09 12:28:14.545 26045 26045 E Dyno-Draw: socket not connected yet
05-09 12:28:14.562 26045 26045 E Dyno-Draw: socket not connected yet
05-09 12:28:14.578 26045 26045 E Dyno-Draw: socket not connected yet
05-09 12:28:14.595 26045 26045 E Dyno-Draw: socket not connected yet
05-09 12:28:14.612 26045 26045 E Dyno-Draw: socket not connected yet
05-09 12:28:14.620 26045 26045 E Dyno-Draw: socket not connected yet
05-09 12:28:14.636 26045 26045 E Dyno-Draw: socket not connected yet
05-09 12:28:14.653 26045 26045 E Dyno-Draw: socket not connected yet
05-09 12:28:14.670 26045 26045 E Dyno-Draw: socket not connected yet
05-09 12:28:14.686 26045 26045 E Dyno-Draw: socket not connected yet
05-09 12:28:14.703 26045 26045 E Dyno-Draw: socket not connected yet
05-09 12:28:14.719 26045 26045 E Dyno-Draw: socket not connected yet
05-09 12:28:14.736 26045 26045 E Dyno-Draw: socket not connected yet
05-09 12:28:14.753 26045 26045 E Dyno-Draw: socket not connected yet
05-09 12:28:14.770 26045 26045 E Dyno-Draw: socket not connected yet
05-09 12:28:14.786 26045 26045 E Dyno-Draw: socket not connected yet
05-09 12:28:14.803 26045 26045 E Dyno-Draw: socket not connected yet
05-09 12:28:14.819 26045 26045 E Dyno-Draw: socket not connected yet
05-09 12:28:14.837 26045 26045 E Dyno-Draw: socket not connected yet
05-09 12:28:14.853 26045 26045 E Dyno-Draw: socket not connected yet
05-09 12:28:14.869 26045 26045 E Dyno-Draw: socket not connected yet
05-09 12:28:14.886 26045 26045 E Dyno-Draw: socket not connected yet
05-09 12:28:14.902 26045 26045 E Dyno-Draw: socket not connected yet
05-09 12:28:14.919 26045 26045 E Dyno-Draw: socket not connected yet
05-09 12:28:14.936 26045 26045 E Dyno-Draw: socket not connected yet
05-09 12:28:14.953 26045 26045 E Dyno-Draw: socket not connected yet
05-09 12:28:14.969 26045 26045 E Dyno-Draw: socket not connected yet
05-09 12:28:14.986 26045 26045 E Dyno-Draw: socket not connected yet
05-09 12:28:15.002 26045 26045 E Dyno-Draw: socket not connected yet
05-09 12:28:15.019 26045 26045 E Dyno-Draw: socket not connected yet
05-09 12:28:15.035 26045 26045 E Dyno-Draw: socket not connected yet
05-09 12:28:15.052 26045 26045 E Dyno-Draw: socket not connected yet
05-09 12:28:15.069 26045 26045 E Dyno-Draw: socket not connected yet
05-09 12:28:15.086 26045 26045 E Dyno-Draw: socket not connected yet
05-09 12:28:15.102 26045 26045 E Dyno-Draw: socket not connected yet
05-09 12:28:15.111 26045 26045 E Dyno-Draw: socket not connected yet
05-09 12:28:15.127 26045 26045 E Dyno-Draw: socket not connected yet
05-09 12:28:15.143 26045 26045 E Dyno-Draw: socket not connected yet
05-09 12:28:15.161 26045 26045 E Dyno-Draw: socket not connected yet
05-09 12:28:15.186 26045 26045 E Dyno-Draw: socket not connected yet
05-09 12:28:15.202 26045 26045 E Dyno-Draw: socket not connected yet
05-09 12:28:15.219 26045 26045 E Dyno-Draw: socket not connected yet
05-09 12:28:15.235 26045 26045 E Dyno-Draw: socket not connected yet
05-09 12:28:15.246 26045 26045 E Dyno-Draw: socket not connected yet
05-09 12:28:15.261 26045 26045 E Dyno-Draw: socket not connected yet
05-09 12:28:15.277 26045 26045 E Dyno-Draw: socket not connected yet
05-09 12:28:15.294 26045 26045 E Dyno-Draw: socket not connected yet
05-09 12:28:15.310 26045 26045 E Dyno-Draw: socket not connected yet
05-09 12:28:15.327 26045 26045 E Dyno-Draw: socket not connected yet
05-09 12:28:15.343 26045 26045 E Dyno-Draw: socket not connected yet
05-09 12:28:15.360 26045 26045 E Dyno-Draw: socket not connected yet
05-09 12:28:15.377 26045 26045 E Dyno-Draw: socket not connected yet
05-09 12:28:15.393 26045 26045 E Dyno-Draw: socket not connected yet
05-09 12:28:15.410 26316 26532 D AudioTrack: [audioTrackData][zero] 16s(f:0 m:0 s:0
k:0 z:16007) : pid 26316 uid 10587 sessionId 27817 sr 48000 ch 2 fmt 1
mMaxAmplitude 0
05-09 12:28:15.410 26045 26045 E Dyno-Draw: socket not connected yet
05-09 12:28:15.427 26045 26045 E Dyno-Draw: socket not connected yet
05-09 12:28:15.443 26045 26045 E Dyno-Draw: socket not connected yet
05-09 12:28:15.460 26045 26045 E Dyno-Draw: socket not connected yet
05-09 12:28:15.477 26045 26045 E Dyno-Draw: socket not connected yet
05-09 12:28:15.493 26045 26045 E Dyno-Draw: socket not connected yet
05-09 12:28:15.509 26045 26045 E Dyno-Draw: socket not connected yet
05-09 12:28:15.526 26045 26045 E Dyno-Draw: socket not connected yet
05-09 12:28:15.543 26045 26045 E Dyno-Draw: socket not connected yet
05-09 12:28:15.560 26045 26045 E Dyno-Draw: socket not connected yet
05-09 12:28:15.576 26045 26045 E Dyno-Draw: socket not connected yet
05-09 12:28:15.592 26045 26045 E Dyno-Draw: socket not connected yet
05-09 12:28:15.610 26045 26045 E Dyno-Draw: socket not connected yet
05-09 12:28:15.626 26045 26045 E Dyno-Draw: socket not connected yet
05-09 12:28:15.643 26045 26045 E Dyno-Draw: socket not connected yet
05-09 12:28:15.659 26045 26045 E Dyno-Draw: socket not connected yet
05-09 12:28:15.676 26045 26045 E Dyno-Draw: socket not connected yet
05-09 12:28:15.692 26045 26045 E Dyno-Draw: socket not connected yet
05-09 12:28:15.709 26045 26045 E Dyno-Draw: socket not connected yet
05-09 12:28:15.726 26045 26045 E Dyno-Draw: socket not connected yet
05-09 12:28:15.742 26045 26045 E Dyno-Draw: socket not connected yet
05-09 12:28:15.759 26045 26045 E Dyno-Draw: socket not connected yet
05-09 12:28:15.776 26045 26045 E Dyno-Draw: socket not connected yet
05-09 12:28:15.784 26045 26045 E Dyno-Draw: socket not connected yet
05-09 12:28:15.802 26045 26045 E Dyno-Draw: socket not connected yet
05-09 12:28:15.818 26045 26045 E Dyno-Draw: socket not connected yet
05-09 12:28:15.834 26045 26045 E Dyno-Draw: socket not connected yet
05-09 12:28:15.850 26045 26045 E Dyno-Draw: socket not connected yet
05-09 12:28:15.867 26045 26045 E Dyno-Draw: socket not connected yet
05-09 12:28:15.884 26045 26045 E Dyno-Draw: socket not connected yet
05-09 12:28:15.901 26045 26045 E Dyno-Draw: socket not connected yet
05-09 12:28:15.917 26045 26045 E Dyno-Draw: socket not connected yet
05-09 12:28:15.933 26045 26045 E Dyno-Draw: socket not connected yet
05-09 12:28:15.950 26045 26045 E Dyno-Draw: socket not connected yet
05-09 12:28:15.967 26045 26045 E Dyno-Draw: socket not connected yet
05-09 12:28:15.984 26045 26045 E Dyno-Draw: socket not connected yet
05-09 12:28:16.000 26045 26045 E Dyno-Draw: socket not connected yet
05-09 12:28:16.016 26045 26045 E Dyno-Draw: socket not connected yet
05-09 12:28:16.033 26045 26045 E Dyno-Draw: socket not connected yet
05-09 12:28:16.050 26045 26045 E Dyno-Draw: socket not connected yet
05-09 12:28:16.067 26045 26045 E Dyno-Draw: socket not connected yet
