11-16 12:21:32.536 26097 26220 V threaded_app: New input event: type=2
11-16 12:21:32.551 26097 26220 V threaded_app: New input event: type=2
11-16 12:21:32.570 26097 26220 V threaded_app: New input event: type=2
11-16 12:21:32.585 26097 26220 V threaded_app: New input event: type=2
11-16 12:21:32.601 26097 26220 V threaded_app: New input event: type=2
11-16 12:21:32.618 26097 26220 V threaded_app: New input event: type=2
11-16 12:21:32.634 26097 26220 V threaded_app: New input event: type=2
11-16 12:21:32.651 26097 26220 V threaded_app: New input event: type=2
11-16 12:21:32.670 26097 26220 V threaded_app: New input event: type=2
11-16 12:21:32.685 26097 26220 V threaded_app: New input event: type=2
11-16 12:21:32.702 26097 26220 V threaded_app: New input event: type=2
11-16 12:21:32.718 26097 26220 V threaded_app: New input event: type=2
11-16 12:21:32.735 26097 26220 V threaded_app: New input event: type=2
11-16 12:21:32.751 26097 26220 V threaded_app: New input event: type=2
11-16 12:21:32.768 26097 26220 V threaded_app: New input event: type=2
11-16 12:21:32.785 26097 26220 V threaded_app: New input event: type=2
11-16 12:21:32.803 26097 26220 V threaded_app: New input event: type=2
11-16 12:21:32.818 26097 26220 V threaded_app: New input event: type=2
11-16 12:21:32.823 26097 26220 V threaded_app: New input event: type=2
11-16 12:21:32.823 26097 26220 V threaded_app: New input event: type=2
11-16 12:21:32.836 26097 26220 V threaded_app: New input event: type=2
11-16 12:21:32.851 26097 26220 V threaded_app: New input event: type=2
11-16 12:21:32.868 26097 26220 V threaded_app: New input event: type=2
11-16 12:21:32.874 26097 26220 V threaded_app: New input event: type=2
11-16 12:21:32.874 26097 26220 V threaded_app: New input event: type=2
11-16 12:21:33.023 26097 26220 V threaded_app: New input event: type=2
11-16 12:21:33.117 26097 26332 I AudioManager: In isBluetoothScoOn(), calling
application: com.topten.loader
11-16 12:21:33.124 26097 26220 V threaded_app: New input event: type=2
11-16 12:21:33.190 26097 26220 V threaded_app: New input event: type=2
11-16 12:21:33.306 26097 26220 V threaded_app: New input event: type=2
11-16 12:21:33.575 26097 26220 V threaded_app: New input event: type=2
11-16 12:21:33.647 26097 26220 V threaded_app: New input event: type=2
11-16 12:21:33.668 26097 26220 V threaded_app: New input event: type=2
11-16 12:21:33.686 26097 26220 V threaded_app: New input event: type=2
11-16 12:21:33.701 26097 26220 V threaded_app: New input event: type=2
11-16 12:21:33.718 26097 26220 V threaded_app: New input event: type=2
11-16 12:21:33.736 26097 26220 V threaded_app: New input event: type=2
11-16 12:21:33.752 26097 26220 V threaded_app: New input event: type=2
11-16 12:21:33.768 26097 26220 V threaded_app: New input event: type=2
11-16 12:21:33.785 26097 26220 V threaded_app: New input event: type=2
11-16 12:21:33.789 26097 26220 V threaded_app: New input event: type=2
11-16 12:21:33.789 26097 26220 V threaded_app: New input event: type=2
11-16 12:21:33.992 26097 26220 V threaded_app: New input event: type=2
11-16 12:21:34.122 26097 26220 V threaded_app: New input event: type=2
11-16 12:21:34.207 26097 26220 V threaded_app: New input event: type=2
11-16 12:21:34.323 26097 26220 V threaded_app: New input event: type=2
11-16 12:21:34.461 26097 26332 I AudioManager: In isBluetoothScoOn(), calling
application: com.topten.loader
11-16 12:21:34.592 26097 26220 V threaded_app: New input event: type=2
11-16 12:21:34.652 26097 26220 V threaded_app: New input event: type=2
11-16 12:21:34.669 26097 26220 V threaded_app: New input event: type=2
11-16 12:21:34.685 26097 26220 V threaded_app: New input event: type=2
11-16 12:21:34.701 26097 26220 V threaded_app: New input event: type=2
11-16 12:21:34.718 26097 26220 V threaded_app: New input event: type=2
11-16 12:21:34.735 26097 26220 V threaded_app: New input event: type=2
11-16 12:21:34.755 26097 26220 V threaded_app: New input event: type=2
11-16 12:21:34.768 26097 26220 V threaded_app: New input event: type=2
11-16 12:21:34.785 26097 26220 V threaded_app: New input event: type=2
11-16 12:21:34.804 26097 26220 V threaded_app: New input event: type=2
11-16 12:21:34.818 26097 26220 V threaded_app: New input event: type=2
11-16 12:21:34.835 26097 26220 V threaded_app: New input event: type=2
11-16 12:21:34.851 26097 26220 V threaded_app: New input event: type=2
11-16 12:21:35.018 26097 26220 V threaded_app: New input event: type=2
11-16 12:21:35.053 26097 26220 V threaded_app: New input event: type=2
11-16 12:21:35.086 26097 26220 V threaded_app: New input event: type=2
11-16 12:21:35.102 26097 26220 V threaded_app: New input event: type=2
11-16 12:21:35.118 26097 26220 V threaded_app: New input event: type=2
11-16 12:21:35.135 26097 26220 V threaded_app: New input event: type=2
11-16 12:21:35.151 26097 26220 V threaded_app: New input event: type=2
11-16 12:21:35.168 26097 26220 V threaded_app: New input event: type=2
11-16 12:21:35.185 26097 26220 V threaded_app: New input event: type=2
11-16 12:21:35.201 26097 26220 V threaded_app: New input event: type=2
11-16 12:21:35.219 26097 26220 V threaded_app: New input event: type=2
11-16 12:21:35.235 26097 26220 V threaded_app: New input event: type=2
11-16 12:21:35.252 26097 26220 V threaded_app: New input event: type=2
11-16 12:21:35.269 26097 26220 V threaded_app: New input event: type=2
11-16 12:21:35.308 25780 25780 W pool-2-thread-1: type=1400 audit(0.0:388184): avc:
granted { nlmsg_readpriv } for scontext=u:r:untrusted_app_29:s0:c10,c258,c512,c768
tcontext=u:r:untrusted_app_29:s0:c10,c258,c512,c768 tclass=netlink_route_socket
app=com.topten.loader
11-16 12:21:35.318 26097 26220 V threaded_app: New input event: type=2
11-16 12:21:35.334 26097 26220 V threaded_app: New input event: type=2
11-16 12:21:35.352 26097 26220 V threaded_app: New input event: type=2
11-16 12:21:35.386 26097 26220 V threaded_app: New input event: type=2
11-16 12:21:35.418 26097 26220 V threaded_app: New input event: type=2
11-16 12:21:35.439 26097 26220 V threaded_app: New input event: type=2
11-16 12:21:35.575 26097 26220 V threaded_app: New input event: type=2
11-16 12:21:35.640 26097 26220 V threaded_app: New input event: type=2
11-16 12:21:35.690 26097 26220 V threaded_app: New input event: type=2
11-16 12:21:35.805 26097 26332 I AudioManager: In isBluetoothScoOn(), calling
application: com.topten.loader
11-16 12:21:35.865 26097 26220 V threaded_app: New input event: type=2
11-16 12:21:35.882 26097 26110 D opten.loader:p:
TrackPlayerBase::~TrackPlayerBase()
11-16 12:21:35.882 26097 26110 D opten.loader:p: PlayerBase::~PlayerBase()
11-16 12:21:35.886 26097 26109 D opten.loader:p:
TrackPlayerBase::~TrackPlayerBase()
11-16 12:21:35.886 26097 26109 D opten.loader:p: PlayerBase::~PlayerBase()
11-16 12:21:35.886 26097 26108 D opten.loader:p:
TrackPlayerBase::~TrackPlayerBase()
11-16 12:21:35.886 26097 26108 D opten.loader:p: PlayerBase::~PlayerBase()
11-16 12:21:35.890 26097 26220 V threaded_app: New input event: type=2
11-16 12:21:35.890 26097 26220 V threaded_app: New input event: type=2
11-16 12:21:35.902 26097 26220 V threaded_app: New input event: type=2
11-16 12:21:35.918 26097 26220 V threaded_app: New input event: type=2
11-16 12:21:35.935 26097 26220 V threaded_app: New input event: type=2
11-16 12:21:35.952 26097 26220 V threaded_app: New input event: type=2
11-16 12:21:35.958 26097 26220 V threaded_app: New input event: type=2
11-16 12:21:35.958 26097 26220 V threaded_app: New input event: type=2
11-16 12:21:35.968 26097 26220 V threaded_app: New input event: type=2
11-16 12:21:35.984 26097 26220 V threaded_app: New input event: type=2
11-16 12:21:36.001 26097 26220 V threaded_app: New input event: type=2
11-16 12:21:36.018 26097 26220 V threaded_app: New input event: type=2
11-16 12:21:36.035 26097 26220 V threaded_app: New input event: type=2
11-16 12:21:36.051 26097 26220 V threaded_app: New input event: type=2
11-16 12:21:36.071 26097 26220 V threaded_app: New input event: type=2
11-16 12:21:36.085 26097 26220 V threaded_app: New input event: type=2
11-16 12:21:36.101 26097 26220 V threaded_app: New input event: type=2
11-16 12:21:36.106 26097 26220 V threaded_app: New input event: type=2
11-16 12:21:36.106 26097 26220 V threaded_app: New input event: type=2
11-16 12:21:36.118 26097 26220 V threaded_app: New input event: type=2
11-16 12:21:36.135 26097 26220 V threaded_app: New input event: type=2
11-16 12:21:36.151 26097 26220 V threaded_app: New input event: type=2
11-16 12:21:36.169 26097 26220 V threaded_app: New input event: type=2
11-16 12:21:36.185 26097 26220 V threaded_app: New input event: type=2
11-16 12:21:36.201 26097 26220 V threaded_app: New input event: type=2
11-16 12:21:36.218 26097 26220 V threaded_app: New input event: type=2
11-16 12:21:36.234 26097 26220 V threaded_app: New input event: type=2
11-16 12:21:36.240 26097 26220 V threaded_app: New input event: type=2
11-16 12:21:36.240 26097 26220 V threaded_app: New input event: type=2
11-16 12:21:36.251 26097 26220 V threaded_app: New input event: type=2
11-16 12:21:36.301 26097 26220 V threaded_app: New input event: type=2
11-16 12:21:36.318 26097 26220 V threaded_app: New input event: type=2
11-16 12:21:36.335 26097 26220 V threaded_app: New input event: type=2
11-16 12:21:36.352 26097 26220 V threaded_app: New input event: type=2
11-16 12:21:36.368 26097 26220 V threaded_app: New input event: type=2
11-16 12:21:36.384 26097 26220 V threaded_app: New input event: type=2
11-16 12:21:36.401 26097 26220 V threaded_app: New input event: type=2
11-16 12:21:36.418 26097 26220 V threaded_app: New input event: type=2
11-16 12:21:36.436 26097 26220 V threaded_app: New input event: type=2
11-16 12:21:36.451 26097 26220 V threaded_app: New input event: type=2
11-16 12:21:36.468 26097 26220 V threaded_app: New input event: type=2
11-16 12:21:36.484 26097 26220 V threaded_app: New input event: type=2
11-16 12:21:36.501 26097 26220 V threaded_app: New input event: type=2
11-16 12:21:36.519 26097 26220 V threaded_app: New input event: type=2
11-16 12:21:36.534 26097 26220 V threaded_app: New input event: type=2
11-16 12:21:36.551 26097 26220 V threaded_app: New input event: type=2
11-16 12:21:36.568 26097 26220 V threaded_app: New input event: type=2
11-16 12:21:36.586 26097 26220 V threaded_app: New input event: type=2
11-16 12:21:36.601 26097 26220 V threaded_app: New input event: type=2
11-16 12:21:36.620 26097 26220 V threaded_app: New input event: type=2
11-16 12:21:36.634 26097 26220 V threaded_app: New input event: type=2
11-16 12:21:36.652 26097 26220 V threaded_app: New input event: type=2
11-16 12:21:36.669 26097 26220 V threaded_app: New input event: type=2
11-16 12:21:36.685 26097 26220 V threaded_app: New input event: type=2
11-16 12:21:36.702 26097 26220 V threaded_app: New input event: type=2
11-16 12:21:36.718 26097 26220 V threaded_app: New input event: type=2
11-16 12:21:36.735 26097 26220 V threaded_app: New input event: type=2
11-16 12:21:36.751 26097 26220 V threaded_app: New input event: type=2
11-16 12:21:36.768 26097 26220 V threaded_app: New input event: type=2
11-16 12:21:36.784 26097 26220 V threaded_app: New input event: type=2
11-16 12:21:36.801 26097 26220 V threaded_app: New input event: type=2
11-16 12:21:36.818 26097 26220 V threaded_app: New input event: type=2
11-16 12:21:36.835 26097 26220 V threaded_app: New input event: type=2
11-16 12:21:36.851 26097 26220 V threaded_app: New input event: type=2
11-16 12:21:36.870 26097 26220 V threaded_app: New input event: type=2
11-16 12:21:36.885 26097 26220 V threaded_app: New input event: type=2
11-16 12:21:36.901 26097 26220 V threaded_app: New input event: type=2
11-16 12:21:36.918 26097 26220 V threaded_app: New input event: type=2
11-16 12:21:36.936 26097 26220 V threaded_app: New input event: type=2
11-16 12:21:36.952 26097 26220 V threaded_app: New input event: type=2
11-16 12:21:36.968 26097 26220 V threaded_app: New input event: type=2
11-16 12:21:36.984 26097 26220 V threaded_app: New input event: type=2
11-16 12:21:37.001 26097 26220 V threaded_app: New input event: type=2
11-16 12:21:37.018 26097 26220 V threaded_app: New input event: type=2
11-16 12:21:37.035 26097 26220 V threaded_app: New input event: type=2
11-16 12:21:37.052 26097 26220 V threaded_app: New input event: type=2
11-16 12:21:37.068 26097 26220 V threaded_app: New input event: type=2
11-16 12:21:37.087 26097 26220 V threaded_app: New input event: type=2
11-16 12:21:37.101 26097 26220 V threaded_app: New input event: type=2
11-16 12:21:37.118 26097 26220 V threaded_app: New input event: type=2
11-16 12:21:37.135 26097 26220 V threaded_app: New input event: type=2
11-16 12:21:37.149 26097 26332 I AudioManager: In isBluetoothScoOn(), calling
application: com.topten.loader
11-16 12:21:37.152 26097 26220 V threaded_app: New input event: type=2
11-16 12:21:37.168 26097 26220 V threaded_app: New input event: type=2
11-16 12:21:37.185 26097 26220 V threaded_app: New input event: type=2
11-16 12:21:37.201 26097 26220 V threaded_app: New input event: type=2
11-16 12:21:37.218 26097 26220 V threaded_app: New input event: type=2
11-16 12:21:37.235 26097 26220 V threaded_app: New input event: type=2
11-16 12:21:37.251 26097 26220 V threaded_app: New input event: type=2
11-16 12:21:37.268 26097 26220 V threaded_app: New input event: type=2
11-16 12:21:37.284 26097 26220 V threaded_app: New input event: type=2
11-16 12:21:37.302 26097 26220 V threaded_app: New input event: type=2
11-16 12:21:37.318 26097 26220 V threaded_app: New input event: type=2
11-16 12:21:37.334 26097 26220 V threaded_app: New input event: type=2
11-16 12:21:37.351 26097 26220 V threaded_app: New input event: type=2
11-16 12:21:37.368 26097 26220 V threaded_app: New input event: type=2
11-16 12:21:37.384 26097 26220 V threaded_app: New input event: type=2
11-16 12:21:37.401 26097 26220 V threaded_app: New input event: type=2
11-16 12:21:37.418 26097 26220 V threaded_app: New input event: type=2
11-16 12:21:37.435 26097 26220 V threaded_app: New input event: type=2
11-16 12:21:37.451 26097 26220 V threaded_app: New input event: type=2
11-16 12:21:37.468 26097 26220 V threaded_app: New input event: type=2
11-16 12:21:37.484 26097 26220 V threaded_app: New input event: type=2
11-16 12:21:37.501 26097 26220 V threaded_app: New input event: type=2
11-16 12:21:37.518 26097 26220 V threaded_app: New input event: type=2
11-16 12:21:37.534 26097 26220 V threaded_app: New input event: type=2
11-16 12:21:37.551 26097 26220 V threaded_app: New input event: type=2
11-16 12:21:37.568 26097 26220 V threaded_app: New input event: type=2
11-16 12:21:37.585 26097 26220 V threaded_app: New input event: type=2
11-16 12:21:37.601 26097 26220 V threaded_app: New input event: type=2
11-16 12:21:37.618 26097 26220 V threaded_app: New input event: type=2
11-16 12:21:37.624 26097 26220 V threaded_app: New input event: type=2
11-16 12:21:37.625 26097 26220 V threaded_app: New input event: type=2
11-16 12:21:37.651 26097 26220 V threaded_app: New input event: type=2
11-16 12:21:37.669 26097 26220 V threaded_app: New input event: type=2
11-16 12:21:37.684 26097 26220 V threaded_app: New input event: type=2
11-16 12:21:37.701 26097 26220 V threaded_app: New input event: type=2
11-16 12:21:37.720 26097 26220 V threaded_app: New input event: type=2
11-16 12:21:37.734 26097 26220 V threaded_app: New input event: type=2
11-16 12:21:37.751 26097 26220 V threaded_app: New input event: type=2
11-16 12:21:37.768 26097 26220 V threaded_app: New input event: type=2
11-16 12:21:37.784 26097 26220 V threaded_app: New input event: type=2
11-16 12:21:37.802 26097 26220 V threaded_app: New input event: type=2
11-16 12:21:37.822 26097 26220 V threaded_app: New input event: type=2
11-16 12:21:37.834 26097 26220 V threaded_app: New input event: type=2
11-16 12:21:37.852 26097 26220 V threaded_app: New input event: type=2
11-16 12:21:37.868 26097 26220 V threaded_app: New input event: type=2
11-16 12:21:37.885 26097 26220 V threaded_app: New input event: type=2
11-16 12:21:37.901 26097 26220 V threaded_app: New input event: type=2
11-16 12:21:37.917 26097 26220 V threaded_app: New input event: type=2
11-16 12:21:37.935 26097 26220 V threaded_app: New input event: type=2
11-16 12:21:37.951 26097 26220 V threaded_app: New input event: type=2
11-16 12:21:37.969 26097 26220 V threaded_app: New input event: type=2
11-16 12:21:37.986 26097 26220 V threaded_app: New input event: type=2
11-16 12:21:38.002 26097 26220 V threaded_app: New input event: type=2
11-16 12:21:38.018 26097 26220 V threaded_app: New input event: type=2
11-16 12:21:38.036 26097 26220 V threaded_app: New input event: type=2
11-16 12:21:38.053 26097 26220 V threaded_app: New input event: type=2
11-16 12:21:38.115 26097 26220 V threaded_app: New input event: type=2
11-16 12:21:38.136 26097 26220 V threaded_app: New input event: type=2
11-16 12:21:38.151 26097 26220 V threaded_app: New input event: type=2
11-16 12:21:38.169 26097 26220 V threaded_app: New input event: type=2
11-16 12:21:38.184 26097 26220 V threaded_app: New input event: type=2
11-16 12:21:38.202 26097 26220 V threaded_app: New input event: type=2
11-16 12:21:38.218 26097 26220 V threaded_app: New input event: type=2
11-16 12:21:38.234 26097 26220 V threaded_app: New input event: type=2
11-16 12:21:38.253 26097 26220 V threaded_app: New input event: type=2
11-16 12:21:38.268 26097 26220 V threaded_app: New input event: type=2
11-16 12:21:38.285 26097 26220 V threaded_app: New input event: type=2
11-16 12:21:38.301 26097 26220 V threaded_app: New input event: type=2
11-16 12:21:38.320 26097 26220 V threaded_app: New input event: type=2
11-16 12:21:38.335 26097 26220 V threaded_app: New input event: type=2
11-16 12:21:38.308 25780 25780 W pool-2-thread-1: type=1400 audit(0.0:388185): avc:
granted { nlmsg_readpriv } for scontext=u:r:untrusted_app_29:s0:c10,c258,c512,c768
tcontext=u:r:untrusted_app_29:s0:c10,c258,c512,c768 tclass=netlink_route_socket
app=com.topten.loader
11-16 12:21:38.352 26097 26220 V threaded_app: New input event: type=2
11-16 12:21:38.368 26097 26220 V threaded_app: New input event: type=2
11-16 12:21:38.385 26097 26220 V threaded_app: New input event: type=2
11-16 12:21:38.401 26097 26220 V threaded_app: New input event: type=2
11-16 12:21:38.418 26097 26220 V threaded_app: New input event: type=2
11-16 12:21:38.434 26097 26220 V threaded_app: New input event: type=2
11-16 12:21:38.451 26097 26220 V threaded_app: New input event: type=2
11-16 12:21:38.468 26097 26220 V threaded_app: New input event: type=2
11-16 12:21:38.485 26097 26220 V threaded_app: New input event: type=2
11-16 12:21:38.494 26097 26332 I AudioManager: In isBluetoothScoOn(), calling
application: com.topten.loader
11-16 12:21:38.502 26097 26220 V threaded_app: New input event: type=2
11-16 12:21:38.518 26097 26220 V threaded_app: New input event: type=2
11-16 12:21:38.535 26097 26220 V threaded_app: New input event: type=2
11-16 12:21:38.551 26097 26220 V threaded_app: New input event: type=2
11-16 12:21:38.569 26097 26220 V threaded_app: New input event: type=2
11-16 12:21:38.584 26097 26220 V threaded_app: New input event: type=2
11-16 12:21:38.603 26097 26220 V threaded_app: New input event: type=2
11-16 12:21:38.618 26097 26220 V threaded_app: New input event: type=2
11-16 12:21:38.634 26097 26220 V threaded_app: New input event: type=2
11-16 12:21:38.651 26097 26220 V threaded_app: New input event: type=2
11-16 12:21:38.668 26097 26220 V threaded_app: New input event: type=2
11-16 12:21:38.685 26097 26220 V threaded_app: New input event: type=2
11-16 12:21:38.701 26097 26220 V threaded_app: New input event: type=2
11-16 12:21:38.718 26097 26220 V threaded_app: New input event: type=2
11-16 12:21:38.734 26097 26220 V threaded_app: New input event: type=2
11-16 12:21:38.751 26097 26220 V threaded_app: New input event: type=2
11-16 12:21:38.768 26097 26220 V threaded_app: New input event: type=2
11-16 12:21:38.785 26097 26220 V threaded_app: New input event: type=2
11-16 12:21:38.801 26097 26220 V threaded_app: New input event: type=2
11-16 12:21:38.818 26097 26220 V threaded_app: New input event: type=2
11-16 12:21:38.836 26097 26220 V threaded_app: New input event: type=2
11-16 12:21:38.852 26097 26220 V threaded_app: New input event: type=2
11-16 12:21:38.869 26097 26220 V threaded_app: New input event: type=2
11-16 12:21:38.885 26097 26220 V threaded_app: New input event: type=2
11-16 12:21:38.903 26097 26220 V threaded_app: New input event: type=2
11-16 12:21:38.918 26097 26220 V threaded_app: New input event: type=2
11-16 12:21:38.935 26097 26220 V threaded_app: New input event: type=2
11-16 12:21:38.951 26097 26220 V threaded_app: New input event: type=2
11-16 12:21:38.957 26097 26220 V threaded_app: New input event: type=2
11-16 12:21:38.957 26097 26220 V threaded_app: New input event: type=2
11-16 12:21:38.969 26097 26220 V threaded_app: New input event: type=2
11-16 12:21:38.984 26097 26220 V threaded_app: New input event: type=2
11-16 12:21:39.001 26097 26220 V threaded_app: New input event: type=2
11-16 12:21:39.019 26097 26220 V threaded_app: New input event: type=2
11-16 12:21:39.035 26097 26220 V threaded_app: New input event: type=2
11-16 12:21:39.056 26097 26220 V threaded_app: New input event: type=2
11-16 12:21:39.067 26097 26220 V threaded_app: New input event: type=2
11-16 12:21:39.084 26097 26220 V threaded_app: New input event: type=2
11-16 12:21:39.102 26097 26220 V threaded_app: New input event: type=2
11-16 12:21:39.118 26097 26220 V threaded_app: New input event: type=2
11-16 12:21:39.134 26097 26220 V threaded_app: New input event: type=2
11-16 12:21:39.151 26097 26220 V threaded_app: New input event: type=2
11-16 12:21:39.168 26097 26220 V threaded_app: New input event: type=2
11-16 12:21:39.185 26097 26220 V threaded_app: New input event: type=2
11-16 12:21:39.217 26097 26220 V threaded_app: New input event: type=2
11-16 12:21:39.235 26097 26220 V threaded_app: New input event: type=2
11-16 12:21:39.252 26097 26220 V threaded_app: New input event: type=2
11-16 12:21:39.269 26097 26220 V threaded_app: New input event: type=2
11-16 12:21:39.285 26097 26220 V threaded_app: New input event: type=2
11-16 12:21:39.301 26097 26220 V threaded_app: New input event: type=2
11-16 12:21:39.319 26097 26220 V threaded_app: New input event: type=2
11-16 12:21:39.334 26097 26220 V threaded_app: New input event: type=2
11-16 12:21:39.352 26097 26220 V threaded_app: New input event: type=2
11-16 12:21:39.368 26097 26220 V threaded_app: New input event: type=2
11-16 12:21:39.384 26097 26220 V threaded_app: New input event: type=2
11-16 12:21:39.401 26097 26220 V threaded_app: New input event: type=2
11-16 12:21:39.418 26097 26220 V threaded_app: New input event: type=2
11-16 12:21:39.434 26097 26220 V threaded_app: New input event: type=2
11-16 12:21:39.451 26097 26220 V threaded_app: New input event: type=2
11-16 12:21:39.468 26097 26220 V threaded_app: New input event: type=2
11-16 12:21:39.485 26097 26220 V threaded_app: New input event: type=2
11-16 12:21:39.552 26097 26220 V threaded_app: New input event: type=2
11-16 12:21:39.568 26097 26220 V threaded_app: New input event: type=2
11-16 12:21:39.568 26097 28277 D opten.loader:p:
TrackPlayerBase::~TrackPlayerBase()
11-16 12:21:39.568 26097 28277 D opten.loader:p: PlayerBase::~PlayerBase()
11-16 12:21:39.569 26097 28277 D opten.loader:p:
TrackPlayerBase::~TrackPlayerBase()
11-16 12:21:39.569 26097 28277 D opten.loader:p: PlayerBase::~PlayerBase()
11-16 12:21:39.585 26097 26220 V threaded_app: New input event: type=2
11-16 12:21:39.601 26097 26220 V threaded_app: New input event: type=2
11-16 12:21:39.618 26097 26220 V threaded_app: New input event: type=2
11-16 12:21:39.634 26097 26220 V threaded_app: New input event: type=2
11-16 12:21:39.651 26097 26220 V threaded_app: New input event: type=2
11-16 12:21:39.668 26097 26220 V threaded_app: New input event: type=2
11-16 12:21:39.684 26097 26220 V threaded_app: New input event: type=2
11-16 12:21:39.701 26097 26220 V threaded_app: New input event: type=2
11-16 12:21:39.718 26097 26220 V threaded_app: New input event: type=2
11-16 12:21:39.734 26097 26220 V threaded_app: New input event: type=2
11-16 12:21:39.751 26097 26220 V threaded_app: New input event: type=2
11-16 12:21:39.768 26097 26220 V threaded_app: New input event: type=2
11-16 12:21:39.785 26097 26220 V threaded_app: New input event: type=2
11-16 12:21:39.802 26097 26220 V threaded_app: New input event: type=2
11-16 12:21:39.818 26097 26220 V threaded_app: New input event: type=2
11-16 12:21:39.835 26097 26220 V threaded_app: New input event: type=2
11-16 12:21:39.838 26097 26332 I AudioManager: In isBluetoothScoOn(), calling
application: com.topten.loader
11-16 12:21:39.851 26097 26220 V threaded_app: New input event: type=2
11-16 12:21:39.856 26097 26220 V threaded_app: New input event: type=2
11-16 12:21:39.856 26097 26220 V threaded_app: New input event: type=2
11-16 12:21:39.868 26097 26220 V threaded_app: New input event: type=2
11-16 12:21:39.901 26097 26220 V threaded_app: New input event: type=2
11-16 12:21:39.918 26097 26220 V threaded_app: New input event: type=2
11-16 12:21:39.935 26097 26220 V threaded_app: New input event: type=2
11-16 12:21:39.951 26097 26220 V threaded_app: New input event: type=2
11-16 12:21:39.968 26097 26220 V threaded_app: New input event: type=2
11-16 12:21:39.990 26097 26220 V threaded_app: New input event: type=2
11-16 12:21:39.990 26097 26220 V threaded_app: New input event: type=2
11-16 12:21:40.035 26097 26220 V threaded_app: New input event: type=2
11-16 12:21:40.069 26097 26220 V threaded_app: New input event: type=2
11-16 12:21:40.084 26097 26220 V threaded_app: New input event: type=2
11-16 12:21:40.101 26097 26220 V threaded_app: New input event: type=2
11-16 12:21:40.106 26097 26220 V threaded_app: New input event: type=2
11-16 12:21:40.107 26097 26220 V threaded_app: New input event: type=2
11-16 12:21:40.135 26097 26220 V threaded_app: New input event: type=2
11-16 12:21:40.151 26097 26220 V threaded_app: New input event: type=2
11-16 12:21:40.168 26097 26220 V threaded_app: New input event: type=2
11-16 12:21:40.173 26097 26220 V threaded_app: New input event: type=2
11-16 12:21:40.173 26097 26220 V threaded_app: New input event: type=2
11-16 12:21:40.185 26097 26220 V threaded_app: New input event: type=2
11-16 12:21:40.201 26097 26220 V threaded_app: New input event: type=2
11-16 12:21:40.218 26097 26220 V threaded_app: New input event: type=2
11-16 12:21:40.234 26097 26220 V threaded_app: New input event: type=2
11-16 12:21:40.251 26097 26220 V threaded_app: New input event: type=2
11-16 12:21:40.269 26097 26220 V threaded_app: New input event: type=2
11-16 12:21:40.284 26097 26220 V threaded_app: New input event: type=2
11-16 12:21:40.301 26097 26220 V threaded_app: New input event: type=2
11-16 12:21:40.319 26097 26220 V threaded_app: New input event: type=2
11-16 12:21:40.334 26097 26220 V threaded_app: New input event: type=2
11-16 12:21:40.351 26097 26220 V threaded_app: New input event: type=2
11-16 12:21:40.368 26097 26220 V threaded_app: New input event: type=2
11-16 12:21:40.384 26097 26220 V threaded_app: New input event: type=2
11-16 12:21:40.401 26097 26220 V threaded_app: New input event: type=2
11-16 12:21:40.419 26097 26220 V threaded_app: New input event: type=2
11-16 12:21:40.434 26097 26220 V threaded_app: New input event: type=2
11-16 12:21:40.451 26097 26220 V threaded_app: New input event: type=2
11-16 12:21:40.519 26097 26220 V threaded_app: New input event: type=2
11-16 12:21:40.535 26097 26220 V threaded_app: New input event: type=2
11-16 12:21:40.568 26097 26220 V threaded_app: New input event: type=2
11-16 12:21:40.601 26097 26220 V threaded_app: New input event: type=2
11-16 12:21:40.668 26097 26220 V threaded_app: New input event: type=2
11-16 12:21:40.768 26097 26220 V threaded_app: New input event: type=2
11-16 12:21:40.885 26097 26220 V threaded_app: New input event: type=2
11-16 12:21:41.035 26097 26220 V threaded_app: New input event: type=2
11-16 12:21:41.174 26097 26220 V threaded_app: New input event: type=2
11-16 12:21:41.181 26097 26332 I AudioManager: In isBluetoothScoOn(), calling
application: com.topten.loader
11-16 12:21:41.308 25780 25780 W pool-2-thread-1: type=1400 audit(0.0:388186): avc:
granted { nlmsg_readpriv } for scontext=u:r:untrusted_app_29:s0:c10,c258,c512,c768
tcontext=u:r:untrusted_app_29:s0:c10,c258,c512,c768 tclass=netlink_route_socket
app=com.topten.loader
11-16 12:21:41.639 26097 26220 V threaded_app: New input event: type=2
11-16 12:21:41.740 26097 26220 V threaded_app: New input event: type=2
11-16 12:21:41.839 26097 26220 V threaded_app: New input event: type=2
11-16 12:21:42.227 26097 26220 V threaded_app: New input event: type=2
11-16 12:21:42.318 26097 26220 V threaded_app: New input event: type=2
11-16 12:21:42.335 26097 26220 V threaded_app: New input event: type=2
11-16 12:21:42.351 26097 26220 V threaded_app: New input event: type=2
11-16 12:21:42.368 26097 26220 V threaded_app: New input event: type=2
11-16 12:21:42.385 26097 26220 V threaded_app: New input event: type=2
11-16 12:21:42.402 26097 26220 V threaded_app: New input event: type=2
11-16 12:21:42.418 26097 26220 V threaded_app: New input event: type=2
11-16 12:21:42.435 26097 26220 V threaded_app: New input event: type=2
11-16 12:21:42.451 26097 26220 V threaded_app: New input event: type=2
11-16 12:21:42.468 26097 26220 V threaded_app: New input event: type=2
11-16 12:21:42.485 26097 26220 V threaded_app: New input event: type=2
11-16 12:21:42.501 26097 26220 V threaded_app: New input event: type=2
11-16 12:21:42.518 26097 26220 V threaded_app: New input event: type=2
11-16 12:21:42.525 26097 26332 I AudioManager: In isBluetoothScoOn(), calling
application: com.topten.loader
11-16 12:21:42.534 26097 26220 V threaded_app: New input event: type=2
11-16 12:21:42.551 26097 26220 V threaded_app: New input event: type=2
11-16 12:21:42.568 26097 26220 V threaded_app: New input event: type=2
11-16 12:21:42.584 26097 26220 V threaded_app: New input event: type=2
11-16 12:21:42.601 26097 26220 V threaded_app: New input event: type=2
11-16 12:21:42.605 26097 26220 V threaded_app: New input event: type=2
11-16 12:21:42.605 26097 26220 V threaded_app: New input event: type=2
11-16 12:21:42.606 26097 26220 V threaded_app: New input event: type=2
11-16 12:21:42.656 26097 26220 V threaded_app: New input event: type=2
11-16 12:21:43.110 26097 26220 V threaded_app: New input event: type=2
11-16 12:21:43.201 26097 26220 V threaded_app: New input event: type=2
11-16 12:21:43.218 26097 26220 V threaded_app: New input event: type=2
11-16 12:21:43.234 26097 26220 V threaded_app: New input event: type=2
11-16 12:21:43.251 26097 26220 V threaded_app: New input event: type=2
11-16 12:21:43.268 26097 26220 V threaded_app: New input event: type=2
11-16 12:21:43.284 26097 26220 V threaded_app: New input event: type=2
11-16 12:21:43.302 26097 26220 V threaded_app: New input event: type=2
11-16 12:21:43.318 26097 26220 V threaded_app: New input event: type=2
11-16 12:21:43.334 26097 26220 V threaded_app: New input event: type=2
11-16 12:21:43.351 26097 26220 V threaded_app: New input event: type=2
11-16 12:21:43.368 26097 26220 V threaded_app: New input event: type=2
11-16 12:21:43.385 26097 26220 V threaded_app: New input event: type=2
11-16 12:21:43.402 26097 26220 V threaded_app: New input event: type=2
11-16 12:21:43.412 26097 26220 V threaded_app: New input event: type=2
11-16 12:21:43.558 26097 26220 V threaded_app: New input event: type=2
11-16 12:21:43.658 26097 26220 V threaded_app: New input event: type=2
11-16 12:21:43.743 26097 26220 V threaded_app: New input event: type=2
11-16 12:21:43.839 26097 26220 V threaded_app: New input event: type=2
11-16 12:21:43.869 26097 26332 I AudioManager: In isBluetoothScoOn(), calling
application: com.topten.loader
11-16 12:21:44.308 25780 25780 W pool-2-thread-1: type=1400 audit(0.0:388187): avc:
granted { nlmsg_readpriv } for scontext=u:r:untrusted_app_29:s0:c10,c258,c512,c768
tcontext=u:r:untrusted_app_29:s0:c10,c258,c512,c768 tclass=netlink_route_socket
app=com.topten.loader
11-16 12:21:44.458 26097 26220 V threaded_app: New input event: type=2
11-16 12:21:44.485 26097 26220 V threaded_app: New input event: type=2
11-16 12:21:44.502 26097 26220 V threaded_app: New input event: type=2
11-16 12:21:44.518 26097 26220 V threaded_app: New input event: type=2
11-16 12:21:44.536 26097 26220 V threaded_app: New input event: type=2
11-16 12:21:44.551 26097 26220 V threaded_app: New input event: type=2
11-16 12:21:44.568 26097 26220 V threaded_app: New input event: type=2
11-16 12:21:44.584 26097 26220 V threaded_app: New input event: type=2
11-16 12:21:44.588 26097 26220 V threaded_app: New input event: type=2
11-16 12:21:45.178 26097 26097 V threaded_app: WindowFocusChanged: 0x7dc29d72c0 --
0
11-16 12:21:45.179 26097 26097 D DecorView[]: onWindowFocusChanged hasWindowFocus
false
11-16 12:21:45.181 26097 26220 D UE4 : Case APP_CMD_LOST_FOCUS
11-16 12:21:45.214 26097 26332 I AudioManager: In isBluetoothScoOn(), calling
application: com.topten.loader
11-16 12:21:46.557 26097 26332 I AudioManager: In isBluetoothScoOn(), calling
application: com.topten.loader
11-16 12:21:47.308 25780 25780 W pool-2-thread-1: type=1400 audit(0.0:388190): avc:
granted { nlmsg_readpriv } for scontext=u:r:untrusted_app_29:s0:c10,c258,c512,c768
tcontext=u:r:untrusted_app_29:s0:c10,c258,c512,c768 tclass=netlink_route_socket
app=com.topten.loader
11-16 12:21:47.521 26097 26097 V threaded_app: WindowFocusChanged: 0x7dc29d72c0 --
1
11-16 12:21:47.521 26097 26220 D UE4 : Case APP_CMD_GAINED_FOCUS
11-16 12:21:47.523 26097 26097 D DecorView[]: onWindowFocusChanged hasWindowFocus
true
11-16 12:21:47.736 26097 26220 V threaded_app: New input event: type=2
11-16 12:21:47.737 26097 26220 V threaded_app: New input event: type=2
11-16 12:21:47.740 26097 26104 I opten.loader:p: NativeAlloc concurrent copying GC
freed 4591KB AllocSpace bytes, 51(1532KB) LOS objects, 49% free, 7034KB/13MB,
paused 229us,286us total 187.560ms
11-16 12:21:47.752 26097 26220 V threaded_app: New input event: type=2
11-16 12:21:47.769 26097 26220 V threaded_app: New input event: type=2
11-16 12:21:47.785 26097 26220 V threaded_app: New input event: type=2
11-16 12:21:47.804 26097 26220 V threaded_app: New input event: type=2
11-16 12:21:47.820 26097 26220 V threaded_app: New input event: type=2
11-16 12:21:47.836 26097 26220 V threaded_app: New input event: type=2
11-16 12:21:47.852 26097 26220 V threaded_app: New input event: type=2
11-16 12:21:47.869 26097 26220 V threaded_app: New input event: type=2
11-16 12:21:47.884 26097 26220 V threaded_app: New input event: type=2
11-16 12:21:47.901 26097 26332 I AudioManager: In isBluetoothScoOn(), calling
application: com.topten.loader
11-16 12:21:47.902 26097 26220 V threaded_app: New input event: type=2
11-16 12:21:47.918 26097 26220 V threaded_app: New input event: type=2
11-16 12:21:47.936 26097 26220 V threaded_app: New input event: type=2
11-16 12:21:47.951 26097 26220 V threaded_app: New input event: type=2
11-16 12:21:47.968 26097 26220 V threaded_app: New input event: type=2
11-16 12:21:47.987 26097 26220 V threaded_app: New input event: type=2
11-16 12:21:48.001 26097 26220 V threaded_app: New input event: type=2
11-16 12:21:48.018 26097 26220 V threaded_app: New input event: type=2
11-16 12:21:48.035 26097 26220 V threaded_app: New input event: type=2
11-16 12:21:48.073 26097 26220 V threaded_app: New input event: type=2
11-16 12:21:48.207 26097 26220 V threaded_app: New input event: type=2
11-16 12:21:48.284 26097 26220 V threaded_app: New input event: type=2
11-16 12:21:48.301 26097 26220 V threaded_app: New input event: type=2
11-16 12:21:48.318 26097 26220 V threaded_app: New input event: type=2
11-16 12:21:48.336 26097 26220 V threaded_app: New input event: type=2
11-16 12:21:48.352 26097 26220 V threaded_app: New input event: type=2
11-16 12:21:48.368 26097 26220 V threaded_app: New input event: type=2
11-16 12:21:48.387 26097 26220 V threaded_app: New input event: type=2
11-16 12:21:48.401 26097 26220 V threaded_app: New input event: type=2
11-16 12:21:48.419 26097 26220 V threaded_app: New input event: type=2
11-16 12:21:48.434 26097 26220 V threaded_app: New input event: type=2
11-16 12:21:48.452 26097 26220 V threaded_app: New input event: type=2
11-16 12:21:48.455 26097 26220 V threaded_app: New input event: type=2
11-16 12:21:49.245 26097 26332 I AudioManager: In isBluetoothScoOn(), calling
application: com.topten.loader
11-16 12:21:50.308 25780 25780 W pool-2-thread-1: type=1400 audit(0.0:388192): avc:
granted { nlmsg_readpriv } for scontext=u:r:untrusted_app_29:s0:c10,c258,c512,c768
tcontext=u:r:untrusted_app_29:s0:c10,c258,c512,c768 tclass=netlink_route_socket
app=com.topten.loader
11-16 12:21:50.589 26097 26332 I AudioManager: In isBluetoothScoOn(), calling
application: com.topten.loader
11-16 12:21:50.875 26097 26111 W opten.loader:p: Couldn't lock the profile file
/data/misc/profiles/cur/0/com.pubg.imobile/primary.prof: Failed to open file
'/data/misc/profiles/cur/0/com.pubg.imobile/primary.prof': Permission denied
11-16 12:21:50.875 26097 26111 W opten.loader:p: Could not forcefully load
profile /data/misc/profiles/cur/0/com.pubg.imobile/primary.prof
11-16 12:21:51.934 26097 26332 I AudioManager: In isBluetoothScoOn(), calling
application: com.topten.loader
11-16 12:21:53.277 26097 26332 I AudioManager: In isBluetoothScoOn(), calling
application: com.topten.loader
11-16 12:21:54.621 26097 26332 I AudioManager: In isBluetoothScoOn(), calling
application: com.topten.loader
11-16 12:21:55.965 26097 26332 I AudioManager: In isBluetoothScoOn(), calling
application: com.topten.loader
11-16 12:21:56.308 25780 25780 W pool-2-thread-1: type=1400 audit(0.0:388236): avc:
granted { nlmsg_readpriv } for scontext=u:r:untrusted_app_29:s0:c10,c258,c512,c768
tcontext=u:r:untrusted_app_29:s0:c10,c258,c512,c768 tclass=netlink_route_socket
app=com.topten.loader
11-16 12:21:57.309 26097 26332 I AudioManager: In isBluetoothScoOn(), calling
application: com.topten.loader
11-16 12:21:58.654 26097 26332 I AudioManager: In isBluetoothScoOn(), calling
application: com.topten.loader
11-16 12:21:59.308 25780 25780 W pool-2-thread-1: type=1400 audit(0.0:388237): avc:
granted { nlmsg_readpriv } for scontext=u:r:untrusted_app_29:s0:c10,c258,c512,c768
tcontext=u:r:untrusted_app_29:s0:c10,c258,c512,c768 tclass=netlink_route_socket
app=com.topten.loader
11-16 12:21:59.996 26097 26332 I AudioManager: In isBluetoothScoOn(), calling
application: com.topten.loader
11-16 12:22:01.341 26097 26332 I AudioManager: In isBluetoothScoOn(), calling
application: com.topten.loader
11-16 12:22:02.308 25780 25780 W pool-2-thread-1: type=1400 audit(0.0:388238): avc:
granted { nlmsg_readpriv } for scontext=u:r:untrusted_app_29:s0:c10,c258,c512,c768
tcontext=u:r:untrusted_app_29:s0:c10,c258,c512,c768 tclass=netlink_route_socket
app=com.topten.loader
11-16 12:22:02.687 26097 26332 I AudioManager: In isBluetoothScoOn(), calling
application: com.topten.loader
11-16 12:22:04.028 26097 26332 I AudioManager: In isBluetoothScoOn(), calling
application: com.topten.loader
11-16 12:22:05.308 25780 25780 W pool-2-thread-1: type=1400 audit(0.0:388240): avc:
granted { nlmsg_readpriv } for scontext=u:r:untrusted_app_29:s0:c10,c258,c512,c768
tcontext=u:r:untrusted_app_29:s0:c10,c258,c512,c768 tclass=netlink_route_socket
app=com.topten.loader
11-16 12:22:05.377 26097 26332 I AudioManager: In isBluetoothScoOn(), calling
application: com.topten.loader
11-16 12:22:06.718 26097 26332 I AudioManager: In isBluetoothScoOn(), calling
application: com.topten.loader
11-16 12:22:08.061 26097 26332 I AudioManager: In isBluetoothScoOn(), calling
application: com.topten.loader
11-16 12:22:08.308 25780 25780 W pool-2-thread-1: type=1400 audit(0.0:388242): avc:
granted { nlmsg_readpriv } for scontext=u:r:untrusted_app_29:s0:c10,c258,c512,c768
tcontext=u:r:untrusted_app_29:s0:c10,c258,c512,c768 tclass=netlink_route_socket
app=com.topten.loader
11-16 12:22:09.406 26097 26332 I AudioManager: In isBluetoothScoOn(), calling
application: com.topten.loader
11-16 12:22:10.750 26097 26332 I AudioManager: In isBluetoothScoOn(), calling
application: com.topten.loader
11-16 12:22:11.308 25780 25780 W pool-2-thread-1: type=1400 audit(0.0:388243): avc:
granted { nlmsg_readpriv } for scontext=u:r:untrusted_app_29:s0:c10,c258,c512,c768
tcontext=u:r:untrusted_app_29:s0:c10,c258,c512,c768 tclass=netlink_route_socket
app=com.topten.loader
11-16 12:22:12.092 26097 26332 I AudioManager: In isBluetoothScoOn(), calling
application: com.topten.loader
11-16 12:22:13.438 26097 26332 I AudioManager: In isBluetoothScoOn(), calling
application: com.topten.loader
11-16 12:22:14.308 25780 25780 W pool-2-thread-1: type=1400 audit(0.0:388244): avc:
granted { nlmsg_readpriv } for scontext=u:r:untrusted_app_29:s0:c10,c258,c512,c768
tcontext=u:r:untrusted_app_29:s0:c10,c258,c512,c768 tclass=netlink_route_socket
app=com.topten.loader
11-16 12:22:14.781 26097 26332 I AudioManager: In isBluetoothScoOn(), calling
application: com.topten.loader
11-16 12:22:16.126 26097 26332 I AudioManager: In isBluetoothScoOn(), calling
application: com.topten.loader
11-16 12:22:16.509 26097 26220 V threaded_app: New input event: type=2
11-16 12:22:16.530 26097 26220 V threaded_app: New input event: type=2
11-16 12:22:17.275 26097 26220 V threaded_app: New input event: type=2
11-16 12:22:17.308 25780 25780 W pool-2-thread-1: type=1400 audit(0.0:388252): avc:
granted { nlmsg_readpriv } for scontext=u:r:untrusted_app_29:s0:c10,c258,c512,c768
tcontext=u:r:untrusted_app_29:s0:c10,c258,c512,c768 tclass=netlink_route_socket
app=com.topten.loader
11-16 12:22:17.323 26097 26220 V threaded_app: New input event: type=2
11-16 12:22:17.470 26097 26332 I AudioManager: In isBluetoothScoOn(), calling
application: com.topten.loader
11-16 12:22:18.812 26097 26332 I AudioManager: In isBluetoothScoOn(), calling
application: com.topten.loader
11-16 12:22:20.156 26097 26332 I AudioManager: In isBluetoothScoOn(), calling
application: com.topten.loader
11-16 12:22:20.308 25780 25780 W pool-2-thread-1: type=1400 audit(0.0:388253): avc:
granted { nlmsg_readpriv } for scontext=u:r:untrusted_app_29:s0:c10,c258,c512,c768
tcontext=u:r:untrusted_app_29:s0:c10,c258,c512,c768 tclass=netlink_route_socket
app=com.topten.loader
11-16 12:22:21.502 26097 26332 I AudioManager: In isBluetoothScoOn(), calling
application: com.topten.loader
11-16 12:22:22.441 26097 26220 V threaded_app: New input event: type=2
11-16 12:22:22.542 26097 26220 V threaded_app: New input event: type=2
11-16 12:22:22.568 26097 26220 V threaded_app: New input event: type=2
11-16 12:22:22.585 26097 26220 V threaded_app: New input event: type=2
11-16 12:22:22.601 26097 26220 V threaded_app: New input event: type=2
11-16 12:22:22.618 26097 26220 V threaded_app: New input event: type=2
11-16 12:22:22.635 26097 26220 V threaded_app: New input event: type=2
11-16 12:22:22.651 26097 26220 V threaded_app: New input event: type=2
11-16 12:22:22.668 26097 26220 V threaded_app: New input event: type=2
11-16 12:22:22.685 26097 26220 V threaded_app: New input event: type=2
11-16 12:22:22.701 26097 26220 V threaded_app: New input event: type=2
11-16 12:22:22.719 26097 26220 V threaded_app: New input event: type=2
11-16 12:22:22.734 26097 26220 V threaded_app: New input event: type=2
11-16 12:22:22.751 26097 26220 V threaded_app: New input event: type=2
11-16 12:22:22.768 26097 26220 V threaded_app: New input event: type=2
11-16 12:22:22.802 26097 26220 V threaded_app: New input event: type=2
11-16 12:22:22.818 26097 26220 V threaded_app: New input event: type=2
11-16 12:22:22.845 26097 26332 I AudioManager: In isBluetoothScoOn(), calling
application: com.topten.loader
11-16 12:22:22.851 26097 26220 V threaded_app: New input event: type=2
11-16 12:22:22.885 26097 26220 V threaded_app: New input event: type=2
11-16 12:22:22.918 26097 26220 V threaded_app: New input event: type=2
11-16 12:22:22.969 26097 26220 V threaded_app: New input event: type=2
11-16 12:22:23.106 26097 26220 V threaded_app: New input event: type=2
11-16 12:22:23.308 25780 25780 W pool-2-thread-1: type=1400 audit(0.0:388254): avc:
granted { nlmsg_readpriv } for scontext=u:r:untrusted_app_29:s0:c10,c258,c512,c768
tcontext=u:r:untrusted_app_29:s0:c10,c258,c512,c768 tclass=netlink_route_socket
app=com.topten.loader
11-16 12:22:23.440 26097 26220 V threaded_app: New input event: type=2
11-16 12:22:23.489 26097 26220 V threaded_app: New input event: type=2
11-16 12:22:24.190 26097 26332 I AudioManager: In isBluetoothScoOn(), calling
application: com.topten.loader
11-16 12:22:24.590 26097 26220 V threaded_app: New input event: type=2
11-16 12:22:24.639 26097 26220 V threaded_app: New input event: type=2
11-16 12:22:25.207 26097 26220 V threaded_app: New input event: type=2
11-16 12:22:25.222 26097 26220 V threaded_app: New input event: type=2
11-16 12:22:25.532 26097 26332 I AudioManager: In isBluetoothScoOn(), calling
application: com.topten.loader
11-16 12:22:25.808 26097 26220 V threaded_app: New input event: type=2
11-16 12:22:25.855 26097 26220 V threaded_app: New input event: type=2
11-16 12:22:26.308 25780 25780 W pool-2-thread-1: type=1400 audit(0.0:388256): avc:
granted { nlmsg_readpriv } for scontext=u:r:untrusted_app_29:s0:c10,c258,c512,c768
tcontext=u:r:untrusted_app_29:s0:c10,c258,c512,c768 tclass=netlink_route_socket
app=com.topten.loader
11-16 12:22:26.391 26097 26220 V threaded_app: New input event: type=2
11-16 12:22:26.473 26097 26220 V threaded_app: New input event: type=2
11-16 12:22:26.877 26097 26332 I AudioManager: In isBluetoothScoOn(), calling
application: com.topten.loader
11-16 12:22:27.157 26097 26220 V threaded_app: New input event: type=2
11-16 12:22:27.189 26097 26220 V threaded_app: New input event: type=2
11-16 12:22:27.908 26097 26220 V threaded_app: New input event: type=2
11-16 12:22:27.955 26097 26220 V threaded_app: New input event: type=2
11-16 12:22:28.221 26097 26332 I AudioManager: In isBluetoothScoOn(), calling
application: com.topten.loader
11-16 12:22:28.524 26097 26220 V threaded_app: New input event: type=2
11-16 12:22:28.639 26097 26220 V threaded_app: New input event: type=2
11-16 12:22:29.174 26097 26220 V threaded_app: New input event: type=2
11-16 12:22:29.207 26097 26220 V threaded_app: New input event: type=2
11-16 12:22:29.308 25780 25780 W pool-2-thread-1: type=1400 audit(0.0:388257): avc:
granted { nlmsg_readpriv } for scontext=u:r:untrusted_app_29:s0:c10,c258,c512,c768
tcontext=u:r:untrusted_app_29:s0:c10,c258,c512,c768 tclass=netlink_route_socket
app=com.topten.loader
11-16 12:22:29.565 26097 26332 I AudioManager: In isBluetoothScoOn(), calling
application: com.topten.loader
11-16 12:22:30.909 26097 26332 I AudioManager: In isBluetoothScoOn(), calling
application: com.topten.loader
11-16 12:22:31.290 26097 26220 V threaded_app: New input event: type=2
11-16 12:22:31.340 26097 26220 V threaded_app: New input event: type=2
11-16 12:22:31.774 26097 26220 V threaded_app: New input event: type=2
11-16 12:22:31.868 26097 26220 V threaded_app: New input event: type=2
11-16 12:22:31.885 26097 26220 V threaded_app: New input event: type=2
11-16 12:22:31.901 26097 26220 V threaded_app: New input event: type=2
11-16 12:22:31.918 26097 26220 V threaded_app: New input event: type=2
11-16 12:22:31.935 26097 26220 V threaded_app: New input event: type=2
11-16 12:22:31.951 26097 26220 V threaded_app: New input event: type=2
11-16 12:22:31.969 26097 26220 V threaded_app: New input event: type=2
11-16 12:22:31.984 26097 26220 V threaded_app: New input event: type=2
11-16 12:22:32.001 26097 26220 V threaded_app: New input event: type=2
11-16 12:22:32.018 26097 26220 V threaded_app: New input event: type=2
11-16 12:22:32.034 26097 26220 V threaded_app: New input event: type=2
11-16 12:22:32.051 26097 26220 V threaded_app: New input event: type=2
11-16 12:22:32.068 26097 26220 V threaded_app: New input event: type=2
11-16 12:22:32.085 26097 26220 V threaded_app: New input event: type=2
11-16 12:22:32.168 26097 26220 V threaded_app: New input event: type=2
11-16 12:22:32.184 26097 26220 V threaded_app: New input event: type=2
11-16 12:22:32.201 26097 26220 V threaded_app: New input event: type=2
11-16 12:22:32.218 26097 26220 V threaded_app: New input event: type=2
11-16 12:22:32.234 26097 26220 V threaded_app: New input event: type=2
11-16 12:22:32.251 26097 26220 V threaded_app: New input event: type=2
11-16 12:22:32.252 26097 26332 I AudioManager: In isBluetoothScoOn(), calling
application: com.topten.loader
11-16 12:22:32.268 26097 26220 V threaded_app: New input event: type=2
11-16 12:22:32.284 26097 26220 V threaded_app: New input event: type=2
11-16 12:22:32.301 26097 26220 V threaded_app: New input event: type=2
11-16 12:22:32.308 25780 25780 W pool-2-thread-1: type=1400 audit(0.0:388258): avc:
granted { nlmsg_readpriv } for scontext=u:r:untrusted_app_29:s0:c10,c258,c512,c768
tcontext=u:r:untrusted_app_29:s0:c10,c258,c512,c768 tclass=netlink_route_socket
app=com.topten.loader
11-16 12:22:32.319 26097 26220 V threaded_app: New input event: type=2
11-16 12:22:32.334 26097 26220 V threaded_app: New input event: type=2
11-16 12:22:32.351 26097 26220 V threaded_app: New input event: type=2
11-16 12:22:32.368 26097 26220 V threaded_app: New input event: type=2
11-16 12:22:32.384 26097 26220 V threaded_app: New input event: type=2
11-16 12:22:32.402 26097 26220 V threaded_app: New input event: type=2
11-16 12:22:32.418 26097 26220 V threaded_app: New input event: type=2
11-16 12:22:32.436 26097 26220 V threaded_app: New input event: type=2
11-16 12:22:32.440 26097 26220 V threaded_app: New input event: type=2
