11-16 12:28:30.676 26097 26220 V threaded_app: New input event: type=2
11-16 12:28:30.751 26097 26220 V threaded_app: New input event: type=2
11-16 12:28:30.768 26097 26220 V threaded_app: New input event: type=2
11-16 12:28:30.785 26097 26220 V threaded_app: New input event: type=2
11-16 12:28:30.802 26097 26220 V threaded_app: New input event: type=2
11-16 12:28:30.818 26097 26220 V threaded_app: New input event: type=2
11-16 12:28:30.835 26097 26220 V threaded_app: New input event: type=2
11-16 12:28:30.851 26097 26220 V threaded_app: New input event: type=2
11-16 12:28:30.868 26097 26220 V threaded_app: New input event: type=2
11-16 12:28:30.885 26097 26220 V threaded_app: New input event: type=2
11-16 12:28:30.889 26097 26220 V threaded_app: New input event: type=2
11-16 12:28:31.102 26097 26332 I AudioManager: In isBluetoothScoOn(), calling
application: com.topten.loader
11-16 12:28:31.192 26097 26220 V threaded_app: New input event: type=2
11-16 12:28:31.269 26097 26220 V threaded_app: New input event: type=2
11-16 12:28:31.285 26097 26220 V threaded_app: New input event: type=2
11-16 12:28:31.301 26097 26220 V threaded_app: New input event: type=2
11-16 12:28:31.318 26097 26220 V threaded_app: New input event: type=2
11-16 12:28:31.338 26097 26220 V threaded_app: New input event: type=2
11-16 12:28:31.353 26097 26220 V threaded_app: New input event: type=2
11-16 12:28:31.369 26097 26220 V threaded_app: New input event: type=2
11-16 12:28:31.386 26097 26220 V threaded_app: New input event: type=2
11-16 12:28:31.402 26097 26220 V threaded_app: New input event: type=2
11-16 12:28:31.419 26097 26220 V threaded_app: New input event: type=2
11-16 12:28:31.426 26097 26220 V threaded_app: New input event: type=2
11-16 12:28:31.426 26097 26220 V threaded_app: New input event: type=2
11-16 12:28:32.308 25780 25780 W pool-2-thread-1: type=1400 audit(0.0:388439): avc:
granted { nlmsg_readpriv } for scontext=u:r:untrusted_app_29:s0:c10,c258,c512,c768
tcontext=u:r:untrusted_app_29:s0:c10,c258,c512,c768 tclass=netlink_route_socket
app=com.topten.loader
11-16 12:28:32.445 26097 26332 I AudioManager: In isBluetoothScoOn(), calling
application: com.topten.loader
11-16 12:28:33.789 26097 26332 I AudioManager: In isBluetoothScoOn(), calling
application: com.topten.loader
11-16 12:28:35.026 26097 26220 V threaded_app: New input event: type=2
11-16 12:28:35.118 26097 26220 V threaded_app: New input event: type=2
11-16 12:28:35.133 26097 26332 I AudioManager: In isBluetoothScoOn(), calling
application: com.topten.loader
11-16 12:28:35.134 26097 26220 V threaded_app: New input event: type=2
11-16 12:28:35.151 26097 26220 V threaded_app: New input event: type=2
11-16 12:28:35.169 26097 26220 V threaded_app: New input event: type=2
11-16 12:28:35.187 26097 26220 V threaded_app: New input event: type=2
11-16 12:28:35.201 26097 26220 V threaded_app: New input event: type=2
11-16 12:28:35.218 26097 26220 V threaded_app: New input event: type=2
11-16 12:28:35.234 26097 26220 V threaded_app: New input event: type=2
11-16 12:28:35.252 26097 26220 V threaded_app: New input event: type=2
11-16 12:28:35.268 26097 26220 V threaded_app: New input event: type=2
11-16 12:28:35.285 26097 26220 V threaded_app: New input event: type=2
11-16 12:28:35.301 26097 26220 V threaded_app: New input event: type=2
11-16 12:28:35.308 25780 25780 W pool-2-thread-1: type=1400 audit(0.0:388440): avc:
granted { nlmsg_readpriv } for scontext=u:r:untrusted_app_29:s0:c10,c258,c512,c768
tcontext=u:r:untrusted_app_29:s0:c10,c258,c512,c768 tclass=netlink_route_socket
app=com.topten.loader
11-16 12:28:35.318 26097 26220 V threaded_app: New input event: type=2
11-16 12:28:35.323 26097 26220 V threaded_app: New input event: type=2
11-16 12:28:36.477 26097 26332 I AudioManager: In isBluetoothScoOn(), calling
application: com.topten.loader
11-16 12:28:36.808 26097 26220 V threaded_app: New input event: type=2
11-16 12:28:36.906 26097 26220 V threaded_app: New input event: type=2
11-16 12:28:37.377 26097 26220 V threaded_app: New input event: type=2
11-16 12:28:37.474 26097 26220 V threaded_app: New input event: type=2
11-16 12:28:37.657 26097 26220 V threaded_app: New input event: type=2
11-16 12:28:37.773 26097 26220 V threaded_app: New input event: type=2
11-16 12:28:37.821 26097 26332 I AudioManager: In isBluetoothScoOn(), calling
application: com.topten.loader
11-16 12:28:38.242 26097 26220 V threaded_app: New input event: type=2
11-16 12:28:38.308 25780 25780 W pool-2-thread-1: type=1400 audit(0.0:388441): avc:
granted { nlmsg_readpriv } for scontext=u:r:untrusted_app_29:s0:c10,c258,c512,c768
tcontext=u:r:untrusted_app_29:s0:c10,c258,c512,c768 tclass=netlink_route_socket
app=com.topten.loader
11-16 12:28:38.356 26097 26220 V threaded_app: New input event: type=2
11-16 12:28:39.165 26097 26332 I AudioManager: In isBluetoothScoOn(), calling
application: com.topten.loader
11-16 12:28:40.509 26097 26332 I AudioManager: In isBluetoothScoOn(), calling
application: com.topten.loader
11-16 12:28:41.308 25780 25780 W pool-2-thread-1: type=1400 audit(0.0:388442): avc:
granted { nlmsg_readpriv } for scontext=u:r:untrusted_app_29:s0:c10,c258,c512,c768
tcontext=u:r:untrusted_app_29:s0:c10,c258,c512,c768 tclass=netlink_route_socket
app=com.topten.loader
11-16 12:28:41.853 26097 26332 I AudioManager: In isBluetoothScoOn(), calling
application: com.topten.loader
11-16 12:28:42.674 26097 26220 V threaded_app: New input event: type=2
11-16 12:28:42.806 26097 26220 V threaded_app: New input event: type=2
11-16 12:28:43.197 26097 26332 I AudioManager: In isBluetoothScoOn(), calling
application: com.topten.loader
11-16 12:28:43.245 26097 26220 V threaded_app: New input event: type=2
11-16 12:28:43.357 26097 26220 V threaded_app: New input event: type=2
11-16 12:28:43.693 26097 26220 V threaded_app: New input event: type=2
11-16 12:28:43.719 26097 26220 V threaded_app: New input event: type=2
11-16 12:28:43.734 26097 26220 V threaded_app: New input event: type=2
11-16 12:28:43.751 26097 26220 V threaded_app: New input event: type=2
11-16 12:28:43.769 26097 26220 V threaded_app: New input event: type=2
11-16 12:28:43.785 26097 26220 V threaded_app: New input event: type=2
11-16 12:28:43.803 26097 26220 V threaded_app: New input event: type=2
11-16 12:28:43.817 26097 26220 V threaded_app: New input event: type=2
11-16 12:28:43.834 26097 26220 V threaded_app: New input event: type=2
11-16 12:28:43.839 26097 26220 V threaded_app: New input event: type=2
11-16 12:28:43.839 26097 26220 V threaded_app: New input event: type=2
11-16 12:28:44.308 25780 25780 W pool-2-thread-1: type=1400 audit(0.0:388443): avc:
granted { nlmsg_readpriv } for scontext=u:r:untrusted_app_29:s0:c10,c258,c512,c768
tcontext=u:r:untrusted_app_29:s0:c10,c258,c512,c768 tclass=netlink_route_socket
app=com.topten.loader
11-16 12:28:44.541 26097 26332 I AudioManager: In isBluetoothScoOn(), calling
application: com.topten.loader
11-16 12:28:45.887 26097 26332 I AudioManager: In isBluetoothScoOn(), calling
application: com.topten.loader
11-16 12:28:46.427 26097 26220 V threaded_app: New input event: type=2
11-16 12:28:46.451 26097 26220 V threaded_app: New input event: type=2
11-16 12:28:46.469 26097 26220 V threaded_app: New input event: type=2
11-16 12:28:46.485 26097 26220 V threaded_app: New input event: type=2
11-16 12:28:46.503 26097 26220 V threaded_app: New input event: type=2
11-16 12:28:46.520 26097 26220 V threaded_app: New input event: type=2
11-16 12:28:46.536 26097 26220 V threaded_app: New input event: type=2
11-16 12:28:46.539 26097 26220 V threaded_app: New input event: type=2
11-16 12:28:46.539 26097 26220 V threaded_app: New input event: type=2
11-16 12:28:46.877 26097 26220 V threaded_app: New input event: type=2
11-16 12:28:46.904 26097 26220 V threaded_app: New input event: type=2
11-16 12:28:46.920 26097 26220 V threaded_app: New input event: type=2
11-16 12:28:46.935 26097 26220 V threaded_app: New input event: type=2
11-16 12:28:46.954 26097 26220 V threaded_app: New input event: type=2
11-16 12:28:46.968 26097 26220 V threaded_app: New input event: type=2
11-16 12:28:46.986 26097 26220 V threaded_app: New input event: type=2
11-16 12:28:47.002 26097 26220 V threaded_app: New input event: type=2
11-16 12:28:47.009 26097 26220 V threaded_app: New input event: type=2
11-16 12:28:47.229 26097 26332 I AudioManager: In isBluetoothScoOn(), calling
application: com.topten.loader
11-16 12:28:47.308 25780 25780 W pool-2-thread-1: type=1400 audit(0.0:388444): avc:
granted { nlmsg_readpriv } for scontext=u:r:untrusted_app_29:s0:c10,c258,c512,c768
tcontext=u:r:untrusted_app_29:s0:c10,c258,c512,c768 tclass=netlink_route_socket
app=com.topten.loader
11-16 12:28:47.492 26097 26097 V threaded_app: WindowFocusChanged: 0x7dc29d72c0 --
0
11-16 12:28:47.492 26097 26097 D DecorView[]: onWindowFocusChanged hasWindowFocus
false
11-16 12:28:47.496 26097 26220 D UE4 : Case APP_CMD_LOST_FOCUS
11-16 12:28:48.573 26097 26332 I AudioManager: In isBluetoothScoOn(), calling
application: com.topten.loader
11-16 12:28:49.821 26097 26097 V threaded_app: WindowFocusChanged: 0x7dc29d72c0 --
1
11-16 12:28:49.821 26097 26220 D UE4 : Case APP_CMD_GAINED_FOCUS
11-16 12:28:49.821 26097 26097 D DecorView[]: onWindowFocusChanged hasWindowFocus
true
11-16 12:28:49.920 26097 26332 I AudioManager: In isBluetoothScoOn(), calling
application: com.topten.loader
11-16 12:28:50.108 26097 26220 V threaded_app: New input event: type=2
11-16 12:28:50.157 26097 26220 V threaded_app: New input event: type=2
11-16 12:28:50.308 25780 25780 W pool-2-thread-1: type=1400 audit(0.0:388452): avc:
granted { nlmsg_readpriv } for scontext=u:r:untrusted_app_29:s0:c10,c258,c512,c768
tcontext=u:r:untrusted_app_29:s0:c10,c258,c512,c768 tclass=netlink_route_socket
app=com.topten.loader
11-16 12:28:51.261 26097 26332 I AudioManager: In isBluetoothScoOn(), calling
application: com.topten.loader
11-16 12:28:52.606 26097 26332 I AudioManager: In isBluetoothScoOn(), calling
application: com.topten.loader
11-16 12:28:53.174 26097 26220 V threaded_app: New input event: type=2
11-16 12:28:53.222 26097 26220 V threaded_app: New input event: type=2
11-16 12:28:53.308 25780 25780 W pool-2-thread-1: type=1400 audit(0.0:388453): avc:
granted { nlmsg_readpriv } for scontext=u:r:untrusted_app_29:s0:c10,c258,c512,c768
tcontext=u:r:untrusted_app_29:s0:c10,c258,c512,c768 tclass=netlink_route_socket
app=com.topten.loader
11-16 12:28:53.948 26097 26332 I AudioManager: In isBluetoothScoOn(), calling
application: com.topten.loader
11-16 12:28:54.060 26097 26220 V threaded_app: New input event: type=2
11-16 12:28:54.190 26097 26220 V threaded_app: New input event: type=2
11-16 12:28:55.293 26097 26332 I AudioManager: In isBluetoothScoOn(), calling
application: com.topten.loader
11-16 12:28:56.308 25780 25780 W pool-2-thread-1: type=1400 audit(0.0:388454): avc:
granted { nlmsg_readpriv } for scontext=u:r:untrusted_app_29:s0:c10,c258,c512,c768
tcontext=u:r:untrusted_app_29:s0:c10,c258,c512,c768 tclass=netlink_route_socket
app=com.topten.loader
11-16 12:28:56.638 26097 26332 I AudioManager: In isBluetoothScoOn(), calling
application: com.topten.loader
11-16 12:28:57.983 26097 26332 I AudioManager: In isBluetoothScoOn(), calling
application: com.topten.loader
11-16 12:28:59.308 25780 25780 W pool-2-thread-1: type=1400 audit(0.0:388455): avc:
granted { nlmsg_readpriv } for scontext=u:r:untrusted_app_29:s0:c10,c258,c512,c768
tcontext=u:r:untrusted_app_29:s0:c10,c258,c512,c768 tclass=netlink_route_socket
app=com.topten.loader
11-16 12:28:59.329 26097 26332 I AudioManager: In isBluetoothScoOn(), calling
application: com.topten.loader
11-16 12:29:00.669 26097 26332 I AudioManager: In isBluetoothScoOn(), calling
application: com.topten.loader
11-16 12:29:01.021 25780 25788 I m.topten.loade: Background concurrent copying GC
freed 4666KB AllocSpace bytes, 0(0B) LOS objects, 49% free, 4770KB/9540KB, paused
192us,67us total 102.728ms
11-16 12:29:02.013 26097 26332 I AudioManager: In isBluetoothScoOn(), calling
application: com.topten.loader
11-16 12:29:02.308 25780 25780 W pool-2-thread-1: type=1400 audit(0.0:388456): avc:
granted { nlmsg_readpriv } for scontext=u:r:untrusted_app_29:s0:c10,c258,c512,c768
tcontext=u:r:untrusted_app_29:s0:c10,c258,c512,c768 tclass=netlink_route_socket
app=com.topten.loader
11-16 12:29:03.357 26097 26332 I AudioManager: In isBluetoothScoOn(), calling
application: com.topten.loader
11-16 12:29:04.702 26097 26332 I AudioManager: In isBluetoothScoOn(), calling
application: com.topten.loader
11-16 12:29:05.308 25780 25780 W pool-2-thread-1: type=1400 audit(0.0:388457): avc:
granted { nlmsg_readpriv } for scontext=u:r:untrusted_app_29:s0:c10,c258,c512,c768
tcontext=u:r:untrusted_app_29:s0:c10,c258,c512,c768 tclass=netlink_route_socket
app=com.topten.loader
11-16 12:29:05.642 26097 26220 V threaded_app: New input event: type=2
11-16 12:29:05.756 26097 26220 V threaded_app: New input event: type=2
11-16 12:29:06.045 26097 26332 I AudioManager: In isBluetoothScoOn(), calling
application: com.topten.loader
11-16 12:29:07.389 26097 26332 I AudioManager: In isBluetoothScoOn(), calling
application: com.topten.loader
11-16 12:29:07.593 26097 26220 V threaded_app: New input event: type=2
11-16 12:29:07.639 26097 26220 V threaded_app: New input event: type=2
11-16 12:29:08.308 25780 25780 W pool-2-thread-1: type=1400 audit(0.0:388458): avc:
granted { nlmsg_readpriv } for scontext=u:r:untrusted_app_29:s0:c10,c258,c512,c768
tcontext=u:r:untrusted_app_29:s0:c10,c258,c512,c768 tclass=netlink_route_socket
app=com.topten.loader
11-16 12:29:08.411 26097 26220 V threaded_app: New input event: type=2
11-16 12:29:08.556 26097 26220 V threaded_app: New input event: type=2
11-16 12:29:08.733 26097 26332 I AudioManager: In isBluetoothScoOn(), calling
application: com.topten.loader
11-16 12:29:09.159 26097 26220 V threaded_app: New input event: type=2
11-16 12:29:09.272 26097 26220 V threaded_app: New input event: type=2
11-16 12:29:10.076 26097 26332 I AudioManager: In isBluetoothScoOn(), calling
application: com.topten.loader
11-16 12:29:11.308 25780 25780 W pool-2-thread-1: type=1400 audit(0.0:388459): avc:
granted { nlmsg_readpriv } for scontext=u:r:untrusted_app_29:s0:c10,c258,c512,c768
tcontext=u:r:untrusted_app_29:s0:c10,c258,c512,c768 tclass=netlink_route_socket
app=com.topten.loader
11-16 12:29:11.307 26097 26220 V threaded_app: New input event: type=2
11-16 12:29:11.324 26097 26220 V threaded_app: New input event: type=2
11-16 12:29:11.423 26097 26332 I AudioManager: In isBluetoothScoOn(), calling
application: com.topten.loader
11-16 12:29:11.907 26097 26220 V threaded_app: New input event: type=2
11-16 12:29:11.955 26097 26220 V threaded_app: New input event: type=2
11-16 12:29:12.764 26097 26332 I AudioManager: In isBluetoothScoOn(), calling
application: com.topten.loader
11-16 12:29:12.841 26097 26220 V threaded_app: New input event: type=2
11-16 12:29:12.889 26097 26220 V threaded_app: New input event: type=2
11-16 12:29:13.677 26097 26220 V threaded_app: New input event: type=2
11-16 12:29:13.723 26097 26220 V threaded_app: New input event: type=2
11-16 12:29:14.109 26097 26332 I AudioManager: In isBluetoothScoOn(), calling
application: com.topten.loader
11-16 12:29:14.308 25780 25780 W pool-2-thread-1: type=1400 audit(0.0:388460): avc:
granted { nlmsg_readpriv } for scontext=u:r:untrusted_app_29:s0:c10,c258,c512,c768
tcontext=u:r:untrusted_app_29:s0:c10,c258,c512,c768 tclass=netlink_route_socket
app=com.topten.loader
11-16 12:29:15.453 26097 26332 I AudioManager: In isBluetoothScoOn(), calling
application: com.topten.loader
11-16 12:29:16.797 26097 26332 I AudioManager: In isBluetoothScoOn(), calling
application: com.topten.loader
11-16 12:29:17.308 25780 25780 W pool-2-thread-1: type=1400 audit(0.0:388461): avc:
granted { nlmsg_readpriv } for scontext=u:r:untrusted_app_29:s0:c10,c258,c512,c768
tcontext=u:r:untrusted_app_29:s0:c10,c258,c512,c768 tclass=netlink_route_socket
app=com.topten.loader
11-16 12:29:18.141 26097 26332 I AudioManager: In isBluetoothScoOn(), calling
application: com.topten.loader
11-16 12:29:19.486 26097 26332 I AudioManager: In isBluetoothScoOn(), calling
application: com.topten.loader
11-16 12:29:20.308 25780 25780 W pool-2-thread-1: type=1400 audit(0.0:388462): avc:
granted { nlmsg_readpriv } for scontext=u:r:untrusted_app_29:s0:c10,c258,c512,c768
tcontext=u:r:untrusted_app_29:s0:c10,c258,c512,c768 tclass=netlink_route_socket
app=com.topten.loader
11-16 12:29:20.829 26097 26332 I AudioManager: In isBluetoothScoOn(), calling
application: com.topten.loader
11-16 12:29:22.144 26097 26220 V threaded_app: New input event: type=2
11-16 12:29:22.173 26097 26332 I AudioManager: In isBluetoothScoOn(), calling
application: com.topten.loader
11-16 12:29:22.239 26097 26220 V threaded_app: New input event: type=2
11-16 12:29:23.008 26097 26220 V threaded_app: New input event: type=2
11-16 12:29:23.056 26097 26220 V threaded_app: New input event: type=2
11-16 12:29:23.308 25780 25780 W pool-2-thread-1: type=1400 audit(0.0:388463): avc:
granted { nlmsg_readpriv } for scontext=u:r:untrusted_app_29:s0:c10,c258,c512,c768
tcontext=u:r:untrusted_app_29:s0:c10,c258,c512,c768 tclass=netlink_route_socket
app=com.topten.loader
11-16 12:29:23.517 26097 26332 I AudioManager: In isBluetoothScoOn(), calling
application: com.topten.loader
11-16 12:29:24.861 26097 26332 I AudioManager: In isBluetoothScoOn(), calling
application: com.topten.loader
11-16 12:29:26.205 26097 26332 I AudioManager: In isBluetoothScoOn(), calling
application: com.topten.loader
11-16 12:29:26.308 25780 25780 W pool-2-thread-1: type=1400 audit(0.0:388464): avc:
granted { nlmsg_readpriv } for scontext=u:r:untrusted_app_29:s0:c10,c258,c512,c768
tcontext=u:r:untrusted_app_29:s0:c10,c258,c512,c768 tclass=netlink_route_socket
app=com.topten.loader
11-16 12:29:27.549 26097 26332 I AudioManager: In isBluetoothScoOn(), calling
application: com.topten.loader
11-16 12:29:28.894 26097 26332 I AudioManager: In isBluetoothScoOn(), calling
application: com.topten.loader
11-16 12:29:29.308 25780 25780 W pool-2-thread-1: type=1400 audit(0.0:388465): avc:
granted { nlmsg_readpriv } for scontext=u:r:untrusted_app_29:s0:c10,c258,c512,c768
tcontext=u:r:untrusted_app_29:s0:c10,c258,c512,c768 tclass=netlink_route_socket
app=com.topten.loader
11-16 12:29:30.237 26097 26332 I AudioManager: In isBluetoothScoOn(), calling
application: com.topten.loader
11-16 12:29:31.581 26097 26332 I AudioManager: In isBluetoothScoOn(), calling
application: com.topten.loader
11-16 12:29:32.308 25780 25780 W pool-2-thread-1: type=1400 audit(0.0:388466): avc:
granted { nlmsg_readpriv } for scontext=u:r:untrusted_app_29:s0:c10,c258,c512,c768
tcontext=u:r:untrusted_app_29:s0:c10,c258,c512,c768 tclass=netlink_route_socket
app=com.topten.loader
11-16 12:29:32.926 26097 26332 I AudioManager: In isBluetoothScoOn(), calling
application: com.topten.loader
11-16 12:29:34.270 26097 26332 I AudioManager: In isBluetoothScoOn(), calling
application: com.topten.loader
11-16 12:29:35.308 25780 25780 W pool-2-thread-1: type=1400 audit(0.0:388467): avc:
granted { nlmsg_readpriv } for scontext=u:r:untrusted_app_29:s0:c10,c258,c512,c768
tcontext=u:r:untrusted_app_29:s0:c10,c258,c512,c768 tclass=netlink_route_socket
app=com.topten.loader
11-16 12:29:35.612 26097 26332 I AudioManager: In isBluetoothScoOn(), calling
application: com.topten.loader
11-16 12:29:36.957 26097 26332 I AudioManager: In isBluetoothScoOn(), calling
application: com.topten.loader
11-16 12:29:38.301 26097 26332 I AudioManager: In isBluetoothScoOn(), calling
application: com.topten.loader
11-16 12:29:38.308 25780 25780 W pool-2-thread-1: type=1400 audit(0.0:388468): avc:
granted { nlmsg_readpriv } for scontext=u:r:untrusted_app_29:s0:c10,c258,c512,c768
tcontext=u:r:untrusted_app_29:s0:c10,c258,c512,c768 tclass=netlink_route_socket
app=com.topten.loader
11-16 12:29:39.645 26097 26332 I AudioManager: In isBluetoothScoOn(), calling
application: com.topten.loader
11-16 12:29:40.991 26097 26332 I AudioManager: In isBluetoothScoOn(), calling
application: com.topten.loader
11-16 12:29:41.308 25780 25780 W pool-2-thread-1: type=1400 audit(0.0:388469): avc:
granted { nlmsg_readpriv } for scontext=u:r:untrusted_app_29:s0:c10,c258,c512,c768
tcontext=u:r:untrusted_app_29:s0:c10,c258,c512,c768 tclass=netlink_route_socket
app=com.topten.loader
11-16 12:29:41.542 26097 26220 V threaded_app: New input event: type=2
11-16 12:29:41.589 26097 26220 V threaded_app: New input event: type=2
11-16 12:29:42.332 26097 26332 I AudioManager: In isBluetoothScoOn(), calling
application: com.topten.loader
11-16 12:29:42.975 26097 26220 V threaded_app: New input event: type=2
11-16 12:29:43.124 26097 26220 V threaded_app: New input event: type=2
11-16 12:29:43.574 26097 26220 V threaded_app: New input event: type=2
11-16 12:29:43.624 26097 26220 V threaded_app: New input event: type=2
11-16 12:29:43.677 26097 26332 I AudioManager: In isBluetoothScoOn(), calling
application: com.topten.loader
11-16 12:29:43.892 26097 26220 V threaded_app: New input event: type=2
11-16 12:29:43.973 26097 26220 V threaded_app: New input event: type=2
11-16 12:29:44.001 26097 26220 V threaded_app: New input event: type=2
11-16 12:29:44.018 26097 26220 V threaded_app: New input event: type=2
11-16 12:29:44.035 26097 26220 V threaded_app: New input event: type=2
11-16 12:29:44.053 26097 26220 V threaded_app: New input event: type=2
11-16 12:29:44.068 26097 26220 V threaded_app: New input event: type=2
11-16 12:29:44.086 26097 26220 V threaded_app: New input event: type=2
11-16 12:29:44.101 26097 26220 V threaded_app: New input event: type=2
11-16 12:29:44.117 26097 26220 V threaded_app: New input event: type=2
11-16 12:29:44.135 26097 26220 V threaded_app: New input event: type=2
11-16 12:29:44.151 26097 26220 V threaded_app: New input event: type=2
11-16 12:29:44.168 26097 26220 V threaded_app: New input event: type=2
11-16 12:29:44.184 26097 26220 V threaded_app: New input event: type=2
11-16 12:29:44.203 26097 26220 V threaded_app: New input event: type=2
11-16 12:29:44.218 26097 26220 V threaded_app: New input event: type=2
11-16 12:29:44.234 26097 26220 V threaded_app: New input event: type=2
11-16 12:29:44.251 26097 26220 V threaded_app: New input event: type=2
11-16 12:29:44.268 26097 26220 V threaded_app: New input event: type=2
11-16 12:29:44.286 26097 26220 V threaded_app: New input event: type=2
11-16 12:29:44.302 26097 26220 V threaded_app: New input event: type=2
11-16 12:29:44.308 25780 25780 W pool-2-thread-1: type=1400 audit(0.0:388470): avc:
granted { nlmsg_readpriv } for scontext=u:r:untrusted_app_29:s0:c10,c258,c512,c768
tcontext=u:r:untrusted_app_29:s0:c10,c258,c512,c768 tclass=netlink_route_socket
app=com.topten.loader
11-16 12:29:44.334 26097 26220 V threaded_app: New input event: type=2
11-16 12:29:44.369 26097 26220 V threaded_app: New input event: type=2
11-16 12:29:44.401 26097 26220 V threaded_app: New input event: type=2
11-16 12:29:44.418 26097 26220 V threaded_app: New input event: type=2
11-16 12:29:44.434 26097 26220 V threaded_app: New input event: type=2
11-16 12:29:44.453 26097 26220 V threaded_app: New input event: type=2
11-16 12:29:44.469 26097 26220 V threaded_app: New input event: type=2
11-16 12:29:44.486 26097 26220 V threaded_app: New input event: type=2
11-16 12:29:44.501 26097 26220 V threaded_app: New input event: type=2
11-16 12:29:44.519 26097 26220 V threaded_app: New input event: type=2
11-16 12:29:44.535 26097 26220 V threaded_app: New input event: type=2
11-16 12:29:44.552 26097 26220 V threaded_app: New input event: type=2
11-16 12:29:44.568 26097 26220 V threaded_app: New input event: type=2
11-16 12:29:44.585 26097 26220 V threaded_app: New input event: type=2
11-16 12:29:44.602 26097 26220 V threaded_app: New input event: type=2
11-16 12:29:44.619 26097 26220 V threaded_app: New input event: type=2
11-16 12:29:44.634 26097 26220 V threaded_app: New input event: type=2
11-16 12:29:44.652 26097 26220 V threaded_app: New input event: type=2
11-16 12:29:44.668 26097 26220 V threaded_app: New input event: type=2
11-16 12:29:44.686 26097 26220 V threaded_app: New input event: type=2
11-16 12:29:44.701 26097 26220 V threaded_app: New input event: type=2
11-16 12:29:44.720 26097 26220 V threaded_app: New input event: type=2
11-16 12:29:44.735 26097 26220 V threaded_app: New input event: type=2
11-16 12:29:44.739 26097 26220 V threaded_app: New input event: type=2
11-16 12:29:44.740 26097 26220 V threaded_app: New input event: type=2
11-16 12:29:45.007 26097 26220 V threaded_app: New input event: type=2
11-16 12:29:45.021 26097 26332 I AudioManager: In isBluetoothScoOn(), calling
application: com.topten.loader
11-16 12:29:45.102 26097 26220 V threaded_app: New input event: type=2
11-16 12:29:45.118 26097 26220 V threaded_app: New input event: type=2
11-16 12:29:45.135 26097 26220 V threaded_app: New input event: type=2
11-16 12:29:45.152 26097 26220 V threaded_app: New input event: type=2
11-16 12:29:45.168 26097 26220 V threaded_app: New input event: type=2
11-16 12:29:45.185 26097 26220 V threaded_app: New input event: type=2
11-16 12:29:45.201 26097 26220 V threaded_app: New input event: type=2
11-16 12:29:45.218 26097 26220 V threaded_app: New input event: type=2
11-16 12:29:45.234 26097 26220 V threaded_app: New input event: type=2
11-16 12:29:45.251 26097 26220 V threaded_app: New input event: type=2
11-16 12:29:45.268 26097 26220 V threaded_app: New input event: type=2
11-16 12:29:45.284 26097 26220 V threaded_app: New input event: type=2
11-16 12:29:45.301 26097 26220 V threaded_app: New input event: type=2
11-16 12:29:45.317 26097 26220 V threaded_app: New input event: type=2
11-16 12:29:45.334 26097 26220 V threaded_app: New input event: type=2
11-16 12:29:45.352 26097 26220 V threaded_app: New input event: type=2
11-16 12:29:45.368 26097 26220 V threaded_app: New input event: type=2
11-16 12:29:45.384 26097 26220 V threaded_app: New input event: type=2
11-16 12:29:45.402 26097 26220 V threaded_app: New input event: type=2
11-16 12:29:45.489 26097 26220 V threaded_app: New input event: type=2
11-16 12:29:46.291 26097 26220 V threaded_app: New input event: type=2
11-16 12:29:46.338 26097 26220 V threaded_app: New input event: type=2
11-16 12:29:46.366 26097 26332 I AudioManager: In isBluetoothScoOn(), calling
application: com.topten.loader
11-16 12:29:46.841 26097 26220 V threaded_app: New input event: type=2
11-16 12:29:46.890 26097 26220 V threaded_app: New input event: type=2
11-16 12:29:47.308 25780 25780 W pool-2-thread-1: type=1400 audit(0.0:388472): avc:
granted { nlmsg_readpriv } for scontext=u:r:untrusted_app_29:s0:c10,c258,c512,c768
tcontext=u:r:untrusted_app_29:s0:c10,c258,c512,c768 tclass=netlink_route_socket
app=com.topten.loader
11-16 12:29:47.590 26097 26220 V threaded_app: New input event: type=2
11-16 12:29:47.669 26097 26220 V threaded_app: New input event: type=2
11-16 12:29:47.685 26097 26220 V threaded_app: New input event: type=2
11-16 12:29:47.701 26097 26220 V threaded_app: New input event: type=2
11-16 12:29:47.708 26097 26332 I AudioManager: In isBluetoothScoOn(), calling
application: com.topten.loader
11-16 12:29:47.718 26097 26220 V threaded_app: New input event: type=2
11-16 12:29:47.735 26097 26220 V threaded_app: New input event: type=2
11-16 12:29:47.753 26097 26220 V threaded_app: New input event: type=2
11-16 12:29:47.769 26097 26220 V threaded_app: New input event: type=2
11-16 12:29:47.784 26097 26220 V threaded_app: New input event: type=2
11-16 12:29:47.802 26097 26220 V threaded_app: New input event: type=2
11-16 12:29:47.818 26097 26220 V threaded_app: New input event: type=2
11-16 12:29:47.834 26097 26220 V threaded_app: New input event: type=2
11-16 12:29:47.851 26097 26220 V threaded_app: New input event: type=2
11-16 12:29:47.858 26097 26220 V threaded_app: New input event: type=2
11-16 12:29:47.859 26097 26220 V threaded_app: New input event: type=2
11-16 12:29:47.868 26097 26220 V threaded_app: New input event: type=2
11-16 12:29:47.884 26097 26220 V threaded_app: New input event: type=2
11-16 12:29:47.901 26097 26220 V threaded_app: New input event: type=2
11-16 12:29:47.918 26097 26220 V threaded_app: New input event: type=2
11-16 12:29:47.935 26097 26220 V threaded_app: New input event: type=2
11-16 12:29:47.951 26097 26220 V threaded_app: New input event: type=2
11-16 12:29:47.968 26097 26220 V threaded_app: New input event: type=2
11-16 12:29:47.985 26097 26220 V threaded_app: New input event: type=2
11-16 12:29:48.001 26097 26220 V threaded_app: New input event: type=2
11-16 12:29:48.018 26097 26220 V threaded_app: New input event: type=2
11-16 12:29:48.035 26097 26220 V threaded_app: New input event: type=2
11-16 12:29:48.051 26097 26220 V threaded_app: New input event: type=2
11-16 12:29:48.068 26097 26220 V threaded_app: New input event: type=2
11-16 12:29:48.085 26097 26220 V threaded_app: New input event: type=2
11-16 12:29:48.101 26097 26220 V threaded_app: New input event: type=2
11-16 12:29:48.119 26097 26220 V threaded_app: New input event: type=2
11-16 12:29:48.134 26097 26220 V threaded_app: New input event: type=2
11-16 12:29:48.152 26097 26220 V threaded_app: New input event: type=2
11-16 12:29:48.168 26097 26220 V threaded_app: New input event: type=2
11-16 12:29:48.185 26097 26220 V threaded_app: New input event: type=2
11-16 12:29:48.201 26097 26220 V threaded_app: New input event: type=2
11-16 12:29:48.219 26097 26220 V threaded_app: New input event: type=2
11-16 12:29:48.234 26097 26220 V threaded_app: New input event: type=2
11-16 12:29:48.251 26097 26220 V threaded_app: New input event: type=2
11-16 12:29:48.268 26097 26220 V threaded_app: New input event: type=2
11-16 12:29:48.285 26097 26220 V threaded_app: New input event: type=2
11-16 12:29:48.301 26097 26220 V threaded_app: New input event: type=2
11-16 12:29:48.318 26097 26220 V threaded_app: New input event: type=2
11-16 12:29:48.334 26097 26220 V threaded_app: New input event: type=2
11-16 12:29:48.351 26097 26220 V threaded_app: New input event: type=2
11-16 12:29:48.357 26097 26220 V threaded_app: New input event: type=2
11-16 12:29:48.358 26097 26220 V threaded_app: New input event: type=2
11-16 12:29:48.368 26097 26220 V threaded_app: New input event: type=2
11-16 12:29:48.384 26097 26220 V threaded_app: New input event: type=2
11-16 12:29:48.401 26097 26220 V threaded_app: New input event: type=2
11-16 12:29:48.418 26097 26220 V threaded_app: New input event: type=2
11-16 12:29:48.434 26097 26220 V threaded_app: New input event: type=2
11-16 12:29:48.451 26097 26220 V threaded_app: New input event: type=2
11-16 12:29:48.468 26097 26220 V threaded_app: New input event: type=2
11-16 12:29:48.484 26097 26220 V threaded_app: New input event: type=2
11-16 12:29:48.501 26097 26220 V threaded_app: New input event: type=2
11-16 12:29:48.518 26097 26220 V threaded_app: New input event: type=2
11-16 12:29:48.568 26097 26220 V threaded_app: New input event: type=2
11-16 12:29:48.634 26097 26220 V threaded_app: New input event: type=2
11-16 12:29:48.651 26097 26220 V threaded_app: New input event: type=2
11-16 12:29:48.934 26097 26220 V threaded_app: New input event: type=2
11-16 12:29:48.968 26097 26220 V threaded_app: New input event: type=2
11-16 12:29:48.985 26097 26220 V threaded_app: New input event: type=2
11-16 12:29:49.018 26097 26220 V threaded_app: New input event: type=2
11-16 12:29:49.034 26097 26220 V threaded_app: New input event: type=2
11-16 12:29:49.053 26097 26332 I AudioManager: In isBluetoothScoOn(), calling
application: com.topten.loader
11-16 12:29:49.101 26097 26220 V threaded_app: New input event: type=2
11-16 12:29:49.201 26097 26220 V threaded_app: New input event: type=2
11-16 12:29:49.268 26097 26220 V threaded_app: New input event: type=2
11-16 12:29:49.384 26097 26220 V threaded_app: New input event: type=2
11-16 12:29:49.401 26097 26220 V threaded_app: New input event: type=2
11-16 12:29:49.418 26097 26220 V threaded_app: New input event: type=2
11-16 12:29:49.434 26097 26220 V threaded_app: New input event: type=2
11-16 12:29:49.468 26097 26220 V threaded_app: New input event: type=2
11-16 12:29:49.484 26097 26220 V threaded_app: New input event: type=2
11-16 12:29:49.501 26097 26220 V threaded_app: New input event: type=2
11-16 12:29:49.518 26097 26220 V threaded_app: New input event: type=2
11-16 12:29:49.534 26097 26220 V threaded_app: New input event: type=2
11-16 12:29:49.552 26097 26220 V threaded_app: New input event: type=2
11-16 12:29:49.568 26097 26220 V threaded_app: New input event: type=2
11-16 12:29:49.585 26097 26220 V threaded_app: New input event: type=2
11-16 12:29:49.601 26097 26220 V threaded_app: New input event: type=2
11-16 12:29:49.618 26097 26220 V threaded_app: New input event: type=2
11-16 12:29:49.635 26097 26220 V threaded_app: New input event: type=2
11-16 12:29:49.651 26097 26220 V threaded_app: New input event: type=2
11-16 12:29:49.668 26097 26220 V threaded_app: New input event: type=2
11-16 12:29:49.685 26097 26220 V threaded_app: New input event: type=2
11-16 12:29:49.718 26097 26220 V threaded_app: New input event: type=2
11-16 12:29:49.735 26097 26220 V threaded_app: New input event: type=2
11-16 12:29:49.751 26097 26220 V threaded_app: New input event: type=2
11-16 12:29:49.768 26097 26220 V threaded_app: New input event: type=2
11-16 12:29:49.786 26097 26220 V threaded_app: New input event: type=2
11-16 12:29:49.801 26097 26220 V threaded_app: New input event: type=2
11-16 12:29:49.818 26097 26220 V threaded_app: New input event: type=2
11-16 12:29:49.835 26097 26220 V threaded_app: New input event: type=2
11-16 12:29:49.851 26097 26220 V threaded_app: New input event: type=2
11-16 12:29:49.868 26097 26220 V threaded_app: New input event: type=2
11-16 12:29:49.885 26097 26220 V threaded_app: New input event: type=2
11-16 12:29:49.901 26097 26220 V threaded_app: New input event: type=2
11-16 12:29:49.919 26097 26220 V threaded_app: New input event: type=2
11-16 12:29:49.934 26097 26220 V threaded_app: New input event: type=2
11-16 12:29:49.951 26097 26220 V threaded_app: New input event: type=2
11-16 12:29:49.968 26097 26220 V threaded_app: New input event: type=2
11-16 12:29:49.984 26097 26220 V threaded_app: New input event: type=2
11-16 12:29:50.018 26097 26220 V threaded_app: New input event: type=2
11-16 12:29:50.051 26097 26220 V threaded_app: New input event: type=2
11-16 12:29:50.101 26097 26220 V threaded_app: New input event: type=2
11-16 12:29:50.118 26097 26220 V threaded_app: New input event: type=2
11-16 12:29:50.134 26097 26220 V threaded_app: New input event: type=2
11-16 12:29:50.151 26097 26220 V threaded_app: New input event: type=2
11-16 12:29:50.184 26097 26220 V threaded_app: New input event: type=2
11-16 12:29:50.201 26097 26220 V threaded_app: New input event: type=2
11-16 12:29:50.218 26097 26220 V threaded_app: New input event: type=2
11-16 12:29:50.254 26097 26220 V threaded_app: New input event: type=2
11-16 12:29:50.286 26097 26220 V threaded_app: New input event: type=2
11-16 12:29:50.308 25780 25780 W pool-2-thread-1: type=1400 audit(0.0:388473): avc:
granted { nlmsg_readpriv } for scontext=u:r:untrusted_app_29:s0:c10,c258,c512,c768
tcontext=u:r:untrusted_app_29:s0:c10,c258,c512,c768 tclass=netlink_route_socket
app=com.topten.loader
11-16 12:29:50.318 26097 26220 V threaded_app: New input event: type=2
11-16 12:29:50.335 26097 26220 V threaded_app: New input event: type=2
11-16 12:29:50.351 26097 26220 V threaded_app: New input event: type=2
11-16 12:29:50.369 26097 26220 V threaded_app: New input event: type=2
11-16 12:29:50.397 26097 26332 I AudioManager: In isBluetoothScoOn(), calling
application: com.topten.loader
11-16 12:29:50.402 26097 26220 V threaded_app: New input event: type=2
11-16 12:29:50.434 26097 26220 V threaded_app: New input event: type=2
11-16 12:29:50.452 26097 26220 V threaded_app: New input event: type=2
11-16 12:29:50.484 26097 26220 V threaded_app: New input event: type=2
11-16 12:29:50.535 26097 26220 V threaded_app: New input event: type=2
11-16 12:29:50.552 26097 26220 V threaded_app: New input event: type=2
11-16 12:29:50.584 26097 26220 V threaded_app: New input event: type=2
11-16 12:29:50.651 26097 26220 V threaded_app: New input event: type=2
11-16 12:29:50.669 26097 26220 V threaded_app: New input event: type=2
11-16 12:29:50.701 26097 26220 V threaded_app: New input event: type=2
11-16 12:29:50.734 26097 26220 V threaded_app: New input event: type=2
11-16 12:29:50.801 26097 26220 V threaded_app: New input event: type=2
11-16 12:29:50.918 26097 26220 V threaded_app: New input event: type=2
11-16 12:29:50.985 26097 26220 V threaded_app: New input event: type=2
11-16 12:29:51.021 26097 26220 V threaded_app: New input event: type=2
11-16 12:29:51.035 26097 26220 V threaded_app: New input event: type=2
11-16 12:29:51.085 26097 26220 V threaded_app: New input event: type=2
11-16 12:29:51.134 26097 26220 V threaded_app: New input event: type=2
11-16 12:29:51.158 26097 26220 V threaded_app: New input event: type=2
11-16 12:29:51.159 26097 26220 V threaded_app: New input event: type=2
11-16 12:29:51.218 26097 26220 V threaded_app: New input event: type=2
11-16 12:29:51.268 26097 26220 V threaded_app: New input event: type=2
11-16 12:29:51.284 26097 26220 V threaded_app: New input event: type=2
11-16 12:29:51.301 26097 26220 V threaded_app: New input event: type=2
11-16 12:29:51.318 26097 26220 V threaded_app: New input event: type=2
11-16 12:29:51.334 26097 26220 V threaded_app: New input event: type=2
11-16 12:29:51.351 26097 26220 V threaded_app: New input event: type=2
11-16 12:29:51.367 26097 26220 V threaded_app: New input event: type=2
11-16 12:29:51.385 26097 26220 V threaded_app: New input event: type=2
11-16 12:29:51.401 26097 26220 V threaded_app: New input event: type=2
11-16 12:29:51.418 26097 26220 V threaded_app: New input event: type=2
11-16 12:29:51.434 26097 26220 V threaded_app: New input event: type=2
11-16 12:29:51.440 26097 26220 V threaded_app: New input event: type=2
11-16 12:29:51.468 26097 26220 V threaded_app: New input event: type=2
11-16 12:29:51.518 26097 26220 V threaded_app: New input event: type=2
11-16 12:29:51.551 26097 26220 V threaded_app: New input event: type=2
11-16 12:29:51.585 26097 26220 V threaded_app: New input event: type=2
11-16 12:29:51.741 26097 26332 I AudioManager: In isBluetoothScoOn(), calling
application: com.topten.loader
11-16 12:29:51.768 26097 26220 V threaded_app: New input event: type=2
11-16 12:29:51.801 26097 26220 V threaded_app: New input event: type=2
11-16 12:29:51.834 26097 26220 V threaded_app: New input event: type=2
11-16 12:29:51.901 26097 26220 V threaded_app: New input event: type=2
11-16 12:29:51.951 26097 26220 V threaded_app: New input event: type=2
11-16 12:29:52.002 26097 26220 V threaded_app: New input event: type=2
11-16 12:29:52.034 26097 26220 V threaded_app: New input event: type=2
11-16 12:29:52.168 26097 26220 V threaded_app: New input event: type=2
11-16 12:29:52.202 26097 26220 V threaded_app: New input event: type=2
11-16 12:29:52.251 26097 26220 V threaded_app: New input event: type=2
11-16 12:29:52.401 26097 26220 V threaded_app: New input event: type=2
11-16 12:29:52.418 26097 26220 V threaded_app: New input event: type=2
11-16 12:29:52.602 26097 26220 V threaded_app: New input event: type=2
11-16 12:29:53.085 26097 26332 I AudioManager: In isBluetoothScoOn(), calling
application: com.topten.loader
11-16 12:29:53.308 25780 25780 W pool-2-thread-1: type=1400 audit(0.0:388474): avc:
granted { nlmsg_readpriv } for scontext=u:r:untrusted_app_29:s0:c10,c258,c512,c768
tcontext=u:r:untrusted_app_29:s0:c10,c258,c512,c768 tclass=netlink_route_socket
app=com.topten.loader
11-16 12:29:53.851 26097 26220 V threaded_app: New input event: type=2
11-16 12:29:53.868 26097 26220 V threaded_app: New input event: type=2
11-16 12:29:53.985 26097 26220 V threaded_app: New input event: type=2
11-16 12:29:54.002 26097 26220 V threaded_app: New input event: type=2
11-16 12:29:54.051 26097 26220 V threaded_app: New input event: type=2
11-16 12:29:54.118 26097 26220 V threaded_app: New input event: type=2
11-16 12:29:54.336 26097 26220 V threaded_app: New input event: type=2
11-16 12:29:54.429 26097 26332 I AudioManager: In isBluetoothScoOn(), calling
application: com.topten.loader
11-16 12:29:54.452 26097 26220 V threaded_app: New input event: type=2
11-16 12:29:54.586 26097 26220 V threaded_app: New input event: type=2
11-16 12:29:55.017 26097 26220 V threaded_app: New input event: type=2
11-16 12:29:55.051 25780 25780 W Looper : PerfMonitor doFrame : time=333ms
vsyncFrame=0 latency=0ms procState=-1
11-16 12:29:55.269 26097 26220 V threaded_app: New input event: type=2
11-16 12:29:55.334 26097 26220 V threaded_app: New input event: type=2
11-16 12:29:55.453 26097 26220 V threaded_app: New input event: type=2
11-16 12:29:55.627 26097 26220 V threaded_app: New input event: type=2
11-16 12:29:55.628 26097 26220 V threaded_app: New input event: type=2
11-16 12:29:55.629 26097 26220 V threaded_app: New input event: type=2
11-16 12:29:55.702 26097 26220 V threaded_app: New input event: type=2
11-16 12:29:55.718 26097 26220 V threaded_app: New input event: type=2
11-16 12:29:55.734 26097 26220 V threaded_app: New input event: type=2
11-16 12:29:55.774 26097 26332 I AudioManager: In isBluetoothScoOn(), calling
application: com.topten.loader
11-16 12:29:55.936 26097 26220 V threaded_app: New input event: type=2
11-16 12:29:55.954 26097 26220 V threaded_app: New input event: type=2
11-16 12:29:55.974 26097 26220 V threaded_app: New input event: type=2
11-16 12:29:56.158 26097 26220 V threaded_app: New input event: type=2
11-16 12:29:56.235 26097 26220 V threaded_app: New input event: type=2
11-16 12:29:56.251 26097 26220 V threaded_app: New input event: type=2
11-16 12:29:56.268 26097 26220 V threaded_app: New input event: type=2
11-16 12:29:56.285 26097 26220 V threaded_app: New input event: type=2
11-16 12:29:56.302 26097 26220 V threaded_app: New input event: type=2
11-16 12:29:56.318 26097 26220 V threaded_app: New input event: type=2
11-16 12:29:56.335 26097 26220 V threaded_app: New input event: type=2
11-16 12:29:56.351 26097 26220 V threaded_app: New input event: type=2
11-16 12:29:56.368 26097 26220 V threaded_app: New input event: type=2
11-16 12:29:56.384 26097 26220 V threaded_app: New input event: type=2
11-16 12:29:56.401 26097 26220 V threaded_app: New input event: type=2
11-16 12:29:56.417 26097 26220 V threaded_app: New input event: type=2
11-16 12:29:56.451 26097 26220 V threaded_app: New input event: type=2
11-16 12:29:56.539 26097 26220 V threaded_app: New input event: type=2
11-16 12:29:56.656 25780 25780 W pool-2-thread-1: type=1400 audit(0.0:388475): avc:
granted { nlmsg_readpriv } for scontext=u:r:untrusted_app_29:s0:c10,c258,c512,c768
tcontext=u:r:untrusted_app_29:s0:c10,c258,c512,c768 tclass=netlink_route_socket
app=com.topten.loader
11-16 12:29:56.749 25780 25922 W RenderInspector: DequeueBuffer time out on
com.miui.screenrecorder, count=1, avg=295 ms, max=295 ms.
11-16 12:29:56.891 26097 26220 V threaded_app: New input event: type=2
11-16 12:29:57.001 26097 26220 V threaded_app: New input event: type=2
11-16 12:29:57.018 26097 26220 V threaded_app: New input event: type=2
11-16 12:29:57.035 26097 26220 V threaded_app: New input event: type=2
11-16 12:29:57.051 26097 26220 V threaded_app: New input event: type=2
11-16 12:29:57.068 26097 26220 V threaded_app: New input event: type=2
11-16 12:29:57.085 26097 26220 V threaded_app: New input event: type=2
11-16 12:29:57.101 26097 26220 V threaded_app: New input event: type=2
11-16 12:29:57.118 26097 26220 V threaded_app: New input event: type=2
11-16 12:29:57.135 26097 26220 V threaded_app: New input event: type=2
11-16 12:29:57.151 26097 26220 V threaded_app: New input event: type=2
11-16 12:29:57.168 26097 26220 V threaded_app: New input event: type=2
11-16 12:29:57.185 26097 26220 V threaded_app: New input event: type=2
11-16 12:29:57.201 26097 26220 V threaded_app: New input event: type=2
11-16 12:29:57.218 26097 26220 V threaded_app: New input event: type=2
11-16 12:29:57.234 26097 26220 V threaded_app: New input event: type=2
11-16 12:29:57.251 26097 26220 V threaded_app: New input event: type=2
11-16 12:29:57.269 26097 26220 V threaded_app: New input event: type=2
11-16 12:29:57.287 26097 26220 V threaded_app: New input event: type=2
11-16 12:29:57.302 26097 26220 V threaded_app: New input event: type=2
11-16 12:29:57.313 26097 26332 I AudioManager: In isBluetoothScoOn(), calling
application: com.topten.loader
11-16 12:29:57.318 26097 26220 V threaded_app: New input event: type=2
11-16 12:29:57.334 26097 26220 V threaded_app: New input event: type=2
11-16 12:29:57.353 26097 26220 V threaded_app: New input event: type=2
11-16 12:29:57.368 26097 26220 V threaded_app: New input event: type=2
11-16 12:29:57.385 26097 26220 V threaded_app: New input event: type=2
11-16 12:29:57.401 26097 26220 V threaded_app: New input event: type=2
11-16 12:29:57.419 26097 26220 V threaded_app: New input event: type=2
11-16 12:29:57.435 26097 26220 V threaded_app: New input event: type=2
11-16 12:29:57.451 26097 26220 V threaded_app: New input event: type=2
11-16 12:29:57.468 26097 26220 V threaded_app: New input event: type=2
11-16 12:29:57.485 26097 26220 V threaded_app: New input event: type=2
11-16 12:29:57.503 26097 26220 V threaded_app: New input event: type=2
11-16 12:29:57.518 26097 26220 V threaded_app: New input event: type=2
11-16 12:29:57.535 26097 26220 V threaded_app: New input event: type=2
11-16 12:29:57.554 26097 26220 V threaded_app: New input event: type=2
11-16 12:29:57.568 26097 26220 V threaded_app: New input event: type=2
11-16 12:29:57.585 26097 26220 V threaded_app: New input event: type=2
11-16 12:29:57.603 26097 26220 V threaded_app: New input event: type=2
11-16 12:29:57.618 26097 26220 V threaded_app: New input event: type=2
11-16 12:29:57.635 26097 26220 V threaded_app: New input event: type=2
11-16 12:29:57.652 26097 26220 V threaded_app: New input event: type=2
11-16 12:29:57.669 26097 26220 V threaded_app: New input event: type=2
11-16 12:29:57.687 26097 26220 V threaded_app: New input event: type=2
11-16 12:29:57.702 26097 26220 V threaded_app: New input event: type=2
11-16 12:29:57.718 26097 26220 V threaded_app: New input event: type=2
11-16 12:29:57.734 26097 26220 V threaded_app: New input event: type=2
11-16 12:29:57.751 26097 26220 V threaded_app: New input event: type=2
11-16 12:29:57.768 26097 26220 V threaded_app: New input event: type=2
11-16 12:29:57.785 26097 26220 V threaded_app: New input event: type=2
11-16 12:29:57.801 26097 26220 V threaded_app: New input event: type=2
11-16 12:29:57.819 26097 26220 V threaded_app: New input event: type=2
11-16 12:29:57.834 26097 26220 V threaded_app: New input event: type=2
11-16 12:29:57.885 26097 26220 V threaded_app: New input event: type=2
11-16 12:29:57.901 26097 26220 V threaded_app: New input event: type=2
11-16 12:29:57.968 26097 26220 V threaded_app: New input event: type=2
11-16 12:29:57.985 26097 26220 V threaded_app: New input event: type=2
11-16 12:29:58.035 26097 26220 V threaded_app: New input event: type=2
11-16 12:29:58.068 26097 26220 V threaded_app: New input event: type=2
11-16 12:29:58.185 26097 26220 V threaded_app: New input event: type=2
11-16 12:29:58.251 26097 26220 V threaded_app: New input event: type=2
11-16 12:29:58.268 26097 26220 V threaded_app: New input event: type=2
11-16 12:29:58.290 26097 26220 V threaded_app: New input event: type=2
11-16 12:29:58.401 26097 26220 V threaded_app: New input event: type=2
11-16 12:29:58.419 26097 26220 V threaded_app: New input event: type=2
11-16 12:29:58.434 26097 26220 V threaded_app: New input event: type=2
11-16 12:29:58.451 26097 26220 V threaded_app: New input event: type=2
11-16 12:29:58.468 26097 26220 V threaded_app: New input event: type=2
11-16 12:29:58.484 26097 26220 V threaded_app: New input event: type=2
11-16 12:29:58.501 26097 26220 V threaded_app: New input event: type=2
11-16 12:29:58.518 26097 26220 V threaded_app: New input event: type=2
11-16 12:29:58.534 26097 26220 V threaded_app: New input event: type=2
11-16 12:29:58.551 26097 26220 V threaded_app: New input event: type=2
11-16 12:29:58.568 26097 26220 V threaded_app: New input event: type=2
11-16 12:29:58.585 26097 26220 V threaded_app: New input event: type=2
11-16 12:29:58.603 26097 26220 V threaded_app: New input event: type=2
11-16 12:29:58.617 26097 26220 V threaded_app: New input event: type=2
11-16 12:29:58.635 26097 26220 V threaded_app: New input event: type=2
11-16 12:29:58.652 26097 26220 V threaded_app: New input event: type=2
11-16 12:29:58.657 26097 26332 I AudioManager: In isBluetoothScoOn(), calling
application: com.topten.loader
11-16 12:29:58.668 26097 26220 V threaded_app: New input event: type=2
11-16 12:29:58.685 26097 26220 V threaded_app: New input event: type=2
11-16 12:29:58.718 26097 26220 V threaded_app: New input event: type=2
11-16 12:29:58.736 26097 26220 V threaded_app: New input event: type=2
11-16 12:29:58.768 26097 26220 V threaded_app: New input event: type=2
11-16 12:29:58.835 26097 26220 V threaded_app: New input event: type=2
11-16 12:29:58.985 26097 26220 V threaded_app: New input event: type=2
11-16 12:29:59.019 26097 26220 V threaded_app: New input event: type=2
11-16 12:29:59.301 26097 26220 V threaded_app: New input event: type=2
11-16 12:29:59.308 25780 25780 W pool-2-thread-1: type=1400 audit(0.0:388476): avc:
granted { nlmsg_readpriv } for scontext=u:r:untrusted_app_29:s0:c10,c258,c512,c768
tcontext=u:r:untrusted_app_29:s0:c10,c258,c512,c768 tclass=netlink_route_socket
app=com.topten.loader
11-16 12:29:59.318 26097 26220 V threaded_app: New input event: type=2
