11-16 12:34:11.051 26097 26220 V threaded_app: New input event: type=2
11-16 12:34:11.068 26097 26220 V threaded_app: New input event: type=2
11-16 12:34:11.084 26097 26220 V threaded_app: New input event: type=2
11-16 12:34:11.101 26097 26220 V threaded_app: New input event: type=2
11-16 12:34:11.118 26097 26220 V threaded_app: New input event: type=2
11-16 12:34:11.135 26097 26220 V threaded_app: New input event: type=2
11-16 12:34:11.151 26097 26220 V threaded_app: New input event: type=2
11-16 12:34:11.168 26097 26220 V threaded_app: New input event: type=2
11-16 12:34:11.185 26097 26220 V threaded_app: New input event: type=2
11-16 12:34:11.201 26097 26220 V threaded_app: New input event: type=2
11-16 12:34:11.218 26097 26220 V threaded_app: New input event: type=2
11-16 12:34:11.235 26097 26220 V threaded_app: New input event: type=2
11-16 12:34:11.251 26097 26220 V threaded_app: New input event: type=2
11-16 12:34:11.268 26097 26220 V threaded_app: New input event: type=2
11-16 12:34:11.285 26097 26220 V threaded_app: New input event: type=2
11-16 12:34:11.301 26097 26220 V threaded_app: New input event: type=2
11-16 12:34:11.308 25780 25780 W pool-2-thread-1: type=1400 audit(0.0:388623): avc:
granted { nlmsg_readpriv } for scontext=u:r:untrusted_app_29:s0:c10,c258,c512,c768
tcontext=u:r:untrusted_app_29:s0:c10,c258,c512,c768 tclass=netlink_route_socket
app=com.topten.loader
11-16 12:34:11.318 26097 26220 V threaded_app: New input event: type=2
11-16 12:34:11.334 26097 26220 V threaded_app: New input event: type=2
11-16 12:34:11.368 26097 26220 V threaded_app: New input event: type=2
11-16 12:34:11.401 26097 26220 V threaded_app: New input event: type=2
11-16 12:34:11.435 26097 26220 V threaded_app: New input event: type=2
11-16 12:34:11.451 26097 26220 V threaded_app: New input event: type=2
11-16 12:34:11.485 26097 26220 V threaded_app: New input event: type=2
11-16 12:34:11.584 26097 26220 V threaded_app: New input event: type=2
11-16 12:34:11.601 26097 26220 V threaded_app: New input event: type=2
11-16 12:34:11.636 26097 26220 V threaded_app: New input event: type=2
11-16 12:34:11.668 26097 26220 V threaded_app: New input event: type=2
11-16 12:34:11.685 26097 26220 V threaded_app: New input event: type=2
11-16 12:34:11.702 26097 26332 I AudioManager: In isBluetoothScoOn(), calling
application: com.topten.loader
11-16 12:34:11.705 26097 26220 V threaded_app: New input event: type=2
11-16 12:34:11.718 26097 26220 V threaded_app: New input event: type=2
11-16 12:34:11.752 26097 26220 V threaded_app: New input event: type=2
11-16 12:34:11.768 26097 26220 V threaded_app: New input event: type=2
11-16 12:34:11.785 26097 26220 V threaded_app: New input event: type=2
11-16 12:34:11.802 26097 26220 V threaded_app: New input event: type=2
11-16 12:34:11.818 26097 26220 V threaded_app: New input event: type=2
11-16 12:34:11.835 26097 26220 V threaded_app: New input event: type=2
11-16 12:34:11.851 26097 26220 V threaded_app: New input event: type=2
11-16 12:34:11.885 26097 26220 V threaded_app: New input event: type=2
11-16 12:34:11.918 26097 26220 V threaded_app: New input event: type=2
11-16 12:34:11.951 26097 26220 V threaded_app: New input event: type=2
11-16 12:34:11.970 26097 26220 V threaded_app: New input event: type=2
11-16 12:34:12.002 26097 26220 V threaded_app: New input event: type=2
11-16 12:34:12.035 26097 26220 V threaded_app: New input event: type=2
11-16 12:34:12.335 26097 26220 V threaded_app: New input event: type=2
11-16 12:34:12.452 26097 26220 V threaded_app: New input event: type=2
11-16 12:34:12.468 26097 26220 V threaded_app: New input event: type=2
11-16 12:34:12.801 26097 26220 V threaded_app: New input event: type=2
11-16 12:34:12.851 26097 26220 V threaded_app: New input event: type=2
11-16 12:34:12.868 26097 26220 V threaded_app: New input event: type=2
11-16 12:34:13.035 26097 26220 V threaded_app: New input event: type=2
11-16 12:34:13.045 26097 26332 I AudioManager: In isBluetoothScoOn(), calling
application: com.topten.loader
11-16 12:34:13.051 26097 26220 V threaded_app: New input event: type=2
11-16 12:34:13.102 26097 26220 V threaded_app: New input event: type=2
11-16 12:34:13.151 26097 26220 V threaded_app: New input event: type=2
11-16 12:34:13.184 26097 26220 V threaded_app: New input event: type=2
11-16 12:34:13.202 26097 26220 V threaded_app: New input event: type=2
11-16 12:34:13.218 26097 26220 V threaded_app: New input event: type=2
11-16 12:34:13.235 26097 26220 V threaded_app: New input event: type=2
11-16 12:34:13.251 26097 26220 V threaded_app: New input event: type=2
11-16 12:34:13.268 26097 26220 V threaded_app: New input event: type=2
11-16 12:34:13.284 26097 26220 V threaded_app: New input event: type=2
11-16 12:34:13.301 26097 26220 V threaded_app: New input event: type=2
11-16 12:34:13.318 26097 26220 V threaded_app: New input event: type=2
11-16 12:34:13.334 26097 26220 V threaded_app: New input event: type=2
11-16 12:34:13.351 26097 26220 V threaded_app: New input event: type=2
11-16 12:34:13.368 26097 26220 V threaded_app: New input event: type=2
11-16 12:34:13.385 26097 26220 V threaded_app: New input event: type=2
11-16 12:34:13.402 26097 26220 V threaded_app: New input event: type=2
11-16 12:34:13.418 26097 26220 V threaded_app: New input event: type=2
11-16 12:34:13.425 26097 26220 V threaded_app: New input event: type=2
11-16 12:34:13.485 26097 26220 V threaded_app: New input event: type=2
11-16 12:34:13.759 26097 26220 V threaded_app: New input event: type=2
11-16 12:34:13.903 26097 26220 V threaded_app: New input event: type=2
11-16 12:34:13.918 26097 26220 V threaded_app: New input event: type=2
11-16 12:34:13.935 26097 26220 V threaded_app: New input event: type=2
11-16 12:34:13.952 26097 26220 V threaded_app: New input event: type=2
11-16 12:34:13.968 26097 26220 V threaded_app: New input event: type=2
11-16 12:34:13.985 26097 26220 V threaded_app: New input event: type=2
11-16 12:34:14.001 26097 26220 V threaded_app: New input event: type=2
11-16 12:34:14.018 26097 26220 V threaded_app: New input event: type=2
11-16 12:34:14.034 26097 26220 V threaded_app: New input event: type=2
11-16 12:34:14.051 26097 26220 V threaded_app: New input event: type=2
11-16 12:34:14.069 26097 26220 V threaded_app: New input event: type=2
11-16 12:34:14.085 26097 26220 V threaded_app: New input event: type=2
11-16 12:34:14.102 26097 26220 V threaded_app: New input event: type=2
11-16 12:34:14.118 26097 26220 V threaded_app: New input event: type=2
11-16 12:34:14.151 26097 26220 V threaded_app: New input event: type=2
11-16 12:34:14.170 26097 26220 V threaded_app: New input event: type=2
11-16 12:34:14.184 26097 26220 V threaded_app: New input event: type=2
11-16 12:34:14.202 26097 26220 V threaded_app: New input event: type=2
11-16 12:34:14.219 26097 26220 V threaded_app: New input event: type=2
11-16 12:34:14.235 26097 26220 V threaded_app: New input event: type=2
11-16 12:34:14.252 26097 26220 V threaded_app: New input event: type=2
11-16 12:34:14.269 26097 26220 V threaded_app: New input event: type=2
11-16 12:34:14.286 26097 26220 V threaded_app: New input event: type=2
11-16 12:34:14.303 26097 26220 V threaded_app: New input event: type=2
11-16 12:34:14.308 25780 25780 W pool-2-thread-1: type=1400 audit(0.0:388624): avc:
granted { nlmsg_readpriv } for scontext=u:r:untrusted_app_29:s0:c10,c258,c512,c768
tcontext=u:r:untrusted_app_29:s0:c10,c258,c512,c768 tclass=netlink_route_socket
app=com.topten.loader
11-16 12:34:14.318 26097 26220 V threaded_app: New input event: type=2
11-16 12:34:14.337 26097 26220 V threaded_app: New input event: type=2
11-16 12:34:14.351 26097 26220 V threaded_app: New input event: type=2
11-16 12:34:14.369 26097 26220 V threaded_app: New input event: type=2
11-16 12:34:14.385 26097 26220 V threaded_app: New input event: type=2
11-16 12:34:14.390 26097 26332 I AudioManager: In isBluetoothScoOn(), calling
application: com.topten.loader
11-16 12:34:14.402 26097 26220 V threaded_app: New input event: type=2
11-16 12:34:14.418 26097 26220 V threaded_app: New input event: type=2
11-16 12:34:14.435 26097 26220 V threaded_app: New input event: type=2
11-16 12:34:14.451 26097 26220 V threaded_app: New input event: type=2
11-16 12:34:14.468 26097 26220 V threaded_app: New input event: type=2
11-16 12:34:14.484 26097 26220 V threaded_app: New input event: type=2
11-16 12:34:14.501 26097 26220 V threaded_app: New input event: type=2
11-16 12:34:14.534 26097 26220 V threaded_app: New input event: type=2
11-16 12:34:14.552 26097 26220 V threaded_app: New input event: type=2
11-16 12:34:14.586 26097 26220 V threaded_app: New input event: type=2
11-16 12:34:14.619 26097 26220 V threaded_app: New input event: type=2
11-16 12:34:14.652 26097 26220 V threaded_app: New input event: type=2
11-16 12:34:14.660 26097 26220 V threaded_app: New input event: type=2
11-16 12:34:14.660 26097 26220 V threaded_app: New input event: type=2
11-16 12:34:14.669 26097 26220 V threaded_app: New input event: type=2
11-16 12:34:14.685 26097 26220 V threaded_app: New input event: type=2
11-16 12:34:14.701 26097 26220 V threaded_app: New input event: type=2
11-16 12:34:14.718 26097 26220 V threaded_app: New input event: type=2
11-16 12:34:14.735 26097 26220 V threaded_app: New input event: type=2
11-16 12:34:14.752 26097 26220 V threaded_app: New input event: type=2
11-16 12:34:14.768 26097 26220 V threaded_app: New input event: type=2
11-16 12:34:14.785 26097 26220 V threaded_app: New input event: type=2
11-16 12:34:14.802 26097 26220 V threaded_app: New input event: type=2
11-16 12:34:14.818 26097 26220 V threaded_app: New input event: type=2
11-16 12:34:14.835 26097 26220 V threaded_app: New input event: type=2
11-16 12:34:14.851 26097 26220 V threaded_app: New input event: type=2
11-16 12:34:14.868 26097 26220 V threaded_app: New input event: type=2
11-16 12:34:14.886 26097 26220 V threaded_app: New input event: type=2
11-16 12:34:14.901 26097 26220 V threaded_app: New input event: type=2
11-16 12:34:14.918 26097 26220 V threaded_app: New input event: type=2
11-16 12:34:14.935 26097 26220 V threaded_app: New input event: type=2
11-16 12:34:14.953 26097 26220 V threaded_app: New input event: type=2
11-16 12:34:14.969 26097 26220 V threaded_app: New input event: type=2
11-16 12:34:14.985 26097 26220 V threaded_app: New input event: type=2
11-16 12:34:15.002 26097 26220 V threaded_app: New input event: type=2
11-16 12:34:15.018 26097 26220 V threaded_app: New input event: type=2
11-16 12:34:15.035 26097 26220 V threaded_app: New input event: type=2
11-16 12:34:15.051 26097 26220 V threaded_app: New input event: type=2
11-16 12:34:15.069 26097 26220 V threaded_app: New input event: type=2
11-16 12:34:15.085 26097 26220 V threaded_app: New input event: type=2
11-16 12:34:15.102 26097 26220 V threaded_app: New input event: type=2
11-16 12:34:15.118 26097 26220 V threaded_app: New input event: type=2
11-16 12:34:15.135 26097 26220 V threaded_app: New input event: type=2
11-16 12:34:15.141 26097 26220 V threaded_app: New input event: type=2
11-16 12:34:15.459 26097 26220 V threaded_app: New input event: type=2
11-16 12:34:15.535 26097 26220 V threaded_app: New input event: type=2
11-16 12:34:15.551 26097 26220 V threaded_app: New input event: type=2
11-16 12:34:15.568 26097 26220 V threaded_app: New input event: type=2
11-16 12:34:15.584 26097 26220 V threaded_app: New input event: type=2
11-16 12:34:15.601 26097 26220 V threaded_app: New input event: type=2
11-16 12:34:15.618 26097 26220 V threaded_app: New input event: type=2
11-16 12:34:15.635 26097 26220 V threaded_app: New input event: type=2
11-16 12:34:15.652 26097 26220 V threaded_app: New input event: type=2
11-16 12:34:15.668 26097 26220 V threaded_app: New input event: type=2
11-16 12:34:15.685 26097 26220 V threaded_app: New input event: type=2
11-16 12:34:15.702 26097 26220 V threaded_app: New input event: type=2
11-16 12:34:15.718 26097 26220 V threaded_app: New input event: type=2
11-16 12:34:15.734 26097 26332 I AudioManager: In isBluetoothScoOn(), calling
application: com.topten.loader
11-16 12:34:15.736 26097 26220 V threaded_app: New input event: type=2
11-16 12:34:15.753 26097 26220 V threaded_app: New input event: type=2
11-16 12:34:15.768 26097 26220 V threaded_app: New input event: type=2
11-16 12:34:15.785 26097 26220 V threaded_app: New input event: type=2
11-16 12:34:15.791 26097 26220 V threaded_app: New input event: type=2
11-16 12:34:15.791 26097 26220 V threaded_app: New input event: type=2
11-16 12:34:15.959 26097 26220 V threaded_app: New input event: type=2
11-16 12:34:16.051 26097 26220 V threaded_app: New input event: type=2
11-16 12:34:16.068 26097 26220 V threaded_app: New input event: type=2
11-16 12:34:16.085 26097 26220 V threaded_app: New input event: type=2
11-16 12:34:16.102 26097 26220 V threaded_app: New input event: type=2
11-16 12:34:16.118 26097 26220 V threaded_app: New input event: type=2
11-16 12:34:16.135 26097 26220 V threaded_app: New input event: type=2
11-16 12:34:16.152 26097 26220 V threaded_app: New input event: type=2
11-16 12:34:16.168 26097 26220 V threaded_app: New input event: type=2
11-16 12:34:16.184 26097 26220 V threaded_app: New input event: type=2
11-16 12:34:16.201 26097 26220 V threaded_app: New input event: type=2
11-16 12:34:16.218 26097 26220 V threaded_app: New input event: type=2
11-16 12:34:16.235 26097 26220 V threaded_app: New input event: type=2
11-16 12:34:16.252 26097 26220 V threaded_app: New input event: type=2
11-16 12:34:16.269 26097 26220 V threaded_app: New input event: type=2
11-16 12:34:16.284 26097 26220 V threaded_app: New input event: type=2
11-16 12:34:16.290 26097 26220 V threaded_app: New input event: type=2
11-16 12:34:16.626 26097 26220 V threaded_app: New input event: type=2
11-16 12:34:16.801 26097 26220 V threaded_app: New input event: type=2
11-16 12:34:16.818 26097 26220 V threaded_app: New input event: type=2
11-16 12:34:16.836 26097 26220 V threaded_app: New input event: type=2
11-16 12:34:16.851 26097 26220 V threaded_app: New input event: type=2
11-16 12:34:16.868 26097 26220 V threaded_app: New input event: type=2
11-16 12:34:16.886 26097 26220 V threaded_app: New input event: type=2
11-16 12:34:16.902 26097 26220 V threaded_app: New input event: type=2
11-16 12:34:16.917 26097 26220 V threaded_app: New input event: type=2
11-16 12:34:16.935 26097 26220 V threaded_app: New input event: type=2
11-16 12:34:16.951 26097 26220 V threaded_app: New input event: type=2
11-16 12:34:16.968 26097 26220 V threaded_app: New input event: type=2
11-16 12:34:16.985 26097 26220 V threaded_app: New input event: type=2
11-16 12:34:17.001 26097 26220 V threaded_app: New input event: type=2
11-16 12:34:17.007 26097 26220 V threaded_app: New input event: type=2
11-16 12:34:17.078 26097 26332 I AudioManager: In isBluetoothScoOn(), calling
application: com.topten.loader
11-16 12:34:17.308 26097 26220 V threaded_app: New input event: type=2
11-16 12:34:17.308 25780 25780 W pool-2-thread-1: type=1400 audit(0.0:388625): avc:
granted { nlmsg_readpriv } for scontext=u:r:untrusted_app_29:s0:c10,c258,c512,c768
tcontext=u:r:untrusted_app_29:s0:c10,c258,c512,c768 tclass=netlink_route_socket
app=com.topten.loader
11-16 12:34:17.386 26097 26220 V threaded_app: New input event: type=2
11-16 12:34:17.401 26097 26220 V threaded_app: New input event: type=2
11-16 12:34:17.418 26097 26220 V threaded_app: New input event: type=2
11-16 12:34:17.434 26097 26220 V threaded_app: New input event: type=2
11-16 12:34:17.451 26097 26220 V threaded_app: New input event: type=2
11-16 12:34:17.468 26097 26220 V threaded_app: New input event: type=2
11-16 12:34:17.485 26097 26220 V threaded_app: New input event: type=2
11-16 12:34:17.501 26097 26220 V threaded_app: New input event: type=2
11-16 12:34:17.518 26097 26220 V threaded_app: New input event: type=2
11-16 12:34:17.534 26097 26220 V threaded_app: New input event: type=2
11-16 12:34:17.551 26097 26220 V threaded_app: New input event: type=2
11-16 12:34:17.569 26097 26220 V threaded_app: New input event: type=2
11-16 12:34:17.584 26097 26220 V threaded_app: New input event: type=2
11-16 12:34:17.604 26097 26220 V threaded_app: New input event: type=2
11-16 12:34:17.618 26097 26220 V threaded_app: New input event: type=2
11-16 12:34:17.668 26097 26220 V threaded_app: New input event: type=2
11-16 12:34:17.751 26097 26220 V threaded_app: New input event: type=2
11-16 12:34:18.004 26097 26220 V threaded_app: New input event: type=2
11-16 12:34:18.068 26097 26220 V threaded_app: New input event: type=2
11-16 12:34:18.102 26097 26220 V threaded_app: New input event: type=2
11-16 12:34:18.134 26097 26220 V threaded_app: New input event: type=2
11-16 12:34:18.218 26097 26220 V threaded_app: New input event: type=2
11-16 12:34:18.422 26097 26332 I AudioManager: In isBluetoothScoOn(), calling
application: com.topten.loader
11-16 12:34:18.801 26097 26220 V threaded_app: New input event: type=2
11-16 12:34:19.766 26097 26332 I AudioManager: In isBluetoothScoOn(), calling
application: com.topten.loader
11-16 12:34:20.308 25780 25780 W pool-2-thread-1: type=1400 audit(0.0:388626): avc:
granted { nlmsg_readpriv } for scontext=u:r:untrusted_app_29:s0:c10,c258,c512,c768
tcontext=u:r:untrusted_app_29:s0:c10,c258,c512,c768 tclass=netlink_route_socket
app=com.topten.loader
11-16 12:34:20.607 26097 26220 V threaded_app: New input event: type=2
11-16 12:34:20.668 26097 26220 V threaded_app: New input event: type=2
11-16 12:34:20.702 26097 26220 V threaded_app: New input event: type=2
11-16 12:34:20.718 26097 26220 V threaded_app: New input event: type=2
11-16 12:34:20.735 26097 26220 V threaded_app: New input event: type=2
11-16 12:34:20.751 26097 26220 V threaded_app: New input event: type=2
11-16 12:34:20.768 26097 26220 V threaded_app: New input event: type=2
11-16 12:34:20.785 26097 26220 V threaded_app: New input event: type=2
11-16 12:34:20.801 26097 26220 V threaded_app: New input event: type=2
11-16 12:34:20.818 26097 26220 V threaded_app: New input event: type=2
11-16 12:34:20.835 26097 26220 V threaded_app: New input event: type=2
11-16 12:34:20.851 26097 26220 V threaded_app: New input event: type=2
11-16 12:34:20.868 26097 26220 V threaded_app: New input event: type=2
11-16 12:34:20.885 26097 26220 V threaded_app: New input event: type=2
11-16 12:34:20.901 26097 26220 V threaded_app: New input event: type=2
11-16 12:34:20.918 26097 26220 V threaded_app: New input event: type=2
11-16 12:34:20.936 26097 26220 V threaded_app: New input event: type=2
11-16 12:34:20.951 26097 26220 V threaded_app: New input event: type=2
11-16 12:34:20.968 26097 26220 V threaded_app: New input event: type=2
11-16 12:34:20.985 26097 26220 V threaded_app: New input event: type=2
11-16 12:34:21.001 26097 26220 V threaded_app: New input event: type=2
11-16 12:34:21.018 26097 26220 V threaded_app: New input event: type=2
11-16 12:34:21.035 26097 26220 V threaded_app: New input event: type=2
11-16 12:34:21.051 26097 26220 V threaded_app: New input event: type=2
11-16 12:34:21.069 26097 26220 V threaded_app: New input event: type=2
11-16 12:34:21.085 26097 26220 V threaded_app: New input event: type=2
11-16 12:34:21.109 26097 26332 I AudioManager: In isBluetoothScoOn(), calling
application: com.topten.loader
11-16 12:34:21.118 26097 26220 V threaded_app: New input event: type=2
11-16 12:34:21.135 26097 26220 V threaded_app: New input event: type=2
11-16 12:34:21.152 26097 26220 V threaded_app: New input event: type=2
11-16 12:34:21.186 26097 26220 V threaded_app: New input event: type=2
11-16 12:34:21.368 26097 26220 V threaded_app: New input event: type=2
11-16 12:34:21.385 26097 26220 V threaded_app: New input event: type=2
11-16 12:34:21.403 26097 26220 V threaded_app: New input event: type=2
11-16 12:34:21.418 26097 26220 V threaded_app: New input event: type=2
11-16 12:34:21.435 26097 26220 V threaded_app: New input event: type=2
11-16 12:34:21.451 26097 26220 V threaded_app: New input event: type=2
11-16 12:34:21.502 26097 26220 V threaded_app: New input event: type=2
11-16 12:34:21.518 26097 26220 V threaded_app: New input event: type=2
11-16 12:34:21.536 26097 26220 V threaded_app: New input event: type=2
11-16 12:34:21.552 26097 26220 V threaded_app: New input event: type=2
11-16 12:34:21.568 26097 26220 V threaded_app: New input event: type=2
11-16 12:34:21.602 26097 26220 V threaded_app: New input event: type=2
11-16 12:34:21.618 26097 26220 V threaded_app: New input event: type=2
11-16 12:34:21.684 26097 26220 V threaded_app: New input event: type=2
11-16 12:34:21.802 26097 26220 V threaded_app: New input event: type=2
11-16 12:34:21.918 26097 26220 V threaded_app: New input event: type=2
11-16 12:34:22.224 26097 26220 V threaded_app: New input event: type=2
11-16 12:34:22.306 26097 26220 V threaded_app: New input event: type=2
11-16 12:34:22.455 26097 26332 I AudioManager: In isBluetoothScoOn(), calling
application: com.topten.loader
11-16 12:34:22.627 26097 26220 V threaded_app: New input event: type=2
11-16 12:34:22.756 26097 26220 V threaded_app: New input event: type=2
11-16 12:34:23.178 26097 26220 V threaded_app: New input event: type=2
11-16 12:34:23.307 26097 26220 V threaded_app: New input event: type=2
11-16 12:34:23.308 25780 25780 W pool-2-thread-1: type=1400 audit(0.0:388627): avc:
granted { nlmsg_readpriv } for scontext=u:r:untrusted_app_29:s0:c10,c258,c512,c768
tcontext=u:r:untrusted_app_29:s0:c10,c258,c512,c768 tclass=netlink_route_socket
app=com.topten.loader
11-16 12:34:23.678 26097 26220 V threaded_app: New input event: type=2
11-16 12:34:23.774 26097 26220 V threaded_app: New input event: type=2
11-16 12:34:23.798 26097 26332 I AudioManager: In isBluetoothScoOn(), calling
application: com.topten.loader
11-16 12:34:24.144 26097 26220 V threaded_app: New input event: type=2
11-16 12:34:24.274 26097 26220 V threaded_app: New input event: type=2
11-16 12:34:24.390 26097 26674 I AudioManager: In setSpeakerphoneOn(), on: true,
calling application: com.topten.loader
11-16 12:34:24.498 26097 26674 D opten.loader:p: PlayerBase::PlayerBase()
11-16 12:34:24.498 26097 26674 D opten.loader:p: TrackPlayerBase::TrackPlayerBase()
11-16 12:34:24.498 26097 26674 I libOpenSLES: Emulating old channel mask behavior
(ignoring positional mask 0x4, using default mask 0x1 based on channel count of 1)
11-16 12:34:24.726 26097 26674 W BpBinder: Slow Binder: BpBinder transact took 225
ms, interface=android.media.IAudioPolicyService, code=76 oneway=false
11-16 12:34:24.769 26097 26674 D AudioTrack: createTrack_l(4037):
AUDIO_OUTPUT_FLAG_FAST denied by server; frameCount 0 -> 648
11-16 12:34:24.774 26097 26674 I AudioManager: In setSpeakerphoneOn(), on: true,
calling application: com.topten.loader
11-16 12:34:24.775 26097 26674 W libOpenSLES: Conversion from OpenSL ES positional
channel mask 0x4 to Android mask 0 loses channels
11-16 12:34:24.775 26097 26674 I libOpenSLES: Emulating old channel mask behavior
(ignoring positional mask 0x4, using default mask 0x10 based on channel count of 1)
11-16 12:34:24.776 26097 26674 I AudioRecord: getPackageName com.topten.loader
uid 10522 --- zzz
11-16 12:34:24.777 26097 26674 D AudioRecord: set(): inputSource 0, sampleRate
16000, format 0x1, channelMask 0x10, frameCount 0, notificationFrames 0, sessionId
0, transferType 1, flags 0x5, attributionSource AttributionSourceState{pid: 26097,
uid: 10522, packageName: (null), attributionTag: (null), token: ,
renouncedPermissions: (null), next: []}uid 10522, pid 26097,isIsolated:0
11-16 12:34:25.026 26097 26674 W BpBinder: Slow Binder: BpBinder transact took 247
ms, interface=android.media.IAudioFlingerService, code=2 oneway=false
11-16 12:34:25.056 26097 26674 I AudioManager: In setSpeakerphoneOn(), on: true,
calling application: com.topten.loader
11-16 12:34:25.062 26097 26674 D opten.loader:p: PlayerBase::PlayerBase()
11-16 12:34:25.063 26097 26674 D opten.loader:p: TrackPlayerBase::TrackPlayerBase()
11-16 12:34:25.063 26097 26674 I libOpenSLES: Emulating old channel mask behavior
(ignoring positional mask 0x4, using default mask 0x1 based on channel count of 1)
11-16 12:34:25.142 26097 26332 I AudioManager: In isBluetoothScoOn(), calling
application: com.topten.loader
11-16 12:34:25.234 26097 26674 D AudioTrack: createTrack_l(4043):
AUDIO_OUTPUT_FLAG_FAST denied by server; frameCount 0 -> 648
11-16 12:34:25.238 26097 26674 I AudioManager: In setSpeakerphoneOn(), on: true,
calling application: com.topten.loader
11-16 12:34:25.424 26097 26674 W libOpenSLES: Conversion from OpenSL ES positional
channel mask 0x4 to Android mask 0 loses channels
11-16 12:34:25.424 26097 26674 I libOpenSLES: Emulating old channel mask behavior
(ignoring positional mask 0x4, using default mask 0x10 based on channel count of 1)
11-16 12:34:25.425 26097 26674 I AudioRecord: getPackageName com.topten.loader
uid 10522 --- zzz
11-16 12:34:25.429 26097 26674 D AudioRecord: set(): inputSource 0, sampleRate
16000, format 0x1, channelMask 0x10, frameCount 0, notificationFrames 0, sessionId
0, transferType 1, flags 0x5, attributionSource AttributionSourceState{pid: 26097,
uid: 10522, packageName: (null), attributionTag: (null), token: ,
renouncedPermissions: (null), next: []}uid 10522, pid 26097,isIsolated:0
11-16 12:34:25.783 26097 26674 I AudioManager: In setSpeakerphoneOn(), on: true,
calling application: com.topten.loader
11-16 12:34:25.959 26097 26674 D opten.loader:p: PlayerBase::PlayerBase()
11-16 12:34:25.960 26097 26674 D opten.loader:p: TrackPlayerBase::TrackPlayerBase()
11-16 12:34:25.961 26097 26674 I libOpenSLES: Emulating old channel mask behavior
(ignoring positional mask 0x4, using default mask 0x1 based on channel count of 1)
11-16 12:34:26.150 26097 26674 D AudioTrack: createTrack_l(4049):
AUDIO_OUTPUT_FLAG_FAST denied by server; frameCount 0 -> 644
11-16 12:34:26.152 26097 26674 I AudioManager: In setSpeakerphoneOn(), on: true,
calling application: com.topten.loader
11-16 12:34:26.153 26097 26674 W libOpenSLES: Conversion from OpenSL ES positional
channel mask 0x4 to Android mask 0 loses channels
11-16 12:34:26.153 26097 26674 I libOpenSLES: Emulating old channel mask behavior
(ignoring positional mask 0x4, using default mask 0x10 based on channel count of 1)
11-16 12:34:26.154 26097 26674 I AudioRecord: getPackageName com.topten.loader
uid 10522 --- zzz
11-16 12:34:26.156 26097 26674 D AudioRecord: set(): inputSource 7, sampleRate
16000, format 0x1, channelMask 0x10, frameCount 0, notificationFrames 0, sessionId
0, transferType 1, flags 0x5, attributionSource AttributionSourceState{pid: 26097,
uid: 10522, packageName: (null), attributionTag: (null), token: ,
renouncedPermissions: (null), next: []}uid 10522, pid 26097,isIsolated:0
11-16 12:34:26.308 25780 25780 W pool-2-thread-1: type=1400 audit(0.0:388628): avc:
granted { nlmsg_readpriv } for scontext=u:r:untrusted_app_29:s0:c10,c258,c512,c768
tcontext=u:r:untrusted_app_29:s0:c10,c258,c512,c768 tclass=netlink_route_socket
app=com.topten.loader
11-16 12:34:26.405 26097 26674 W BpBinder: Slow Binder: BpBinder transact took 245
ms, interface=android.media.IAudioFlingerService, code=2 oneway=false
11-16 12:34:26.571 26097 26332 I AudioManager: In isBluetoothScoOn(), calling
application: com.topten.loader
11-16 12:34:27.914 26097 26332 I AudioManager: In isBluetoothScoOn(), calling
application: com.topten.loader
11-16 12:34:29.259 26097 26332 I AudioManager: In isBluetoothScoOn(), calling
application: com.topten.loader
11-16 12:34:29.308 25780 25780 W pool-2-thread-1: type=1400 audit(0.0:388629): avc:
granted { nlmsg_readpriv } for scontext=u:r:untrusted_app_29:s0:c10,c258,c512,c768
tcontext=u:r:untrusted_app_29:s0:c10,c258,c512,c768 tclass=netlink_route_socket
app=com.topten.loader
11-16 12:34:30.603 26097 26332 I AudioManager: In isBluetoothScoOn(), calling
application: com.topten.loader
11-16 12:34:31.391 26097 26220 V threaded_app: New input event: type=2
11-16 12:34:31.508 26097 26220 V threaded_app: New input event: type=2
11-16 12:34:31.892 26097 26220 V threaded_app: New input event: type=2
11-16 12:34:31.947 26097 26332 I AudioManager: In isBluetoothScoOn(), calling
application: com.topten.loader
11-16 12:34:32.008 26097 26220 V threaded_app: New input event: type=2
11-16 12:34:32.047 26097 26674 I AudioManager: In setSpeakerphoneOn(), on: true,
calling application: com.topten.loader
11-16 12:34:32.210 25780 25922 W RenderInspector: QueueBuffer time out on
com.miui.screenrecorder, count=1, avg=19 ms, max=19 ms.
11-16 12:34:32.256 26097 26220 V threaded_app: New input event: type=2
11-16 12:34:32.270 26097 26674 W BpBinder: Slow Binder: BpBinder transact took 223
ms, interface=android.media.IAudioService, code=54 oneway=false
11-16 12:34:32.277 26097 26674 D opten.loader:p: PlayerBase::PlayerBase()
11-16 12:34:32.278 26097 26674 D opten.loader:p: TrackPlayerBase::TrackPlayerBase()
11-16 12:34:32.278 26097 26674 I libOpenSLES: Emulating old channel mask behavior
(ignoring positional mask 0x4, using default mask 0x1 based on channel count of 1)
11-16 12:34:32.308 25780 25780 W pool-2-thread-1: type=1400 audit(0.0:388630): avc:
granted { nlmsg_readpriv } for scontext=u:r:untrusted_app_29:s0:c10,c258,c512,c768
tcontext=u:r:untrusted_app_29:s0:c10,c258,c512,c768 tclass=netlink_route_socket
app=com.topten.loader
11-16 12:34:32.373 26097 26220 V threaded_app: New input event: type=2
11-16 12:34:32.484 26097 26674 D AudioTrack: createTrack_l(4055):
AUDIO_OUTPUT_FLAG_FAST denied by server; frameCount 0 -> 648
11-16 12:34:32.490 26097 26674 I AudioManager: In setSpeakerphoneOn(), on: true,
calling application: com.topten.loader
11-16 12:34:32.667 26097 26674 W libOpenSLES: Conversion from OpenSL ES positional
channel mask 0x4 to Android mask 0 loses channels
11-16 12:34:32.667 26097 26674 I libOpenSLES: Emulating old channel mask behavior
(ignoring positional mask 0x4, using default mask 0x10 based on channel count of 1)
11-16 12:34:32.669 26097 26674 I AudioRecord: getPackageName com.topten.loader
uid 10522 --- zzz
11-16 12:34:32.672 26097 26674 D AudioRecord: set(): inputSource 0, sampleRate
16000, format 0x1, channelMask 0x10, frameCount 0, notificationFrames 0, sessionId
0, transferType 1, flags 0x5, attributionSource AttributionSourceState{pid: 26097,
uid: 10522, packageName: (null), attributionTag: (null), token: ,
renouncedPermissions: (null), next: []}uid 10522, pid 26097,isIsolated:0
11-16 12:34:32.808 26097 26220 V threaded_app: New input event: type=2
11-16 12:34:32.961 26097 26220 V threaded_app: New input event: type=2
11-16 12:34:32.989 26097 27047 D opten.loader:p:
TrackPlayerBase::~TrackPlayerBase()
11-16 12:34:32.989 26097 27047 D opten.loader:p: PlayerBase::~PlayerBase()
11-16 12:34:32.995 26097 27047 D opten.loader:p:
TrackPlayerBase::~TrackPlayerBase()
11-16 12:34:32.995 26097 27047 D opten.loader:p: PlayerBase::~PlayerBase()
11-16 12:34:32.995 26097 26280 D opten.loader:p:
TrackPlayerBase::~TrackPlayerBase()
11-16 12:34:32.995 26097 26280 D opten.loader:p: PlayerBase::~PlayerBase()
11-16 12:34:32.996 26097 26280 D opten.loader:p:
TrackPlayerBase::~TrackPlayerBase()
11-16 12:34:32.996 26097 26280 D opten.loader:p: PlayerBase::~PlayerBase()
11-16 12:34:33.374 26097 26332 I AudioManager: In isBluetoothScoOn(), calling
application: com.topten.loader
11-16 12:34:33.792 26097 26220 V threaded_app: New input event: type=2
11-16 12:34:33.893 26097 26220 V threaded_app: New input event: type=2
11-16 12:34:33.918 26097 26220 V threaded_app: New input event: type=2
11-16 12:34:33.934 26097 26220 V threaded_app: New input event: type=2
11-16 12:34:33.952 26097 26220 V threaded_app: New input event: type=2
11-16 12:34:33.968 26097 26220 V threaded_app: New input event: type=2
11-16 12:34:33.986 26097 26220 V threaded_app: New input event: type=2
11-16 12:34:34.001 26097 26220 V threaded_app: New input event: type=2
11-16 12:34:34.018 26097 26220 V threaded_app: New input event: type=2
11-16 12:34:34.035 26097 26220 V threaded_app: New input event: type=2
11-16 12:34:34.051 26097 26220 V threaded_app: New input event: type=2
11-16 12:34:34.068 26097 26220 V threaded_app: New input event: type=2
11-16 12:34:34.086 26097 26220 V threaded_app: New input event: type=2
11-16 12:34:34.102 26097 26220 V threaded_app: New input event: type=2
11-16 12:34:34.119 26097 26220 V threaded_app: New input event: type=2
11-16 12:34:34.134 26097 26220 V threaded_app: New input event: type=2
11-16 12:34:34.152 26097 26220 V threaded_app: New input event: type=2
11-16 12:34:34.168 26097 26220 V threaded_app: New input event: type=2
11-16 12:34:34.185 26097 26220 V threaded_app: New input event: type=2
11-16 12:34:34.201 26097 26220 V threaded_app: New input event: type=2
11-16 12:34:34.218 26097 26220 V threaded_app: New input event: type=2
11-16 12:34:34.223 26097 26220 V threaded_app: New input event: type=2
11-16 12:34:34.713 26097 26332 I AudioManager: In isBluetoothScoOn(), calling
application: com.topten.loader
11-16 12:34:35.316 25780 25780 W pool-2-thread-1: type=1400 audit(0.0:388631): avc:
granted { nlmsg_readpriv } for scontext=u:r:untrusted_app_29:s0:c10,c258,c512,c768
tcontext=u:r:untrusted_app_29:s0:c10,c258,c512,c768 tclass=netlink_route_socket
app=com.topten.loader
11-16 12:34:35.609 26097 26220 V threaded_app: New input event: type=2
11-16 12:34:35.702 26097 26220 V threaded_app: New input event: type=2
11-16 12:34:35.718 26097 26220 V threaded_app: New input event: type=2
11-16 12:34:35.734 26097 26220 V threaded_app: New input event: type=2
11-16 12:34:35.751 26097 26220 V threaded_app: New input event: type=2
11-16 12:34:35.767 26097 26220 V threaded_app: New input event: type=2
11-16 12:34:35.786 26097 26220 V threaded_app: New input event: type=2
11-16 12:34:35.803 26097 26220 V threaded_app: New input event: type=2
11-16 12:34:35.818 26097 26220 V threaded_app: New input event: type=2
11-16 12:34:35.835 26097 26220 V threaded_app: New input event: type=2
11-16 12:34:35.870 26097 26220 V threaded_app: New input event: type=2
11-16 12:34:35.902 26097 26220 V threaded_app: New input event: type=2
11-16 12:34:35.907 26097 26220 V threaded_app: New input event: type=2
11-16 12:34:36.058 26097 26332 I AudioManager: In isBluetoothScoOn(), calling
application: com.topten.loader
11-16 12:34:36.275 26097 26220 V threaded_app: New input event: type=2
11-16 12:34:36.335 26097 26220 V threaded_app: New input event: type=2
11-16 12:34:36.351 26097 26220 V threaded_app: New input event: type=2
11-16 12:34:36.368 26097 26220 V threaded_app: New input event: type=2
11-16 12:34:36.385 26097 26220 V threaded_app: New input event: type=2
11-16 12:34:36.401 26097 26220 V threaded_app: New input event: type=2
11-16 12:34:36.419 26097 26220 V threaded_app: New input event: type=2
11-16 12:34:36.435 26097 26220 V threaded_app: New input event: type=2
11-16 12:34:36.452 26097 26220 V threaded_app: New input event: type=2
11-16 12:34:36.469 26097 26220 V threaded_app: New input event: type=2
11-16 12:34:36.485 26097 26220 V threaded_app: New input event: type=2
11-16 12:34:36.501 26097 26220 V threaded_app: New input event: type=2
11-16 12:34:36.519 26097 26220 V threaded_app: New input event: type=2
11-16 12:34:36.535 26097 26220 V threaded_app: New input event: type=2
11-16 12:34:36.554 26097 26220 V threaded_app: New input event: type=2
11-16 12:34:36.558 26097 26220 V threaded_app: New input event: type=2
11-16 12:34:36.773 26097 26220 V threaded_app: New input event: type=2
11-16 12:34:36.851 26097 26220 V threaded_app: New input event: type=2
11-16 12:34:36.869 26097 26220 V threaded_app: New input event: type=2
11-16 12:34:36.885 26097 26220 V threaded_app: New input event: type=2
11-16 12:34:36.902 26097 26220 V threaded_app: New input event: type=2
11-16 12:34:36.919 26097 26220 V threaded_app: New input event: type=2
11-16 12:34:36.935 26097 26220 V threaded_app: New input event: type=2
11-16 12:34:36.951 26097 26220 V threaded_app: New input event: type=2
11-16 12:34:36.968 26097 26220 V threaded_app: New input event: type=2
11-16 12:34:36.984 26097 26220 V threaded_app: New input event: type=2
11-16 12:34:37.001 26097 26220 V threaded_app: New input event: type=2
11-16 12:34:37.018 26097 26220 V threaded_app: New input event: type=2
11-16 12:34:37.035 26097 26220 V threaded_app: New input event: type=2
11-16 12:34:37.042 26097 26220 V threaded_app: New input event: type=2
11-16 12:34:37.224 26097 26220 V threaded_app: New input event: type=2
11-16 12:34:37.302 26097 26220 V threaded_app: New input event: type=2
11-16 12:34:37.319 26097 26220 V threaded_app: New input event: type=2
11-16 12:34:37.335 26097 26220 V threaded_app: New input event: type=2
11-16 12:34:37.352 26097 26220 V threaded_app: New input event: type=2
11-16 12:34:37.368 26097 26220 V threaded_app: New input event: type=2
11-16 12:34:37.385 26097 26220 V threaded_app: New input event: type=2
11-16 12:34:37.402 26097 26220 V threaded_app: New input event: type=2
11-16 12:34:37.404 26097 26332 I AudioManager: In isBluetoothScoOn(), calling
application: com.topten.loader
11-16 12:34:37.418 26097 26220 V threaded_app: New input event: type=2
11-16 12:34:37.434 26097 26220 V threaded_app: New input event: type=2
11-16 12:34:37.452 26097 26220 V threaded_app: New input event: type=2
11-16 12:34:37.468 26097 26220 V threaded_app: New input event: type=2
11-16 12:34:37.486 26097 26220 V threaded_app: New input event: type=2
11-16 12:34:37.492 26097 26220 V threaded_app: New input event: type=2
11-16 12:34:37.492 26097 26220 V threaded_app: New input event: type=2
11-16 12:34:37.759 26097 26220 V threaded_app: New input event: type=2
11-16 12:34:37.818 26097 26220 V threaded_app: New input event: type=2
11-16 12:34:37.834 26097 26220 V threaded_app: New input event: type=2
11-16 12:34:37.852 26097 26220 V threaded_app: New input event: type=2
11-16 12:34:37.868 26097 26220 V threaded_app: New input event: type=2
11-16 12:34:37.885 26097 26220 V threaded_app: New input event: type=2
11-16 12:34:37.901 26097 26220 V threaded_app: New input event: type=2
11-16 12:34:37.920 26097 26220 V threaded_app: New input event: type=2
11-16 12:34:37.934 26097 26220 V threaded_app: New input event: type=2
11-16 12:34:37.952 26097 26220 V threaded_app: New input event: type=2
11-16 12:34:37.968 26097 26220 V threaded_app: New input event: type=2
11-16 12:34:37.984 26097 26220 V threaded_app: New input event: type=2
11-16 12:34:38.001 26097 26220 V threaded_app: New input event: type=2
11-16 12:34:38.006 26097 26220 V threaded_app: New input event: type=2
11-16 12:34:38.426 26097 26220 V threaded_app: New input event: type=2
11-16 12:34:38.540 26097 26220 V threaded_app: New input event: type=2
11-16 12:34:38.745 26097 26332 I AudioManager: In isBluetoothScoOn(), calling
application: com.topten.loader
11-16 12:34:40.089 26097 26332 I AudioManager: In isBluetoothScoOn(), calling
application: com.topten.loader
11-16 12:34:40.826 26097 26220 V threaded_app: New input event: type=2
11-16 12:34:40.923 26097 26220 V threaded_app: New input event: type=2
11-16 12:34:41.308 25780 25780 W pool-2-thread-1: type=1400 audit(0.0:388675): avc:
granted { nlmsg_readpriv } for scontext=u:r:untrusted_app_29:s0:c10,c258,c512,c768
tcontext=u:r:untrusted_app_29:s0:c10,c258,c512,c768 tclass=netlink_route_socket
app=com.topten.loader
11-16 12:34:41.434 26097 26332 I AudioManager: In isBluetoothScoOn(), calling
application: com.topten.loader
11-16 12:34:41.507 26097 26220 V threaded_app: New input event: type=2
11-16 12:34:41.575 26097 26220 V threaded_app: New input event: type=2
11-16 12:34:41.607 26097 26220 V threaded_app: New input event: type=2
11-16 12:34:41.635 26097 26220 V threaded_app: New input event: type=2
11-16 12:34:41.652 26097 26220 V threaded_app: New input event: type=2
11-16 12:34:41.668 26097 26220 V threaded_app: New input event: type=2
11-16 12:34:41.685 26097 26220 V threaded_app: New input event: type=2
11-16 12:34:41.701 26097 26220 V threaded_app: New input event: type=2
11-16 12:34:41.719 26097 26220 V threaded_app: New input event: type=2
11-16 12:34:41.735 26097 26220 V threaded_app: New input event: type=2
11-16 12:34:41.751 26097 26220 V threaded_app: New input event: type=2
11-16 12:34:41.769 26097 26220 V threaded_app: New input event: type=2
11-16 12:34:41.786 26097 26220 V threaded_app: New input event: type=2
11-16 12:34:41.802 26097 26220 V threaded_app: New input event: type=2
11-16 12:34:41.818 26097 26220 V threaded_app: New input event: type=2
11-16 12:34:41.835 26097 26220 V threaded_app: New input event: type=2
11-16 12:34:41.852 26097 26220 V threaded_app: New input event: type=2
11-16 12:34:41.868 26097 26220 V threaded_app: New input event: type=2
11-16 12:34:41.873 26097 26220 V threaded_app: New input event: type=2
11-16 12:34:41.873 26097 26220 V threaded_app: New input event: type=2
11-16 12:34:41.885 26097 26220 V threaded_app: New input event: type=2
11-16 12:34:41.902 26097 26220 V threaded_app: New input event: type=2
11-16 12:34:41.918 26097 26220 V threaded_app: New input event: type=2
11-16 12:34:41.935 26097 26220 V threaded_app: New input event: type=2
11-16 12:34:41.953 26097 26220 V threaded_app: New input event: type=2
11-16 12:34:41.969 26097 26220 V threaded_app: New input event: type=2
11-16 12:34:41.985 26097 26220 V threaded_app: New input event: type=2
11-16 12:34:42.003 26097 26220 V threaded_app: New input event: type=2
11-16 12:34:42.018 26097 26220 V threaded_app: New input event: type=2
11-16 12:34:42.051 26097 26220 V threaded_app: New input event: type=2
11-16 12:34:42.055 26097 26220 V threaded_app: New input event: type=2
11-16 12:34:42.055 26097 26220 V threaded_app: New input event: type=2
11-16 12:34:42.206 26097 26220 V threaded_app: New input event: type=2
11-16 12:34:42.240 26097 26220 V threaded_app: New input event: type=2
11-16 12:34:42.268 26097 26220 V threaded_app: New input event: type=2
11-16 12:34:42.284 26097 26220 V threaded_app: New input event: type=2
11-16 12:34:42.301 26097 26220 V threaded_app: New input event: type=2
11-16 12:34:42.318 26097 26220 V threaded_app: New input event: type=2
11-16 12:34:42.334 26097 26220 V threaded_app: New input event: type=2
11-16 12:34:42.353 26097 26220 V threaded_app: New input event: type=2
11-16 12:34:42.369 26097 26220 V threaded_app: New input event: type=2
11-16 12:34:42.384 26097 26220 V threaded_app: New input event: type=2
11-16 12:34:42.404 26097 26220 V threaded_app: New input event: type=2
11-16 12:34:42.417 26097 26220 V threaded_app: New input event: type=2
11-16 12:34:42.435 26097 26220 V threaded_app: New input event: type=2
11-16 12:34:42.451 26097 26220 V threaded_app: New input event: type=2
11-16 12:34:42.469 26097 26220 V threaded_app: New input event: type=2
11-16 12:34:42.484 26097 26220 V threaded_app: New input event: type=2
11-16 12:34:42.501 26097 26220 V threaded_app: New input event: type=2
11-16 12:34:42.518 26097 26220 V threaded_app: New input event: type=2
11-16 12:34:42.535 26097 26220 V threaded_app: New input event: type=2
11-16 12:34:42.552 26097 26220 V threaded_app: New input event: type=2
11-16 12:34:42.568 26097 26220 V threaded_app: New input event: type=2
11-16 12:34:42.586 26097 26220 V threaded_app: New input event: type=2
11-16 12:34:42.602 26097 26220 V threaded_app: New input event: type=2
11-16 12:34:42.618 26097 26220 V threaded_app: New input event: type=2
11-16 12:34:42.635 26097 26220 V threaded_app: New input event: type=2
11-16 12:34:42.651 26097 26220 V threaded_app: New input event: type=2
11-16 12:34:42.668 26097 26220 V threaded_app: New input event: type=2
11-16 12:34:42.684 26097 26220 V threaded_app: New input event: type=2
11-16 12:34:42.701 26097 26220 V threaded_app: New input event: type=2
11-16 12:34:42.718 26097 26220 V threaded_app: New input event: type=2
11-16 12:34:42.734 26097 26220 V threaded_app: New input event: type=2
11-16 12:34:42.751 26097 26220 V threaded_app: New input event: type=2
11-16 12:34:42.768 26097 26220 V threaded_app: New input event: type=2
11-16 12:34:42.778 26097 26332 I AudioManager: In isBluetoothScoOn(), calling
application: com.topten.loader
11-16 12:34:42.784 26097 26220 V threaded_app: New input event: type=2
11-16 12:34:42.801 26097 26220 V threaded_app: New input event: type=2
11-16 12:34:42.819 26097 26220 V threaded_app: New input event: type=2
11-16 12:34:42.825 26097 26220 V threaded_app: New input event: type=2
11-16 12:34:42.825 26097 26220 V threaded_app: New input event: type=2
11-16 12:34:42.835 26097 26220 V threaded_app: New input event: type=2
11-16 12:34:42.851 26097 26220 V threaded_app: New input event: type=2
11-16 12:34:42.868 26097 26220 V threaded_app: New input event: type=2
11-16 12:34:42.885 26097 26220 V threaded_app: New input event: type=2
11-16 12:34:42.902 26097 26220 V threaded_app: New input event: type=2
11-16 12:34:42.918 26097 26220 V threaded_app: New input event: type=2
11-16 12:34:42.935 26097 26220 V threaded_app: New input event: type=2
11-16 12:34:42.951 26097 26220 V threaded_app: New input event: type=2
11-16 12:34:42.968 26097 26220 V threaded_app: New input event: type=2
11-16 12:34:42.984 26097 26220 V threaded_app: New input event: type=2
11-16 12:34:43.001 26097 26220 V threaded_app: New input event: type=2
11-16 12:34:43.018 26097 26220 V threaded_app: New input event: type=2
11-16 12:34:43.036 26097 26220 V threaded_app: New input event: type=2
11-16 12:34:43.051 26097 26220 V threaded_app: New input event: type=2
11-16 12:34:43.068 26097 26220 V threaded_app: New input event: type=2
11-16 12:34:43.085 26097 26220 V threaded_app: New input event: type=2
11-16 12:34:43.101 26097 26220 V threaded_app: New input event: type=2
11-16 12:34:43.118 26097 26220 V threaded_app: New input event: type=2
11-16 12:34:43.125 26097 26220 V threaded_app: New input event: type=2
11-16 12:34:43.125 26097 26220 V threaded_app: New input event: type=2
11-16 12:34:43.135 26097 26220 V threaded_app: New input event: type=2
11-16 12:34:43.151 26097 26220 V threaded_app: New input event: type=2
11-16 12:34:43.168 26097 26220 V threaded_app: New input event: type=2
11-16 12:34:43.184 26097 26220 V threaded_app: New input event: type=2
11-16 12:34:43.201 26097 26220 V threaded_app: New input event: type=2
11-16 12:34:43.219 26097 26220 V threaded_app: New input event: type=2
11-16 12:34:43.235 26097 26220 V threaded_app: New input event: type=2
11-16 12:34:43.252 26097 26220 V threaded_app: New input event: type=2
11-16 12:34:43.268 26097 26220 V threaded_app: New input event: type=2
11-16 12:34:43.285 26097 26220 V threaded_app: New input event: type=2
11-16 12:34:43.303 26097 26220 V threaded_app: New input event: type=2
11-16 12:34:43.318 26097 26220 V threaded_app: New input event: type=2
11-16 12:34:43.334 26097 26220 V threaded_app: New input event: type=2
11-16 12:34:43.351 26097 26220 V threaded_app: New input event: type=2
11-16 12:34:43.368 26097 26220 V threaded_app: New input event: type=2
11-16 12:34:43.385 26097 26220 V threaded_app: New input event: type=2
11-16 12:34:43.401 26097 26220 V threaded_app: New input event: type=2
11-16 12:34:43.418 26097 26220 V threaded_app: New input event: type=2
11-16 12:34:43.435 26097 26220 V threaded_app: New input event: type=2
11-16 12:34:43.451 26097 26220 V threaded_app: New input event: type=2
11-16 12:34:43.468 26097 26220 V threaded_app: New input event: type=2
11-16 12:34:43.485 26097 26220 V threaded_app: New input event: type=2
11-16 12:34:43.490 26097 26220 V threaded_app: New input event: type=2
11-16 12:34:43.490 26097 26220 V threaded_app: New input event: type=2
11-16 12:34:43.501 26097 26220 V threaded_app: New input event: type=2
11-16 12:34:43.585 26097 26220 V threaded_app: New input event: type=2
11-16 12:34:43.618 26097 26220 V threaded_app: New input event: type=2
11-16 12:34:43.651 26097 26220 V threaded_app: New input event: type=2
11-16 12:34:43.674 26097 26220 V threaded_app: New input event: type=2
11-16 12:34:43.674 26097 26220 V threaded_app: New input event: type=2
11-16 12:34:43.701 26097 26220 V threaded_app: New input event: type=2
11-16 12:34:43.768 26097 26220 V threaded_app: New input event: type=2
11-16 12:34:43.786 26097 26220 V threaded_app: New input event: type=2
11-16 12:34:43.801 26097 26220 V threaded_app: New input event: type=2
11-16 12:34:43.818 26097 26220 V threaded_app: New input event: type=2
11-16 12:34:43.835 26097 26220 V threaded_app: New input event: type=2
11-16 12:34:43.851 26097 26220 V threaded_app: New input event: type=2
11-16 12:34:43.868 26097 26220 V threaded_app: New input event: type=2
11-16 12:34:43.885 26097 26220 V threaded_app: New input event: type=2
11-16 12:34:43.901 26097 26220 V threaded_app: New input event: type=2
11-16 12:34:43.918 26097 26220 V threaded_app: New input event: type=2
11-16 12:34:43.934 26097 26220 V threaded_app: New input event: type=2
11-16 12:34:43.952 26097 26220 V threaded_app: New input event: type=2
11-16 12:34:43.969 26097 26220 V threaded_app: New input event: type=2
11-16 12:34:43.985 26097 26220 V threaded_app: New input event: type=2
11-16 12:34:44.002 26097 26220 V threaded_app: New input event: type=2
11-16 12:34:44.007 26097 26220 V threaded_app: New input event: type=2
11-16 12:34:44.008 26097 26220 V threaded_app: New input event: type=2
11-16 12:34:44.035 26097 26220 V threaded_app: New input event: type=2
11-16 12:34:44.068 26097 26220 V threaded_app: New input event: type=2
11-16 12:34:44.086 26097 26220 V threaded_app: New input event: type=2
11-16 12:34:44.119 26097 26220 V threaded_app: New input event: type=2
11-16 12:34:44.121 26097 26332 I AudioManager: In isBluetoothScoOn(), calling
application: com.topten.loader
11-16 12:34:44.135 26097 26220 V threaded_app: New input event: type=2
11-16 12:34:44.168 26097 26220 V threaded_app: New input event: type=2
