05-05 22:17:02.889 16149 16149 D CompatibilityChangeReporter: Compat change id reported: 183155436; UID 10202; state: ENABLED
05-05 22:17:02.923 16149 16149 D SessionsDependencies: Dependency to CRASHLYTICS added.
05-05 22:17:02.944 16149 16149 I FirebaseApp: Device unlocked: initializing all Firebase APIs for app [DEFAULT]
05-05 22:17:03.122 16149 16149 D FirebaseSessions: Initializing Firebase Sessions SDK.
05-05 22:17:03.126 16149 16149 I FirebaseCrashlytics: Initializing Firebase Crashlytics 18.6.2 for com.hello.miheapp.secretspace
05-05 22:17:03.175 16149 16149 D SessionsDependencies: Subscriber CRASHLYTICS registered.
05-05 22:17:03.194 16149 16191 E ActivityThread: Failed to find provider info for com.google.android.gms.chimera
05-05 22:17:03.194 16149 16191 W DynamiteModule: Failed to retrieve remote module version.
05-05 22:17:03.206 16149 16191 D nativeloader: Configuring clns-6 for other apk /system/framework/com.android.location.provider.jar. target_sdk_version=29, uses_libraries=ALL, library_path=/data/user/0/com.hello.miheapp.secretspace/sandbox/data/app/ com.google.android.gms/lib:/data/user/0/com.hello.miheapp.secretspace/sandbox/ data/app/com.google.android.gms/base.apk!/lib/arm64-v8a, permitted_path=/data:/mnt/expand:/data/user/0/com.hello.miheapp.secretspace/ sandbox/data/user/0/com.google.android.gms
05-05 22:17:03.213 16149 16191 D nativeloader: Configuring clns-7 for other apk /data/user/0/com.hello.miheapp.secretspace/sandbox/data/app/com.google.android.gms/ base.apk. target_sdk_version=29, uses_libraries=, library_path=/data/user/0/com.hello.miheapp.secretspace/sandbox/data/app/ com.google.android.gms/lib:/data/user/0/com.hello.miheapp.secretspace/sandbox/ data/app/com.google.android.gms/base.apk!/lib/arm64-v8a, permitted_path=/data:/mnt/expand:/data/user/0/com.hello.miheapp.secretspace/ sandbox/data/user/0/com.google.android.gms
05-05 22:17:03.216 16149 16191 W DynamiteModule: IDynamite loader version = 2, no high precision latency measurement.
05-05 22:17:03.217 16149 16191 I DynamiteModule: Considering local module com.google.android.gms.measurement.dynamite:100 and remote module com.google.android.gms.measurement.dynamite:98
05-05 22:17:03.217 16149 16191 I DynamiteModule: Selected local version of com.google.android.gms.measurement.dynamite
05-05 22:17:03.227 16149 16191 W DynamiteModule: IDynamite loader version = 2, no high precision latency measurement.
05-05 22:17:03.317 16149 16149 I FirebaseApp: FirebaseApp initialization successful
05-05 22:17:03.319 16149 16192 D LifecycleServiceBinder: Binding service to application.
05-05 22:17:03.333 16149 16193 I FirebaseCrashlytics: No version control information found
05-05 22:17:03.348 16149 16149 W CheckTime: App running slow: Executing handleBindApplication : callApplicationOnCreate took 588ms
05-05 22:17:03.363 16149 16202 I FA : App measurement initialized, version: 84002
05-05 22:17:03.363 16149 16202 I FA : To enable debug logging run: adb shell setprop log.tag.FA VERBOSE
05-05 22:17:03.363 16149 16202 I FA : To enable faster debug mode event logging run:
05-05 22:17:03.363 16149 16202 I FA : adb shell setprop debug.firebase.analytics.app com.hello.miheapp.secretspace
05-05 22:17:03.376 16149 16149 D nativeloader: Load /data/app/~~Tpyr0WMEgNxWZIHS2R81Zg==/com.hello.miheapp.secretspace- PTMVJuPpnuiObgseG0OLaQ==/split_config.arm64_v8a.apk!/lib/arm64-v8a/libsandbox.so using ns clns-5 from class loader (caller=/data/app/~~Tpyr0WMEgNxWZIHS2R81Zg==/com.hello.miheapp.secretspace- PTMVJuPpnuiObgseG0OLaQ==/base.apk): ok
05-05 22:17:03.376 16149 16149 D NativeCore: NativeCore init.
05-05 22:17:03.377 16149 16149 D NativeCore: found art method entrypoint jni offset: 2
05-05 22:17:03.377 16149 16149 D NativeCore: not found art method match access flags offset , use default: 4
05-05 22:17:03.382 16149 16202 D CompatibilityChangeReporter: Compat change id reported: 183155436; UID 10202; state: ENABLED
05-05 22:17:03.396 16149 16202 W FA : Table has extra columns. table, columns: messages, app_version, app_version_int
05-05 22:17:03.434 16149 16149 E NativeCore: not native method
05-05 22:17:03.434 16149 16149 E NativeCore: check flags error. class:java/io/UnixFileSystem, method:canonicalize0
05-05 22:17:03.434 16149 16149 D NativeCore: register class:java/io/UnixFileSystem, method:getBooleanAttributes0 success!
05-05 22:17:03.434 16149 16149 D NativeCore: register class:java/io/UnixFileSystem, method:getLastModifiedTime0 success!
05-05 22:17:03.434 16149 16149 D NativeCore: register class:java/io/UnixFileSystem, method:setPermission0 success!
05-05 22:17:03.434 16149 16149 D NativeCore: register class:java/io/UnixFileSystem, method:createFileExclusively0 success!
05-05 22:17:03.434 16149 16149 D NativeCore: register class:java/io/UnixFileSystem, method:list0 success!
05-05 22:17:03.434 16149 16149 D NativeCore: register class:java/io/UnixFileSystem, method:createDirectory0 success!
05-05 22:17:03.434 16149 16149 D NativeCore: register class:java/io/UnixFileSystem, method:setLastModifiedTime0 success!
05-05 22:17:03.434 16149 16149 D NativeCore: register class:java/io/UnixFileSystem, method:setReadOnly0 success!
05-05 22:17:03.434 16149 16149 D NativeCore: register class:java/io/UnixFileSystem, method:getSpace0 success!
05-05 22:17:03.434 16149 16149 D NativeCore: register class:java/lang/VMClassLoader, method:findLoadedClass success!
05-05 22:17:03.434 16149 16149 D NativeCore: register class:android/os/Binder, method:getCallingUid success!
05-05 22:17:03.434 16149 16149 D NativeCore: register class:dalvik/system/VMRuntime, method:setHiddenApiExemptions success!
05-05 22:17:03.450 16149 16149 W .secretspace:p2: ClassLoaderContext shared library size mismatch. Expected=0, found=1 (PCL[] | PCL[]{PCL[/system/framework/org.apache.http.legacy.jar*1236094901]})
05-05 22:17:03.453 16149 16149 D nativeloader: Configuring clns-8 for other apk /data/user/0/com.hello.miheapp.secretspace/sandbox/data/app/com.hidepppro.calculato r/base.apk. target_sdk_version=34, uses_libraries=, library_path=/data/user/0/com.hello.miheapp.secretspace/sandbox/data/app/ com.hidepppro.calculator/lib:/data/user/0/com.hello.miheapp.secretspace/sandbox/ data/app/com.hidepppro.calculator/base.apk!/lib/arm64-v8a, permitted_path=/data:/mnt/expand:/data/user/0/com.hello.miheapp.secretspace/ sandbox/data/user/0/com.hidepppro.calculator
05-05 22:17:03.469 16149 16149 W ppro.calculator: type=1400 audit(0.0:3815): avc: granted { execute } for path="/data/data/com.hello.miheapp.secretspace/sandbox/data/user/0/ com.hidepppro.calculator/files/libexec.so" dev="dm-44" ino=2162732 scontext=u:r:untrusted_app:s0:c202,c256,c512,c768 tcontext=u:object_r:app_data_file:s0:c202,c256,c512,c768 tclass=file app=com.hello.miheapp.secretspace
05-05 22:17:03.486 16149 16149 D nativeloader: Load /data/user/0/com.hello.miheapp.secretspace/sandbox/data/user/0/com.hidepppro.calcul ator/files/libexec.so using ns clns-8 from class loader (caller=/data/user/0/com.hello.miheapp.secretspace/sandbox/data/app/ com.hidepppro.calculator/base.apk): ok
05-05 22:17:03.485 16149 16149 W ppro.calculator: type=1400 audit(0.0:3816): avc: granted { execute } for path="/data/data/com.hello.miheapp.secretspace/sandbox/data/user/0/ com.hidepppro.calculator/files/libexecmain.so" dev="dm-44" ino=2162407 scontext=u:r:untrusted_app:s0:c202,c256,c512,c768 tcontext=u:object_r:app_data_file:s0:c202,c256,c512,c768 tclass=file app=com.hello.miheapp.secretspace
05-05 22:17:03.493 16149 16149 D nativeloader: Load /data/user/0/com.hello.miheapp.secretspace/sandbox/data/user/0/com.hidepppro.calcul ator/files/libexecmain.so using ns clns-8 from class loader (caller=/data/user/0/com.hello.miheapp.secretspace/sandbox/data/app/ com.hidepppro.calculator/base.apk): ok
05-05 22:17:03.517 16149 16149 W ppro.calculator: type=1400 audit(0.0:3817): avc: denied { execmod } for path="/system/lib64/liblog.so" dev="dm-10" ino=28727786 scontext=u:r:untrusted_app:s0:c202,c256,c512,c768 tcontext=u:object_r:system_lib_file:s0 tclass=file permissive=0 app=com.hello.miheapp.secretspace
05-05 22:17:03.617 16149 16149 W ppro.calculator: type=1400 audit(0.0:3818): avc: denied { execmod } for path="/apex/com.android.runtime/bin/linker64" dev="loop28" ino=16 scontext=u:r:untrusted_app:s0:c202,c256,c512,c768 tcontext=u:object_r:system_linker_exec:s0 tclass=file permissive=0 app=com.hello.miheapp.secretspace
05-05 22:17:04.361 16149 16149 W ppro.calculator: type=1400 audit(0.0:3819): avc: granted { execute } for path="/data/data/com.hello.miheapp.secretspace/sandbox/data/app/com.hidepppro.calcu lator/lib/libijm-emulator.so" dev="dm-44" ino=2144503 scontext=u:r:untrusted_app:s0:c202,c256,c512,c768 tcontext=u:object_r:app_data_file:s0:c202,c256,c512,c768 tclass=file app=com.hello.miheapp.secretspace
05-05 22:17:04.429 15428 15498 D MeasurementService: bound by: GetServiceRequest{serviceId=MEASUREMENT, gmsVersion=12451000, packageName='com.hello.miheapp.secretspace', extras=Bundle[{}]}
05-05 22:17:04.434 15428 15498 D SafeParcel: Unknown field id 34 in com.google.android.gms.measurement.internal.AppMetadata, skipping.
05-05 22:17:04.434 15428 15498 D SafeParcel: Unknown field id 35 in com.google.android.gms.measurement.internal.AppMetadata, skipping.
05-05 22:17:04.434 15428 15498 D MeasurementService: sendAppLaunch() for AppMetadata[com.hello.miheapp.secretspace]
05-05 22:17:04.463 15428 16101 D SafeParcel: Unknown field id 34 in com.google.android.gms.measurement.internal.AppMetadata, skipping.
05-05 22:17:04.463 15428 16101 D SafeParcel: Unknown field id 35 in com.google.android.gms.measurement.internal.AppMetadata, skipping.
05-05 22:17:04.463 15428 16101 D MeasurementService: getAppInstanceId() for AppMetadata[com.hello.miheapp.secretspace]
05-05 22:17:04.465 15428 16101 D SafeParcel: Unknown field id 34 in com.google.android.gms.measurement.internal.AppMetadata, skipping.
05-05 22:17:04.465 15428 16101 D SafeParcel: Unknown field id 35 in com.google.android.gms.measurement.internal.AppMetadata, skipping.
05-05 22:17:04.465 15428 16101 D MeasurementService: sendDefaultEventParameters(Bundle[EMPTY_PARCEL]) for AppMetadata[com.hello.miheapp.secretspace]
05-05 22:17:04.985 14472 14528 I TRuntime.CctTransportBackend: Status Code: 200
05-05 22:17:07.886 14472 15317 I MATDBManager: sqllite db insert success! insert row id:47
05-05 22:17:07.887 14472 15317 I MATDBManager: sqllite db capacity:1
05-05 22:17:07.907 14472 14472 D VRI[HomeAct]: performTraversals relayoutWindow: maybeSyncSeqId=-1 ,mSyncSeqId=0 ,relayoutResult=3
05-05 22:17:07.913 14472 16229 I gralloc4: register: id=29e00001b5d, vaddr=0x73aa038000
05-05 22:17:07.917 14472 16229 I gralloc4: register: id=29e00001b5e, vaddr=0x73a9ab3000
05-05 22:17:07.922 14472 16229 I gralloc4: register: id=29e00001b5f, vaddr=0x73a852e000
05-05 22:17:07.924 14472 14909 W Parcel : Expecting binder but got null!
05-05 22:17:08.208 14472 15423 I gralloc4: unregister: id=29e00001b5b, vaddr=0x73a9038000
05-05 22:17:08.224 14472 15423 I gralloc4: unregister: id=29e00001b5a, vaddr=0x74d72b4000
05-05 22:17:08.225 14472 15423 I gralloc4: unregister: id=29e00001b5c, vaddr=0x73a8ab3000
05-05 22:17:19.482 16149 16149 E .secretspace:p2: Failed to open APK '/data/resource-cache/com.android.systemui-neutral-Eg8J.frro': Invalid file
05-05 22:17:19.483 16149 16149 E .secretspace:p2: Failed to open APK '/data/resource-cache/com.android.systemui-accent-4QNn.frro': Invalid file
05-05 22:17:19.504 16149 16149 W .secretspace:p2: Entry not found
05-05 22:17:19.612 16149 16263 E chromium: [0505/221719.609721:ERROR:variations_seed_loader.cc(39)] Seed missing signature.
05-05 22:17:19.613 16149 16263 I chromium: [0505/221719.613689:INFO:variations_seed_loader.cc(67)] Failed to open file for reading.: No such file or directory (2)
05-05 22:17:19.688 15428 15428 D GmsSafetyNet: onBind: Intent { act=com.google.android.gms.safetynet.service.START pkg=com.google.android.gms }
05-05 22:17:19.800 16149 16269 W chromium: [WARNING:dns_config_service_android.cc(69)] Failed to read DnsConfig.
05-05 22:17:19.836 16149 16267 E ActivityThread: Failed to find provider info for com.google.android.gms.chimera
05-05 22:17:19.863 15428 15428 D UsageReportingService: onBind: Intent { act=com.google.android.gms.usagereporting.service.START pkg=com.google.android.gms }
05-05 22:17:19.976 16149 16269 E cr_AwSupervisedUserDel: Unable to determine if restricted content blocking is required. Exception: com.google.android.gms.common.api.ApiException: 17: API: SafeBrowsing.API is not available on this device. Connection failed with: ConnectionResult{statusCode=API_UNAVAILABLE, resolution=null, message=null}
05-05 22:17:19.977 15428 16251 D GmsSafetyNet: bound by: GetServiceRequest{serviceId=SAFETY_NET_CLIENT, gmsVersion=251030000, packageName='com.hidepppro.calculator', extras=Bundle[{}]}
05-05 22:17:19.983 15428 16251 D GmsSafetyNet: dummy: isVerifyAppsEnabled
05-05 22:17:19.987 15428 16101 D UsageReportingService: bound by: GetServiceRequest{serviceId=USAGE_REPORTING, gmsVersion=251030000, packageName='com.hidepppro.calculator', extras=Bundle[{}]}
05-05 22:17:26.683 14472 14505 D SessionLifecycleClient: Sending lifecycle 2 to service
05-05 22:17:26.683 14472 14955 D SessionLifecycleService: Activity backgrounding at 9590223
05-05 22:17:26.702 14472 15317 I MATDBManager: sqllite db insert success! insert row id:48
05-05 22:17:26.703 14472 15317 I MATDBManager: sqllite db capacity:2
05-05 22:17:26.997 14472 15423 I gralloc4: unregister: id=29e00001b5f, vaddr=0x73a852e000
05-05 22:17:27.017 14472 15423 I gralloc4: unregister: id=29e00001b5e, vaddr=0x73a9ab3000
05-05 22:17:27.017 14472 15423 I gralloc4: unregister: id=29e00001b5d, vaddr=0x73aa038000
05-05 22:17:28.718 14472 14508 I FA : Application backgrounded at: timestamp_millis: 1746462746717
05-05 22:17:29.736 14472 14499 D SessionLifecycleClient: Sending lifecycle 1 to service
05-05 22:17:29.736 14472 14955 D SessionLifecycleService: Activity foregrounding at 9593276.
05-05 22:17:29.742 14472 15317 I MATDBManager: sqllite db insert success! insert row id:49
05-05 22:17:29.742 14472 15317 I MATDBManager: sqllite db capacity:1
05-05 22:17:29.754 14472 15317 I MATDBManager: sqllite db insert success! insert row id:50
05-05 22:17:29.756 14472 15317 I MATDBManager: sqllite db capacity:2
05-05 22:17:29.765 14472 14472 D VRI[HomeAct]: performTraversals relayoutWindow: maybeSyncSeqId=-1 ,mSyncSeqId=0 ,relayoutResult=0
05-05 22:17:29.878 14584 16341 I Process : Sending signal. PID: 15854 SIG: 9
05-05 22:17:29.883 14584 14606 I Process : Sending signal. PID: 15942 SIG: 9
05-05 22:17:30.639 14472 14477 W app.secretspace: Cleared Reference was only reachable from finalizer (only reported once)
05-05 22:17:30.726 14472 14477 I app.secretspace: Background concurrent mark compact GC freed 26MB AllocSpace bytes, 94(8852KB) LOS objects, 66% free, 14MB/43MB, paused 967us,1.677ms total 142.101ms
05-05 22:17:31.431 14472 14472 E AtomicFile: Failed to rename /data/user/0/com.hello.miheapp.secretspace/sandbox/data/app/com.google.android.gms/ package.conf.new to /data/user/0/com.hello.miheapp.secretspace/sandbox/data/app/com.google.android.gms/ package.conf
05-05 22:17:31.518 14472 15317 I MATDBManager: sqllite db insert success! insert row id:51
05-05 22:17:31.519 14472 15317 I MATDBManager: sqllite db capacity:3
05-05 22:17:31.537 14472 15317 I MATDBManager: sqllite db insert success! insert row id:52
05-05 22:17:31.537 14472 15317 I MATDBManager: sqllite db capacity:4
05-05 22:17:31.828 14584 14584 E AtomicFile: Failed to rename /data/user/0/com.hello.miheapp.secretspace/sandbox/data/app/com.hidepppro.calculato r/package.conf.new to /data/user/0/com.hello.miheapp.secretspace/sandbox/data/app/com.hidepppro.calculato r/package.conf
05-05 22:17:32.573 14472 14501 D SessionLifecycleClient: Sending lifecycle 2 to service
05-05 22:17:32.573 14472 14955 D SessionLifecycleService: Activity backgrounding at 9596113
05-05 22:17:32.576 14472 15317 I MATDBManager: sqllite db insert success! insert row id:53
05-05 22:17:32.577 14472 15317 I MATDBManager: sqllite db capacity:5
05-05 22:17:33.065 14472 14909 I gralloc4: unregister: id=29e00001b4d, vaddr=0x74e665f000
05-05 22:17:33.066 14472 14909 I gralloc4: unregister: id=29e00001b4e, vaddr=0x74d919c000
05-05 22:17:33.088 14472 14472 D VRI[HomeAct]: performTraversals relayoutWindow: maybeSyncSeqId=-1 ,mSyncSeqId=0 ,relayoutResult=2
05-05 22:17:33.089 14472 14472 I gralloc4: unregister: id=29e00001b4f, vaddr=0x74d7839000
05-05 22:17:33.119 14472 14472 D VRI[HomeAct]: performTraversals relayoutWindow: maybeSyncSeqId=-1 ,mSyncSeqId=0 ,relayoutResult=2
05-05 22:17:33.550 14584 15880 I Process : Sending signal. PID: 15428 SIG: 9
05-05 22:17:34.648 14472 14508 I FA : Application backgrounded at: timestamp_millis: 1746462752646
05-05 22:17:35.073 14472 14501 D SessionLifecycleClient: Sending lifecycle 1 to service
05-05 22:17:35.075 14472 14955 D SessionLifecycleService: Activity foregrounding at 9598614.
05-05 22:17:35.082 14472 15317 I MATDBManager: sqllite db insert success! insert row id:54
05-05 22:17:35.082 14472 15317 I MATDBManager: sqllite db capacity:1
05-05 22:17:35.094 14472 15317 I MATDBManager: sqllite db insert success! insert row id:55
05-05 22:17:35.094 14472 15317 I MATDBManager: sqllite db capacity:2
05-05 22:17:35.099 14472 14472 D VRI[HomeAct]: performTraversals relayoutWindow: maybeSyncSeqId=-1 ,mSyncSeqId=0 ,relayoutResult=3
05-05 22:17:35.105 14472 16815 I gralloc4: register: id=29e00001b72, vaddr=0x74e665f000
05-05 22:17:35.110 14472 16815 I gralloc4: register: id=29e00001b73, vaddr=0x74d919c000
05-05 22:17:35.115 14472 16815 I gralloc4: register: id=29e00001b74, vaddr=0x74d7839000
05-05 22:17:35.136 14472 14503 D SessionLifecycleClient: Sending lifecycle 2 to service
05-05 22:17:35.136 14472 14955 D SessionLifecycleService: Activity backgrounding at 9598676
05-05 22:17:35.137 14472 15317 I MATDBManager: sqllite db insert success! insert row id:56
05-05 22:17:35.137 14472 15317 I MATDBManager: sqllite db capacity:3
05-05 22:17:35.351 14472 14501 D SessionLifecycleClient: Sending lifecycle 1 to service
05-05 22:17:35.351 14472 14955 D SessionLifecycleService: Activity foregrounding at 9598890.
05-05 22:17:35.407 14472 14472 D VRI[AppLockActivity]: performTraversals relayoutWindow: maybeSyncSeqId=-1 ,mSyncSeqId=0 ,relayoutResult=3
05-05 22:17:35.414 14472 16836 I gralloc4: register: id=29e00001b75, vaddr=0x74d73c2000
05-05 22:17:35.421 14472 16836 I gralloc4: register: id=29e00001b76, vaddr=0x7450669000
05-05 22:17:35.426 14472 16836 I gralloc4: register: id=29e00001b77, vaddr=0x74501f2000
05-05 22:17:35.438 14472 14909 W Parcel : Expecting binder but got null!
05-05 22:17:35.582 14472 14472 D VRI[PopupWindow:849eab5]: performTraversals relayoutWindow: maybeSyncSeqId=-1 ,mSyncSeqId=0 ,relayoutResult=3
05-05 22:17:35.585 14472 16848 I gralloc4: register: id=29e00001b78, vaddr=0x74e6f12000
05-05 22:17:35.586 14472 16848 I gralloc4: register: id=29e00001b79, vaddr=0x74e6eb8000
05-05 22:17:35.587 14472 16848 I gralloc4: register: id=29e00001b7a, vaddr=0x74e6e5e000
05-05 22:17:35.590 14472 14909 W Parcel : Expecting binder but got null!
05-05 22:17:35.905 14472 14909 I gralloc4: unregister: id=29e00001b72, vaddr=0x74e665f000
05-05 22:17:35.906 14472 14909 I gralloc4: unregister: id=29e00001b73, vaddr=0x74d919c000
05-05 22:17:35.906 14472 14909 I gralloc4: unregister: id=29e00001b74, vaddr=0x74d7839000
05-05 22:17:35.911 14472 14472 D VRI[HomeAct]: performTraversals relayoutWindow: maybeSyncSeqId=-1 ,mSyncSeqId=0 ,relayoutResult=2
05-05 22:17:36.719 14472 14472 D VRI[HomeAct]: performTraversals relayoutWindow: maybeSyncSeqId=-1 ,mSyncSeqId=0 ,relayoutResult=0
05-05 22:17:44.096 14472 14499 D SessionLifecycleClient: Sending lifecycle 2 to service
05-05 22:17:44.097 14472 14955 D SessionLifecycleService: Activity backgrounding at 9607636
05-05 22:17:44.456 14472 14909 I gralloc4: unregister: id=29e00001b79, vaddr=0x74e6eb8000
05-05 22:17:44.456 14472 14909 I gralloc4: unregister: id=29e00001b7a, vaddr=0x74e6e5e000
05-05 22:17:44.462 14472 14472 D VRI[PopupWindow:849eab5]: performTraversals relayoutWindow: maybeSyncSeqId=-1 ,mSyncSeqId=0 ,relayoutResult=2
05-05 22:17:44.463 14472 14472 I gralloc4: unregister: id=29e00001b78, vaddr=0x74e6f12000
05-05 22:17:44.481 14472 14909 I gralloc4: unregister: id=29e00001b75, vaddr=0x74d73c2000
05-05 22:17:44.481 14472 14909 I gralloc4: unregister: id=29e00001b77, vaddr=0x74501f2000
05-05 22:17:44.481 14472 14909 I gralloc4: unregister: id=29e00001b76, vaddr=0x7450669000
05-05 22:17:44.486 14472 14472 D VRI[AppLockActivity]: performTraversals relayoutWindow: maybeSyncSeqId=-1 ,mSyncSeqId=0 ,relayoutResult=2
05-05 22:17:45.477 14472 14472 E WindowManager: android.view.WindowLeaked: Activity com.hello.sandbox.ui.lock.AppLockActivity has leaked window android.widget.PopupWindow$PopupDecorView{778b155 V.E...... R......D 0,0-616,143} that was originally added here
05-05 22:17:45.477 14472 14472 E WindowManager: at android.view.ViewRootImpl.<init>(ViewRootImpl.java:915)
05-05 22:17:45.477 14472 14472 E WindowManager: at android.view.ViewRootImpl.<init>(ViewRootImpl.java:899)
05-05 22:17:45.477 14472 14472 E WindowManager: at android.view.UnisocViewRootImpl.<init>(UnisocViewRootImpl.java:31)
05-05 22:17:45.477 14472 14472 E WindowManager: at android.view.UnisocViewRootImplFactory.makeViewRootImpl(UnisocViewRootImplFactory.j ava:15)
05-05 22:17:45.477 14472 14472 E WindowManager: at android.view.WindowManagerGlobal.addView(WindowManagerGlobal.java:389)
05-05 22:17:45.477 14472 14472 E WindowManager: at android.view.WindowManagerImpl.addView(WindowManagerImpl.java:215)
05-05 22:17:45.477 14472 14472 E WindowManager: at android.widget.PopupWindow.invokePopup(PopupWindow.java:1581)
05-05 22:17:45.477 14472 14472 E WindowManager: at android.widget.PopupWindow.showAtLocation(PopupWindow.java:1347)
05-05 22:17:45.477 14472 14472 E WindowManager: at android.widget.PopupWindow.showAtLocation(PopupWindow.java:1313)
05-05 22:17:45.477 14472 14472 E WindowManager: at sh.i.k(SimplePushBubble.java:18)
05-05 22:17:45.477 14472 14472 E WindowManager: at sh.d.a(PushBubbleManager.java:24)
05-05 22:17:45.477 14472 14472 E WindowManager: at com.hello.sandbox.ui.lock.AppLockActivity.checkAndShowSecretTip(AppLockActivity.kt: 13)
05-05 22:17:45.477 14472 14472 E WindowManager: at com.hello.sandbox.ui.lock.AppLockActivity.onWindowFocusChanged(AppLockActivity.kt:3 )
05-05 22:17:45.477 14472 14472 E WindowManager: at i.i.onWindowFocusChanged(Unknown Source:2)
05-05 22:17:45.477 14472 14472 E WindowManager: at com.android.internal.policy.DecorView.onWindowFocusChanged(DecorView.java:1789)
05-05 22:17:45.477 14472 14472 E WindowManager: at android.view.View.dispatchWindowFocusChanged(View.java:15312)
05-05 22:17:45.477 14472 14472 E WindowManager: at android.view.ViewGroup.dispatchWindowFocusChanged(ViewGroup.java:1509)
05-05 22:17:45.477 14472 14472 E WindowManager: at android.view.ViewRootImpl.handleWindowFocusChanged(ViewRootImpl.java:3791)
05-05 22:17:45.477 14472 14472 E WindowManager: at android.view.ViewRootImpl.-$$Nest$mhandleWindowFocusChanged(Unknown Source:0)
05-05 22:17:45.477 14472 14472 E WindowManager: at android.view.ViewRootImpl$ViewRootHandler.handleMessageImpl(ViewRootImpl.java:5644)
05-05 22:17:45.477 14472 14472 E WindowManager: at android.view.ViewRootImpl$ViewRootHandler.handleMessage(ViewRootImpl.java:5558)
05-05 22:17:45.477 14472 14472 E WindowManager: at android.os.Handler.dispatchMessage(Handler.java:106)
05-05 22:17:45.477 14472 14472 E WindowManager: at android.os.Looper.loopOnce(Looper.java:201)
05-05 22:17:45.477 14472 14472 E WindowManager: at android.os.Looper.loop(Looper.java:288)
05-05 22:17:45.477 14472 14472 E WindowManager: at android.app.ActivityThread.main(ActivityThread.java:8061)
05-05 22:17:45.477 14472 14472 E WindowManager: at java.lang.reflect.Method.invoke(Native Method)
05-05 22:17:45.477 14472 14472 E WindowManager: at com.android.internal.os.RuntimeInit$MethodAndArgsCaller.run(RuntimeInit.java:703)
05-05 22:17:45.477 14472 14472 E WindowManager: at com.android.internal.os.ZygoteInit.main(ZygoteInit.java:923)
05-05 22:17:46.132 14472 14508 I FA : Application backgrounded at: timestamp_millis: 1746462764130
05-05 22:18:04.620 14472 14472 W System.err: android.content.pm.PackageManager$NameNotFoundException: com.android.permission.GET_INSTALLED_APPS
05-05 22:18:04.620 14472 14472 W System.err: at android.app.ApplicationPackageManager.getPermissionInfo(ApplicationPackageManager.j ava:432)
05-05 22:18:04.620 14472 14472 W System.err: at dc.d.c(GetInstalledAppsPermissionCompat.java:1)
05-05 22:18:04.620 14472 14472 W System.err: at dc.d.a(GetInstalledAppsPermissionCompat.java:1)
05-05 22:18:04.620 14472 14472 W System.err: at dc.m.b(PermissionDelegateImplV19.java:4)
05-05 22:18:04.620 14472 14472 W System.err: at dc.n.b(PermissionDelegateImplV21.java:3)
05-05 22:18:04.620 14472 14472 W System.err: at dc.o.b(PermissionDelegateImplV23.java:44)
05-05 22:18:04.620 14472 14472 W System.err: at dc.p.b(PermissionDelegateImplV26.java:7)
05-05 22:18:04.620 14472 14472 W System.err: at dc.q.b(PermissionDelegateImplV28.java:3)
05-05 22:18:04.620 14472 14472 W System.err: at dc.r.b(PermissionDelegateImplV29.java:9)
05-05 22:18:04.620 14472 14472 W System.err: at dc.s.b(PermissionDelegateImplV30.java:3)
05-05 22:18:04.620 14472 14472 W System.err: at dc.t.b(PermissionDelegateImplV31.java:6)
05-05 22:18:04.620 14472 14472 W System.err: at dc.u.b(PermissionDelegateImplV33.java:15)
05-05 22:18:04.620 14472 14472 W System.err: at dc.i.b(Unknown Source:2)
05-05 22:18:04.620 14472 14472 W System.err: at dc.i.c(PermissionApi.java:3)
05-05 22:18:04.620 14472 14472 W System.err: at dc.d0.a(XXPermissions.java:2)
05-05 22:18:04.620 14472 14472 W System.err: at com.hello.sandbox.ui.splash.SplashAct.onCreate(SplashAct.kt:4)
05-05 22:18:04.620 14472 14472 W System.err: at android.app.Activity.performCreate(Activity.java:8328)
05-05 22:18:04.620 14472 14472 W System.err: at android.app.Activity.performCreate(Activity.java:8307)
05-05 22:18:04.620 14472 14472 W System.err: at android.app.Instrumentation.callActivityOnCreate(Instrumentation.java:1384)
05-05 22:18:04.620 14472 14472 W System.err: at android.app.ActivityThread.performLaunchActivity(ActivityThread.java:3750)
05-05 22:18:04.620 14472 14472 W System.err: at android.app.ActivityThread.handleLaunchActivity(ActivityThread.java:3907)
05-05 22:18:04.620 14472 14472 W System.err: at android.app.servertransaction.LaunchActivityItem.execute(LaunchActivityItem.java:10 1)
05-05 22:18:04.620 14472 14472 W System.err: at android.app.servertransaction.TransactionExecutor.executeCallbacks(TransactionExecu tor.java:137)
05-05 22:18:04.620 14472 14472 W System.err: at android.app.servertransaction.TransactionExecutor.execute(TransactionExecutor.java: 97)
05-05 22:18:04.620 14472 14472 W System.err: at android.app.ActivityThread$H.handleMessage(ActivityThread.java:2393)
05-05 22:18:04.620 14472 14472 W System.err: at android.os.Handler.dispatchMessage(Handler.java:106)
05-05 22:18:04.620 14472 14472 W System.err: at android.os.Looper.loopOnce(Looper.java:201)
05-05 22:18:04.620 14472 14472 W System.err: at android.os.Looper.loop(Looper.java:288)
05-05 22:18:04.620 14472 14472 W System.err: at android.app.ActivityThread.main(ActivityThread.java:8061)
05-05 22:18:04.620 14472 14472 W System.err: at java.lang.reflect.Method.invoke(Native Method)
05-05 22:18:04.620 14472 14472 W System.err: at com.android.internal.os.RuntimeInit$MethodAndArgsCaller.run(RuntimeInit.java:703)
05-05 22:18:04.620 14472 14472 W System.err: at com.android.internal.os.ZygoteInit.main(ZygoteInit.java:923)
05-05 22:18:04.620 14472 14472 W System.err: android.provider.Settings$SettingNotFoundException: oem_installed_apps_runtime_permission_enable
05-05 22:18:04.621 14472 14472 W System.err: at android.provider.Settings.parseIntSetting(Settings.java:3533)
05-05 22:18:04.621 14472 14472 W System.err: at android.provider.Settings.-$ $Nest$smparseIntSetting(Unknown Source:0)
05-05 22:18:04.621 14472 14472 W System.err: at android.provider.Settings$Secure.getIntForUser(Settings.java:6450)
05-05 22:18:04.621 14472 14472 W System.err: at android.provider.Settings$Secure.getInt(Settings.java:6443)
05-05 22:18:04.621 14472 14472 W System.err: at dc.d.c(GetInstalledAppsPermissionCompat.java:6)
05-05 22:18:04.621 14472 14472 W System.err: at dc.d.a(GetInstalledAppsPermissionCompat.java:1)
05-05 22:18:04.621 14472 14472 W System.err: at dc.m.b(PermissionDelegateImplV19.java:4)
05-05 22:18:04.621 14472 14472 W System.err: at dc.n.b(PermissionDelegateImplV21.java:3)
05-05 22:18:04.621 14472 14472 W System.err: at dc.o.b(PermissionDelegateImplV23.java:44)
05-05 22:18:04.621 14472 14472 W System.err: at dc.p.b(PermissionDelegateImplV26.java:7)
05-05 22:18:04.621 14472 14472 W System.err: at dc.q.b(PermissionDelegateImplV28.java:3)
05-05 22:18:04.621 14472 14472 W System.err: at dc.r.b(PermissionDelegateImplV29.java:9)
05-05 22:18:04.621 14472 14472 W System.err: at dc.s.b(PermissionDelegateImplV30.java:3)
05-05 22:18:04.621 14472 14472 W System.err: at dc.t.b(PermissionDelegateImplV31.java:6)
05-05 22:18:04.621 14472 14472 W System.err: at dc.u.b(PermissionDelegateImplV33.java:15)
05-05 22:18:04.621 14472 14472 W System.err: at dc.i.b(Unknown Source:2)
05-05 22:18:04.621 14472 14472 W System.err: at dc.i.c(PermissionApi.java:3)
05-05 22:18:04.621 14472 14472 W System.err: at dc.d0.a(XXPermissions.java:2)
05-05 22:18:04.621 14472 14472 W System.err: at com.hello.sandbox.ui.splash.SplashAct.onCreate(SplashAct.kt:4)
05-05 22:18:04.621 14472 14472 W System.err: at android.app.Activity.performCreate(Activity.java:8328)
05-05 22:18:04.621 14472 14472 W System.err: at android.app.Activity.performCreate(Activity.java:8307)
05-05 22:18:04.621 14472 14472 W System.err: at android.app.Instrumentation.callActivityOnCreate(Instrumentation.java:1384)
05-05 22:18:04.621 14472 14472 W System.err: at android.app.ActivityThread.performLaunchActivity(ActivityThread.java:3750)
05-05 22:18:04.621 14472 14472 W System.err: at android.app.ActivityThread.handleLaunchActivity(ActivityThread.java:3907)
05-05 22:18:04.621 14472 14472 W System.err: at android.app.servertransaction.LaunchActivityItem.execute(LaunchActivityItem.java:10 1)
05-05 22:18:04.621 14472 14472 W System.err: at android.app.servertransaction.TransactionExecutor.executeCallbacks(TransactionExecu tor.java:137)
05-05 22:18:04.621 14472 14472 W System.err: at android.app.servertransaction.TransactionExecutor.execute(TransactionExecutor.java: 97)
05-05 22:18:04.621 14472 14472 W System.err: at android.app.ActivityThread$H.handleMessage(ActivityThread.java:2393)
05-05 22:18:04.621 14472 14472 W System.err: at android.os.Handler.dispatchMessage(Handler.java:106)
05-05 22:18:04.621 14472 14472 W System.err: at android.os.Looper.loopOnce(Looper.java:201)
05-05 22:18:04.621 14472 14472 W System.err: at android.os.Looper.loop(Looper.java:288)
05-05 22:18:04.621 14472 14472 W System.err: at android.app.ActivityThread.main(ActivityThread.java:8061)
05-05 22:18:04.621 14472 14472 W System.err: at java.lang.reflect.Method.invoke(Native Method)
05-05 22:18:04.621 14472 14472 W System.err: at com.android.internal.os.RuntimeInit$MethodAndArgsCaller.run(RuntimeInit.java:703)
05-05 22:18:04.621 14472 14472 W System.err: at com.android.internal.os.ZygoteInit.main(ZygoteInit.java:923)
05-05 22:18:04.667 14472 14472 W System.err: java.io.FileNotFoundException: /system/build.prop: open failed: EACCES (Permission denied)
05-05 22:18:04.669 14472 14472 W System.err: at libcore.io.IoBridge.open(IoBridge.java:574)
05-05 22:18:04.669 14472 14472 W System.err: at java.io.FileInputStream.<init>(FileInputStream.java:179)
05-05 22:18:04.669 14472 14472 W System.err: at dc.b0.c(PhoneRomUtils.java:13)
05-05 22:18:04.669 14472 14472 W System.err: at dc.b0.e(Unknown Source:2)
05-05 22:18:04.669 14472 14472 W System.err: at dc.d.a(GetInstalledAppsPermissionCompat.java:4)
05-05 22:18:04.669 14472 14472 W System.err: at dc.m.b(PermissionDelegateImplV19.java:4)
05-05 22:18:04.669 14472 14472 W System.err: at dc.n.b(PermissionDelegateImplV21.java:3)
05-05 22:18:04.669 14472 14472 W System.err: at dc.o.b(PermissionDelegateImplV23.java:44)
05-05 22:18:04.669 14472 14472 W System.err: at dc.p.b(PermissionDelegateImplV26.java:7)
05-05 22:18:04.669 14472 14472 W System.err: at dc.q.b(PermissionDelegateImplV28.java:3)
05-05 22:18:04.669 14472 14472 W System.err: at dc.r.b(PermissionDelegateImplV29.java:9)
05-05 22:18:04.669 14472 14472 W System.err: at dc.s.b(PermissionDelegateImplV30.java:3)
05-05 22:18:04.669 14472 14472 W System.err: at dc.t.b(PermissionDelegateImplV31.java:6)
05-05 22:18:04.669 14472 14472 W System.err: at dc.u.b(PermissionDelegateImplV33.java:15)
05-05 22:18:04.669 14472 14472 W System.err: at dc.i.b(Unknown Source:2)
05-05 22:18:04.669 14472 14472 W System.err: at dc.i.c(PermissionApi.java:3)
05-05 22:18:04.669 14472 14472 W System.err: at dc.d0.a(XXPermissions.java:2)
05-05 22:18:04.669 14472 14472 W System.err: at com.hello.sandbox.ui.splash.SplashAct.onCreate(SplashAct.kt:4)
05-05 22:18:04.669 14472 14472 W System.err: at android.app.Activity.performCreate(Activity.java:8328)
05-05 22:18:04.669 14472 14472 W System.err: at android.app.Activity.performCreate(Activity.java:8307)
05-05 22:18:04.669 14472 14472 W System.err: at android.app.Instrumentation.callActivityOnCreate(Instrumentation.java:1384)
05-05 22:18:04.669 14472 14472 W System.err: at android.app.ActivityThread.performLaunchActivity(ActivityThread.java:3750)
05-05 22:18:04.669 14472 14472 W System.err: at android.app.ActivityThread.handleLaunchActivity(ActivityThread.java:3907)
05-05 22:18:04.669 14472 14472 W System.err: at android.app.servertransaction.LaunchActivityItem.execute(LaunchActivityItem.java:10 1)
05-05 22:18:04.669 14472 14472 W System.err: at android.app.servertransaction.TransactionExecutor.executeCallbacks(TransactionExecu tor.java:137)
05-05 22:18:04.669 14472 14472 W System.err: at android.app.servertransaction.TransactionExecutor.execute(TransactionExecutor.java: 97)
05-05 22:18:04.669 14472 14472 W System.err: at android.app.ActivityThread$H.handleMessage(ActivityThread.java:2393)
05-05 22:18:04.669 14472 14472 W System.err: at android.os.Handler.dispatchMessage(Handler.java:106)
05-05 22:18:04.669 14472 14472 W System.err: at android.os.Looper.loopOnce(Looper.java:201)
05-05 22:18:04.669 14472 14472 W System.err: at android.os.Looper.loop(Looper.java:288)
05-05 22:18:04.669 14472 14472 W System.err: at android.app.ActivityThread.main(ActivityThread.java:8061)
05-05 22:18:04.669 14472 14472 W System.err: at java.lang.reflect.Method.invoke(Native Method)
05-05 22:18:04.670 14472 14472 W System.err: at com.android.internal.os.RuntimeInit$MethodAndArgsCaller.run(RuntimeInit.java:703)
05-05 22:18:04.670 14472 14472 W System.err: at com.android.internal.os.ZygoteInit.main(ZygoteInit.java:923)
05-05 22:18:04.670 14472 14472 W System.err: Caused by: android.system.ErrnoException: open failed: EACCES (Permission denied)
05-05 22:18:04.670 14472 14472 W System.err: at libcore.io.Linux.open(Native Method)
05-05 22:18:04.670 14472 14472 W System.err: at libcore.io.ForwardingOs.open(ForwardingOs.java:563)
05-05 22:18:04.670 14472 14472 W System.err: at libcore.io.BlockGuardOs.open(BlockGuardOs.java:274)
05-05 22:18:04.670 14472 14472 W System.err: at libcore.io.ForwardingOs.open(ForwardingOs.java:563)
05-05 22:18:04.670 14472 14472 W System.err: at android.app.ActivityThread$AndroidOs.open(ActivityThread.java:7919)
05-05 22:18:04.670 14472 14472 W System.err: at libcore.io.IoBridge.open(IoBridge.java:560)
05-05 22:18:04.670 14472 14472 W System.err: ... 33 more
05-05 22:18:04.811 14472 14499 D SessionLifecycleClient: Sending lifecycle 1 to service
05-05 22:18:04.818 14472 14955 D SessionLifecycleService: Activity foregrounding at 9628357.
05-05 22:18:04.849 14472 14472 D VRI[AppLockActivity]: performTraversals relayoutWindow: maybeSyncSeqId=-1 ,mSyncSeqId=0 ,relayoutResult=3
05-05 22:18:04.858 14472 17324 I gralloc4: register: id=29e00001b85, vaddr=0x74e96c2000
05-05 22:18:04.861 14472 17324 I gralloc4: register: id=29e00001b86, vaddr=0x74e924b000
05-05 22:18:04.865 14472 17324 I gralloc4: register: id=29e00001b87, vaddr=0x74e6769000
05-05 22:18:04.885 14472 14909 W Parcel : Expecting binder but got null!
05-05 22:18:04.938 14472 14472 D VRI[PopupWindow:b7c69d6]: performTraversals relayoutWindow: maybeSyncSeqId=-1 ,mSyncSeqId=0 ,relayoutResult=3
05-05 22:18:04.941 14472 17325 I gralloc4: register: id=29e00001b88, vaddr=0x74e9bdd000
05-05 22:18:04.942 14472 17325 I gralloc4: register: id=29e00001b89, vaddr=0x74e9b83000
05-05 22:18:04.943 14472 14909 W Parcel : Expecting binder but got null!
05-05 22:18:04.943 14472 17325 I gralloc4: register: id=29e00001b8a, vaddr=0x74e91f1000
05-05 22:18:07.267 14472 14909 I gralloc4: unregister: id=29e00001b88, vaddr=0x74e9bdd000
05-05 22:18:07.268 14472 14909 I gralloc4: unregister: id=29e00001b89, vaddr=0x74e9b83000
05-05 22:18:07.270 14472 14472 I gralloc4: unregister: id=29e00001b8a, vaddr=0x74e91f1000
05-05 22:18:07.276 14472 14472 D BubbleManager: groups:0 lockMap:1
05-05 22:18:17.484 14472 14503 D SessionLifecycleClient: Sending lifecycle 2 to service
05-05 22:18:17.485 14472 14955 D SessionLifecycleService: Activity backgrounding at 9641024
05-05 22:18:17.646 14472 14472 W InstallReferrerClient: Install Referrer service disconnected.
05-05 22:18:17.646 14472 14472 W InstallReferrerClient: Install Referrer service disconnected.
05-05 22:18:17.825 14472 14909 I gralloc4: unregister: id=29e00001b85, vaddr=0x74e96c2000
05-05 22:18:17.826 14472 14909 I gralloc4: unregister: id=29e00001b87, vaddr=0x74e6769000
05-05 22:18:17.831 14472 14472 D VRI[AppLockActivity]: performTraversals relayoutWindow: maybeSyncSeqId=-1 ,mSyncSeqId=0 ,relayoutResult=2
05-05 22:18:17.833 14472 14472 I gralloc4: unregister: id=29e00001b86, vaddr=0x74e924b000
05-05 22:18:20.327 14472 14508 I FA : Application backgrounded at: timestamp_millis: 1746462797535
05-05 22:18:20.365 14472 14472 W System.err: android.content.pm.PackageManager$NameNotFoundException: com.android.permission.GET_INSTALLED_APPS
05-05 22:18:20.365 14472 14472 W System.err: at android.app.ApplicationPackageManager.getPermissionInfo(ApplicationPackageManager.j ava:432)
05-05 22:18:20.365 14472 14472 W System.err: at dc.d.c(GetInstalledAppsPermissionCompat.java:1)
05-05 22:18:20.365 14472 14472 W System.err: at dc.d.a(GetInstalledAppsPermissionCompat.java:1)
05-05 22:18:20.365 14472 14472 W System.err: at dc.m.b(PermissionDelegateImplV19.java:4)
05-05 22:18:20.365 14472 14472 W System.err: at dc.n.b(PermissionDelegateImplV21.java:3)
05-05 22:18:20.365 14472 14472 W System.err: at dc.o.b(PermissionDelegateImplV23.java:44)
05-05 22:18:20.365 14472 14472 W System.err: at dc.p.b(PermissionDelegateImplV26.java:7)
05-05 22:18:20.365 14472 14472 W System.err: at dc.q.b(PermissionDelegateImplV28.java:3)
05-05 22:18:20.365 14472 14472 W System.err: at dc.r.b(PermissionDelegateImplV29.java:9)
05-05 22:18:20.365 14472 14472 W System.err: at dc.s.b(PermissionDelegateImplV30.java:3)
05-05 22:18:20.365 14472 14472 W System.err: at dc.t.b(PermissionDelegateImplV31.java:6)
05-05 22:18:20.365 14472 14472 W System.err: at dc.u.b(PermissionDelegateImplV33.java:15)
05-05 22:18:20.365 14472 14472 W System.err: at dc.i.b(Unknown Source:2)
05-05 22:18:20.365 14472 14472 W System.err: at dc.i.c(PermissionApi.java:3)
05-05 22:18:20.365 14472 14472 W System.err: at dc.d0.a(XXPermissions.java:2)
05-05 22:18:20.365 14472 14472 W System.err: at com.hello.sandbox.ui.splash.SplashAct.onCreate(SplashAct.kt:4)
05-05 22:18:20.365 14472 14472 W System.err: at android.app.Activity.performCreate(Activity.java:8328)
05-05 22:18:20.365 14472 14472 W System.err: at android.app.Activity.performCreate(Activity.java:8307)
05-05 22:18:20.365 14472 14472 W System.err: at android.app.Instrumentation.callActivityOnCreate(Instrumentation.java:1384)
05-05 22:18:20.365 14472 14472 W System.err: at android.app.ActivityThread.performLaunchActivity(ActivityThread.java:3750)
05-05 22:18:20.365 14472 14472 W System.err: at android.app.ActivityThread.handleLaunchActivity(ActivityThread.java:3907)
05-05 22:18:20.365 14472 14472 W System.err: at android.app.servertransaction.LaunchActivityItem.execute(LaunchActivityItem.java:10 1)
05-05 22:18:20.365 14472 14472 W System.err: at android.app.servertransaction.TransactionExecutor.executeCallbacks(TransactionExecu tor.java:137)
05-05 22:18:20.365 14472 14472 W System.err: at android.app.servertransaction.TransactionExecutor.execute(TransactionExecutor.java: 97)
05-05 22:18:20.365 14472 14472 W System.err: at android.app.ActivityThread$H.handleMessage(ActivityThread.java:2393)
05-05 22:18:20.365 14472 14472 W System.err: at android.os.Handler.dispatchMessage(Handler.java:106)
05-05 22:18:20.365 14472 14472 W System.err: at android.os.Looper.loopOnce(Looper.java:201)
05-05 22:18:20.365 14472 14472 W System.err: at android.os.Looper.loop(Looper.java:288)
05-05 22:18:20.365 14472 14472 W System.err: at android.app.ActivityThread.main(ActivityThread.java:8061)
05-05 22:18:20.365 14472 14472 W System.err: at java.lang.reflect.Method.invoke(Native Method)
05-05 22:18:20.365 14472 14472 W System.err: at com.android.internal.os.RuntimeInit$MethodAndArgsCaller.run(RuntimeInit.java:703)
05-05 22:18:20.365 14472 14472 W System.err: at com.android.internal.os.ZygoteInit.main(ZygoteInit.java:923)
05-05 22:18:20.365 14472 14472 W System.err: android.provider.Settings$SettingNotFoundException: oem_installed_apps_runtime_permission_enable
05-05 22:18:20.366 14472 14472 W System.err: at android.provider.Settings.parseIntSetting(Settings.java:3533)
05-05 22:18:20.366 14472 14472 W System.err: at android.provider.Settings.-$ $Nest$smparseIntSetting(Unknown Source:0)
05-05 22:18:20.366 14472 14472 W System.err: at android.provider.Settings$Secure.getIntForUser(Settings.java:6450)
05-05 22:18:20.366 14472 14472 W System.err: at android.provider.Settings$Secure.getInt(Settings.java:6443)
05-05 22:18:20.366 14472 14472 W System.err: at dc.d.c(GetInstalledAppsPermissionCompat.java:6)
05-05 22:18:20.366 14472 14472 W System.err: at dc.d.a(GetInstalledAppsPermissionCompat.java:1)
05-05 22:18:20.366 14472 14472 W System.err: at dc.m.b(PermissionDelegateImplV19.java:4)
05-05 22:18:20.366 14472 14472 W System.err: at dc.n.b(PermissionDelegateImplV21.java:3)
05-05 22:18:20.366 14472 14472 W System.err: at dc.o.b(PermissionDelegateImplV23.java:44)
05-05 22:18:20.366 14472 14472 W System.err: at dc.p.b(PermissionDelegateImplV26.java:7)
05-05 22:18:20.366 14472 14472 W System.err: at dc.q.b(PermissionDelegateImplV28.java:3)
05-05 22:18:20.366 14472 14472 W System.err: at dc.r.b(PermissionDelegateImplV29.java:9)
05-05 22:18:20.366 14472 14472 W System.err: at dc.s.b(PermissionDelegateImplV30.java:3)
05-05 22:18:20.366 14472 14472 W System.err: at dc.t.b(PermissionDelegateImplV31.java:6)
05-05 22:18:20.366 14472 14472 W System.err: at dc.u.b(PermissionDelegateImplV33.java:15)
05-05 22:18:20.366 14472 14472 W System.err: at dc.i.b(Unknown Source:2)
05-05 22:18:20.366 14472 14472 W System.err: at dc.i.c(PermissionApi.java:3)
05-05 22:18:20.366 14472 14472 W System.err: at dc.d0.a(XXPermissions.java:2)
05-05 22:18:20.366 14472 14472 W System.err: at com.hello.sandbox.ui.splash.SplashAct.onCreate(SplashAct.kt:4)
05-05 22:18:20.366 14472 14472 W System.err: at android.app.Activity.performCreate(Activity.java:8328)
05-05 22:18:20.366 14472 14472 W System.err: at android.app.Activity.performCreate(Activity.java:8307)
05-05 22:18:20.366 14472 14472 W System.err: at android.app.Instrumentation.callActivityOnCreate(Instrumentation.java:1384)
05-05 22:18:20.366 14472 14472 W System.err: at android.app.ActivityThread.performLaunchActivity(ActivityThread.java:3750)
05-05 22:18:20.366 14472 14472 W System.err: at android.app.ActivityThread.handleLaunchActivity(ActivityThread.java:3907)
05-05 22:18:20.366 14472 14472 W System.err: at android.app.servertransaction.LaunchActivityItem.execute(LaunchActivityItem.java:10 1)
05-05 22:18:20.366 14472 14472 W System.err: at android.app.servertransaction.TransactionExecutor.executeCallbacks(TransactionExecu tor.java:137)
05-05 22:18:20.366 14472 14472 W System.err: at android.app.servertransaction.TransactionExecutor.execute(TransactionExecutor.java: 97)
05-05 22:18:20.366 14472 14472 W System.err: at android.app.ActivityThread$H.handleMessage(ActivityThread.java:2393)
05-05 22:18:20.366 14472 14472 W System.err: at android.os.Handler.dispatchMessage(Handler.java:106)
05-05 22:18:20.366 14472 14472 W System.err: at android.os.Looper.loopOnce(Looper.java:201)
05-05 22:18:20.366 14472 14472 W System.err: at android.os.Looper.loop(Looper.java:288)
05-05 22:18:20.366 14472 14472 W System.err: at android.app.ActivityThread.main(ActivityThread.java:8061)
05-05 22:18:20.366 14472 14472 W System.err: at java.lang.reflect.Method.invoke(Native Method)
05-05 22:18:20.366 14472 14472 W System.err: at com.android.internal.os.RuntimeInit$MethodAndArgsCaller.run(RuntimeInit.java:703)
05-05 22:18:20.366 14472 14472 W System.err: at com.android.internal.os.ZygoteInit.main(ZygoteInit.java:923)
05-05 22:18:20.376 14472 14472 W System.err: java.io.FileNotFoundException: /system/build.prop: open failed: EACCES (Permission denied)
05-05 22:18:20.376 14472 14472 W System.err: at libcore.io.IoBridge.open(IoBridge.java:574)
05-05 22:18:20.376 14472 14472 W System.err: at java.io.FileInputStream.<init>(FileInputStream.java:179)
05-05 22:18:20.376 14472 14472 W System.err: at dc.b0.c(PhoneRomUtils.java:13)
05-05 22:18:20.377 14472 14472 W System.err: at dc.b0.e(Unknown Source:2)
05-05 22:18:20.377 14472 14472 W System.err: at dc.d.a(GetInstalledAppsPermissionCompat.java:4)
05-05 22:18:20.377 14472 14472 W System.err: at dc.m.b(PermissionDelegateImplV19.java:4)
05-05 22:18:20.377 14472 14472 W System.err: at dc.n.b(PermissionDelegateImplV21.java:3)
05-05 22:18:20.377 14472 14472 W System.err: at dc.o.b(PermissionDelegateImplV23.java:44)
05-05 22:18:20.377 14472 14472 W System.err: at dc.p.b(PermissionDelegateImplV26.java:7)
05-05 22:18:20.377 14472 14472 W System.err: at dc.q.b(PermissionDelegateImplV28.java:3)
05-05 22:18:20.377 14472 14472 W System.err: at dc.r.b(PermissionDelegateImplV29.java:9)
05-05 22:18:20.377 14472 14472 W System.err: at dc.s.b(PermissionDelegateImplV30.java:3)
05-05 22:18:20.377 14472 14472 W System.err: at dc.t.b(PermissionDelegateImplV31.java:6)
05-05 22:18:20.377 14472 14472 W System.err: at dc.u.b(PermissionDelegateImplV33.java:15)
05-05 22:18:20.377 14472 14472 W System.err: at dc.i.b(Unknown Source:2)
05-05 22:18:20.377 14472 14472 W System.err: at dc.i.c(PermissionApi.java:3)
05-05 22:18:20.377 14472 14472 W System.err: at dc.d0.a(XXPermissions.java:2)
05-05 22:18:20.377 14472 14472 W System.err: at com.hello.sandbox.ui.splash.SplashAct.onCreate(SplashAct.kt:4)
05-05 22:18:20.377 14472 14472 W System.err: at android.app.Activity.performCreate(Activity.java:8328)
05-05 22:18:20.377 14472 14472 W System.err: at android.app.Activity.performCreate(Activity.java:8307)
05-05 22:18:20.377 14472 14472 W System.err: at android.app.Instrumentation.callActivityOnCreate(Instrumentation.java:1384)
05-05 22:18:20.377 14472 14472 W System.err: at android.app.ActivityThread.performLaunchActivity(ActivityThread.java:3750)
05-05 22:18:20.377 14472 14472 W System.err: at android.app.ActivityThread.handleLaunchActivity(ActivityThread.java:3907)
05-05 22:18:20.377 14472 14472 W System.err: at android.app.servertransaction.LaunchActivityItem.execute(LaunchActivityItem.java:10 1)
05-05 22:18:20.377 14472 14472 W System.err: at android.app.servertransaction.TransactionExecutor.executeCallbacks(TransactionExecu tor.java:137)
05-05 22:18:20.377 14472 14472 W System.err: at android.app.servertransaction.TransactionExecutor.execute(TransactionExecutor.java: 97)
05-05 22:18:20.377 14472 14472 W System.err: at android.app.ActivityThread$H.handleMessage(ActivityThread.java:2393)
05-05 22:18:20.377 14472 14472 W System.err: at android.os.Handler.dispatchMessage(Handler.java:106)
05-05 22:18:20.377 14472 14472 W System.err: at android.os.Looper.loopOnce(Looper.java:201)
05-05 22:18:20.377 14472 14472 W System.err: at android.os.Looper.loop(Looper.java:288)
05-05 22:18:20.377 14472 14472 W System.err: at android.app.ActivityThread.main(ActivityThread.java:8061)
05-05 22:18:20.377 14472 14472 W System.err: at java.lang.reflect.Method.invoke(Native Method)
05-05 22:18:20.377 14472 14472 W System.err: at com.android.internal.os.RuntimeInit$MethodAndArgsCaller.run(RuntimeInit.java:703)
05-05 22:18:20.377 14472 14472 W System.err: at com.android.internal.os.ZygoteInit.main(ZygoteInit.java:923)
05-05 22:18:20.377 14472 14472 W System.err: Caused by: android.system.ErrnoException: open failed: EACCES (Permission denied)
05-05 22:18:20.377 14472 14472 W System.err: at libcore.io.Linux.open(Native Method)
05-05 22:18:20.377 14472 14472 W System.err: at libcore.io.ForwardingOs.open(ForwardingOs.java:563)
05-05 22:18:20.377 14472 14472 W System.err: at libcore.io.BlockGuardOs.open(BlockGuardOs.java:274)
05-05 22:18:20.377 14472 14472 W System.err: at libcore.io.ForwardingOs.open(ForwardingOs.java:563)
05-05 22:18:20.377 14472 14472 W System.err: at android.app.ActivityThread$AndroidOs.open(ActivityThread.java:7919)
05-05 22:18:20.377 14472 14472 W System.err: at libcore.io.IoBridge.open(IoBridge.java:560)
05-05 22:18:20.377 14472 14472 W System.err: ... 33 more
05-05 22:18:20.474 14472 14503 D SessionLifecycleClient: Sending lifecycle 1 to service
05-05 22:18:20.475 14472 14955 D SessionLifecycleService: Activity foregrounding at 9644014.
