05-05 22:16:41.530 15428 15428 I FirebaseApp: FirebaseApp initialization successful
05-05 22:16:41.561 15428 15428 W CheckTime: App running slow: Executing handleBindApplication : callApplicationOnCreate took 386ms
05-05 22:16:41.583 15479 15479 I libc : SetHeapTaggingLevel: tag level set to 0
05-05 22:16:41.585 15428 15428 D nativeloader: Load /data/app/~~Tpyr0WMEgNxWZIHS2R81Zg==/com.hello.miheapp.secretspace- PTMVJuPpnuiObgseG0OLaQ==/split_config.arm64_v8a.apk!/lib/arm64-v8a/libsandbox.so using ns clns-5 from class loader (caller=/data/app/~~Tpyr0WMEgNxWZIHS2R81Zg==/com.hello.miheapp.secretspace- PTMVJuPpnuiObgseG0OLaQ==/base.apk): ok
05-05 22:16:41.585 15428 15428 D NativeCore: NativeCore init.
05-05 22:16:41.586 15428 15428 D NativeCore: found art method entrypoint jni offset: 2
05-05 22:16:41.587 15428 15428 D NativeCore: not found art method match access flags offset , use default: 4
05-05 22:16:41.587 15479 15479 I secretspace:dex: Using CollectorTypeCMC GC.
05-05 22:16:41.590 15479 15479 E secretspace:dex: Not starting debugger since process cannot load the jdwp agent.
05-05 22:16:41.592 15479 15479 D nativeloader: Load libframework-connectivity- tiramisu-jni.so using APEX ns com_android_tethering for caller /apex/com.android.tethering/javalib/framework-connectivity-t.jar: ok
05-05 22:16:41.596 15479 15479 W ziparchive: Unable to open '/system_ext/framework/unisoc-framework.dm': No such file or directory
05-05 22:16:41.596 15479 15479 W ziparchive: Unable to open '/system_ext/framework/unisoc-framework.dm': No such file or directory
05-05 22:16:41.604 15479 15489 E secretspace:dex: Could not write anonymous vdex /system_ext/framework/oat/arm64/unisoc-framework.vdex: Could not open /system_ext/framework/oat/arm64/unisoc-framework.vdex for writing
05-05 22:16:41.608 15479 15479 D CompatibilityChangeReporter: Compat change id reported: 171979766; UID 10202; state: ENABLED
05-05 22:16:41.613 15479 15479 D ApplicationLoaders: Returning zygote-cached class loader: /system/framework/android.test.base.jar
05-05 22:16:41.616 15479 15479 D nativeloader: Configuring clns-4 for other apk /system/framework/org.apache.http.legacy.jar. target_sdk_version=34, uses_libraries=ALL, library_path=/data/app/~~Tpyr0WMEgNxWZIHS2R81Zg==/com.hello.miheapp.secretspace- PTMVJuPpnuiObgseG0OLaQ==/lib/arm64:/data/app/~~Tpyr0WMEgNxWZIHS2R81Zg==/ com.hello.miheapp.secretspace-PTMVJuPpnuiObgseG0OLaQ==/base.apk!/lib/arm64-v8a:/ data/app/~~Tpyr0WMEgNxWZIHS2R81Zg==/com.hello.miheapp.secretspace- PTMVJuPpnuiObgseG0OLaQ==/split_config.arm64_v8a.apk!/lib/arm64-v8a:/data/app/ ~~Tpyr0WMEgNxWZIHS2R81Zg==/com.hello.miheapp.secretspace-PTMVJuPpnuiObgseG0OLaQ==/ split_config.en.apk!/lib/arm64-v8a:/data/app/~~Tpyr0WMEgNxWZIHS2R81Zg==/ com.hello.miheapp.secretspace-PTMVJuPpnuiObgseG0OLaQ==/split_config.xxhdpi.apk!/ lib/arm64-v8a, permitted_path=/data:/mnt/expand:/data/user/0/com.hello.miheapp.secretspace
05-05 22:16:41.617 15479 15479 W ziparchive: Unable to open '/data/app/~~Tpyr0WMEgNxWZIHS2R81Zg==/com.hello.miheapp.secretspace- PTMVJuPpnuiObgseG0OLaQ==/base.dm': No such file or directory
05-05 22:16:41.617 15479 15479 W ziparchive: Unable to open '/data/app/~~Tpyr0WMEgNxWZIHS2R81Zg==/com.hello.miheapp.secretspace- PTMVJuPpnuiObgseG0OLaQ==/base.dm': No such file or directory
05-05 22:16:41.647 15428 15455 D nativeloader: Configuring clns-7 for other apk /data/user/0/com.hello.miheapp.secretspace/sandbox/data/app/com.google.android.gms/ base.apk. target_sdk_version=29, uses_libraries=, library_path=/data/user/0/com.hello.miheapp.secretspace/sandbox/data/app/ com.google.android.gms/lib:/data/user/0/com.hello.miheapp.secretspace/sandbox/ data/app/com.google.android.gms/base.apk!/lib/arm64-v8a, permitted_path=/data:/mnt/expand:/data/user/0/com.hello.miheapp.secretspace/ sandbox/data/user/0/com.google.android.gms
05-05 22:16:41.650 15428 15455 W DynamiteModule: IDynamite loader version = 2, no high precision latency measurement.
05-05 22:16:41.651 15428 15455 I DynamiteModule: Considering local module com.google.android.gms.measurement.dynamite:100 and remote module com.google.android.gms.measurement.dynamite:98
05-05 22:16:41.651 15428 15455 I DynamiteModule: Selected local version of com.google.android.gms.measurement.dynamite
05-05 22:16:41.656 15428 15455 W DynamiteModule: IDynamite loader version = 2, no high precision latency measurement.
05-05 22:16:41.768 15428 15494 I FA : App measurement initialized, version: 84002
05-05 22:16:41.768 15428 15494 I FA : To enable debug logging run: adb shell setprop log.tag.FA VERBOSE
05-05 22:16:41.768 15428 15494 I FA : To enable faster debug mode event logging run:
05-05 22:16:41.768 15428 15494 I FA : adb shell setprop debug.firebase.analytics.app com.hello.miheapp.secretspace
05-05 22:16:41.804 15428 15494 D CompatibilityChangeReporter: Compat change id reported: 183155436; UID 10202; state: ENABLED
05-05 22:16:41.819 15428 15494 W FA : Table has extra columns. table, columns: messages, app_version, app_version_int
05-05 22:16:41.840 15479 15479 W ziparchive: Unable to open '/data/app/~~Tpyr0WMEgNxWZIHS2R81Zg==/com.hello.miheapp.secretspace- PTMVJuPpnuiObgseG0OLaQ==/split_config.arm64_v8a.dm': No such file or directory
05-05 22:16:41.840 15479 15479 W ziparchive: Unable to open '/data/app/~~Tpyr0WMEgNxWZIHS2R81Zg==/com.hello.miheapp.secretspace- PTMVJuPpnuiObgseG0OLaQ==/split_config.arm64_v8a.dm': No such file or directory
05-05 22:16:41.840 15479 15479 W secretspace:dex: Entry not found
05-05 22:16:41.841 15479 15479 W ziparchive: Unable to open '/data/app/~~Tpyr0WMEgNxWZIHS2R81Zg==/com.hello.miheapp.secretspace- PTMVJuPpnuiObgseG0OLaQ==/split_config.en.dm': No such file or directory
05-05 22:16:41.841 15479 15479 W ziparchive: Unable to open '/data/app/~~Tpyr0WMEgNxWZIHS2R81Zg==/com.hello.miheapp.secretspace- PTMVJuPpnuiObgseG0OLaQ==/split_config.en.dm': No such file or directory
05-05 22:16:41.841 15479 15479 W secretspace:dex: Entry not found
05-05 22:16:41.841 15479 15479 W ziparchive: Unable to open '/data/app/~~Tpyr0WMEgNxWZIHS2R81Zg==/com.hello.miheapp.secretspace- PTMVJuPpnuiObgseG0OLaQ==/split_config.xxhdpi.dm': No such file or directory
05-05 22:16:41.841 15479 15479 W ziparchive: Unable to open '/data/app/~~Tpyr0WMEgNxWZIHS2R81Zg==/com.hello.miheapp.secretspace- PTMVJuPpnuiObgseG0OLaQ==/split_config.xxhdpi.dm': No such file or directory
05-05 22:16:41.842 15479 15479 W secretspace:dex: Entry not found
05-05 22:16:41.842 15479 15479 D nativeloader: Configuring clns-5 for other apk /data/app/~~Tpyr0WMEgNxWZIHS2R81Zg==/com.hello.miheapp.secretspace- PTMVJuPpnuiObgseG0OLaQ==/base.apk:/data/app/~~Tpyr0WMEgNxWZIHS2R81Zg==/ com.hello.miheapp.secretspace-PTMVJuPpnuiObgseG0OLaQ==/ split_config.arm64_v8a.apk:/data/app/~~Tpyr0WMEgNxWZIHS2R81Zg==/ com.hello.miheapp.secretspace-PTMVJuPpnuiObgseG0OLaQ==/split_config.en.apk:/data/ app/~~Tpyr0WMEgNxWZIHS2R81Zg==/com.hello.miheapp.secretspace- PTMVJuPpnuiObgseG0OLaQ==/split_config.xxhdpi.apk. target_sdk_version=34, uses_libraries=, library_path=/data/app/~~Tpyr0WMEgNxWZIHS2R81Zg==/com.hello.miheapp.secretspace- PTMVJuPpnuiObgseG0OLaQ==/lib/arm64:/data/app/~~Tpyr0WMEgNxWZIHS2R81Zg==/ com.hello.miheapp.secretspace-PTMVJuPpnuiObgseG0OLaQ==/base.apk!/lib/arm64-v8a:/ data/app/~~Tpyr0WMEgNxWZIHS2R81Zg==/com.hello.miheapp.secretspace- PTMVJuPpnuiObgseG0OLaQ==/split_config.arm64_v8a.apk!/lib/arm64-v8a:/data/app/ ~~Tpyr0WMEgNxWZIHS2R81Zg==/com.hello.miheapp.secretspace-PTMVJuPpnuiObgseG0OLaQ==/ split_config.en.apk!/lib/arm64-v8a:/data/app
05-05 22:16:41.851 15479 15479 D nativeloader: Load libframework-connectivity- jni.so using APEX ns com_android_tethering for caller /apex/com.android.tethering/javalib/framework-connectivity.jar: ok
05-05 22:16:41.854 15479 15479 V GraphicsEnvironment: ANGLE Developer option for 'com.hello.miheapp.secretspace' set to: 'default'
05-05 22:16:41.854 15479 15479 V GraphicsEnvironment: ANGLE GameManagerService for com.hello.miheapp.secretspace: false
05-05 22:16:41.854 15479 15479 V GraphicsEnvironment: Neither updatable production driver nor prerelease driver is supported.
05-05 22:16:41.859 15479 15479 D NetworkSecurityConfig: Using Network Security Config from resource network_security_config debugBuild: false
05-05 22:16:41.860 15479 15479 D NetworkSecurityConfig: Using Network Security Config from resource network_security_config debugBuild: false
05-05 22:16:41.890 15479 15479 D nativeloader: Load /data/app/~~Tpyr0WMEgNxWZIHS2R81Zg==/com.hello.miheapp.secretspace- PTMVJuPpnuiObgseG0OLaQ==/split_config.arm64_v8a.apk!/lib/arm64-v8a/librepublic.so using ns clns-5 from class loader (caller=/data/app/~~Tpyr0WMEgNxWZIHS2R81Zg==/com.hello.miheapp.secretspace- PTMVJuPpnuiObgseG0OLaQ==/base.apk): ok
05-05 22:16:41.930 15479 15479 W Glide : Failed to find GeneratedAppGlideModule. You should include an annotationProcessor compile dependency on com.github.bumptech.glide:compiler in your application and a @GlideModule annotated AppGlideModule implementation or LibraryGlideModules will be silently ignored
05-05 22:16:41.984 15479 15479 D CompatibilityChangeReporter: Compat change id reported: 183155436; UID 10202; state: ENABLED
05-05 22:16:42.002 15479 15479 D SessionsDependencies: Dependency to CRASHLYTICS added.
05-05 22:16:42.013 15479 15479 I FirebaseApp: Device unlocked: initializing all Firebase APIs for app [DEFAULT]
05-05 22:16:42.032 15479 15479 I FirebaseCrashlytics: Initializing Firebase Crashlytics 18.6.2 for com.hello.miheapp.secretspace
05-05 22:16:42.038 15428 15457 I FirebaseCrashlytics: No version control information found
05-05 22:16:42.054 15479 15479 D SessionsDependencies: Subscriber CRASHLYTICS registered.
05-05 22:16:42.055 15479 15502 W ziparchive: Unable to open '/data/app/~~06sS8OHALJtVek3rqsHQZQ==/com.google.android.gms- InvRxHZlZKCYLPruiFu5wg==/split_DynamiteLoader_installtime.dm': No such file or directory
05-05 22:16:42.055 15479 15502 W ziparchive: Unable to open '/data/app/~~06sS8OHALJtVek3rqsHQZQ==/com.google.android.gms- InvRxHZlZKCYLPruiFu5wg==/split_DynamiteLoader_installtime.dm': No such file or directory
05-05 22:16:42.066 15479 15502 I DynamiteModule: Considering local module com.google.android.gms.measurement.dynamite:100 and remote module com.google.android.gms.measurement.dynamite:145
05-05 22:16:42.066 15479 15502 I DynamiteModule: Selected remote version of com.google.android.gms.measurement.dynamite, version >= 145
05-05 22:16:42.066 15479 15502 V DynamiteModule: Dynamite loader version >= 2, using loadModule2NoCrashUtils
05-05 22:16:42.068 15428 15461 D SessionConfigFetcher: Fetched settings: {"settings_version":3,"cache_duration":170143,"features": {"collect_logged_exceptions":true,"collect_reports":true,"collect_analytics":false, "prompt_enabled":false,"push_enabled":false,"firebase_crashlytics_enabled":false,"c ollect_anrs":true,"collect_metric_kit":false,"collect_build_ids":true},"app": {"status":"activated","update_required":false,"report_upload_variant":2,"native_rep ort_upload_variant":2},"fabric": {"org_id":"65f00c8a567bf1f0daf09834","bundle_id":"com.hello.miheapp.secretspace"}," on_demand_upload_rate_per_minute":10,"on_demand_backoff_base":1.2,"on_demand_backof f_step_duration_seconds":60,"app_quality": {"sessions_enabled":true,"sampling_rate":1,"session_timeout_seconds":1800},"on_dema nd_thread_recording_suspension_enabled":true}
05-05 22:16:42.090 15479 15502 W System : ClassLoader referenced unknown path:
05-05 22:16:42.092 15479 15502 D nativeloader: Configuring clns-6 for other apk . target_sdk_version=36, uses_libraries=, library_path=/data/app/~~06sS8OHALJtVek3rqsHQZQ==/com.google.android.gms- InvRxHZlZKCYLPruiFu5wg==/lib/arm64:/data/app/~~06sS8OHALJtVek3rqsHQZQ==/ com.google.android.gms-InvRxHZlZKCYLPruiFu5wg==/base.apk!/lib/arm64-v8a, permitted_path=/data:/mnt/expand:/data/user/0/com.google.android.gms
05-05 22:16:42.111 15428 15428 E NativeCore: not native method
05-05 22:16:42.111 15428 15428 E NativeCore: check flags error. class:java/io/UnixFileSystem, method:canonicalize0
05-05 22:16:42.111 15428 15428 D NativeCore: register class:java/io/UnixFileSystem, method:getBooleanAttributes0 success!
05-05 22:16:42.111 15428 15428 D NativeCore: register class:java/io/UnixFileSystem, method:getLastModifiedTime0 success!
05-05 22:16:42.111 15428 15428 D NativeCore: register class:java/io/UnixFileSystem, method:setPermission0 success!
05-05 22:16:42.111 15428 15428 D NativeCore: register class:java/io/UnixFileSystem, method:createFileExclusively0 success!
05-05 22:16:42.111 15428 15428 D NativeCore: register class:java/io/UnixFileSystem, method:list0 success!
05-05 22:16:42.112 15428 15428 D NativeCore: register class:java/io/UnixFileSystem, method:createDirectory0 success!
05-05 22:16:42.112 15428 15428 D NativeCore: register class:java/io/UnixFileSystem, method:setLastModifiedTime0 success!
05-05 22:16:42.112 15428 15428 D NativeCore: register class:java/io/UnixFileSystem, method:setReadOnly0 success!
05-05 22:16:42.112 15428 15428 D NativeCore: register class:java/io/UnixFileSystem, method:getSpace0 success!
05-05 22:16:42.112 15428 15428 D NativeCore: register class:java/lang/VMClassLoader, method:findLoadedClass success!
05-05 22:16:42.112 15428 15428 D NativeCore: register class:android/os/Binder, method:getCallingUid success!
05-05 22:16:42.112 15428 15428 D NativeCore: register class:dalvik/system/VMRuntime, method:setHiddenApiExemptions success!
05-05 22:16:42.123 15479 15502 W ziparchive: Unable to open '/data/app/~~06sS8OHALJtVek3rqsHQZQ==/com.google.android.gms- InvRxHZlZKCYLPruiFu5wg==/split_MeasurementDynamite_installtime.dm': No such file or directory
05-05 22:16:42.123 15479 15502 W ziparchive: Unable to open '/data/app/~~06sS8OHALJtVek3rqsHQZQ==/com.google.android.gms- InvRxHZlZKCYLPruiFu5wg==/split_MeasurementDynamite_installtime.dm': No such file or directory
05-05 22:16:42.132 15428 15428 D NetworkSecurityConfig: Using Network Security Config from resource network_security_config debugBuild: false
05-05 22:16:42.134 15428 15428 D NetworkSecurityConfig: Using Network Security Config from resource network_security_config debugBuild: false
05-05 22:16:42.158 15428 15452 D LifecycleServiceBinder: Binding service to application.
05-05 22:16:42.198 15428 15428 I MultiDex: VM with version 2.1.0 has multidex support
05-05 22:16:42.198 15428 15428 I MultiDex: Installing application
05-05 22:16:42.198 15428 15428 I MultiDex: VM has multidex support, MultiDex support library is disabled.
05-05 22:16:42.202 15479 15479 D FirebaseSessions: Initializing Firebase Sessions SDK.
05-05 22:16:42.205 15479 15479 I FirebaseApp: FirebaseApp initialization successful
05-05 22:16:42.211 15479 15508 D SessionConfigFetcher: Fetching settings from server.
05-05 22:16:42.216 15428 15428 D ChimeraServiceProvider: onCreate
05-05 22:16:42.217 15428 15428 D FontsProvider: onCreate
05-05 22:16:42.218 15428 15428 D GmsPhenotypeCfgProvider: unimplemented Method: onCreate
05-05 22:16:42.223 15479 15479 W CheckTime: App running slow: Executing handleBindApplication : callApplicationOnCreate took 308ms
05-05 22:16:42.234 15428 15428 D ActivityThread: Loading provider com.google.android.gms.microg.settings: org.microg.gms.settings.SettingsProvider
05-05 22:16:42.252 15428 15428 D ProfileManager: Using Serial bc2fec2bef3b8aa12c05515f480b5385
05-05 22:16:42.263 14472 14505 D SessionLifecycleClient: Sending lifecycle 2 to service
05-05 22:16:42.265 14472 14955 D SessionLifecycleService: Activity backgrounding at 9545803
05-05 22:16:42.266 15428 15428 D CompatibilityChangeReporter: Compat change id reported: 183155436; UID 10001; state: ENABLED
05-05 22:16:42.273 14472 15317 I MATDBManager: sqllite db insert success! insert row id:5
05-05 22:16:42.273 15479 15545 E secretspace:dex: No package ID 71 found for ID 0x710b000f.
05-05 22:16:42.274 14472 15317 I MATDBManager: sqllite db capacity:4
05-05 22:16:42.275 15479 15545 I FA : App measurement initialized, version: 123000
05-05 22:16:42.275 15479 15545 I FA : To enable debug logging run: adb shell setprop log.tag.FA VERBOSE
05-05 22:16:42.275 15479 15545 I FA : To enable faster debug mode event logging run:
05-05 22:16:42.275 15479 15545 I FA : adb shell setprop debug.firebase.analytics.app com.hello.miheapp.secretspace
05-05 22:16:42.276 14472 15317 I MATDBManager: sqllite db insert success! insert row id:6
05-05 22:16:42.277 14472 15317 I MATDBManager: sqllite db capacity:5
05-05 22:16:42.281 15428 15428 D MeasurementService: onBind: Intent { act=com.google.android.gms.measurement.START pkg=com.google.android.gms }
05-05 22:16:42.304 15428 15428 D GmsCheckinTrigger: Ignoring Intent { act=android.intent.action.BOOT_COMPLETED }: checkin is disabled
05-05 22:16:42.310 15428 15428 D MeasurementService: bound by: GetServiceRequest{serviceId=MEASUREMENT, gmsVersion=12451000, packageName='com.hello.miheapp.secretspace', extras=Bundle[{}]}
05-05 22:16:42.319 15428 15494 D SafeParcel: Unknown field id 34 in com.google.android.gms.measurement.internal.AppMetadata, skipping.
05-05 22:16:42.319 15428 15494 D SafeParcel: Unknown field id 35 in com.google.android.gms.measurement.internal.AppMetadata, skipping.
05-05 22:16:42.319 15428 15494 D MeasurementService: sendAppLaunch() for AppMetadata[com.hello.miheapp.secretspace]
05-05 22:16:42.322 15428 15494 W FA : Table has extra columns. table, columns: messages, app_version, app_version_int
05-05 22:16:42.322 15553 15553 I libc : SetHeapTaggingLevel: tag level set to 0
05-05 22:16:42.326 15428 15494 W FA : Table has extra columns. table, columns: messages, app_version, app_version_int
05-05 22:16:42.329 15553 15553 I .secretspace:p1: Using CollectorTypeCMC GC.
05-05 22:16:42.333 15553 15553 E .secretspace:p1: Not starting debugger since process cannot load the jdwp agent.
05-05 22:16:42.336 15428 15494 D SafeParcel: Unknown field id 34 in com.google.android.gms.measurement.internal.AppMetadata, skipping.
05-05 22:16:42.336 15428 15494 D SafeParcel: Unknown field id 35 in com.google.android.gms.measurement.internal.AppMetadata, skipping.
05-05 22:16:42.337 15428 15494 D MeasurementService: sendEvent(com.google.android.gms.measurement.internal.EventParcel@903be9b) for AppMetadata[com.hello.miheapp.secretspace]
05-05 22:16:42.337 15553 15553 D nativeloader: Load libframework-connectivity- tiramisu-jni.so using APEX ns com_android_tethering for caller /apex/com.android.tethering/javalib/framework-connectivity-t.jar: ok
05-05 22:16:42.338 15428 15494 D SafeParcel: Unknown field id 34 in com.google.android.gms.measurement.internal.AppMetadata, skipping.
05-05 22:16:42.339 15428 15494 D SafeParcel: Unknown field id 35 in com.google.android.gms.measurement.internal.AppMetadata, skipping.
05-05 22:16:42.339 15428 15494 D MeasurementService: getAppInstanceId() for AppMetadata[com.hello.miheapp.secretspace]
05-05 22:16:42.340 15428 15494 D SafeParcel: Unknown field id 34 in com.google.android.gms.measurement.internal.AppMetadata, skipping.
05-05 22:16:42.340 15428 15494 D SafeParcel: Unknown field id 35 in com.google.android.gms.measurement.internal.AppMetadata, skipping.
05-05 22:16:42.340 15428 15494 D MeasurementService: sendDefaultEventParameters(Bundle[EMPTY_PARCEL]) for AppMetadata[com.hello.miheapp.secretspace]
05-05 22:16:42.343 15553 15553 W ziparchive: Unable to open '/system_ext/framework/unisoc-framework.dm': No such file or directory
05-05 22:16:42.343 15553 15553 W ziparchive: Unable to open '/system_ext/framework/unisoc-framework.dm': No such file or directory
05-05 22:16:42.353 15553 15566 E .secretspace:p1: Could not write anonymous vdex /system_ext/framework/oat/arm64/unisoc-framework.vdex: Could not open /system_ext/framework/oat/arm64/unisoc-framework.vdex for writing
05-05 22:16:42.358 14472 14499 D SessionLifecycleClient: Sending lifecycle 1 to service
05-05 22:16:42.360 14472 14955 D SessionLifecycleService: Activity foregrounding at 9545898.
05-05 22:16:42.363 15553 15553 D CompatibilityChangeReporter: Compat change id reported: 171979766; UID 10202; state: ENABLED
05-05 22:16:42.372 15553 15553 D ApplicationLoaders: Returning zygote-cached class loader: /system/framework/android.test.base.jar
05-05 22:16:42.376 15553 15553 D nativeloader: Configuring clns-4 for other apk /system/framework/org.apache.http.legacy.jar. target_sdk_version=34, uses_libraries=ALL, library_path=/data/app/~~Tpyr0WMEgNxWZIHS2R81Zg==/com.hello.miheapp.secretspace- PTMVJuPpnuiObgseG0OLaQ==/lib/arm64:/data/app/~~Tpyr0WMEgNxWZIHS2R81Zg==/ com.hello.miheapp.secretspace-PTMVJuPpnuiObgseG0OLaQ==/base.apk!/lib/arm64-v8a:/ data/app/~~Tpyr0WMEgNxWZIHS2R81Zg==/com.hello.miheapp.secretspace- PTMVJuPpnuiObgseG0OLaQ==/split_config.arm64_v8a.apk!/lib/arm64-v8a:/data/app/ ~~Tpyr0WMEgNxWZIHS2R81Zg==/com.hello.miheapp.secretspace-PTMVJuPpnuiObgseG0OLaQ==/ split_config.en.apk!/lib/arm64-v8a:/data/app/~~Tpyr0WMEgNxWZIHS2R81Zg==/ com.hello.miheapp.secretspace-PTMVJuPpnuiObgseG0OLaQ==/split_config.xxhdpi.apk!/ lib/arm64-v8a, permitted_path=/data:/mnt/expand:/data/user/0/com.hello.miheapp.secretspace
05-05 22:16:42.376 14472 14472 D VRI[SearchListActivity]: performTraversals relayoutWindow: maybeSyncSeqId=-1 ,mSyncSeqId=0 ,relayoutResult=3
05-05 22:16:42.377 15553 15553 W ziparchive: Unable to open '/data/app/~~Tpyr0WMEgNxWZIHS2R81Zg==/com.hello.miheapp.secretspace- PTMVJuPpnuiObgseG0OLaQ==/base.dm': No such file or directory
05-05 22:16:42.377 15553 15553 W ziparchive: Unable to open '/data/app/~~Tpyr0WMEgNxWZIHS2R81Zg==/com.hello.miheapp.secretspace- PTMVJuPpnuiObgseG0OLaQ==/base.dm': No such file or directory
05-05 22:16:42.381 14472 15568 I gralloc4: register: id=29e00001b2e, vaddr=0x778ae2d000
05-05 22:16:42.382 14472 15568 I gralloc4: register: id=29e00001b2f, vaddr=0x778adf1000
05-05 22:16:42.382 14472 15568 I gralloc4: register: id=29e00001b30, vaddr=0x778adb7000
05-05 22:16:42.387 14472 14909 W Parcel : Expecting binder but got null!
05-05 22:16:42.398 14472 14472 D VRI[SearchListActivity]: performTraversals relayoutWindow: maybeSyncSeqId=-1 ,mSyncSeqId=0 ,relayoutResult=3
05-05 22:16:42.403 14472 15573 I gralloc4: register: id=29e00001b31, vaddr=0x74e6e79000
05-05 22:16:42.406 14472 15573 I gralloc4: register: id=29e00001b32, vaddr=0x74e6769000
05-05 22:16:42.409 14472 15573 I gralloc4: register: id=29e00001b33, vaddr=0x74e62f2000
05-05 22:16:42.415 14472 14909 W Parcel : Expecting binder but got null!
05-05 22:16:42.428 14472 14472 W System.err: android.content.pm.PackageManager$NameNotFoundException: com.android.permission.GET_INSTALLED_APPS
05-05 22:16:42.428 14472 14472 W System.err: at android.app.ApplicationPackageManager.getPermissionInfo(ApplicationPackageManager.j ava:432)
05-05 22:16:42.428 14472 14472 W System.err: at dc.d.c(GetInstalledAppsPermissionCompat.java:1)
05-05 22:16:42.428 14472 14472 W System.err: at dc.d.a(GetInstalledAppsPermissionCompat.java:1)
05-05 22:16:42.428 14472 14472 W System.err: at dc.m.b(PermissionDelegateImplV19.java:4)
05-05 22:16:42.428 14472 14472 W System.err: at dc.n.b(PermissionDelegateImplV21.java:3)
05-05 22:16:42.428 14472 14472 W System.err: at dc.o.b(PermissionDelegateImplV23.java:44)
05-05 22:16:42.428 14472 14472 W System.err: at dc.p.b(PermissionDelegateImplV26.java:7)
05-05 22:16:42.428 14472 14472 W System.err: at dc.q.b(PermissionDelegateImplV28.java:3)
05-05 22:16:42.428 14472 14472 W System.err: at dc.r.b(PermissionDelegateImplV29.java:9)
05-05 22:16:42.428 14472 14472 W System.err: at dc.s.b(PermissionDelegateImplV30.java:3)
05-05 22:16:42.428 14472 14472 W System.err: at dc.t.b(PermissionDelegateImplV31.java:6)
05-05 22:16:42.428 14472 14472 W System.err: at dc.u.b(PermissionDelegateImplV33.java:15)
05-05 22:16:42.428 14472 14472 W System.err: at dc.i.b(Unknown Source:2)
05-05 22:16:42.428 14472 14472 W System.err: at dc.i.c(PermissionApi.java:3)
05-05 22:16:42.428 14472 14472 W System.err: at dc.d0.c(XXPermissions.java:219)
05-05 22:16:42.428 14472 14472 W System.err: at com.hello.sandbox.ui.search.SearchListActivity.requestGetInstalledAppsPermissions(S earchListActivity.kt:4)
05-05 22:16:42.428 14472 14472 W System.err: at com.hello.sandbox.ui.search.SearchListActivity.access$requestGetInstalledAppsPermis sions(Unknown Source:0)
05-05 22:16:42.428 14472 14472 W System.err: at com.hello.sandbox.ui.search.SearchListActivity$initViewModel$3.invoke(SearchListAct ivity.kt:16)
05-05 22:16:42.428 14472 14472 W System.err: at com.hello.sandbox.ui.search.SearchListActivity$initViewModel$3.invoke(SearchListAct ivity.kt:1)
05-05 22:16:42.428 14472 14472 W System.err: at com.hello.sandbox.ui.search.SearchListActivity.initViewModel$lambda$17(Unknown Source:5)
05-05 22:16:42.428 14472 14472 W System.err: at com.hello.sandbox.ui.search.SearchListActivity.g(Unknown Source:0)
05-05 22:16:42.428 14472 14472 W System.err: at com.hello.sandbox.profile.owner.ui.frag.f.a(Unknown Source:20)
05-05 22:16:42.428 14472 14472 W System.err: at androidx.lifecycle.LiveData.b(LiveData.java:6)
05-05 22:16:42.428 14472 14472 W System.err: at androidx.lifecycle.LiveData.c(LiveData.java:8)
05-05 22:16:42.428 14472 14472 W System.err: at androidx.lifecycle.p.j(MutableLiveData.java:4)
05-05 22:16:42.428 14472 14472 W System.err: at androidx.lifecycle.LiveData$a.run(LiveData.java:5)
05-05 22:16:42.428 14472 14472 W System.err: at android.os.Handler.handleCallback(Handler.java:942)
05-05 22:16:42.428 14472 14472 W System.err: at android.os.Handler.dispatchMessage(Handler.java:99)
05-05 22:16:42.428 14472 14472 W System.err: at android.os.Looper.loopOnce(Looper.java:201)
05-05 22:16:42.428 14472 14472 W System.err: at android.os.Looper.loop(Looper.java:288)
05-05 22:16:42.428 14472 14472 W System.err: at android.app.ActivityThread.main(ActivityThread.java:8061)
05-05 22:16:42.428 14472 14472 W System.err: at java.lang.reflect.Method.invoke(Native Method)
05-05 22:16:42.428 14472 14472 W System.err: at com.android.internal.os.RuntimeInit$MethodAndArgsCaller.run(RuntimeInit.java:703)
05-05 22:16:42.428 14472 14472 W System.err: at com.android.internal.os.ZygoteInit.main(ZygoteInit.java:923)
05-05 22:16:42.431 14472 14472 W System.err: android.provider.Settings$SettingNotFoundException: oem_installed_apps_runtime_permission_enable
05-05 22:16:42.432 14472 14472 W System.err: at android.provider.Settings.parseIntSetting(Settings.java:3533)
05-05 22:16:42.432 14472 14472 W System.err: at android.provider.Settings.-$ $Nest$smparseIntSetting(Unknown Source:0)
05-05 22:16:42.432 14472 14472 W System.err: at android.provider.Settings$Secure.getIntForUser(Settings.java:6450)
05-05 22:16:42.432 14472 14472 W System.err: at android.provider.Settings$Secure.getInt(Settings.java:6443)
05-05 22:16:42.432 14472 14472 W System.err: at dc.d.c(GetInstalledAppsPermissionCompat.java:6)
05-05 22:16:42.432 14472 14472 W System.err: at dc.d.a(GetInstalledAppsPermissionCompat.java:1)
05-05 22:16:42.432 14472 14472 W System.err: at dc.m.b(PermissionDelegateImplV19.java:4)
05-05 22:16:42.432 14472 14472 W System.err: at dc.n.b(PermissionDelegateImplV21.java:3)
05-05 22:16:42.432 14472 14472 W System.err: at dc.o.b(PermissionDelegateImplV23.java:44)
05-05 22:16:42.432 14472 14472 W System.err: at dc.p.b(PermissionDelegateImplV26.java:7)
05-05 22:16:42.432 14472 14472 W System.err: at dc.q.b(PermissionDelegateImplV28.java:3)
05-05 22:16:42.432 14472 14472 W System.err: at dc.r.b(PermissionDelegateImplV29.java:9)
05-05 22:16:42.432 14472 14472 W System.err: at dc.s.b(PermissionDelegateImplV30.java:3)
05-05 22:16:42.432 14472 14472 W System.err: at dc.t.b(PermissionDelegateImplV31.java:6)
05-05 22:16:42.432 14472 14472 W System.err: at dc.u.b(PermissionDelegateImplV33.java:15)
05-05 22:16:42.432 14472 14472 W System.err: at dc.i.b(Unknown Source:2)
05-05 22:16:42.432 14472 14472 W System.err: at dc.i.c(PermissionApi.java:3)
05-05 22:16:42.432 14472 14472 W System.err: at dc.d0.c(XXPermissions.java:219)
05-05 22:16:42.432 14472 14472 W System.err: at com.hello.sandbox.ui.search.SearchListActivity.requestGetInstalledAppsPermissions(S earchListActivity.kt:4)
05-05 22:16:42.432 14472 14472 W System.err: at com.hello.sandbox.ui.search.SearchListActivity.access$requestGetInstalledAppsPermis sions(Unknown Source:0)
05-05 22:16:42.432 14472 14472 W System.err: at com.hello.sandbox.ui.search.SearchListActivity$initViewModel$3.invoke(SearchListAct ivity.kt:16)
05-05 22:16:42.432 14472 14472 W System.err: at com.hello.sandbox.ui.search.SearchListActivity$initViewModel$3.invoke(SearchListAct ivity.kt:1)
05-05 22:16:42.432 14472 14472 W System.err: at com.hello.sandbox.ui.search.SearchListActivity.initViewModel$lambda$17(Unknown Source:5)
05-05 22:16:42.432 14472 14472 W System.err: at com.hello.sandbox.ui.search.SearchListActivity.g(Unknown Source:0)
05-05 22:16:42.432 14472 14472 W System.err: at com.hello.sandbox.profile.owner.ui.frag.f.a(Unknown Source:20)
05-05 22:16:42.432 14472 14472 W System.err: at androidx.lifecycle.LiveData.b(LiveData.java:6)
05-05 22:16:42.432 14472 14472 W System.err: at androidx.lifecycle.LiveData.c(LiveData.java:8)
05-05 22:16:42.432 14472 14472 W System.err: at androidx.lifecycle.p.j(MutableLiveData.java:4)
05-05 22:16:42.432 14472 14472 W System.err: at androidx.lifecycle.LiveData$a.run(LiveData.java:5)
05-05 22:16:42.432 14472 14472 W System.err: at android.os.Handler.handleCallback(Handler.java:942)
05-05 22:16:42.432 14472 14472 W System.err: at android.os.Handler.dispatchMessage(Handler.java:99)
05-05 22:16:42.432 14472 14472 W System.err: at android.os.Looper.loopOnce(Looper.java:201)
05-05 22:16:42.432 14472 14472 W System.err: at android.os.Looper.loop(Looper.java:288)
05-05 22:16:42.432 14472 14472 W System.err: at android.app.ActivityThread.main(ActivityThread.java:8061)
05-05 22:16:42.432 14472 14472 W System.err: at java.lang.reflect.Method.invoke(Native Method)
05-05 22:16:42.432 14472 14472 W System.err: at com.android.internal.os.RuntimeInit$MethodAndArgsCaller.run(RuntimeInit.java:703)
05-05 22:16:42.432 14472 14472 W System.err: at com.android.internal.os.ZygoteInit.main(ZygoteInit.java:923)
05-05 22:16:42.445 14472 14472 W System.err: java.io.FileNotFoundException: /system/build.prop: open failed: EACCES (Permission denied)
05-05 22:16:42.445 14472 14472 W System.err: at libcore.io.IoBridge.open(IoBridge.java:574)
05-05 22:16:42.445 14472 14472 W System.err: at java.io.FileInputStream.<init>(FileInputStream.java:179)
05-05 22:16:42.445 14472 14472 W System.err: at dc.b0.c(PhoneRomUtils.java:13)
05-05 22:16:42.445 14472 14472 W System.err: at dc.b0.e(Unknown Source:2)
05-05 22:16:42.445 14472 14472 W System.err: at dc.d.a(GetInstalledAppsPermissionCompat.java:4)
05-05 22:16:42.446 14472 14472 W System.err: at dc.m.b(PermissionDelegateImplV19.java:4)
05-05 22:16:42.446 14472 14472 W System.err: at dc.n.b(PermissionDelegateImplV21.java:3)
05-05 22:16:42.446 14472 14472 W System.err: at dc.o.b(PermissionDelegateImplV23.java:44)
05-05 22:16:42.446 14472 14472 W System.err: at dc.p.b(PermissionDelegateImplV26.java:7)
05-05 22:16:42.446 14472 14472 W System.err: at dc.q.b(PermissionDelegateImplV28.java:3)
05-05 22:16:42.446 14472 14472 W System.err: at dc.r.b(PermissionDelegateImplV29.java:9)
05-05 22:16:42.446 14472 14472 W System.err: at dc.s.b(PermissionDelegateImplV30.java:3)
05-05 22:16:42.446 14472 14472 W System.err: at dc.t.b(PermissionDelegateImplV31.java:6)
05-05 22:16:42.446 14472 14472 W System.err: at dc.u.b(PermissionDelegateImplV33.java:15)
05-05 22:16:42.446 14472 14472 W System.err: at dc.i.b(Unknown Source:2)
05-05 22:16:42.446 14472 14472 W System.err: at dc.i.c(PermissionApi.java:3)
05-05 22:16:42.446 14472 14472 W System.err: at dc.d0.c(XXPermissions.java:219)
05-05 22:16:42.446 14472 14472 W System.err: at com.hello.sandbox.ui.search.SearchListActivity.requestGetInstalledAppsPermissions(S earchListActivity.kt:4)
05-05 22:16:42.446 14472 14472 W System.err: at com.hello.sandbox.ui.search.SearchListActivity.access$requestGetInstalledAppsPermis sions(Unknown Source:0)
05-05 22:16:42.446 14472 14472 W System.err: at com.hello.sandbox.ui.search.SearchListActivity$initViewModel$3.invoke(SearchListAct ivity.kt:16)
05-05 22:16:42.446 14472 14472 W System.err: at com.hello.sandbox.ui.search.SearchListActivity$initViewModel$3.invoke(SearchListAct ivity.kt:1)
05-05 22:16:42.446 14472 14472 W System.err: at com.hello.sandbox.ui.search.SearchListActivity.initViewModel$lambda$17(Unknown Source:5)
05-05 22:16:42.446 14472 14472 W System.err: at com.hello.sandbox.ui.search.SearchListActivity.g(Unknown Source:0)
05-05 22:16:42.446 14472 14472 W System.err: at com.hello.sandbox.profile.owner.ui.frag.f.a(Unknown Source:20)
05-05 22:16:42.446 14472 14472 W System.err: at androidx.lifecycle.LiveData.b(LiveData.java:6)
05-05 22:16:42.446 14472 14472 W System.err: at androidx.lifecycle.LiveData.c(LiveData.java:8)
05-05 22:16:42.446 14472 14472 W System.err: at androidx.lifecycle.p.j(MutableLiveData.java:4)
05-05 22:16:42.446 14472 14472 W System.err: at androidx.lifecycle.LiveData$a.run(LiveData.java:5)
05-05 22:16:42.446 14472 14472 W System.err: at android.os.Handler.handleCallback(Handler.java:942)
05-05 22:16:42.446 14472 14472 W System.err: at android.os.Handler.dispatchMessage(Handler.java:99)
05-05 22:16:42.446 14472 14472 W System.err: at android.os.Looper.loopOnce(Looper.java:201)
05-05 22:16:42.446 14472 14472 W System.err: at android.os.Looper.loop(Looper.java:288)
05-05 22:16:42.446 14472 14472 W System.err: at android.app.ActivityThread.main(ActivityThread.java:8061)
05-05 22:16:42.446 14472 14472 W System.err: at java.lang.reflect.Method.invoke(Native Method)
05-05 22:16:42.446 14472 14472 W System.err: at com.android.internal.os.RuntimeInit$MethodAndArgsCaller.run(RuntimeInit.java:703)
05-05 22:16:42.446 14472 14472 W System.err: at com.android.internal.os.ZygoteInit.main(ZygoteInit.java:923)
05-05 22:16:42.446 14472 14472 W System.err: Caused by: android.system.ErrnoException: open failed: EACCES (Permission denied)
05-05 22:16:42.446 14472 14472 W System.err: at libcore.io.Linux.open(Native Method)
05-05 22:16:42.446 14472 14472 W System.err: at libcore.io.ForwardingOs.open(ForwardingOs.java:563)
05-05 22:16:42.446 14472 14472 W System.err: at libcore.io.BlockGuardOs.open(BlockGuardOs.java:274)
05-05 22:16:42.446 14472 14472 W System.err: at libcore.io.ForwardingOs.open(ForwardingOs.java:563)
05-05 22:16:42.446 14472 14472 W System.err: at android.app.ActivityThread$AndroidOs.open(ActivityThread.java:7919)
05-05 22:16:42.446 14472 14472 W System.err: at libcore.io.IoBridge.open(IoBridge.java:560)
05-05 22:16:42.446 14472 14472 W System.err: ... 35 more
05-05 22:16:42.578 14472 15317 I MATDBManager: sqllite db insert success! insert row id:7
05-05 22:16:42.579 14472 15317 I MATDBManager: sqllite db capacity:1
05-05 22:16:42.615 14472 14472 I Au.io : check on thread main
05-05 22:16:42.639 15553 15553 W ziparchive: Unable to open '/data/app/~~Tpyr0WMEgNxWZIHS2R81Zg==/com.hello.miheapp.secretspace- PTMVJuPpnuiObgseG0OLaQ==/split_config.arm64_v8a.dm': No such file or directory
05-05 22:16:42.639 15553 15553 W ziparchive: Unable to open '/data/app/~~Tpyr0WMEgNxWZIHS2R81Zg==/com.hello.miheapp.secretspace- PTMVJuPpnuiObgseG0OLaQ==/split_config.arm64_v8a.dm': No such file or directory
05-05 22:16:42.639 15553 15553 W .secretspace:p1: Entry not found
05-05 22:16:42.639 15553 15553 W ziparchive: Unable to open '/data/app/~~Tpyr0WMEgNxWZIHS2R81Zg==/com.hello.miheapp.secretspace- PTMVJuPpnuiObgseG0OLaQ==/split_config.en.dm': No such file or directory
05-05 22:16:42.639 15553 15553 W ziparchive: Unable to open '/data/app/~~Tpyr0WMEgNxWZIHS2R81Zg==/com.hello.miheapp.secretspace- PTMVJuPpnuiObgseG0OLaQ==/split_config.en.dm': No such file or directory
05-05 22:16:42.640 15553 15553 W .secretspace:p1: Entry not found
05-05 22:16:42.640 15553 15553 W ziparchive: Unable to open '/data/app/~~Tpyr0WMEgNxWZIHS2R81Zg==/com.hello.miheapp.secretspace- PTMVJuPpnuiObgseG0OLaQ==/split_config.xxhdpi.dm': No such file or directory
05-05 22:16:42.640 15553 15553 W ziparchive: Unable to open '/data/app/~~Tpyr0WMEgNxWZIHS2R81Zg==/com.hello.miheapp.secretspace- PTMVJuPpnuiObgseG0OLaQ==/split_config.xxhdpi.dm': No such file or directory
05-05 22:16:42.640 15553 15553 W .secretspace:p1: Entry not found
05-05 22:16:42.641 15553 15553 D nativeloader: Configuring clns-5 for other apk /data/app/~~Tpyr0WMEgNxWZIHS2R81Zg==/com.hello.miheapp.secretspace- PTMVJuPpnuiObgseG0OLaQ==/base.apk:/data/app/~~Tpyr0WMEgNxWZIHS2R81Zg==/ com.hello.miheapp.secretspace-PTMVJuPpnuiObgseG0OLaQ==/ split_config.arm64_v8a.apk:/data/app/~~Tpyr0WMEgNxWZIHS2R81Zg==/ com.hello.miheapp.secretspace-PTMVJuPpnuiObgseG0OLaQ==/split_config.en.apk:/data/ app/~~Tpyr0WMEgNxWZIHS2R81Zg==/com.hello.miheapp.secretspace- PTMVJuPpnuiObgseG0OLaQ==/split_config.xxhdpi.apk. target_sdk_version=34, uses_libraries=, library_path=/data/app/~~Tpyr0WMEgNxWZIHS2R81Zg==/com.hello.miheapp.secretspace- PTMVJuPpnuiObgseG0OLaQ==/lib/arm64:/data/app/~~Tpyr0WMEgNxWZIHS2R81Zg==/ com.hello.miheapp.secretspace-PTMVJuPpnuiObgseG0OLaQ==/base.apk!/lib/arm64-v8a:/ data/app/~~Tpyr0WMEgNxWZIHS2R81Zg==/com.hello.miheapp.secretspace- PTMVJuPpnuiObgseG0OLaQ==/split_config.arm64_v8a.apk!/lib/arm64-v8a:/data/app/ ~~Tpyr0WMEgNxWZIHS2R81Zg==/com.hello.miheapp.secretspace-PTMVJuPpnuiObgseG0OLaQ==/ split_config.en.apk!/lib/arm64-v8a:/data/app
05-05 22:16:42.652 15553 15553 D nativeloader: Load libframework-connectivity- jni.so using APEX ns com_android_tethering for caller /apex/com.android.tethering/javalib/framework-connectivity.jar: ok
05-05 22:16:42.656 15553 15553 V GraphicsEnvironment: ANGLE Developer option for 'com.hello.miheapp.secretspace' set to: 'default'
05-05 22:16:42.657 15553 15553 V GraphicsEnvironment: ANGLE GameManagerService for com.hello.miheapp.secretspace: false
05-05 22:16:42.657 15553 15553 V GraphicsEnvironment: Neither updatable production driver nor prerelease driver is supported.
05-05 22:16:42.660 15553 15553 D NetworkSecurityConfig: Using Network Security Config from resource network_security_config debugBuild: false
05-05 22:16:42.661 15553 15553 D NetworkSecurityConfig: Using Network Security Config from resource network_security_config debugBuild: false
05-05 22:16:42.701 15553 15553 D nativeloader: Load /data/app/~~Tpyr0WMEgNxWZIHS2R81Zg==/com.hello.miheapp.secretspace- PTMVJuPpnuiObgseG0OLaQ==/split_config.arm64_v8a.apk!/lib/arm64-v8a/librepublic.so using ns clns-5 from class loader (caller=/data/app/~~Tpyr0WMEgNxWZIHS2R81Zg==/com.hello.miheapp.secretspace- PTMVJuPpnuiObgseG0OLaQ==/base.apk): ok
05-05 22:16:42.933 14472 14909 I gralloc4: unregister: id=29e00001b26, vaddr=0x74d959e000
05-05 22:16:42.934 14472 14909 I gralloc4: unregister: id=29e00001b27, vaddr=0x74d9127000
05-05 22:16:42.939 14472 14472 D VRI[HomeAct]: performTraversals relayoutWindow: maybeSyncSeqId=-1 ,mSyncSeqId=0 ,relayoutResult=2
05-05 22:16:42.940 14472 14472 I gralloc4: unregister: id=29e00001b28, vaddr=0x74d8cb0000
05-05 22:16:42.960 14472 14472 D VRI[HomeAct]: performTraversals relayoutWindow: maybeSyncSeqId=-1 ,mSyncSeqId=0 ,relayoutResult=2
05-05 22:16:42.964 15553 15553 W CheckTime: App running slow: Executing handleBindApplication : makeApplication took 305ms
05-05 22:16:42.995 15553 15553 W Glide : Failed to find GeneratedAppGlideModule. You should include an annotationProcessor compile dependency on com.github.bumptech.glide:compiler in your application and a @GlideModule annotated AppGlideModule implementation or LibraryGlideModules will be silently ignored
05-05 22:16:43.057 15553 15553 D CompatibilityChangeReporter: Compat change id reported: 183155436; UID 10202; state: ENABLED
05-05 22:16:43.089 15553 15553 D SessionsDependencies: Dependency to CRASHLYTICS added.
05-05 22:16:43.101 15553 15553 I FirebaseApp: Device unlocked: initializing all Firebase APIs for app [DEFAULT]
05-05 22:16:43.171 15479 15526 D SessionConfigFetcher: Fetched settings: {"settings_version":3,"cache_duration":164363,"features": {"collect_logged_exceptions":true,"collect_reports":true,"collect_analytics":false, "prompt_enabled":false,"push_enabled":false,"firebase_crashlytics_enabled":false,"c ollect_anrs":true,"collect_metric_kit":false,"collect_build_ids":true},"app": {"status":"activated","update_required":false,"report_upload_variant":2,"native_rep ort_upload_variant":2},"fabric": {"org_id":"65f00c8a567bf1f0daf09834","bundle_id":"com.hello.miheapp.secretspace"}," on_demand_upload_rate_per_minute":10,"on_demand_backoff_base":1.2,"on_demand_backof f_step_duration_seconds":60,"app_quality": {"sessions_enabled":true,"sampling_rate":1,"session_timeout_seconds":1800},"on_dema nd_thread_recording_suspension_enabled":true}
05-05 22:16:43.185 15553 15553 D FirebaseSessions: Initializing Firebase Sessions SDK.
05-05 22:16:43.189 15553 15553 I FirebaseCrashlytics: Initializing Firebase Crashlytics 18.6.2 for com.hello.miheapp.secretspace
05-05 22:16:43.240 15553 15553 D SessionsDependencies: Subscriber CRASHLYTICS registered.
05-05 22:16:43.257 14472 14477 I app.secretspace: Background concurrent mark compact GC freed 23MB AllocSpace bytes, 95(16MB) LOS objects, 66% free, 15MB/47MB, paused 1.119ms,1.533ms total 105.836ms
05-05 22:16:43.257 15479 15538 D LifecycleServiceBinder: Binding service to application.
05-05 22:16:43.258 15553 15595 D SessionConfigFetcher: Fetching settings from server.
05-05 22:16:43.263 14472 14472 D SessionLifecycleService: Service bound to new client on process 15479
05-05 22:16:43.263 14472 14955 D SessionLifecycleService: Client android.os.Messenger@ca15546 bound at 9546803. Clients: 2
05-05 22:16:43.265 15479 15479 D SessionLifecycleClient: Connected to SessionLifecycleService. Queue size 0
05-05 22:16:43.266 15479 15506 I FirebaseCrashlytics: No version control information found
05-05 22:16:43.269 15479 15479 D SessionLifecycleClient: Session update received: 926e989e81ba45acb107e43f4188de9b
05-05 22:16:43.270 15479 15540 D SessionLifecycleClient: Notified CRASHLYTICS of new session 926e989e81ba45acb107e43f4188de9b
05-05 22:16:43.383 15428 15437 D ChimeraServiceProvider: query: content://com.google.android.gms.chimera/api_force_staging/com.google.android.gms.m easurement.dynamite?requestStartTime=9593036
05-05 22:16:43.385 15553 15591 W DynamiteModule: Failed to retrieve remote module version.
05-05 22:16:43.402 15553 15591 D nativeloader: Configuring clns-6 for other apk /system/framework/com.android.location.provider.jar. target_sdk_version=29, uses_libraries=ALL, library_path=/data/user/0/com.hello.miheapp.secretspace/sandbox/data/app/ com.google.android.gms/lib:/data/user/0/com.hello.miheapp.secretspace/sandbox/ data/app/com.google.android.gms/base.apk!/lib/arm64-v8a, permitted_path=/data:/mnt/expand:/data/user/0/com.hello.miheapp.secretspace/ sandbox/data/user/0/com.google.android.gms
05-05 22:16:43.433 15553 15553 I FirebaseApp: FirebaseApp initialization successful
05-05 22:16:43.454 15553 15553 W CheckTime: App running slow: Executing handleBindApplication : callApplicationOnCreate took 486ms
05-05 22:16:43.473 15553 15553 D nativeloader: Load /data/app/~~Tpyr0WMEgNxWZIHS2R81Zg==/com.hello.miheapp.secretspace- PTMVJuPpnuiObgseG0OLaQ==/split_config.arm64_v8a.apk!/lib/arm64-v8a/libsandbox.so using ns clns-5 from class loader (caller=/data/app/~~Tpyr0WMEgNxWZIHS2R81Zg==/com.hello.miheapp.secretspace- PTMVJuPpnuiObgseG0OLaQ==/base.apk): ok
05-05 22:16:43.473 15553 15553 D NativeCore: NativeCore init.
05-05 22:16:43.473 15553 15553 D NativeCore: found art method entrypoint jni offset: 2
05-05 22:16:43.474 15553 15553 D NativeCore: not found art method match access flags offset , use default: 4
05-05 22:16:43.483 15553 15591 D nativeloader: Configuring clns-7 for other apk /data/user/0/com.hello.miheapp.secretspace/sandbox/data/app/com.google.android.gms/ base.apk. target_sdk_version=29, uses_libraries=, library_path=/data/user/0/com.hello.miheapp.secretspace/sandbox/data/app/ com.google.android.gms/lib:/data/user/0/com.hello.miheapp.secretspace/sandbox/ data/app/com.google.android.gms/base.apk!/lib/arm64-v8a, permitted_path=/data:/mnt/expand:/data/user/0/com.hello.miheapp.secretspace/ sandbox/data/user/0/com.google.android.gms
05-05 22:16:43.485 15553 15591 W DynamiteModule: IDynamite loader version = 2, no high precision latency measurement.
05-05 22:16:43.486 15553 15591 I DynamiteModule: Considering local module com.google.android.gms.measurement.dynamite:100 and remote module com.google.android.gms.measurement.dynamite:98
05-05 22:16:43.486 15553 15591 I DynamiteModule: Selected local version of com.google.android.gms.measurement.dynamite
05-05 22:16:43.491 15553 15591 W DynamiteModule: IDynamite loader version = 2, no high precision latency measurement.
05-05 22:16:43.547 15553 15553 E NativeCore: not native method
05-05 22:16:43.547 15553 15553 E NativeCore: check flags error. class:java/io/UnixFileSystem, method:canonicalize0
05-05 22:16:43.547 15553 15553 D NativeCore: register class:java/io/UnixFileSystem, method:getBooleanAttributes0 success!
05-05 22:16:43.547 15553 15553 D NativeCore: register class:java/io/UnixFileSystem, method:getLastModifiedTime0 success!
05-05 22:16:43.547 15553 15553 D NativeCore: register class:java/io/UnixFileSystem, method:setPermission0 success!
05-05 22:16:43.547 15553 15553 D NativeCore: register class:java/io/UnixFileSystem, method:createFileExclusively0 success!
05-05 22:16:43.547 15553 15553 D NativeCore: register class:java/io/UnixFileSystem, method:list0 success!
05-05 22:16:43.547 15553 15553 D NativeCore: register class:java/io/UnixFileSystem, method:createDirectory0 success!
05-05 22:16:43.547 15553 15553 D NativeCore: register class:java/io/UnixFileSystem, method:setLastModifiedTime0 success!
05-05 22:16:43.547 15553 15553 D NativeCore: register class:java/io/UnixFileSystem, method:setReadOnly0 success!
05-05 22:16:43.547 15553 15553 D NativeCore: register class:java/io/UnixFileSystem, method:getSpace0 success!
05-05 22:16:43.547 15553 15553 D NativeCore: register class:java/lang/VMClassLoader, method:findLoadedClass success!
05-05 22:16:43.547 15553 15553 D NativeCore: register class:android/os/Binder, method:getCallingUid success!
05-05 22:16:43.548 15553 15553 D NativeCore: register class:dalvik/system/VMRuntime, method:setHiddenApiExemptions success!
05-05 22:16:43.564 15553 15553 D NetworkSecurityConfig: Using Network Security Config from resource network_security_config debugBuild: false
05-05 22:16:43.565 15553 15553 D NetworkSecurityConfig: Using Network Security Config from resource network_security_config debugBuild: false
05-05 22:16:43.575 15553 15611 I FA : App measurement initialized, version: 84002
05-05 22:16:43.576 15553 15611 I FA : To enable debug logging run: adb shell setprop log.tag.FA VERBOSE
05-05 22:16:43.576 15553 15611 I FA : To enable faster debug mode event logging run:
05-05 22:16:43.576 15553 15611 I FA : adb shell setprop debug.firebase.analytics.app com.hello.miheapp.secretspace
05-05 22:16:43.622 15553 15611 D CompatibilityChangeReporter: Compat change id reported: 183155436; UID 10202; state: ENABLED
05-05 22:16:43.628 15553 15553 I MultiDex: VM with version 2.1.0 has multidex support
05-05 22:16:43.629 15553 15553 I MultiDex: Installing application
05-05 22:16:43.629 15553 15553 I MultiDex: VM has multidex support, MultiDex support library is disabled.
05-05 22:16:43.630 15553 15611 W FA : Table has extra columns. table, columns: messages, app_version, app_version_int
05-05 22:16:43.642 15553 15553 D CompatibilityChangeReporter: Compat change id reported: 183155436; UID 10001; state: ENABLED
05-05 22:16:43.651 14472 14477 I app.secretspace: Background concurrent mark compact GC freed 29MB AllocSpace bytes, 72(8348KB) LOS objects, 66% free, 23MB/70MB, paused 1.320ms,1.647ms total 110.918ms
05-05 22:16:43.651 14472 14493 I gralloc4: unregister: id=29e00001b30, vaddr=0x778adb7000
05-05 22:16:43.651 15428 15428 D WM-RescheduleReceiver: Received intent Intent { act=android.intent.action.BOOT_COMPLETED }
05-05 22:16:43.652 15428 15428 E WM-RescheduleReceiver: Cannot reschedule jobs. WorkManager needs to be initialized via a ContentProvider#onCreate() or an Application#onCreate().
05-05 22:16:43.652 15428 15428 E WM-RescheduleReceiver: java.lang.IllegalStateException: WorkManager is not initialized properly. You have explicitly disabled WorkManagerInitializer in your manifest, have not manually called WorkManager#initialize at this point, and your Application does not implement Configuration.Provider.
05-05 22:16:43.652 15428 15428 E WM-RescheduleReceiver: at i1.j.j(SourceFile:1)
05-05 22:16:43.652 15428 15428 E WM-RescheduleReceiver: at androidx.work.impl.background.systemalarm.RescheduleReceiver.onReceive(Unknown Source:29)
05-05 22:16:43.652 15428 15428 E WM-RescheduleReceiver: at com.hello.sandbox.app.BActivityThread.lambda$scheduleReceiver$4(BActivityThread.jav a:9)
05-05 22:16:43.652 15428 15428 E WM-RescheduleReceiver: at com.hello.sandbox.app.BActivityThread.N1(Unknown Source:0)
05-05 22:16:43.652 15428 15428 E WM-RescheduleReceiver: at com.appsflyer.internal.o.run(Unknown Source:14)
05-05 22:16:43.652 15428 15428 E WM-RescheduleReceiver: at android.os.Handler.handleCallback(Handler.java:942)
05-05 22:16:43.652 15428 15428 E WM-RescheduleReceiver: at android.os.Handler.dispatchMessage(Handler.java:99)
05-05 22:16:43.652 15428 15428 E WM-RescheduleReceiver: at android.os.Looper.loopOnce(Looper.java:201)
05-05 22:16:43.652 15428 15428 E WM-RescheduleReceiver: at android.os.Looper.loop(Looper.java:288)
05-05 22:16:43.652 15428 15428 E WM-RescheduleReceiver: at android.app.ActivityThread.main(ActivityThread.java:8061)
05-05 22:16:43.652 15428 15428 E WM-RescheduleReceiver: at java.lang.reflect.Method.invoke(Native Method)
05-05 22:16:43.652 15428 15428 E WM-RescheduleReceiver: at com.android.internal.os.RuntimeInit$MethodAndArgsCaller.run(RuntimeInit.java:703)
