05-05 22:18:20.498 14472 14472 D VRI[AppLockActivity]: performTraversals relayoutWindow: maybeSyncSeqId=-1 ,mSyncSeqId=0 ,relayoutResult=3
05-05 22:18:20.505 14472 17507 I gralloc4: register: id=29e00001b95, vaddr=0x74e929e000
05-05 22:18:20.509 14472 17507 I gralloc4: register: id=29e00001b96, vaddr=0x74e6769000
05-05 22:18:20.512 14472 17507 I gralloc4: register: id=29e00001b97, vaddr=0x74d919c000
05-05 22:18:20.515 14472 14909 W Parcel : Expecting binder but got null!
05-05 22:18:29.548 14472 14505 D SessionLifecycleClient: Sending lifecycle 2 to service
05-05 22:18:29.549 14472 14955 D SessionLifecycleService: Activity backgrounding at 9653088
05-05 22:18:29.570 14472 14909 I gralloc4: unregister: id=29e00001b95, vaddr=0x74e929e000
05-05 22:18:29.572 14472 14909 I gralloc4: unregister: id=29e00001b97, vaddr=0x74d919c000
05-05 22:18:29.581 14472 14472 D VRI[AppLockActivity]: performTraversals relayoutWindow: maybeSyncSeqId=-1 ,mSyncSeqId=0 ,relayoutResult=2
05-05 22:18:29.584 14472 14472 I gralloc4: unregister: id=29e00001b96, vaddr=0x74e6769000
05-05 22:18:29.603 14472 14472 D VRI[AppLockActivity]: performTraversals relayoutWindow: maybeSyncSeqId=-1 ,mSyncSeqId=0 ,relayoutResult=2
05-05 22:18:31.580 14472 14508 I FA : Application backgrounded at: timestamp_millis: 1746462809575
05-05 22:18:32.599 14472 14472 W System.err: android.content.pm.PackageManager$NameNotFoundException: com.android.permission.GET_INSTALLED_APPS
05-05 22:18:32.599 14472 14472 W System.err: at android.app.ApplicationPackageManager.getPermissionInfo(ApplicationPackageManager.j ava:432)
05-05 22:18:32.599 14472 14472 W System.err: at dc.d.c(GetInstalledAppsPermissionCompat.java:1)
05-05 22:18:32.599 14472 14472 W System.err: at dc.d.a(GetInstalledAppsPermissionCompat.java:1)
05-05 22:18:32.599 14472 14472 W System.err: at dc.m.b(PermissionDelegateImplV19.java:4)
05-05 22:18:32.599 14472 14472 W System.err: at dc.n.b(PermissionDelegateImplV21.java:3)
05-05 22:18:32.599 14472 14472 W System.err: at dc.o.b(PermissionDelegateImplV23.java:44)
05-05 22:18:32.599 14472 14472 W System.err: at dc.p.b(PermissionDelegateImplV26.java:7)
05-05 22:18:32.599 14472 14472 W System.err: at dc.q.b(PermissionDelegateImplV28.java:3)
05-05 22:18:32.599 14472 14472 W System.err: at dc.r.b(PermissionDelegateImplV29.java:9)
05-05 22:18:32.599 14472 14472 W System.err: at dc.s.b(PermissionDelegateImplV30.java:3)
05-05 22:18:32.599 14472 14472 W System.err: at dc.t.b(PermissionDelegateImplV31.java:6)
05-05 22:18:32.599 14472 14472 W System.err: at dc.u.b(PermissionDelegateImplV33.java:15)
05-05 22:18:32.599 14472 14472 W System.err: at dc.i.b(Unknown Source:2)
05-05 22:18:32.599 14472 14472 W System.err: at dc.i.c(PermissionApi.java:3)
05-05 22:18:32.599 14472 14472 W System.err: at dc.d0.a(XXPermissions.java:2)
05-05 22:18:32.599 14472 14472 W System.err: at com.hello.sandbox.ui.splash.SplashAct.onCreate(SplashAct.kt:4)
05-05 22:18:32.599 14472 14472 W System.err: at android.app.Activity.performCreate(Activity.java:8328)
05-05 22:18:32.599 14472 14472 W System.err: at android.app.Activity.performCreate(Activity.java:8307)
05-05 22:18:32.599 14472 14472 W System.err: at android.app.Instrumentation.callActivityOnCreate(Instrumentation.java:1384)
05-05 22:18:32.599 14472 14472 W System.err: at android.app.ActivityThread.performLaunchActivity(ActivityThread.java:3750)
05-05 22:18:32.599 14472 14472 W System.err: at android.app.ActivityThread.handleLaunchActivity(ActivityThread.java:3907)
05-05 22:18:32.599 14472 14472 W System.err: at android.app.servertransaction.LaunchActivityItem.execute(LaunchActivityItem.java:10 1)
05-05 22:18:32.599 14472 14472 W System.err: at android.app.servertransaction.TransactionExecutor.executeCallbacks(TransactionExecu tor.java:137)
05-05 22:18:32.599 14472 14472 W System.err: at android.app.servertransaction.TransactionExecutor.execute(TransactionExecutor.java: 97)
05-05 22:18:32.599 14472 14472 W System.err: at android.app.ActivityThread$H.handleMessage(ActivityThread.java:2393)
05-05 22:18:32.599 14472 14472 W System.err: at android.os.Handler.dispatchMessage(Handler.java:106)
05-05 22:18:32.599 14472 14472 W System.err: at android.os.Looper.loopOnce(Looper.java:201)
05-05 22:18:32.599 14472 14472 W System.err: at android.os.Looper.loop(Looper.java:288)
05-05 22:18:32.599 14472 14472 W System.err: at android.app.ActivityThread.main(ActivityThread.java:8061)
05-05 22:18:32.599 14472 14472 W System.err: at java.lang.reflect.Method.invoke(Native Method)
05-05 22:18:32.599 14472 14472 W System.err: at com.android.internal.os.RuntimeInit$MethodAndArgsCaller.run(RuntimeInit.java:703)
05-05 22:18:32.599 14472 14472 W System.err: at com.android.internal.os.ZygoteInit.main(ZygoteInit.java:923)
05-05 22:18:32.600 14472 14472 W System.err: android.provider.Settings$SettingNotFoundException: oem_installed_apps_runtime_permission_enable
05-05 22:18:32.600 14472 14472 W System.err: at android.provider.Settings.parseIntSetting(Settings.java:3533)
05-05 22:18:32.600 14472 14472 W System.err: at android.provider.Settings.-$ $Nest$smparseIntSetting(Unknown Source:0)
05-05 22:18:32.600 14472 14472 W System.err: at android.provider.Settings$Secure.getIntForUser(Settings.java:6450)
05-05 22:18:32.600 14472 14472 W System.err: at android.provider.Settings$Secure.getInt(Settings.java:6443)
05-05 22:18:32.600 14472 14472 W System.err: at dc.d.c(GetInstalledAppsPermissionCompat.java:6)
05-05 22:18:32.600 14472 14472 W System.err: at dc.d.a(GetInstalledAppsPermissionCompat.java:1)
05-05 22:18:32.600 14472 14472 W System.err: at dc.m.b(PermissionDelegateImplV19.java:4)
05-05 22:18:32.600 14472 14472 W System.err: at dc.n.b(PermissionDelegateImplV21.java:3)
05-05 22:18:32.600 14472 14472 W System.err: at dc.o.b(PermissionDelegateImplV23.java:44)
05-05 22:18:32.600 14472 14472 W System.err: at dc.p.b(PermissionDelegateImplV26.java:7)
05-05 22:18:32.600 14472 14472 W System.err: at dc.q.b(PermissionDelegateImplV28.java:3)
05-05 22:18:32.600 14472 14472 W System.err: at dc.r.b(PermissionDelegateImplV29.java:9)
05-05 22:18:32.600 14472 14472 W System.err: at dc.s.b(PermissionDelegateImplV30.java:3)
05-05 22:18:32.600 14472 14472 W System.err: at dc.t.b(PermissionDelegateImplV31.java:6)
05-05 22:18:32.600 14472 14472 W System.err: at dc.u.b(PermissionDelegateImplV33.java:15)
05-05 22:18:32.600 14472 14472 W System.err: at dc.i.b(Unknown Source:2)
05-05 22:18:32.600 14472 14472 W System.err: at dc.i.c(PermissionApi.java:3)
05-05 22:18:32.600 14472 14472 W System.err: at dc.d0.a(XXPermissions.java:2)
05-05 22:18:32.600 14472 14472 W System.err: at com.hello.sandbox.ui.splash.SplashAct.onCreate(SplashAct.kt:4)
05-05 22:18:32.600 14472 14472 W System.err: at android.app.Activity.performCreate(Activity.java:8328)
05-05 22:18:32.600 14472 14472 W System.err: at android.app.Activity.performCreate(Activity.java:8307)
05-05 22:18:32.600 14472 14472 W System.err: at android.app.Instrumentation.callActivityOnCreate(Instrumentation.java:1384)
05-05 22:18:32.600 14472 14472 W System.err: at android.app.ActivityThread.performLaunchActivity(ActivityThread.java:3750)
05-05 22:18:32.600 14472 14472 W System.err: at android.app.ActivityThread.handleLaunchActivity(ActivityThread.java:3907)
05-05 22:18:32.600 14472 14472 W System.err: at android.app.servertransaction.LaunchActivityItem.execute(LaunchActivityItem.java:10 1)
05-05 22:18:32.600 14472 14472 W System.err: at android.app.servertransaction.TransactionExecutor.executeCallbacks(TransactionExecu tor.java:137)
05-05 22:18:32.600 14472 14472 W System.err: at android.app.servertransaction.TransactionExecutor.execute(TransactionExecutor.java: 97)
05-05 22:18:32.600 14472 14472 W System.err: at android.app.ActivityThread$H.handleMessage(ActivityThread.java:2393)
05-05 22:18:32.600 14472 14472 W System.err: at android.os.Handler.dispatchMessage(Handler.java:106)
05-05 22:18:32.600 14472 14472 W System.err: at android.os.Looper.loopOnce(Looper.java:201)
05-05 22:18:32.600 14472 14472 W System.err: at android.os.Looper.loop(Looper.java:288)
05-05 22:18:32.600 14472 14472 W System.err: at android.app.ActivityThread.main(ActivityThread.java:8061)
05-05 22:18:32.600 14472 14472 W System.err: at java.lang.reflect.Method.invoke(Native Method)
05-05 22:18:32.600 14472 14472 W System.err: at com.android.internal.os.RuntimeInit$MethodAndArgsCaller.run(RuntimeInit.java:703)
05-05 22:18:32.600 14472 14472 W System.err: at com.android.internal.os.ZygoteInit.main(ZygoteInit.java:923)
05-05 22:18:32.610 14472 14472 W System.err: java.io.FileNotFoundException: /system/build.prop: open failed: EACCES (Permission denied)
05-05 22:18:32.611 14472 14472 W System.err: at libcore.io.IoBridge.open(IoBridge.java:574)
05-05 22:18:32.611 14472 14472 W System.err: at java.io.FileInputStream.<init>(FileInputStream.java:179)
05-05 22:18:32.611 14472 14472 W System.err: at dc.b0.c(PhoneRomUtils.java:13)
05-05 22:18:32.611 14472 14472 W System.err: at dc.b0.e(Unknown Source:2)
05-05 22:18:32.611 14472 14472 W System.err: at dc.d.a(GetInstalledAppsPermissionCompat.java:4)
05-05 22:18:32.611 14472 14472 W System.err: at dc.m.b(PermissionDelegateImplV19.java:4)
05-05 22:18:32.611 14472 14472 W System.err: at dc.n.b(PermissionDelegateImplV21.java:3)
05-05 22:18:32.611 14472 14472 W System.err: at dc.o.b(PermissionDelegateImplV23.java:44)
05-05 22:18:32.611 14472 14472 W System.err: at dc.p.b(PermissionDelegateImplV26.java:7)
05-05 22:18:32.611 14472 14472 W System.err: at dc.q.b(PermissionDelegateImplV28.java:3)
05-05 22:18:32.611 14472 14472 W System.err: at dc.r.b(PermissionDelegateImplV29.java:9)
05-05 22:18:32.611 14472 14472 W System.err: at dc.s.b(PermissionDelegateImplV30.java:3)
05-05 22:18:32.611 14472 14472 W System.err: at dc.t.b(PermissionDelegateImplV31.java:6)
05-05 22:18:32.611 14472 14472 W System.err: at dc.u.b(PermissionDelegateImplV33.java:15)
05-05 22:18:32.611 14472 14472 W System.err: at dc.i.b(Unknown Source:2)
05-05 22:18:32.611 14472 14472 W System.err: at dc.i.c(PermissionApi.java:3)
05-05 22:18:32.611 14472 14472 W System.err: at dc.d0.a(XXPermissions.java:2)
05-05 22:18:32.611 14472 14472 W System.err: at com.hello.sandbox.ui.splash.SplashAct.onCreate(SplashAct.kt:4)
05-05 22:18:32.611 14472 14472 W System.err: at android.app.Activity.performCreate(Activity.java:8328)
05-05 22:18:32.611 14472 14472 W System.err: at android.app.Activity.performCreate(Activity.java:8307)
05-05 22:18:32.611 14472 14472 W System.err: at android.app.Instrumentation.callActivityOnCreate(Instrumentation.java:1384)
05-05 22:18:32.611 14472 14472 W System.err: at android.app.ActivityThread.performLaunchActivity(ActivityThread.java:3750)
05-05 22:18:32.611 14472 14472 W System.err: at android.app.ActivityThread.handleLaunchActivity(ActivityThread.java:3907)
05-05 22:18:32.611 14472 14472 W System.err: at android.app.servertransaction.LaunchActivityItem.execute(LaunchActivityItem.java:10 1)
05-05 22:18:32.611 14472 14472 W System.err: at android.app.servertransaction.TransactionExecutor.executeCallbacks(TransactionExecu tor.java:137)
05-05 22:18:32.611 14472 14472 W System.err: at android.app.servertransaction.TransactionExecutor.execute(TransactionExecutor.java: 97)
05-05 22:18:32.611 14472 14472 W System.err: at android.app.ActivityThread$H.handleMessage(ActivityThread.java:2393)
05-05 22:18:32.611 14472 14472 W System.err: at android.os.Handler.dispatchMessage(Handler.java:106)
05-05 22:18:32.611 14472 14472 W System.err: at android.os.Looper.loopOnce(Looper.java:201)
05-05 22:18:32.611 14472 14472 W System.err: at android.os.Looper.loop(Looper.java:288)
05-05 22:18:32.611 14472 14472 W System.err: at android.app.ActivityThread.main(ActivityThread.java:8061)
05-05 22:18:32.611 14472 14472 W System.err: at java.lang.reflect.Method.invoke(Native Method)
05-05 22:18:32.611 14472 14472 W System.err: at com.android.internal.os.RuntimeInit$MethodAndArgsCaller.run(RuntimeInit.java:703)
05-05 22:18:32.611 14472 14472 W System.err: at com.android.internal.os.ZygoteInit.main(ZygoteInit.java:923)
05-05 22:18:32.611 14472 14472 W System.err: Caused by: android.system.ErrnoException: open failed: EACCES (Permission denied)
05-05 22:18:32.611 14472 14472 W System.err: at libcore.io.Linux.open(Native Method)
05-05 22:18:32.611 14472 14472 W System.err: at libcore.io.ForwardingOs.open(ForwardingOs.java:563)
05-05 22:18:32.611 14472 14472 W System.err: at libcore.io.BlockGuardOs.open(BlockGuardOs.java:274)
05-05 22:18:32.611 14472 14472 W System.err: at libcore.io.ForwardingOs.open(ForwardingOs.java:563)
05-05 22:18:32.611 14472 14472 W System.err: at android.app.ActivityThread$AndroidOs.open(ActivityThread.java:7919)
05-05 22:18:32.611 14472 14472 W System.err: at libcore.io.IoBridge.open(IoBridge.java:560)
05-05 22:18:32.611 14472 14472 W System.err: ... 33 more
05-05 22:18:32.709 14472 14505 D SessionLifecycleClient: Sending lifecycle 1 to service
05-05 22:18:32.710 14472 14955 D SessionLifecycleService: Activity foregrounding at 9656249.
05-05 22:18:32.747 14472 14472 D VRI[AppLockActivity]: performTraversals relayoutWindow: maybeSyncSeqId=-1 ,mSyncSeqId=0 ,relayoutResult=3
05-05 22:18:32.760 14472 17614 I gralloc4: register: id=29e00001ba2, vaddr=0x74e6769000
05-05 22:18:32.763 14472 17614 I gralloc4: register: id=29e00001ba3, vaddr=0x74da37e000
05-05 22:18:32.768 14472 17614 I gralloc4: register: id=29e00001ba4, vaddr=0x74d919c000
05-05 22:18:32.783 14472 14909 W Parcel : Expecting binder but got null!
05-05 22:18:32.918 14472 14477 I app.secretspace: Background concurrent mark compact GC freed 15MB AllocSpace bytes, 62(11MB) LOS objects, 66% free, 12MB/37MB, paused 1.114ms,2.171ms total 147.800ms
05-05 22:18:41.301 14472 14472 D androidtc: Initializing SystemTextClassifier, type = System
05-05 22:18:41.304 14472 14472 W androidtc: TextClassifier called on main thread
05-05 22:18:41.305 14472 14472 D androidtc: Initializing SystemTextClassifier, type = System
05-05 22:18:41.647 14472 14472 W androidtc: TextClassifier called on main thread
05-05 22:18:41.673 14472 14472 D VRI[PopupWindow:411b2c3]: performTraversals relayoutWindow: maybeSyncSeqId=-1 ,mSyncSeqId=0 ,relayoutResult=3
05-05 22:18:41.677 14472 17618 I gralloc4: register: id=29e00001ba5, vaddr=0x74e9fca000
05-05 22:18:41.679 14472 17618 I gralloc4: register: id=29e00001ba6, vaddr=0x74e9f3f000
05-05 22:18:41.680 14472 17618 I gralloc4: register: id=29e00001ba7, vaddr=0x74e9eb4000
05-05 22:18:41.687 14472 14909 W Parcel : Expecting binder but got null!
05-05 22:18:41.699 14472 14472 D VRI[PopupWindow:3aa4135]: performTraversals relayoutWindow: maybeSyncSeqId=-1 ,mSyncSeqId=0 ,relayoutResult=3
05-05 22:18:41.703 14472 17619 I gralloc4: register: id=29e00001ba8, vaddr=0x77a0c01000
05-05 22:18:41.704 14472 17619 I gralloc4: register: id=29e00001ba9, vaddr=0x779d7bc000
05-05 22:18:41.706 14472 17619 I gralloc4: register: id=29e00001baa, vaddr=0x779c329000
05-05 22:18:41.710 14472 14909 W Parcel : Expecting binder but got null!
05-05 22:18:41.718 14472 14472 D VRI[PopupWindow:8e80896]: performTraversals relayoutWindow: maybeSyncSeqId=-1 ,mSyncSeqId=0 ,relayoutResult=3
05-05 22:18:41.722 14472 17620 I gralloc4: register: id=29e00001bab, vaddr=0x779c27e000
05-05 22:18:41.722 14472 17620 I gralloc4: register: id=29e00001bac, vaddr=0x779c139000
05-05 22:18:41.723 14472 17620 I gralloc4: register: id=29e00001bad, vaddr=0x779c0e6000
05-05 22:18:41.727 14472 14909 W Parcel : Expecting binder but got null!
05-05 22:18:43.064 14472 14909 I gralloc4: unregister: id=29e00001ba5, vaddr=0x74e9fca000
05-05 22:18:43.066 14472 15040 I gralloc4: unregister: id=29e00001ba7, vaddr=0x74e9eb4000
05-05 22:18:43.068 14472 15040 I gralloc4: unregister: id=29e00001ba6, vaddr=0x74e9f3f000
05-05 22:18:43.095 14472 14472 D androidtc: Initializing SystemTextClassifier, type = System
05-05 22:18:43.134 14472 14472 D VRI[PopupWindow:3aa4135]: performTraversals relayoutWindow: maybeSyncSeqId=-1 ,mSyncSeqId=0 ,relayoutResult=0
05-05 22:18:43.139 14472 14472 D VRI[PopupWindow:8e80896]: performTraversals relayoutWindow: maybeSyncSeqId=-1 ,mSyncSeqId=0 ,relayoutResult=0
05-05 22:18:43.152 14472 14472 D VRI[PopupWindow:3aa4135]: performTraversals relayoutWindow: maybeSyncSeqId=-1 ,mSyncSeqId=0 ,relayoutResult=0
05-05 22:18:43.156 14472 14472 D VRI[PopupWindow:8e80896]: performTraversals relayoutWindow: maybeSyncSeqId=-1 ,mSyncSeqId=0 ,relayoutResult=0
05-05 22:18:43.193 14472 14472 D VRI[PopupWindow:3aa4135]: performTraversals relayoutWindow: maybeSyncSeqId=-1 ,mSyncSeqId=0 ,relayoutResult=0
05-05 22:18:43.199 14472 14472 D VRI[PopupWindow:8e80896]: performTraversals relayoutWindow: maybeSyncSeqId=-1 ,mSyncSeqId=0 ,relayoutResult=0
05-05 22:18:43.208 14472 14472 D VRI[PopupWindow:3aa4135]: performTraversals relayoutWindow: maybeSyncSeqId=-1 ,mSyncSeqId=0 ,relayoutResult=0
05-05 22:18:43.214 14472 14472 D VRI[PopupWindow:8e80896]: performTraversals relayoutWindow: maybeSyncSeqId=-1 ,mSyncSeqId=0 ,relayoutResult=0
05-05 22:18:43.236 14472 14472 D VRI[PopupWindow:3aa4135]: performTraversals relayoutWindow: maybeSyncSeqId=-1 ,mSyncSeqId=0 ,relayoutResult=0
05-05 22:18:43.241 14472 14472 D VRI[PopupWindow:8e80896]: performTraversals relayoutWindow: maybeSyncSeqId=-1 ,mSyncSeqId=0 ,relayoutResult=0
05-05 22:18:43.252 14472 14472 D VRI[PopupWindow:3aa4135]: performTraversals relayoutWindow: maybeSyncSeqId=-1 ,mSyncSeqId=0 ,relayoutResult=0
05-05 22:18:43.257 14472 14472 D VRI[PopupWindow:8e80896]: performTraversals relayoutWindow: maybeSyncSeqId=-1 ,mSyncSeqId=0 ,relayoutResult=0
05-05 22:18:43.266 14472 14472 D VRI[PopupWindow:3aa4135]: performTraversals relayoutWindow: maybeSyncSeqId=-1 ,mSyncSeqId=0 ,relayoutResult=0
05-05 22:18:43.272 14472 14472 D VRI[PopupWindow:8e80896]: performTraversals relayoutWindow: maybeSyncSeqId=-1 ,mSyncSeqId=0 ,relayoutResult=0
05-05 22:18:43.283 14472 14472 D VRI[PopupWindow:3aa4135]: performTraversals relayoutWindow: maybeSyncSeqId=-1 ,mSyncSeqId=0 ,relayoutResult=0
05-05 22:18:43.288 14472 14472 D VRI[PopupWindow:8e80896]: performTraversals relayoutWindow: maybeSyncSeqId=-1 ,mSyncSeqId=0 ,relayoutResult=0
05-05 22:18:43.317 14472 14472 D VRI[PopupWindow:3aa4135]: performTraversals relayoutWindow: maybeSyncSeqId=-1 ,mSyncSeqId=0 ,relayoutResult=0
05-05 22:18:43.322 14472 14472 D VRI[PopupWindow:8e80896]: performTraversals relayoutWindow: maybeSyncSeqId=-1 ,mSyncSeqId=0 ,relayoutResult=0
05-05 22:18:43.335 14472 14472 D VRI[PopupWindow:3aa4135]: performTraversals relayoutWindow: maybeSyncSeqId=-1 ,mSyncSeqId=0 ,relayoutResult=0
05-05 22:18:43.339 14472 14472 D VRI[PopupWindow:8e80896]: performTraversals relayoutWindow: maybeSyncSeqId=-1 ,mSyncSeqId=0 ,relayoutResult=0
05-05 22:18:43.350 14472 14472 D VRI[PopupWindow:3aa4135]: performTraversals relayoutWindow: maybeSyncSeqId=-1 ,mSyncSeqId=0 ,relayoutResult=0
05-05 22:18:43.354 14472 14472 D VRI[PopupWindow:8e80896]: performTraversals relayoutWindow: maybeSyncSeqId=-1 ,mSyncSeqId=0 ,relayoutResult=0
05-05 22:18:43.367 14472 14472 D VRI[PopupWindow:3aa4135]: performTraversals relayoutWindow: maybeSyncSeqId=-1 ,mSyncSeqId=0 ,relayoutResult=0
05-05 22:18:43.373 14472 14472 D VRI[PopupWindow:8e80896]: performTraversals relayoutWindow: maybeSyncSeqId=-1 ,mSyncSeqId=0 ,relayoutResult=0
05-05 22:18:43.385 14472 14472 D VRI[PopupWindow:3aa4135]: performTraversals relayoutWindow: maybeSyncSeqId=-1 ,mSyncSeqId=0 ,relayoutResult=0
05-05 22:18:43.389 14472 14472 D VRI[PopupWindow:8e80896]: performTraversals relayoutWindow: maybeSyncSeqId=-1 ,mSyncSeqId=0 ,relayoutResult=0
05-05 22:18:43.401 14472 14472 D VRI[PopupWindow:3aa4135]: performTraversals relayoutWindow: maybeSyncSeqId=-1 ,mSyncSeqId=0 ,relayoutResult=0
05-05 22:18:43.406 14472 14472 D VRI[PopupWindow:8e80896]: performTraversals relayoutWindow: maybeSyncSeqId=-1 ,mSyncSeqId=0 ,relayoutResult=0
05-05 22:18:43.417 14472 14472 D VRI[PopupWindow:3aa4135]: performTraversals relayoutWindow: maybeSyncSeqId=-1 ,mSyncSeqId=0 ,relayoutResult=0
05-05 22:18:43.423 14472 14472 D VRI[PopupWindow:8e80896]: performTraversals relayoutWindow: maybeSyncSeqId=-1 ,mSyncSeqId=0 ,relayoutResult=0
05-05 22:18:43.434 14472 14472 D VRI[PopupWindow:3aa4135]: performTraversals relayoutWindow: maybeSyncSeqId=-1 ,mSyncSeqId=0 ,relayoutResult=0
05-05 22:18:43.438 14472 14472 D VRI[PopupWindow:8e80896]: performTraversals relayoutWindow: maybeSyncSeqId=-1 ,mSyncSeqId=0 ,relayoutResult=0
05-05 22:18:43.450 14472 14472 D VRI[PopupWindow:3aa4135]: performTraversals relayoutWindow: maybeSyncSeqId=-1 ,mSyncSeqId=0 ,relayoutResult=0
05-05 22:18:43.455 14472 14472 D VRI[PopupWindow:8e80896]: performTraversals relayoutWindow: maybeSyncSeqId=-1 ,mSyncSeqId=0 ,relayoutResult=0
05-05 22:18:43.468 14472 14472 D VRI[PopupWindow:3aa4135]: performTraversals relayoutWindow: maybeSyncSeqId=-1 ,mSyncSeqId=0 ,relayoutResult=0
05-05 22:18:43.472 14472 14472 D VRI[PopupWindow:8e80896]: performTraversals relayoutWindow: maybeSyncSeqId=-1 ,mSyncSeqId=0 ,relayoutResult=0
05-05 22:18:43.484 14472 14472 D VRI[PopupWindow:3aa4135]: performTraversals relayoutWindow: maybeSyncSeqId=-1 ,mSyncSeqId=0 ,relayoutResult=0
05-05 22:18:43.488 14472 14472 D VRI[PopupWindow:8e80896]: performTraversals relayoutWindow: maybeSyncSeqId=-1 ,mSyncSeqId=0 ,relayoutResult=0
05-05 22:18:43.550 14472 14472 D VRI[PopupWindow:411b2c3]: performTraversals relayoutWindow: maybeSyncSeqId=-1 ,mSyncSeqId=0 ,relayoutResult=3
05-05 22:18:43.554 14472 17623 I gralloc4: register: id=29e00001bae, vaddr=0x74e9ecc000
05-05 22:18:43.555 14472 17623 I gralloc4: register: id=29e00001baf, vaddr=0x74e95b9000
05-05 22:18:43.556 14472 17623 I gralloc4: register: id=29e00001bb0, vaddr=0x74e952e000
05-05 22:18:43.566 14472 14909 W Parcel : Expecting binder but got null!
05-05 22:18:43.666 14472 14472 D VRI[PopupWindow:3aa4135]: performTraversals relayoutWindow: maybeSyncSeqId=-1 ,mSyncSeqId=0 ,relayoutResult=0
05-05 22:18:43.671 14472 14472 D VRI[PopupWindow:8e80896]: performTraversals relayoutWindow: maybeSyncSeqId=-1 ,mSyncSeqId=0 ,relayoutResult=0
05-05 22:18:43.676 14472 14472 D VRI[PopupWindow:411b2c3]: performTraversals relayoutWindow: maybeSyncSeqId=-1 ,mSyncSeqId=0 ,relayoutResult=0
05-05 22:18:43.691 14472 14472 D VRI[PopupWindow:3aa4135]: performTraversals relayoutWindow: maybeSyncSeqId=-1 ,mSyncSeqId=0 ,relayoutResult=0
05-05 22:18:43.695 14472 14472 D VRI[PopupWindow:8e80896]: performTraversals relayoutWindow: maybeSyncSeqId=-1 ,mSyncSeqId=0 ,relayoutResult=0
05-05 22:18:43.700 14472 14472 D VRI[PopupWindow:411b2c3]: performTraversals relayoutWindow: maybeSyncSeqId=-1 ,mSyncSeqId=0 ,relayoutResult=0
05-05 22:18:43.713 14472 14472 D VRI[PopupWindow:3aa4135]: performTraversals relayoutWindow: maybeSyncSeqId=-1 ,mSyncSeqId=0 ,relayoutResult=0
05-05 22:18:43.717 14472 14472 D VRI[PopupWindow:8e80896]: performTraversals relayoutWindow: maybeSyncSeqId=-1 ,mSyncSeqId=0 ,relayoutResult=0
05-05 22:18:43.721 14472 14472 D VRI[PopupWindow:411b2c3]: performTraversals relayoutWindow: maybeSyncSeqId=-1 ,mSyncSeqId=0 ,relayoutResult=0
05-05 22:18:43.734 14472 14472 D VRI[PopupWindow:3aa4135]: performTraversals relayoutWindow: maybeSyncSeqId=-1 ,mSyncSeqId=0 ,relayoutResult=0
05-05 22:18:43.738 14472 14472 D VRI[PopupWindow:8e80896]: performTraversals relayoutWindow: maybeSyncSeqId=-1 ,mSyncSeqId=0 ,relayoutResult=0
05-05 22:18:43.742 14472 14472 D VRI[PopupWindow:411b2c3]: performTraversals relayoutWindow: maybeSyncSeqId=-1 ,mSyncSeqId=0 ,relayoutResult=0
05-05 22:18:43.754 14472 14472 D VRI[PopupWindow:3aa4135]: performTraversals relayoutWindow: maybeSyncSeqId=-1 ,mSyncSeqId=0 ,relayoutResult=0
05-05 22:18:43.758 14472 14472 D VRI[PopupWindow:8e80896]: performTraversals relayoutWindow: maybeSyncSeqId=-1 ,mSyncSeqId=0 ,relayoutResult=0
05-05 22:18:43.763 14472 14472 D VRI[PopupWindow:411b2c3]: performTraversals relayoutWindow: maybeSyncSeqId=-1 ,mSyncSeqId=0 ,relayoutResult=0
05-05 22:18:43.815 14472 14472 D VRI[PopupWindow:3aa4135]: performTraversals relayoutWindow: maybeSyncSeqId=-1 ,mSyncSeqId=0 ,relayoutResult=0
05-05 22:18:43.819 14472 14472 D VRI[PopupWindow:8e80896]: performTraversals relayoutWindow: maybeSyncSeqId=-1 ,mSyncSeqId=0 ,relayoutResult=0
05-05 22:18:43.822 14472 14472 D VRI[PopupWindow:411b2c3]: performTraversals relayoutWindow: maybeSyncSeqId=-1 ,mSyncSeqId=0 ,relayoutResult=0
05-05 22:18:43.832 14472 14472 D VRI[PopupWindow:3aa4135]: performTraversals relayoutWindow: maybeSyncSeqId=-1 ,mSyncSeqId=0 ,relayoutResult=0
05-05 22:18:43.835 14472 14472 D VRI[PopupWindow:8e80896]: performTraversals relayoutWindow: maybeSyncSeqId=-1 ,mSyncSeqId=0 ,relayoutResult=0
05-05 22:18:43.839 14472 14472 D VRI[PopupWindow:411b2c3]: performTraversals relayoutWindow: maybeSyncSeqId=-1 ,mSyncSeqId=0 ,relayoutResult=0
05-05 22:18:43.848 14472 14472 D VRI[PopupWindow:3aa4135]: performTraversals relayoutWindow: maybeSyncSeqId=-1 ,mSyncSeqId=0 ,relayoutResult=0
05-05 22:18:43.852 14472 14472 D VRI[PopupWindow:8e80896]: performTraversals relayoutWindow: maybeSyncSeqId=-1 ,mSyncSeqId=0 ,relayoutResult=0
05-05 22:18:43.855 14472 14472 D VRI[PopupWindow:411b2c3]: performTraversals relayoutWindow: maybeSyncSeqId=-1 ,mSyncSeqId=0 ,relayoutResult=0
05-05 22:18:43.864 14472 14472 D VRI[PopupWindow:3aa4135]: performTraversals relayoutWindow: maybeSyncSeqId=-1 ,mSyncSeqId=0 ,relayoutResult=0
05-05 22:18:43.867 14472 14472 D VRI[PopupWindow:8e80896]: performTraversals relayoutWindow: maybeSyncSeqId=-1 ,mSyncSeqId=0 ,relayoutResult=0
05-05 22:18:43.871 14472 14472 D VRI[PopupWindow:411b2c3]: performTraversals relayoutWindow: maybeSyncSeqId=-1 ,mSyncSeqId=0 ,relayoutResult=0
05-05 22:18:43.882 14472 14472 D VRI[PopupWindow:3aa4135]: performTraversals relayoutWindow: maybeSyncSeqId=-1 ,mSyncSeqId=0 ,relayoutResult=0
05-05 22:18:43.885 14472 14472 D VRI[PopupWindow:8e80896]: performTraversals relayoutWindow: maybeSyncSeqId=-1 ,mSyncSeqId=0 ,relayoutResult=0
05-05 22:18:43.889 14472 14472 D VRI[PopupWindow:411b2c3]: performTraversals relayoutWindow: maybeSyncSeqId=-1 ,mSyncSeqId=0 ,relayoutResult=0
05-05 22:18:44.320 14472 14472 D VRI[PopupWindow:8e80896]: performTraversals relayoutWindow: maybeSyncSeqId=-1 ,mSyncSeqId=0 ,relayoutResult=0
05-05 22:18:44.350 14472 14472 D VRI[PopupWindow:8e80896]: performTraversals relayoutWindow: maybeSyncSeqId=-1 ,mSyncSeqId=0 ,relayoutResult=0
05-05 22:18:44.365 14472 14909 I gralloc4: unregister: id=29e00001baf, vaddr=0x74e95b9000
05-05 22:18:44.382 14472 15040 I gralloc4: unregister: id=29e00001bae, vaddr=0x74e9ecc000
05-05 22:18:44.383 14472 15040 I gralloc4: unregister: id=29e00001bb0, vaddr=0x74e952e000
05-05 22:18:44.399 14472 14472 D VRI[PopupWindow:8e80896]: performTraversals relayoutWindow: maybeSyncSeqId=-1 ,mSyncSeqId=0 ,relayoutResult=0
05-05 22:18:44.516 14472 14472 D VRI[PopupWindow:8e80896]: performTraversals relayoutWindow: maybeSyncSeqId=-1 ,mSyncSeqId=0 ,relayoutResult=0
05-05 22:18:45.116 14472 14472 D androidtc: Initializing SystemTextClassifier, type = System
05-05 22:18:45.445 14472 14472 D VRI[PopupWindow:411b2c3]: performTraversals relayoutWindow: maybeSyncSeqId=-1 ,mSyncSeqId=0 ,relayoutResult=3
05-05 22:18:45.449 14472 17625 I gralloc4: register: id=29e00001bb1, vaddr=0x74e9f0a000
05-05 22:18:45.450 14472 17625 I gralloc4: register: id=29e00001bb2, vaddr=0x74e9ebd000
05-05 22:18:45.450 14472 17625 I gralloc4: register: id=29e00001bb3, vaddr=0x74e95f7000
05-05 22:18:45.459 14472 14909 W Parcel : Expecting binder but got null!
05-05 22:18:46.337 14472 14909 I gralloc4: unregister: id=29e00001ba8, vaddr=0x77a0c01000
05-05 22:18:46.338 14472 14909 I gralloc4: unregister: id=29e00001ba9, vaddr=0x779d7bc000
05-05 22:18:46.339 14472 14472 I gralloc4: unregister: id=29e00001baa, vaddr=0x779c329000
05-05 22:18:46.350 14472 14909 I gralloc4: unregister: id=29e00001bac, vaddr=0x779c139000
05-05 22:18:46.350 14472 14909 I gralloc4: unregister: id=29e00001bab, vaddr=0x779c27e000
05-05 22:18:46.351 14472 14472 I gralloc4: unregister: id=29e00001bad, vaddr=0x779c0e6000
05-05 22:18:46.436 14472 14472 W androidtc: TextClassifier called on main thread
05-05 22:18:46.614 14472 14909 I gralloc4: unregister: id=29e00001bb1, vaddr=0x74e9f0a000
05-05 22:18:46.616 14472 16864 I gralloc4: unregister: id=29e00001bb3, vaddr=0x74e95f7000
05-05 22:18:46.617 14472 16864 I gralloc4: unregister: id=29e00001bb2, vaddr=0x74e9ebd000
05-05 22:18:49.463 14472 14472 D androidtc: Initializing SystemTextClassifier, type = System
05-05 22:18:49.465 14472 14472 W androidtc: TextClassifier called on main thread
05-05 22:18:49.465 14472 14472 D androidtc: Initializing SystemTextClassifier, type = System
05-05 22:18:49.517 14472 14472 W androidtc: TextClassifier called on main thread
05-05 22:18:49.545 14472 14472 D VRI[PopupWindow:72d403a]: performTraversals relayoutWindow: maybeSyncSeqId=-1 ,mSyncSeqId=0 ,relayoutResult=3
05-05 22:18:49.548 14472 17657 I gralloc4: register: id=29e00001bb4, vaddr=0x74ea01e000
05-05 22:18:49.549 14472 17657 I gralloc4: register: id=29e00001bb5, vaddr=0x74e9fe7000
05-05 22:18:49.550 14472 17657 I gralloc4: register: id=29e00001bb6, vaddr=0x74e9fb0000
05-05 22:18:49.553 14472 14909 W Parcel : Expecting binder but got null!
05-05 22:18:49.570 14472 14472 D VRI[PopupWindow:3aa4135]: performTraversals relayoutWindow: maybeSyncSeqId=-1 ,mSyncSeqId=0 ,relayoutResult=3
05-05 22:18:49.572 14472 17663 I gralloc4: register: id=29e00001bb7, vaddr=0x77a0c01000
05-05 22:18:49.573 14472 17663 I gralloc4: register: id=29e00001bb8, vaddr=0x779d7bc000
05-05 22:18:49.574 14472 17663 I gralloc4: register: id=29e00001bb9, vaddr=0x779c329000
05-05 22:18:49.576 14472 14909 W Parcel : Expecting binder but got null!
05-05 22:18:49.583 14472 14472 D VRI[PopupWindow:8e80896]: performTraversals relayoutWindow: maybeSyncSeqId=-1 ,mSyncSeqId=0 ,relayoutResult=3
05-05 22:18:49.585 14472 17668 I gralloc4: register: id=29e00001bba, vaddr=0x779c27e000
05-05 22:18:49.586 14472 17668 I gralloc4: register: id=29e00001bbb, vaddr=0x779c139000
05-05 22:18:49.587 14472 17668 I gralloc4: register: id=29e00001bbc, vaddr=0x779c0e6000
05-05 22:18:49.588 14472 14909 W Parcel : Expecting binder but got null!
05-05 22:18:50.262 14472 14472 D VRI[PopupWindow:3aa4135]: performTraversals relayoutWindow: maybeSyncSeqId=-1 ,mSyncSeqId=0 ,relayoutResult=0
05-05 22:18:50.266 14472 14472 D VRI[PopupWindow:8e80896]: performTraversals relayoutWindow: maybeSyncSeqId=-1 ,mSyncSeqId=0 ,relayoutResult=0
05-05 22:18:50.270 14472 14472 D VRI[PopupWindow:72d403a]: performTraversals relayoutWindow: maybeSyncSeqId=-1 ,mSyncSeqId=0 ,relayoutResult=0
05-05 22:18:50.281 14472 14472 D VRI[PopupWindow:3aa4135]: performTraversals relayoutWindow: maybeSyncSeqId=-1 ,mSyncSeqId=0 ,relayoutResult=0
05-05 22:18:50.285 14472 14472 D VRI[PopupWindow:8e80896]: performTraversals relayoutWindow: maybeSyncSeqId=-1 ,mSyncSeqId=0 ,relayoutResult=0
05-05 22:18:50.297 14472 14472 D VRI[PopupWindow:3aa4135]: performTraversals relayoutWindow: maybeSyncSeqId=-1 ,mSyncSeqId=0 ,relayoutResult=0
05-05 22:18:50.301 14472 14472 D VRI[PopupWindow:8e80896]: performTraversals relayoutWindow: maybeSyncSeqId=-1 ,mSyncSeqId=0 ,relayoutResult=0
05-05 22:18:50.314 14472 14472 D VRI[PopupWindow:3aa4135]: performTraversals relayoutWindow: maybeSyncSeqId=-1 ,mSyncSeqId=0 ,relayoutResult=0
05-05 22:18:50.318 14472 14472 D VRI[PopupWindow:8e80896]: performTraversals relayoutWindow: maybeSyncSeqId=-1 ,mSyncSeqId=0 ,relayoutResult=0
05-05 22:18:50.328 14472 14472 D VRI[PopupWindow:3aa4135]: performTraversals relayoutWindow: maybeSyncSeqId=-1 ,mSyncSeqId=0 ,relayoutResult=0
05-05 22:18:50.332 14472 14472 D VRI[PopupWindow:8e80896]: performTraversals relayoutWindow: maybeSyncSeqId=-1 ,mSyncSeqId=0 ,relayoutResult=0
05-05 22:18:50.347 14472 14472 D VRI[PopupWindow:3aa4135]: performTraversals relayoutWindow: maybeSyncSeqId=-1 ,mSyncSeqId=0 ,relayoutResult=0
05-05 22:18:50.351 14472 14472 D VRI[PopupWindow:8e80896]: performTraversals relayoutWindow: maybeSyncSeqId=-1 ,mSyncSeqId=0 ,relayoutResult=0
05-05 22:18:50.362 14472 16773 I gralloc4: unregister: id=29e00001bb5, vaddr=0x74e9fe7000
05-05 22:18:50.370 14472 14472 D VRI[PopupWindow:3aa4135]: performTraversals relayoutWindow: maybeSyncSeqId=-1 ,mSyncSeqId=0 ,relayoutResult=0
05-05 22:18:50.374 14472 14472 D VRI[PopupWindow:8e80896]: performTraversals relayoutWindow: maybeSyncSeqId=-1 ,mSyncSeqId=0 ,relayoutResult=0
05-05 22:18:50.379 14472 15040 I gralloc4: unregister: id=29e00001bb4, vaddr=0x74ea01e000
05-05 22:18:50.380 14472 15040 I gralloc4: unregister: id=29e00001bb6, vaddr=0x74e9fb0000
05-05 22:18:50.384 14472 14472 D VRI[PopupWindow:3aa4135]: performTraversals relayoutWindow: maybeSyncSeqId=-1 ,mSyncSeqId=0 ,relayoutResult=0
05-05 22:18:50.392 14472 14472 D VRI[PopupWindow:8e80896]: performTraversals relayoutWindow: maybeSyncSeqId=-1 ,mSyncSeqId=0 ,relayoutResult=0
05-05 22:18:50.399 14472 14472 D VRI[PopupWindow:3aa4135]: performTraversals relayoutWindow: maybeSyncSeqId=-1 ,mSyncSeqId=0 ,relayoutResult=0
05-05 22:18:50.404 14472 14472 D VRI[PopupWindow:8e80896]: performTraversals relayoutWindow: maybeSyncSeqId=-1 ,mSyncSeqId=0 ,relayoutResult=0
05-05 22:18:50.412 14472 14472 D VRI[PopupWindow:3aa4135]: performTraversals relayoutWindow: maybeSyncSeqId=-1 ,mSyncSeqId=0 ,relayoutResult=0
05-05 22:18:50.416 14472 14472 D VRI[PopupWindow:8e80896]: performTraversals relayoutWindow: maybeSyncSeqId=-1 ,mSyncSeqId=0 ,relayoutResult=0
05-05 22:18:50.429 14472 14472 D VRI[PopupWindow:3aa4135]: performTraversals relayoutWindow: maybeSyncSeqId=-1 ,mSyncSeqId=0 ,relayoutResult=0
05-05 22:18:50.433 14472 14472 D VRI[PopupWindow:8e80896]: performTraversals relayoutWindow: maybeSyncSeqId=-1 ,mSyncSeqId=0 ,relayoutResult=0
05-05 22:18:50.446 14472 14472 D VRI[PopupWindow:3aa4135]: performTraversals relayoutWindow: maybeSyncSeqId=-1 ,mSyncSeqId=0 ,relayoutResult=0
05-05 22:18:50.450 14472 14472 D VRI[PopupWindow:8e80896]: performTraversals relayoutWindow: maybeSyncSeqId=-1 ,mSyncSeqId=0 ,relayoutResult=0
05-05 22:18:50.464 14472 14472 D VRI[PopupWindow:3aa4135]: performTraversals relayoutWindow: maybeSyncSeqId=-1 ,mSyncSeqId=0 ,relayoutResult=0
05-05 22:18:50.468 14472 14472 D VRI[PopupWindow:8e80896]: performTraversals relayoutWindow: maybeSyncSeqId=-1 ,mSyncSeqId=0 ,relayoutResult=0
05-05 22:18:50.522 14472 14472 D VRI[PopupWindow:72d403a]: performTraversals relayoutWindow: maybeSyncSeqId=-1 ,mSyncSeqId=0 ,relayoutResult=3
05-05 22:18:50.527 14472 17752 I gralloc4: register: id=29e00001bbd, vaddr=0x74ea01e000
05-05 22:18:50.528 14472 17752 I gralloc4: register: id=29e00001bbe, vaddr=0x74e9fe7000
05-05 22:18:50.528 14472 17752 I gralloc4: register: id=29e00001bbf, vaddr=0x74e9fb0000
05-05 22:18:50.532 14472 14909 W Parcel : Expecting binder but got null!
05-05 22:18:50.765 14472 14472 D VRI[PopupWindow:3aa4135]: performTraversals relayoutWindow: maybeSyncSeqId=-1 ,mSyncSeqId=0 ,relayoutResult=0
05-05 22:18:50.769 14472 14472 D VRI[PopupWindow:8e80896]: performTraversals relayoutWindow: maybeSyncSeqId=-1 ,mSyncSeqId=0 ,relayoutResult=0
05-05 22:18:50.773 14472 14472 D VRI[PopupWindow:72d403a]: performTraversals relayoutWindow: maybeSyncSeqId=-1 ,mSyncSeqId=0 ,relayoutResult=0
05-05 22:18:50.795 14472 14472 D VRI[PopupWindow:3aa4135]: performTraversals relayoutWindow: maybeSyncSeqId=-1 ,mSyncSeqId=0 ,relayoutResult=0
05-05 22:18:50.799 14472 14472 D VRI[PopupWindow:8e80896]: performTraversals relayoutWindow: maybeSyncSeqId=-1 ,mSyncSeqId=0 ,relayoutResult=0
05-05 22:18:50.804 14472 14472 D VRI[PopupWindow:72d403a]: performTraversals relayoutWindow: maybeSyncSeqId=-1 ,mSyncSeqId=0 ,relayoutResult=0
05-05 22:18:50.829 14472 14472 D VRI[PopupWindow:3aa4135]: performTraversals relayoutWindow: maybeSyncSeqId=-1 ,mSyncSeqId=0 ,relayoutResult=0
05-05 22:18:50.833 14472 14472 D VRI[PopupWindow:8e80896]: performTraversals relayoutWindow: maybeSyncSeqId=-1 ,mSyncSeqId=0 ,relayoutResult=0
05-05 22:18:50.837 14472 14472 D VRI[PopupWindow:72d403a]: performTraversals relayoutWindow: maybeSyncSeqId=-1 ,mSyncSeqId=0 ,relayoutResult=0
05-05 22:18:50.845 14472 14472 D VRI[PopupWindow:3aa4135]: performTraversals relayoutWindow: maybeSyncSeqId=-1 ,mSyncSeqId=0 ,relayoutResult=0
05-05 22:18:50.848 14472 14472 D VRI[PopupWindow:8e80896]: performTraversals relayoutWindow: maybeSyncSeqId=-1 ,mSyncSeqId=0 ,relayoutResult=0
05-05 22:18:50.853 14472 14472 D VRI[PopupWindow:72d403a]: performTraversals relayoutWindow: maybeSyncSeqId=-1 ,mSyncSeqId=0 ,relayoutResult=0
05-05 22:18:50.862 14472 14472 D VRI[PopupWindow:3aa4135]: performTraversals relayoutWindow: maybeSyncSeqId=-1 ,mSyncSeqId=0 ,relayoutResult=0
05-05 22:18:50.865 14472 14472 D VRI[PopupWindow:8e80896]: performTraversals relayoutWindow: maybeSyncSeqId=-1 ,mSyncSeqId=0 ,relayoutResult=0
05-05 22:18:50.870 14472 14472 D VRI[PopupWindow:72d403a]: performTraversals relayoutWindow: maybeSyncSeqId=-1 ,mSyncSeqId=0 ,relayoutResult=0
05-05 22:18:51.245 14472 14472 D VRI[PopupWindow:8e80896]: performTraversals relayoutWindow: maybeSyncSeqId=-1 ,mSyncSeqId=0 ,relayoutResult=0
05-05 22:18:51.279 14472 14472 D VRI[PopupWindow:8e80896]: performTraversals relayoutWindow: maybeSyncSeqId=-1 ,mSyncSeqId=0 ,relayoutResult=0
05-05 22:18:51.310 14472 14909 I gralloc4: unregister: id=29e00001bbe, vaddr=0x74e9fe7000
05-05 22:18:51.312 14472 16864 I gralloc4: unregister: id=29e00001bbd, vaddr=0x74ea01e000
05-05 22:18:51.313 14472 16864 I gralloc4: unregister: id=29e00001bbf, vaddr=0x74e9fb0000
05-05 22:18:51.333 14472 14472 D VRI[PopupWindow:8e80896]: performTraversals relayoutWindow: maybeSyncSeqId=-1 ,mSyncSeqId=0 ,relayoutResult=0
05-05 22:18:51.828 14472 14472 D androidtc: Initializing SystemTextClassifier, type = System
05-05 22:18:52.153 14472 14472 D VRI[PopupWindow:72d403a]: performTraversals relayoutWindow: maybeSyncSeqId=-1 ,mSyncSeqId=0 ,relayoutResult=3
05-05 22:18:52.156 14472 17773 I gralloc4: register: id=29e00001bc0, vaddr=0x74ea008000
05-05 22:18:52.157 14472 17773 I gralloc4: register: id=29e00001bc1, vaddr=0x74e9fbb000
05-05 22:18:52.158 14472 17773 I gralloc4: register: id=29e00001bc2, vaddr=0x74e9f6e000
05-05 22:18:52.164 14472 14909 W Parcel : Expecting binder but got null!
05-05 22:18:52.464 14472 14909 I gralloc4: unregister: id=29e00001bb8, vaddr=0x779d7bc000
05-05 22:18:52.464 14472 14909 I gralloc4: unregister: id=29e00001bb7, vaddr=0x77a0c01000
05-05 22:18:52.466 14472 14472 I gralloc4: unregister: id=29e00001bb9, vaddr=0x779c329000
05-05 22:18:52.473 14472 14909 I gralloc4: unregister: id=29e00001bbb, vaddr=0x779c139000
05-05 22:18:52.473 14472 14909 I gralloc4: unregister: id=29e00001bba, vaddr=0x779c27e000
05-05 22:18:52.476 14472 14472 I gralloc4: unregister: id=29e00001bbc, vaddr=0x779c0e6000
05-05 22:18:52.563 14472 14472 W androidtc: TextClassifier called on main thread
05-05 22:18:52.726 14472 14909 I gralloc4: unregister: id=29e00001bc2, vaddr=0x74e9f6e000
05-05 22:18:52.728 14472 15040 I gralloc4: unregister: id=29e00001bc1, vaddr=0x74e9fbb000
05-05 22:18:52.729 14472 15040 I gralloc4: unregister: id=29e00001bc0, vaddr=0x74ea008000
05-05 22:19:02.542 14472 14472 D androidtc: Initializing SystemTextClassifier, type = System
05-05 22:19:02.544 14472 14472 W androidtc: TextClassifier called on main thread
05-05 22:19:02.545 14472 14472 D androidtc: Initializing SystemTextClassifier, type = System
05-05 22:19:02.641 14472 14472 W androidtc: TextClassifier called on main thread
05-05 22:19:02.664 14472 14472 D VRI[PopupWindow:dec238]: performTraversals relayoutWindow: maybeSyncSeqId=-1 ,mSyncSeqId=0 ,relayoutResult=3
05-05 22:19:02.672 14472 18052 I gralloc4: register: id=29e00001bc3, vaddr=0x74e9fca000
05-05 22:19:02.672 14472 18052 I gralloc4: register: id=29e00001bc4, vaddr=0x74e9f3f000
05-05 22:19:02.674 14472 18052 I gralloc4: register: id=29e00001bc5, vaddr=0x74e9eb4000
05-05 22:19:02.678 14472 14909 W Parcel : Expecting binder but got null!
05-05 22:19:02.689 14472 14472 D VRI[PopupWindow:3aa4135]: performTraversals relayoutWindow: maybeSyncSeqId=-1 ,mSyncSeqId=0 ,relayoutResult=3
05-05 22:19:02.693 14472 18057 I gralloc4: register: id=29e00001bc6, vaddr=0x77a0c01000
05-05 22:19:02.694 14472 18057 I gralloc4: register: id=29e00001bc7, vaddr=0x779d7bc000
05-05 22:19:02.695 14472 18057 I gralloc4: register: id=29e00001bc8, vaddr=0x779c329000
05-05 22:19:02.698 14472 14909 W Parcel : Expecting binder but got null!
05-05 22:19:02.705 14472 14472 D VRI[PopupWindow:8e80896]: performTraversals relayoutWindow: maybeSyncSeqId=-1 ,mSyncSeqId=0 ,relayoutResult=3
05-05 22:19:02.707 14472 18061 I gralloc4: register: id=29e00001bc9, vaddr=0x779c27e000
05-05 22:19:02.708 14472 18061 I gralloc4: register: id=29e00001bca, vaddr=0x779c139000
05-05 22:19:02.709 14472 18061 I gralloc4: register: id=29e00001bcb, vaddr=0x779c0e6000
05-05 22:19:02.710 14472 14909 W Parcel : Expecting binder but got null!
05-05 22:19:03.475 14472 14472 D VRI[PopupWindow:8e80896]: performTraversals relayoutWindow: maybeSyncSeqId=-1 ,mSyncSeqId=0 ,relayoutResult=0
05-05 22:19:03.525 14472 14472 D VRI[PopupWindow:8e80896]: performTraversals relayoutWindow: maybeSyncSeqId=-1 ,mSyncSeqId=0 ,relayoutResult=0
05-05 22:19:03.542 14472 14909 I gralloc4: unregister: id=29e00001bc3, vaddr=0x74e9fca000
05-05 22:19:03.542 14472 14909 I gralloc4: unregister: id=29e00001bc4, vaddr=0x74e9f3f000
05-05 22:19:03.543 14472 14472 I gralloc4: unregister: id=29e00001bc5, vaddr=0x74e9eb4000
05-05 22:19:03.558 14472 14472 D VRI[PopupWindow:8e80896]: performTraversals relayoutWindow: maybeSyncSeqId=-1 ,mSyncSeqId=0 ,relayoutResult=0
05-05 22:19:03.593 14472 14472 D VRI[PopupWindow:8e80896]: performTraversals relayoutWindow: maybeSyncSeqId=-1 ,mSyncSeqId=0 ,relayoutResult=0
05-05 22:19:04.205 14472 14472 D androidtc: Initializing SystemTextClassifier, type = System
05-05 22:19:04.533 14472 14472 D VRI[PopupWindow:dec238]: performTraversals relayoutWindow: maybeSyncSeqId=-1 ,mSyncSeqId=0 ,relayoutResult=3
05-05 22:19:04.538 14472 18089 I gralloc4: register: id=29e00001bcc, vaddr=0x74ea008000
05-05 22:19:04.539 14472 18089 I gralloc4: register: id=29e00001bcd, vaddr=0x74e9fbb000
05-05 22:19:04.540 14472 18089 I gralloc4: register: id=29e00001bce, vaddr=0x74e9f6e000
05-05 22:19:04.549 14472 14909 W Parcel : Expecting binder but got null!
05-05 22:19:04.739 14472 14472 D androidtc: Initializing SystemTextClassifier, type = System
05-05 22:19:06.440 14472 14472 D VRI[PopupWindow:dec238]: performTraversals relayoutWindow: maybeSyncSeqId=-1 ,mSyncSeqId=0 ,relayoutResult=0
05-05 22:19:07.473 14472 14472 D androidtc: Initializing SystemTextClassifier, type = System
05-05 22:19:07.476 14472 15569 D androidtc: Interrupted during ResponseReceiver.get(): textclassification (InterruptedException)
05-05 22:19:07.478 14472 14909 I gralloc4: unregister: id=29e00001bc7, vaddr=0x779d7bc000
05-05 22:19:07.478 14472 14909 I gralloc4: unregister: id=29e00001bc6, vaddr=0x77a0c01000
05-05 22:19:07.481 14472 14472 I gralloc4: unregister: id=29e00001bc8, vaddr=0x779c329000
05-05 22:19:07.493 14472 14909 I gralloc4: unregister: id=29e00001bca, vaddr=0x779c139000
05-05 22:19:07.494 14472 14909 I gralloc4: unregister: id=29e00001bc9, vaddr=0x779c27e000
05-05 22:19:07.495 14472 14472 I gralloc4: unregister: id=29e00001bcb, vaddr=0x779c0e6000
05-05 22:19:07.575 14472 14472 W androidtc: TextClassifier called on main thread
05-05 22:19:07.752 14472 14909 I gralloc4: unregister: id=29e00001bcc, vaddr=0x74ea008000
05-05 22:19:07.755 14472 15040 I gralloc4: unregister: id=29e00001bce, vaddr=0x74e9f6e000
05-05 22:19:07.756 14472 15040 I gralloc4: unregister: id=29e00001bcd, vaddr=0x74e9fbb000
05-05 22:19:08.223 14472 14501 D SessionLifecycleClient: Sending lifecycle 2 to service
05-05 22:19:08.225 14472 14955 D SessionLifecycleService: Activity backgrounding at 9691763
05-05 22:19:08.569 14472 14909 I gralloc4: unregister: id=29e00001ba2, vaddr=0x74e6769000
05-05 22:19:08.570 14472 14909 I gralloc4: unregister: id=29e00001ba4, vaddr=0x74d919c000
05-05 22:19:08.575 14472 14472 D VRI[AppLockActivity]: performTraversals relayoutWindow: maybeSyncSeqId=-1 ,mSyncSeqId=0 ,relayoutResult=2
05-05 22:19:08.713 14472 14472 I gralloc4: unregister: id=29e00001ba3, vaddr=0x74da37e000
05-05 22:19:10.285 14472 18098 I FA : Application backgrounded at: timestamp_millis: 1746462848281
05-05 22:19:10.601 14472 14472 W System.err: android.content.pm.PackageManager$NameNotFoundException: com.android.permission.GET_INSTALLED_APPS
05-05 22:19:10.601 14472 14472 W System.err: at android.app.ApplicationPackageManager.getPermissionInfo(ApplicationPackageManager.j ava:432)
05-05 22:19:10.601 14472 14472 W System.err: at dc.d.c(GetInstalledAppsPermissionCompat.java:1)
05-05 22:19:10.601 14472 14472 W System.err: at dc.d.a(GetInstalledAppsPermissionCompat.java:1)
05-05 22:19:10.601 14472 14472 W System.err: at dc.m.b(PermissionDelegateImplV19.java:4)
05-05 22:19:10.601 14472 14472 W System.err: at dc.n.b(PermissionDelegateImplV21.java:3)
05-05 22:19:10.601 14472 14472 W System.err: at dc.o.b(PermissionDelegateImplV23.java:44)
05-05 22:19:10.601 14472 14472 W System.err: at dc.p.b(PermissionDelegateImplV26.java:7)
05-05 22:19:10.601 14472 14472 W System.err: at dc.q.b(PermissionDelegateImplV28.java:3)
05-05 22:19:10.601 14472 14472 W System.err: at dc.r.b(PermissionDelegateImplV29.java:9)
05-05 22:19:10.601 14472 14472 W System.err: at dc.s.b(PermissionDelegateImplV30.java:3)
05-05 22:19:10.601 14472 14472 W System.err: at dc.t.b(PermissionDelegateImplV31.java:6)
05-05 22:19:10.601 14472 14472 W System.err: at dc.u.b(PermissionDelegateImplV33.java:15)
05-05 22:19:10.601 14472 14472 W System.err: at dc.i.b(Unknown Source:2)
05-05 22:19:10.601 14472 14472 W System.err: at dc.i.c(PermissionApi.java:3)
05-05 22:19:10.601 14472 14472 W System.err: at dc.d0.a(XXPermissions.java:2)
05-05 22:19:10.601 14472 14472 W System.err: at com.hello.sandbox.ui.splash.SplashAct.onCreate(SplashAct.kt:4)
05-05 22:19:10.601 14472 14472 W System.err: at android.app.Activity.performCreate(Activity.java:8328)
05-05 22:19:10.601 14472 14472 W System.err: at android.app.Activity.performCreate(Activity.java:8307)
05-05 22:19:10.601 14472 14472 W System.err: at android.app.Instrumentation.callActivityOnCreate(Instrumentation.java:1384)
05-05 22:19:10.601 14472 14472 W System.err: at android.app.ActivityThread.performLaunchActivity(ActivityThread.java:3750)
05-05 22:19:10.601 14472 14472 W System.err: at android.app.ActivityThread.handleLaunchActivity(ActivityThread.java:3907)
05-05 22:19:10.601 14472 14472 W System.err: at android.app.servertransaction.LaunchActivityItem.execute(LaunchActivityItem.java:10 1)
05-05 22:19:10.601 14472 14472 W System.err: at android.app.servertransaction.TransactionExecutor.executeCallbacks(TransactionExecu tor.java:137)
05-05 22:19:10.601 14472 14472 W System.err: at android.app.servertransaction.TransactionExecutor.execute(TransactionExecutor.java: 97)
05-05 22:19:10.601 14472 14472 W System.err: at android.app.ActivityThread$H.handleMessage(ActivityThread.java:2393)
05-05 22:19:10.601 14472 14472 W System.err: at android.os.Handler.dispatchMessage(Handler.java:106)
05-05 22:19:10.601 14472 14472 W System.err: at android.os.Looper.loopOnce(Looper.java:201)
05-05 22:19:10.601 14472 14472 W System.err: at android.os.Looper.loop(Looper.java:288)
05-05 22:19:10.601 14472 14472 W System.err: at android.app.ActivityThread.main(ActivityThread.java:8061)
05-05 22:19:10.601 14472 14472 W System.err: at java.lang.reflect.Method.invoke(Native Method)
05-05 22:19:10.601 14472 14472 W System.err: at com.android.internal.os.RuntimeInit$MethodAndArgsCaller.run(RuntimeInit.java:703)
05-05 22:19:10.601 14472 14472 W System.err: at com.android.internal.os.ZygoteInit.main(ZygoteInit.java:923)
05-05 22:19:10.602 14472 14472 W System.err: android.provider.Settings$SettingNotFoundException: oem_installed_apps_runtime_permission_enable
05-05 22:19:10.602 14472 14472 W System.err: at android.provider.Settings.parseIntSetting(Settings.java:3533)
05-05 22:19:10.602 14472 14472 W System.err: at android.provider.Settings.-$ $Nest$smparseIntSetting(Unknown Source:0)
05-05 22:19:10.602 14472 14472 W System.err: at android.provider.Settings$Secure.getIntForUser(Settings.java:6450)
05-05 22:19:10.602 14472 14472 W System.err: at android.provider.Settings$Secure.getInt(Settings.java:6443)
05-05 22:19:10.602 14472 14472 W System.err: at dc.d.c(GetInstalledAppsPermissionCompat.java:6)
05-05 22:19:10.602 14472 14472 W System.err: at dc.d.a(GetInstalledAppsPermissionCompat.java:1)
05-05 22:19:10.602 14472 14472 W System.err: at dc.m.b(PermissionDelegateImplV19.java:4)
05-05 22:19:10.602 14472 14472 W System.err: at dc.n.b(PermissionDelegateImplV21.java:3)
05-05 22:19:10.602 14472 14472 W System.err: at dc.o.b(PermissionDelegateImplV23.java:44)
05-05 22:19:10.602 14472 14472 W System.err: at dc.p.b(PermissionDelegateImplV26.java:7)
05-05 22:19:10.602 14472 14472 W System.err: at dc.q.b(PermissionDelegateImplV28.java:3)
05-05 22:19:10.602 14472 14472 W System.err: at dc.r.b(PermissionDelegateImplV29.java:9)
05-05 22:19:10.602 14472 14472 W System.err: at dc.s.b(PermissionDelegateImplV30.java:3)
05-05 22:19:10.602 14472 14472 W System.err: at dc.t.b(PermissionDelegateImplV31.java:6)
05-05 22:19:10.602 14472 14472 W System.err: at dc.u.b(PermissionDelegateImplV33.java:15)
05-05 22:19:10.602 14472 14472 W System.err: at dc.i.b(Unknown Source:2)
05-05 22:19:10.602 14472 14472 W System.err: at dc.i.c(PermissionApi.java:3)
05-05 22:19:10.602 14472 14472 W System.err: at dc.d0.a(XXPermissions.java:2)
05-05 22:19:10.602 14472 14472 W System.err: at com.hello.sandbox.ui.splash.SplashAct.onCreate(SplashAct.kt:4)
05-05 22:19:10.602 14472 14472 W System.err: at android.app.Activity.performCreate(Activity.java:8328)
05-05 22:19:10.602 14472 14472 W System.err: at android.app.Activity.performCreate(Activity.java:8307)
