05-05 22:16:43.652 15428 15428 E WM-RescheduleReceiver: at com.android.internal.os.ZygoteInit.main(ZygoteInit.java:923)
05-05 22:16:43.666 15428 15428 D GmsCheckinTrigger: Ignoring Intent { act=android.intent.action.BOOT_COMPLETED }: checkin is disabled
05-05 22:16:43.667 14472 14493 I gralloc4: unregister: id=29e00001b2f, vaddr=0x778adf1000
05-05 22:16:43.668 14472 14493 I gralloc4: unregister: id=29e00001b2e, vaddr=0x778ae2d000
05-05 22:16:43.668 15428 15428 D WM-RescheduleReceiver: Received intent Intent { act=android.intent.action.BOOT_COMPLETED }
05-05 22:16:43.668 15428 15428 E WM-RescheduleReceiver: Cannot reschedule jobs. WorkManager needs to be initialized via a ContentProvider#onCreate() or an Application#onCreate().
05-05 22:16:43.668 15428 15428 E WM-RescheduleReceiver: java.lang.IllegalStateException: WorkManager is not initialized properly. You have explicitly disabled WorkManagerInitializer in your manifest, have not manually called WorkManager#initialize at this point, and your Application does not implement Configuration.Provider.
05-05 22:16:43.668 15428 15428 E WM-RescheduleReceiver: at i1.j.j(SourceFile:1)
05-05 22:16:43.668 15428 15428 E WM-RescheduleReceiver: at androidx.work.impl.background.systemalarm.RescheduleReceiver.onReceive(Unknown Source:29)
05-05 22:16:43.668 15428 15428 E WM-RescheduleReceiver: at com.hello.sandbox.app.BActivityThread.lambda$scheduleReceiver$4(BActivityThread.jav a:9)
05-05 22:16:43.668 15428 15428 E WM-RescheduleReceiver: at com.hello.sandbox.app.BActivityThread.N1(Unknown Source:0)
05-05 22:16:43.668 15428 15428 E WM-RescheduleReceiver: at com.appsflyer.internal.o.run(Unknown Source:14)
05-05 22:16:43.668 15428 15428 E WM-RescheduleReceiver: at android.os.Handler.handleCallback(Handler.java:942)
05-05 22:16:43.668 15428 15428 E WM-RescheduleReceiver: at android.os.Handler.dispatchMessage(Handler.java:99)
05-05 22:16:43.668 15428 15428 E WM-RescheduleReceiver: at android.os.Looper.loopOnce(Looper.java:201)
05-05 22:16:43.668 15428 15428 E WM-RescheduleReceiver: at android.os.Looper.loop(Looper.java:288)
05-05 22:16:43.668 15428 15428 E WM-RescheduleReceiver: at android.app.ActivityThread.main(ActivityThread.java:8061)
05-05 22:16:43.668 15428 15428 E WM-RescheduleReceiver: at java.lang.reflect.Method.invoke(Native Method)
05-05 22:16:43.668 15428 15428 E WM-RescheduleReceiver: at com.android.internal.os.RuntimeInit$MethodAndArgsCaller.run(RuntimeInit.java:703)
05-05 22:16:43.668 15428 15428 E WM-RescheduleReceiver: at com.android.internal.os.ZygoteInit.main(ZygoteInit.java:923)
05-05 22:16:43.682 15428 15428 D GmsCheckinTrigger: Ignoring Intent { act=android.intent.action.BOOT_COMPLETED }: checkin is disabled
05-05 22:16:43.695 15428 15428 D WM-RescheduleReceiver: Received intent Intent { act=android.intent.action.BOOT_COMPLETED }
05-05 22:16:43.695 15428 15428 E WM-RescheduleReceiver: Cannot reschedule jobs. WorkManager needs to be initialized via a ContentProvider#onCreate() or an Application#onCreate().
05-05 22:16:43.695 15428 15428 E WM-RescheduleReceiver: java.lang.IllegalStateException: WorkManager is not initialized properly. You have explicitly disabled WorkManagerInitializer in your manifest, have not manually called WorkManager#initialize at this point, and your Application does not implement Configuration.Provider.
05-05 22:16:43.695 15428 15428 E WM-RescheduleReceiver: at i1.j.j(SourceFile:1)
05-05 22:16:43.695 15428 15428 E WM-RescheduleReceiver: at androidx.work.impl.background.systemalarm.RescheduleReceiver.onReceive(Unknown Source:29)
05-05 22:16:43.695 15428 15428 E WM-RescheduleReceiver: at com.hello.sandbox.app.BActivityThread.lambda$scheduleReceiver$4(BActivityThread.jav a:9)
05-05 22:16:43.695 15428 15428 E WM-RescheduleReceiver: at com.hello.sandbox.app.BActivityThread.N1(Unknown Source:0)
05-05 22:16:43.695 15428 15428 E WM-RescheduleReceiver: at com.appsflyer.internal.o.run(Unknown Source:14)
05-05 22:16:43.695 15428 15428 E WM-RescheduleReceiver: at android.os.Handler.handleCallback(Handler.java:942)
05-05 22:16:43.695 15428 15428 E WM-RescheduleReceiver: at android.os.Handler.dispatchMessage(Handler.java:99)
05-05 22:16:43.695 15428 15428 E WM-RescheduleReceiver: at android.os.Looper.loopOnce(Looper.java:201)
05-05 22:16:43.695 15428 15428 E WM-RescheduleReceiver: at android.os.Looper.loop(Looper.java:288)
05-05 22:16:43.695 15428 15428 E WM-RescheduleReceiver: at android.app.ActivityThread.main(ActivityThread.java:8061)
05-05 22:16:43.695 15428 15428 E WM-RescheduleReceiver: at java.lang.reflect.Method.invoke(Native Method)
05-05 22:16:43.695 15428 15428 E WM-RescheduleReceiver: at com.android.internal.os.RuntimeInit$MethodAndArgsCaller.run(RuntimeInit.java:703)
05-05 22:16:43.695 15428 15428 E WM-RescheduleReceiver: at com.android.internal.os.ZygoteInit.main(ZygoteInit.java:923)
05-05 22:16:43.703 15428 15428 D GmsCheckinTrigger: Ignoring Intent { act=android.intent.action.BOOT_COMPLETED }: checkin is disabled
05-05 22:16:43.707 15428 15428 D WM-RescheduleReceiver: Received intent Intent { act=android.intent.action.BOOT_COMPLETED }
05-05 22:16:43.708 15428 15428 E WM-RescheduleReceiver: Cannot reschedule jobs. WorkManager needs to be initialized via a ContentProvider#onCreate() or an Application#onCreate().
05-05 22:16:43.708 15428 15428 E WM-RescheduleReceiver: java.lang.IllegalStateException: WorkManager is not initialized properly. You have explicitly disabled WorkManagerInitializer in your manifest, have not manually called WorkManager#initialize at this point, and your Application does not implement Configuration.Provider.
05-05 22:16:43.708 15428 15428 E WM-RescheduleReceiver: at i1.j.j(SourceFile:1)
05-05 22:16:43.708 15428 15428 E WM-RescheduleReceiver: at androidx.work.impl.background.systemalarm.RescheduleReceiver.onReceive(Unknown Source:29)
05-05 22:16:43.708 15428 15428 E WM-RescheduleReceiver: at com.hello.sandbox.app.BActivityThread.lambda$scheduleReceiver$4(BActivityThread.jav a:9)
05-05 22:16:43.708 15428 15428 E WM-RescheduleReceiver: at com.hello.sandbox.app.BActivityThread.N1(Unknown Source:0)
05-05 22:16:43.708 15428 15428 E WM-RescheduleReceiver: at com.appsflyer.internal.o.run(Unknown Source:14)
05-05 22:16:43.708 15428 15428 E WM-RescheduleReceiver: at android.os.Handler.handleCallback(Handler.java:942)
05-05 22:16:43.708 15428 15428 E WM-RescheduleReceiver: at android.os.Handler.dispatchMessage(Handler.java:99)
05-05 22:16:43.708 15428 15428 E WM-RescheduleReceiver: at android.os.Looper.loopOnce(Looper.java:201)
05-05 22:16:43.708 15428 15428 E WM-RescheduleReceiver: at android.os.Looper.loop(Looper.java:288)
05-05 22:16:43.708 15428 15428 E WM-RescheduleReceiver: at android.app.ActivityThread.main(ActivityThread.java:8061)
05-05 22:16:43.708 15428 15428 E WM-RescheduleReceiver: at java.lang.reflect.Method.invoke(Native Method)
05-05 22:16:43.708 15428 15428 E WM-RescheduleReceiver: at com.android.internal.os.RuntimeInit$MethodAndArgsCaller.run(RuntimeInit.java:703)
05-05 22:16:43.708 15428 15428 E WM-RescheduleReceiver: at com.android.internal.os.ZygoteInit.main(ZygoteInit.java:923)
05-05 22:16:43.709 15553 15553 D GmsGcmTrigger: Ignoring Intent { act=android.intent.action.BOOT_COMPLETED }: gcm is disabled
05-05 22:16:43.710 15553 15553 D ExposureNotification: ServiceTrigger: Intent { act=android.intent.action.BOOT_COMPLETED }
05-05 22:16:43.735 15553 15553 D ExposureNotification: Trigger class org.microg.gms.nearby.exposurenotification.CleanupService
05-05 22:16:43.762 15553 15553 D GmsGcmTrigger: Ignoring Intent { act=android.intent.action.BOOT_COMPLETED }: gcm is disabled
05-05 22:16:43.764 15553 15553 D ExposureNotification: ServiceTrigger: Intent { act=android.intent.action.BOOT_COMPLETED }
05-05 22:16:43.784 15553 15553 D ExposureNotification: Trigger class org.microg.gms.nearby.exposurenotification.CleanupService
05-05 22:16:43.808 15553 15553 D GmsGcmTrigger: Ignoring Intent { act=android.intent.action.BOOT_COMPLETED }: gcm is disabled
05-05 22:16:43.809 15553 15553 D ExposureNotification: ServiceTrigger: Intent { act=android.intent.action.BOOT_COMPLETED }
05-05 22:16:43.830 15553 15553 D ExposureNotification: Trigger class org.microg.gms.nearby.exposurenotification.CleanupService
05-05 22:16:43.852 15553 15553 D GmsGcmTrigger: Ignoring Intent { act=android.intent.action.BOOT_COMPLETED }: gcm is disabled
05-05 22:16:43.853 15553 15553 D ExposureNotification: ServiceTrigger: Intent { act=android.intent.action.BOOT_COMPLETED }
05-05 22:16:43.876 15553 15553 D ExposureNotification: Trigger class org.microg.gms.nearby.exposurenotification.CleanupService
05-05 22:16:43.908 15553 15553 D ExposureNotification: CleanupService.start: Intent { cmp=com.google.android.gms/org.microg.gms.nearby.exposurenotification.CleanupServic e }
05-05 22:16:43.926 14472 15317 I MATDBManager: sqllite db insert success! insert row id:8
05-05 22:16:43.927 14472 15317 I MATDBManager: sqllite db capacity:2
05-05 22:16:43.937 14472 15317 I MATDBManager: sqllite db insert success! insert row id:9
05-05 22:16:43.938 14472 15317 I MATDBManager: sqllite db capacity:3
05-05 22:16:43.948 14472 15317 I MATDBManager: sqllite db insert success! insert row id:10
05-05 22:16:43.949 14472 15317 I MATDBManager: sqllite db capacity:4
05-05 22:16:43.959 14472 15317 I MATDBManager: sqllite db insert success! insert row id:11
05-05 22:16:43.960 14472 15317 I MATDBManager: sqllite db capacity:5
05-05 22:16:43.960 15553 15553 D ExposureNotification: CleanupService.start: Intent { cmp=com.google.android.gms/org.microg.gms.nearby.exposurenotification.CleanupServic e }
05-05 22:16:43.975 15553 15553 D ExposureNotification: CleanupService.start: Intent { cmp=com.google.android.gms/org.microg.gms.nearby.exposurenotification.CleanupServic e }
05-05 22:16:43.976 15553 15598 D SessionConfigFetcher: Fetched settings: {"settings_version":3,"cache_duration":153375,"features": {"collect_logged_exceptions":true,"collect_reports":true,"collect_analytics":false, "prompt_enabled":false,"push_enabled":false,"firebase_crashlytics_enabled":false,"c ollect_anrs":true,"collect_metric_kit":false,"collect_build_ids":true},"app": {"status":"activated","update_required":false,"report_upload_variant":2,"native_rep ort_upload_variant":2},"fabric": {"org_id":"65f00c8a567bf1f0daf09834","bundle_id":"com.hello.miheapp.secretspace"}," on_demand_upload_rate_per_minute":10,"on_demand_backoff_base":1.2,"on_demand_backof f_step_duration_seconds":60,"app_quality": {"sessions_enabled":true,"sampling_rate":1,"session_timeout_seconds":1800},"on_dema nd_thread_recording_suspension_enabled":true}
05-05 22:16:43.994 15428 15498 D MeasurementService: bound by: GetServiceRequest{serviceId=MEASUREMENT, gmsVersion=12451000, packageName='com.hello.miheapp.secretspace', extras=Bundle[{}]}
05-05 22:16:43.996 15553 15553 D ExposureNotification: CleanupService.start: Intent { cmp=com.google.android.gms/org.microg.gms.nearby.exposurenotification.CleanupServic e }
05-05 22:16:44.003 15553 15632 D ExposureNotification: Upgrading database from 0 to 12
05-05 22:16:44.003 15553 15632 D ExposureNotification: Creating tables for version >= 1
05-05 22:16:44.004 15553 15632 D ExposureNotification: Creating tables for version >= 3
05-05 22:16:44.005 15553 15632 D ExposureNotification: Creating tables for version >= 5
05-05 22:16:44.007 15553 15632 D ExposureNotification: Creating tables for version >= 9
05-05 22:16:44.008 15553 15632 D ExposureNotification: Finished database upgrade
05-05 22:16:44.011 15553 15632 D ExposureNotification: Deleted on daily cleanup: 0 adv
05-05 22:16:44.011 15553 15634 D ExposureNotification: Deleted on daily cleanup: 0 adv
05-05 22:16:44.011 15553 15638 D ExposureNotification: Deleted on daily cleanup: 0 adv
05-05 22:16:44.011 15553 15633 D ExposureNotification: Deleted on daily cleanup: 0 adv
05-05 22:16:44.013 15553 15632 D ExposureNotification: Deleted on daily cleanup: 0 applogs
05-05 22:16:44.013 15553 15634 D ExposureNotification: Deleted on daily cleanup: 0 applogs
05-05 22:16:44.013 15553 15638 D ExposureNotification: Deleted on daily cleanup: 0 applogs
05-05 22:16:44.015 15428 15498 D SafeParcel: Unknown field id 34 in com.google.android.gms.measurement.internal.AppMetadata, skipping.
05-05 22:16:44.016 15428 15498 D SafeParcel: Unknown field id 35 in com.google.android.gms.measurement.internal.AppMetadata, skipping.
05-05 22:16:44.016 15428 15498 D MeasurementService: sendAppLaunch() for AppMetadata[com.hello.miheapp.secretspace]
05-05 22:16:44.016 15553 15632 D ExposureNotification: Deleted on daily cleanup: 0 tokens
05-05 22:16:44.016 15553 15634 D ExposureNotification: Deleted on daily cleanup: 0 tokens
05-05 22:16:44.016 15553 15638 D ExposureNotification: Deleted on daily cleanup: 0 tokens
05-05 22:16:44.016 15553 15633 D ExposureNotification: Deleted on daily cleanup: 0 applogs
05-05 22:16:44.017 15553 15632 D ExposureNotification: Deleted on daily cleanup: 0 teks
05-05 22:16:44.017 15553 15638 D ExposureNotification: Deleted on daily cleanup: 0 teks
05-05 22:16:44.017 15553 15634 D ExposureNotification: Deleted on daily cleanup: 0 teks
05-05 22:16:44.017 15553 15593 I FirebaseCrashlytics: No version control information found
05-05 22:16:44.018 15553 15633 D ExposureNotification: Deleted on daily cleanup: 0 tokens
05-05 22:16:44.018 15553 15611 W FA : Table has extra columns. table, columns: messages, app_version, app_version_int
05-05 22:16:44.018 15553 15632 D ExposureNotification: Deleted on daily cleanup: 0 tcss
05-05 22:16:44.018 15553 15638 D ExposureNotification: Deleted on daily cleanup: 0 tcss
05-05 22:16:44.018 15553 15634 D ExposureNotification: Deleted on daily cleanup: 0 tcss
05-05 22:16:44.018 15553 15632 D ExposureNotification: Deleted on daily cleanup: 0 tcfs
05-05 22:16:44.018 15553 15638 D ExposureNotification: Deleted on daily cleanup: 0 tcfs
05-05 22:16:44.018 15553 15634 D ExposureNotification: Deleted on daily cleanup: 0 tcfs
05-05 22:16:44.019 15553 15632 D ExposureNotification: Deleted on daily cleanup: 0 perms
05-05 22:16:44.019 15553 15638 D ExposureNotification: Deleted on daily cleanup: 0 perms
05-05 22:16:44.019 15553 15634 D ExposureNotification: Deleted on daily cleanup: 0 perms
05-05 22:16:44.019 15553 15633 D ExposureNotification: Deleted on daily cleanup: 0 teks
05-05 22:16:44.020 15553 15611 W FA : Table has extra columns. table, columns: messages, app_version, app_version_int
05-05 22:16:44.023 15428 15498 D SafeParcel: Unknown field id 34 in com.google.android.gms.measurement.internal.AppMetadata, skipping.
05-05 22:16:44.023 15428 15498 D SafeParcel: Unknown field id 35 in com.google.android.gms.measurement.internal.AppMetadata, skipping.
05-05 22:16:44.023 15428 15498 D MeasurementService: getAppInstanceId() for AppMetadata[com.hello.miheapp.secretspace]
05-05 22:16:44.025 15428 15498 D SafeParcel: Unknown field id 34 in com.google.android.gms.measurement.internal.AppMetadata, skipping.
05-05 22:16:44.025 15428 15498 D SafeParcel: Unknown field id 35 in com.google.android.gms.measurement.internal.AppMetadata, skipping.
05-05 22:16:44.025 15428 15498 D MeasurementService: sendDefaultEventParameters(Bundle[EMPTY_PARCEL]) for AppMetadata[com.hello.miheapp.secretspace]
05-05 22:16:44.028 15553 15632 D ExposureNotification: Done vacuuming
05-05 22:16:44.034 15553 15553 D CompatibilityChangeReporter: Compat change id reported: 160794467; UID 10001; state: DISABLED
05-05 22:16:44.037 15553 15592 D LifecycleServiceBinder: Binding service to application.
05-05 22:16:44.039 15553 15638 D ExposureNotification: Done vacuuming
05-05 22:16:44.060 15553 15634 D ExposureNotification: Done vacuuming
05-05 22:16:44.062 15553 15633 D ExposureNotification: Deleted on daily cleanup: 0 tcss
05-05 22:16:44.063 15553 15633 D ExposureNotification: Deleted on daily cleanup: 0 tcfs
05-05 22:16:44.063 15553 15633 D ExposureNotification: Deleted on daily cleanup: 0 perms
05-05 22:16:44.076 15553 15633 D ExposureNotification: Done vacuuming
05-05 22:16:44.331 14472 15317 I MATDBManager: sqllite db insert success! insert row id:12
05-05 22:16:44.332 14472 15317 I MATDBManager: sqllite db capacity:1
05-05 22:16:44.342 14472 15317 I MATDBManager: sqllite db insert success! insert row id:13
05-05 22:16:44.343 14472 15317 I MATDBManager: sqllite db capacity:2
05-05 22:16:44.353 14472 15317 I MATDBManager: sqllite db insert success! insert row id:14
05-05 22:16:44.354 14472 15317 I MATDBManager: sqllite db capacity:3
05-05 22:16:44.365 14472 15317 I MATDBManager: sqllite db insert success! insert row id:15
05-05 22:16:44.365 14472 15317 I MATDBManager: sqllite db capacity:4
05-05 22:16:44.376 14472 15317 I MATDBManager: sqllite db insert success! insert row id:16
05-05 22:16:44.377 14472 15317 I MATDBManager: sqllite db capacity:5
05-05 22:16:44.763 14472 15317 I MATDBManager: sqllite db insert success! insert row id:17
05-05 22:16:44.764 14472 15317 I MATDBManager: sqllite db capacity:1
05-05 22:16:44.774 14472 15317 I MATDBManager: sqllite db insert success! insert row id:18
05-05 22:16:44.775 14472 15317 I MATDBManager: sqllite db capacity:2
05-05 22:16:44.785 14472 15317 I MATDBManager: sqllite db insert success! insert row id:19
05-05 22:16:44.786 14472 15317 I MATDBManager: sqllite db capacity:3
05-05 22:16:44.796 14472 15317 I MATDBManager: sqllite db insert success! insert row id:20
05-05 22:16:44.797 14472 15317 I MATDBManager: sqllite db capacity:4
05-05 22:16:44.808 14472 15317 I MATDBManager: sqllite db insert success! insert row id:21
05-05 22:16:44.809 14472 15317 I MATDBManager: sqllite db capacity:5
05-05 22:16:45.129 14472 15317 I MATDBManager: sqllite db insert success! insert row id:22
05-05 22:16:45.130 14472 15317 I MATDBManager: sqllite db capacity:1
05-05 22:16:45.141 14472 15317 I MATDBManager: sqllite db insert success! insert row id:23
05-05 22:16:45.142 14472 15317 I MATDBManager: sqllite db capacity:2
05-05 22:16:45.152 14472 15317 I MATDBManager: sqllite db insert success! insert row id:24
05-05 22:16:45.153 14472 15317 I MATDBManager: sqllite db capacity:3
05-05 22:16:45.163 14472 15317 I MATDBManager: sqllite db insert success! insert row id:25
05-05 22:16:45.164 14472 15317 I MATDBManager: sqllite db capacity:4
05-05 22:16:45.174 14472 15317 I MATDBManager: sqllite db insert success! insert row id:26
05-05 22:16:45.174 14472 15317 I MATDBManager: sqllite db capacity:5
05-05 22:16:45.471 14472 15317 I MATDBManager: sqllite db insert success! insert row id:27
05-05 22:16:45.472 14472 15317 I MATDBManager: sqllite db capacity:1
05-05 22:16:45.483 14472 15317 I MATDBManager: sqllite db insert success! insert row id:28
05-05 22:16:45.484 14472 15317 I MATDBManager: sqllite db capacity:2
05-05 22:16:45.493 14472 15317 I MATDBManager: sqllite db insert success! insert row id:29
05-05 22:16:45.494 14472 15317 I MATDBManager: sqllite db capacity:3
05-05 22:16:45.504 14472 15317 I MATDBManager: sqllite db insert success! insert row id:30
05-05 22:16:45.504 14472 15317 I MATDBManager: sqllite db capacity:4
05-05 22:16:45.515 14472 15317 I MATDBManager: sqllite db insert success! insert row id:31
05-05 22:16:45.515 14472 15317 I MATDBManager: sqllite db capacity:5
05-05 22:16:45.838 14472 15317 I MATDBManager: sqllite db insert success! insert row id:32
05-05 22:16:45.838 14472 15317 I MATDBManager: sqllite db capacity:1
05-05 22:16:46.685 14472 15317 I MATDBManager: sqllite db insert success! insert row id:33
05-05 22:16:46.685 14472 15317 I MATDBManager: sqllite db capacity:2
05-05 22:16:46.697 14472 15317 I MATDBManager: sqllite db insert success! insert row id:34
05-05 22:16:46.697 14472 15317 I MATDBManager: sqllite db capacity:3
05-05 22:16:46.718 14472 14472 D VRI[SearchListActivity]: performTraversals relayoutWindow: maybeSyncSeqId=-1 ,mSyncSeqId=0 ,relayoutResult=3
05-05 22:16:46.724 14472 15690 I gralloc4: register: id=29e00001b36, vaddr=0x74d772b000
05-05 22:16:46.728 14472 15690 I gralloc4: register: id=29e00001b37, vaddr=0x7369165000
05-05 22:16:46.734 14472 14909 W Parcel : Expecting binder but got null!
05-05 22:16:46.737 14472 15690 I gralloc4: register: id=29e00001b38, vaddr=0x7360af5000
05-05 22:16:48.074 14472 15317 I MATDBManager: sqllite db insert success! insert row id:35
05-05 22:16:48.075 14472 15317 I MATDBManager: sqllite db capacity:4
05-05 22:16:48.075 14472 14499 D SessionLifecycleClient: Sending lifecycle 2 to service
05-05 22:16:48.075 14472 14955 D SessionLifecycleService: Activity backgrounding at 9551615
05-05 22:16:48.104 14472 14472 D CompatibilityChangeReporter: Compat change id reported: 78294732; UID 10202; state: ENABLED
05-05 22:16:48.112 14472 15317 I MATDBManager: sqllite db insert success! insert row id:36
05-05 22:16:48.113 14472 15317 I MATDBManager: sqllite db capacity:5
05-05 22:16:48.137 14472 14499 D SessionLifecycleClient: Sending lifecycle 1 to service
05-05 22:16:48.137 14472 14955 D SessionLifecycleService: Activity foregrounding at 9551677.
05-05 22:16:48.148 14472 14472 D VRI[HomeAct]: performTraversals relayoutWindow: maybeSyncSeqId=-1 ,mSyncSeqId=0 ,relayoutResult=3
05-05 22:16:48.154 14472 15716 I gralloc4: register: id=29e00001b3a, vaddr=0x74d919c000
05-05 22:16:48.157 14584 14762 W PackageParser: Unknown element under <manifest>: queries at /data/app/~~VcEZC1SWbRV5qy2Ga-zk9w==/com.hidepppro.calculator- wClhHeLTlR7zlfNOC8wHcQ==/base.apk Binary XML file line #74
05-05 22:16:48.162 14472 15716 I gralloc4: register: id=29e00001b3b, vaddr=0x74d72b4000
05-05 22:16:48.169 14472 14472 D VRI[HomeAct]: performTraversals relayoutWindow: maybeSyncSeqId=-1 ,mSyncSeqId=0 ,relayoutResult=3
05-05 22:16:48.169 14472 15716 I gralloc4: register: id=29e00001b3c, vaddr=0x736067e000
05-05 22:16:48.173 14472 15717 I gralloc4: register: id=29e00001b3d, vaddr=0x7789a9d000
05-05 22:16:48.173 14472 15717 I gralloc4: register: id=29e00001b3e, vaddr=0x7785872000
05-05 22:16:48.174 14472 15717 I gralloc4: register: id=29e00001b3f, vaddr=0x74f2800000
05-05 22:16:48.176 14472 14909 W Parcel : Expecting binder but got null!
05-05 22:16:48.187 14584 14762 W PackageParser: Unknown element under <manifest>: queries at /data/app/~~VcEZC1SWbRV5qy2Ga-zk9w==/com.hidepppro.calculator- wClhHeLTlR7zlfNOC8wHcQ==/base.apk Binary XML file line #74
05-05 22:16:48.382 14472 14909 I gralloc4: unregister: id=29e00001b37, vaddr=0x7369165000
05-05 22:16:48.395 14472 15423 I gralloc4: unregister: id=29e00001b36, vaddr=0x74d772b000
05-05 22:16:48.396 14472 15423 I gralloc4: unregister: id=29e00001b38, vaddr=0x7360af5000
05-05 22:16:48.556 14472 15317 I MATDBManager: sqllite db insert success! insert row id:37
05-05 22:16:48.557 14472 15317 I MATDBManager: sqllite db capacity:1
05-05 22:16:48.597 14472 15317 I MATDBManager: sqllite db insert success! insert row id:38
05-05 22:16:48.599 14472 15317 I MATDBManager: sqllite db capacity:2
05-05 22:16:48.727 14472 14909 I gralloc4: unregister: id=29e00001b32, vaddr=0x74e6769000
05-05 22:16:48.728 14472 14909 I gralloc4: unregister: id=29e00001b33, vaddr=0x74e62f2000
05-05 22:16:48.733 14472 14472 D VRI[SearchListActivity]: performTraversals relayoutWindow: maybeSyncSeqId=-1 ,mSyncSeqId=0 ,relayoutResult=2
05-05 22:16:48.734 14472 14472 I gralloc4: unregister: id=29e00001b31, vaddr=0x74e6e79000
05-05 22:16:48.855 14472 14909 I gralloc4: unregister: id=29e00001b3d, vaddr=0x7789a9d000
05-05 22:16:48.867 14472 14493 I gralloc4: unregister: id=29e00001b3f, vaddr=0x74f2800000
05-05 22:16:48.868 14472 14493 I gralloc4: unregister: id=29e00001b3e, vaddr=0x7785872000
05-05 22:16:48.884 14472 14472 W PackageParser: Unknown element under <manifest>: queries at /data/user/0/com.hello.miheapp.secretspace/sandbox/data/app/com.hidepppro.calculato r/base.apk Binary XML file line #74
05-05 22:16:48.917 14472 15317 I MATDBManager: sqllite db insert success! insert row id:39
05-05 22:16:48.918 14472 15317 I MATDBManager: sqllite db capacity:3
05-05 22:16:48.934 14472 15317 I MATDBManager: sqllite db insert success! insert row id:40
05-05 22:16:48.935 14472 15317 I MATDBManager: sqllite db capacity:4
05-05 22:16:48.941 14472 14472 D VRI[HomeAct]: performTraversals relayoutWindow: maybeSyncSeqId=-1 ,mSyncSeqId=0 ,relayoutResult=3
05-05 22:16:48.948 14472 15723 I gralloc4: register: id=29e00001b42, vaddr=0x74e665b000
05-05 22:16:48.952 14472 15723 I gralloc4: register: id=29e00001b43, vaddr=0x74d772b000
05-05 22:16:48.955 14472 15723 I gralloc4: register: id=29e00001b44, vaddr=0x7369165000
05-05 22:16:48.956 14472 14909 W Parcel : Expecting binder but got null!
05-05 22:16:48.971 14472 15317 I MATDBManager: sqllite db insert success! insert row id:41
05-05 22:16:48.974 14472 15317 I MATDBManager: sqllite db capacity:5
05-05 22:16:49.022 15479 15479 I WM-RemoteWorkerService: Binding to RemoteWorkerService
05-05 22:16:49.037 15479 15490 D WM-WM-RemoteWorker List: Executing work request (f25c5e29-dd3d-42ca-b3ed-12884b1aef37, com.tantan.dex.library.Dex2OatWorker)
05-05 22:16:49.053 15428 15434 W System : A resource failed to call ContentProviderClient.close.
05-05 22:16:49.053 15428 15434 W System : A resource failed to call ContentProviderClient.close.
05-05 22:16:49.054 15479 15533 E secretspace:dex: Attempt to load writable dex file: /data/user/0/com.hello.miheapp.secretspace/sandbox/data/app/com.hidepppro.calculato r/base.apk
05-05 22:16:49.072 15479 15533 W ziparchive: Unable to open '/data/user/0/com.hello.miheapp.secretspace/sandbox/data/app/com.hidepppro.calculat or/base.dm': No such file or directory
05-05 22:16:49.133 15732 15732 D installd: Mismatched cache GID/mode at /data/user/0/com.hello.miheapp.secretspace/sandbox/data/app/com.hidepppro.calculato r/oat: found 10202/448 but expected 10202/505
05-05 22:16:49.133 15732 15732 I installd: installd cannot open oat file during dexopt/data/user/0/com.hello.miheapp.secretspace/sandbox/data/app/ com.hidepppro.calculator/oat/arm64/base.odex: No such file or directory
05-05 22:16:49.229 15732 15732 I dexoptanalyzer: MMAP_TRYLOCK is not supported in uffd addr:0x7509a23000 page-size:4096
05-05 22:16:49.235 15732 15732 I dexoptanalyzer: Using CollectorTypeCMC GC.
05-05 22:16:49.378 15732 15732 W dexoptanalyzer: Current thread not detached in Runtime shutdown
05-05 22:16:49.373 15732 15732 W main : type=1400 audit(0.0:3801): avc: denied { search } for name="com.hello.miheapp.secretspace" dev="dm-44" ino=2192991 scontext=u:r:dexoptanalyzer:s0 tcontext=u:object_r:app_data_file:s0:c202,c256,c512,c768 tclass=dir permissive=0 app=com.hello.miheapp.secretspace
05-05 22:16:49.621 15734 15734 I dex2oat32: MMAP_TRYLOCK is not supported in uffd addr:0xf2ee5000 page-size:4096
05-05 22:16:49.626 15734 15734 W dex2oat32: Mismatch between instruction set variant of device (ISA: Arm64 Feature string: a53,crc,-lse,-fp16,-dotprod,-sve) and features returned by the hardware (ISA: Arm64 Feature string: a53,-crc,-lse,-fp16,- dotprod,-sve)
05-05 22:16:49.640 15734 15734 I dex2oat32: /apex/com.android.art/bin/dex2oat32 -- input-vdex-fd=-1 --output-vdex-fd=9 --profile-file-fd=11 --classpath-dir=/data/user/0/com.hello.miheapp.secretspace/sandbox/data/app/ com.hidepppro.calculator --compiler-filter=verify --compilation-reason=cmdline -- max-image-block-size=524288 --resolve-startup-const-strings=true --generate-mini- debug-info
05-05 22:16:49.652 15734 15734 I dex2oat32: Using CollectorTypeCMC GC.
05-05 22:16:49.831 15734 15734 I dex2oat32: Explicit concurrent mark compact GC freed 188KB AllocSpace bytes, 0(0B) LOS objects, 99% free, 4096B/24MB, paused 35us,105us total 2.270ms
05-05 22:16:49.848 15734 15734 I dex2oat32: dex2oat took 224.734ms (140.343ms cpu) (threads: 8) arena alloc=0B (0B) java alloc=4096B (4096B) native alloc=348KB (356496B) free=1609KB (1648176B)
05-05 22:16:49.879 15747 15747 I dexoptanalyzer: MMAP_TRYLOCK is not supported in uffd addr:0x718b945000 page-size:4096
05-05 22:16:49.886 15748 15748 D installd: Mismatched cache GID/mode at /data/user/0/com.hello.miheapp.secretspace/sandbox/data/app/com.google.android.gms/ oat: found 10202/448 but expected 10202/505
05-05 22:16:49.886 15748 15748 I installd: installd cannot open oat file during dexopt/data/user/0/com.hello.miheapp.secretspace/sandbox/data/app/ com.google.android.gms/oat/arm64/base.odex: No such file or directory
05-05 22:16:49.923 15748 15748 I dexoptanalyzer: MMAP_TRYLOCK is not supported in uffd addr:0x77438fc000 page-size:4096
05-05 22:16:49.928 15748 15748 I dexoptanalyzer: Using CollectorTypeCMC GC.
05-05 22:16:50.049 15748 15748 W main : type=1400 audit(0.0:3802): avc: denied { search } for name="com.hello.miheapp.secretspace" dev="dm-44" ino=2192991 scontext=u:r:dexoptanalyzer:s0 tcontext=u:object_r:app_data_file:s0:c202,c256,c512,c768 tclass=dir permissive=0 app=com.hello.miheapp.secretspace
05-05 22:16:50.049 15748 15748 W main : type=1400 audit(0.0:3803): avc: denied { search } for name="com.hello.miheapp.secretspace" dev="dm-44" ino=2192991 scontext=u:r:dexoptanalyzer:s0 tcontext=u:object_r:app_data_file:s0:c202,c256,c512,c768 tclass=dir permissive=0 app=com.hello.miheapp.secretspace
05-05 22:16:50.056 15748 15748 W dexoptanalyzer: Current thread not detached in Runtime shutdown
05-05 22:16:50.091 15752 15752 I dex2oat32: MMAP_TRYLOCK is not supported in uffd addr:0xf46d6000 page-size:4096
05-05 22:16:50.094 15752 15752 W dex2oat32: Mismatch between instruction set variant of device (ISA: Arm64 Feature string: a53,crc,-lse,-fp16,-dotprod,-sve) and features returned by the hardware (ISA: Arm64 Feature string: a53,-crc,-lse,-fp16,- dotprod,-sve)
05-05 22:16:50.096 15752 15752 I dex2oat32: /apex/com.android.art/bin/dex2oat32 -- input-vdex-fd=-1 --output-vdex-fd=11 --profile-file-fd=13 --classpath-dir=/data/user/0/com.hello.miheapp.secretspace/sandbox/data/app/ com.google.android.gms --class-loader-context=PCL[]{PCL[/system/framework/com.android.location.provider.ja r]#PCL[/system/framework/org.apache.http.legacy.jar]} --class-loader-context- fds=8:9 --compiler-filter=speed-profile --compilation-reason=cmdline --max-image- block-size=524288 --resolve-startup-const-strings=true --generate-mini-debug-info
05-05 22:16:50.254 15752 15752 I dex2oat32: Using CollectorTypeCMC GC.
05-05 22:16:50.515 15752 15752 W dex2oat32: Accessing hidden method Landroid/window/BackEvent;->getProgress()F (blocked, linking, denied)
05-05 22:16:50.515 15752 15752 W dex2oat32: Accessing hidden method Landroid/window/BackEvent;->getSwipeEdge()I (blocked, linking, denied)
05-05 22:16:50.515 15752 15752 W dex2oat32: Accessing hidden method Landroid/window/BackEvent;->getTouchX()F (blocked, linking, denied)
05-05 22:16:50.515 15752 15752 W dex2oat32: Accessing hidden method Landroid/window/BackEvent;->getTouchY()F (blocked, linking, denied)
05-05 22:16:50.550 15752 15752 W dex2oat32: Accessing hidden method Landroid/media/MediaRoute2Info;->getDeduplicationIds()Ljava/util/Set; (blocked, linking, denied)
05-05 22:16:50.551 15752 15752 W dex2oat32: Accessing hidden method Landroid/media/MediaRoute2Info;->getType()I (blocked, linking, denied)
05-05 22:16:50.551 15752 15752 W dex2oat32: Accessing hidden method Landroid/media/MediaRoute2Info$Builder;->setDeduplicationIds(Ljava/util/ Set;)Landroid/media/MediaRoute2Info$Builder; (blocked, linking, denied)
05-05 22:16:50.551 15752 15752 W dex2oat32: Accessing hidden method Landroid/media/MediaRoute2Info$Builder;->setType(I)Landroid/media/ MediaRoute2Info$Builder; (blocked, linking, denied)
05-05 22:16:50.972 15752 15752 I dex2oat32: Explicit concurrent mark compact GC freed 8725KB AllocSpace bytes, 0(0B) LOS objects, 99% free, 4096B/24MB, paused 33us,146us total 10.732ms
05-05 22:16:51.019 15752 15752 I dex2oat32: dex2oat took 926.644ms (2.487s cpu) (threads: 8) arena alloc=0B (0B) java alloc=4096B (4096B) native alloc=1748KB (1790560B) free=2034KB (2083744B)
05-05 22:16:51.058 14472 14563 I WM-WorkerWrapper: Worker result SUCCESS for Work [ id=f25c5e29-dd3d-42ca-b3ed-12884b1aef37, tags={ com.tantan.dex.library.Dex2OatWorker, com.hidepppro.calculator } ]
05-05 22:16:52.965 14472 14472 D VRI[HomeAct]: performTraversals relayoutWindow: maybeSyncSeqId=-1 ,mSyncSeqId=0 ,relayoutResult=3
05-05 22:16:52.970 14472 15768 I gralloc4: register: id=29e00001b45, vaddr=0x7791d0a000
05-05 22:16:52.971 14472 15768 I gralloc4: register: id=29e00001b46, vaddr=0x778dd33000
05-05 22:16:52.971 14472 15768 I gralloc4: register: id=29e00001b47, vaddr=0x778da35000
05-05 22:16:52.980 14472 14909 W Parcel : Expecting binder but got null!
05-05 22:16:52.995 14472 14909 I gralloc4: unregister: id=29e00001b47, vaddr=0x778da35000
05-05 22:16:52.995 14472 14909 I gralloc4: unregister: id=29e00001b45, vaddr=0x7791d0a000
05-05 22:16:52.997 14472 15423 I gralloc4: unregister: id=29e00001b46, vaddr=0x778dd33000
05-05 22:16:52.999 14472 15317 I MATDBManager: sqllite db insert success! insert row id:42
05-05 22:16:53.000 14472 15317 I MATDBManager: sqllite db capacity:1
05-05 22:16:53.036 14472 14503 D SessionLifecycleClient: Sending lifecycle 2 to service
05-05 22:16:53.036 14472 14955 D SessionLifecycleService: Activity backgrounding at 9556576
05-05 22:16:53.045 14472 15317 I MATDBManager: sqllite db insert success! insert row id:43
05-05 22:16:53.045 14472 15317 I MATDBManager: sqllite db capacity:2
05-05 22:16:53.073 14472 14501 D SessionLifecycleClient: Sending lifecycle 1 to service
05-05 22:16:53.073 14472 14955 D SessionLifecycleService: Activity foregrounding at 9556613.
05-05 22:16:53.093 14472 14472 D VRI[ADLauncherActivity]: performTraversals relayoutWindow: maybeSyncSeqId=-1 ,mSyncSeqId=0 ,relayoutResult=3
05-05 22:16:53.098 14472 15772 I gralloc4: register: id=29e00001b48, vaddr=0x7360c31000
05-05 22:16:53.102 14472 15772 I gralloc4: register: id=29e00001b49, vaddr=0x735d235000
05-05 22:16:53.104 15771 15771 I libc : SetHeapTaggingLevel: tag level set to 0
05-05 22:16:53.106 14472 15772 I gralloc4: register: id=29e00001b4a, vaddr=0x735cdec000
05-05 22:16:53.112 15771 15771 I .secretspace:p2: Using CollectorTypeCMC GC.
05-05 22:16:53.116 15771 15771 E .secretspace:p2: Not starting debugger since process cannot load the jdwp agent.
05-05 22:16:53.118 14472 14909 W Parcel : Expecting binder but got null!
05-05 22:16:53.121 15771 15771 D nativeloader: Load libframework-connectivity- tiramisu-jni.so using APEX ns com_android_tethering for caller /apex/com.android.tethering/javalib/framework-connectivity-t.jar: ok
05-05 22:16:53.127 15771 15771 W ziparchive: Unable to open '/system_ext/framework/unisoc-framework.dm': No such file or directory
05-05 22:16:53.127 15771 15771 W ziparchive: Unable to open '/system_ext/framework/unisoc-framework.dm': No such file or directory
05-05 22:16:53.140 15771 15784 E .secretspace:p2: Could not write anonymous vdex /system_ext/framework/oat/arm64/unisoc-framework.vdex: Could not open /system_ext/framework/oat/arm64/unisoc-framework.vdex for writing
05-05 22:16:53.154 15771 15771 D CompatibilityChangeReporter: Compat change id reported: 171979766; UID 10202; state: ENABLED
05-05 22:16:53.161 15771 15771 D ApplicationLoaders: Returning zygote-cached class loader: /system/framework/android.test.base.jar
05-05 22:16:53.166 15771 15771 D nativeloader: Configuring clns-4 for other apk /system/framework/org.apache.http.legacy.jar. target_sdk_version=34, uses_libraries=ALL, library_path=/data/app/~~Tpyr0WMEgNxWZIHS2R81Zg==/com.hello.miheapp.secretspace- PTMVJuPpnuiObgseG0OLaQ==/lib/arm64:/data/app/~~Tpyr0WMEgNxWZIHS2R81Zg==/ com.hello.miheapp.secretspace-PTMVJuPpnuiObgseG0OLaQ==/base.apk!/lib/arm64-v8a:/ data/app/~~Tpyr0WMEgNxWZIHS2R81Zg==/com.hello.miheapp.secretspace- PTMVJuPpnuiObgseG0OLaQ==/split_config.arm64_v8a.apk!/lib/arm64-v8a:/data/app/ ~~Tpyr0WMEgNxWZIHS2R81Zg==/com.hello.miheapp.secretspace-PTMVJuPpnuiObgseG0OLaQ==/ split_config.en.apk!/lib/arm64-v8a:/data/app/~~Tpyr0WMEgNxWZIHS2R81Zg==/ com.hello.miheapp.secretspace-PTMVJuPpnuiObgseG0OLaQ==/split_config.xxhdpi.apk!/ lib/arm64-v8a, permitted_path=/data:/mnt/expand:/data/user/0/com.hello.miheapp.secretspace
05-05 22:16:53.167 15771 15771 W ziparchive: Unable to open '/data/app/~~Tpyr0WMEgNxWZIHS2R81Zg==/com.hello.miheapp.secretspace- PTMVJuPpnuiObgseG0OLaQ==/base.dm': No such file or directory
05-05 22:16:53.167 15771 15771 W ziparchive: Unable to open '/data/app/~~Tpyr0WMEgNxWZIHS2R81Zg==/com.hello.miheapp.secretspace- PTMVJuPpnuiObgseG0OLaQ==/base.dm': No such file or directory
05-05 22:16:53.173 15479 15479 I WM-RemoteWorkerService: Binding to RemoteWorkerService
05-05 22:16:53.192 15479 15488 D WM-WM-RemoteWorker List: Executing work request (f7f20619-fe8d-41a6-a8ce-74f89b459c11, com.tantan.dex.library.Dex2OatWorker)
05-05 22:16:53.199 14472 15722 I WM-WorkerWrapper: Worker result SUCCESS for Work [ id=f7f20619-fe8d-41a6-a8ce-74f89b459c11, tags={ com.tantan.dex.library.Dex2OatWorker, com.hidepppro.calculator } ]
05-05 22:16:53.286 14472 15423 I gralloc4: unregister: id=29e00001b44, vaddr=0x7369165000
05-05 22:16:53.305 14472 15423 I gralloc4: unregister: id=29e00001b43, vaddr=0x74d772b000
05-05 22:16:53.306 14472 15423 I gralloc4: unregister: id=29e00001b42, vaddr=0x74e665b000
05-05 22:16:53.391 15771 15771 W ziparchive: Unable to open '/data/app/~~Tpyr0WMEgNxWZIHS2R81Zg==/com.hello.miheapp.secretspace- PTMVJuPpnuiObgseG0OLaQ==/split_config.arm64_v8a.dm': No such file or directory
05-05 22:16:53.391 15771 15771 W ziparchive: Unable to open '/data/app/~~Tpyr0WMEgNxWZIHS2R81Zg==/com.hello.miheapp.secretspace- PTMVJuPpnuiObgseG0OLaQ==/split_config.arm64_v8a.dm': No such file or directory
05-05 22:16:53.391 15771 15771 W .secretspace:p2: Entry not found
05-05 22:16:53.392 15771 15771 W ziparchive: Unable to open '/data/app/~~Tpyr0WMEgNxWZIHS2R81Zg==/com.hello.miheapp.secretspace- PTMVJuPpnuiObgseG0OLaQ==/split_config.en.dm': No such file or directory
05-05 22:16:53.392 15771 15771 W ziparchive: Unable to open '/data/app/~~Tpyr0WMEgNxWZIHS2R81Zg==/com.hello.miheapp.secretspace- PTMVJuPpnuiObgseG0OLaQ==/split_config.en.dm': No such file or directory
05-05 22:16:53.392 15771 15771 W .secretspace:p2: Entry not found
05-05 22:16:53.393 15771 15771 W ziparchive: Unable to open '/data/app/~~Tpyr0WMEgNxWZIHS2R81Zg==/com.hello.miheapp.secretspace- PTMVJuPpnuiObgseG0OLaQ==/split_config.xxhdpi.dm': No such file or directory
05-05 22:16:53.393 15771 15771 W ziparchive: Unable to open '/data/app/~~Tpyr0WMEgNxWZIHS2R81Zg==/com.hello.miheapp.secretspace- PTMVJuPpnuiObgseG0OLaQ==/split_config.xxhdpi.dm': No such file or directory
05-05 22:16:53.393 15771 15771 W .secretspace:p2: Entry not found
05-05 22:16:53.394 15771 15771 D nativeloader: Configuring clns-5 for other apk /data/app/~~Tpyr0WMEgNxWZIHS2R81Zg==/com.hello.miheapp.secretspace- PTMVJuPpnuiObgseG0OLaQ==/base.apk:/data/app/~~Tpyr0WMEgNxWZIHS2R81Zg==/ com.hello.miheapp.secretspace-PTMVJuPpnuiObgseG0OLaQ==/ split_config.arm64_v8a.apk:/data/app/~~Tpyr0WMEgNxWZIHS2R81Zg==/ com.hello.miheapp.secretspace-PTMVJuPpnuiObgseG0OLaQ==/split_config.en.apk:/data/ app/~~Tpyr0WMEgNxWZIHS2R81Zg==/com.hello.miheapp.secretspace- PTMVJuPpnuiObgseG0OLaQ==/split_config.xxhdpi.apk. target_sdk_version=34, uses_libraries=, library_path=/data/app/~~Tpyr0WMEgNxWZIHS2R81Zg==/com.hello.miheapp.secretspace- PTMVJuPpnuiObgseG0OLaQ==/lib/arm64:/data/app/~~Tpyr0WMEgNxWZIHS2R81Zg==/ com.hello.miheapp.secretspace-PTMVJuPpnuiObgseG0OLaQ==/base.apk!/lib/arm64-v8a:/ data/app/~~Tpyr0WMEgNxWZIHS2R81Zg==/com.hello.miheapp.secretspace- PTMVJuPpnuiObgseG0OLaQ==/split_config.arm64_v8a.apk!/lib/arm64-v8a:/data/app/ ~~Tpyr0WMEgNxWZIHS2R81Zg==/com.hello.miheapp.secretspace-PTMVJuPpnuiObgseG0OLaQ==/ split_config.en.apk!/lib/arm64-v8a:/data/app
05-05 22:16:53.402 15771 15771 D nativeloader: Load libframework-connectivity- jni.so using APEX ns com_android_tethering for caller /apex/com.android.tethering/javalib/framework-connectivity.jar: ok
05-05 22:16:53.405 15771 15771 V GraphicsEnvironment: ANGLE Developer option for 'com.hello.miheapp.secretspace' set to: 'default'
05-05 22:16:53.405 15771 15771 V GraphicsEnvironment: ANGLE GameManagerService for com.hello.miheapp.secretspace: false
05-05 22:16:53.405 15771 15771 V GraphicsEnvironment: Neither updatable production driver nor prerelease driver is supported.
05-05 22:16:53.408 15771 15771 D NetworkSecurityConfig: Using Network Security Config from resource network_security_config debugBuild: false
05-05 22:16:53.408 15771 15771 D NetworkSecurityConfig: Using Network Security Config from resource network_security_config debugBuild: false
05-05 22:16:53.440 15771 15771 D nativeloader: Load /data/app/~~Tpyr0WMEgNxWZIHS2R81Zg==/com.hello.miheapp.secretspace- PTMVJuPpnuiObgseG0OLaQ==/split_config.arm64_v8a.apk!/lib/arm64-v8a/librepublic.so using ns clns-5 from class loader (caller=/data/app/~~Tpyr0WMEgNxWZIHS2R81Zg==/com.hello.miheapp.secretspace- PTMVJuPpnuiObgseG0OLaQ==/base.apk): ok
05-05 22:16:53.630 15771 15771 W CheckTime: App running slow: Executing handleBindApplication : makeApplication took 223ms
05-05 22:16:53.649 15771 15771 W Glide : Failed to find GeneratedAppGlideModule. You should include an annotationProcessor compile dependency on com.github.bumptech.glide:compiler in your application and a @GlideModule annotated AppGlideModule implementation or LibraryGlideModules will be silently ignored
05-05 22:16:53.679 14472 14909 I gralloc4: unregister: id=29e00001b3b, vaddr=0x74d72b4000
05-05 22:16:53.680 14472 14909 I gralloc4: unregister: id=29e00001b3c, vaddr=0x736067e000
05-05 22:16:53.686 14472 14472 D VRI[HomeAct]: performTraversals relayoutWindow: maybeSyncSeqId=-1 ,mSyncSeqId=0 ,relayoutResult=2
05-05 22:16:53.687 14472 14472 I gralloc4: unregister: id=29e00001b3a, vaddr=0x74d919c000
05-05 22:16:53.700 14472 14472 D VRI[HomeAct]: performTraversals relayoutWindow: maybeSyncSeqId=-1 ,mSyncSeqId=0 ,relayoutResult=2
05-05 22:16:53.703 15771 15771 D CompatibilityChangeReporter: Compat change id reported: 183155436; UID 10202; state: ENABLED
05-05 22:16:53.723 15771 15771 D SessionsDependencies: Dependency to CRASHLYTICS added.
05-05 22:16:53.735 15771 15771 I FirebaseApp: Device unlocked: initializing all Firebase APIs for app [DEFAULT]
05-05 22:16:53.812 15771 15771 D FirebaseSessions: Initializing Firebase Sessions SDK.
05-05 22:16:53.814 15771 15771 I FirebaseCrashlytics: Initializing Firebase Crashlytics 18.6.2 for com.hello.miheapp.secretspace
05-05 22:16:53.845 15771 15771 D SessionsDependencies: Subscriber CRASHLYTICS registered.
05-05 22:16:53.856 15771 15803 D SessionConfigFetcher: Fetching settings from server.
05-05 22:16:53.888 15428 15437 D ChimeraServiceProvider: query: content://com.google.android.gms.chimera/api_force_staging/com.google.android.gms.m easurement.dynamite?requestStartTime=9603637
05-05 22:16:53.890 15771 15799 W DynamiteModule: Failed to retrieve remote module version.
05-05 22:16:53.901 15771 15799 D nativeloader: Configuring clns-6 for other apk /system/framework/com.android.location.provider.jar. target_sdk_version=29, uses_libraries=ALL, library_path=/data/user/0/com.hello.miheapp.secretspace/sandbox/data/app/ com.google.android.gms/lib:/data/user/0/com.hello.miheapp.secretspace/sandbox/ data/app/com.google.android.gms/base.apk!/lib/arm64-v8a, permitted_path=/data:/mnt/expand:/data/user/0/com.hello.miheapp.secretspace/ sandbox/data/user/0/com.google.android.gms
05-05 22:16:53.905 15771 15799 D nativeloader: Configuring clns-7 for other apk /data/user/0/com.hello.miheapp.secretspace/sandbox/data/app/com.google.android.gms/ base.apk. target_sdk_version=29, uses_libraries=, library_path=/data/user/0/com.hello.miheapp.secretspace/sandbox/data/app/ com.google.android.gms/lib:/data/user/0/com.hello.miheapp.secretspace/sandbox/ data/app/com.google.android.gms/base.apk!/lib/arm64-v8a, permitted_path=/data:/mnt/expand:/data/user/0/com.hello.miheapp.secretspace/ sandbox/data/user/0/com.google.android.gms
05-05 22:16:53.906 15771 15799 W DynamiteModule: IDynamite loader version = 2, no high precision latency measurement.
05-05 22:16:53.907 15771 15799 I DynamiteModule: Considering local module com.google.android.gms.measurement.dynamite:100 and remote module com.google.android.gms.measurement.dynamite:98
05-05 22:16:53.907 15771 15799 I DynamiteModule: Selected local version of com.google.android.gms.measurement.dynamite
05-05 22:16:53.912 15771 15799 W DynamiteModule: IDynamite loader version = 2, no high precision latency measurement.
05-05 22:16:53.917 15771 15771 I FirebaseApp: FirebaseApp initialization successful
05-05 22:16:53.941 15771 15771 W CheckTime: App running slow: Executing handleBindApplication : callApplicationOnCreate took 307ms
05-05 22:16:53.959 15771 15771 D nativeloader: Load /data/app/~~Tpyr0WMEgNxWZIHS2R81Zg==/com.hello.miheapp.secretspace- PTMVJuPpnuiObgseG0OLaQ==/split_config.arm64_v8a.apk!/lib/arm64-v8a/libsandbox.so using ns clns-5 from class loader (caller=/data/app/~~Tpyr0WMEgNxWZIHS2R81Zg==/com.hello.miheapp.secretspace- PTMVJuPpnuiObgseG0OLaQ==/base.apk): ok
05-05 22:16:53.959 15771 15771 D NativeCore: NativeCore init.
05-05 22:16:53.959 15771 15771 D NativeCore: found art method entrypoint jni offset: 2
05-05 22:16:53.960 15771 15771 D NativeCore: not found art method match access flags offset , use default: 4
05-05 22:16:53.991 15771 15821 I FA : App measurement initialized, version: 84002
05-05 22:16:53.991 15771 15821 I FA : To enable debug logging run: adb shell setprop log.tag.FA VERBOSE
05-05 22:16:53.991 15771 15821 I FA : To enable faster debug mode event logging run:
05-05 22:16:53.991 15771 15821 I FA : adb shell setprop debug.firebase.analytics.app com.hello.miheapp.secretspace
05-05 22:16:54.002 15771 15821 D CompatibilityChangeReporter: Compat change id reported: 183155436; UID 10202; state: ENABLED
05-05 22:16:54.009 15771 15821 W FA : Table has extra columns. table, columns: messages, app_version, app_version_int
05-05 22:16:54.022 15771 15771 E NativeCore: not native method
05-05 22:16:54.022 15771 15771 E NativeCore: check flags error. class:java/io/UnixFileSystem, method:canonicalize0
05-05 22:16:54.022 15771 15771 D NativeCore: register class:java/io/UnixFileSystem, method:getBooleanAttributes0 success!
05-05 22:16:54.022 15771 15771 D NativeCore: register class:java/io/UnixFileSystem, method:getLastModifiedTime0 success!
05-05 22:16:54.022 15771 15771 D NativeCore: register class:java/io/UnixFileSystem, method:setPermission0 success!
05-05 22:16:54.022 15771 15771 D NativeCore: register class:java/io/UnixFileSystem, method:createFileExclusively0 success!
05-05 22:16:54.022 15771 15771 D NativeCore: register class:java/io/UnixFileSystem, method:list0 success!
05-05 22:16:54.022 15771 15771 D NativeCore: register class:java/io/UnixFileSystem, method:createDirectory0 success!
05-05 22:16:54.022 15771 15771 D NativeCore: register class:java/io/UnixFileSystem, method:setLastModifiedTime0 success!
05-05 22:16:54.022 15771 15771 D NativeCore: register class:java/io/UnixFileSystem, method:setReadOnly0 success!
05-05 22:16:54.022 15771 15771 D NativeCore: register class:java/io/UnixFileSystem, method:getSpace0 success!
05-05 22:16:54.022 15771 15771 D NativeCore: register class:java/lang/VMClassLoader, method:findLoadedClass success!
05-05 22:16:54.023 15771 15771 D NativeCore: register class:android/os/Binder, method:getCallingUid success!
05-05 22:16:54.023 15771 15771 D NativeCore: register class:dalvik/system/VMRuntime, method:setHiddenApiExemptions success!
05-05 22:16:54.034 15771 15771 W .secretspace:p2: ClassLoaderContext shared library size mismatch. Expected=0, found=1 (PCL[] | PCL[]{PCL[/system/framework/org.apache.http.legacy.jar*1236094901]})
05-05 22:16:54.036 15771 15771 D nativeloader: Configuring clns-8 for other apk /data/user/0/com.hello.miheapp.secretspace/sandbox/data/app/com.hidepppro.calculato r/base.apk. target_sdk_version=34, uses_libraries=, library_path=/data/user/0/com.hello.miheapp.secretspace/sandbox/data/app/ com.hidepppro.calculator/lib:/data/user/0/com.hello.miheapp.secretspace/sandbox/ data/app/com.hidepppro.calculator/base.apk!/lib/arm64-v8a, permitted_path=/data:/mnt/expand:/data/user/0/com.hello.miheapp.secretspace/ sandbox/data/user/0/com.hidepppro.calculator
05-05 22:16:54.053 15771 15771 W ppro.calculator: type=1400 audit(0.0:3804): avc: granted { execute } for path="/data/data/com.hello.miheapp.secretspace/sandbox/data/user/0/ com.hidepppro.calculator/files/libexec.so" dev="dm-44" ino=2162732 scontext=u:r:untrusted_app:s0:c202,c256,c512,c768 tcontext=u:object_r:app_data_file:s0:c202,c256,c512,c768 tclass=file app=com.hello.miheapp.secretspace
05-05 22:16:54.062 15428 15428 D MeasurementService: onBind: Intent { act=com.google.android.gms.measurement.START pkg=com.google.android.gms }
05-05 22:16:54.064 15771 15771 D nativeloader: Load /data/user/0/com.hello.miheapp.secretspace/sandbox/data/user/0/com.hidepppro.calcul ator/files/libexec.so using ns clns-8 from class loader (caller=/data/user/0/com.hello.miheapp.secretspace/sandbox/data/app/ com.hidepppro.calculator/base.apk): ok
05-05 22:16:54.061 15771 15771 W ppro.calculator: type=1400 audit(0.0:3805): avc: granted { execute } for path="/data/data/com.hello.miheapp.secretspace/sandbox/data/user/0/ com.hidepppro.calculator/files/libexecmain.so" dev="dm-44" ino=2162407 scontext=u:r:untrusted_app:s0:c202,c256,c512,c768 tcontext=u:object_r:app_data_file:s0:c202,c256,c512,c768 tclass=file app=com.hello.miheapp.secretspace
05-05 22:16:54.067 15771 15771 D nativeloader: Load /data/user/0/com.hello.miheapp.secretspace/sandbox/data/user/0/com.hidepppro.calcul ator/files/libexecmain.so using ns clns-8 from class loader (caller=/data/user/0/com.hello.miheapp.secretspace/sandbox/data/app/ com.hidepppro.calculator/base.apk): ok
05-05 22:16:54.077 15771 15771 W ppro.calculator: type=1400 audit(0.0:3806): avc: denied { execmod } for path="/system/lib64/liblog.so" dev="dm-10" ino=28727786 scontext=u:r:untrusted_app:s0:c202,c256,c512,c768 tcontext=u:object_r:system_lib_file:s0 tclass=file permissive=0 app=com.hello.miheapp.secretspace
