05-05 22:16:54.181 15771 15771 W ppro.calculator: type=1400 audit(0.0:3807): avc: denied { execmod } for path="/apex/com.android.runtime/bin/linker64" dev="loop28" ino=16 scontext=u:r:untrusted_app:s0:c202,c256,c512,c768 tcontext=u:object_r:system_linker_exec:s0 tclass=file permissive=0 app=com.hello.miheapp.secretspace
05-05 22:16:54.997 15771 15771 W ppro.calculator: type=1400 audit(0.0:3808): avc: granted { execute } for path="/data/data/com.hello.miheapp.secretspace/sandbox/data/app/com.hidepppro.calcu lator/lib/libijm-emulator.so" dev="dm-44" ino=2144503 scontext=u:r:untrusted_app:s0:c202,c256,c512,c768 tcontext=u:object_r:app_data_file:s0:c202,c256,c512,c768 tclass=file app=com.hello.miheapp.secretspace
05-05 22:16:55.024 15854 15854 I libc : SetHeapTaggingLevel: tag level set to 0
05-05 22:16:55.028 15854 15854 I .secretspace:p3: Using CollectorTypeCMC GC.
05-05 22:16:55.032 15854 15854 E .secretspace:p3: Not starting debugger since process cannot load the jdwp agent.
05-05 22:16:55.035 15854 15854 D nativeloader: Load libframework-connectivity- tiramisu-jni.so using APEX ns com_android_tethering for caller /apex/com.android.tethering/javalib/framework-connectivity-t.jar: ok
05-05 22:16:55.039 15854 15854 W ziparchive: Unable to open '/system_ext/framework/unisoc-framework.dm': No such file or directory
05-05 22:16:55.039 15854 15854 W ziparchive: Unable to open '/system_ext/framework/unisoc-framework.dm': No such file or directory
05-05 22:16:55.046 15854 15870 E .secretspace:p3: Could not write anonymous vdex /system_ext/framework/oat/arm64/unisoc-framework.vdex: Could not open /system_ext/framework/oat/arm64/unisoc-framework.vdex for writing
05-05 22:16:55.050 15854 15854 D CompatibilityChangeReporter: Compat change id reported: 171979766; UID 10202; state: ENABLED
05-05 22:16:55.059 15854 15854 D ApplicationLoaders: Returning zygote-cached class loader: /system/framework/android.test.base.jar
05-05 22:16:55.060 15428 15498 D MeasurementService: bound by: GetServiceRequest{serviceId=MEASUREMENT, gmsVersion=12451000, packageName='com.hello.miheapp.secretspace', extras=Bundle[{}]}
05-05 22:16:55.063 15854 15854 D nativeloader: Configuring clns-4 for other apk /system/framework/org.apache.http.legacy.jar. target_sdk_version=34, uses_libraries=ALL, library_path=/data/app/~~Tpyr0WMEgNxWZIHS2R81Zg==/com.hello.miheapp.secretspace- PTMVJuPpnuiObgseG0OLaQ==/lib/arm64:/data/app/~~Tpyr0WMEgNxWZIHS2R81Zg==/ com.hello.miheapp.secretspace-PTMVJuPpnuiObgseG0OLaQ==/base.apk!/lib/arm64-v8a:/ data/app/~~Tpyr0WMEgNxWZIHS2R81Zg==/com.hello.miheapp.secretspace- PTMVJuPpnuiObgseG0OLaQ==/split_config.arm64_v8a.apk!/lib/arm64-v8a:/data/app/ ~~Tpyr0WMEgNxWZIHS2R81Zg==/com.hello.miheapp.secretspace-PTMVJuPpnuiObgseG0OLaQ==/ split_config.en.apk!/lib/arm64-v8a:/data/app/~~Tpyr0WMEgNxWZIHS2R81Zg==/ com.hello.miheapp.secretspace-PTMVJuPpnuiObgseG0OLaQ==/split_config.xxhdpi.apk!/ lib/arm64-v8a, permitted_path=/data:/mnt/expand:/data/user/0/com.hello.miheapp.secretspace
05-05 22:16:55.065 15428 15437 D SafeParcel: Unknown field id 34 in com.google.android.gms.measurement.internal.AppMetadata, skipping.
05-05 22:16:55.065 15854 15854 W ziparchive: Unable to open '/data/app/~~Tpyr0WMEgNxWZIHS2R81Zg==/com.hello.miheapp.secretspace- PTMVJuPpnuiObgseG0OLaQ==/base.dm': No such file or directory
05-05 22:16:55.065 15854 15854 W ziparchive: Unable to open '/data/app/~~Tpyr0WMEgNxWZIHS2R81Zg==/com.hello.miheapp.secretspace- PTMVJuPpnuiObgseG0OLaQ==/base.dm': No such file or directory
05-05 22:16:55.065 15428 15437 D SafeParcel: Unknown field id 35 in com.google.android.gms.measurement.internal.AppMetadata, skipping.
05-05 22:16:55.066 15428 15437 D MeasurementService: sendAppLaunch() for AppMetadata[com.hello.miheapp.secretspace]
05-05 22:16:55.080 15428 15498 D SafeParcel: Unknown field id 34 in com.google.android.gms.measurement.internal.AppMetadata, skipping.
05-05 22:16:55.080 15428 15498 D SafeParcel: Unknown field id 35 in com.google.android.gms.measurement.internal.AppMetadata, skipping.
05-05 22:16:55.080 15428 15498 D MeasurementService: getAppInstanceId() for AppMetadata[com.hello.miheapp.secretspace]
05-05 22:16:55.083 15428 15498 D SafeParcel: Unknown field id 34 in com.google.android.gms.measurement.internal.AppMetadata, skipping.
05-05 22:16:55.083 15428 15498 D SafeParcel: Unknown field id 35 in com.google.android.gms.measurement.internal.AppMetadata, skipping.
05-05 22:16:55.083 15428 15498 D MeasurementService: sendDefaultEventParameters(Bundle[EMPTY_PARCEL]) for AppMetadata[com.hello.miheapp.secretspace]
05-05 22:16:55.141 14472 14505 D SessionLifecycleClient: Sending lifecycle 2 to service
05-05 22:16:55.143 14472 14955 D SessionLifecycleService: Activity backgrounding at 9558683
05-05 22:16:55.157 15771 15903 E ActivityThread: Failed to find provider info for com.xiaomi.market.provider.DirectMailProvider
05-05 22:16:55.213 15771 15771 E .secretspace:p2: Failed to open APK '/data/resource-cache/com.android.systemui-neutral-Eg8J.frro': Invalid file
05-05 22:16:55.214 15771 15771 E .secretspace:p2: Failed to open APK '/data/resource-cache/com.android.systemui-accent-4QNn.frro': Invalid file
05-05 22:16:55.242 15771 15771 W .secretspace:p2: Entry not found
05-05 22:16:55.321 15854 15854 W ziparchive: Unable to open '/data/app/~~Tpyr0WMEgNxWZIHS2R81Zg==/com.hello.miheapp.secretspace- PTMVJuPpnuiObgseG0OLaQ==/split_config.arm64_v8a.dm': No such file or directory
05-05 22:16:55.321 15854 15854 W ziparchive: Unable to open '/data/app/~~Tpyr0WMEgNxWZIHS2R81Zg==/com.hello.miheapp.secretspace- PTMVJuPpnuiObgseG0OLaQ==/split_config.arm64_v8a.dm': No such file or directory
05-05 22:16:55.321 15854 15854 W .secretspace:p3: Entry not found
05-05 22:16:55.322 15854 15854 W ziparchive: Unable to open '/data/app/~~Tpyr0WMEgNxWZIHS2R81Zg==/com.hello.miheapp.secretspace- PTMVJuPpnuiObgseG0OLaQ==/split_config.en.dm': No such file or directory
05-05 22:16:55.322 15854 15854 W ziparchive: Unable to open '/data/app/~~Tpyr0WMEgNxWZIHS2R81Zg==/com.hello.miheapp.secretspace- PTMVJuPpnuiObgseG0OLaQ==/split_config.en.dm': No such file or directory
05-05 22:16:55.322 15854 15854 W .secretspace:p3: Entry not found
05-05 22:16:55.323 15854 15854 W ziparchive: Unable to open '/data/app/~~Tpyr0WMEgNxWZIHS2R81Zg==/com.hello.miheapp.secretspace- PTMVJuPpnuiObgseG0OLaQ==/split_config.xxhdpi.dm': No such file or directory
05-05 22:16:55.323 15854 15854 W ziparchive: Unable to open '/data/app/~~Tpyr0WMEgNxWZIHS2R81Zg==/com.hello.miheapp.secretspace- PTMVJuPpnuiObgseG0OLaQ==/split_config.xxhdpi.dm': No such file or directory
05-05 22:16:55.323 15854 15854 W .secretspace:p3: Entry not found
05-05 22:16:55.324 15854 15854 D nativeloader: Configuring clns-5 for other apk /data/app/~~Tpyr0WMEgNxWZIHS2R81Zg==/com.hello.miheapp.secretspace- PTMVJuPpnuiObgseG0OLaQ==/base.apk:/data/app/~~Tpyr0WMEgNxWZIHS2R81Zg==/ com.hello.miheapp.secretspace-PTMVJuPpnuiObgseG0OLaQ==/ split_config.arm64_v8a.apk:/data/app/~~Tpyr0WMEgNxWZIHS2R81Zg==/ com.hello.miheapp.secretspace-PTMVJuPpnuiObgseG0OLaQ==/split_config.en.apk:/data/ app/~~Tpyr0WMEgNxWZIHS2R81Zg==/com.hello.miheapp.secretspace- PTMVJuPpnuiObgseG0OLaQ==/split_config.xxhdpi.apk. target_sdk_version=34, uses_libraries=, library_path=/data/app/~~Tpyr0WMEgNxWZIHS2R81Zg==/com.hello.miheapp.secretspace- PTMVJuPpnuiObgseG0OLaQ==/lib/arm64:/data/app/~~Tpyr0WMEgNxWZIHS2R81Zg==/ com.hello.miheapp.secretspace-PTMVJuPpnuiObgseG0OLaQ==/base.apk!/lib/arm64-v8a:/ data/app/~~Tpyr0WMEgNxWZIHS2R81Zg==/com.hello.miheapp.secretspace- PTMVJuPpnuiObgseG0OLaQ==/split_config.arm64_v8a.apk!/lib/arm64-v8a:/data/app/ ~~Tpyr0WMEgNxWZIHS2R81Zg==/com.hello.miheapp.secretspace-PTMVJuPpnuiObgseG0OLaQ==/ split_config.en.apk!/lib/arm64-v8a:/data/app
05-05 22:16:55.332 15854 15854 D nativeloader: Load libframework-connectivity- jni.so using APEX ns com_android_tethering for caller /apex/com.android.tethering/javalib/framework-connectivity.jar: ok
05-05 22:16:55.335 15854 15854 V GraphicsEnvironment: ANGLE Developer option for 'com.hello.miheapp.secretspace' set to: 'default'
05-05 22:16:55.335 15854 15854 V GraphicsEnvironment: ANGLE GameManagerService for com.hello.miheapp.secretspace: false
05-05 22:16:55.335 15854 15854 V GraphicsEnvironment: Neither updatable production driver nor prerelease driver is supported.
05-05 22:16:55.340 15854 15854 D NetworkSecurityConfig: Using Network Security Config from resource network_security_config debugBuild: false
05-05 22:16:55.340 15854 15854 D NetworkSecurityConfig: Using Network Security Config from resource network_security_config debugBuild: false
05-05 22:16:55.376 15854 15854 D nativeloader: Load /data/app/~~Tpyr0WMEgNxWZIHS2R81Zg==/com.hello.miheapp.secretspace- PTMVJuPpnuiObgseG0OLaQ==/split_config.arm64_v8a.apk!/lib/arm64-v8a/librepublic.so using ns clns-5 from class loader (caller=/data/app/~~Tpyr0WMEgNxWZIHS2R81Zg==/com.hello.miheapp.secretspace- PTMVJuPpnuiObgseG0OLaQ==/base.apk): ok
05-05 22:16:55.397 15771 15920 I chromium: [0505/221655.387085:INFO:variations_seed_loader.cc(67)] Failed to open file for reading.: No such file or directory (2)
05-05 22:16:55.398 15771 15920 I chromium: [0505/221655.398713:INFO:variations_seed_loader.cc(67)] Failed to open file for reading.: No such file or directory (2)
05-05 22:16:55.590 15854 15854 W CheckTime: App running slow: Executing handleBindApplication : makeApplication took 251ms
05-05 22:16:55.606 15854 15854 W Glide : Failed to find GeneratedAppGlideModule. You should include an annotationProcessor compile dependency on com.github.bumptech.glide:compiler in your application and a @GlideModule annotated AppGlideModule implementation or LibraryGlideModules will be silently ignored
05-05 22:16:55.633 15942 15942 I libc : SetHeapTaggingLevel: tag level set to 0
05-05 22:16:55.636 15942 15942 I .secretspace:p4: Using CollectorTypeCMC GC.
05-05 22:16:55.639 15942 15942 E .secretspace:p4: Not starting debugger since process cannot load the jdwp agent.
05-05 22:16:55.641 14472 14952 D SensorManager: unregisterListenerImpl sensor = null, listener = com.appsflyer.internal.AFj1wSDK@a889e8f9
05-05 22:16:55.641 14472 14952 D SensorManager: unregisterListenerImpl sensor = null, listener = com.appsflyer.internal.AFj1wSDK@a1440a3e
05-05 22:16:55.642 15942 15942 D nativeloader: Load libframework-connectivity- tiramisu-jni.so using APEX ns com_android_tethering for caller /apex/com.android.tethering/javalib/framework-connectivity-t.jar: ok
05-05 22:16:55.645 15942 15942 W ziparchive: Unable to open '/system_ext/framework/unisoc-framework.dm': No such file or directory
05-05 22:16:55.645 15942 15942 W ziparchive: Unable to open '/system_ext/framework/unisoc-framework.dm': No such file or directory
05-05 22:16:55.656 15942 15953 E .secretspace:p4: Could not write anonymous vdex /system_ext/framework/oat/arm64/unisoc-framework.vdex: Could not open /system_ext/framework/oat/arm64/unisoc-framework.vdex for writing
05-05 22:16:55.657 15942 15942 D CompatibilityChangeReporter: Compat change id reported: 171979766; UID 10202; state: ENABLED
05-05 22:16:55.660 15854 15854 D CompatibilityChangeReporter: Compat change id reported: 183155436; UID 10202; state: ENABLED
05-05 22:16:55.665 15942 15942 D ApplicationLoaders: Returning zygote-cached class loader: /system/framework/android.test.base.jar
05-05 22:16:55.668 15942 15942 D nativeloader: Configuring clns-4 for other apk /system/framework/org.apache.http.legacy.jar. target_sdk_version=34, uses_libraries=ALL, library_path=/data/app/~~Tpyr0WMEgNxWZIHS2R81Zg==/com.hello.miheapp.secretspace- PTMVJuPpnuiObgseG0OLaQ==/lib/arm64:/data/app/~~Tpyr0WMEgNxWZIHS2R81Zg==/ com.hello.miheapp.secretspace-PTMVJuPpnuiObgseG0OLaQ==/base.apk!/lib/arm64-v8a:/ data/app/~~Tpyr0WMEgNxWZIHS2R81Zg==/com.hello.miheapp.secretspace- PTMVJuPpnuiObgseG0OLaQ==/split_config.arm64_v8a.apk!/lib/arm64-v8a:/data/app/ ~~Tpyr0WMEgNxWZIHS2R81Zg==/com.hello.miheapp.secretspace-PTMVJuPpnuiObgseG0OLaQ==/ split_config.en.apk!/lib/arm64-v8a:/data/app/~~Tpyr0WMEgNxWZIHS2R81Zg==/ com.hello.miheapp.secretspace-PTMVJuPpnuiObgseG0OLaQ==/split_config.xxhdpi.apk!/ lib/arm64-v8a, permitted_path=/data:/mnt/expand:/data/user/0/com.hello.miheapp.secretspace
05-05 22:16:55.669 15942 15942 W ziparchive: Unable to open '/data/app/~~Tpyr0WMEgNxWZIHS2R81Zg==/com.hello.miheapp.secretspace- PTMVJuPpnuiObgseG0OLaQ==/base.dm': No such file or directory
05-05 22:16:55.669 15942 15942 W ziparchive: Unable to open '/data/app/~~Tpyr0WMEgNxWZIHS2R81Zg==/com.hello.miheapp.secretspace- PTMVJuPpnuiObgseG0OLaQ==/base.dm': No such file or directory
05-05 22:16:55.683 15854 15854 D SessionsDependencies: Dependency to CRASHLYTICS added.
05-05 22:16:55.695 15854 15854 I FirebaseApp: Device unlocked: initializing all Firebase APIs for app [DEFAULT]
05-05 22:16:55.807 15854 15854 D FirebaseSessions: Initializing Firebase Sessions SDK.
05-05 22:16:55.809 15854 15854 I FirebaseCrashlytics: Initializing Firebase Crashlytics 18.6.2 for com.hello.miheapp.secretspace
05-05 22:16:55.848 15854 15854 D SessionsDependencies: Subscriber CRASHLYTICS registered.
05-05 22:16:55.877 15854 15966 D SessionConfigFetcher: Fetching settings from server.
05-05 22:16:55.897 15942 15942 W ziparchive: Unable to open '/data/app/~~Tpyr0WMEgNxWZIHS2R81Zg==/com.hello.miheapp.secretspace- PTMVJuPpnuiObgseG0OLaQ==/split_config.arm64_v8a.dm': No such file or directory
05-05 22:16:55.897 15942 15942 W ziparchive: Unable to open '/data/app/~~Tpyr0WMEgNxWZIHS2R81Zg==/com.hello.miheapp.secretspace- PTMVJuPpnuiObgseG0OLaQ==/split_config.arm64_v8a.dm': No such file or directory
05-05 22:16:55.897 15942 15942 W .secretspace:p4: Entry not found
05-05 22:16:55.897 15942 15942 W ziparchive: Unable to open '/data/app/~~Tpyr0WMEgNxWZIHS2R81Zg==/com.hello.miheapp.secretspace- PTMVJuPpnuiObgseG0OLaQ==/split_config.en.dm': No such file or directory
05-05 22:16:55.897 15942 15942 W ziparchive: Unable to open '/data/app/~~Tpyr0WMEgNxWZIHS2R81Zg==/com.hello.miheapp.secretspace- PTMVJuPpnuiObgseG0OLaQ==/split_config.en.dm': No such file or directory
05-05 22:16:55.898 15942 15942 W .secretspace:p4: Entry not found
05-05 22:16:55.898 15942 15942 W ziparchive: Unable to open '/data/app/~~Tpyr0WMEgNxWZIHS2R81Zg==/com.hello.miheapp.secretspace- PTMVJuPpnuiObgseG0OLaQ==/split_config.xxhdpi.dm': No such file or directory
05-05 22:16:55.898 15942 15942 W ziparchive: Unable to open '/data/app/~~Tpyr0WMEgNxWZIHS2R81Zg==/com.hello.miheapp.secretspace- PTMVJuPpnuiObgseG0OLaQ==/split_config.xxhdpi.dm': No such file or directory
05-05 22:16:55.898 15942 15942 W .secretspace:p4: Entry not found
05-05 22:16:55.899 15942 15942 D nativeloader: Configuring clns-5 for other apk /data/app/~~Tpyr0WMEgNxWZIHS2R81Zg==/com.hello.miheapp.secretspace- PTMVJuPpnuiObgseG0OLaQ==/base.apk:/data/app/~~Tpyr0WMEgNxWZIHS2R81Zg==/ com.hello.miheapp.secretspace-PTMVJuPpnuiObgseG0OLaQ==/ split_config.arm64_v8a.apk:/data/app/~~Tpyr0WMEgNxWZIHS2R81Zg==/ com.hello.miheapp.secretspace-PTMVJuPpnuiObgseG0OLaQ==/split_config.en.apk:/data/ app/~~Tpyr0WMEgNxWZIHS2R81Zg==/com.hello.miheapp.secretspace- PTMVJuPpnuiObgseG0OLaQ==/split_config.xxhdpi.apk. target_sdk_version=34, uses_libraries=, library_path=/data/app/~~Tpyr0WMEgNxWZIHS2R81Zg==/com.hello.miheapp.secretspace- PTMVJuPpnuiObgseG0OLaQ==/lib/arm64:/data/app/~~Tpyr0WMEgNxWZIHS2R81Zg==/ com.hello.miheapp.secretspace-PTMVJuPpnuiObgseG0OLaQ==/base.apk!/lib/arm64-v8a:/ data/app/~~Tpyr0WMEgNxWZIHS2R81Zg==/com.hello.miheapp.secretspace- PTMVJuPpnuiObgseG0OLaQ==/split_config.arm64_v8a.apk!/lib/arm64-v8a:/data/app/ ~~Tpyr0WMEgNxWZIHS2R81Zg==/com.hello.miheapp.secretspace-PTMVJuPpnuiObgseG0OLaQ==/ split_config.en.apk!/lib/arm64-v8a:/data/app
05-05 22:16:55.907 15428 15498 D ChimeraServiceProvider: query: content://com.google.android.gms.chimera/api_force_staging/com.google.android.gms.m easurement.dynamite?requestStartTime=9605644
05-05 22:16:55.909 15942 15942 D nativeloader: Load libframework-connectivity- jni.so using APEX ns com_android_tethering for caller /apex/com.android.tethering/javalib/framework-connectivity.jar: ok
05-05 22:16:55.910 15854 15962 W DynamiteModule: Failed to retrieve remote module version.
05-05 22:16:55.912 15942 15942 V GraphicsEnvironment: ANGLE Developer option for 'com.hello.miheapp.secretspace' set to: 'default'
05-05 22:16:55.912 15942 15942 V GraphicsEnvironment: ANGLE GameManagerService for com.hello.miheapp.secretspace: false
05-05 22:16:55.912 15942 15942 V GraphicsEnvironment: Neither updatable production driver nor prerelease driver is supported.
05-05 22:16:55.916 15942 15942 D NetworkSecurityConfig: Using Network Security Config from resource network_security_config debugBuild: false
05-05 22:16:55.917 15942 15942 D NetworkSecurityConfig: Using Network Security Config from resource network_security_config debugBuild: false
05-05 22:16:55.927 15854 15962 D nativeloader: Configuring clns-6 for other apk /system/framework/com.android.location.provider.jar. target_sdk_version=29, uses_libraries=ALL, library_path=/data/user/0/com.hello.miheapp.secretspace/sandbox/data/app/ com.google.android.gms/lib:/data/user/0/com.hello.miheapp.secretspace/sandbox/ data/app/com.google.android.gms/base.apk!/lib/arm64-v8a, permitted_path=/data:/mnt/expand:/data/user/0/com.hello.miheapp.secretspace/ sandbox/data/user/0/com.google.android.gms
05-05 22:16:55.935 15854 15962 D nativeloader: Configuring clns-7 for other apk /data/user/0/com.hello.miheapp.secretspace/sandbox/data/app/com.google.android.gms/ base.apk. target_sdk_version=29, uses_libraries=, library_path=/data/user/0/com.hello.miheapp.secretspace/sandbox/data/app/ com.google.android.gms/lib:/data/user/0/com.hello.miheapp.secretspace/sandbox/ data/app/com.google.android.gms/base.apk!/lib/arm64-v8a, permitted_path=/data:/mnt/expand:/data/user/0/com.hello.miheapp.secretspace/ sandbox/data/user/0/com.google.android.gms
05-05 22:16:55.938 15854 15962 W DynamiteModule: IDynamite loader version = 2, no high precision latency measurement.
05-05 22:16:55.939 15854 15962 I DynamiteModule: Considering local module com.google.android.gms.measurement.dynamite:100 and remote module com.google.android.gms.measurement.dynamite:98
05-05 22:16:55.939 15854 15962 I DynamiteModule: Selected local version of com.google.android.gms.measurement.dynamite
05-05 22:16:55.948 15854 15962 W DynamiteModule: IDynamite loader version = 2, no high precision latency measurement.
05-05 22:16:55.953 15854 15854 I FirebaseApp: FirebaseApp initialization successful
05-05 22:16:55.953 15942 15942 D nativeloader: Load /data/app/~~Tpyr0WMEgNxWZIHS2R81Zg==/com.hello.miheapp.secretspace- PTMVJuPpnuiObgseG0OLaQ==/split_config.arm64_v8a.apk!/lib/arm64-v8a/librepublic.so using ns clns-5 from class loader (caller=/data/app/~~Tpyr0WMEgNxWZIHS2R81Zg==/com.hello.miheapp.secretspace- PTMVJuPpnuiObgseG0OLaQ==/base.apk): ok
05-05 22:16:55.982 15854 15854 W CheckTime: App running slow: Executing handleBindApplication : callApplicationOnCreate took 390ms
05-05 22:16:56.004 15854 15854 D nativeloader: Load /data/app/~~Tpyr0WMEgNxWZIHS2R81Zg==/com.hello.miheapp.secretspace- PTMVJuPpnuiObgseG0OLaQ==/split_config.arm64_v8a.apk!/lib/arm64-v8a/libsandbox.so using ns clns-5 from class loader (caller=/data/app/~~Tpyr0WMEgNxWZIHS2R81Zg==/com.hello.miheapp.secretspace- PTMVJuPpnuiObgseG0OLaQ==/base.apk): ok
05-05 22:16:56.004 15854 15854 D NativeCore: NativeCore init.
05-05 22:16:56.004 15854 15854 D NativeCore: found art method entrypoint jni offset: 2
05-05 22:16:56.005 15854 15854 D NativeCore: not found art method match access flags offset , use default: 4
05-05 22:16:56.038 15854 15982 I FA : App measurement initialized, version: 84002
05-05 22:16:56.038 15854 15982 I FA : To enable debug logging run: adb shell setprop log.tag.FA VERBOSE
05-05 22:16:56.038 15854 15982 I FA : To enable faster debug mode event logging run:
05-05 22:16:56.038 15854 15982 I FA : adb shell setprop debug.firebase.analytics.app com.hello.miheapp.secretspace
05-05 22:16:56.051 15854 15982 D CompatibilityChangeReporter: Compat change id reported: 183155436; UID 10202; state: ENABLED
05-05 22:16:56.058 15854 15982 W FA : Table has extra columns. table, columns: messages, app_version, app_version_int
05-05 22:16:56.060 15854 15854 E NativeCore: not native method
05-05 22:16:56.060 15854 15854 E NativeCore: check flags error. class:java/io/UnixFileSystem, method:canonicalize0
05-05 22:16:56.060 15854 15854 D NativeCore: register class:java/io/UnixFileSystem, method:getBooleanAttributes0 success!
05-05 22:16:56.060 15854 15854 D NativeCore: register class:java/io/UnixFileSystem, method:getLastModifiedTime0 success!
05-05 22:16:56.060 15854 15854 D NativeCore: register class:java/io/UnixFileSystem, method:setPermission0 success!
05-05 22:16:56.060 15854 15854 D NativeCore: register class:java/io/UnixFileSystem, method:createFileExclusively0 success!
05-05 22:16:56.060 15854 15854 D NativeCore: register class:java/io/UnixFileSystem, method:list0 success!
05-05 22:16:56.060 15854 15854 D NativeCore: register class:java/io/UnixFileSystem, method:createDirectory0 success!
05-05 22:16:56.060 15854 15854 D NativeCore: register class:java/io/UnixFileSystem, method:setLastModifiedTime0 success!
05-05 22:16:56.060 15854 15854 D NativeCore: register class:java/io/UnixFileSystem, method:setReadOnly0 success!
05-05 22:16:56.060 15854 15854 D NativeCore: register class:java/io/UnixFileSystem, method:getSpace0 success!
05-05 22:16:56.061 15854 15854 D NativeCore: register class:java/lang/VMClassLoader, method:findLoadedClass success!
05-05 22:16:56.061 15854 15854 D NativeCore: register class:android/os/Binder, method:getCallingUid success!
05-05 22:16:56.061 15854 15854 D NativeCore: register class:dalvik/system/VMRuntime, method:setHiddenApiExemptions success!
05-05 22:16:56.071 15854 15854 W .secretspace:p3: ClassLoaderContext shared library size mismatch. Expected=0, found=1 (PCL[] | PCL[]{PCL[/system/framework/org.apache.http.legacy.jar*1236094901]})
05-05 22:16:56.072 15854 15854 D nativeloader: Configuring clns-8 for other apk /data/user/0/com.hello.miheapp.secretspace/sandbox/data/app/com.hidepppro.calculato r/base.apk. target_sdk_version=34, uses_libraries=, library_path=/data/user/0/com.hello.miheapp.secretspace/sandbox/data/app/ com.hidepppro.calculator/lib:/data/user/0/com.hello.miheapp.secretspace/sandbox/ data/app/com.hidepppro.calculator/base.apk!/lib/arm64-v8a, permitted_path=/data:/mnt/expand:/data/user/0/com.hello.miheapp.secretspace/ sandbox/data/user/0/com.hidepppro.calculator
05-05 22:16:56.077 15854 15854 W ro.calculator:x: type=1400 audit(0.0:3809): avc: granted { execute } for path="/data/data/com.hello.miheapp.secretspace/sandbox/data/user/0/ com.hidepppro.calculator/files/libexec.so" dev="dm-44" ino=2162732 scontext=u:r:untrusted_app:s0:c202,c256,c512,c768 tcontext=u:object_r:app_data_file:s0:c202,c256,c512,c768 tclass=file app=com.hello.miheapp.secretspace
05-05 22:16:56.091 15854 15854 D nativeloader: Load /data/user/0/com.hello.miheapp.secretspace/sandbox/data/user/0/com.hidepppro.calcul ator/files/libexec.so using ns clns-8 from class loader (caller=/data/user/0/com.hello.miheapp.secretspace/sandbox/data/app/ com.hidepppro.calculator/base.apk): ok
05-05 22:16:56.089 15854 15854 W ro.calculator:x: type=1400 audit(0.0:3810): avc: granted { execute } for path="/data/data/com.hello.miheapp.secretspace/sandbox/data/user/0/ com.hidepppro.calculator/files/libexecmain.so" dev="dm-44" ino=2162407 scontext=u:r:untrusted_app:s0:c202,c256,c512,c768 tcontext=u:object_r:app_data_file:s0:c202,c256,c512,c768 tclass=file app=com.hello.miheapp.secretspace
05-05 22:16:56.094 15854 15854 D nativeloader: Load /data/user/0/com.hello.miheapp.secretspace/sandbox/data/user/0/com.hidepppro.calcul ator/files/libexecmain.so using ns clns-8 from class loader (caller=/data/user/0/com.hello.miheapp.secretspace/sandbox/data/app/ com.hidepppro.calculator/base.apk): ok
05-05 22:16:56.105 15854 15854 W ro.calculator:x: type=1400 audit(0.0:3811): avc: denied { execmod } for path="/system/lib64/liblog.so" dev="dm-10" ino=28727786 scontext=u:r:untrusted_app:s0:c202,c256,c512,c768 tcontext=u:object_r:system_lib_file:s0 tclass=file permissive=0 app=com.hello.miheapp.secretspace
05-05 22:16:56.167 15942 15942 W CheckTime: App running slow: Executing handleBindApplication : makeApplication took 252ms
05-05 22:16:56.169 15854 15854 W ro.calculator:x: type=1400 audit(0.0:3812): avc: denied { execmod } for path="/apex/com.android.runtime/bin/linker64" dev="loop28" ino=16 scontext=u:r:untrusted_app:s0:c202,c256,c512,c768 tcontext=u:object_r:system_linker_exec:s0 tclass=file permissive=0 app=com.hello.miheapp.secretspace
05-05 22:16:56.195 15942 15942 W Glide : Failed to find GeneratedAppGlideModule. You should include an annotationProcessor compile dependency on com.github.bumptech.glide:compiler in your application and a @GlideModule annotated AppGlideModule implementation or LibraryGlideModules will be silently ignored
05-05 22:16:56.231 15428 15428 D GmsSafetyNet: onBind: Intent { act=com.google.android.gms.safetynet.service.START pkg=com.google.android.gms }
05-05 22:16:56.268 15428 15437 D ChimeraServiceProvider: serviceIntentCall: com.google.android.gms.safebrowsing.SafeBrowsingService.START -> Intent { act=com.google.android.gms.safebrowsing.SafeBrowsingService.START pkg=com.google.android.gms cmp=com.google.android.gms/org.microg.gms.DummyService }
05-05 22:16:56.297 15942 15942 D CompatibilityChangeReporter: Compat change id reported: 183155436; UID 10202; state: ENABLED
05-05 22:16:56.300 15428 15428 D GmsDummySvc: onBind: Intent { act=com.google.android.gms.safebrowsing.SafeBrowsingService.START pkg=com.google.android.gms cmp=com.google.android.gms/org.microg.gms.DummyService }
05-05 22:16:56.322 15428 15428 D UsageReportingService: onBind: Intent { act=com.google.android.gms.usagereporting.service.START pkg=com.google.android.gms }
05-05 22:16:56.344 15942 15942 D SessionsDependencies: Dependency to CRASHLYTICS added.
05-05 22:16:56.364 15942 15942 I FirebaseApp: Device unlocked: initializing all Firebase APIs for app [DEFAULT]
05-05 22:16:56.463 15942 15942 D FirebaseSessions: Initializing Firebase Sessions SDK.
05-05 22:16:56.468 15942 15942 I FirebaseCrashlytics: Initializing Firebase Crashlytics 18.6.2 for com.hello.miheapp.secretspace
05-05 22:16:56.512 15942 15942 D SessionsDependencies: Subscriber CRASHLYTICS registered.
05-05 22:16:56.524 15942 16013 D SessionConfigFetcher: Fetching settings from server.
05-05 22:16:56.551 15428 15437 D ChimeraServiceProvider: query: content://com.google.android.gms.chimera/api_force_staging/com.google.android.gms.m easurement.dynamite?requestStartTime=9606307
05-05 22:16:56.553 15942 16008 W DynamiteModule: Failed to retrieve remote module version.
05-05 22:16:56.567 15942 16008 D nativeloader: Configuring clns-6 for other apk /system/framework/com.android.location.provider.jar. target_sdk_version=29, uses_libraries=ALL, library_path=/data/user/0/com.hello.miheapp.secretspace/sandbox/data/app/ com.google.android.gms/lib:/data/user/0/com.hello.miheapp.secretspace/sandbox/ data/app/com.google.android.gms/base.apk!/lib/arm64-v8a, permitted_path=/data:/mnt/expand:/data/user/0/com.hello.miheapp.secretspace/ sandbox/data/user/0/com.google.android.gms
05-05 22:16:56.573 15942 16008 D nativeloader: Configuring clns-7 for other apk /data/user/0/com.hello.miheapp.secretspace/sandbox/data/app/com.google.android.gms/ base.apk. target_sdk_version=29, uses_libraries=, library_path=/data/user/0/com.hello.miheapp.secretspace/sandbox/data/app/ com.google.android.gms/lib:/data/user/0/com.hello.miheapp.secretspace/sandbox/ data/app/com.google.android.gms/base.apk!/lib/arm64-v8a, permitted_path=/data:/mnt/expand:/data/user/0/com.hello.miheapp.secretspace/ sandbox/data/user/0/com.google.android.gms
05-05 22:16:56.576 15942 16008 W DynamiteModule: IDynamite loader version = 2, no high precision latency measurement.
05-05 22:16:56.577 15942 16008 I DynamiteModule: Considering local module com.google.android.gms.measurement.dynamite:100 and remote module com.google.android.gms.measurement.dynamite:98
05-05 22:16:56.577 15942 16008 I DynamiteModule: Selected local version of com.google.android.gms.measurement.dynamite
05-05 22:16:56.588 15942 16008 W DynamiteModule: IDynamite loader version = 2, no high precision latency measurement.
05-05 22:16:56.595 15942 15942 I FirebaseApp: FirebaseApp initialization successful
05-05 22:16:56.638 15942 15942 W CheckTime: App running slow: Executing handleBindApplication : callApplicationOnCreate took 466ms
05-05 22:16:56.687 15942 15942 D nativeloader: Load /data/app/~~Tpyr0WMEgNxWZIHS2R81Zg==/com.hello.miheapp.secretspace- PTMVJuPpnuiObgseG0OLaQ==/split_config.arm64_v8a.apk!/lib/arm64-v8a/libsandbox.so using ns clns-5 from class loader (caller=/data/app/~~Tpyr0WMEgNxWZIHS2R81Zg==/com.hello.miheapp.secretspace- PTMVJuPpnuiObgseG0OLaQ==/base.apk): ok
05-05 22:16:56.687 15942 15942 D NativeCore: NativeCore init.
05-05 22:16:56.687 15942 15942 D NativeCore: found art method entrypoint jni offset: 2
05-05 22:16:56.688 15942 15942 D NativeCore: not found art method match access flags offset , use default: 4
05-05 22:16:56.746 15942 16033 I FA : App measurement initialized, version: 84002
05-05 22:16:56.746 15942 16033 I FA : To enable debug logging run: adb shell setprop log.tag.FA VERBOSE
05-05 22:16:56.747 15942 16033 I FA : To enable faster debug mode event logging run:
05-05 22:16:56.747 15942 16033 I FA : adb shell setprop debug.firebase.analytics.app com.hello.miheapp.secretspace
05-05 22:16:56.754 15942 15942 E NativeCore: not native method
05-05 22:16:56.754 15942 15942 E NativeCore: check flags error. class:java/io/UnixFileSystem, method:canonicalize0
05-05 22:16:56.754 15942 15942 D NativeCore: register class:java/io/UnixFileSystem, method:getBooleanAttributes0 success!
05-05 22:16:56.754 15942 15942 D NativeCore: register class:java/io/UnixFileSystem, method:getLastModifiedTime0 success!
05-05 22:16:56.754 15942 15942 D NativeCore: register class:java/io/UnixFileSystem, method:setPermission0 success!
05-05 22:16:56.754 15942 15942 D NativeCore: register class:java/io/UnixFileSystem, method:createFileExclusively0 success!
05-05 22:16:56.754 15942 15942 D NativeCore: register class:java/io/UnixFileSystem, method:list0 success!
05-05 22:16:56.754 15942 15942 D NativeCore: register class:java/io/UnixFileSystem, method:createDirectory0 success!
05-05 22:16:56.754 15942 15942 D NativeCore: register class:java/io/UnixFileSystem, method:setLastModifiedTime0 success!
05-05 22:16:56.754 15942 15942 D NativeCore: register class:java/io/UnixFileSystem, method:setReadOnly0 success!
05-05 22:16:56.754 15942 15942 D NativeCore: register class:java/io/UnixFileSystem, method:getSpace0 success!
05-05 22:16:56.754 15942 15942 D NativeCore: register class:java/lang/VMClassLoader, method:findLoadedClass success!
05-05 22:16:56.754 15942 15942 D NativeCore: register class:android/os/Binder, method:getCallingUid success!
05-05 22:16:56.754 15942 15942 D NativeCore: register class:dalvik/system/VMRuntime, method:setHiddenApiExemptions success!
05-05 22:16:56.761 15942 15942 W ziparchive: Unable to open '/data/user/0/com.hello.miheapp.secretspace/sandbox/data/app/com.android.vending/ base.dm': No such file or directory
05-05 22:16:56.761 15942 16033 D CompatibilityChangeReporter: Compat change id reported: 183155436; UID 10202; state: ENABLED
05-05 22:16:56.769 15942 16033 W FA : Table has extra columns. table, columns: messages, app_version, app_version_int
05-05 22:16:56.834 15942 15942 D nativeloader: Configuring clns-8 for other apk /data/user/0/com.hello.miheapp.secretspace/sandbox/data/app/com.android.vending/ base.apk. target_sdk_version=29, uses_libraries=, library_path=/data/user/0/com.hello.miheapp.secretspace/sandbox/data/app/ com.android.vending/lib:/data/user/0/com.hello.miheapp.secretspace/sandbox/data/ app/com.android.vending/base.apk!/lib/arm64-v8a, permitted_path=/data:/mnt/expand:/data/user/0/com.hello.miheapp.secretspace/ sandbox/data/user/0/com.android.vending
05-05 22:16:56.842 15942 15942 D NetworkSecurityConfig: No Network Security Config specified, using platform default
05-05 22:16:56.842 15942 15942 D NetworkSecurityConfig: No Network Security Config specified, using platform default
05-05 22:16:56.899 15428 15437 D MeasurementService: bound by: GetServiceRequest{serviceId=MEASUREMENT, gmsVersion=12451000, packageName='com.hello.miheapp.secretspace', extras=Bundle[{}]}
05-05 22:16:56.905 15428 15437 D SafeParcel: Unknown field id 34 in com.google.android.gms.measurement.internal.AppMetadata, skipping.
05-05 22:16:56.905 15428 15437 D SafeParcel: Unknown field id 35 in com.google.android.gms.measurement.internal.AppMetadata, skipping.
05-05 22:16:56.905 15428 15437 D MeasurementService: sendAppLaunch() for AppMetadata[com.hello.miheapp.secretspace]
05-05 22:16:56.918 15428 15437 D SafeParcel: Unknown field id 34 in com.google.android.gms.measurement.internal.AppMetadata, skipping.
05-05 22:16:56.918 15428 15437 D SafeParcel: Unknown field id 35 in com.google.android.gms.measurement.internal.AppMetadata, skipping.
05-05 22:16:56.918 15428 15437 D MeasurementService: getAppInstanceId() for AppMetadata[com.hello.miheapp.secretspace]
05-05 22:16:56.920 15428 15437 D SafeParcel: Unknown field id 34 in com.google.android.gms.measurement.internal.AppMetadata, skipping.
05-05 22:16:56.920 15428 15437 D SafeParcel: Unknown field id 35 in com.google.android.gms.measurement.internal.AppMetadata, skipping.
05-05 22:16:56.920 15428 15437 D MeasurementService: sendDefaultEventParameters(Bundle[EMPTY_PARCEL]) for AppMetadata[com.hello.miheapp.secretspace]
05-05 22:16:56.923 15942 15942 D CompatibilityChangeReporter: Compat change id reported: 183155436; UID 10002; state: ENABLED
05-05 22:16:56.935 15428 15437 D MeasurementService: bound by: GetServiceRequest{serviceId=MEASUREMENT, gmsVersion=12451000, packageName='com.hello.miheapp.secretspace', extras=Bundle[{}]}
05-05 22:16:56.941 15428 15437 D SafeParcel: Unknown field id 34 in com.google.android.gms.measurement.internal.AppMetadata, skipping.
05-05 22:16:56.942 15428 15437 D SafeParcel: Unknown field id 35 in com.google.android.gms.measurement.internal.AppMetadata, skipping.
05-05 22:16:56.942 15428 15437 D MeasurementService: sendAppLaunch() for AppMetadata[com.hello.miheapp.secretspace]
05-05 22:16:56.944 15942 16033 W FA : Table has extra columns. table, columns: messages, app_version, app_version_int
05-05 22:16:56.945 15942 16033 W FA : Table has extra columns. table, columns: messages, app_version, app_version_int
05-05 22:16:56.947 15428 15437 D SafeParcel: Unknown field id 34 in com.google.android.gms.measurement.internal.AppMetadata, skipping.
05-05 22:16:56.948 15428 15437 D SafeParcel: Unknown field id 35 in com.google.android.gms.measurement.internal.AppMetadata, skipping.
05-05 22:16:56.948 15428 15437 D MeasurementService: getAppInstanceId() for AppMetadata[com.hello.miheapp.secretspace]
05-05 22:16:56.950 15428 15437 D SafeParcel: Unknown field id 34 in com.google.android.gms.measurement.internal.AppMetadata, skipping.
05-05 22:16:56.950 15428 15437 D SafeParcel: Unknown field id 35 in com.google.android.gms.measurement.internal.AppMetadata, skipping.
05-05 22:16:56.950 15428 15437 D MeasurementService: sendDefaultEventParameters(Bundle[EMPTY_PARCEL]) for AppMetadata[com.hello.miheapp.secretspace]
05-05 22:16:57.080 15942 16014 D SessionConfigFetcher: Fetched settings: {"settings_version":3,"cache_duration":160681,"features": {"collect_logged_exceptions":true,"collect_reports":true,"collect_analytics":false, "prompt_enabled":false,"push_enabled":false,"firebase_crashlytics_enabled":false,"c ollect_anrs":true,"collect_metric_kit":false,"collect_build_ids":true},"app": {"status":"activated","update_required":false,"report_upload_variant":2,"native_rep ort_upload_variant":2},"fabric": {"org_id":"65f00c8a567bf1f0daf09834","bundle_id":"com.hello.miheapp.secretspace"}," on_demand_upload_rate_per_minute":10,"on_demand_backoff_base":1.2,"on_demand_backof f_step_duration_seconds":60,"app_quality": {"sessions_enabled":true,"sampling_rate":1,"session_timeout_seconds":1800},"on_dema nd_thread_recording_suspension_enabled":true}
05-05 22:16:57.118 15942 16010 I FirebaseCrashlytics: No version control information found
05-05 22:16:57.131 15942 16009 D LifecycleServiceBinder: Binding service to application.
05-05 22:16:57.191 14472 14508 I FA : Application backgrounded at: timestamp_millis: 1746462715189
05-05 22:16:58.090 15771 15771 E AndroidRuntime: FATAL EXCEPTION: main
05-05 22:16:58.090 15771 15771 E AndroidRuntime: Process: com.hidepppro.calculator, PID: 15771
05-05 22:16:58.090 15771 15771 E AndroidRuntime: java.lang.RuntimeException: Unable to start activity ComponentInfo{com.hidepppro.calculator/ch.deletescape.lawnchair.Launcher}: java.lang.RuntimeException: java.lang.ClassCastException: Couldn't convert result of type int[] to android.content.pm.ParceledListSlice
05-05 22:16:58.090 15771 15771 E AndroidRuntime: at android.app.ActivityThread.performLaunchActivity(ActivityThread.java:3770)
05-05 22:16:58.090 15771 15771 E AndroidRuntime: at android.app.ActivityThread.handleLaunchActivity(ActivityThread.java:3907)
05-05 22:16:58.090 15771 15771 E AndroidRuntime: at android.app.servertransaction.LaunchActivityItem.execute(LaunchActivityItem.java:10 1)
05-05 22:16:58.090 15771 15771 E AndroidRuntime: at android.app.servertransaction.TransactionExecutor.executeCallbacks(TransactionExecu tor.java:137)
05-05 22:16:58.090 15771 15771 E AndroidRuntime: at android.app.servertransaction.TransactionExecutor.execute(TransactionExecutor.java: 97)
05-05 22:16:58.090 15771 15771 E AndroidRuntime: at android.app.ActivityThread$H.handleMessage(ActivityThread.java:2393)
05-05 22:16:58.090 15771 15771 E AndroidRuntime: at android.os.Handler.dispatchMessage(Handler.java:106)
05-05 22:16:58.090 15771 15771 E AndroidRuntime: at android.os.Looper.loopOnce(Looper.java:201)
05-05 22:16:58.090 15771 15771 E AndroidRuntime: at android.os.Looper.loop(Looper.java:288)
05-05 22:16:58.090 15771 15771 E AndroidRuntime: at android.app.ActivityThread.main(ActivityThread.java:8061)
05-05 22:16:58.090 15771 15771 E AndroidRuntime: at java.lang.reflect.Method.invoke(Native Method)
05-05 22:16:58.090 15771 15771 E AndroidRuntime: at com.android.internal.os.RuntimeInit$MethodAndArgsCaller.run(RuntimeInit.java:703)
05-05 22:16:58.090 15771 15771 E AndroidRuntime: at com.android.internal.os.ZygoteInit.main(ZygoteInit.java:923)
05-05 22:16:58.090 15771 15771 E AndroidRuntime: Caused by: java.lang.RuntimeException: java.lang.ClassCastException: Couldn't convert result of type int[] to android.content.pm.ParceledListSlice
05-05 22:16:58.090 15771 15771 E AndroidRuntime: at ch.deletescape.lawnchair.LauncherAppWidgetHost.startListening(SourceFile:24)
05-05 22:16:58.090 15771 15771 E AndroidRuntime: at ch.deletescape.lawnchair.Launcher.onCreate(SourceFile:154)
05-05 22:16:58.090 15771 15771 E AndroidRuntime: at android.app.Activity.performCreate(Activity.java:8328)
05-05 22:16:58.090 15771 15771 E AndroidRuntime: at android.app.Activity.performCreate(Activity.java:8307)
05-05 22:16:58.090 15771 15771 E AndroidRuntime: at android.app.Instrumentation.callActivityOnCreate(Instrumentation.java:1384)
05-05 22:16:58.090 15771 15771 E AndroidRuntime: at com.hello.sandbox.fake.delegate.BaseInstrumentationDelegate.callActivityOnCreate(Ba seInstrumentationDelegate.java:1)
05-05 22:16:58.090 15771 15771 E AndroidRuntime: at com.hello.sandbox.fake.delegate.AppInstrumentation.callActivityOnCreate(AppInstrume ntation.java:4)
05-05 22:16:58.090 15771 15771 E AndroidRuntime: at android.app.ActivityThread.performLaunchActivity(ActivityThread.java:3750)
05-05 22:16:58.090 15771 15771 E AndroidRuntime: ... 12 more
05-05 22:16:58.090 15771 15771 E AndroidRuntime: Caused by: java.lang.ClassCastException: Couldn't convert result of type int[] to android.content.pm.ParceledListSlice
05-05 22:16:58.090 15771 15771 E AndroidRuntime: at $Proxy104.startListening(Unknown Source)
05-05 22:16:58.090 15771 15771 E AndroidRuntime: at android.appwidget.AppWidgetHost.startListening(AppWidgetHost.java:222)
05-05 22:16:58.090 15771 15771 E AndroidRuntime: at ch.deletescape.lawnchair.LauncherAppWidgetHost.startListening(SourceFile:1)
05-05 22:16:58.090 15771 15771 E AndroidRuntime: ... 19 more
05-05 22:16:58.621 14472 14472 D VRI[HomeAct]: performTraversals relayoutWindow: maybeSyncSeqId=-1 ,mSyncSeqId=0 ,relayoutResult=3
05-05 22:16:58.632 14472 16099 I gralloc4: register: id=29e00001b4d, vaddr=0x74e665f000
05-05 22:16:58.635 14472 16099 I gralloc4: register: id=29e00001b4e, vaddr=0x74d919c000
05-05 22:16:58.638 14472 16099 I gralloc4: register: id=29e00001b4f, vaddr=0x74d7839000
05-05 22:16:58.696 14584 14606 I Process : Sending signal. PID: 15771 SIG: 9
05-05 22:16:59.350 14472 14499 D SessionLifecycleClient: Sending lifecycle 1 to service
05-05 22:16:59.350 14472 14955 D SessionLifecycleService: Activity foregrounding at 9562890.
05-05 22:16:59.356 14472 15317 I MATDBManager: sqllite db insert success! insert row id:44
05-05 22:16:59.357 14472 15317 I MATDBManager: sqllite db capacity:3
05-05 22:16:59.372 14472 15317 I MATDBManager: sqllite db insert success! insert row id:45
05-05 22:16:59.372 14472 15317 I MATDBManager: sqllite db capacity:4
05-05 22:16:59.427 14472 14472 D VRI[HomeAct]: performTraversals relayoutWindow: maybeSyncSeqId=-1 ,mSyncSeqId=0 ,relayoutResult=3
05-05 22:16:59.434 14472 16135 I gralloc4: register: id=29e00001b57, vaddr=0x74d72b4000
05-05 22:16:59.442 14472 16135 I gralloc4: register: id=29e00001b58, vaddr=0x7369165000
05-05 22:16:59.443 14472 14909 W Parcel : Expecting binder but got null!
05-05 22:16:59.451 14472 16135 I gralloc4: register: id=29e00001b59, vaddr=0x735f6ac000
05-05 22:16:59.720 14472 14909 I gralloc4: unregister: id=29e00001b49, vaddr=0x735d235000
05-05 22:16:59.720 14472 14909 I gralloc4: unregister: id=29e00001b4a, vaddr=0x735cdec000
05-05 22:16:59.721 14472 14909 I gralloc4: unregister: id=29e00001b48, vaddr=0x7360c31000
05-05 22:17:01.611 14472 14909 I gralloc4: unregister: id=29e00001b58, vaddr=0x7369165000
05-05 22:17:01.628 14472 14493 I gralloc4: unregister: id=29e00001b59, vaddr=0x735f6ac000
05-05 22:17:01.632 14472 14493 I gralloc4: unregister: id=29e00001b57, vaddr=0x74d72b4000
05-05 22:17:01.871 16149 16149 I libc : SetHeapTaggingLevel: tag level set to 0
05-05 22:17:01.875 16149 16149 I .secretspace:p2: Using CollectorTypeCMC GC.
05-05 22:17:01.879 16149 16149 E .secretspace:p2: Not starting debugger since process cannot load the jdwp agent.
05-05 22:17:01.883 16149 16149 D nativeloader: Load libframework-connectivity- tiramisu-jni.so using APEX ns com_android_tethering for caller /apex/com.android.tethering/javalib/framework-connectivity-t.jar: ok
05-05 22:17:01.895 16149 16149 W ziparchive: Unable to open '/system_ext/framework/unisoc-framework.dm': No such file or directory
05-05 22:17:01.895 16149 16149 W ziparchive: Unable to open '/system_ext/framework/unisoc-framework.dm': No such file or directory
05-05 22:17:01.913 16149 16149 D CompatibilityChangeReporter: Compat change id reported: 171979766; UID 10202; state: ENABLED
05-05 22:17:01.919 16149 16161 E .secretspace:p2: Could not write anonymous vdex /system_ext/framework/oat/arm64/unisoc-framework.vdex: Could not open /system_ext/framework/oat/arm64/unisoc-framework.vdex for writing
05-05 22:17:01.920 16149 16149 D ApplicationLoaders: Returning zygote-cached class loader: /system/framework/android.test.base.jar
05-05 22:17:01.925 16149 16149 D nativeloader: Configuring clns-4 for other apk /system/framework/org.apache.http.legacy.jar. target_sdk_version=34, uses_libraries=ALL, library_path=/data/app/~~Tpyr0WMEgNxWZIHS2R81Zg==/com.hello.miheapp.secretspace- PTMVJuPpnuiObgseG0OLaQ==/lib/arm64:/data/app/~~Tpyr0WMEgNxWZIHS2R81Zg==/ com.hello.miheapp.secretspace-PTMVJuPpnuiObgseG0OLaQ==/base.apk!/lib/arm64-v8a:/ data/app/~~Tpyr0WMEgNxWZIHS2R81Zg==/com.hello.miheapp.secretspace- PTMVJuPpnuiObgseG0OLaQ==/split_config.arm64_v8a.apk!/lib/arm64-v8a:/data/app/ ~~Tpyr0WMEgNxWZIHS2R81Zg==/com.hello.miheapp.secretspace-PTMVJuPpnuiObgseG0OLaQ==/ split_config.en.apk!/lib/arm64-v8a:/data/app/~~Tpyr0WMEgNxWZIHS2R81Zg==/ com.hello.miheapp.secretspace-PTMVJuPpnuiObgseG0OLaQ==/split_config.xxhdpi.apk!/ lib/arm64-v8a, permitted_path=/data:/mnt/expand:/data/user/0/com.hello.miheapp.secretspace
05-05 22:17:01.927 16149 16149 W ziparchive: Unable to open '/data/app/~~Tpyr0WMEgNxWZIHS2R81Zg==/com.hello.miheapp.secretspace- PTMVJuPpnuiObgseG0OLaQ==/base.dm': No such file or directory
05-05 22:17:01.927 16149 16149 W ziparchive: Unable to open '/data/app/~~Tpyr0WMEgNxWZIHS2R81Zg==/com.hello.miheapp.secretspace- PTMVJuPpnuiObgseG0OLaQ==/base.dm': No such file or directory
05-05 22:17:02.162 14472 14528 I TRuntime.CctTransportBackend: Making request to: https://firebaselogging-pa.googleapis.com/v1/firelog/legacy/batchlog
05-05 22:17:02.264 16149 16149 W ziparchive: Unable to open '/data/app/~~Tpyr0WMEgNxWZIHS2R81Zg==/com.hello.miheapp.secretspace- PTMVJuPpnuiObgseG0OLaQ==/split_config.arm64_v8a.dm': No such file or directory
05-05 22:17:02.264 16149 16149 W ziparchive: Unable to open '/data/app/~~Tpyr0WMEgNxWZIHS2R81Zg==/com.hello.miheapp.secretspace- PTMVJuPpnuiObgseG0OLaQ==/split_config.arm64_v8a.dm': No such file or directory
05-05 22:17:02.265 16149 16149 W .secretspace:p2: Entry not found
05-05 22:17:02.266 16149 16149 W ziparchive: Unable to open '/data/app/~~Tpyr0WMEgNxWZIHS2R81Zg==/com.hello.miheapp.secretspace- PTMVJuPpnuiObgseG0OLaQ==/split_config.en.dm': No such file or directory
05-05 22:17:02.266 16149 16149 W ziparchive: Unable to open '/data/app/~~Tpyr0WMEgNxWZIHS2R81Zg==/com.hello.miheapp.secretspace- PTMVJuPpnuiObgseG0OLaQ==/split_config.en.dm': No such file or directory
05-05 22:17:02.267 16149 16149 W .secretspace:p2: Entry not found
05-05 22:17:02.268 16149 16149 W ziparchive: Unable to open '/data/app/~~Tpyr0WMEgNxWZIHS2R81Zg==/com.hello.miheapp.secretspace- PTMVJuPpnuiObgseG0OLaQ==/split_config.xxhdpi.dm': No such file or directory
05-05 22:17:02.268 16149 16149 W ziparchive: Unable to open '/data/app/~~Tpyr0WMEgNxWZIHS2R81Zg==/com.hello.miheapp.secretspace- PTMVJuPpnuiObgseG0OLaQ==/split_config.xxhdpi.dm': No such file or directory
05-05 22:17:02.268 16149 16149 W .secretspace:p2: Entry not found
05-05 22:17:02.270 16149 16149 D nativeloader: Configuring clns-5 for other apk /data/app/~~Tpyr0WMEgNxWZIHS2R81Zg==/com.hello.miheapp.secretspace- PTMVJuPpnuiObgseG0OLaQ==/base.apk:/data/app/~~Tpyr0WMEgNxWZIHS2R81Zg==/ com.hello.miheapp.secretspace-PTMVJuPpnuiObgseG0OLaQ==/ split_config.arm64_v8a.apk:/data/app/~~Tpyr0WMEgNxWZIHS2R81Zg==/ com.hello.miheapp.secretspace-PTMVJuPpnuiObgseG0OLaQ==/split_config.en.apk:/data/ app/~~Tpyr0WMEgNxWZIHS2R81Zg==/com.hello.miheapp.secretspace- PTMVJuPpnuiObgseG0OLaQ==/split_config.xxhdpi.apk. target_sdk_version=34, uses_libraries=, library_path=/data/app/~~Tpyr0WMEgNxWZIHS2R81Zg==/com.hello.miheapp.secretspace- PTMVJuPpnuiObgseG0OLaQ==/lib/arm64:/data/app/~~Tpyr0WMEgNxWZIHS2R81Zg==/ com.hello.miheapp.secretspace-PTMVJuPpnuiObgseG0OLaQ==/base.apk!/lib/arm64-v8a:/ data/app/~~Tpyr0WMEgNxWZIHS2R81Zg==/com.hello.miheapp.secretspace- PTMVJuPpnuiObgseG0OLaQ==/split_config.arm64_v8a.apk!/lib/arm64-v8a:/data/app/ ~~Tpyr0WMEgNxWZIHS2R81Zg==/com.hello.miheapp.secretspace-PTMVJuPpnuiObgseG0OLaQ==/ split_config.en.apk!/lib/arm64-v8a:/data/app
05-05 22:17:02.289 16149 16149 D nativeloader: Load libframework-connectivity- jni.so using APEX ns com_android_tethering for caller /apex/com.android.tethering/javalib/framework-connectivity.jar: ok
05-05 22:17:02.293 16149 16149 V GraphicsEnvironment: ANGLE Developer option for 'com.hello.miheapp.secretspace' set to: 'default'
05-05 22:17:02.293 16149 16149 V GraphicsEnvironment: ANGLE GameManagerService for com.hello.miheapp.secretspace: false
05-05 22:17:02.294 16149 16149 V GraphicsEnvironment: Neither updatable production driver nor prerelease driver is supported.
05-05 22:17:02.298 16149 16149 D NetworkSecurityConfig: Using Network Security Config from resource network_security_config debugBuild: false
05-05 22:17:02.299 16149 16149 D NetworkSecurityConfig: Using Network Security Config from resource network_security_config debugBuild: false
05-05 22:17:02.353 16149 16149 D nativeloader: Load /data/app/~~Tpyr0WMEgNxWZIHS2R81Zg==/com.hello.miheapp.secretspace- PTMVJuPpnuiObgseG0OLaQ==/split_config.arm64_v8a.apk!/lib/arm64-v8a/librepublic.so using ns clns-5 from class loader (caller=/data/app/~~Tpyr0WMEgNxWZIHS2R81Zg==/com.hello.miheapp.secretspace- PTMVJuPpnuiObgseG0OLaQ==/base.apk): ok
05-05 22:17:02.378 14472 15317 I MATDBManager: sqllite db insert success! insert row id:46
05-05 22:17:02.378 14472 15317 I MATDBManager: sqllite db capacity:5
05-05 22:17:02.391 14472 14472 D VRI[HomeAct]: performTraversals relayoutWindow: maybeSyncSeqId=-1 ,mSyncSeqId=0 ,relayoutResult=3
05-05 22:17:02.398 14472 16182 I gralloc4: register: id=29e00001b5a, vaddr=0x74d72b4000
05-05 22:17:02.401 14472 16182 I gralloc4: register: id=29e00001b5b, vaddr=0x73a9038000
05-05 22:17:02.403 14472 14909 W Parcel : Expecting binder but got null!
05-05 22:17:02.404 14472 16182 I gralloc4: register: id=29e00001b5c, vaddr=0x73a8ab3000
05-05 22:17:02.757 16149 16149 W CheckTime: App running slow: Executing handleBindApplication : makeApplication took 461ms
05-05 22:17:02.784 16149 16149 W Glide : Failed to find GeneratedAppGlideModule. You should include an annotationProcessor compile dependency on com.github.bumptech.glide:compiler in your application and a @GlideModule annotated AppGlideModule implementation or LibraryGlideModules will be silently ignored
