The log details various warnings and errors related to missing files and directories for the Google Play services and Firebase SDKs during application initialization. It indicates issues with loading certain modules and settings, as well as the need for proper configuration for analytics and event logging. Additionally, there are multiple instances of failed attempts to open specific dynamic modules and configuration files, which may affect the app's functionality.
We take content rights seriously. If you suspect this is your content, claim it here.
Available Formats
Download as TXT, PDF, TXT or read online on Scribd
0 ratings0% found this document useful (0 votes)
8 views90 pages
Com - Hello.miheapp - Secretspace Logcat
The log details various warnings and errors related to missing files and directories for the Google Play services and Firebase SDKs during application initialization. It indicates issues with loading certain modules and settings, as well as the need for proper configuration for analytics and event logging. Additionally, there are multiple instances of failed attempts to open specific dynamic modules and configuration files, which may affect the app's functionality.
We take content rights seriously. If you suspect this is your content, claim it here.
Available Formats
Download as TXT, PDF, TXT or read online on Scribd
You are on page 1/ 90
--------- beginning of main
05-05 22:16:27.189 14472 14491 W ziparchive: Unable to open
'/data/app/~~06sS8OHALJtVek3rqsHQZQ==/com.google.android.gms- InvRxHZlZKCYLPruiFu5wg==/split_DynamiteLoader_installtime.dm': No such file or directory
05-05 22:16:27.189 14472 14491 W ziparchive: Unable to open '/data/app/~~06sS8OHALJtVek3rqsHQZQ==/com.google.android.gms- InvRxHZlZKCYLPruiFu5wg==/split_DynamiteLoader_installtime.dm': No such file or directory
05-05 22:16:27.195 14472 14491 I DynamiteModule: Considering local module com.google.android.gms.measurement.dynamite:100 and remote module com.google.android.gms.measurement.dynamite:145
05-05 22:16:27.195 14472 14491 I DynamiteModule: Selected remote version of com.google.android.gms.measurement.dynamite, version >= 145
05-05 22:16:27.195 14472 14491 V DynamiteModule: Dynamite loader version >= 2, using loadModule2NoCrashUtils
05-05 22:16:27.211 14472 14491 W System : ClassLoader referenced unknown path:
05-05 22:16:27.212 14472 14491 D nativeloader: Configuring clns-6 for other apk . target_sdk_version=36, uses_libraries=, library_path=/data/app/~~06sS8OHALJtVek3rqsHQZQ==/com.google.android.gms- InvRxHZlZKCYLPruiFu5wg==/lib/arm64:/data/app/~~06sS8OHALJtVek3rqsHQZQ==/ com.google.android.gms-InvRxHZlZKCYLPruiFu5wg==/base.apk!/lib/arm64-v8a, permitted_path=/data:/mnt/expand:/data/user/0/com.google.android.gms
05-05 22:16:27.222 14472 14491 W ziparchive: Unable to open '/data/app/~~06sS8OHALJtVek3rqsHQZQ==/com.google.android.gms- InvRxHZlZKCYLPruiFu5wg==/split_MeasurementDynamite_installtime.dm': No such file or directory
05-05 22:16:27.222 14472 14491 W ziparchive: Unable to open '/data/app/~~06sS8OHALJtVek3rqsHQZQ==/com.google.android.gms- InvRxHZlZKCYLPruiFu5wg==/split_MeasurementDynamite_installtime.dm': No such file or directory
05-05 22:16:27.233 14472 14472 D FirebaseSessions: Initializing Firebase Sessions SDK.
05-05 22:16:27.235 14472 14472 I FirebaseCrashlytics: Initializing Firebase Crashlytics 18.6.2 for com.hello.miheapp.secretspace
05-05 22:16:27.255 14472 14472 W FA : Failed to register event listener on calling thread. Trying again on the dynamite thread.
05-05 22:16:27.256 14472 14472 D SessionsDependencies: Subscriber CRASHLYTICS registered.
05-05 22:16:27.273 14472 14505 D SessionConfigFetcher: Fetching settings from server.
05-05 22:16:27.324 14472 14508 E app.secretspace: No package ID 71 found for ID 0x710b000f.
05-05 22:16:27.325 14472 14472 I FirebaseInitProvider: FirebaseApp initialization successful
05-05 22:16:27.326 14472 14508 I FA : App measurement initialized, version: 123000
05-05 22:16:27.327 14472 14508 I FA : To enable debug logging run: adb shell setprop log.tag.FA VERBOSE
05-05 22:16:27.327 14472 14508 I FA : To enable faster debug mode event logging run:
05-05 22:16:27.327 14472 14508 I FA : adb shell setprop debug.firebase.analytics.app com.hello.miheapp.secretspace
05-05 22:16:27.343 14472 14472 D WM-WrkMgrInitializer: Initializing WorkManager with default configuration.
05-05 22:16:27.343 14472 14529 D nativeloader: Configuring clns-7 for other apk /system/framework/com.android.media.remotedisplay.jar. target_sdk_version=36, uses_libraries=ALL, library_path=/data/app/~~06sS8OHALJtVek3rqsHQZQ==/com.google.android.gms- InvRxHZlZKCYLPruiFu5wg==/lib/arm64:/data/app/~~06sS8OHALJtVek3rqsHQZQ==/ com.google.android.gms-InvRxHZlZKCYLPruiFu5wg==/base.apk!/lib/arm64-v8a, permitted_path=/data:/mnt/expand:/data/user/0/com.google.android.gms
05-05 22:16:27.345 14472 14529 D nativeloader: Configuring clns-8 for other apk /system/framework/com.android.location.provider.jar. target_sdk_version=36, uses_libraries=ALL, library_path=/data/app/~~06sS8OHALJtVek3rqsHQZQ==/com.google.android.gms- InvRxHZlZKCYLPruiFu5wg==/lib/arm64:/data/app/~~06sS8OHALJtVek3rqsHQZQ==/ com.google.android.gms-InvRxHZlZKCYLPruiFu5wg==/base.apk!/lib/arm64-v8a, permitted_path=/data:/mnt/expand:/data/user/0/com.google.android.gms
05-05 22:16:27.349 14472 14529 D nativeloader: Configuring clns-9 for other apk /data/app/~~06sS8OHALJtVek3rqsHQZQ==/com.google.android.gms- InvRxHZlZKCYLPruiFu5wg==/base.apk. target_sdk_version=36, uses_libraries=, library_path=/data/app/~~06sS8OHALJtVek3rqsHQZQ==/com.google.android.gms- InvRxHZlZKCYLPruiFu5wg==/lib/arm64:/data/app/~~06sS8OHALJtVek3rqsHQZQ==/ com.google.android.gms-InvRxHZlZKCYLPruiFu5wg==/base.apk!/lib/arm64-v8a, permitted_path=/data:/mnt/expand:/data/user/0/com.google.android.gms
05-05 22:16:27.367 14472 14529 I DynamiteModule: Considering local module com.google.android.gms.ads.dynamite:0 and remote module com.google.android.gms.ads.dynamite:250505301
05-05 22:16:27.367 14472 14529 I DynamiteModule: Selected remote version of com.google.android.gms.ads.dynamite, version >= 250505301
05-05 22:16:27.367 14472 14529 V DynamiteModule: Dynamite loader version >= 2, using loadModule2NoCrashUtils
05-05 22:16:27.368 14472 14529 W ziparchive: Unable to open '/data/app/~~06sS8OHALJtVek3rqsHQZQ==/com.google.android.gms- InvRxHZlZKCYLPruiFu5wg==/split_AdsDynamite_installtime.dm': No such file or directory
05-05 22:16:27.369 14472 14529 W ziparchive: Unable to open '/data/app/~~06sS8OHALJtVek3rqsHQZQ==/com.google.android.gms- InvRxHZlZKCYLPruiFu5wg==/split_AdsDynamite_installtime.dm': No such file or directory
05-05 22:16:27.373 14472 14472 D WM-PackageManagerHelper: androidx.work.impl.background.systemjob.SystemJobService enabled
05-05 22:16:27.373 14472 14472 D WM-Schedulers: Created SystemJobScheduler and enabled SystemJobService
05-05 22:16:27.404 14472 14472 W i4.z : Please set a value for AutoLogAppEventsEnabled. Set the flag to TRUE if you want to collect app install, app launch and in-app purchase events automatically. To request user consent before collecting data, set the flag value to FALSE, then change to TRUE once user consent is received. Learn more: https://developers.facebook.com/docs/app-events/getting- started-app-events-android#disable-auto-events.
05-05 22:16:27.404 14472 14472 W i4.z : You haven't set a value for AdvertiserIDCollectionEnabled. Set the flag to TRUE if you want to collect Advertiser ID for better advertising and analytics results. To request user consent before collecting data, set the flag value to FALSE, then change to TRUE once user consent is received. Learn more: https://developers.facebook.com/docs/app-events/getting-started-app-events- android#disable-auto-events.
05-05 22:16:27.523 14472 14535 D CompatibilityChangeReporter: Compat change id reported: 160794467; UID 10202; state: ENABLED
05-05 22:16:28.027 14472 14510 D SessionConfigFetcher: Fetched settings: {"settings_version":3,"cache_duration":180025,"features": {"collect_logged_exceptions":true,"collect_reports":true,"collect_analytics":false, "prompt_enabled":false,"push_enabled":false,"firebase_crashlytics_enabled":false,"c ollect_anrs":true,"collect_metric_kit":false,"collect_build_ids":true},"app": {"status":"activated","update_required":false,"report_upload_variant":2,"native_rep ort_upload_variant":2},"fabric": {"org_id":"65f00c8a567bf1f0daf09834","bundle_id":"com.hello.miheapp.secretspace"}," on_demand_upload_rate_per_minute":10,"on_demand_backoff_base":1.2,"on_demand_backof f_step_duration_seconds":60,"app_quality": {"sessions_enabled":true,"sampling_rate":1,"session_timeout_seconds":1800},"on_dema nd_thread_recording_suspension_enabled":true}
05-05 22:16:28.105 14472 14501 D LifecycleServiceBinder: Binding service to application.
05-05 22:16:28.275 14472 14502 I FirebaseCrashlytics: No version control information found
05-05 22:16:28.481 14472 14472 W CheckTime: App running slow: Executing handleBindApplication : installContentProviders took 1372ms
05-05 22:16:28.488 14472 14508 I FA : Tag Manager is not found and thus will not be used
05-05 22:16:28.493 14472 14472 W Glide : Failed to find GeneratedAppGlideModule. You should include an annotationProcessor compile dependency on com.github.bumptech.glide:compiler in your application and a @GlideModule annotated AppGlideModule implementation or LibraryGlideModules will be silently ignored
05-05 22:16:28.551 14584 14584 I libc : SetHeapTaggingLevel: tag level set to 0
05-05 22:16:28.555 14584 14584 I cretspace:black: Using CollectorTypeCMC GC.
05-05 22:16:28.558 14584 14584 E cretspace:black: Not starting debugger since process cannot load the jdwp agent.
05-05 22:16:28.562 14584 14584 D nativeloader: Load libframework-connectivity- tiramisu-jni.so using APEX ns com_android_tethering for caller /apex/com.android.tethering/javalib/framework-connectivity-t.jar: ok
05-05 22:16:28.566 14584 14584 W ziparchive: Unable to open '/system_ext/framework/unisoc-framework.dm': No such file or directory
05-05 22:16:28.566 14584 14584 W ziparchive: Unable to open '/system_ext/framework/unisoc-framework.dm': No such file or directory
05-05 22:16:28.576 14584 14584 D CompatibilityChangeReporter: Compat change id reported: 171979766; UID 10202; state: ENABLED
05-05 22:16:28.578 14584 14595 E cretspace:black: Could not write anonymous vdex /system_ext/framework/oat/arm64/unisoc-framework.vdex: Could not open /system_ext/framework/oat/arm64/unisoc-framework.vdex for writing
05-05 22:16:28.582 14584 14584 D ApplicationLoaders: Returning zygote-cached class loader: /system/framework/android.test.base.jar
05-05 22:16:28.585 14584 14584 D nativeloader: Configuring clns-4 for other apk /system/framework/org.apache.http.legacy.jar. target_sdk_version=34, uses_libraries=ALL, library_path=/data/app/~~Tpyr0WMEgNxWZIHS2R81Zg==/com.hello.miheapp.secretspace- PTMVJuPpnuiObgseG0OLaQ==/lib/arm64:/data/app/~~Tpyr0WMEgNxWZIHS2R81Zg==/ com.hello.miheapp.secretspace-PTMVJuPpnuiObgseG0OLaQ==/base.apk!/lib/arm64-v8a:/ data/app/~~Tpyr0WMEgNxWZIHS2R81Zg==/com.hello.miheapp.secretspace- PTMVJuPpnuiObgseG0OLaQ==/split_config.arm64_v8a.apk!/lib/arm64-v8a:/data/app/ ~~Tpyr0WMEgNxWZIHS2R81Zg==/com.hello.miheapp.secretspace-PTMVJuPpnuiObgseG0OLaQ==/ split_config.en.apk!/lib/arm64-v8a:/data/app/~~Tpyr0WMEgNxWZIHS2R81Zg==/ com.hello.miheapp.secretspace-PTMVJuPpnuiObgseG0OLaQ==/split_config.xxhdpi.apk!/ lib/arm64-v8a, permitted_path=/data:/mnt/expand:/data/user/0/com.hello.miheapp.secretspace
05-05 22:16:28.586 14584 14584 W ziparchive: Unable to open '/data/app/~~Tpyr0WMEgNxWZIHS2R81Zg==/com.hello.miheapp.secretspace- PTMVJuPpnuiObgseG0OLaQ==/base.dm': No such file or directory
05-05 22:16:28.586 14584 14584 W ziparchive: Unable to open '/data/app/~~Tpyr0WMEgNxWZIHS2R81Zg==/com.hello.miheapp.secretspace- PTMVJuPpnuiObgseG0OLaQ==/base.dm': No such file or directory
05-05 22:16:28.812 14584 14584 W ziparchive: Unable to open '/data/app/~~Tpyr0WMEgNxWZIHS2R81Zg==/com.hello.miheapp.secretspace- PTMVJuPpnuiObgseG0OLaQ==/split_config.arm64_v8a.dm': No such file or directory
05-05 22:16:28.812 14584 14584 W ziparchive: Unable to open '/data/app/~~Tpyr0WMEgNxWZIHS2R81Zg==/com.hello.miheapp.secretspace- PTMVJuPpnuiObgseG0OLaQ==/split_config.arm64_v8a.dm': No such file or directory
05-05 22:16:28.812 14584 14584 W cretspace:black: Entry not found
05-05 22:16:28.813 14584 14584 W ziparchive: Unable to open '/data/app/~~Tpyr0WMEgNxWZIHS2R81Zg==/com.hello.miheapp.secretspace- PTMVJuPpnuiObgseG0OLaQ==/split_config.en.dm': No such file or directory
05-05 22:16:28.813 14584 14584 W ziparchive: Unable to open '/data/app/~~Tpyr0WMEgNxWZIHS2R81Zg==/com.hello.miheapp.secretspace- PTMVJuPpnuiObgseG0OLaQ==/split_config.en.dm': No such file or directory
05-05 22:16:28.813 14584 14584 W cretspace:black: Entry not found
05-05 22:16:28.813 14584 14584 W ziparchive: Unable to open '/data/app/~~Tpyr0WMEgNxWZIHS2R81Zg==/com.hello.miheapp.secretspace- PTMVJuPpnuiObgseG0OLaQ==/split_config.xxhdpi.dm': No such file or directory
05-05 22:16:28.814 14584 14584 W ziparchive: Unable to open '/data/app/~~Tpyr0WMEgNxWZIHS2R81Zg==/com.hello.miheapp.secretspace- PTMVJuPpnuiObgseG0OLaQ==/split_config.xxhdpi.dm': No such file or directory
05-05 22:16:28.814 14584 14584 W cretspace:black: Entry not found
05-05 22:16:28.814 14584 14584 D nativeloader: Configuring clns-5 for other apk /data/app/~~Tpyr0WMEgNxWZIHS2R81Zg==/com.hello.miheapp.secretspace- PTMVJuPpnuiObgseG0OLaQ==/base.apk:/data/app/~~Tpyr0WMEgNxWZIHS2R81Zg==/ com.hello.miheapp.secretspace-PTMVJuPpnuiObgseG0OLaQ==/ split_config.arm64_v8a.apk:/data/app/~~Tpyr0WMEgNxWZIHS2R81Zg==/ com.hello.miheapp.secretspace-PTMVJuPpnuiObgseG0OLaQ==/split_config.en.apk:/data/ app/~~Tpyr0WMEgNxWZIHS2R81Zg==/com.hello.miheapp.secretspace- PTMVJuPpnuiObgseG0OLaQ==/split_config.xxhdpi.apk. target_sdk_version=34, uses_libraries=, library_path=/data/app/~~Tpyr0WMEgNxWZIHS2R81Zg==/com.hello.miheapp.secretspace- PTMVJuPpnuiObgseG0OLaQ==/lib/arm64:/data/app/~~Tpyr0WMEgNxWZIHS2R81Zg==/ com.hello.miheapp.secretspace-PTMVJuPpnuiObgseG0OLaQ==/base.apk!/lib/arm64-v8a:/ data/app/~~Tpyr0WMEgNxWZIHS2R81Zg==/com.hello.miheapp.secretspace- PTMVJuPpnuiObgseG0OLaQ==/split_config.arm64_v8a.apk!/lib/arm64-v8a:/data/app/ ~~Tpyr0WMEgNxWZIHS2R81Zg==/com.hello.miheapp.secretspace-PTMVJuPpnuiObgseG0OLaQ==/ split_config.en.apk!/lib/arm64-v8a:/data/app
05-05 22:16:28.823 14584 14584 D nativeloader: Load libframework-connectivity- jni.so using APEX ns com_android_tethering for caller /apex/com.android.tethering/javalib/framework-connectivity.jar: ok
05-05 22:16:28.825 14584 14584 V GraphicsEnvironment: ANGLE Developer option for 'com.hello.miheapp.secretspace' set to: 'default'
05-05 22:16:28.826 14584 14584 V GraphicsEnvironment: ANGLE GameManagerService for com.hello.miheapp.secretspace: false
05-05 22:16:28.826 14584 14584 V GraphicsEnvironment: Neither updatable production driver nor prerelease driver is supported.
05-05 22:16:28.829 14584 14584 D NetworkSecurityConfig: Using Network Security Config from resource network_security_config debugBuild: false
05-05 22:16:28.829 14584 14584 D NetworkSecurityConfig: Using Network Security Config from resource network_security_config debugBuild: false
05-05 22:16:28.857 14584 14584 D nativeloader: Load /data/app/~~Tpyr0WMEgNxWZIHS2R81Zg==/com.hello.miheapp.secretspace- PTMVJuPpnuiObgseG0OLaQ==/split_config.arm64_v8a.apk!/lib/arm64-v8a/librepublic.so using ns clns-5 from class loader (caller=/data/app/~~Tpyr0WMEgNxWZIHS2R81Zg==/com.hello.miheapp.secretspace- PTMVJuPpnuiObgseG0OLaQ==/base.apk): ok
05-05 22:16:29.105 14584 14584 W CheckTime: App running slow: Executing handleBindApplication : makeApplication took 277ms --------- beginning of system
05-05 22:16:29.320 14584 14758 D ActivityThread: Loading provider com.hello.miheapp.secretspace.blackbox.SystemCallProvider: com.hello.sandbox.core.system.SystemCallProvider
05-05 22:16:29.331 14584 14584 W CheckTime: App running slow: Executing handleBindApplication : installContentProviders took 226ms
05-05 22:16:29.345 14584 14584 W Glide : Failed to find GeneratedAppGlideModule. You should include an annotationProcessor compile dependency on com.github.bumptech.glide:compiler in your application and a @GlideModule annotated AppGlideModule implementation or LibraryGlideModules will be silently ignored
05-05 22:16:29.402 14472 14472 I DynamiteModule: Considering local module com.google.android.gms.ads.dynamite:0 and remote module com.google.android.gms.ads.dynamite:250505301
05-05 22:16:29.403 14472 14472 I DynamiteModule: Selected remote version of com.google.android.gms.ads.dynamite, version >= 250505301
05-05 22:16:29.404 14584 14584 D CompatibilityChangeReporter: Compat change id reported: 183155436; UID 10202; state: ENABLED
05-05 22:16:29.406 14472 14472 D DynamitePackage: Instantiated singleton DynamitePackage.
05-05 22:16:29.406 14472 14472 D DynamitePackage: Instantiating com.google.android.gms.ads.ChimeraMobileAdsSettingManagerCreatorImpl
05-05 22:16:29.422 14584 14584 D SessionsDependencies: Dependency to CRASHLYTICS added.
05-05 22:16:29.435 14584 14584 I FirebaseApp: Device unlocked: initializing all Firebase APIs for app [DEFAULT]
05-05 22:16:29.466 14584 14780 W ziparchive: Unable to open '/data/app/~~06sS8OHALJtVek3rqsHQZQ==/com.google.android.gms- InvRxHZlZKCYLPruiFu5wg==/split_DynamiteLoader_installtime.dm': No such file or directory
05-05 22:16:29.466 14584 14780 W ziparchive: Unable to open '/data/app/~~06sS8OHALJtVek3rqsHQZQ==/com.google.android.gms- InvRxHZlZKCYLPruiFu5wg==/split_DynamiteLoader_installtime.dm': No such file or directory
05-05 22:16:29.476 14584 14780 I DynamiteModule: Considering local module com.google.android.gms.measurement.dynamite:100 and remote module com.google.android.gms.measurement.dynamite:145
05-05 22:16:29.476 14584 14780 I DynamiteModule: Selected remote version of com.google.android.gms.measurement.dynamite, version >= 145
05-05 22:16:29.476 14584 14780 V DynamiteModule: Dynamite loader version >= 2, using loadModule2NoCrashUtils
05-05 22:16:29.495 14584 14780 W System : ClassLoader referenced unknown path:
05-05 22:16:29.495 14584 14780 D nativeloader: Configuring clns-6 for other apk . target_sdk_version=36, uses_libraries=, library_path=/data/app/~~06sS8OHALJtVek3rqsHQZQ==/com.google.android.gms- InvRxHZlZKCYLPruiFu5wg==/lib/arm64:/data/app/~~06sS8OHALJtVek3rqsHQZQ==/ com.google.android.gms-InvRxHZlZKCYLPruiFu5wg==/base.apk!/lib/arm64-v8a, permitted_path=/data:/mnt/expand:/data/user/0/com.google.android.gms
05-05 22:16:29.514 14584 14780 W ziparchive: Unable to open '/data/app/~~06sS8OHALJtVek3rqsHQZQ==/com.google.android.gms- InvRxHZlZKCYLPruiFu5wg==/split_MeasurementDynamite_installtime.dm': No such file or directory
05-05 22:16:29.514 14584 14780 W ziparchive: Unable to open '/data/app/~~06sS8OHALJtVek3rqsHQZQ==/com.google.android.gms- InvRxHZlZKCYLPruiFu5wg==/split_MeasurementDynamite_installtime.dm': No such file or directory
05-05 22:16:29.518 14584 14584 D FirebaseSessions: Initializing Firebase Sessions SDK.
05-05 22:16:29.525 14584 14584 I FirebaseCrashlytics: Initializing Firebase Crashlytics 18.6.2 for com.hello.miheapp.secretspace
05-05 22:16:29.526 14472 14472 I WebViewFactory: Loading com.google.android.webview version 135.0.7049.113 (code 704911333)
05-05 22:16:29.534 14472 14472 W ziparchive: Unable to open '/data/app/~~s873lTtitObiVhzKTlkZkw==/com.google.android.trichromelibrary_704911333 -PFrUXXbMbaf2bcg1XAaWCQ==/base.dm': No such file or directory
05-05 22:16:29.534 14472 14472 W ziparchive: Unable to open '/data/app/~~s873lTtitObiVhzKTlkZkw==/com.google.android.trichromelibrary_704911333 -PFrUXXbMbaf2bcg1XAaWCQ==/base.dm': No such file or directory
05-05 22:16:29.535 14472 14472 W app.secretspace: Entry not found
05-05 22:16:29.536 14472 14472 D nativeloader: Configuring clns-10 for other apk /data/app/~~s873lTtitObiVhzKTlkZkw==/com.google.android.trichromelibrary_704911333- PFrUXXbMbaf2bcg1XAaWCQ==/base.apk. target_sdk_version=35, uses_libraries=ALL, library_path=/data/app/~~hlt2p5iJ3Fyj2Mn_iO8VZg==/com.google.android.webview-1RBPi- ZyTI4I24Jj4hw4MQ==/lib/arm64:/data/app/~~hlt2p5iJ3Fyj2Mn_iO8VZg==/ com.google.android.webview-1RBPi-ZyTI4I24Jj4hw4MQ==/base.apk!/lib/arm64-v8a:/data/ app/~~s873lTtitObiVhzKTlkZkw==/com.google.android.trichromelibrary_704911333- PFrUXXbMbaf2bcg1XAaWCQ==/base.apk!/lib/arm64-v8a, permitted_path=/data:/mnt/expand
05-05 22:16:29.539 14472 14472 D nativeloader: Configuring clns-11 for other apk /data/app/~~hlt2p5iJ3Fyj2Mn_iO8VZg==/com.google.android.webview-1RBPi- ZyTI4I24Jj4hw4MQ==/base.apk. target_sdk_version=35, uses_libraries=, library_path=/data/app/~~hlt2p5iJ3Fyj2Mn_iO8VZg==/com.google.android.webview-1RBPi- ZyTI4I24Jj4hw4MQ==/lib/arm64:/data/app/~~hlt2p5iJ3Fyj2Mn_iO8VZg==/ com.google.android.webview-1RBPi-ZyTI4I24Jj4hw4MQ==/base.apk!/lib/arm64-v8a:/data/ app/~~s873lTtitObiVhzKTlkZkw==/com.google.android.trichromelibrary_704911333- PFrUXXbMbaf2bcg1XAaWCQ==/base.apk!/lib/arm64-v8a, permitted_path=/data:/mnt/expand
05-05 22:16:29.558 14472 14472 I cr_WVCFactoryProvider: version=135.0.7049.113 (704911333) minSdkVersion=29 isBundle=true multiprocess=true packageId=2
05-05 22:16:29.559 14584 14584 W FA : Failed to register event listener on calling thread. Trying again on the dynamite thread.
05-05 22:16:29.560 14584 14584 D SessionsDependencies: Subscriber CRASHLYTICS registered.
05-05 22:16:29.571 14472 14472 D nativeloader: Load /data/app/~~s873lTtitObiVhzKTlkZkw==/com.google.android.trichromelibrary_704911333- PFrUXXbMbaf2bcg1XAaWCQ==/base.apk!/lib/arm64-v8a/libmonochrome_64.so using ns clns- 11 from class loader (caller=/data/app/~~hlt2p5iJ3Fyj2Mn_iO8VZg==/com.google.android.webview-1RBPi- ZyTI4I24Jj4hw4MQ==/base.apk): ok
05-05 22:16:29.573 14472 14472 D nativeloader: Load /system/lib64/libwebviewchromium_plat_support.so using ns clns-11 from class loader (caller=/data/app/~~hlt2p5iJ3Fyj2Mn_iO8VZg==/com.google.android.webview-1RBPi- ZyTI4I24Jj4hw4MQ==/base.apk): ok
05-05 22:16:29.576 14472 14812 I chromium: [0505/221629.575842:INFO:variations_seed_loader.cc(67)] Failed to open file for reading.: No such file or directory (2)
05-05 22:16:29.576 14472 14812 I chromium: [0505/221629.576652:INFO:variations_seed_loader.cc(67)] Failed to open file for reading.: No such file or directory (2)
05-05 22:16:29.583 14584 14815 D SessionConfigFetcher: Fetching settings from server.
05-05 22:16:29.592 14472 14472 I cr_LibraryLoader: Successfully loaded native library
05-05 22:16:29.593 14472 14472 I cr_CachingUmaRecorder: Flushed 6 samples from 6 histograms, 0 samples were dropped.
05-05 22:16:29.600 14472 14472 I cr_CombinedPProvider: #registerProvider() provider:WV.V8@dc36aa2 isPolicyCacheEnabled:false policyProvidersSize:0
05-05 22:16:29.601 14472 14472 I cr_PolicyProvider: #setManagerAndSource() 0
05-05 22:16:29.637 14472 14472 I cr_CombinedPProvider: #linkNativeInternal() 1
05-05 22:16:29.638 14472 14472 I cr_AppResProvider: #getApplicationRestrictionsFromUserManager() Bundle[EMPTY_PARCEL]
05-05 22:16:29.638 14472 14472 I cr_PolicyProvider: #notifySettingsAvailable() 0
05-05 22:16:29.638 14472 14472 I cr_CombinedPProvider: #onSettingsAvailable() 0
05-05 22:16:29.638 14472 14472 I cr_CombinedPProvider: #flushPolicies()
05-05 22:16:29.661 14584 14584 I FirebaseApp: FirebaseApp initialization successful
05-05 22:16:29.663 14584 14584 W CheckTime: App running slow: Executing handleBindApplication : callApplicationOnCreate took 332ms
05-05 22:16:29.686 14584 14816 E cretspace:black: No package ID 71 found for ID 0x710b000f.
05-05 22:16:29.688 14584 14816 I FA : App measurement initialized, version: 123000
05-05 22:16:29.688 14584 14816 I FA : To enable debug logging run: adb shell setprop log.tag.FA VERBOSE
05-05 22:16:29.688 14584 14816 I FA : To enable faster debug mode event logging run:
05-05 22:16:29.688 14584 14816 I FA : adb shell setprop debug.firebase.analytics.app com.hello.miheapp.secretspace
05-05 22:16:29.706 14472 14472 D CompatibilityChangeReporter: Compat change id reported: 214741472; UID 10202; state: ENABLED
05-05 22:16:29.717 14584 14879 E adservices: getService(): failed to bind to android.adservices.MEASUREMENT_SERVICE on user 0
05-05 22:16:29.717 14584 14879 E adservices: Failed to bind to measurement service: java.lang.IllegalStateException: Unable to find the service
05-05 22:16:29.727 14472 14472 D CompatibilityChangeReporter: Compat change id reported: 171228096; UID 10202; state: ENABLED
05-05 22:16:29.761 14584 14816 W GmsClient: unable to connect to service: com.google.android.gms.measurement.START on com.google.android.gms
05-05 22:16:29.765 14584 14816 W GmsClient: unable to connect to service: com.google.android.gms.measurement.START on com.google.android.gms
05-05 22:16:29.773 14584 14816 W GmsClient: unable to connect to service: com.google.android.gms.measurement.START on com.google.android.gms
05-05 22:16:29.773 14584 14816 E FA : Discarding data. Failed to send app launch
05-05 22:16:29.774 14584 14816 E FA : Failed to get app instance id
05-05 22:16:29.774 14584 14816 E FA : Failed to send default event parameters to service
05-05 22:16:29.916 14472 14472 W CheckTime: App running slow: Executing handleBindApplication : callApplicationOnCreate took 1435ms
05-05 22:16:29.928 14472 14907 I CameraManagerGlobal: Connecting to camera service
05-05 22:16:30.050 14472 14503 D SessionLifecycleClient: Queued message 1. Queue size 1
05-05 22:16:30.058 14472 14952 D SensorManager: registerListenerImpl sensor = {Sensor name="Accelerometer Sensor", vendor="Sprd Group Ltd.", version=1, type=1, maxRange=78.45, resolution=0.01, power=0.17, minDelay=5000}, delayUs = 20000, latencyUs = 0, listener = com.appsflyer.internal.AFj1wSDK@a889e8f9
05-05 22:16:30.061 14472 14952 D SensorManager: registerListenerImpl sensor = {Sensor name="Accelerometer Sensor (WAKE_UP)", vendor="Sprd Group Ltd.", version=1, type=1, maxRange=78.45, resolution=0.01, power=0.17, minDelay=5000}, delayUs = 20000, latencyUs = 0, listener = com.appsflyer.internal.AFj1wSDK@a1440a3e
05-05 22:16:30.067 14584 14807 I FirebaseCrashlytics: No version control information found
05-05 22:16:30.080 14472 14472 D SessionLifecycleService: Service bound to new client on process 14472
05-05 22:16:30.085 14472 14955 D SessionLifecycleService: App has not yet foregrounded. Using previously stored session: null
05-05 22:16:30.085 14472 14955 D SessionLifecycleService: Client android.os.Messenger@260fda9 bound at 9533620. Clients: 1
05-05 22:16:30.116 14472 14861 W cr_media: BLUETOOTH_CONNECT permission is missing.
05-05 22:16:30.117 14472 14861 W cr_media: getBluetoothAdapter() requires BLUETOOTH permission
05-05 22:16:30.117 14472 14861 W cr_media: registerBluetoothIntentsIfNeeded: Requires BLUETOOTH permission
05-05 22:16:30.144 14472 14970 D vulkan : searching for layers in '/data/app/~~Tpyr0WMEgNxWZIHS2R81Zg==/com.hello.miheapp.secretspace- PTMVJuPpnuiObgseG0OLaQ==/lib/arm64'
05-05 22:16:30.145 14472 14970 D vulkan : searching for layers in '/data/app/~~Tpyr0WMEgNxWZIHS2R81Zg==/com.hello.miheapp.secretspace- PTMVJuPpnuiObgseG0OLaQ==/base.apk!/lib/arm64-v8a'
05-05 22:16:30.145 14472 14970 D vulkan : searching for layers in '/data/app/~~Tpyr0WMEgNxWZIHS2R81Zg==/com.hello.miheapp.secretspace- PTMVJuPpnuiObgseG0OLaQ==/split_config.arm64_v8a.apk!/lib/arm64-v8a'
05-05 22:16:30.150 14472 14970 D vulkan : searching for layers in '/data/app/~~Tpyr0WMEgNxWZIHS2R81Zg==/com.hello.miheapp.secretspace- PTMVJuPpnuiObgseG0OLaQ==/split_config.en.apk!/lib/arm64-v8a'
05-05 22:16:30.151 14472 14970 D vulkan : searching for layers in '/data/app/~~Tpyr0WMEgNxWZIHS2R81Zg==/com.hello.miheapp.secretspace- PTMVJuPpnuiObgseG0OLaQ==/split_config.xxhdpi.apk!/lib/arm64-v8a'
05-05 22:16:30.160 14584 14802 D SessionConfigFetcher: Fetched settings: {"settings_version":3,"cache_duration":175098,"features": {"collect_logged_exceptions":true,"collect_reports":true,"collect_analytics":false, "prompt_enabled":false,"push_enabled":false,"firebase_crashlytics_enabled":false,"c ollect_anrs":true,"collect_metric_kit":false,"collect_build_ids":true},"app": {"status":"activated","update_required":false,"report_upload_variant":2,"native_rep ort_upload_variant":2},"fabric": {"org_id":"65f00c8a567bf1f0daf09834","bundle_id":"com.hello.miheapp.secretspace"}," on_demand_upload_rate_per_minute":10,"on_demand_backoff_base":1.2,"on_demand_backof f_step_duration_seconds":60,"app_quality": {"sessions_enabled":true,"sampling_rate":1,"session_timeout_seconds":1800},"on_dema nd_thread_recording_suspension_enabled":true}
05-05 22:16:30.187 14472 14970 W libc : Access denied finding property "vendor.mali.config"
05-05 22:16:30.208 14472 14952 D SensorManager: unregisterListenerImpl sensor = null, listener = com.appsflyer.internal.AFj1wSDK@a889e8f9
05-05 22:16:30.213 14472 14952 D SensorManager: unregisterListenerImpl sensor = null, listener = com.appsflyer.internal.AFj1wSDK@a1440a3e
05-05 22:16:30.289 14472 14472 D VRI[SplashAct]: performTraversals relayoutWindow: maybeSyncSeqId=-1 ,mSyncSeqId=0 ,relayoutResult=3
05-05 22:16:30.318 14584 14809 D LifecycleServiceBinder: Binding service to application.
05-05 22:16:30.347 14472 15043 I gralloc4: register: id=29e00001b10, vaddr=0x7365968000
05-05 22:16:30.350 14472 15043 I gralloc4: register: id=29e00001b11, vaddr=0x73654f1000
05-05 22:16:30.353 14472 15043 I gralloc4: register: id=29e00001b12, vaddr=0x736507a000
05-05 22:16:30.673 14472 14909 W Parcel : Expecting binder but got null!
05-05 22:16:30.705 14472 14472 D SessionLifecycleClient: Connected to SessionLifecycleService. Queue size 1
05-05 22:16:30.706 14472 14501 D SessionLifecycleClient: Sending lifecycle 1 to service
05-05 22:16:30.711 14472 14955 D SessionLifecycleService: Activity foregrounding at 9534246.
05-05 22:16:30.711 14472 14955 D SessionLifecycleService: Cold start detected.
05-05 22:16:30.716 14472 14955 D SessionLifecycleService: Generated new session 926e989e81ba45acb107e43f4188de9b
05-05 22:16:30.716 14472 14955 D SessionLifecycleService: Broadcasting new session: SessionDetails(sessionId=926e989e81ba45acb107e43f4188de9b, firstSessionId=926e989e81ba45acb107e43f4188de9b, sessionIndex=0, sessionStartTimestampUs=1746462690715000)
05-05 22:16:30.725 14472 14501 D SessionFirelogPublisher: Data Collection is enabled for at least one Subscriber
05-05 22:16:30.735 14472 14870 W AudioCapabilities: Unsupported mime audio/mpeg-L1
05-05 22:16:30.736 14472 14870 W AudioCapabilities: Unsupported mime audio/mpeg-L2
05-05 22:16:30.743 14472 14501 D EventGDTLogger: Session Event: {"eventType":1,"sessionData": {"sessionId":"926e989e81ba45acb107e43f4188de9b","firstSessionId":"926e989e81ba45acb 107e43f4188de9b","sessionIndex":0,"eventTimestampUs":1746462690715000,"dataCollecti onStatus": {"performance":1,"crashlytics":2,"sessionSamplingRate":1.0},"firebaseInstallationId ":"dl_sN5iATgSrMCynInT23b"},"applicationInfo": {"appId":"1:716442668392:android:91ab0e5825942d3ba61add","deviceModel":"RMX3624","s essionSdkVersion":"1.2.1","osVersion":"13","logEnvironment":3,"androidAppInfo": {"packageName":"com.hello.miheapp.secretspace","versionName":"1.1.51","appBuildVers ion":"1151","deviceManufacturer":"realme","currentProcessDetails": {"processName":"com.hello.miheapp.secretspace","pid":14472,"importance":100,"defaul tProcess":true},"appProcessDetails": [{"processName":"com.hello.miheapp.secretspace","pid":14472,"importance":100,"defau ltProcess":true}, {"processName":"com.hello.miheapp.secretspace:black","pid":14584,"importance":100," defaultProcess":false}]}}}
05-05 22:16:30.765 14472 14501 D SessionFirelogPublisher: Successfully logged Session Start event: 926e989e81ba45acb107e43f4188de9b
05-05 22:16:30.774 14472 14472 W libc : Access denied finding property "persist.unipnp.debug"
05-05 22:16:30.774 14472 14472 W libc : Access denied finding property "persist.unipnp.debug"
05-05 22:16:30.782 14472 14472 W ziparchive: Unable to open '/system_ext/framework/unipnp-framework.dm': No such file or directory
05-05 22:16:30.782 14472 14472 W ziparchive: Unable to open '/system_ext/framework/unipnp-framework.dm': No such file or directory
05-05 22:16:30.802 14472 14472 D SessionLifecycleClient: Session update received: 926e989e81ba45acb107e43f4188de9b
05-05 22:16:30.840 14472 14503 D SessionLifecycleClient: Notified CRASHLYTICS of new session 926e989e81ba45acb107e43f4188de9b
05-05 22:16:30.867 14472 14528 D CompatibilityChangeReporter: Compat change id reported: 194532703; UID 10202; state: ENABLED
05-05 22:16:31.060 14472 14499 D SessionLifecycleClient: Sending lifecycle 2 to service
05-05 22:16:31.061 14472 14955 D SessionLifecycleService: Activity backgrounding at 9534600
05-05 22:16:31.172 14472 14472 D CompatibilityChangeReporter: Compat change id reported: 210923482; UID 10202; state: ENABLED
05-05 22:16:31.206 14472 14505 D SessionLifecycleClient: Sending lifecycle 1 to service
05-05 22:16:31.207 14472 14955 D SessionLifecycleService: Activity foregrounding at 9534746.
05-05 22:16:31.237 14472 14472 D VRI[LoginAct]: performTraversals relayoutWindow: maybeSyncSeqId=-1 ,mSyncSeqId=0 ,relayoutResult=3
05-05 22:16:31.246 14472 15162 I gralloc4: register: id=29e00001b13, vaddr=0x7360af5000
05-05 22:16:31.248 14472 15162 I gralloc4: register: id=29e00001b14, vaddr=0x7360570000
05-05 22:16:31.251 14472 15162 I gralloc4: register: id=29e00001b15, vaddr=0x735ffeb000
05-05 22:16:31.255 14472 14909 W Parcel : Expecting binder but got null!
05-05 22:16:31.275 14472 14472 D VRI[LoginAct]: performTraversals relayoutWindow: maybeSyncSeqId=-1 ,mSyncSeqId=0 ,relayoutResult=3
05-05 22:16:31.281 14472 15163 I gralloc4: register: id=29e00001b16, vaddr=0x736919d000
05-05 22:16:31.295 14472 15163 I gralloc4: register: id=29e00001b17, vaddr=0x737cd37000
05-05 22:16:31.300 14472 15163 I gralloc4: register: id=29e00001b18, vaddr=0x737c8c0000
05-05 22:16:31.309 14472 14909 W Parcel : Expecting binder but got null!
05-05 22:16:31.419 14472 14507 W System : Ignoring header If-None-Match because its value was null.
05-05 22:16:31.849 14472 14472 I Ads : JS: The jsLoaded GMSG has been sent (https://googleads.g.doubleclick.net/mads/static/mad/sdk/native/production/sdk- core-v40-impl.html:923)
05-05 22:16:31.872 14472 14909 I gralloc4: unregister: id=29e00001b12, vaddr=0x736507a000
05-05 22:16:31.872 14472 14909 I gralloc4: unregister: id=29e00001b11, vaddr=0x73654f1000
05-05 22:16:31.876 14472 14472 D VRI[SplashAct]: performTraversals relayoutWindow: maybeSyncSeqId=-1 ,mSyncSeqId=0 ,relayoutResult=2
05-05 22:16:31.877 14472 14472 I gralloc4: unregister: id=29e00001b10, vaddr=0x7365968000
05-05 22:16:32.607 14472 14503 D SessionLifecycleClient: Sending lifecycle 2 to service
05-05 22:16:32.607 14472 14955 D SessionLifecycleService: Activity backgrounding at 9536147
05-05 22:16:32.670 14472 14505 D SessionLifecycleClient: Sending lifecycle 1 to service
05-05 22:16:32.671 14472 14955 D SessionLifecycleService: Activity foregrounding at 9536210.
05-05 22:16:32.687 14472 14472 D VRI[SettingPasswordActivity]: performTraversals relayoutWindow: maybeSyncSeqId=-1 ,mSyncSeqId=0 ,relayoutResult=3
05-05 22:16:32.691 14472 15319 I gralloc4: register: id=29e00001b1b, vaddr=0x74e8bde000
05-05 22:16:32.695 14472 15319 I gralloc4: register: id=29e00001b1c, vaddr=0x74e8767000
05-05 22:16:32.698 14472 15319 I gralloc4: register: id=29e00001b1d, vaddr=0x74e82f0000
05-05 22:16:32.700 14472 14909 W Parcel : Expecting binder but got null!
05-05 22:16:33.185 14472 14472 D InputMethodManager: showSoftInput() view=v.InputCodeView{e241fe4 VFED..... .F....ID 0,132-720,226 #7f090198 app:id/icv_password_code aid=1073741826} flags=2 reason=SHOW_SOFT_INPUT
05-05 22:16:33.211 14472 14909 I gralloc4: unregister: id=29e00001b18, vaddr=0x737c8c0000
05-05 22:16:33.212 14472 14909 I gralloc4: unregister: id=29e00001b17, vaddr=0x737cd37000
05-05 22:16:33.217 14472 14472 D VRI[LoginAct]: performTraversals relayoutWindow: maybeSyncSeqId=-1 ,mSyncSeqId=0 ,relayoutResult=2
05-05 22:16:33.220 14472 14472 I gralloc4: unregister: id=29e00001b16, vaddr=0x736919d000
05-05 22:16:33.222 14472 14909 I gralloc4: unregister: id=29e00001b13, vaddr=0x7360af5000
05-05 22:16:33.222 14472 14909 I gralloc4: unregister: id=29e00001b15, vaddr=0x735ffeb000
05-05 22:16:33.227 14472 14472 D VRI[LoginAct]: performTraversals relayoutWindow: maybeSyncSeqId=-1 ,mSyncSeqId=0 ,relayoutResult=2
05-05 22:16:33.229 14472 14472 I gralloc4: unregister: id=29e00001b14, vaddr=0x7360570000
05-05 22:16:33.320 14472 14472 W OnBackInvokedCallback: OnBackInvokedCallback is not enabled for the application.
05-05 22:16:33.320 14472 14472 W OnBackInvokedCallback: Set 'android:enableOnBackInvokedCallback="true"' in the application manifest.
05-05 22:16:33.366 14472 14472 D InsetsController: show(ime(), fromIme=true)
05-05 22:16:38.044 14472 14472 D VRI[SettingPasswordActivity]: performTraversals relayoutWindow: maybeSyncSeqId=-1 ,mSyncSeqId=0 ,relayoutResult=3
05-05 22:16:38.051 14472 15345 I gralloc4: register: id=29e00001b23, vaddr=0x74e6d6b000
05-05 22:16:38.054 14472 15345 I gralloc4: register: id=29e00001b24, vaddr=0x74e67e6000
05-05 22:16:38.058 14472 14909 W Parcel : Expecting binder but got null!
05-05 22:16:38.060 14472 15345 I gralloc4: register: id=29e00001b25, vaddr=0x74e6261000
05-05 22:16:38.075 14472 14472 W OnBackInvokedCallback: OnBackInvokedCallback is not enabled for the application.
05-05 22:16:38.075 14472 14472 W OnBackInvokedCallback: Set 'android:enableOnBackInvokedCallback="true"' in the application manifest.
05-05 22:16:39.098 14472 15317 I MATDBManager: sqllite db insert success! insert row id:1
05-05 22:16:39.099 14472 15317 I MATDBManager: sqllite db capacity:1
05-05 22:16:39.141 14472 14499 D SessionLifecycleClient: Sending lifecycle 2 to service
05-05 22:16:39.142 14472 14955 D SessionLifecycleService: Activity backgrounding at 9542681
05-05 22:16:39.157 14472 14472 D VRI[SettingPasswordActivity]: performTraversals relayoutWindow: maybeSyncSeqId=-1 ,mSyncSeqId=0 ,relayoutResult=0
05-05 22:16:39.355 14472 14501 D SessionLifecycleClient: Sending lifecycle 1 to service
05-05 22:16:39.355 14472 14955 D SessionLifecycleService: Activity foregrounding at 9542895.
05-05 22:16:39.361 14472 15129 W app.secretspace: No such thread for suspend: 0x7369c16988:SharedPreferencesImpl-load
05-05 22:16:39.378 14472 14472 D VRI[HomeAct]: performTraversals relayoutWindow: maybeSyncSeqId=-1 ,mSyncSeqId=0 ,relayoutResult=3
05-05 22:16:39.382 14472 15394 I gralloc4: register: id=29e00001b26, vaddr=0x74d959e000
05-05 22:16:39.385 14472 15394 I gralloc4: register: id=29e00001b27, vaddr=0x74d9127000
05-05 22:16:39.389 14472 15394 I gralloc4: register: id=29e00001b28, vaddr=0x74d8cb0000
05-05 22:16:39.702 14472 14909 W Parcel : Expecting binder but got null!
05-05 22:16:39.728 14472 14472 D VRI[HomeAct]: performTraversals relayoutWindow: maybeSyncSeqId=-1 ,mSyncSeqId=0 ,relayoutResult=3
05-05 22:16:39.734 14472 15413 I gralloc4: register: id=29e00001b29, vaddr=0x778dd33000
05-05 22:16:39.736 14472 15413 I gralloc4: register: id=29e00001b2a, vaddr=0x778da35000
05-05 22:16:39.737 14472 15413 I gralloc4: register: id=29e00001b2c, vaddr=0x778d986000
05-05 22:16:39.743 14472 14909 W Parcel : Expecting binder but got null!
05-05 22:16:39.752 14472 14909 I gralloc4: unregister: id=29e00001b23, vaddr=0x74e6d6b000
05-05 22:16:39.755 14584 14594 W PackageParser: Unknown element under <manifest>: queries at /data/user/0/com.hello.miheapp.secretspace/app_tmp/core-1.apk Binary XML file line #196
05-05 22:16:39.770 14472 14481 I gralloc4: unregister: id=29e00001b25, vaddr=0x74e6261000
05-05 22:16:39.771 14472 14481 I gralloc4: unregister: id=29e00001b24, vaddr=0x74e67e6000
05-05 22:16:39.784 14584 14594 W PackageParser: Unknown element under <manifest>: queries at /data/user/0/com.hello.miheapp.secretspace/app_tmp/core-1.apk Binary XML file line #196
05-05 22:16:40.233 14472 14909 I gralloc4: unregister: id=29e00001b1d, vaddr=0x74e82f0000
05-05 22:16:40.239 14472 14472 D VRI[SettingPasswordActivity]: performTraversals relayoutWindow: maybeSyncSeqId=-1 ,mSyncSeqId=0 ,relayoutResult=2
05-05 22:16:40.240 14472 15423 I gralloc4: unregister: id=29e00001b1c, vaddr=0x74e8767000
05-05 22:16:40.241 14472 15423 I gralloc4: unregister: id=29e00001b1b, vaddr=0x74e8bde000
05-05 22:16:40.277 14584 14594 W PackageParser: Unknown element under <manifest>: queries at /data/user/0/com.hello.miheapp.secretspace/app_tmp/core-2.apk Binary XML file line #32
05-05 22:16:40.291 14584 14594 W PackageParser: Unknown element under <manifest>: queries at /data/user/0/com.hello.miheapp.secretspace/app_tmp/core-2.apk Binary XML file line #32
05-05 22:16:40.552 14472 14493 I gralloc4: unregister: id=29e00001b2c, vaddr=0x778d986000
05-05 22:16:40.570 14472 14493 I gralloc4: unregister: id=29e00001b2a, vaddr=0x778da35000
05-05 22:16:40.572 14472 14493 I gralloc4: unregister: id=29e00001b29, vaddr=0x778dd33000
05-05 22:16:40.606 15428 15428 I libc : SetHeapTaggingLevel: tag level set to 0
05-05 22:16:40.611 15428 15428 I .secretspace:p0: Using CollectorTypeCMC GC.
05-05 22:16:40.614 15428 15428 E .secretspace:p0: Not starting debugger since process cannot load the jdwp agent.
05-05 22:16:40.617 15428 15428 D nativeloader: Load libframework-connectivity- tiramisu-jni.so using APEX ns com_android_tethering for caller /apex/com.android.tethering/javalib/framework-connectivity-t.jar: ok
05-05 22:16:40.621 15428 15428 W ziparchive: Unable to open '/system_ext/framework/unisoc-framework.dm': No such file or directory
05-05 22:16:40.621 15428 15428 W ziparchive: Unable to open '/system_ext/framework/unisoc-framework.dm': No such file or directory
05-05 22:16:40.630 15428 15438 E .secretspace:p0: Could not write anonymous vdex /system_ext/framework/oat/arm64/unisoc-framework.vdex: Could not open /system_ext/framework/oat/arm64/unisoc-framework.vdex for writing
05-05 22:16:40.637 15428 15428 D CompatibilityChangeReporter: Compat change id reported: 171979766; UID 10202; state: ENABLED
05-05 22:16:40.642 15428 15428 D ApplicationLoaders: Returning zygote-cached class loader: /system/framework/android.test.base.jar
05-05 22:16:40.645 15428 15428 D nativeloader: Configuring clns-4 for other apk /system/framework/org.apache.http.legacy.jar. target_sdk_version=34, uses_libraries=ALL, library_path=/data/app/~~Tpyr0WMEgNxWZIHS2R81Zg==/com.hello.miheapp.secretspace- PTMVJuPpnuiObgseG0OLaQ==/lib/arm64:/data/app/~~Tpyr0WMEgNxWZIHS2R81Zg==/ com.hello.miheapp.secretspace-PTMVJuPpnuiObgseG0OLaQ==/base.apk!/lib/arm64-v8a:/ data/app/~~Tpyr0WMEgNxWZIHS2R81Zg==/com.hello.miheapp.secretspace- PTMVJuPpnuiObgseG0OLaQ==/split_config.arm64_v8a.apk!/lib/arm64-v8a:/data/app/ ~~Tpyr0WMEgNxWZIHS2R81Zg==/com.hello.miheapp.secretspace-PTMVJuPpnuiObgseG0OLaQ==/ split_config.en.apk!/lib/arm64-v8a:/data/app/~~Tpyr0WMEgNxWZIHS2R81Zg==/ com.hello.miheapp.secretspace-PTMVJuPpnuiObgseG0OLaQ==/split_config.xxhdpi.apk!/ lib/arm64-v8a, permitted_path=/data:/mnt/expand:/data/user/0/com.hello.miheapp.secretspace
05-05 22:16:40.664 15428 15428 W ziparchive: Unable to open '/data/app/~~Tpyr0WMEgNxWZIHS2R81Zg==/com.hello.miheapp.secretspace- PTMVJuPpnuiObgseG0OLaQ==/base.dm': No such file or directory
05-05 22:16:40.664 15428 15428 W ziparchive: Unable to open '/data/app/~~Tpyr0WMEgNxWZIHS2R81Zg==/com.hello.miheapp.secretspace- PTMVJuPpnuiObgseG0OLaQ==/base.dm': No such file or directory
05-05 22:16:40.906 15428 15428 W ziparchive: Unable to open '/data/app/~~Tpyr0WMEgNxWZIHS2R81Zg==/com.hello.miheapp.secretspace- PTMVJuPpnuiObgseG0OLaQ==/split_config.arm64_v8a.dm': No such file or directory
05-05 22:16:40.906 15428 15428 W ziparchive: Unable to open '/data/app/~~Tpyr0WMEgNxWZIHS2R81Zg==/com.hello.miheapp.secretspace- PTMVJuPpnuiObgseG0OLaQ==/split_config.arm64_v8a.dm': No such file or directory
05-05 22:16:40.906 15428 15428 W .secretspace:p0: Entry not found
05-05 22:16:40.907 15428 15428 W ziparchive: Unable to open '/data/app/~~Tpyr0WMEgNxWZIHS2R81Zg==/com.hello.miheapp.secretspace- PTMVJuPpnuiObgseG0OLaQ==/split_config.en.dm': No such file or directory
05-05 22:16:40.907 15428 15428 W ziparchive: Unable to open '/data/app/~~Tpyr0WMEgNxWZIHS2R81Zg==/com.hello.miheapp.secretspace- PTMVJuPpnuiObgseG0OLaQ==/split_config.en.dm': No such file or directory
05-05 22:16:40.907 15428 15428 W .secretspace:p0: Entry not found
05-05 22:16:40.917 15428 15428 W ziparchive: Unable to open '/data/app/~~Tpyr0WMEgNxWZIHS2R81Zg==/com.hello.miheapp.secretspace- PTMVJuPpnuiObgseG0OLaQ==/split_config.xxhdpi.dm': No such file or directory
05-05 22:16:40.917 15428 15428 W ziparchive: Unable to open '/data/app/~~Tpyr0WMEgNxWZIHS2R81Zg==/com.hello.miheapp.secretspace- PTMVJuPpnuiObgseG0OLaQ==/split_config.xxhdpi.dm': No such file or directory
05-05 22:16:40.917 15428 15428 W .secretspace:p0: Entry not found
05-05 22:16:40.918 15428 15428 D nativeloader: Configuring clns-5 for other apk /data/app/~~Tpyr0WMEgNxWZIHS2R81Zg==/com.hello.miheapp.secretspace- PTMVJuPpnuiObgseG0OLaQ==/base.apk:/data/app/~~Tpyr0WMEgNxWZIHS2R81Zg==/ com.hello.miheapp.secretspace-PTMVJuPpnuiObgseG0OLaQ==/ split_config.arm64_v8a.apk:/data/app/~~Tpyr0WMEgNxWZIHS2R81Zg==/ com.hello.miheapp.secretspace-PTMVJuPpnuiObgseG0OLaQ==/split_config.en.apk:/data/ app/~~Tpyr0WMEgNxWZIHS2R81Zg==/com.hello.miheapp.secretspace- PTMVJuPpnuiObgseG0OLaQ==/split_config.xxhdpi.apk. target_sdk_version=34, uses_libraries=, library_path=/data/app/~~Tpyr0WMEgNxWZIHS2R81Zg==/com.hello.miheapp.secretspace- PTMVJuPpnuiObgseG0OLaQ==/lib/arm64:/data/app/~~Tpyr0WMEgNxWZIHS2R81Zg==/ com.hello.miheapp.secretspace-PTMVJuPpnuiObgseG0OLaQ==/base.apk!/lib/arm64-v8a:/ data/app/~~Tpyr0WMEgNxWZIHS2R81Zg==/com.hello.miheapp.secretspace- PTMVJuPpnuiObgseG0OLaQ==/split_config.arm64_v8a.apk!/lib/arm64-v8a:/data/app/ ~~Tpyr0WMEgNxWZIHS2R81Zg==/com.hello.miheapp.secretspace-PTMVJuPpnuiObgseG0OLaQ==/ split_config.en.apk!/lib/arm64-v8a:/data/app
05-05 22:16:40.927 15428 15428 D nativeloader: Load libframework-connectivity- jni.so using APEX ns com_android_tethering for caller /apex/com.android.tethering/javalib/framework-connectivity.jar: ok
05-05 22:16:40.930 15428 15428 V GraphicsEnvironment: ANGLE Developer option for 'com.hello.miheapp.secretspace' set to: 'default'
05-05 22:16:40.931 15428 15428 V GraphicsEnvironment: ANGLE GameManagerService for com.hello.miheapp.secretspace: false
05-05 22:16:40.931 15428 15428 V GraphicsEnvironment: Neither updatable production driver nor prerelease driver is supported.
05-05 22:16:40.935 15428 15428 D NetworkSecurityConfig: Using Network Security Config from resource network_security_config debugBuild: false
05-05 22:16:40.936 15428 15428 D NetworkSecurityConfig: Using Network Security Config from resource network_security_config debugBuild: false
05-05 22:16:40.966 15428 15428 D nativeloader: Load /data/app/~~Tpyr0WMEgNxWZIHS2R81Zg==/com.hello.miheapp.secretspace- PTMVJuPpnuiObgseG0OLaQ==/split_config.arm64_v8a.apk!/lib/arm64-v8a/librepublic.so using ns clns-5 from class loader (caller=/data/app/~~Tpyr0WMEgNxWZIHS2R81Zg==/com.hello.miheapp.secretspace- PTMVJuPpnuiObgseG0OLaQ==/base.apk): ok
05-05 22:16:41.025 14472 15317 I MATDBManager: sqllite db insert success! insert row id:2
05-05 22:16:41.025 14472 15317 I MATDBManager: sqllite db capacity:1
05-05 22:16:41.041 14472 15317 I MATDBManager: sqllite db insert success! insert row id:3
05-05 22:16:41.042 14472 15317 I MATDBManager: sqllite db capacity:2
05-05 22:16:41.053 14472 15317 I MATDBManager: sqllite db insert success! insert row id:4
05-05 22:16:41.053 14472 15317 I MATDBManager: sqllite db capacity:3
05-05 22:16:41.173 15428 15428 W CheckTime: App running slow: Executing handleBindApplication : makeApplication took 239ms
05-05 22:16:41.190 15428 15428 W Glide : Failed to find GeneratedAppGlideModule. You should include an annotationProcessor compile dependency on com.github.bumptech.glide:compiler in your application and a @GlideModule annotated AppGlideModule implementation or LibraryGlideModules will be silently ignored
05-05 22:16:41.278 15428 15428 D CompatibilityChangeReporter: Compat change id reported: 183155436; UID 10202; state: ENABLED
05-05 22:16:41.300 15428 15428 D SessionsDependencies: Dependency to CRASHLYTICS added.
05-05 22:16:41.312 15428 15428 I FirebaseApp: Device unlocked: initializing all Firebase APIs for app [DEFAULT]
05-05 22:16:41.366 14472 15446 I MATDBManager: 服务端下发配置缓存成功! 插入行 id:1
05-05 22:16:41.389 15428 15428 D FirebaseSessions: Initializing Firebase Sessions SDK.
05-05 22:16:41.392 15428 15428 I FirebaseCrashlytics: Initializing Firebase Crashlytics 18.6.2 for com.hello.miheapp.secretspace
05-05 22:16:41.435 15428 15428 D SessionsDependencies: Subscriber CRASHLYTICS registered.
05-05 22:16:41.454 15428 15459 D SessionConfigFetcher: Fetching settings from server.
05-05 22:16:41.467 15428 15455 D ActivityThread: Loading provider com.google.android.gms.chimera: org.microg.gms.chimera.ServiceProvider
05-05 22:16:41.489 15428 15455 D nativeloader: Configuring clns-6 for other apk /system/framework/com.android.location.provider.jar. target_sdk_version=29, uses_libraries=ALL, library_path=/data/user/0/com.hello.miheapp.secretspace/sandbox/data/app/ com.google.android.gms/lib:/data/user/0/com.hello.miheapp.secretspace/sandbox/ data/app/com.google.android.gms/base.apk!/lib/arm64-v8a, permitted_path=/data:/mnt/expand:/data/user/0/com.hello.miheapp.secretspace/ sandbox/data/user/0/com.google.android.gms
05-05 22:16:41.494 15428 15455 E .secretspace:p0: Attempt to load writable dex file: /data/user/0/com.hello.miheapp.secretspace/sandbox/data/app/com.google.android.gms/ base.apk
05-05 22:16:41.495 15428 15455 W ziparchive: Unable to open '/data/user/0/com.hello.miheapp.secretspace/sandbox/data/app/com.google.android.gms /base.dm': No such file or directory
