05-14 14:34:50.607 11638 12392 I MATDBManager: sqllite db capacity:1
05-14 14:34:50.607 11638 12392 I MATDBManager: sqllite db insert success! insert row id:122
05-14 14:34:50.608 11638 12392 I MATDBManager: sqllite db capacity:2
05-14 14:34:50.609 11638 12392 I MATDBManager: sqllite db insert success! insert row id:123
05-14 14:34:50.609 11638 12392 I MATDBManager: sqllite db capacity:3
05-14 14:34:50.610 11638 12392 I MATDBManager: sqllite db insert success! insert row id:124
05-14 14:34:50.610 11638 12392 I MATDBManager: sqllite db capacity:4
05-14 14:34:51.931 11638 11061 I FA : Application backgrounded at: timestamp_millis: 1747213489929
05-14 14:34:55.287 11638 11638 D CompatibilityChangeReporter: Compat change id reported: 78294732; UID 10306; state: ENABLED
05-14 14:34:56.570 11638 11638 W WindowOnBackDispatcher: sendCancelIfRunning: isInProgress=falsecallback=android.view.ViewRootImpl$ $ExternalSyntheticLambda17@fa7ca1b
05-14 14:34:58.630 11638 11638 W PackageParser: Ignoring duplicate uses- permissions/uses-permissions-sdk-m: android.permission.ACCESS_NETWORK_STATE in package: com.mobiin.gp at: Binary XML file line #36
05-14 14:34:58.630 11638 11638 W PackageParser: Ignoring duplicate uses- permissions/uses-permissions-sdk-m: android.permission.GET_ACCOUNTS in package: com.mobiin.gp at: Binary XML file line #38
05-14 14:34:58.630 11638 11638 W PackageParser: Ignoring duplicate uses- permissions/uses-permissions-sdk-m: android.permission.WAKE_LOCK in package: com.mobiin.gp at: Binary XML file line #43
05-14 14:34:58.630 11638 11638 W PackageParser: Ignoring duplicate uses- permissions/uses-permissions-sdk-m: android.permission.INTERNET in package: com.mobiin.gp at: Binary XML file line #104
05-14 14:34:58.630 11638 11638 W PackageParser: Ignoring duplicate uses- permissions/uses-permissions-sdk-m: android.permission.ACCESS_WIFI_STATE in package: com.mobiin.gp at: Binary XML file line #105
05-14 14:34:58.630 11638 11638 W PackageParser: Ignoring duplicate uses- permissions/uses-permissions-sdk-m: android.permission.ACCESS_NETWORK_STATE in package: com.mobiin.gp at: Binary XML file line #106
05-14 14:34:58.630 11638 11638 W PackageParser: Ignoring duplicate uses- permissions/uses-permissions-sdk-m: android.permission.WRITE_EXTERNAL_STORAGE in package: com.mobiin.gp at: Binary XML file line #107
05-14 14:34:58.630 11638 11638 W PackageParser: Ignoring duplicate uses- permissions/uses-permissions-sdk-m: android.permission.RECORD_AUDIO in package: com.mobiin.gp at: Binary XML file line #108
05-14 14:34:58.630 11638 11638 W PackageParser: Ignoring duplicate uses- permissions/uses-permissions-sdk-m: android.permission.ACCESS_NETWORK_STATE in package: com.mobiin.gp at: Binary XML file line #113
05-14 14:34:58.631 11638 11638 W PackageParser: Ignoring duplicate uses- permissions/uses-permissions-sdk-m: android.permission.INTERNET in package: com.mobiin.gp at: Binary XML file line #114
05-14 14:34:58.631 11638 11638 W PackageParser: Ignoring duplicate uses- permissions/uses-permissions-sdk-m: android.permission.WAKE_LOCK in package: com.mobiin.gp at: Binary XML file line #115
05-14 14:34:58.631 11638 11638 W PackageParser: Ignoring duplicate uses- permissions/uses-permissions-sdk-m: com.google.android.c2dm.permission.RECEIVE in package: com.mobiin.gp at: Binary XML file line #116
05-14 14:34:58.631 11638 11638 W PackageParser: Unknown element under <manifest>: queries at /data/user/0/com.hello.miheapp.secretspace/sandbox/data/app/com.mobiin.gp/base.apk Binary XML file line #149
05-14 14:34:58.634 11638 11638 W PackageParser: No actions in intent filter at /data/user/0/com.hello.miheapp.secretspace/sandbox/data/app/com.mobiin.gp/base.apk Binary XML file line #435
05-14 14:34:58.634 11638 11638 W PackageParser: No actions in intent filter at /data/user/0/com.hello.miheapp.secretspace/sandbox/data/app/com.mobiin.gp/base.apk Binary XML file line #442
05-14 14:34:58.635 11638 11638 W PackageParser: Unknown element under <application>: property at /data/user/0/com.hello.miheapp.secretspace/sandbox/data/app/com.mobiin.gp/base.apk Binary XML file line #892
05-14 14:34:58.642 11638 12392 I MATDBManager: sqllite db insert success! insert row id:125
05-14 14:34:58.643 11638 11804 D SessionLifecycleClient: Sending lifecycle 1 to service
05-14 14:34:58.643 11638 12392 I MATDBManager: sqllite db capacity:5
05-14 14:34:58.644 11638 12417 D SessionLifecycleService: Activity foregrounding at 147804265.
05-14 14:34:58.736 11638 11804 D SessionLifecycleClient: Sending lifecycle 2 to service
05-14 14:34:58.736 11638 12417 D SessionLifecycleService: Activity backgrounding at 147804358
05-14 14:34:58.744 11638 11638 W WindowOnBackDispatcher: sendCancelIfRunning: isInProgress=falsecallback=android.view.ViewRootImpl$ $ExternalSyntheticLambda17@c1f6cdc
05-14 14:34:58.822 11638 11812 D SessionLifecycleClient: Sending lifecycle 1 to service
05-14 14:34:58.822 11638 12417 D SessionLifecycleService: Activity foregrounding at 147804444.
05-14 14:34:58.879 11638 11816 D SessionLifecycleClient: Sending lifecycle 2 to service
05-14 14:34:58.880 11638 12417 D SessionLifecycleService: Activity backgrounding at 147804501
05-14 14:34:58.939 11638 11850 D CompatibilityChangeReporter: Compat change id reported: 289878283; UID 10306; state: ENABLED
05-14 14:34:58.949 11638 11804 D SessionLifecycleClient: Sending lifecycle 1 to service
05-14 14:34:58.950 11638 12417 D SessionLifecycleService: Activity foregrounding at 147804572.
05-14 14:34:58.989 12570 12570 I libc : SetHeapTaggingLevel: tag level set to 0
05-14 14:34:58.999 12570 12570 I .secretspace:p1: Using CollectorTypeCMC GC.
05-14 14:34:59.018 12570 12570 E .secretspace:p1: Not starting debugger since process cannot load the jdwp agent.
05-14 14:34:59.025 12570 12570 D nativeloader: Load libframework-connectivity- tiramisu-jni.so using APEX ns com_android_tethering for caller /apex/com.android.tethering/javalib/framework-connectivity-t.jar: ok
05-14 14:34:59.057 12570 12570 D CompatibilityChangeReporter: Compat change id reported: 171979766; UID 10306; state: ENABLED
05-14 14:34:59.057 12570 12570 D CompatibilityChangeReporter: Compat change id reported: 242716250; UID 10306; state: ENABLED
05-14 14:34:59.058 12570 12570 D Typeface-FontSettings: initFontDefault defaultFontFamily -> RobotoSlab-Regular
05-14 14:34:59.067 12570 12570 D ApplicationLoaders: Returning zygote-cached class loader: /system/framework/android.test.base.jar
05-14 14:34:59.072 12570 12570 D nativeloader: Configuring clns-4 for other apk /system/framework/org.apache.http.legacy.jar. target_sdk_version=34, uses_libraries=ALL, library_path=/data/app/~~u7JpqXiZ60emteZUUJYZ-Q==/com.hello.miheapp.secretspace- gScfIuJj6R6JjgSSkDypOQ==/lib/arm64:/data/app/~~u7JpqXiZ60emteZUUJYZ-Q==/ com.hello.miheapp.secretspace-gScfIuJj6R6JjgSSkDypOQ==/base.apk!/lib/arm64-v8a:/ data/app/~~u7JpqXiZ60emteZUUJYZ-Q==/com.hello.miheapp.secretspace- gScfIuJj6R6JjgSSkDypOQ==/split_config.arm64_v8a.apk!/lib/arm64-v8a:/data/app/ ~~u7JpqXiZ60emteZUUJYZ-Q==/com.hello.miheapp.secretspace-gScfIuJj6R6JjgSSkDypOQ==/ split_config.bn.apk!/lib/arm64-v8a:/data/app/~~u7JpqXiZ60emteZUUJYZ-Q==/ com.hello.miheapp.secretspace-gScfIuJj6R6JjgSSkDypOQ==/split_config.en.apk!/lib/ arm64-v8a:/data/app/~~u7JpqXiZ60emteZUUJYZ-Q==/com.hello.miheapp.secretspace- gScfIuJj6R6JjgSSkDypOQ==/split_config.gu.apk!/lib/arm64-v8a:/data/app/ ~~u7JpqXiZ60emteZUUJYZ-Q==/com.hello.miheapp.secretspace-gScfIuJj6R6JjgSSkDypOQ==/ split_config.hi.apk!/lib/arm64-v8a:/data/app/~~u7JpqXiZ60emteZU
05-14 14:34:59.116 12570 12570 W ziparchive: Unable to open '/data/app/~~u7JpqXiZ60emteZUUJYZ-Q==/com.hello.miheapp.secretspace- gScfIuJj6R6JjgSSkDypOQ==/split_config.arm64_v8a.dm': No such file or directory
05-14 14:34:59.116 12570 12570 W ziparchive: Unable to open '/data/app/~~u7JpqXiZ60emteZUUJYZ-Q==/com.hello.miheapp.secretspace- gScfIuJj6R6JjgSSkDypOQ==/split_config.arm64_v8a.dm': No such file or directory
05-14 14:34:59.117 12570 12570 W .secretspace:p1: Entry not found
05-14 14:34:59.142 12570 12570 W ziparchive: Unable to open '/data/app/~~u7JpqXiZ60emteZUUJYZ-Q==/com.hello.miheapp.secretspace- gScfIuJj6R6JjgSSkDypOQ==/split_config.bn.dm': No such file or directory
05-14 14:34:59.142 12570 12570 W ziparchive: Unable to open '/data/app/~~u7JpqXiZ60emteZUUJYZ-Q==/com.hello.miheapp.secretspace- gScfIuJj6R6JjgSSkDypOQ==/split_config.bn.dm': No such file or directory
05-14 14:34:59.142 12570 12570 W .secretspace:p1: Entry not found
05-14 14:34:59.143 12570 12570 W ziparchive: Unable to open '/data/app/~~u7JpqXiZ60emteZUUJYZ-Q==/com.hello.miheapp.secretspace- gScfIuJj6R6JjgSSkDypOQ==/split_config.en.dm': No such file or directory
05-14 14:34:59.143 12570 12570 W ziparchive: Unable to open '/data/app/~~u7JpqXiZ60emteZUUJYZ-Q==/com.hello.miheapp.secretspace- gScfIuJj6R6JjgSSkDypOQ==/split_config.en.dm': No such file or directory
05-14 14:34:59.143 12570 12570 W .secretspace:p1: Entry not found
05-14 14:34:59.143 12570 12570 W ziparchive: Unable to open '/data/app/~~u7JpqXiZ60emteZUUJYZ-Q==/com.hello.miheapp.secretspace- gScfIuJj6R6JjgSSkDypOQ==/split_config.gu.dm': No such file or directory
05-14 14:34:59.143 12570 12570 W ziparchive: Unable to open '/data/app/~~u7JpqXiZ60emteZUUJYZ-Q==/com.hello.miheapp.secretspace- gScfIuJj6R6JjgSSkDypOQ==/split_config.gu.dm': No such file or directory
05-14 14:34:59.143 12570 12570 W .secretspace:p1: Entry not found
05-14 14:34:59.144 12570 12570 W ziparchive: Unable to open '/data/app/~~u7JpqXiZ60emteZUUJYZ-Q==/com.hello.miheapp.secretspace- gScfIuJj6R6JjgSSkDypOQ==/split_config.hi.dm': No such file or directory
05-14 14:34:59.144 12570 12570 W ziparchive: Unable to open '/data/app/~~u7JpqXiZ60emteZUUJYZ-Q==/com.hello.miheapp.secretspace- gScfIuJj6R6JjgSSkDypOQ==/split_config.hi.dm': No such file or directory
05-14 14:34:59.144 12570 12570 W .secretspace:p1: Entry not found
05-14 14:34:59.144 12570 12570 W ziparchive: Unable to open '/data/app/~~u7JpqXiZ60emteZUUJYZ-Q==/com.hello.miheapp.secretspace- gScfIuJj6R6JjgSSkDypOQ==/split_config.kn.dm': No such file or directory
05-14 14:34:59.144 12570 12570 W ziparchive: Unable to open '/data/app/~~u7JpqXiZ60emteZUUJYZ-Q==/com.hello.miheapp.secretspace- gScfIuJj6R6JjgSSkDypOQ==/split_config.kn.dm': No such file or directory
05-14 14:34:59.144 12570 12570 W .secretspace:p1: Entry not found
05-14 14:34:59.144 12570 12570 W ziparchive: Unable to open '/data/app/~~u7JpqXiZ60emteZUUJYZ-Q==/com.hello.miheapp.secretspace- gScfIuJj6R6JjgSSkDypOQ==/split_config.mr.dm': No such file or directory
05-14 14:34:59.144 12570 12570 W ziparchive: Unable to open '/data/app/~~u7JpqXiZ60emteZUUJYZ-Q==/com.hello.miheapp.secretspace- gScfIuJj6R6JjgSSkDypOQ==/split_config.mr.dm': No such file or directory
05-14 14:34:59.144 12570 12570 W .secretspace:p1: Entry not found
05-14 14:34:59.145 12570 12570 W ziparchive: Unable to open '/data/app/~~u7JpqXiZ60emteZUUJYZ-Q==/com.hello.miheapp.secretspace- gScfIuJj6R6JjgSSkDypOQ==/split_config.ta.dm': No such file or directory
05-14 14:34:59.145 12570 12570 W ziparchive: Unable to open '/data/app/~~u7JpqXiZ60emteZUUJYZ-Q==/com.hello.miheapp.secretspace- gScfIuJj6R6JjgSSkDypOQ==/split_config.ta.dm': No such file or directory
05-14 14:34:59.145 12570 12570 W .secretspace:p1: Entry not found
05-14 14:34:59.145 12570 12570 W ziparchive: Unable to open '/data/app/~~u7JpqXiZ60emteZUUJYZ-Q==/com.hello.miheapp.secretspace- gScfIuJj6R6JjgSSkDypOQ==/split_config.te.dm': No such file or directory
05-14 14:34:59.145 12570 12570 W ziparchive: Unable to open '/data/app/~~u7JpqXiZ60emteZUUJYZ-Q==/com.hello.miheapp.secretspace- gScfIuJj6R6JjgSSkDypOQ==/split_config.te.dm': No such file or directory
05-14 14:34:59.145 12570 12570 W .secretspace:p1: Entry not found
05-14 14:34:59.145 12570 12570 W ziparchive: Unable to open '/data/app/~~u7JpqXiZ60emteZUUJYZ-Q==/com.hello.miheapp.secretspace- gScfIuJj6R6JjgSSkDypOQ==/split_config.xxhdpi.dm': No such file or directory
05-14 14:34:59.145 12570 12570 W ziparchive: Unable to open '/data/app/~~u7JpqXiZ60emteZUUJYZ-Q==/com.hello.miheapp.secretspace- gScfIuJj6R6JjgSSkDypOQ==/split_config.xxhdpi.dm': No such file or directory
05-14 14:34:59.145 12570 12570 W .secretspace:p1: Entry not found
05-14 14:34:59.146 12570 12570 D nativeloader: Configuring clns-5 for other apk /data/app/~~u7JpqXiZ60emteZUUJYZ-Q==/com.hello.miheapp.secretspace- gScfIuJj6R6JjgSSkDypOQ==/base.apk:/data/app/~~u7JpqXiZ60emteZUUJYZ-Q==/ com.hello.miheapp.secretspace-gScfIuJj6R6JjgSSkDypOQ==/ split_config.arm64_v8a.apk:/data/app/~~u7JpqXiZ60emteZUUJYZ-Q==/ com.hello.miheapp.secretspace-gScfIuJj6R6JjgSSkDypOQ==/split_config.bn.apk:/data/ app/~~u7JpqXiZ60emteZUUJYZ-Q==/com.hello.miheapp.secretspace- gScfIuJj6R6JjgSSkDypOQ==/split_config.en.apk:/data/app/~~u7JpqXiZ60emteZUUJYZ-Q==/ com.hello.miheapp.secretspace-gScfIuJj6R6JjgSSkDypOQ==/split_config.gu.apk:/data/ app/~~u7JpqXiZ60emteZUUJYZ-Q==/com.hello.miheapp.secretspace- gScfIuJj6R6JjgSSkDypOQ==/split_config.hi.apk:/data/app/~~u7JpqXiZ60emteZUUJYZ-Q==/ com.hello.miheapp.secretspace-gScfIuJj6R6JjgSSkDypOQ==/split_config.kn.apk:/data/ app/~~u7JpqXiZ60emteZUUJYZ-Q==/com.hello.miheapp.secretspace- gScfIuJj6R6JjgSSkDypOQ==/split_config.mr.apk:/data/app/~~u7JpqXiZ60emteZUUJYZ-Q==/ com.hello.miheapp.secretspace-gScfIuJj6R6JjgSSkDypOQ==/split_
05-14 14:34:59.146 12220 12220 I WM-RemoteWorkerService: Binding to RemoteWorkerService
05-14 14:34:59.154 12570 12570 D nativeloader: Load libframework-connectivity- jni.so using APEX ns com_android_tethering for caller /apex/com.android.tethering/javalib/framework-connectivity.jar: ok
05-14 14:34:59.157 12570 12570 V GraphicsEnvironment: Currently set values for:
05-14 14:34:59.157 12570 12570 V GraphicsEnvironment: angle_gl_driver_selection_pkgs=[]
05-14 14:34:59.157 12570 12570 V GraphicsEnvironment: angle_gl_driver_selection_values=[]
05-14 14:34:59.158 12570 12570 V GraphicsEnvironment: ANGLE GameManagerService for com.hello.miheapp.secretspace: false
05-14 14:34:59.158 12570 12570 V GraphicsEnvironment: com.hello.miheapp.secretspace is not listed in per-application setting
05-14 14:34:59.158 12570 12570 V GraphicsEnvironment: Neither updatable production driver nor prerelease driver is supported.
05-14 14:34:59.166 12570 12570 D nativeloader: Load /data/app/~~u7JpqXiZ60emteZUUJYZ-Q==/com.hello.miheapp.secretspace- gScfIuJj6R6JjgSSkDypOQ==/split_config.arm64_v8a.apk!/lib/arm64-v8a/librepublic.so using ns clns-5 from class loader (caller=/data/app/~~u7JpqXiZ60emteZUUJYZ-Q==/com.hello.miheapp.secretspace- gScfIuJj6R6JjgSSkDypOQ==/base.apk): ok
05-14 14:34:59.169 12220 14551 D CompatibilityChangeReporter: Compat change id reported: 263076149; UID 10306; state: ENABLED
05-14 14:34:59.172 12220 14551 D WM-WM-RemoteWorker List: Executing work request (3ca98e70-5a51-438a-a488-4d296f858ac6, com.tantan.dex.library.Dex2OatWorker)
05-14 14:34:59.223 12220 12314 I secretspace:dex: Failed to add image file: Dex cache count and dex file count mismatch while trying to initialize from image
05-14 14:34:59.288 12220 12314 W JavaBinder: ibinderForJavaObject: 0x75c06af5c0 is not a Binder object
05-14 14:34:59.288 12220 12314 E Parcel : Native binder in markForBinder is null for non-null jobject
05-14 14:34:59.420 12570 12570 W CheckTime: App running slow: Executing handleBindApplication : makeApplication took 261ms
05-14 14:34:59.423 12570 12570 W Glide : Failed to find GeneratedAppGlideModule. You should include an annotationProcessor compile dependency on com.github.bumptech.glide:compiler in your application and a @GlideModule annotated AppGlideModule implementation or LibraryGlideModules will be silently ignored
05-14 14:34:59.437 12570 12570 D CompatibilityChangeReporter: Compat change id reported: 183155436; UID 10306; state: ENABLED
05-14 14:34:59.438 12570 12570 D SessionsDependencies: Dependency to CRASHLYTICS added.
05-14 14:34:59.440 12570 12570 I FirebaseApp: Device unlocked: initializing all Firebase APIs for app [DEFAULT]
05-14 14:34:59.441 12570 12570 I FirebaseCrashlytics: Initializing Firebase Crashlytics 18.6.2 for com.hello.miheapp.secretspace
05-14 14:34:59.441 12570 12570 D CompatibilityChangeReporter: Compat change id reported: 247079863; UID 10306; state: ENABLED
05-14 14:34:59.456 12570 12570 D SessionsDependencies: Subscriber CRASHLYTICS registered.
05-14 14:34:59.505 12570 12570 D FirebaseSessions: Initializing Firebase Sessions SDK.
05-14 14:34:59.506 12570 12570 I FirebaseApp: FirebaseApp initialization successful
05-14 14:34:59.520 12570 12778 D SessionConfigFetcher: Fetching settings from server.
05-14 14:34:59.539 12075 14473 D ChimeraServiceProvider: query: content://com.google.android.gms.chimera/api_force_staging/com.google.android.gms.m easurement.dynamite?requestStartTime=334955883
05-14 14:34:59.540 12570 12751 W DynamiteModule: Failed to retrieve remote module version.
05-14 14:34:59.566 12570 12570 D nativeloader: Load /data/app/~~u7JpqXiZ60emteZUUJYZ-Q==/com.hello.miheapp.secretspace- gScfIuJj6R6JjgSSkDypOQ==/split_config.arm64_v8a.apk!/lib/arm64-v8a/libsandbox.so using ns clns-5 from class loader (caller=/data/app/~~u7JpqXiZ60emteZUUJYZ-Q==/com.hello.miheapp.secretspace- gScfIuJj6R6JjgSSkDypOQ==/base.apk): ok
05-14 14:34:59.566 12570 12570 D NativeCore: NativeCore init.
05-14 14:34:59.567 12570 12570 D NativeCore: found art method entrypoint jni offset: 2
05-14 14:34:59.567 12570 12570 D NativeCore: not found art method match access flags offset , use default: 4
05-14 14:34:59.572 12570 12751 D nativeloader: Configuring clns-6 for other apk /system/framework/com.android.location.provider.jar. target_sdk_version=29, uses_libraries=ALL, library_path=/data/user/0/com.hello.miheapp.secretspace/sandbox/data/app/ com.google.android.gms/lib:/data/user/0/com.hello.miheapp.secretspace/sandbox/ data/app/com.google.android.gms/base.apk!/lib/arm64-v8a, permitted_path=/data:/mnt/expand:/data/user/0/com.hello.miheapp.secretspace/ sandbox/data/user/0/com.google.android.gms
05-14 14:34:59.665 12570 12751 I .secretspace:p1: Failed to add image file: Failed to find OatDexFile for DexFile /data/app/~~u7JpqXiZ60emteZUUJYZ-Q==/com.hello.miheapp.secretspace- gScfIuJj6R6JjgSSkDypOQ==/base.apk (canonical path /data/app/~~u7JpqXiZ60emteZUUJYZ- Q==/com.hello.miheapp.secretspace-gScfIuJj6R6JjgSSkDypOQ==/base.apk) in OatFile /data/user/0/com.hello.miheapp.secretspace/sandbox/data/app/com.google.android.gms/ oat/arm64/base.vdex
05-14 14:34:59.672 12570 12751 D nativeloader: Configuring clns-7 for other apk /data/user/0/com.hello.miheapp.secretspace/sandbox/data/app/com.google.android.gms/ base.apk. target_sdk_version=29, uses_libraries=, library_path=/data/user/0/com.hello.miheapp.secretspace/sandbox/data/app/ com.google.android.gms/lib:/data/user/0/com.hello.miheapp.secretspace/sandbox/ data/app/com.google.android.gms/base.apk!/lib/arm64-v8a, permitted_path=/data:/mnt/expand:/data/user/0/com.hello.miheapp.secretspace/ sandbox/data/user/0/com.google.android.gms
05-14 14:34:59.677 12570 12751 W DynamiteModule: IDynamite loader version = 2, no high precision latency measurement.
05-14 14:34:59.678 12570 12751 I DynamiteModule: Considering local module com.google.android.gms.measurement.dynamite:100 and remote module com.google.android.gms.measurement.dynamite:98
05-14 14:34:59.678 12570 12751 I DynamiteModule: Selected local version of com.google.android.gms.measurement.dynamite
05-14 14:34:59.680 12570 12751 W DynamiteModule: IDynamite loader version = 2, no high precision latency measurement.
05-14 14:34:59.693 12570 12570 E NativeCore: not native method
05-14 14:34:59.693 12570 12570 E NativeCore: check flags error. class:java/io/UnixFileSystem, method:canonicalize0
05-14 14:34:59.693 12570 12570 D NativeCore: register class:java/io/UnixFileSystem, method:getBooleanAttributes0 success!
05-14 14:34:59.693 12570 12570 D NativeCore: register class:java/io/UnixFileSystem, method:getLastModifiedTime0 success!
05-14 14:34:59.693 12570 12570 D NativeCore: register class:java/io/UnixFileSystem, method:setPermission0 success!
05-14 14:34:59.693 12570 12570 D NativeCore: register class:java/io/UnixFileSystem, method:createFileExclusively0 success!
05-14 14:34:59.693 12570 12570 D NativeCore: register class:java/io/UnixFileSystem, method:list0 success!
05-14 14:34:59.693 12570 12570 D NativeCore: register class:java/io/UnixFileSystem, method:createDirectory0 success!
05-14 14:34:59.693 12570 12570 D NativeCore: register class:java/io/UnixFileSystem, method:setLastModifiedTime0 success!
05-14 14:34:59.693 12570 12570 D NativeCore: register class:java/io/UnixFileSystem, method:setReadOnly0 success!
05-14 14:34:59.693 12570 12570 D NativeCore: register class:java/io/UnixFileSystem, method:getSpace0 success!
05-14 14:34:59.693 12570 12570 D NativeCore: register class:java/lang/VMClassLoader, method:findLoadedClass success!
05-14 14:34:59.693 12570 12570 D NativeCore: register class:android/os/Binder, method:getCallingUid success!
05-14 14:34:59.693 12570 12570 D NativeCore: register class:dalvik/system/VMRuntime, method:setHiddenApiExemptions success!
05-14 14:34:59.693 12570 12570 D NativeCore: register class:dalvik/system/DexFile, method:openDexFileNative success!
05-14 14:34:59.738 12570 12570 I .secretspace:p1: Failed to add image file: Dex cache count and dex file count mismatch while trying to initialize from image
05-14 14:34:59.741 12570 12570 W ziparchive: Unable to open '/data/user/0/com.hello.miheapp.secretspace/sandbox/data/app/com.mobiin.gp/ split_GSDKRTC.config.arm64_v8a.dm': No such file or directory
05-14 14:34:59.742 12570 12570 W .secretspace:p1: Entry not found
05-14 14:34:59.742 12570 12570 W ziparchive: Unable to open '/data/user/0/com.hello.miheapp.secretspace/sandbox/data/app/com.mobiin.gp/ split_PlayAssetPack.dm': No such file or directory
05-14 14:34:59.742 12570 12570 W .secretspace:p1: Entry not found
05-14 14:34:59.745 12570 12570 W ziparchive: Unable to open '/data/user/0/com.hello.miheapp.secretspace/sandbox/data/app/com.mobiin.gp/ split_QiniuShortVideo.config.arm64_v8a.dm': No such file or directory
05-14 14:34:59.745 12570 12570 W .secretspace:p1: Entry not found
05-14 14:34:59.769 12570 12570 W ziparchive: Unable to open '/data/user/0/com.hello.miheapp.secretspace/sandbox/data/app/com.mobiin.gp/ split_config.arm64_v8a.dm': No such file or directory
05-14 14:34:59.769 12570 12570 W .secretspace:p1: Entry not found
05-14 14:34:59.775 12570 12570 D nativeloader: Configuring clns-8 for other apk /data/user/0/com.hello.miheapp.secretspace/sandbox/data/app/com.mobiin.gp/ base.apk:/data/user/0/com.hello.miheapp.secretspace/sandbox/data/app/ com.mobiin.gp/split_GSDKRTC.apk:/data/user/0/com.hello.miheapp.secretspace/ sandbox/data/app/com.mobiin.gp/split_GSDKRTC.config.arm64_v8a.apk:/data/user/0/ com.hello.miheapp.secretspace/sandbox/data/app/com.mobiin.gp/ split_PlayAssetPack.apk:/data/user/0/com.hello.miheapp.secretspace/sandbox/data/ app/com.mobiin.gp/split_QiniuShortVideo.apk:/data/user/0/ com.hello.miheapp.secretspace/sandbox/data/app/com.mobiin.gp/ split_QiniuShortVideo.config.arm64_v8a.apk:/data/user/0/ com.hello.miheapp.secretspace/sandbox/data/app/com.mobiin.gp/split_WallPaper.apk:/ data/user/0/com.hello.miheapp.secretspace/sandbox/data/app/com.mobiin.gp/ split_WifiDetective.apk:/data/user/0/com.hello.miheapp.secretspace/sandbox/data/ app/com.mobiin.gp/split_config.arm64_v8a.apk. target_sdk_version=34, uses_libraries=, library_path=/data/user/0/com.hello.miheapp.secretspace/s
05-14 14:34:59.866 12570 12822 I FA : App measurement initialized, version: 84002
05-14 14:34:59.866 12570 12822 I FA : To enable debug logging run: adb shell setprop log.tag.FA VERBOSE
05-14 14:34:59.867 12570 12822 I FA : To enable faster debug mode event logging run:
05-14 14:34:59.867 12570 12822 I FA : adb shell setprop debug.firebase.analytics.app com.hello.miheapp.secretspace
05-14 14:34:59.908 12570 12822 D CompatibilityChangeReporter: Compat change id reported: 183155436; UID 10306; state: ENABLED
05-14 14:34:59.921 12570 12822 W FA : Table has extra columns. table, columns: messages, app_version, app_version_int
05-14 14:35:00.011 12570 12570 I MultiDex: VM with version 2.1.0 has multidex support
05-14 14:35:00.011 12570 12570 I MultiDex: Installing application
05-14 14:35:00.014 12570 12570 I MultiDex: VM has multidex support, MultiDex support library is disabled.
05-14 14:35:00.131 11638 12392 I MATDBManager: sqllite db insert success! insert row id:126
05-14 14:35:00.132 11638 12392 I MATDBManager: sqllite db capacity:1
05-14 14:35:00.138 11638 12392 I MATDBManager: sqllite db insert success! insert row id:127
05-14 14:35:00.139 11638 12392 I MATDBManager: sqllite db capacity:2
05-14 14:35:00.141 11638 12392 I MATDBManager: sqllite db insert success! insert row id:128
05-14 14:35:00.142 11638 12392 I MATDBManager: sqllite db capacity:3
05-14 14:35:00.305 12570 12570 D CompatibilityChangeReporter: Compat change id reported: 183155436; UID 10003; state: ENABLED
05-14 14:35:00.322 12075 14473 D MeasurementService: bound by: GetServiceRequest{serviceId=MEASUREMENT, gmsVersion=12451000, packageName='com.hello.miheapp.secretspace', extras=Bundle[{}]}
05-14 14:35:00.348 12075 14473 D SafeParcel: Unknown field id 34 in com.google.android.gms.measurement.internal.AppMetadata, skipping.
05-14 14:35:00.348 12075 14473 D SafeParcel: Unknown field id 35 in com.google.android.gms.measurement.internal.AppMetadata, skipping.
05-14 14:35:00.348 12075 14473 D MeasurementService: sendAppLaunch() for AppMetadata[com.hello.miheapp.secretspace]
05-14 14:35:00.351 12570 12822 W FA : Table has extra columns. table, columns: messages, app_version, app_version_int
05-14 14:35:00.364 11638 11812 D SessionLifecycleClient: Sending lifecycle 2 to service
05-14 14:35:00.364 11638 12417 D SessionLifecycleService: Activity backgrounding at 147805986
05-14 14:35:00.374 12570 12822 W FA : Table has extra columns. table, columns: messages, app_version, app_version_int
05-14 14:35:00.378 12075 14473 D SafeParcel: Unknown field id 34 in com.google.android.gms.measurement.internal.AppMetadata, skipping.
05-14 14:35:00.378 12075 14473 D SafeParcel: Unknown field id 35 in com.google.android.gms.measurement.internal.AppMetadata, skipping.
05-14 14:35:00.378 12075 14473 D MeasurementService: getAppInstanceId() for AppMetadata[com.hello.miheapp.secretspace]
05-14 14:35:00.387 12075 14473 D SafeParcel: Unknown field id 34 in com.google.android.gms.measurement.internal.AppMetadata, skipping.
05-14 14:35:00.387 12075 14473 D SafeParcel: Unknown field id 35 in com.google.android.gms.measurement.internal.AppMetadata, skipping.
05-14 14:35:00.387 12075 14473 D MeasurementService: sendDefaultEventParameters(Bundle[EMPTY_PARCEL]) for AppMetadata[com.hello.miheapp.secretspace]
05-14 14:35:00.393 12570 12928 D vulkan : searching for layers in '/data/app/~~u7JpqXiZ60emteZUUJYZ-Q==/com.hello.miheapp.secretspace- gScfIuJj6R6JjgSSkDypOQ==/lib/arm64'
05-14 14:35:00.393 12570 12928 D vulkan : searching for layers in '/data/app/~~u7JpqXiZ60emteZUUJYZ-Q==/com.hello.miheapp.secretspace- gScfIuJj6R6JjgSSkDypOQ==/base.apk!/lib/arm64-v8a'
05-14 14:35:00.394 12570 12928 D vulkan : searching for layers in '/data/app/~~u7JpqXiZ60emteZUUJYZ-Q==/com.hello.miheapp.secretspace- gScfIuJj6R6JjgSSkDypOQ==/split_config.arm64_v8a.apk!/lib/arm64-v8a'
05-14 14:35:00.398 12570 12928 D vulkan : searching for layers in '/data/app/~~u7JpqXiZ60emteZUUJYZ-Q==/com.hello.miheapp.secretspace- gScfIuJj6R6JjgSSkDypOQ==/split_config.bn.apk!/lib/arm64-v8a'
05-14 14:35:00.398 12570 12928 D vulkan : searching for layers in '/data/app/~~u7JpqXiZ60emteZUUJYZ-Q==/com.hello.miheapp.secretspace- gScfIuJj6R6JjgSSkDypOQ==/split_config.en.apk!/lib/arm64-v8a'
05-14 14:35:00.399 12570 12928 D vulkan : searching for layers in '/data/app/~~u7JpqXiZ60emteZUUJYZ-Q==/com.hello.miheapp.secretspace- gScfIuJj6R6JjgSSkDypOQ==/split_config.gu.apk!/lib/arm64-v8a'
05-14 14:35:00.399 12570 12928 D vulkan : searching for layers in '/data/app/~~u7JpqXiZ60emteZUUJYZ-Q==/com.hello.miheapp.secretspace- gScfIuJj6R6JjgSSkDypOQ==/split_config.hi.apk!/lib/arm64-v8a'
05-14 14:35:00.399 12570 12928 D vulkan : searching for layers in '/data/app/~~u7JpqXiZ60emteZUUJYZ-Q==/com.hello.miheapp.secretspace- gScfIuJj6R6JjgSSkDypOQ==/split_config.kn.apk!/lib/arm64-v8a'
05-14 14:35:00.399 12570 12928 D vulkan : searching for layers in '/data/app/~~u7JpqXiZ60emteZUUJYZ-Q==/com.hello.miheapp.secretspace- gScfIuJj6R6JjgSSkDypOQ==/split_config.mr.apk!/lib/arm64-v8a'
05-14 14:35:00.399 12570 12928 D vulkan : searching for layers in '/data/app/~~u7JpqXiZ60emteZUUJYZ-Q==/com.hello.miheapp.secretspace- gScfIuJj6R6JjgSSkDypOQ==/split_config.ta.apk!/lib/arm64-v8a'
05-14 14:35:00.399 12570 12928 D vulkan : searching for layers in '/data/app/~~u7JpqXiZ60emteZUUJYZ-Q==/com.hello.miheapp.secretspace- gScfIuJj6R6JjgSSkDypOQ==/split_config.te.apk!/lib/arm64-v8a'
05-14 14:35:00.399 12570 12928 D vulkan : searching for layers in '/data/app/~~u7JpqXiZ60emteZUUJYZ-Q==/com.hello.miheapp.secretspace- gScfIuJj6R6JjgSSkDypOQ==/split_config.xxhdpi.apk!/lib/arm64-v8a'
05-14 14:35:00.565 11897 11897 D Typeface-FontSettings: updateToOverlayFont: overlay is cur default, no need update
05-14 14:35:00.609 12570 12570 D MainContext: onAppCreate
05-14 14:35:00.640 12220 12220 D Typeface-FontSettings: updateToOverlayFont: overlay is cur default, no need update
05-14 14:35:00.679 12075 12075 D Typeface-FontSettings: updateToOverlayFont: overlay is cur default, no need update
05-14 14:35:00.713 11638 11638 D Typeface-FontSettings: updateToOverlayFont: overlay is cur default, no need update
05-14 14:35:00.831 12570 12570 D nativeloader: Load /data/user/0/com.hello.miheapp.secretspace/sandbox/data/app/com.mobiin.gp/lib/ libnpth.so using ns clns-8 from class loader (caller=/data/user/0/com.hello.miheapp.secretspace/sandbox/data/app/com.mobiin.gp/ base.apk): ok
05-14 14:35:00.833 12570 12570 D nativeloader: Load /data/user/0/com.hello.miheapp.secretspace/sandbox/data/app/com.mobiin.gp/lib/ libnpth_tools.so using ns clns-8 from class loader (caller=/data/user/0/com.hello.miheapp.secretspace/sandbox/data/app/com.mobiin.gp/ base.apk): ok
05-14 14:35:00.839 12570 12570 D CrashService: npth init, native = true
05-14 14:35:00.825 12570 12570 W com.mobiin.gp: type=1400 audit(0.0:138590): avc: granted { execute } for path="/data/data/com.hello.miheapp.secretspace/sandbox/data/app/com.mobiin.gp/lib/ libnpth.so" dev="dm-56" ino=145283 scontext=u:r:untrusted_app:s0:c50,c257,c512,c768 tcontext=u:object_r:app_data_file:s0:c50,c257,c512,c768 tclass=file app=com.hello.miheapp.secretspace
05-14 14:35:00.825 12570 12570 W com.mobiin.gp: type=1400 audit(0.0:138591): avc: granted { execute } for path="/data/data/com.hello.miheapp.secretspace/sandbox/data/app/com.mobiin.gp/lib/ libbytehook.so" dev="dm-56" ino=293359 scontext=u:r:untrusted_app:s0:c50,c257,c512,c768 tcontext=u:object_r:app_data_file:s0:c50,c257,c512,c768 tclass=file app=com.hello.miheapp.secretspace
05-14 14:35:00.825 12570 12570 W com.mobiin.gp: type=1400 audit(0.0:138592): avc: granted { execute } for path="/data/data/com.hello.miheapp.secretspace/sandbox/data/app/com.mobiin.gp/lib/ libbreakpad_client.so" dev="dm-56" ino=30290 scontext=u:r:untrusted_app:s0:c50,c257,c512,c768 tcontext=u:object_r:app_data_file:s0:c50,c257,c512,c768 tclass=file app=com.hello.miheapp.secretspace
05-14 14:35:00.825 12570 12570 W com.mobiin.gp: type=1400 audit(0.0:138593): avc: granted { execute } for path="/data/data/com.hello.miheapp.secretspace/sandbox/data/app/com.mobiin.gp/lib/ libnpth_dl.so" dev="dm-56" ino=289436 scontext=u:r:untrusted_app:s0:c50,c257,c512,c768 tcontext=u:object_r:app_data_file:s0:c50,c257,c512,c768 tclass=file app=com.hello.miheapp.secretspace
05-14 14:35:00.829 12570 12570 W com.mobiin.gp: type=1400 audit(0.0:138594): avc: granted { execute } for path="/data/data/com.hello.miheapp.secretspace/sandbox/data/app/com.mobiin.gp/lib/ libnpth_tools.so" dev="dm-56" ino=273193 scontext=u:r:untrusted_app:s0:c50,c257,c512,c768 tcontext=u:object_r:app_data_file:s0:c50,c257,c512,c768 tclass=file app=com.hello.miheapp.secretspace
05-14 14:35:00.926 12570 12584 E LoadedApk: performReceive() called targeting raw IIntentReceiver for Intent { act=android.net.conn.CONNECTIVITY_CHANGE flg=0x4200010 (has extras) }
05-14 14:35:00.982 12570 12570 D AppLog : AppLog = com.ss.android.common.applog.AppLog@7ea158b pid = 12570
05-14 14:35:00.982 12570 12992 E NPTH-TERM: wait_inner:tools_monitor_wait_inner in !!!
05-14 14:35:00.983 12570 12570 D ExceptionHandler: ExceptionHandler, pid: 12570, thread: Thread[main,5,main], tid: 2, default uncaught exception handler: com.bytedance.crash.java.a@5bdb668, current uncaught exception handler: com.moba.unityplugin.ExceptionHandler$1@bca8a81
05-14 14:35:00.983 12570 12570 D ExceptionHandler: install, pid: 12570, thread: Thread[main,5,main], tid: 2, context: com.moba.unityplugin.MobaGameMainActivityWithExtractor@5e1d551, default uncaught exception handler: com.bytedance.crash.java.a@5bdb668, current uncaught exception handler: com.moba.unityplugin.ExceptionHandler$1@bca8a81
05-14 14:35:00.984 12570 12994 D AppLog : #isNewUserMode false. context=androidx.multidex.MultiDexApplication@9f58f85 isDebugChannel()=false
05-14 14:35:00.987 12570 12994 D AppLog : getCachedString key = device_id value = 7327115268932027909
05-14 14:35:00.987 12570 12994 D AppLog : AccountCacheHelper#cacheString key=device_id value=7327115268932027909 mAccount=null
05-14 14:35:00.989 12570 12977 D AppLog : MigrateDetector#isMigrateInternal cs=STATE_DEFAULT ss=STATE_DISABLED
05-14 14:35:00.989 12570 12977 D AppLog : MigrateDetector#constructor migrate=true
05-14 14:35:00.991 12570 12996 D DeviceInformation: RunnableThread, run begin
05-14 14:35:00.995 12570 12992 E NPTH-TERM: wait_inner:read alive_processes count=1
05-14 14:35:00.995 12570 12992 E NPTH-TERM: wait_inner:step1 new process start request_attach
05-14 14:35:00.995 12570 12992 E NPTH-TERM: do_attach_request:request attach target pid is died 24305
05-14 14:35:00.995 12570 12992 E NPTH-TERM: wait_inner:find no process to attach me, i am first
05-14 14:35:00.995 12570 12992 E NPTH-TERM: -----------------------------------------------------------
05-14 14:35:00.995 12570 12992 E NPTH-TERM: wait_inner:read alive_processes count=0
05-14 14:35:00.999 12570 12977 D AppLog : getCachedString key = openudid value = null
05-14 14:35:00.999 12570 12977 D AppLog : SharePreferenceCacheHandler#clear key=openudid getCachedString(key)=null
05-14 14:35:00.999 12570 12977 D AppLog : AccountCacheHelper#clear key=openudid mAccount=null getCachedString(key)=null
05-14 14:35:01.000 12570 12992 E NPTH-TERM: wait_inner:first be worker!!!!!!!!!!
05-14 14:35:01.005 12570 12996 E ActivityThread: Failed to find provider info for com.facebook.katana.provider.AttributionIdProvider
05-14 14:35:01.010 12570 13000 I NPTH : anr_monitor_loop enter!
05-14 14:35:01.010 12570 13000 I NPTH : anr_monitor_loop reporter = 0x7580130980
05-14 14:35:01.013 12570 13000 I NPTH : anr_monitor_loop sym_err = -6
05-14 14:35:01.013 12570 13000 I NPTH : anr_monitor_loop s_sig_catcher_tid = 12572
05-14 14:35:01.030 12570 12977 D AppLog : getCachedString key = clientudid value = null
05-14 14:35:01.030 12570 12977 D AppLog : SharePreferenceCacheHandler#clear key=clientudid getCachedString(key)=null
05-14 14:35:01.030 12570 12977 D AppLog : AccountCacheHelper#clear key=clientudid mAccount=null getCachedString(key)=null
05-14 14:35:01.030 12570 12977 D AppLog : getCachedString key = udid value = null
05-14 14:35:01.030 12570 12977 D AppLog : SharePreferenceCacheHandler#clear key=udid getCachedString(key)=null
05-14 14:35:01.030 12570 12977 D AppLog : AccountCacheHelper#clear key=udid mAccount=null getCachedString(key)=null
05-14 14:35:01.030 12570 12977 D AppLog : getCachedString key = udid_list value = null
05-14 14:35:01.030 12570 12977 D AppLog : SharePreferenceCacheHandler#clear key=udid_list getCachedString(key)=null
05-14 14:35:01.030 12570 12977 D AppLog : AccountCacheHelper#clear key=udid_list mAccount=null getCachedString(key)=null
05-14 14:35:01.038 12570 12992 E NPTH-TERM: -----------------------------------------------------------
05-14 14:35:01.041 12570 12971 D AppLog : getDeviceId() called,return value :
05-14 14:35:01.044 12570 12977 D AppLog : getCachedString key = device_id value = null
05-14 14:35:01.044 12570 12977 D AppLog : SharePreferenceCacheHandler#clear key=device_id getCachedString(key)=null
05-14 14:35:01.044 12570 12977 D AppLog : AccountCacheHelper#clear key=device_id mAccount=null getCachedString(key)=null
05-14 14:35:01.044 12570 12977 D AppLog : clearKey : clearMigrationInfo : is already cleared
05-14 14:35:01.045 12570 12977 D AppLog : getCachedString key = device_id value = null
05-14 14:35:01.045 12570 12977 D AppLog : DeviceParamsProvider#clear mCacheHandler.loadDeviceId()=
05-14 14:35:01.046 12570 12570 D CompatibilityChangeReporter: Compat change id reported: 247079863; UID 10003; state: ENABLED
05-14 14:35:01.047 12570 12977 D AppLog : MigrateDetector#disableComponent
05-14 14:35:01.048 12570 12977 D AppLog : 是否限定重试次数 isRetryLimit: true
05-14 14:35:01.060 12570 12570 D MainContext: onActivityCreate, Activity:98686289
05-14 14:35:01.073 12570 12977 D AppLog : getCachedString key = device_id value = null
05-14 14:35:01.093 12570 12570 D CompatibilityChangeReporter: Compat change id reported: 237531167; UID 10003; state: DISABLED
05-14 14:35:01.098 12570 12977 W AppLog : init fail empty field: appkey
05-14 14:35:01.104 12570 12570 W OpenGLRenderer: Unknown dataspace 0
05-14 14:35:01.174 12570 12570 D Typeface-FontSettings: updateToOverlayFont: overlay is cur default, no need update
05-14 14:35:01.183 12570 12570 W Looper : Loop again would have the queued messages be executed before this one completed.
05-14 14:35:01.183 12570 12570 I NPTH : anr_monitor_init succsess!
05-14 14:35:01.437 12570 12971 D AppLog : getCachedString key = device_id value = null
05-14 14:35:01.437 12570 12971 D AppLog : getDeviceId() called,return value :
05-14 14:35:01.440 12570 12580 E LoadedApk: performReceive() called targeting raw IIntentReceiver for Intent { act=android.intent.action.BATTERY_CHANGED flg=0x60000010 (has extras) }
05-14 14:35:01.636 12570 12752 I FirebaseCrashlytics: No version control information found
05-14 14:35:01.661 12570 12977 D AppLog : #isNewUserMode false. context=androidx.multidex.MultiDexApplication@9f58f85 isDebugChannel()=false
05-14 14:35:01.661 12570 12977 D AppLog : getCachedString key = device_id value = null
05-14 14:35:01.715 12570 12977 D AppLog : #isNewUserMode false. context=androidx.multidex.MultiDexApplication@9f58f85 isDebugChannel()=false
05-14 14:35:01.716 12570 13080 D AppLog : getCachedString key = device_id value = null
05-14 14:35:01.716 12570 13080 D AppLog : getDeviceId() called,return value :
05-14 14:35:01.716 12570 12977 D AppLog : DeviceRegister init, DeviceRegister : com.ss.android.deviceregister.DeviceRegisterManager@270c691, process : 12570
05-14 14:35:01.716 12570 13080 D AppLog : getInstallId() called,return value : 7494979535432402694
05-14 14:35:01.716 12570 13080 D AppLog : getCachedString key = device_id value = null
05-14 14:35:01.718 12570 13080 D AppLog : Retry#next query time : 14-May-2025 14:35:01
05-14 14:35:01.720 12570 12977 I AppLog : start with last session ac493435-8cce- 4903-99ed-dc2b4ed60576
05-14 14:35:01.721 12570 12977 I AppLog : updateSession last session time: 1745070189157, session: ac493435-8cce-4903-99ed-dc2b4ed60576, 1745070306532, false
05-14 14:35:01.723 12570 13080 D AppLog : #isNewUserMode false. context=androidx.multidex.MultiDexApplication@9f58f85 isDebugChannel()=false
05-14 14:35:01.725 12570 13080 D AppLog : app_log_config: {"magic_tag":"ss_app_log","header":{"display_name":"Moba Legends: 5v5!","update_version_code":196410601,"manifest_version_code":196410601,"app_versio n_minor":"","aid":6571,"channel":"and_mlingp","package":"com.mobiin.gp","app_versio n":"1.9.64","version_code":196410601,"sdk_version":"2.16.0","sdk_target_version":29 ,"git_hash":"a238bf5c","os":"Android","os_version":"14","os_api":34,"device_model": "moto g35 5G","device_brand":"motorola","device_manufacturer":"motorola","cpu_abi":"arm64- v8a","release_build":"","density_dpi":400,"display_density":"mdpi","resolution":"22 32x1080","language":"en","timezone":5.5,"access":"4g","not_request_sender":0,"carri er":"IND airtel","mcc_mnc":"40554","rom":"b7e220","rom_version":"UOAS34.216-174-1- 1","cdid":"56771872-7032-4dbd-9ef2- 723e018457e9","sig_hash":"dcf5117df4daf21fd0c0d1791915a6a3","gaid_limited":1,"googl e_aid":"00000000-0000-0000-0000- 000000000000","openudid":"1234567890654321","install_id":"7494979535432402694","cli entudid":"91534631-c70f-4e28-9ee3-969066ba7472","region":"IN","tz_name":"Asia\/ Kolkata","tz_offset":19800,"sim_region":"in","old_did":"7327115268932027909","req_i d":"f837e49c-bd6a-4b13-9802- 9a67d5abde21","device_platform":"android","apk_first_install_time":1745070178387,"i s_system_app":0,"sdk_flavor":"global","guest_mode":0},"_gen_time":1747213501725}
05-14 14:35:01.725 12570 13080 D AppLog : request url : https://log- va.bytegsdk.com/service/2/device_register/
05-14 14:35:01.726 12570 13085 I AppLog : LogReaper start
05-14 14:35:01.728 12570 13085 I AppLog : delete expire log: 0
05-14 14:35:01.728 12570 13085 D AppLog : try to batch session id < 2
05-14 14:35:01.730 12570 13085 V AppLog : wait for batch event 59998
05-14 14:35:01.734 12570 13085 D AppLog : getCachedString key = device_id value = null
05-14 14:35:01.734 12570 13085 D AppLog : getCachedString key = device_id value = null
05-14 14:35:01.739 12570 12996 D DeviceInformation: RunnableThread, run end
05-14 14:35:01.898 12570 12570 D MainContext: checkStartUnity, from: onWindowFocusChanged, tag: MAIN_START_UNITY
05-14 14:35:01.901 12570 12570 D MobaGame-Utile: SendTag2ActivityWithIntent, act: com.moba.unityplugin.MobaGameMainActivityWithExtractor@5e1d551, tag: 400, clazz: MobaGameUnityActivity, oldIntent: Intent { act=android.intent.action.MAIN cat=[android.intent.category.LAUNCHER] flg=0x10000000 pkg=com.mobiin.gp cmp=com.mobiin.gp/com.moba.unityplugin.MobaGameMainActivityWithExtractor1 }, extraTags: null
05-14 14:35:01.931 13106 13106 I libc : SetHeapTaggingLevel: tag level set to 0
05-14 14:35:01.935 13106 13106 I .secretspace:p2: Using CollectorTypeCMC GC.
05-14 14:35:01.940 13106 13106 E .secretspace:p2: Not starting debugger since process cannot load the jdwp agent.
05-14 14:35:01.944 13106 13106 D nativeloader: Load libframework-connectivity- tiramisu-jni.so using APEX ns com_android_tethering for caller /apex/com.android.tethering/javalib/framework-connectivity-t.jar: ok
05-14 14:35:01.964 13106 13106 D CompatibilityChangeReporter: Compat change id reported: 171979766; UID 10306; state: ENABLED
05-14 14:35:01.964 13106 13106 D CompatibilityChangeReporter: Compat change id reported: 242716250; UID 10306; state: ENABLED
05-14 14:35:01.965 13106 13106 D Typeface-FontSettings: initFontDefault defaultFontFamily -> RobotoSlab-Regular
05-14 14:35:01.970 13106 13106 D ApplicationLoaders: Returning zygote-cached class loader: /system/framework/android.test.base.jar
05-14 14:35:01.973 13106 13106 D nativeloader: Configuring clns-4 for other apk /system/framework/org.apache.http.legacy.jar. target_sdk_version=34, uses_libraries=ALL, library_path=/data/app/~~u7JpqXiZ60emteZUUJYZ-Q==/com.hello.miheapp.secretspace- gScfIuJj6R6JjgSSkDypOQ==/lib/arm64:/data/app/~~u7JpqXiZ60emteZUUJYZ-Q==/ com.hello.miheapp.secretspace-gScfIuJj6R6JjgSSkDypOQ==/base.apk!/lib/arm64-v8a:/ data/app/~~u7JpqXiZ60emteZUUJYZ-Q==/com.hello.miheapp.secretspace- gScfIuJj6R6JjgSSkDypOQ==/split_config.arm64_v8a.apk!/lib/arm64-v8a:/data/app/ ~~u7JpqXiZ60emteZUUJYZ-Q==/com.hello.miheapp.secretspace-gScfIuJj6R6JjgSSkDypOQ==/ split_config.bn.apk!/lib/arm64-v8a:/data/app/~~u7JpqXiZ60emteZUUJYZ-Q==/ com.hello.miheapp.secretspace-gScfIuJj6R6JjgSSkDypOQ==/split_config.en.apk!/lib/ arm64-v8a:/data/app/~~u7JpqXiZ60emteZUUJYZ-Q==/com.hello.miheapp.secretspace- gScfIuJj6R6JjgSSkDypOQ==/split_config.gu.apk!/lib/arm64-v8a:/data/app/ ~~u7JpqXiZ60emteZUUJYZ-Q==/com.hello.miheapp.secretspace-gScfIuJj6R6JjgSSkDypOQ==/ split_config.hi.apk!/lib/arm64-v8a:/data/app/~~u7JpqXiZ60emteZU
05-14 14:35:02.004 12570 12761 D SessionConfigFetcher: Fetched settings: {"settings_version":3,"cache_duration":165848,"features": {"collect_logged_exceptions":true,"collect_reports":true,"collect_analytics":false, "prompt_enabled":false,"push_enabled":false,"firebase_crashlytics_enabled":false,"c ollect_anrs":true,"collect_metric_kit":false,"collect_build_ids":true},"app": {"status":"activated","update_required":false,"report_upload_variant":2,"native_rep ort_upload_variant":2},"fabric": {"org_id":"65f00c8a567bf1f0daf09834","bundle_id":"com.hello.miheapp.secretspace"}," on_demand_upload_rate_per_minute":10,"on_demand_backoff_base":1.2,"on_demand_backof f_step_duration_seconds":60,"app_quality": {"sessions_enabled":true,"sampling_rate":1,"session_timeout_seconds":1800},"on_dema nd_thread_recording_suspension_enabled":true}
05-14 14:35:02.029 12570 12570 W DeviceRegisterT: type=1400 audit(0.0:138600): avc: granted { execute } for path="/data/data/com.hello.miheapp.secretspace/sandbox/data/app/com.mobiin.gp/lib/ libEncryptor.so" dev="dm-56" ino=145893 scontext=u:r:untrusted_app:s0:c50,c257,c512,c768 tcontext=u:object_r:app_data_file:s0:c50,c257,c512,c768 tclass=file app=com.hello.miheapp.secretspace
05-14 14:35:02.030 12570 13080 D nativeloader: Load /data/user/0/com.hello.miheapp.secretspace/sandbox/data/app/com.mobiin.gp/lib/ libEncryptor.so using ns clns-8 from class loader (caller=/data/user/0/com.hello.miheapp.secretspace/sandbox/data/app/com.mobiin.gp/ base.apk): ok
05-14 14:35:02.032 12570 13080 W System.err: java.lang.NoClassDefFoundError: Failed resolution of: Lcom/ss/android/ugc/quota/BDNetworkTagManager;
05-14 14:35:02.035 12570 13080 W System.err: at com.ss.android.common.applog.NetUtil.sendEncryptLog(NetUtil.java:513)
05-14 14:35:02.035 12570 13080 W System.err: at com.ss.android.deviceregister.core.e$a.a(RegisterServiceController.java:629)
05-14 14:35:02.035 12570 13080 W System.err: at com.ss.android.deviceregister.core.e$a.a(RegisterServiceController.java:569)
05-14 14:35:02.035 12570 13080 W System.err: at com.ss.android.deviceregister.core.e$a.run(RegisterServiceController.java:414)
05-14 14:35:02.035 12570 13080 W System.err: Caused by: java.lang.ClassNotFoundException: com.ss.android.ugc.quota.BDNetworkTagManager
05-14 14:35:02.035 12570 13080 W System.err: ... 4 more
05-14 14:35:02.035 12570 13080 D DefaultOkHttpClient: request post: https://log- va.bytegsdk.com/service/2/device_register/?&tt_data=a
05-14 14:35:02.043 13106 13106 W ziparchive: Unable to open '/data/app/~~u7JpqXiZ60emteZUUJYZ-Q==/com.hello.miheapp.secretspace- gScfIuJj6R6JjgSSkDypOQ==/split_config.arm64_v8a.dm': No such file or directory
05-14 14:35:02.043 13106 13106 W ziparchive: Unable to open '/data/app/~~u7JpqXiZ60emteZUUJYZ-Q==/com.hello.miheapp.secretspace- gScfIuJj6R6JjgSSkDypOQ==/split_config.arm64_v8a.dm': No such file or directory
05-14 14:35:02.044 13106 13106 W .secretspace:p2: Entry not found
05-14 14:35:02.044 13106 13106 W ziparchive: Unable to open '/data/app/~~u7JpqXiZ60emteZUUJYZ-Q==/com.hello.miheapp.secretspace- gScfIuJj6R6JjgSSkDypOQ==/split_config.bn.dm': No such file or directory
05-14 14:35:02.044 13106 13106 W ziparchive: Unable to open '/data/app/~~u7JpqXiZ60emteZUUJYZ-Q==/com.hello.miheapp.secretspace- gScfIuJj6R6JjgSSkDypOQ==/split_config.bn.dm': No such file or directory
05-14 14:35:02.044 13106 13106 W .secretspace:p2: Entry not found
05-14 14:35:02.044 13106 13106 W ziparchive: Unable to open '/data/app/~~u7JpqXiZ60emteZUUJYZ-Q==/com.hello.miheapp.secretspace- gScfIuJj6R6JjgSSkDypOQ==/split_config.en.dm': No such file or directory
05-14 14:35:02.044 13106 13106 W ziparchive: Unable to open '/data/app/~~u7JpqXiZ60emteZUUJYZ-Q==/com.hello.miheapp.secretspace- gScfIuJj6R6JjgSSkDypOQ==/split_config.en.dm': No such file or directory
05-14 14:35:02.045 13106 13106 W .secretspace:p2: Entry not found
05-14 14:35:02.045 13106 13106 W ziparchive: Unable to open '/data/app/~~u7JpqXiZ60emteZUUJYZ-Q==/com.hello.miheapp.secretspace- gScfIuJj6R6JjgSSkDypOQ==/split_config.gu.dm': No such file or directory
05-14 14:35:02.045 13106 13106 W ziparchive: Unable to open '/data/app/~~u7JpqXiZ60emteZUUJYZ-Q==/com.hello.miheapp.secretspace- gScfIuJj6R6JjgSSkDypOQ==/split_config.gu.dm': No such file or directory
05-14 14:35:02.045 13106 13106 W .secretspace:p2: Entry not found
05-14 14:35:02.045 13106 13106 W ziparchive: Unable to open '/data/app/~~u7JpqXiZ60emteZUUJYZ-Q==/com.hello.miheapp.secretspace- gScfIuJj6R6JjgSSkDypOQ==/split_config.hi.dm': No such file or directory
05-14 14:35:02.045 13106 13106 W ziparchive: Unable to open '/data/app/~~u7JpqXiZ60emteZUUJYZ-Q==/com.hello.miheapp.secretspace- gScfIuJj6R6JjgSSkDypOQ==/split_config.hi.dm': No such file or directory
05-14 14:35:02.045 13106 13106 W .secretspace:p2: Entry not found
05-14 14:35:02.046 13106 13106 W ziparchive: Unable to open '/data/app/~~u7JpqXiZ60emteZUUJYZ-Q==/com.hello.miheapp.secretspace- gScfIuJj6R6JjgSSkDypOQ==/split_config.kn.dm': No such file or directory
05-14 14:35:02.046 13106 13106 W ziparchive: Unable to open '/data/app/~~u7JpqXiZ60emteZUUJYZ-Q==/com.hello.miheapp.secretspace- gScfIuJj6R6JjgSSkDypOQ==/split_config.kn.dm': No such file or directory
05-14 14:35:02.046 13106 13106 W .secretspace:p2: Entry not found
05-14 14:35:02.046 13106 13106 W ziparchive: Unable to open '/data/app/~~u7JpqXiZ60emteZUUJYZ-Q==/com.hello.miheapp.secretspace- gScfIuJj6R6JjgSSkDypOQ==/split_config.mr.dm': No such file or directory
