05-14 14:35:02.046 13106 13106 W ziparchive: Unable to open '/data/app/~~u7JpqXiZ60emteZUUJYZ-Q==/com.hello.miheapp.secretspace- gScfIuJj6R6JjgSSkDypOQ==/split_config.mr.dm': No such file or directory
05-14 14:35:02.046 13106 13106 W .secretspace:p2: Entry not found
05-14 14:35:02.046 13106 13106 W ziparchive: Unable to open '/data/app/~~u7JpqXiZ60emteZUUJYZ-Q==/com.hello.miheapp.secretspace- gScfIuJj6R6JjgSSkDypOQ==/split_config.ta.dm': No such file or directory
05-14 14:35:02.046 13106 13106 W ziparchive: Unable to open '/data/app/~~u7JpqXiZ60emteZUUJYZ-Q==/com.hello.miheapp.secretspace- gScfIuJj6R6JjgSSkDypOQ==/split_config.ta.dm': No such file or directory
05-14 14:35:02.046 13106 13106 W .secretspace:p2: Entry not found
05-14 14:35:02.046 13106 13106 W ziparchive: Unable to open '/data/app/~~u7JpqXiZ60emteZUUJYZ-Q==/com.hello.miheapp.secretspace- gScfIuJj6R6JjgSSkDypOQ==/split_config.te.dm': No such file or directory
05-14 14:35:02.046 13106 13106 W ziparchive: Unable to open '/data/app/~~u7JpqXiZ60emteZUUJYZ-Q==/com.hello.miheapp.secretspace- gScfIuJj6R6JjgSSkDypOQ==/split_config.te.dm': No such file or directory
05-14 14:35:02.047 13106 13106 W .secretspace:p2: Entry not found
05-14 14:35:02.047 13106 13106 W ziparchive: Unable to open '/data/app/~~u7JpqXiZ60emteZUUJYZ-Q==/com.hello.miheapp.secretspace- gScfIuJj6R6JjgSSkDypOQ==/split_config.xxhdpi.dm': No such file or directory
05-14 14:35:02.047 13106 13106 W ziparchive: Unable to open '/data/app/~~u7JpqXiZ60emteZUUJYZ-Q==/com.hello.miheapp.secretspace- gScfIuJj6R6JjgSSkDypOQ==/split_config.xxhdpi.dm': No such file or directory
05-14 14:35:02.047 13106 13106 W .secretspace:p2: Entry not found
05-14 14:35:02.048 13106 13106 D nativeloader: Configuring clns-5 for other apk /data/app/~~u7JpqXiZ60emteZUUJYZ-Q==/com.hello.miheapp.secretspace- gScfIuJj6R6JjgSSkDypOQ==/base.apk:/data/app/~~u7JpqXiZ60emteZUUJYZ-Q==/ com.hello.miheapp.secretspace-gScfIuJj6R6JjgSSkDypOQ==/ split_config.arm64_v8a.apk:/data/app/~~u7JpqXiZ60emteZUUJYZ-Q==/ com.hello.miheapp.secretspace-gScfIuJj6R6JjgSSkDypOQ==/split_config.bn.apk:/data/ app/~~u7JpqXiZ60emteZUUJYZ-Q==/com.hello.miheapp.secretspace- gScfIuJj6R6JjgSSkDypOQ==/split_config.en.apk:/data/app/~~u7JpqXiZ60emteZUUJYZ-Q==/ com.hello.miheapp.secretspace-gScfIuJj6R6JjgSSkDypOQ==/split_config.gu.apk:/data/ app/~~u7JpqXiZ60emteZUUJYZ-Q==/com.hello.miheapp.secretspace- gScfIuJj6R6JjgSSkDypOQ==/split_config.hi.apk:/data/app/~~u7JpqXiZ60emteZUUJYZ-Q==/ com.hello.miheapp.secretspace-gScfIuJj6R6JjgSSkDypOQ==/split_config.kn.apk:/data/ app/~~u7JpqXiZ60emteZUUJYZ-Q==/com.hello.miheapp.secretspace- gScfIuJj6R6JjgSSkDypOQ==/split_config.mr.apk:/data/app/~~u7JpqXiZ60emteZUUJYZ-Q==/ com.hello.miheapp.secretspace-gScfIuJj6R6JjgSSkDypOQ==/split_
05-14 14:35:02.062 12570 12775 D LifecycleServiceBinder: Binding service to application.
05-14 14:35:02.070 13106 13106 D nativeloader: Load libframework-connectivity- jni.so using APEX ns com_android_tethering for caller /apex/com.android.tethering/javalib/framework-connectivity.jar: ok
05-14 14:35:02.073 13106 13106 V GraphicsEnvironment: Currently set values for:
05-14 14:35:02.073 13106 13106 V GraphicsEnvironment: angle_gl_driver_selection_pkgs=[]
05-14 14:35:02.073 13106 13106 V GraphicsEnvironment: angle_gl_driver_selection_values=[]
05-14 14:35:02.074 13106 13106 V GraphicsEnvironment: ANGLE GameManagerService for com.hello.miheapp.secretspace: false
05-14 14:35:02.074 13106 13106 V GraphicsEnvironment: com.hello.miheapp.secretspace is not listed in per-application setting
05-14 14:35:02.074 13106 13106 V GraphicsEnvironment: Neither updatable production driver nor prerelease driver is supported.
05-14 14:35:02.083 13106 13106 D nativeloader: Load /data/app/~~u7JpqXiZ60emteZUUJYZ-Q==/com.hello.miheapp.secretspace- gScfIuJj6R6JjgSSkDypOQ==/split_config.arm64_v8a.apk!/lib/arm64-v8a/librepublic.so using ns clns-5 from class loader (caller=/data/app/~~u7JpqXiZ60emteZUUJYZ-Q==/com.hello.miheapp.secretspace- gScfIuJj6R6JjgSSkDypOQ==/base.apk): ok
05-14 14:35:02.268 13106 13106 W Glide : Failed to find GeneratedAppGlideModule. You should include an annotationProcessor compile dependency on com.github.bumptech.glide:compiler in your application and a @GlideModule annotated AppGlideModule implementation or LibraryGlideModules will be silently ignored
05-14 14:35:02.298 11638 11638 W WindowOnBackDispatcher: sendCancelIfRunning: isInProgress=falsecallback=android.view.ViewRootImpl$ $ExternalSyntheticLambda17@a20700f
05-14 14:35:02.410 13106 13106 D CompatibilityChangeReporter: Compat change id reported: 183155436; UID 10306; state: ENABLED
05-14 14:35:02.413 13106 13106 D SessionsDependencies: Dependency to CRASHLYTICS added.
05-14 14:35:02.414 13106 13106 I FirebaseApp: Device unlocked: initializing all Firebase APIs for app [DEFAULT]
05-14 14:35:02.415 13106 13106 I FirebaseCrashlytics: Initializing Firebase Crashlytics 18.6.2 for com.hello.miheapp.secretspace
05-14 14:35:02.416 13106 13106 D CompatibilityChangeReporter: Compat change id reported: 247079863; UID 10306; state: ENABLED
05-14 14:35:02.434 13106 13106 D SessionsDependencies: Subscriber CRASHLYTICS registered.
05-14 14:35:02.457 11638 11061 I FA : Application backgrounded at: timestamp_millis: 1747213500452
05-14 14:35:02.537 12075 14473 D ChimeraServiceProvider: query: content://com.google.android.gms.chimera/api_force_staging/com.google.android.gms.m easurement.dynamite?requestStartTime=334958860
05-14 14:35:02.540 13106 13172 W DynamiteModule: Failed to retrieve remote module version.
05-14 14:35:02.551 13106 13172 D nativeloader: Configuring clns-6 for other apk /system/framework/com.android.location.provider.jar. target_sdk_version=29, uses_libraries=ALL, library_path=/data/user/0/com.hello.miheapp.secretspace/sandbox/data/app/ com.google.android.gms/lib:/data/user/0/com.hello.miheapp.secretspace/sandbox/ data/app/com.google.android.gms/base.apk!/lib/arm64-v8a, permitted_path=/data:/mnt/expand:/data/user/0/com.hello.miheapp.secretspace/ sandbox/data/user/0/com.google.android.gms
05-14 14:35:02.555 13106 13106 D FirebaseSessions: Initializing Firebase Sessions SDK.
05-14 14:35:02.557 13106 13106 I FirebaseApp: FirebaseApp initialization successful
05-14 14:35:02.568 13106 13211 D SessionConfigFetcher: Fetching settings from server.
05-14 14:35:02.572 13106 13106 W CheckTime: App running slow: Executing handleBindApplication : callApplicationOnCreate took 304ms
05-14 14:35:02.599 13106 13106 D nativeloader: Load /data/app/~~u7JpqXiZ60emteZUUJYZ-Q==/com.hello.miheapp.secretspace- gScfIuJj6R6JjgSSkDypOQ==/split_config.arm64_v8a.apk!/lib/arm64-v8a/libsandbox.so using ns clns-5 from class loader (caller=/data/app/~~u7JpqXiZ60emteZUUJYZ-Q==/com.hello.miheapp.secretspace- gScfIuJj6R6JjgSSkDypOQ==/base.apk): ok
05-14 14:35:02.599 13106 13106 D NativeCore: NativeCore init.
05-14 14:35:02.599 13106 13106 D NativeCore: found art method entrypoint jni offset: 2
05-14 14:35:02.599 13106 13106 D NativeCore: not found art method match access flags offset , use default: 4
05-14 14:35:02.625 13106 13172 I .secretspace:p2: Failed to add image file: Failed to find OatDexFile for DexFile /data/app/~~u7JpqXiZ60emteZUUJYZ-Q==/com.hello.miheapp.secretspace- gScfIuJj6R6JjgSSkDypOQ==/base.apk (canonical path /data/app/~~u7JpqXiZ60emteZUUJYZ- Q==/com.hello.miheapp.secretspace-gScfIuJj6R6JjgSSkDypOQ==/base.apk) in OatFile /data/user/0/com.hello.miheapp.secretspace/sandbox/data/app/com.google.android.gms/ oat/arm64/base.vdex
05-14 14:35:02.627 13106 13172 D nativeloader: Configuring clns-7 for other apk /data/user/0/com.hello.miheapp.secretspace/sandbox/data/app/com.google.android.gms/ base.apk. target_sdk_version=29, uses_libraries=, library_path=/data/user/0/com.hello.miheapp.secretspace/sandbox/data/app/ com.google.android.gms/lib:/data/user/0/com.hello.miheapp.secretspace/sandbox/ data/app/com.google.android.gms/base.apk!/lib/arm64-v8a, permitted_path=/data:/mnt/expand:/data/user/0/com.hello.miheapp.secretspace/ sandbox/data/user/0/com.google.android.gms
05-14 14:35:02.628 13106 13172 W DynamiteModule: IDynamite loader version = 2, no high precision latency measurement.
05-14 14:35:02.629 13106 13172 I DynamiteModule: Considering local module com.google.android.gms.measurement.dynamite:100 and remote module com.google.android.gms.measurement.dynamite:98
05-14 14:35:02.629 13106 13172 I DynamiteModule: Selected local version of com.google.android.gms.measurement.dynamite
05-14 14:35:02.630 13106 13172 W DynamiteModule: IDynamite loader version = 2, no high precision latency measurement.
05-14 14:35:02.635 13106 13106 E NativeCore: not native method
05-14 14:35:02.635 13106 13106 E NativeCore: check flags error. class:java/io/UnixFileSystem, method:canonicalize0
05-14 14:35:02.635 13106 13106 D NativeCore: register class:java/io/UnixFileSystem, method:getBooleanAttributes0 success!
05-14 14:35:02.635 13106 13106 D NativeCore: register class:java/io/UnixFileSystem, method:getLastModifiedTime0 success!
05-14 14:35:02.635 13106 13106 D NativeCore: register class:java/io/UnixFileSystem, method:setPermission0 success!
05-14 14:35:02.635 13106 13106 D NativeCore: register class:java/io/UnixFileSystem, method:createFileExclusively0 success!
05-14 14:35:02.635 13106 13106 D NativeCore: register class:java/io/UnixFileSystem, method:list0 success!
05-14 14:35:02.635 13106 13106 D NativeCore: register class:java/io/UnixFileSystem, method:createDirectory0 success!
05-14 14:35:02.635 13106 13106 D NativeCore: register class:java/io/UnixFileSystem, method:setLastModifiedTime0 success!
05-14 14:35:02.635 13106 13106 D NativeCore: register class:java/io/UnixFileSystem, method:setReadOnly0 success!
05-14 14:35:02.635 13106 13106 D NativeCore: register class:java/io/UnixFileSystem, method:getSpace0 success!
05-14 14:35:02.635 13106 13106 D NativeCore: register class:java/lang/VMClassLoader, method:findLoadedClass success!
05-14 14:35:02.635 13106 13106 D NativeCore: register class:android/os/Binder, method:getCallingUid success!
05-14 14:35:02.635 13106 13106 D NativeCore: register class:dalvik/system/VMRuntime, method:setHiddenApiExemptions success!
05-14 14:35:02.635 13106 13106 D NativeCore: register class:dalvik/system/DexFile, method:openDexFileNative success!
05-14 14:35:02.644 13106 13106 I .secretspace:p2: Failed to add image file: Dex cache count and dex file count mismatch while trying to initialize from image
05-14 14:35:02.646 13106 13106 W ziparchive: Unable to open '/data/user/0/com.hello.miheapp.secretspace/sandbox/data/app/com.mobiin.gp/ split_GSDKRTC.config.arm64_v8a.dm': No such file or directory
05-14 14:35:02.647 13106 13106 W .secretspace:p2: Entry not found
05-14 14:35:02.647 13106 13106 W ziparchive: Unable to open '/data/user/0/com.hello.miheapp.secretspace/sandbox/data/app/com.mobiin.gp/ split_PlayAssetPack.dm': No such file or directory
05-14 14:35:02.647 13106 13106 W .secretspace:p2: Entry not found
05-14 14:35:02.648 13106 13106 W ziparchive: Unable to open '/data/user/0/com.hello.miheapp.secretspace/sandbox/data/app/com.mobiin.gp/ split_QiniuShortVideo.config.arm64_v8a.dm': No such file or directory
05-14 14:35:02.648 13106 13106 W .secretspace:p2: Entry not found
05-14 14:35:02.649 13106 13106 W ziparchive: Unable to open '/data/user/0/com.hello.miheapp.secretspace/sandbox/data/app/com.mobiin.gp/ split_config.arm64_v8a.dm': No such file or directory
05-14 14:35:02.650 13106 13106 W .secretspace:p2: Entry not found
05-14 14:35:02.651 13106 13106 D nativeloader: Configuring clns-8 for other apk /data/user/0/com.hello.miheapp.secretspace/sandbox/data/app/com.mobiin.gp/ base.apk:/data/user/0/com.hello.miheapp.secretspace/sandbox/data/app/ com.mobiin.gp/split_GSDKRTC.apk:/data/user/0/com.hello.miheapp.secretspace/ sandbox/data/app/com.mobiin.gp/split_GSDKRTC.config.arm64_v8a.apk:/data/user/0/ com.hello.miheapp.secretspace/sandbox/data/app/com.mobiin.gp/ split_PlayAssetPack.apk:/data/user/0/com.hello.miheapp.secretspace/sandbox/data/ app/com.mobiin.gp/split_QiniuShortVideo.apk:/data/user/0/ com.hello.miheapp.secretspace/sandbox/data/app/com.mobiin.gp/ split_QiniuShortVideo.config.arm64_v8a.apk:/data/user/0/ com.hello.miheapp.secretspace/sandbox/data/app/com.mobiin.gp/split_WallPaper.apk:/ data/user/0/com.hello.miheapp.secretspace/sandbox/data/app/com.mobiin.gp/ split_WifiDetective.apk:/data/user/0/com.hello.miheapp.secretspace/sandbox/data/ app/com.mobiin.gp/split_config.arm64_v8a.apk. target_sdk_version=34, uses_libraries=, library_path=/data/user/0/com.hello.miheapp.secretspace/s
05-14 14:35:02.653 13106 13216 I FA : App measurement initialized, version: 84002
05-14 14:35:02.653 13106 13216 I FA : To enable debug logging run: adb shell setprop log.tag.FA VERBOSE
05-14 14:35:02.653 13106 13216 I FA : To enable faster debug mode event logging run:
05-14 14:35:02.653 13106 13216 I FA : adb shell setprop debug.firebase.analytics.app com.hello.miheapp.secretspace
05-14 14:35:02.663 13106 13216 D CompatibilityChangeReporter: Compat change id reported: 183155436; UID 10306; state: ENABLED
05-14 14:35:02.668 13106 13216 W FA : Table has extra columns. table, columns: messages, app_version, app_version_int
05-14 14:35:02.688 13106 13106 I MultiDex: VM with version 2.1.0 has multidex support
05-14 14:35:02.688 13106 13106 I MultiDex: Installing application
05-14 14:35:02.688 13106 13106 I MultiDex: VM has multidex support, MultiDex support library is disabled.
05-14 14:35:02.730 13106 13106 I FirebaseApp: Device unlocked: initializing all Firebase APIs for app [DEFAULT]
05-14 14:35:02.749 13106 13241 I DynamiteModule: Non-system-image GmsCore APK, forcing V1
05-14 14:35:02.752 13106 13241 W DynamiteModule: IDynamite loader version = 2, no high precision latency measurement.
05-14 14:35:02.753 13106 13241 I DynamiteModule: Considering local module com.google.android.gms.measurement.dynamite:105 and remote module com.google.android.gms.measurement.dynamite:98
05-14 14:35:02.753 13106 13241 I DynamiteModule: Selected local version of com.google.android.gms.measurement.dynamite
05-14 14:35:02.756 13106 13241 W DynamiteModule: IDynamite loader version = 2, no high precision latency measurement.
05-14 14:35:02.758 13106 13106 I FirebaseInitProvider: FirebaseApp initialization successful
05-14 14:35:02.762 13106 13106 W MobaGame-UnityInitProvider: initXThreadPool, not found
05-14 14:35:02.777 13106 13255 I FA : App measurement initialized, version: 87000
05-14 14:35:02.777 13106 13255 I FA : To enable debug logging run: adb shell setprop log.tag.FA VERBOSE
05-14 14:35:02.777 13106 13255 I FA : To enable faster debug mode event logging run:
05-14 14:35:02.777 13106 13255 I FA : adb shell setprop debug.firebase.analytics.app com.mobiin.gp
05-14 14:35:02.781 13106 13106 W com.facebook.UserSettingsManager: Please set a value for AutoLogAppEventsEnabled. Set the flag to TRUE if you want to collect app install, app launch and in-app purchase events automatically. To request user consent before collecting data, set the flag value to FALSE, then change to TRUE once user consent is received. Learn more: https://developers.facebook.com/docs/app-events/getting-started-app-events- android#disable-auto-events.
05-14 14:35:02.781 13106 13106 W com.facebook.UserSettingsManager: You haven't set a value for AdvertiserIDCollectionEnabled. Set the flag to TRUE if you want to collect Advertiser ID for better advertising and analytics results. To request user consent before collecting data, set the flag value to FALSE, then change to TRUE once user consent is received. Learn more: https://developers.facebook.com/docs/app-events/getting-started-app-events- android#disable-auto-events.
05-14 14:35:02.791 13106 13276 E ActivityThread: Failed to find provider info for com.facebook.katana.provider.PlatformProvider
05-14 14:35:02.791 13106 13276 W com.facebook.internal.NativeProtocol: Apps that target Android API 30+ (Android 11+) cannot call Facebook native apps unless the package visibility needs are declared. Please follow https://developers.facebook.com/docs/android/troubleshooting/#faq_267321845055988 to make the declaration.
05-14 14:35:02.793 13106 13106 D CompatibilityChangeReporter: Compat change id reported: 183155436; UID 10003; state: ENABLED
05-14 14:35:02.799 13106 13106 D Typeface-FontSettings: updateToOverlayFont: overlay is cur default, no need update
05-14 14:35:02.816 13106 13255 I FA : Tag Manager is not found and thus will not be used
05-14 14:35:02.847 13106 13106 D DeviceEnvironment: GetPersistentDataPath, cached path: /storage/emulated/0/Android/data/com.hello.miheapp.secretspace/files/ sandbox/storage/emulated/0/Android/data/com.mobiin.gp/files
05-14 14:35:02.847 13106 13106 D DeviceEnvironment: SetPersistentDataPath, path: /storage/emulated/0/Android/data/com.hello.miheapp.secretspace/files/sandbox/ storage/emulated/0/Android/data/com.mobiin.gp/files
05-14 14:35:02.861 13106 13106 D MobaGame-UnityConfig: static, scriptingBackend: RepackIL2CPP, repackIL2CPPVersion: 0
05-14 14:35:02.875 13106 13106 D nativeloader: Load /data/user/0/com.hello.miheapp.secretspace/sandbox/data/app/com.mobiin.gp/lib/ libnpth.so using ns clns-8 from class loader (caller=/data/user/0/com.hello.miheapp.secretspace/sandbox/data/app/com.mobiin.gp/ base.apk): ok
05-14 14:35:02.869 13106 13106 W gp:UnityKillsMe: type=1400 audit(0.0:138603): avc: granted { execute } for path="/data/data/com.hello.miheapp.secretspace/sandbox/data/app/com.mobiin.gp/lib/ libbytehook.so" dev="dm-56" ino=293359 scontext=u:r:untrusted_app:s0:c50,c257,c512,c768 tcontext=u:object_r:app_data_file:s0:c50,c257,c512,c768 tclass=file app=com.hello.miheapp.secretspace
05-14 14:35:02.876 13106 13106 D nativeloader: Load /data/user/0/com.hello.miheapp.secretspace/sandbox/data/app/com.mobiin.gp/lib/ libnpth_tools.so using ns clns-8 from class loader (caller=/data/user/0/com.hello.miheapp.secretspace/sandbox/data/app/com.mobiin.gp/ base.apk): ok
05-14 14:35:02.877 13106 13106 D CrashService: npth init, native = false
05-14 14:35:02.880 13106 13303 D CompatibilityChangeReporter: Compat change id reported: 247079863; UID 10003; state: ENABLED
05-14 14:35:02.883 13106 13315 D AppLog : MigrateDetector#isMigrateInternal cs=STATE_DEFAULT ss=STATE_DISABLED
05-14 14:35:02.883 13106 13315 D AppLog : MigrateDetector#constructor migrate=true
05-14 14:35:02.883 13106 13315 D AppLog : #isNewUserMode false. context=androidx.multidex.MultiDexApplication@aeed3d0 isDebugChannel()=false
05-14 14:35:02.884 13106 13315 D AppLog : getCachedString key = device_id value = null
05-14 14:35:02.885 13106 13315 D AppLog : getCachedString key = openudid value = null
05-14 14:35:02.885 13106 13315 D AppLog : SharePreferenceCacheHandler#clear key=openudid getCachedString(key)=null
05-14 14:35:02.886 13106 13315 D AppLog : AccountCacheHelper#clear key=openudid mAccount=null getCachedString(key)=null
05-14 14:35:02.887 13106 13322 I NPTH : anr_monitor_loop enter!
05-14 14:35:02.887 13106 13322 I NPTH : anr_monitor_loop reporter = 0x75801c8490
05-14 14:35:02.887 13106 13322 I NPTH : anr_monitor_loop sym_err = -6
05-14 14:35:02.887 13106 13319 E NPTH-TERM: wait_inner:tools_monitor_wait_inner in !!!
05-14 14:35:02.887 13106 13319 E NPTH-TERM: wait_inner:read alive_processes count=1
05-14 14:35:02.887 13106 13319 E NPTH-TERM: wait_inner:step1 new process start request_attach
05-14 14:35:02.887 13106 13319 E NPTH-TERM: do_attach_request:startup new tracee thread, old=-1
05-14 14:35:02.887 13106 13322 I NPTH : anr_monitor_loop s_sig_catcher_tid = 13108
05-14 14:35:02.887 13106 13325 E NPTH-TERM: npth-tracee:thread_loop start...
05-14 14:35:02.887 13106 13115 E LoadedApk: performReceive() called targeting raw IIntentReceiver for Intent { act=android.net.conn.CONNECTIVITY_CHANGE flg=0x4200010 (has extras) }
05-14 14:35:02.888 13106 13325 E NPTH-TERM: npth-tracee:thread_loop got flock success, lockfile path=/data/user/0/com.hello.miheapp.secretspace/sandbox/data/user/0/com.mobiin.gp/ files/npth/killHistory/proc/13106/13325_lock...
05-14 14:35:02.888 13106 13325 E NPTH-TERM: npth-tracee:thread_loop start wait mutexlock...
05-14 14:35:02.888 13106 13319 E NPTH-TERM: do_attach_request:send attach sig to tracerpid=12570 tracertid=12992
05-14 14:35:02.888 13106 13319 E NPTH-TERM: do_attach_request:success handled, now my tracerpid=12570 tracertid=12992
05-14 14:35:02.888 13106 13319 E NPTH-TERM: wait_inner:step2 new process start notify_attach
05-14 14:35:02.888 13106 13319 E NPTH-TERM: notify attach 12570
05-14 14:35:02.888 13106 13319 E NPTH-TERM: wait_inner:notify attach tid 12992 success, then wait for tracee's attach request
05-14 14:35:02.888 13106 13319 E NPTH-TERM: -----------------------------------------------------------
05-14 14:35:02.888 12570 12992 E NPTH-TERM: wait_inner:first process waked up by attach request
05-14 14:35:02.888 12570 12992 E NPTH-TERM: wait_inner:start handle pending attach sig
05-14 14:35:02.888 12570 12992 I NPTH-TERM: do_attach start
05-14 14:35:02.888 12570 12992 E NPTH-TERM: do_attach:TMonitor start check lockFd
05-14 14:35:02.888 12570 12992 E NPTH-TERM: do_attach:TMonitor success check lockFd
05-14 14:35:02.888 12570 12992 E NPTH-TERM: do_attach_request:do check_pending_attach_request
05-14 14:35:02.888 12570 12992 E NPTH-TERM: -----------------------------------------------------------
05-14 14:35:02.888 12570 12992 E NPTH-TERM: do_attach_request:startup new tracee thread, old=-1
05-14 14:35:02.888 12570 13326 E NPTH-TERM: npth-tracee:thread_loop start...
05-14 14:35:02.890 13106 13106 D AppLog : AppLog = com.ss.android.common.applog.AppLog@8c94b69 pid = 13106
05-14 14:35:02.891 13106 13106 D MobaGameUnityActivity: Engine, CheckOpenMultiThreadRending: 0
05-14 14:35:02.891 13106 13327 D AppLog : getCachedString key = device_id value = null
05-14 14:35:02.891 13106 13327 D AppLog : getCachedString key = device_id value = null
05-14 14:35:02.892 13106 13106 D MobaGameUnityActivity: Engine, CheckColorSpaceLinear: 0
05-14 14:35:02.892 13106 13106 D MobaGameUnityActivity: Engine, CheckEnableSwappy(default0, enable1, disable2): 2
05-14 14:35:02.897 12570 13326 E NPTH-TERM: npth-tracee:thread_loop got flock success, lockfile path=/data/user/0/com.hello.miheapp.secretspace/sandbox/data/user/0/com.mobiin.gp/ files/npth/killHistory/proc/12570/13326_lock...
05-14 14:35:02.897 12570 12992 E NPTH-TERM: do_attach_request:send attach sig to tracerpid=13106 tracertid=13319
05-14 14:35:02.897 12570 12992 E NPTH-TERM: do_attach_request:success handled, now my tracerpid=13106 tracertid=13319
05-14 14:35:02.897 12570 13326 E NPTH-TERM: npth-tracee:thread_loop start wait mutexlock...
05-14 14:35:02.897 13106 13315 D AppLog : getCachedString key = clientudid value = null
05-14 14:35:02.897 13106 13315 D AppLog : SharePreferenceCacheHandler#clear key=clientudid getCachedString(key)=null
05-14 14:35:02.897 13106 13319 E NPTH-TERM: wait_inner:start handle pending attach sig
05-14 14:35:02.897 13106 13315 D AppLog : AccountCacheHelper#clear key=clientudid mAccount=null getCachedString(key)=null
05-14 14:35:02.898 13106 13315 D AppLog : getCachedString key = udid value = null
05-14 14:35:02.898 13106 13315 D AppLog : SharePreferenceCacheHandler#clear key=udid getCachedString(key)=null
05-14 14:35:02.898 13106 13315 D AppLog : AccountCacheHelper#clear key=udid mAccount=null getCachedString(key)=null
05-14 14:35:02.898 13106 13319 I NPTH-TERM: do_attach start
05-14 14:35:02.898 13106 13315 D AppLog : getCachedString key = udid_list value = null
05-14 14:35:02.898 13106 13319 E NPTH-TERM: do_attach:TMonitor start check lockFd
05-14 14:35:02.898 13106 13315 D AppLog : SharePreferenceCacheHandler#clear key=udid_list getCachedString(key)=null
05-14 14:35:02.898 13106 13315 D AppLog : AccountCacheHelper#clear key=udid_list mAccount=null getCachedString(key)=null
05-14 14:35:02.898 13106 13315 D AppLog : getCachedString key = device_id value = null
05-14 14:35:02.898 13106 13319 E NPTH-TERM: do_attach:TMonitor success check lockFd
05-14 14:35:02.898 13106 13315 D AppLog : SharePreferenceCacheHandler#clear key=device_id getCachedString(key)=null
05-14 14:35:02.898 13106 13315 D AppLog : AccountCacheHelper#clear key=device_id mAccount=null getCachedString(key)=null
05-14 14:35:02.898 13106 13315 D AppLog : clearKey : clearMigrationInfo : is already cleared
05-14 14:35:02.898 13106 13315 D AppLog : getCachedString key = device_id value = null
05-14 14:35:02.898 13106 13315 D AppLog : DeviceParamsProvider#clear mCacheHandler.loadDeviceId()=
05-14 14:35:02.899 13106 13303 D AppLog : getDeviceId() called,return value :
05-14 14:35:02.900 13106 13106 D MobaGameUnityActivity: Engine, CheckGCMaxTimeSlice: 3
05-14 14:35:02.900 13106 13315 D AppLog : MigrateDetector#disableComponent
05-14 14:35:02.900 13106 13106 D MobaGameUnityActivity: Engine, CheckEngineMemoryConfig, blockSize: 1024, blockCount: 1
05-14 14:35:02.901 13106 13315 D AppLog : 是否限定重试次数 isRetryLimit: true
05-14 14:35:02.901 13106 13106 D MobaGameUnityActivity: Engine, CheckGCAllInteriorPointers(default1, enable1, disable0): 1
05-14 14:35:02.901 13106 13315 D AppLog : getCachedString key = device_id value = null
05-14 14:35:02.901 13106 13315 W AppLog : init fail empty field: appkey
05-14 14:35:02.902 13106 13106 D MobaGameUnityActivity: Engine, CheckCommonArgs:
05-14 14:35:02.908 13106 13106 D nativeloader: Load /data/user/0/com.hello.miheapp.secretspace/sandbox/data/app/com.mobiin.gp/lib/ libunityplugincommon.so using ns clns-8 from class loader (caller=/data/user/0/com.hello.miheapp.secretspace/sandbox/data/app/com.mobiin.gp/ base.apk!classes3.dex): ok
05-14 14:35:02.908 13106 13106 D MLSDK-Common: JNI_OnLoad, JNI_VERSION_1_6, JavaVM: 0xb4000077f590c490, JNIEnv: 0xb4000076d5915650
05-14 14:35:02.908 13106 13106 D MobaGame-CPUArch: static, CPUArchitecture: 3(arm64)
05-14 14:35:02.908 13106 13106 D MobaGameUnityActivity: loadIL2CPP, newcoldstart_use_fake_il2cpp: 1
05-14 14:35:02.911 13106 13106 D nativeloader: Load /data/user/0/com.hello.miheapp.secretspace/sandbox/data/app/com.mobiin.gp/lib/ libil2cpp.so using ns clns-8 from class loader (caller=/data/user/0/com.hello.miheapp.secretspace/sandbox/data/app/com.mobiin.gp/ base.apk!classes3.dex): ok
05-14 14:35:02.911 13106 13106 D MobaGameSO2010050: JNI_OnLoad, JNI_VERSION_1_6, JavaVM: 0xb4000077f590c490, JNIEnv: 0xb4000076d5915650
05-14 14:35:02.911 13106 13303 D AppLog : getCachedString key = device_id value = null
05-14 14:35:02.911 13106 13303 D AppLog : getDeviceId() called,return value :
05-14 14:35:02.912 13106 13106 D MobaGameUnityActivity: loadIL2CPP, CPUArchitecture: 3(arm64), This is Repack IL2CPP version: 2010050, allocator: Dynamic, useMD5: true, useXXHash: false, lXXHashSeed: 0, useFakeIL2CPP: true, isEngineSupportLoadLibLogic: true, isEngineNeedLoadLibLogic: false
05-14 14:35:02.920 13106 13118 E LoadedApk: performReceive() called targeting raw IIntentReceiver for Intent { act=android.intent.action.BATTERY_CHANGED flg=0x60000010 (has extras) }
05-14 14:35:02.930 13106 13106 D MobaGameUnityActivity: appendCommandLineArgument: -systemallocator
05-14 14:35:02.939 13106 13336 D CompatibilityChangeReporter: Compat change id reported: 263076149; UID 10003; state: ENABLED
05-14 14:35:02.944 13106 13106 D nativeloader: Load /data/user/0/com.hello.miheapp.secretspace/sandbox/data/app/com.mobiin.gp/lib/ libmain.so using ns clns-8 from class loader (caller=/data/user/0/com.hello.miheapp.secretspace/sandbox/data/app/com.mobiin.gp/ base.apk!classes3.dex): ok
05-14 14:35:02.946 12075 14473 D ChimeraServiceProvider: serviceIntentCall: com.google.android.gms.games.internal.connect.service.START -> Intent { act=com.google.android.gms.games.internal.connect.service.START pkg=com.google.android.gms cmp=com.google.android.gms/org.microg.gms.games.GamesConnectService }
05-14 14:35:02.947 12570 12992 E NPTH-TERM: do_attach:TMonitor start flock, traceepid=13106 traceetid=13325
05-14 14:35:02.948 13106 13319 E NPTH-TERM: do_attach:TMonitor start flock, traceepid=12570 traceetid=13326
05-14 14:35:02.980 13106 13106 D Unity : [UnityPlayer.Java] java_refresh_bitmap=0
05-14 14:35:02.980 13106 13106 D Unity : [UnityPlayer.Java]java_recycle_bitmap_mem=0
05-14 14:35:02.988 12075 12075 D GamesConnectService: onBind: Intent { act=com.google.android.gms.games.internal.connect.service.START pkg=com.google.android.gms cmp=com.google.android.gms/org.microg.gms.games.GamesConnectService }
05-14 14:35:02.999 13106 13106 D ExceptionHandler: ExceptionHandler, pid: 13106, thread: Thread[main,5,main], tid: 2, default uncaught exception handler: com.unity3d.player.o@20f7b55, current uncaught exception handler: com.moba.unityplugin.ExceptionHandler$1@e9996a
05-14 14:35:03.000 13106 13106 D ExceptionHandler: install, pid: 13106, thread: Thread[main,5,main], tid: 2, context: com.moba.unityplugin.MobaGameUnityActivity@ac3ca73, default uncaught exception handler: com.unity3d.player.o@20f7b55, current uncaught exception handler: com.moba.unityplugin.ExceptionHandler$1@e9996a
05-14 14:35:03.000 13106 13349 D DeviceInformation: RunnableThread, run begin
05-14 14:35:03.001 13106 13349 E ActivityThread: Failed to find provider info for com.facebook.katana.provider.AttributionIdProvider
05-14 14:35:03.001 13106 13106 W gp:UnityKillsMe: type=1400 audit(0.0:138612): avc: denied { search } for name="net" dev="sysfs" ino=21810 scontext=u:r:untrusted_app:s0:c50,c257,c512,c768 tcontext=u:object_r:sysfs_net:s0 tclass=dir permissive=0 app=com.hello.miheapp.secretspace
05-14 14:35:03.001 13106 13106 W gp:UnityKillsMe: type=1400 audit(0.0:138613): avc: denied { search } for name="net" dev="sysfs" ino=21810 scontext=u:r:untrusted_app:s0:c50,c257,c512,c768 tcontext=u:object_r:sysfs_net:s0 tclass=dir permissive=0 app=com.hello.miheapp.secretspace
05-14 14:35:03.013 13106 13106 W gp:UnityKillsMe: type=1400 audit(0.0:138614): avc: granted { execute } for path="/data/data/com.hello.miheapp.secretspace/sandbox/data/app/com.mobiin.gp/lib/ libmoba.so" dev="dm-56" ino=274245 scontext=u:r:untrusted_app:s0:c50,c257,c512,c768 tcontext=u:object_r:app_data_file:s0:c50,c257,c512,c768 tclass=file app=com.hello.miheapp.secretspace
05-14 14:35:03.022 13106 13106 D nativeloader: Load /data/user/0/com.hello.miheapp.secretspace/sandbox/data/app/com.mobiin.gp/lib/ libmoba.so using ns clns-8 from class loader (caller=/data/user/0/com.hello.miheapp.secretspace/sandbox/data/app/com.mobiin.gp/ base.apk!classes3.dex): ok
05-14 14:35:03.023 13106 13106 D NativeUtility: set asset manager
05-14 14:35:03.028 13106 13106 D AppLog : onResume com.moba.unityplugin.MobaGameUnityActivity
05-14 14:35:03.075 13106 13341 E LoadedApk: performReceive() called targeting raw IIntentReceiver for Intent { act=android.net.conn.CONNECTIVITY_CHANGE flg=0x4200010 (has extras) }
05-14 14:35:03.080 13106 13106 D CompatibilityChangeReporter: Compat change id reported: 237531167; UID 10003; state: DISABLED
05-14 14:35:03.097 13106 13106 I NPTH : anr_monitor_init succsess!
05-14 14:35:03.100 13106 13106 W Looper : Loop again would have the queued messages be executed before this one completed.
05-14 14:35:03.105 13106 13315 D AppLog : #isNewUserMode false. context=androidx.multidex.MultiDexApplication@aeed3d0 isDebugChannel()=false
05-14 14:35:03.105 13106 13315 D AppLog : getCachedString key = device_id value = null
05-14 14:35:03.105 12075 20206 D GamesConnectService: bound by: GetServiceRequest{serviceId=GAMES, gmsVersion=12451000, packageName='com.mobiin.gp', extras=Bundle[{com.google.android.gms.games.key.gamePackageName=com.mobiin.gp, com.google.android.gms.games.key.API_VERSION=9}]}
05-14 14:35:03.110 13106 13315 D AppLog : #isNewUserMode false. context=androidx.multidex.MultiDexApplication@aeed3d0 isDebugChannel()=false
05-14 14:35:03.111 13106 13367 D AppLog : getCachedString key = device_id value = null
05-14 14:35:03.111 13106 13367 D AppLog : getDeviceId() called,return value :
05-14 14:35:03.111 13106 13367 D AppLog : getInstallId() called,return value : 7494979535432402694
05-14 14:35:03.112 13106 13315 D AppLog : DeviceRegister init, DeviceRegister : com.ss.android.deviceregister.DeviceRegisterManager@27c01e, process : 13106
05-14 14:35:03.113 13106 13367 D AppLog : getCachedString key = device_id value = null
05-14 14:35:03.114 13106 13367 D AppLog : Retry#next query time : 14-May-2025 14:35:03
05-14 14:35:03.115 13106 13370 D AppLog : getOpenUdId() called,return value : 1234567890654321
05-14 14:35:03.115 13106 13370 D AppLog : getClientUDID() called,return value : f351fad2-0cdb-4a03-9494-82e15730df48
05-14 14:35:03.115 13106 13370 D AppLog : getInstallId() called,return value : 7494979535432402694
05-14 14:35:03.115 13106 13370 D AppLog : getCachedString key = device_id value = null
05-14 14:35:03.115 13106 13370 D AppLog : getDeviceId() called,return value :
05-14 14:35:03.118 13106 13315 I AppLog : start with last session ac493435-8cce- 4903-99ed-dc2b4ed60576
05-14 14:35:03.118 13106 13367 D AppLog : #isNewUserMode false. context=androidx.multidex.MultiDexApplication@aeed3d0 isDebugChannel()=false
05-14 14:35:03.119 13106 13315 I AppLog : updateSession last session time: 1745070306532, session: ac493435-8cce-4903-99ed-dc2b4ed60576, 1745070306532, false
05-14 14:35:03.119 13106 13367 D AppLog : app_log_config: {"magic_tag":"ss_app_log","header":{"display_name":"Moba Legends: 5v5!","update_version_code":196410601,"manifest_version_code":196410601,"app_versio n_minor":"","aid":6571,"channel":"and_mlingp","package":"com.mobiin.gp","app_versio n":"1.9.64","version_code":196410601,"sdk_version":"2.16.0","sdk_target_version":29 ,"git_hash":"a238bf5c","os":"Android","os_version":"14","os_api":34,"device_model": "moto g35 5G","device_brand":"motorola","device_manufacturer":"motorola","cpu_abi":"arm64- v8a","release_build":"","density_dpi":400,"display_density":"mdpi","resolution":"22 32x1080","language":"en","timezone":5.5,"access":"4g","not_request_sender":0,"carri er":"IND airtel","mcc_mnc":"40554","rom":"b7e220","rom_version":"UOAS34.216-174-1- 1","cdid":"56771872-7032-4dbd-9ef2- 723e018457e9","sig_hash":"dcf5117df4daf21fd0c0d1791915a6a3","gaid_limited":1,"googl e_aid":"00000000-0000-0000-0000- 000000000000","openudid":"1234567890654321","install_id":"7494979535432402694","cli entudid":"f351fad2-0cdb-4a03-9494-82e15730df48","region":"IN","tz_name":"Asia\/ Kolkata","tz_offset":19800,"sim_region":"in","req_id":"99631c88-fa72-4b40-8510- fa55cd430a91","device_platform":"android","apk_first_install_time":1745070178387,"i s_system_app":0,"sdk_flavor":"global","guest_mode":0},"_gen_time":1747213503119}
05-14 14:35:03.119 13106 13367 D AppLog : request url : https://log- va.bytegsdk.com/service/2/device_register/
05-14 14:35:03.121 13106 13106 W DeviceRegisterT: type=1400 audit(0.0:138615): avc: granted { execute } for path="/data/data/com.hello.miheapp.secretspace/sandbox/data/app/com.mobiin.gp/lib/ libEncryptor.so" dev="dm-56" ino=145893 scontext=u:r:untrusted_app:s0:c50,c257,c512,c768 tcontext=u:object_r:app_data_file:s0:c50,c257,c512,c768 tclass=file app=com.hello.miheapp.secretspace
05-14 14:35:03.121 13106 13106 W gp:UnityKillsMe: type=1400 audit(0.0:138616): avc: denied { search } for name="net" dev="sysfs" ino=21810 scontext=u:r:untrusted_app:s0:c50,c257,c512,c768 tcontext=u:object_r:sysfs_net:s0 tclass=dir permissive=0 app=com.hello.miheapp.secretspace
05-14 14:35:03.123 13106 13367 W System.err: at com.ss.android.common.applog.NetUtil.sendEncryptLog(NetUtil.java:513)
05-14 14:35:03.123 13106 13367 W System.err: at com.ss.android.deviceregister.core.e$a.a(RegisterServiceController.java:629)
05-14 14:35:03.123 13106 13367 W System.err: at com.ss.android.deviceregister.core.e$a.a(RegisterServiceController.java:569)
05-14 14:35:03.123 13106 13367 W System.err: at com.ss.android.deviceregister.core.e$a.run(RegisterServiceController.java:414)
05-14 14:35:03.123 13106 13367 W System.err: Caused by: java.lang.ClassNotFoundException: com.ss.android.ugc.quota.BDNetworkTagManager
05-14 14:35:03.123 13106 13367 W System.err: ... 4 more
05-14 14:35:03.123 13106 13367 D DefaultOkHttpClient: request post: https://log- va.bytegsdk.com/service/2/device_register/?&tt_data=a
05-14 14:35:03.126 13106 13370 D AppLog : #isNewUserMode false. context=androidx.multidex.MultiDexApplication@aeed3d0 isDebugChannel()=false
05-14 14:35:03.126 13106 13370 I AppLog : request : https://log-va.bytegsdk.com/service/2/app_alert_check/? gaid_limited=1&google_aid=00000000-0000-0000-0000- 000000000000&timezone=5.5&carrier=IND %20airtel&mcc_mnc=40554&sim_region=in&custom_bt=1746878543574&iid=74949795354324026 94&ac=4g&channel=and_mlingp&aid=6571&app_name=MobileLegends&version_code=196410601& version_name=1.9.64&device_platform=android&os=android&ssmix=a&device_type=moto %20g35%205G&device_brand=motorola&language=en&os_api=34&os_version=14&openudid=1234 567890654321&manifest_version_code=196410601&resolution=1080*2232&dpi=400&update_ve rsion_code=196410601&_rticket=1747213503126&cdid=56771872-7032-4dbd-9ef2- 723e018457e9&req_id=99631c88-fa72-4b40-8510-fa55cd430a91
05-14 14:35:03.126 13106 13370 W System.err: java.lang.NoClassDefFoundError: Failed resolution of: Lcom/ss/android/ugc/quota/BDNetworkTagManager;
05-14 14:35:03.126 13106 13370 W System.err: at com.ss.android.common.active.a.b(ActiveUser.java:121)
05-14 14:35:03.126 13106 13370 W System.err: at com.ss.android.common.active.a.a(ActiveUser.java:44)
05-14 14:35:03.126 13106 13370 W System.err: at com.ss.android.common.active.a$a.run(ActiveUser.java:228)
05-14 14:35:03.126 13106 13370 W System.err: Caused by: java.lang.ClassNotFoundException: com.ss.android.ugc.quota.BDNetworkTagManager
05-14 14:35:03.126 13106 13370 W System.err: ... 3 more
05-14 14:35:03.127 13106 13370 D DefaultOkHttpClient: request get: https://log- va.bytegsdk.com/service/2/app_alert_check/? aid=6571&tt_info=dGMFEAAA63en4ZBnl4aVfcl-TEQ09qJo18tB4Gd92zuyFnoYEGZuLwZagb0Qkl0E- 4Ibs70rq5c6%0AvLsBVEhFFSsk9a-uSOJ34T8nVNEk6sgFl5aL0Jdc5S2ECRgR- VOcUZTLA5e13OkgachdLN84DLnJ %0AUhzjfDTxrjbxFORemIABFKj5go2z8zBkxUdWcJAPleu32w4Ac2QZFyJ0OMixn2Wb8gDOZREQ7Y2G %0A_jJQeIgm7uMD6M7cak8z6vIBG_lObg72wlQndpwRaW3MfvSF0OzD0nPgoIZ_W8kNtTye8LLj1uad %0AcFKH0zpyiSZY-Aa0m_biKXA7g4P66cRsz1OR2jGK7i9kMzJ62QDNx0O_Vtwo7GW-PrSvlZmTUe1B %0Am03wyepLRfPLCC6tYmsgzDAWUPoPY36-Y4ecYnfhYySp1kApCg- FvpL7KcVPO0z3lMgStCGLNbC3%0AICK-EIPTPBl2ZwR- BDqNSx9iiqqjIBoTg_fgfahd6fAfGP4iurQ7tYTibN00Qx0RX- gYziaY5hV5%0AcCyrGM9p3refkQ1ZqdMGTdvUeItvEpvBI164Q1SRTQnpC_kYWJ9YLQ6fx_VCT- VikKaeoiqa6Xhl%0ACoyb31Ja6sIskX3p581Rf34UXZGo1ImJZeSxb4VZNBAWkverZ4wOlOSBPxGz1w%3D %3D%0A
05-14 14:35:03.128 13106 13374 I AppLog : LogReaper start
05-14 14:35:03.129 13106 13374 I AppLog : delete expire log: 0
05-14 14:35:03.129 13106 13374 D AppLog : try to batch session id < 2
05-14 14:35:03.130 13106 13315 I AppLog : start new session 32882762-5eff-4b8e- 8139-4c411b4cc96b
05-14 14:35:03.132 13106 13374 D AppLog : getCachedString key = device_id value = null
05-14 14:35:03.132 13106 13374 D AppLog : getCachedString key = device_id value = null
05-14 14:35:03.169 13106 13281 W AnalyticsUserIDStore: initStore should have been called before calling setUserID
05-14 14:35:03.179 13106 13388 D nativeloader: Load /data/user/0/com.hello.miheapp.secretspace/sandbox/data/user/0/com.mobiin.gp/ app_libs/libnativelogin.so using ns clns-8 from class loader (caller=/data/user/0/com.hello.miheapp.secretspace/sandbox/data/app/com.mobiin.gp/ base.apk!classes3.dex): ok
05-14 14:35:03.180 13106 13388 D _SDK_ : LoginUI done
05-14 14:35:03.191 13106 13106 I DMABUFHEAPS: Using DMA-BUF heap named: protected
05-14 14:35:03.203 13106 13276 D QueryPackageSize: appSize: 52.438965 MB, dataSize: 637.4336 MB, cacheSize: 1.0039062 MB
05-14 14:35:03.205 12075 12087 D MeasurementService: bound by: GetServiceRequest{serviceId=MEASUREMENT, gmsVersion=12451000, packageName='com.hello.miheapp.secretspace', extras=Bundle[{}]}
05-14 14:35:03.207 12075 12087 D MeasurementService: bound by: GetServiceRequest{serviceId=MEASUREMENT, gmsVersion=12451000, packageName='com.mobiin.gp', extras=Bundle[{}]}
05-14 14:35:03.223 12075 20206 D GamesConnectService: signIn(GamesSignInRequest[signInType=1])
05-14 14:35:03.233 13106 13349 D DeviceInformation: RunnableThread, run end
05-14 14:35:03.285 12075 12087 D SafeParcel: Unknown field id 34 in com.google.android.gms.measurement.internal.AppMetadata, skipping.
05-14 14:35:03.285 12075 12087 D SafeParcel: Unknown field id 35 in com.google.android.gms.measurement.internal.AppMetadata, skipping.
05-14 14:35:03.285 12075 12087 D MeasurementService: sendAppLaunch() for AppMetadata[com.hello.miheapp.secretspace]
05-14 14:35:03.288 13106 13216 W FA : Table has extra columns. table, columns: messages, app_version, app_version_int
05-14 14:35:03.290 12075 14473 D SafeParcel: Unknown field id 34 in com.google.android.gms.measurement.internal.AppMetadata, skipping.
05-14 14:35:03.291 12075 14473 D SafeParcel: Unknown field id 36 in com.google.android.gms.measurement.internal.AppMetadata, skipping.
05-14 14:35:03.291 12075 14473 D MeasurementService: sendAppLaunch() for AppMetadata[com.mobiin.gp]
05-14 14:35:03.301 13106 13216 W FA : Table has extra columns. table, columns: messages, app_version, app_version_int
05-14 14:35:03.305 12075 14473 D SafeParcel: Unknown field id 34 in com.google.android.gms.measurement.internal.AppMetadata, skipping.
05-14 14:35:03.306 12075 14473 D SafeParcel: Unknown field id 36 in com.google.android.gms.measurement.internal.AppMetadata, skipping.
05-14 14:35:03.306 12075 14473 D MeasurementService: sendUserProperty(com.google.android.gms.measurement.internal.UserAttributeParcel@ef 41057) for AppMetadata[com.mobiin.gp]
05-14 14:35:03.309 12075 14473 D SafeParcel: Unknown field id 34 in com.google.android.gms.measurement.internal.AppMetadata, skipping.
05-14 14:35:03.309 12075 14473 D SafeParcel: Unknown field id 36 in com.google.android.gms.measurement.internal.AppMetadata, skipping.
05-14 14:35:03.309 12075 14473 D MeasurementService: sendEvent(com.google.android.gms.measurement.internal.EventParcel@cd9202d) for AppMetadata[com.mobiin.gp]
05-14 14:35:03.311 12075 14473 D SafeParcel: Unknown field id 34 in com.google.android.gms.measurement.internal.AppMetadata, skipping.
05-14 14:35:03.311 12075 14473 D SafeParcel: Unknown field id 35 in com.google.android.gms.measurement.internal.AppMetadata, skipping.
05-14 14:35:03.311 12075 14473 D MeasurementService: getAppInstanceId() for AppMetadata[com.hello.miheapp.secretspace]
05-14 14:35:03.313 12075 20206 D SafeParcel: Unknown field id 34 in com.google.android.gms.measurement.internal.AppMetadata, skipping.
05-14 14:35:03.313 12075 20206 D SafeParcel: Unknown field id 36 in com.google.android.gms.measurement.internal.AppMetadata, skipping.
05-14 14:35:03.313 12075 20206 D MeasurementService: sendEvent(com.google.android.gms.measurement.internal.EventParcel@cbf5af3) for AppMetadata[com.mobiin.gp]
05-14 14:35:03.314 12075 12087 D SafeParcel: Unknown field id 34 in com.google.android.gms.measurement.internal.AppMetadata, skipping.
05-14 14:35:03.314 12075 12087 D SafeParcel: Unknown field id 35 in com.google.android.gms.measurement.internal.AppMetadata, skipping.
05-14 14:35:03.314 12075 12087 D MeasurementService: sendDefaultEventParameters(Bundle[EMPTY_PARCEL]) for AppMetadata[com.hello.miheapp.secretspace]
05-14 14:35:03.326 12075 14473 D ChimeraServiceProvider: serviceIntentCall: com.google.android.gms.appset.service.START -> Intent { act=com.google.android.gms.appset.service.START pkg=com.google.android.gms cmp=com.google.android.gms/org.microg.gms.appset.AppSetService }
05-14 14:35:03.332 12075 12087 D SafeParcel: Unknown field id 34 in com.google.android.gms.measurement.internal.AppMetadata, skipping.
05-14 14:35:03.332 12075 12087 D SafeParcel: Unknown field id 36 in com.google.android.gms.measurement.internal.AppMetadata, skipping.
05-14 14:35:03.332 12075 12087 D MeasurementService: getAppInstanceId() for AppMetadata[com.mobiin.gp]
05-14 14:35:03.349 12075 12087 D SafeParcel: Unknown field id 34 in com.google.android.gms.measurement.internal.AppMetadata, skipping.
05-14 14:35:03.349 12075 12087 D SafeParcel: Unknown field id 36 in com.google.android.gms.measurement.internal.AppMetadata, skipping.
05-14 14:35:03.349 12075 12087 D MeasurementService: sendDefaultEventParameters(Bundle[EMPTY_PARCEL]) for AppMetadata[com.mobiin.gp]
05-14 14:35:03.364 12075 20206 D MeasurementService: sendCurrentScreen(1000351252572726951, null, MobaGameUnityActivity, com.mobiin.gp)
05-14 14:35:03.404 12075 12075 D AppSetService: onBind: Intent { act=com.google.android.gms.appset.service.START pkg=com.google.android.gms cmp=com.google.android.gms/org.microg.gms.appset.AppSetService }
05-14 14:35:03.421 12075 12075 D CompatibilityChangeReporter: Compat change id reported: 160794467; UID 10001; state: DISABLED
05-14 14:35:03.423 12570 13080 V AppLog : device_register response: {"server_time":1747213504,"device_id":7327115268932027909,"install_id":749497953543 2402694,"new_user":0,"device_id_str":"7327115268932027909","install_id_str":"749497 9535432402694"}
05-14 14:35:03.423 12570 13080 D AppLog : getCachedString key = device_id value = null
05-14 14:35:03.426 12570 13080 D AppLog : getCachedString key = device_id value = 7327115268932027909
05-14 14:35:03.426 12570 13080 D AppLog : AccountCacheHelper#cacheString key=device_id value=7327115268932027909 mAccount=null
05-14 14:35:03.426 12570 13080 D AppLog : getDeviceId() called,return value : 7327115268932027909
05-14 14:35:03.426 12570 13080 D AppLog : getInstallId() called,return value : 7494979535432402694
05-14 14:35:03.427 12570 13080 D AppLog : getDeviceId() called,return value : 7327115268932027909
05-14 14:35:03.427 12570 13080 D AppLog : getInstallId() called,return value : 7494979535432402694
05-14 14:35:03.428 12570 13080 D AppLog : Retry#next query time : 14-May-2025 20:35:03
05-14 14:35:03.435 12570 13085 D AppLog : getDeviceId() called,return value : 7327115268932027909
05-14 14:35:03.437 12570 12570 D CrashService: init sdk monitor success
05-14 14:35:03.437 12570 12570 W CrashService: you didn't integrate app monitor
05-14 14:35:03.437 12570 12570 D CrashService: use default anr graphic
05-14 14:35:03.439 12570 13085 I AppLog : batch log: launch: ac493435-8cce-4903- 99ed-dc2b4ed60576,1745070306532,false;pack: 1,1283
05-14 14:35:03.442 12570 13085 I AppLog : switchSession begin to send batch logs
05-14 14:35:03.452 12570 13085 D AppLog : getOpenUdId() called,return value : 1234567890654321
05-14 14:35:03.452 12570 13085 D AppLog : getClientUDID() called,return value : 91534631-c70f-4e28-9ee3-969066ba7472
05-14 14:35:03.452 12570 13085 D AppLog : getInstallId() called,return value : 7494979535432402694
05-14 14:35:03.452 12570 13085 D AppLog : getDeviceId() called,return value : 7327115268932027909
05-14 14:35:03.490 12570 13085 D AppLog : #isNewUserMode false. context=androidx.multidex.MultiDexApplication@9f58f85 isDebugChannel()=false
05-14 14:35:03.491 12570 13085 D DefaultOkHttpClient: request post: https://log- va.bytegsdk.com/service/2/app_log/? version_code=196410601&device_platform=android&device_id=7327115268932027909&aid=65 71&iid=7494979535432402694&tt_data=a
05-14 14:35:03.506 12075 12087 D AppSetService: bound by: GetServiceRequest{serviceId=APP_SET, gmsVersion=12451000, packageName='com.mobiin.gp', extras=Bundle[{}]}
05-14 14:35:03.521 12075 12087 D AppSetService: AppSetServiceImp getAppSetIdInfo is called -> AppSetIdRequestParams[]
05-14 14:35:03.637 13106 13106 D CrashService: start native crash monitor
05-14 14:35:03.707 13106 13106 E MobaGame-AndroidUtile: GetAppSetID, onSuccess, id is null or empty
05-14 14:35:03.736 13106 13388 I DrmHalHidl: No hidl drm factories found
05-14 14:35:03.737 13106 13388 E DrmHalHidl: Failed to find passthrough drm factories
05-14 14:35:03.744 13106 13388 I DrmUtils: found IDrmFactory. Instance name: [android.hardware.drm.IDrmFactory/clearkey]
05-14 14:35:03.749 13106 13388 I DrmUtils: found IDrmFactory. Instance name: [android.hardware.drm.IDrmFactory/widevine]
05-14 14:35:03.840 13106 13106 D Typeface-FontSettings: updateToOverlayFont: overlay is cur default, no need update
05-14 14:35:04.005 13106 13348 W ExceptionHandler: ExceptionHandler, pid: 13106, thread: Thread[Timer-0,5,main], tid: 20308, current uncaught exception handler changed to: com.facebook.internal.instrument.crashreport.CrashHandler@c1aa8ba
05-14 14:35:04.108 13106 13370 D AppLog : NetworkClient.getDefault().get response: {"data":{"is_activated":1},"message":"success"}
05-14 14:35:04.153 13106 13173 I FirebaseCrashlytics: No version control information found
05-14 14:35:04.180 13106 13195 D SessionConfigFetcher: Fetched settings: {"settings_version":3,"cache_duration":164426,"features": {"collect_logged_exceptions":true,"collect_reports":true,"collect_analytics":false, "prompt_enabled":false,"push_enabled":false,"firebase_crashlytics_enabled":false,"c ollect_anrs":true,"collect_metric_kit":false,"collect_build_ids":true},"app": {"status":"activated","update_required":false,"report_upload_variant":2,"native_rep ort_upload_variant":2},"fabric": {"org_id":"65f00c8a567bf1f0daf09834","bundle_id":"com.hello.miheapp.secretspace"}," on_demand_upload_rate_per_minute":10,"on_demand_backoff_base":1.2,"on_demand_backof f_step_duration_seconds":60,"app_quality": {"sessions_enabled":true,"sampling_rate":1,"session_timeout_seconds":1800},"on_dema nd_thread_recording_suspension_enabled":true}
05-14 14:35:04.192 13106 13367 V AppLog : device_register response: {"server_time":1747213505,"device_id":7327115268932027909,"install_id":749497953543 2402694,"new_user":0,"device_id_str":"7327115268932027909","install_id_str":"749497 9535432402694"}
05-14 14:35:04.193 13106 13367 D AppLog : getCachedString key = device_id value = null
05-14 14:35:04.196 13106 13367 D AppLog : getCachedString key = device_id value = 7327115268932027909
