05-10 17:33:39.708 12220 12220 I FirebaseApp: FirebaseApp initialization successful
05-10 17:33:39.713 12075 12075 I MultiDex: VM with version 2.1.0 has multidex support
05-10 17:33:39.713 12075 12075 I MultiDex: Installing application
05-10 17:33:39.713 12075 12075 I MultiDex: VM has multidex support, MultiDex support library is disabled.
05-10 17:33:39.720 12075 12075 D ChimeraServiceProvider: onCreate
05-10 17:33:39.721 12075 12075 D FontsProvider: onCreate
05-10 17:33:39.721 12075 12075 D GmsPhenotypeCfgProvider: unimplemented Method: onCreate
05-10 17:33:39.742 12220 12287 D SessionConfigFetcher: Fetching settings from server.
05-10 17:33:39.768 12220 12320 E secretspace:dex: No package ID 76 found for resource ID 0x760b000f.
05-10 17:33:39.770 12220 12320 I FA : App measurement initialized, version: 121000
05-10 17:33:39.770 12220 12320 I FA : To enable debug logging run: adb shell setprop log.tag.FA VERBOSE
05-10 17:33:39.770 12220 12320 I FA : To enable faster debug mode event logging run:
05-10 17:33:39.770 12220 12320 I FA : adb shell setprop debug.firebase.analytics.app com.hello.miheapp.secretspace
05-10 17:33:39.772 12075 12075 D ActivityThread: Loading provider com.google.android.gms.microg.settings: org.microg.gms.settings.SettingsProvider
05-10 17:33:39.798 12075 12075 D ProfileManager: Using Serial bc2fec5bcd6f0da82e38464b573a1741
05-10 17:33:39.821 12075 12075 D CompatibilityChangeReporter: Compat change id reported: 183155436; UID 10001; state: ENABLED
05-10 17:33:39.832 12075 12075 D MeasurementService: onBind: Intent { act=com.google.android.gms.measurement.START pkg=com.google.android.gms cmp=com.google.android.gms/org.microg.gms.measurement.MeasurementService }
05-10 17:33:39.837 12075 12075 D MeasurementService: onBind: Intent { act=com.google.android.gms.measurement.START pkg=com.google.android.gms }
05-10 17:33:39.842 12075 12075 D MeasurementService: bound by: GetServiceRequest{serviceId=MEASUREMENT, gmsVersion=12451000, packageName='com.hello.miheapp.secretspace', extras=Bundle[{}]}
05-10 17:33:39.842 12075 12084 D MeasurementService: bound by: GetServiceRequest{serviceId=MEASUREMENT, gmsVersion=251434000, packageName='com.hello.miheapp.secretspace', extras=Bundle[{}]}
05-10 17:33:39.850 12075 12221 D SafeParcel: Unknown field id 34 in com.google.android.gms.measurement.internal.AppMetadata, skipping.
05-10 17:33:39.850 12075 12221 D SafeParcel: Unknown field id 35 in com.google.android.gms.measurement.internal.AppMetadata, skipping.
05-10 17:33:39.850 12075 12221 D MeasurementService: sendAppLaunch() for AppMetadata[com.hello.miheapp.secretspace]
05-10 17:33:39.851 12075 12084 D SafeParcel: Unknown field id 34 in com.google.android.gms.measurement.internal.AppMetadata, skipping.
05-10 17:33:39.851 12075 12084 D SafeParcel: Unknown field id 36 in com.google.android.gms.measurement.internal.AppMetadata, skipping.
05-10 17:33:39.851 12075 12084 D SafeParcel: Unknown field id 37 in com.google.android.gms.measurement.internal.AppMetadata, skipping.
05-10 17:33:39.851 12075 12084 D SafeParcel: Unknown field id 38 in com.google.android.gms.measurement.internal.AppMetadata, skipping.
05-10 17:33:39.851 12075 12084 D MeasurementService: sendAppLaunch() for AppMetadata[com.hello.miheapp.secretspace]
05-10 17:33:39.889 11638 11638 W CheckTime: App running slow: Executing handleBindApplication : callApplicationOnCreate took 2267ms
05-10 17:33:39.903 11638 11638 W CheckTime: App running slow: Executing com.hello.sandbox.profile.owner.VboxDeviceReceiver scheduleReceive took 3050ms
05-10 17:33:39.919 11638 11638 D SessionLifecycleService: Service bound to new client on process 11638
05-10 17:33:39.923 11638 12417 D SessionLifecycleService: App has not yet foregrounded. Using previously stored session: null
05-10 17:33:39.923 11638 12417 D SessionLifecycleService: Client android.os.Messenger@7d215c5 bound at 78998. Clients: 1
05-10 17:33:39.942 12075 12221 W FA : Table has extra columns. table, columns: messages, app_version, app_version_int
05-10 17:33:39.943 12075 12084 D SafeParcel: Unknown field id 34 in com.google.android.gms.measurement.internal.AppMetadata, skipping.
05-10 17:33:39.944 12075 12084 D SafeParcel: Unknown field id 36 in com.google.android.gms.measurement.internal.AppMetadata, skipping.
05-10 17:33:39.944 12075 12084 D SafeParcel: Unknown field id 37 in com.google.android.gms.measurement.internal.AppMetadata, skipping.
05-10 17:33:39.944 12075 12084 D SafeParcel: Unknown field id 38 in com.google.android.gms.measurement.internal.AppMetadata, skipping.
05-10 17:33:39.944 12075 12084 D MeasurementService: getAppInstanceId() for AppMetadata[com.hello.miheapp.secretspace]
05-10 17:33:39.946 12075 12084 D SafeParcel: Unknown field id 34 in com.google.android.gms.measurement.internal.AppMetadata, skipping.
05-10 17:33:39.946 12075 12084 D SafeParcel: Unknown field id 36 in com.google.android.gms.measurement.internal.AppMetadata, skipping.
05-10 17:33:39.946 12075 12084 D SafeParcel: Unknown field id 37 in com.google.android.gms.measurement.internal.AppMetadata, skipping.
05-10 17:33:39.946 12075 12084 D SafeParcel: Unknown field id 38 in com.google.android.gms.measurement.internal.AppMetadata, skipping.
05-10 17:33:39.946 12075 12084 D MeasurementService: sendDefaultEventParameters(Bundle[EMPTY_PARCEL]) for AppMetadata[com.hello.miheapp.secretspace]
05-10 17:33:39.946 11638 12392 I MATDBManager: sqllite db insert success! insert row id:119
05-10 17:33:39.949 12075 12221 W FA : Table has extra columns. table, columns: messages, app_version, app_version_int
05-10 17:33:39.958 12075 12221 D SafeParcel: Unknown field id 34 in com.google.android.gms.measurement.internal.AppMetadata, skipping.
05-10 17:33:39.960 12075 12221 D SafeParcel: Unknown field id 35 in com.google.android.gms.measurement.internal.AppMetadata, skipping.
05-10 17:33:39.960 12075 12221 D MeasurementService: getAppInstanceId() for AppMetadata[com.hello.miheapp.secretspace]
05-10 17:33:39.961 12075 12221 D SafeParcel: Unknown field id 34 in com.google.android.gms.measurement.internal.AppMetadata, skipping.
05-10 17:33:39.962 12075 12221 D SafeParcel: Unknown field id 35 in com.google.android.gms.measurement.internal.AppMetadata, skipping.
05-10 17:33:39.962 12075 12221 D MeasurementService: sendDefaultEventParameters(Bundle[EMPTY_PARCEL]) for AppMetadata[com.hello.miheapp.secretspace]
05-10 17:33:39.996 11638 12392 I MATDBManager: sqllite db capacity:1
05-10 17:33:40.003 11638 12408 I CameraManagerGlobal: Connecting to camera service
05-10 17:33:40.061 11638 12247 W cr_media: BLUETOOTH_CONNECT permission is missing.
05-10 17:33:40.072 11638 12247 W cr_media: getBluetoothAdapter() requires BLUETOOTH permission
05-10 17:33:40.072 11638 12247 W cr_media: registerBluetoothIntentsIfNeeded: Requires BLUETOOTH permission
05-10 17:33:40.141 11638 12518 D libEGL : loaded /vendor/lib64/egl/libGLES_mali.so
05-10 17:33:40.216 11897 11998 D SessionConfigFetcher: Fetched settings: {"settings_version":3,"cache_duration":193148,"features": {"collect_logged_exceptions":true,"collect_reports":true,"collect_analytics":false, "prompt_enabled":false,"push_enabled":false,"firebase_crashlytics_enabled":false,"c ollect_anrs":true,"collect_metric_kit":false,"collect_build_ids":true},"app": {"status":"activated","update_required":false,"report_upload_variant":2,"native_rep ort_upload_variant":2},"fabric": {"org_id":"65f00c8a567bf1f0daf09834","bundle_id":"com.hello.miheapp.secretspace"}," on_demand_upload_rate_per_minute":10,"on_demand_backoff_base":1.2,"on_demand_backof f_step_duration_seconds":60,"app_quality": {"sessions_enabled":true,"sampling_rate":1,"session_timeout_seconds":1800},"on_dema nd_thread_recording_suspension_enabled":true}
05-10 17:33:40.226 11897 12005 D LifecycleServiceBinder: Binding service to application.
05-10 17:33:40.298 11897 12002 I FirebaseCrashlytics: No version control information found
05-10 17:33:40.392 11638 12518 D vulkan : searching for layers in '/data/app/~~u7JpqXiZ60emteZUUJYZ-Q==/com.hello.miheapp.secretspace- gScfIuJj6R6JjgSSkDypOQ==/lib/arm64'
05-10 17:33:40.393 11638 12518 D vulkan : searching for layers in '/data/app/~~u7JpqXiZ60emteZUUJYZ-Q==/com.hello.miheapp.secretspace- gScfIuJj6R6JjgSSkDypOQ==/base.apk!/lib/arm64-v8a'
05-10 17:33:40.393 11638 12518 D vulkan : searching for layers in '/data/app/~~u7JpqXiZ60emteZUUJYZ-Q==/com.hello.miheapp.secretspace- gScfIuJj6R6JjgSSkDypOQ==/split_config.arm64_v8a.apk!/lib/arm64-v8a'
05-10 17:33:40.405 11638 12518 D vulkan : searching for layers in '/data/app/~~u7JpqXiZ60emteZUUJYZ-Q==/com.hello.miheapp.secretspace- gScfIuJj6R6JjgSSkDypOQ==/split_config.bn.apk!/lib/arm64-v8a'
05-10 17:33:40.406 11638 12518 D vulkan : searching for layers in '/data/app/~~u7JpqXiZ60emteZUUJYZ-Q==/com.hello.miheapp.secretspace- gScfIuJj6R6JjgSSkDypOQ==/split_config.en.apk!/lib/arm64-v8a'
05-10 17:33:40.406 11638 12518 D vulkan : searching for layers in '/data/app/~~u7JpqXiZ60emteZUUJYZ-Q==/com.hello.miheapp.secretspace- gScfIuJj6R6JjgSSkDypOQ==/split_config.gu.apk!/lib/arm64-v8a'
05-10 17:33:40.406 11638 12518 D vulkan : searching for layers in '/data/app/~~u7JpqXiZ60emteZUUJYZ-Q==/com.hello.miheapp.secretspace- gScfIuJj6R6JjgSSkDypOQ==/split_config.hi.apk!/lib/arm64-v8a'
05-10 17:33:40.406 11638 12518 D vulkan : searching for layers in '/data/app/~~u7JpqXiZ60emteZUUJYZ-Q==/com.hello.miheapp.secretspace- gScfIuJj6R6JjgSSkDypOQ==/split_config.kn.apk!/lib/arm64-v8a'
05-10 17:33:40.407 11638 12518 D vulkan : searching for layers in '/data/app/~~u7JpqXiZ60emteZUUJYZ-Q==/com.hello.miheapp.secretspace- gScfIuJj6R6JjgSSkDypOQ==/split_config.mr.apk!/lib/arm64-v8a'
05-10 17:33:40.407 11638 12518 D vulkan : searching for layers in '/data/app/~~u7JpqXiZ60emteZUUJYZ-Q==/com.hello.miheapp.secretspace- gScfIuJj6R6JjgSSkDypOQ==/split_config.ta.apk!/lib/arm64-v8a'
05-10 17:33:40.407 11638 12518 D vulkan : searching for layers in '/data/app/~~u7JpqXiZ60emteZUUJYZ-Q==/com.hello.miheapp.secretspace- gScfIuJj6R6JjgSSkDypOQ==/split_config.te.apk!/lib/arm64-v8a'
05-10 17:33:40.408 11638 12518 D vulkan : searching for layers in '/data/app/~~u7JpqXiZ60emteZUUJYZ-Q==/com.hello.miheapp.secretspace- gScfIuJj6R6JjgSSkDypOQ==/split_config.xxhdpi.apk!/lib/arm64-v8a'
05-10 17:33:40.530 11638 11638 D SessionLifecycleClient: Connected to SessionLifecycleService. Queue size 0
05-10 17:33:40.763 12075 12205 D SessionConfigFetcher: Fetched settings: {"settings_version":3,"cache_duration":192525,"features": {"collect_logged_exceptions":true,"collect_reports":true,"collect_analytics":false, "prompt_enabled":false,"push_enabled":false,"firebase_crashlytics_enabled":false,"c ollect_anrs":true,"collect_metric_kit":false,"collect_build_ids":true},"app": {"status":"activated","update_required":false,"report_upload_variant":2,"native_rep ort_upload_variant":2},"fabric": {"org_id":"65f00c8a567bf1f0daf09834","bundle_id":"com.hello.miheapp.secretspace"}," on_demand_upload_rate_per_minute":10,"on_demand_backoff_base":1.2,"on_demand_backof f_step_duration_seconds":60,"app_quality": {"sessions_enabled":true,"sampling_rate":1,"session_timeout_seconds":1800},"on_dema nd_thread_recording_suspension_enabled":true}
05-10 17:33:40.773 12075 12201 D LifecycleServiceBinder: Binding service to application.
05-10 17:33:40.795 11638 12218 D CompatibilityChangeReporter: Compat change id reported: 263076149; UID 10306; state: ENABLED
05-10 17:33:40.914 11638 11638 I ActivityThread: Removing dead content provider:android.content.ContentProviderProxy@cd9202d
05-10 17:33:40.914 11638 11638 I ActivityThread: Removing dead content provider:android.content.ContentProviderProxy@e9962
05-10 17:33:40.964 11638 12291 W AudioCapabilities: Unsupported mime audio/ima- adpcm
05-10 17:33:40.965 11638 12291 W AudioCapabilities: Unsupported mime audio/mpeg-L1
05-10 17:33:40.966 11638 12291 W AudioCapabilities: Unsupported mime audio/mpeg-L2
05-10 17:33:40.974 11638 12291 W VideoCapabilities: Unsupported mime video/jpeg
05-10 17:33:40.974 11638 12291 W VideoCapabilities: Unsupported mime video/jpeg
05-10 17:33:41.004 12220 12285 D SessionConfigFetcher: Fetched settings: {"settings_version":3,"cache_duration":189517,"features": {"collect_logged_exceptions":true,"collect_reports":true,"collect_analytics":false, "prompt_enabled":false,"push_enabled":false,"firebase_crashlytics_enabled":false,"c ollect_anrs":true,"collect_metric_kit":false,"collect_build_ids":true},"app": {"status":"activated","update_required":false,"report_upload_variant":2,"native_rep ort_upload_variant":2},"fabric": {"org_id":"65f00c8a567bf1f0daf09834","bundle_id":"com.hello.miheapp.secretspace"}," on_demand_upload_rate_per_minute":10,"on_demand_backoff_base":1.2,"on_demand_backof f_step_duration_seconds":60,"app_quality": {"sessions_enabled":true,"sampling_rate":1,"session_timeout_seconds":1800},"on_dema nd_thread_recording_suspension_enabled":true}
05-10 17:33:41.030 12220 12287 D LifecycleServiceBinder: Binding service to application.
05-10 17:33:41.049 11638 11638 D SessionLifecycleService: Service bound to new client on process 12220
05-10 17:33:41.050 12220 12220 D SessionLifecycleClient: Connected to SessionLifecycleService. Queue size 0
05-10 17:33:41.050 11638 12417 D SessionLifecycleService: App has not yet foregrounded. Using previously stored session: 8907fd334c514265863fc0b4dbe9d98c
05-10 17:33:41.051 11638 12417 D SessionLifecycleService: Client android.os.Messenger@63b5d61 bound at 80127. Clients: 2
05-10 17:33:41.052 12220 12220 D SessionLifecycleClient: Session update received: 8907fd334c514265863fc0b4dbe9d98c
05-10 17:33:41.053 12220 12322 D SessionLifecycleClient: Notified CRASHLYTICS of new session 8907fd334c514265863fc0b4dbe9d98c
05-10 17:33:42.286 11638 12898 I MATDBManager: 服务端下发配置缓存成功! 插入行 id:30
05-10 17:33:50.098 12075 12080 I .secretspace:p0: Background concurrent mark compact GC freed 9311KB AllocSpace bytes, 32(896KB) LOS objects, 86% free, 3808KB/27MB, paused 655us,3.568ms total 103.663ms
05-10 17:33:50.844 11638 11638 E chromium: [ERROR:aw_browser_terminator.cc(165)] Renderer process (12142) crash detected (code -1).
05-10 17:33:50.887 12220 12229 I secretspace:dex: Background concurrent mark compact GC freed 6991KB AllocSpace bytes, 25(628KB) LOS objects, 88% free, 3176KB/27MB, paused 627us,2.538ms total 170.350ms
05-10 17:34:09.892 17151 17151 I libc : SetHeapTaggingLevel: tag level set to 0
05-10 17:34:09.898 12075 12075 D GmsCheckinTrigger: Ignoring Intent { act=android.intent.action.BOOT_COMPLETED }: checkin is disabled
05-10 17:34:09.899 17151 17151 I .secretspace:p1: Using CollectorTypeCMC GC.
05-10 17:34:09.903 17151 17151 E .secretspace:p1: Not starting debugger since process cannot load the jdwp agent.
05-10 17:34:09.910 17151 17151 D nativeloader: Load libframework-connectivity- tiramisu-jni.so using APEX ns com_android_tethering for caller /apex/com.android.tethering/javalib/framework-connectivity-t.jar: ok
05-10 17:34:09.960 17151 17151 D CompatibilityChangeReporter: Compat change id reported: 171979766; UID 10306; state: ENABLED
05-10 17:34:09.960 17151 17151 D CompatibilityChangeReporter: Compat change id reported: 242716250; UID 10306; state: ENABLED
05-10 17:34:09.961 17151 17151 D Typeface-FontSettings: initFontDefault defaultFontFamily -> RobotoSlab-Regular
05-10 17:34:09.971 17151 17151 D ApplicationLoaders: Returning zygote-cached class loader: /system/framework/android.test.base.jar
05-10 17:34:09.978 17151 17151 D nativeloader: Configuring clns-4 for other apk /system/framework/org.apache.http.legacy.jar. target_sdk_version=34, uses_libraries=ALL, library_path=/data/app/~~u7JpqXiZ60emteZUUJYZ-Q==/com.hello.miheapp.secretspace- gScfIuJj6R6JjgSSkDypOQ==/lib/arm64:/data/app/~~u7JpqXiZ60emteZUUJYZ-Q==/ com.hello.miheapp.secretspace-gScfIuJj6R6JjgSSkDypOQ==/base.apk!/lib/arm64-v8a:/ data/app/~~u7JpqXiZ60emteZUUJYZ-Q==/com.hello.miheapp.secretspace- gScfIuJj6R6JjgSSkDypOQ==/split_config.arm64_v8a.apk!/lib/arm64-v8a:/data/app/ ~~u7JpqXiZ60emteZUUJYZ-Q==/com.hello.miheapp.secretspace-gScfIuJj6R6JjgSSkDypOQ==/ split_config.bn.apk!/lib/arm64-v8a:/data/app/~~u7JpqXiZ60emteZUUJYZ-Q==/ com.hello.miheapp.secretspace-gScfIuJj6R6JjgSSkDypOQ==/split_config.en.apk!/lib/ arm64-v8a:/data/app/~~u7JpqXiZ60emteZUUJYZ-Q==/com.hello.miheapp.secretspace- gScfIuJj6R6JjgSSkDypOQ==/split_config.gu.apk!/lib/arm64-v8a:/data/app/ ~~u7JpqXiZ60emteZUUJYZ-Q==/com.hello.miheapp.secretspace-gScfIuJj6R6JjgSSkDypOQ==/ split_config.hi.apk!/lib/arm64-v8a:/data/app/~~u7JpqXiZ60emteZU
05-10 17:34:10.094 17151 17151 W ziparchive: Unable to open '/data/app/~~u7JpqXiZ60emteZUUJYZ-Q==/com.hello.miheapp.secretspace- gScfIuJj6R6JjgSSkDypOQ==/split_config.arm64_v8a.dm': No such file or directory
05-10 17:34:10.094 17151 17151 W ziparchive: Unable to open '/data/app/~~u7JpqXiZ60emteZUUJYZ-Q==/com.hello.miheapp.secretspace- gScfIuJj6R6JjgSSkDypOQ==/split_config.arm64_v8a.dm': No such file or directory
05-10 17:34:10.096 17151 17151 W .secretspace:p1: Entry not found
05-10 17:34:10.097 17151 17151 W ziparchive: Unable to open '/data/app/~~u7JpqXiZ60emteZUUJYZ-Q==/com.hello.miheapp.secretspace- gScfIuJj6R6JjgSSkDypOQ==/split_config.bn.dm': No such file or directory
05-10 17:34:10.097 17151 17151 W ziparchive: Unable to open '/data/app/~~u7JpqXiZ60emteZUUJYZ-Q==/com.hello.miheapp.secretspace- gScfIuJj6R6JjgSSkDypOQ==/split_config.bn.dm': No such file or directory
05-10 17:34:10.099 17151 17151 W .secretspace:p1: Entry not found
05-10 17:34:10.100 17151 17151 W ziparchive: Unable to open '/data/app/~~u7JpqXiZ60emteZUUJYZ-Q==/com.hello.miheapp.secretspace- gScfIuJj6R6JjgSSkDypOQ==/split_config.en.dm': No such file or directory
05-10 17:34:10.100 17151 17151 W ziparchive: Unable to open '/data/app/~~u7JpqXiZ60emteZUUJYZ-Q==/com.hello.miheapp.secretspace- gScfIuJj6R6JjgSSkDypOQ==/split_config.en.dm': No such file or directory
05-10 17:34:10.103 17151 17151 W .secretspace:p1: Entry not found
05-10 17:34:10.105 17151 17151 W ziparchive: Unable to open '/data/app/~~u7JpqXiZ60emteZUUJYZ-Q==/com.hello.miheapp.secretspace- gScfIuJj6R6JjgSSkDypOQ==/split_config.gu.dm': No such file or directory
05-10 17:34:10.105 17151 17151 W ziparchive: Unable to open '/data/app/~~u7JpqXiZ60emteZUUJYZ-Q==/com.hello.miheapp.secretspace- gScfIuJj6R6JjgSSkDypOQ==/split_config.gu.dm': No such file or directory
05-10 17:34:10.105 17151 17151 W .secretspace:p1: Entry not found
05-10 17:34:10.106 17151 17151 W ziparchive: Unable to open '/data/app/~~u7JpqXiZ60emteZUUJYZ-Q==/com.hello.miheapp.secretspace- gScfIuJj6R6JjgSSkDypOQ==/split_config.hi.dm': No such file or directory
05-10 17:34:10.106 17151 17151 W ziparchive: Unable to open '/data/app/~~u7JpqXiZ60emteZUUJYZ-Q==/com.hello.miheapp.secretspace- gScfIuJj6R6JjgSSkDypOQ==/split_config.hi.dm': No such file or directory
05-10 17:34:10.112 17151 17151 W .secretspace:p1: Entry not found
05-10 17:34:10.113 17151 17151 W ziparchive: Unable to open '/data/app/~~u7JpqXiZ60emteZUUJYZ-Q==/com.hello.miheapp.secretspace- gScfIuJj6R6JjgSSkDypOQ==/split_config.kn.dm': No such file or directory
05-10 17:34:10.113 17151 17151 W ziparchive: Unable to open '/data/app/~~u7JpqXiZ60emteZUUJYZ-Q==/com.hello.miheapp.secretspace- gScfIuJj6R6JjgSSkDypOQ==/split_config.kn.dm': No such file or directory
05-10 17:34:10.117 17151 17151 W .secretspace:p1: Entry not found
05-10 17:34:10.117 17151 17151 W ziparchive: Unable to open '/data/app/~~u7JpqXiZ60emteZUUJYZ-Q==/com.hello.miheapp.secretspace- gScfIuJj6R6JjgSSkDypOQ==/split_config.mr.dm': No such file or directory
05-10 17:34:10.118 17151 17151 W ziparchive: Unable to open '/data/app/~~u7JpqXiZ60emteZUUJYZ-Q==/com.hello.miheapp.secretspace- gScfIuJj6R6JjgSSkDypOQ==/split_config.mr.dm': No such file or directory
05-10 17:34:10.119 17151 17151 W .secretspace:p1: Entry not found
05-10 17:34:10.119 17151 17151 W ziparchive: Unable to open '/data/app/~~u7JpqXiZ60emteZUUJYZ-Q==/com.hello.miheapp.secretspace- gScfIuJj6R6JjgSSkDypOQ==/split_config.ta.dm': No such file or directory
05-10 17:34:10.119 17151 17151 W ziparchive: Unable to open '/data/app/~~u7JpqXiZ60emteZUUJYZ-Q==/com.hello.miheapp.secretspace- gScfIuJj6R6JjgSSkDypOQ==/split_config.ta.dm': No such file or directory
05-10 17:34:10.121 17151 17151 W .secretspace:p1: Entry not found
05-10 17:34:10.121 17151 17151 W ziparchive: Unable to open '/data/app/~~u7JpqXiZ60emteZUUJYZ-Q==/com.hello.miheapp.secretspace- gScfIuJj6R6JjgSSkDypOQ==/split_config.te.dm': No such file or directory
05-10 17:34:10.121 17151 17151 W ziparchive: Unable to open '/data/app/~~u7JpqXiZ60emteZUUJYZ-Q==/com.hello.miheapp.secretspace- gScfIuJj6R6JjgSSkDypOQ==/split_config.te.dm': No such file or directory
05-10 17:34:10.122 17151 17151 W .secretspace:p1: Entry not found
05-10 17:34:10.123 17151 17151 W ziparchive: Unable to open '/data/app/~~u7JpqXiZ60emteZUUJYZ-Q==/com.hello.miheapp.secretspace- gScfIuJj6R6JjgSSkDypOQ==/split_config.xxhdpi.dm': No such file or directory
05-10 17:34:10.123 17151 17151 W ziparchive: Unable to open '/data/app/~~u7JpqXiZ60emteZUUJYZ-Q==/com.hello.miheapp.secretspace- gScfIuJj6R6JjgSSkDypOQ==/split_config.xxhdpi.dm': No such file or directory
05-10 17:34:10.128 17151 17151 W .secretspace:p1: Entry not found
05-10 17:34:10.129 17151 17151 D nativeloader: Configuring clns-5 for other apk /data/app/~~u7JpqXiZ60emteZUUJYZ-Q==/com.hello.miheapp.secretspace- gScfIuJj6R6JjgSSkDypOQ==/base.apk:/data/app/~~u7JpqXiZ60emteZUUJYZ-Q==/ com.hello.miheapp.secretspace-gScfIuJj6R6JjgSSkDypOQ==/ split_config.arm64_v8a.apk:/data/app/~~u7JpqXiZ60emteZUUJYZ-Q==/ com.hello.miheapp.secretspace-gScfIuJj6R6JjgSSkDypOQ==/split_config.bn.apk:/data/ app/~~u7JpqXiZ60emteZUUJYZ-Q==/com.hello.miheapp.secretspace- gScfIuJj6R6JjgSSkDypOQ==/split_config.en.apk:/data/app/~~u7JpqXiZ60emteZUUJYZ-Q==/ com.hello.miheapp.secretspace-gScfIuJj6R6JjgSSkDypOQ==/split_config.gu.apk:/data/ app/~~u7JpqXiZ60emteZUUJYZ-Q==/com.hello.miheapp.secretspace- gScfIuJj6R6JjgSSkDypOQ==/split_config.hi.apk:/data/app/~~u7JpqXiZ60emteZUUJYZ-Q==/ com.hello.miheapp.secretspace-gScfIuJj6R6JjgSSkDypOQ==/split_config.kn.apk:/data/ app/~~u7JpqXiZ60emteZUUJYZ-Q==/com.hello.miheapp.secretspace- gScfIuJj6R6JjgSSkDypOQ==/split_config.mr.apk:/data/app/~~u7JpqXiZ60emteZUUJYZ-Q==/ com.hello.miheapp.secretspace-gScfIuJj6R6JjgSSkDypOQ==/split_
05-10 17:34:10.160 17151 17151 D nativeloader: Load libframework-connectivity- jni.so using APEX ns com_android_tethering for caller /apex/com.android.tethering/javalib/framework-connectivity.jar: ok
05-10 17:34:10.163 17151 17151 V GraphicsEnvironment: Currently set values for:
05-10 17:34:10.163 17151 17151 V GraphicsEnvironment: angle_gl_driver_selection_pkgs=[]
05-10 17:34:10.163 17151 17151 V GraphicsEnvironment: angle_gl_driver_selection_values=[]
05-10 17:34:10.163 17151 17151 V GraphicsEnvironment: ANGLE GameManagerService for com.hello.miheapp.secretspace: false
05-10 17:34:10.163 17151 17151 V GraphicsEnvironment: com.hello.miheapp.secretspace is not listed in per-application setting
05-10 17:34:10.163 17151 17151 V GraphicsEnvironment: Neither updatable production driver nor prerelease driver is supported.
05-10 17:34:10.197 17151 17151 D nativeloader: Load /data/app/~~u7JpqXiZ60emteZUUJYZ-Q==/com.hello.miheapp.secretspace- gScfIuJj6R6JjgSSkDypOQ==/split_config.arm64_v8a.apk!/lib/arm64-v8a/librepublic.so using ns clns-5 from class loader (caller=/data/app/~~u7JpqXiZ60emteZUUJYZ-Q==/com.hello.miheapp.secretspace- gScfIuJj6R6JjgSSkDypOQ==/base.apk): ok
05-10 17:34:10.497 17151 17151 W CheckTime: App running slow: Executing handleBindApplication : makeApplication took 328ms
05-10 17:34:10.501 17151 17151 W Glide : Failed to find GeneratedAppGlideModule. You should include an annotationProcessor compile dependency on com.github.bumptech.glide:compiler in your application and a @GlideModule annotated AppGlideModule implementation or LibraryGlideModules will be silently ignored
05-10 17:34:10.517 17151 17151 D CompatibilityChangeReporter: Compat change id reported: 183155436; UID 10306; state: ENABLED
05-10 17:34:10.520 17151 17151 D SessionsDependencies: Dependency to CRASHLYTICS added.
05-10 17:34:10.521 17151 17151 I FirebaseApp: Device unlocked: initializing all Firebase APIs for app [DEFAULT]
05-10 17:34:10.574 17151 17151 D FirebaseSessions: Initializing Firebase Sessions SDK.
05-10 17:34:10.577 17151 17151 I FirebaseCrashlytics: Initializing Firebase Crashlytics 18.6.2 for com.hello.miheapp.secretspace
05-10 17:34:10.579 17151 17151 D CompatibilityChangeReporter: Compat change id reported: 247079863; UID 10306; state: ENABLED
05-10 17:34:10.588 17151 17151 D SessionsDependencies: Subscriber CRASHLYTICS registered.
05-10 17:34:10.601 12075 14473 D ChimeraServiceProvider: query: content://com.google.android.gms.chimera/api_force_staging/com.google.android.gms.m easurement.dynamite?requestStartTime=109603
05-10 17:34:10.607 17151 17203 W DynamiteModule: Failed to retrieve remote module version.
05-10 17:34:10.609 17151 17228 D SessionConfigFetcher: Fetching settings from server.
05-10 17:34:10.614 17151 17151 I FirebaseApp: FirebaseApp initialization successful
05-10 17:34:10.633 17151 17203 D nativeloader: Configuring clns-6 for other apk /system/framework/com.android.location.provider.jar. target_sdk_version=29, uses_libraries=ALL, library_path=/data/user/0/com.hello.miheapp.secretspace/sandbox/data/app/ com.google.android.gms/lib:/data/user/0/com.hello.miheapp.secretspace/sandbox/ data/app/com.google.android.gms/base.apk!/lib/arm64-v8a, permitted_path=/data:/mnt/expand:/data/user/0/com.hello.miheapp.secretspace/ sandbox/data/user/0/com.google.android.gms
05-10 17:34:10.714 11897 17115 I Process : Sending signal. PID: 17151 SIG: 9
05-10 17:34:10.724 12075 12075 D GmsCheckinTrigger: Ignoring Intent { act=android.intent.action.BOOT_COMPLETED }: checkin is disabled
05-10 17:34:10.725 11897 11897 I ActivityThread: Removing dead content provider:android.content.ContentProviderProxy@ffc14eb
05-10 17:34:10.726 11897 11897 W System.err: java.lang.IllegalAccessException
05-10 17:34:10.727 11897 11897 W System.err: at com.hello.sandbox.utils.compat.ContentProviderCompat.call(ContentProviderCompat.jav a:5)
05-10 17:34:10.727 11897 11897 W System.err: at com.hello.sandbox.utils.provider.ProviderCall.call(ProviderCall.java:2)
05-10 17:34:10.727 11897 11897 W System.err: at com.hello.sandbox.utils.provider.ProviderCall.callSafely(ProviderCall.java:1)
05-10 17:34:10.727 11897 11897 W System.err: at com.hello.sandbox.core.system.BProcessManagerService.initAppProcessL(BProcessManage rService.java:7)
05-10 17:34:10.727 11897 11897 W System.err: at com.hello.sandbox.core.system.BProcessManagerService.crateNew(BProcessManagerServic e.java:14)
05-10 17:34:10.727 11897 11897 W System.err: at com.hello.sandbox.core.system.BProcessManagerService.startProcessLocked(BProcessMan agerService.java:5)
05-10 17:34:10.727 11897 11897 W System.err: at com.hello.sandbox.core.system.am.BActivityManagerService.initProcess(BActivityManag erService.java:2)
05-10 17:34:10.727 11897 11897 W System.err: at com.hello.sandbox.core.system.am.BActivityManagerService.scheduleBroadcastReceiver( BActivityManagerService.java:11)
05-10 17:34:10.727 11897 11897 W System.err: at com.hello.sandbox.fake.frameworks.BActivityManager.scheduleBroadcastReceiver(Unknow n Source:6)
05-10 17:34:10.727 11897 11897 W System.err: at com.hello.sandbox.proxy.ProxyBroadcastReceiver.onReceive(ProxyBroadcastReceiver.jav a:6)
05-10 17:34:10.727 11897 11897 W System.err: at android.app.LoadedApk$ReceiverDispatcher$Args.lambda$getRunnable$0(LoadedApk.java:1 811)
05-10 17:34:10.727 11897 11897 W System.err: at android.app.LoadedApk$ReceiverDispatcher$Args.$r8$lambda$gDuJqgxY6Zb- ifyeubKeivTLAwk(Unknown Source:0)
05-10 17:34:10.727 11897 11897 W System.err: at android.app.LoadedApk$ReceiverDispatcher$Args$$ExternalSyntheticLambda0.run(Unknown Source:2)
05-10 17:34:10.727 11897 11897 W System.err: at android.os.Handler.handleCallback(Handler.java:958)
05-10 17:34:10.727 11897 11897 W System.err: at android.os.Handler.dispatchMessage(Handler.java:99)
05-10 17:34:10.727 11897 11897 W System.err: at android.os.Looper.loopOnce(Looper.java:205)
05-10 17:34:10.727 11897 11897 W System.err: at android.os.Looper.loop(Looper.java:294)
05-10 17:34:10.727 11897 11897 W System.err: at android.app.ActivityThread.main(ActivityThread.java:8376)
05-10 17:34:10.727 11897 11897 W System.err: at java.lang.reflect.Method.invoke(Native Method)
05-10 17:34:10.727 11897 11897 W System.err: at com.android.internal.os.RuntimeInit$MethodAndArgsCaller.run(RuntimeInit.java:640)
05-10 17:34:10.727 11897 11897 W System.err: at com.android.internal.os.ZygoteInit.main(ZygoteInit.java:982)
05-10 17:34:10.751 17242 17242 I libc : SetHeapTaggingLevel: tag level set to 0
05-10 17:34:10.756 17242 17242 I .secretspace:p1: Using CollectorTypeCMC GC.
05-10 17:34:10.758 17242 17242 E .secretspace:p1: Not starting debugger since process cannot load the jdwp agent.
05-10 17:34:10.761 17242 17242 D nativeloader: Load libframework-connectivity- tiramisu-jni.so using APEX ns com_android_tethering for caller /apex/com.android.tethering/javalib/framework-connectivity-t.jar: ok
05-10 17:34:10.791 17242 17242 D CompatibilityChangeReporter: Compat change id reported: 171979766; UID 10306; state: ENABLED
05-10 17:34:10.791 17242 17242 D CompatibilityChangeReporter: Compat change id reported: 242716250; UID 10306; state: ENABLED
05-10 17:34:10.797 17242 17242 D Typeface-FontSettings: initFontDefault defaultFontFamily -> RobotoSlab-Regular
05-10 17:34:10.803 17242 17242 D ApplicationLoaders: Returning zygote-cached class loader: /system/framework/android.test.base.jar
05-10 17:34:10.806 17242 17242 D nativeloader: Configuring clns-4 for other apk /system/framework/org.apache.http.legacy.jar. target_sdk_version=34, uses_libraries=ALL, library_path=/data/app/~~u7JpqXiZ60emteZUUJYZ-Q==/com.hello.miheapp.secretspace- gScfIuJj6R6JjgSSkDypOQ==/lib/arm64:/data/app/~~u7JpqXiZ60emteZUUJYZ-Q==/ com.hello.miheapp.secretspace-gScfIuJj6R6JjgSSkDypOQ==/base.apk!/lib/arm64-v8a:/ data/app/~~u7JpqXiZ60emteZUUJYZ-Q==/com.hello.miheapp.secretspace- gScfIuJj6R6JjgSSkDypOQ==/split_config.arm64_v8a.apk!/lib/arm64-v8a:/data/app/ ~~u7JpqXiZ60emteZUUJYZ-Q==/com.hello.miheapp.secretspace-gScfIuJj6R6JjgSSkDypOQ==/ split_config.bn.apk!/lib/arm64-v8a:/data/app/~~u7JpqXiZ60emteZUUJYZ-Q==/ com.hello.miheapp.secretspace-gScfIuJj6R6JjgSSkDypOQ==/split_config.en.apk!/lib/ arm64-v8a:/data/app/~~u7JpqXiZ60emteZUUJYZ-Q==/com.hello.miheapp.secretspace- gScfIuJj6R6JjgSSkDypOQ==/split_config.gu.apk!/lib/arm64-v8a:/data/app/ ~~u7JpqXiZ60emteZUUJYZ-Q==/com.hello.miheapp.secretspace-gScfIuJj6R6JjgSSkDypOQ==/ split_config.hi.apk!/lib/arm64-v8a:/data/app/~~u7JpqXiZ60emteZU
05-10 17:34:10.820 17242 17242 W ziparchive: Unable to open '/data/app/~~u7JpqXiZ60emteZUUJYZ-Q==/com.hello.miheapp.secretspace- gScfIuJj6R6JjgSSkDypOQ==/split_config.arm64_v8a.dm': No such file or directory
05-10 17:34:10.820 17242 17242 W ziparchive: Unable to open '/data/app/~~u7JpqXiZ60emteZUUJYZ-Q==/com.hello.miheapp.secretspace- gScfIuJj6R6JjgSSkDypOQ==/split_config.arm64_v8a.dm': No such file or directory
05-10 17:34:10.821 17242 17242 W .secretspace:p1: Entry not found
05-10 17:34:10.821 17242 17242 W ziparchive: Unable to open '/data/app/~~u7JpqXiZ60emteZUUJYZ-Q==/com.hello.miheapp.secretspace- gScfIuJj6R6JjgSSkDypOQ==/split_config.bn.dm': No such file or directory
05-10 17:34:10.821 17242 17242 W ziparchive: Unable to open '/data/app/~~u7JpqXiZ60emteZUUJYZ-Q==/com.hello.miheapp.secretspace- gScfIuJj6R6JjgSSkDypOQ==/split_config.bn.dm': No such file or directory
05-10 17:34:10.821 17242 17242 W .secretspace:p1: Entry not found
05-10 17:34:10.822 17242 17242 W ziparchive: Unable to open '/data/app/~~u7JpqXiZ60emteZUUJYZ-Q==/com.hello.miheapp.secretspace- gScfIuJj6R6JjgSSkDypOQ==/split_config.en.dm': No such file or directory
05-10 17:34:10.822 17242 17242 W ziparchive: Unable to open '/data/app/~~u7JpqXiZ60emteZUUJYZ-Q==/com.hello.miheapp.secretspace- gScfIuJj6R6JjgSSkDypOQ==/split_config.en.dm': No such file or directory
05-10 17:34:10.822 17242 17242 W .secretspace:p1: Entry not found
05-10 17:34:10.822 17242 17242 W ziparchive: Unable to open '/data/app/~~u7JpqXiZ60emteZUUJYZ-Q==/com.hello.miheapp.secretspace- gScfIuJj6R6JjgSSkDypOQ==/split_config.gu.dm': No such file or directory
05-10 17:34:10.822 17242 17242 W ziparchive: Unable to open '/data/app/~~u7JpqXiZ60emteZUUJYZ-Q==/com.hello.miheapp.secretspace- gScfIuJj6R6JjgSSkDypOQ==/split_config.gu.dm': No such file or directory
05-10 17:34:10.822 17242 17242 W .secretspace:p1: Entry not found
05-10 17:34:10.822 17242 17242 W ziparchive: Unable to open '/data/app/~~u7JpqXiZ60emteZUUJYZ-Q==/com.hello.miheapp.secretspace- gScfIuJj6R6JjgSSkDypOQ==/split_config.hi.dm': No such file or directory
05-10 17:34:10.822 17242 17242 W ziparchive: Unable to open '/data/app/~~u7JpqXiZ60emteZUUJYZ-Q==/com.hello.miheapp.secretspace- gScfIuJj6R6JjgSSkDypOQ==/split_config.hi.dm': No such file or directory
05-10 17:34:10.822 17242 17242 W .secretspace:p1: Entry not found
05-10 17:34:10.822 17242 17242 W ziparchive: Unable to open '/data/app/~~u7JpqXiZ60emteZUUJYZ-Q==/com.hello.miheapp.secretspace- gScfIuJj6R6JjgSSkDypOQ==/split_config.kn.dm': No such file or directory
05-10 17:34:10.822 17242 17242 W ziparchive: Unable to open '/data/app/~~u7JpqXiZ60emteZUUJYZ-Q==/com.hello.miheapp.secretspace- gScfIuJj6R6JjgSSkDypOQ==/split_config.kn.dm': No such file or directory
05-10 17:34:10.823 17242 17242 W .secretspace:p1: Entry not found
05-10 17:34:10.823 17242 17242 W ziparchive: Unable to open '/data/app/~~u7JpqXiZ60emteZUUJYZ-Q==/com.hello.miheapp.secretspace- gScfIuJj6R6JjgSSkDypOQ==/split_config.mr.dm': No such file or directory
05-10 17:34:10.823 17242 17242 W ziparchive: Unable to open '/data/app/~~u7JpqXiZ60emteZUUJYZ-Q==/com.hello.miheapp.secretspace- gScfIuJj6R6JjgSSkDypOQ==/split_config.mr.dm': No such file or directory
05-10 17:34:10.823 17242 17242 W .secretspace:p1: Entry not found
05-10 17:34:10.823 17242 17242 W ziparchive: Unable to open '/data/app/~~u7JpqXiZ60emteZUUJYZ-Q==/com.hello.miheapp.secretspace- gScfIuJj6R6JjgSSkDypOQ==/split_config.ta.dm': No such file or directory
05-10 17:34:10.823 17242 17242 W ziparchive: Unable to open '/data/app/~~u7JpqXiZ60emteZUUJYZ-Q==/com.hello.miheapp.secretspace- gScfIuJj6R6JjgSSkDypOQ==/split_config.ta.dm': No such file or directory
05-10 17:34:10.823 17242 17242 W .secretspace:p1: Entry not found
05-10 17:34:10.823 17242 17242 W ziparchive: Unable to open '/data/app/~~u7JpqXiZ60emteZUUJYZ-Q==/com.hello.miheapp.secretspace- gScfIuJj6R6JjgSSkDypOQ==/split_config.te.dm': No such file or directory
05-10 17:34:10.823 17242 17242 W ziparchive: Unable to open '/data/app/~~u7JpqXiZ60emteZUUJYZ-Q==/com.hello.miheapp.secretspace- gScfIuJj6R6JjgSSkDypOQ==/split_config.te.dm': No such file or directory
05-10 17:34:10.824 17242 17242 W .secretspace:p1: Entry not found
05-10 17:34:10.824 17242 17242 W ziparchive: Unable to open '/data/app/~~u7JpqXiZ60emteZUUJYZ-Q==/com.hello.miheapp.secretspace- gScfIuJj6R6JjgSSkDypOQ==/split_config.xxhdpi.dm': No such file or directory
05-10 17:34:10.824 17242 17242 W ziparchive: Unable to open '/data/app/~~u7JpqXiZ60emteZUUJYZ-Q==/com.hello.miheapp.secretspace- gScfIuJj6R6JjgSSkDypOQ==/split_config.xxhdpi.dm': No such file or directory
05-10 17:34:10.824 17242 17242 W .secretspace:p1: Entry not found
05-10 17:34:10.825 17242 17242 D nativeloader: Configuring clns-5 for other apk /data/app/~~u7JpqXiZ60emteZUUJYZ-Q==/com.hello.miheapp.secretspace- gScfIuJj6R6JjgSSkDypOQ==/base.apk:/data/app/~~u7JpqXiZ60emteZUUJYZ-Q==/ com.hello.miheapp.secretspace-gScfIuJj6R6JjgSSkDypOQ==/ split_config.arm64_v8a.apk:/data/app/~~u7JpqXiZ60emteZUUJYZ-Q==/ com.hello.miheapp.secretspace-gScfIuJj6R6JjgSSkDypOQ==/split_config.bn.apk:/data/ app/~~u7JpqXiZ60emteZUUJYZ-Q==/com.hello.miheapp.secretspace- gScfIuJj6R6JjgSSkDypOQ==/split_config.en.apk:/data/app/~~u7JpqXiZ60emteZUUJYZ-Q==/ com.hello.miheapp.secretspace-gScfIuJj6R6JjgSSkDypOQ==/split_config.gu.apk:/data/ app/~~u7JpqXiZ60emteZUUJYZ-Q==/com.hello.miheapp.secretspace- gScfIuJj6R6JjgSSkDypOQ==/split_config.hi.apk:/data/app/~~u7JpqXiZ60emteZUUJYZ-Q==/ com.hello.miheapp.secretspace-gScfIuJj6R6JjgSSkDypOQ==/split_config.kn.apk:/data/ app/~~u7JpqXiZ60emteZUUJYZ-Q==/com.hello.miheapp.secretspace- gScfIuJj6R6JjgSSkDypOQ==/split_config.mr.apk:/data/app/~~u7JpqXiZ60emteZUUJYZ-Q==/ com.hello.miheapp.secretspace-gScfIuJj6R6JjgSSkDypOQ==/split_
05-10 17:34:10.931 17242 17242 D nativeloader: Load libframework-connectivity- jni.so using APEX ns com_android_tethering for caller /apex/com.android.tethering/javalib/framework-connectivity.jar: ok
05-10 17:34:10.935 17242 17242 V GraphicsEnvironment: Currently set values for:
05-10 17:34:10.935 17242 17242 V GraphicsEnvironment: angle_gl_driver_selection_pkgs=[]
05-10 17:34:10.935 17242 17242 V GraphicsEnvironment: angle_gl_driver_selection_values=[]
05-10 17:34:10.938 17242 17242 V GraphicsEnvironment: ANGLE GameManagerService for com.hello.miheapp.secretspace: false
05-10 17:34:10.938 17242 17242 V GraphicsEnvironment: com.hello.miheapp.secretspace is not listed in per-application setting
05-10 17:34:10.938 17242 17242 V GraphicsEnvironment: Neither updatable production driver nor prerelease driver is supported.
05-10 17:34:10.949 17242 17242 D nativeloader: Load /data/app/~~u7JpqXiZ60emteZUUJYZ-Q==/com.hello.miheapp.secretspace- gScfIuJj6R6JjgSSkDypOQ==/split_config.arm64_v8a.apk!/lib/arm64-v8a/librepublic.so using ns clns-5 from class loader (caller=/data/app/~~u7JpqXiZ60emteZUUJYZ-Q==/com.hello.miheapp.secretspace- gScfIuJj6R6JjgSSkDypOQ==/base.apk): ok
05-10 17:34:11.108 17242 17242 W Glide : Failed to find GeneratedAppGlideModule. You should include an annotationProcessor compile dependency on com.github.bumptech.glide:compiler in your application and a @GlideModule annotated AppGlideModule implementation or LibraryGlideModules will be silently ignored
05-10 17:34:11.136 17242 17242 D CompatibilityChangeReporter: Compat change id reported: 183155436; UID 10306; state: ENABLED
05-10 17:34:11.142 17242 17242 D SessionsDependencies: Dependency to CRASHLYTICS added.
05-10 17:34:11.146 17242 17242 I FirebaseApp: Device unlocked: initializing all Firebase APIs for app [DEFAULT]
05-10 17:34:11.169 17242 17242 D FirebaseSessions: Initializing Firebase Sessions SDK.
05-10 17:34:11.170 17242 17242 I FirebaseCrashlytics: Initializing Firebase Crashlytics 18.6.2 for com.hello.miheapp.secretspace
05-10 17:34:11.171 17242 17242 D CompatibilityChangeReporter: Compat change id reported: 247079863; UID 10306; state: ENABLED
05-10 17:34:11.183 17242 17242 D SessionsDependencies: Subscriber CRASHLYTICS registered.
05-10 17:34:11.183 12075 14473 D ChimeraServiceProvider: query: content://com.google.android.gms.chimera/api_force_staging/com.google.android.gms.m easurement.dynamite?requestStartTime=110235
05-10 17:34:11.184 17242 17296 W DynamiteModule: Failed to retrieve remote module version.
05-10 17:34:11.195 17242 17318 D SessionConfigFetcher: Fetching settings from server.
05-10 17:34:11.196 17242 17296 D nativeloader: Configuring clns-6 for other apk /system/framework/com.android.location.provider.jar. target_sdk_version=29, uses_libraries=ALL, library_path=/data/user/0/com.hello.miheapp.secretspace/sandbox/data/app/ com.google.android.gms/lib:/data/user/0/com.hello.miheapp.secretspace/sandbox/ data/app/com.google.android.gms/base.apk!/lib/arm64-v8a, permitted_path=/data:/mnt/expand:/data/user/0/com.hello.miheapp.secretspace/ sandbox/data/user/0/com.google.android.gms
05-10 17:34:11.204 17242 17242 I FirebaseApp: FirebaseApp initialization successful
05-10 17:34:11.281 17242 17242 D nativeloader: Load /data/app/~~u7JpqXiZ60emteZUUJYZ-Q==/com.hello.miheapp.secretspace- gScfIuJj6R6JjgSSkDypOQ==/split_config.arm64_v8a.apk!/lib/arm64-v8a/libsandbox.so using ns clns-5 from class loader (caller=/data/app/~~u7JpqXiZ60emteZUUJYZ-Q==/com.hello.miheapp.secretspace- gScfIuJj6R6JjgSSkDypOQ==/base.apk): ok
05-10 17:34:11.281 17242 17242 D NativeCore: NativeCore init.
05-10 17:34:11.282 17242 17242 D NativeCore: found art method entrypoint jni offset: 2
05-10 17:34:11.284 17242 17242 D NativeCore: not found art method match access flags offset , use default: 4
05-10 17:34:11.302 17242 17296 I .secretspace:p1: Failed to add image file: Failed to find OatDexFile for DexFile /data/app/~~u7JpqXiZ60emteZUUJYZ-Q==/com.hello.miheapp.secretspace- gScfIuJj6R6JjgSSkDypOQ==/base.apk (canonical path /data/app/~~u7JpqXiZ60emteZUUJYZ- Q==/com.hello.miheapp.secretspace-gScfIuJj6R6JjgSSkDypOQ==/base.apk) in OatFile /data/user/0/com.hello.miheapp.secretspace/sandbox/data/app/com.google.android.gms/ oat/arm64/base.vdex
05-10 17:34:11.305 17242 17296 D nativeloader: Configuring clns-7 for other apk /data/user/0/com.hello.miheapp.secretspace/sandbox/data/app/com.google.android.gms/ base.apk. target_sdk_version=29, uses_libraries=, library_path=/data/user/0/com.hello.miheapp.secretspace/sandbox/data/app/ com.google.android.gms/lib:/data/user/0/com.hello.miheapp.secretspace/sandbox/ data/app/com.google.android.gms/base.apk!/lib/arm64-v8a, permitted_path=/data:/mnt/expand:/data/user/0/com.hello.miheapp.secretspace/ sandbox/data/user/0/com.google.android.gms
05-10 17:34:11.307 17242 17296 W DynamiteModule: IDynamite loader version = 2, no high precision latency measurement.
05-10 17:34:11.308 17242 17296 I DynamiteModule: Considering local module com.google.android.gms.measurement.dynamite:100 and remote module com.google.android.gms.measurement.dynamite:98
05-10 17:34:11.308 17242 17296 I DynamiteModule: Selected local version of com.google.android.gms.measurement.dynamite
05-10 17:34:11.309 17242 17296 W DynamiteModule: IDynamite loader version = 2, no high precision latency measurement.
05-10 17:34:11.335 17242 17347 I FA : App measurement initialized, version: 84002
05-10 17:34:11.335 17242 17347 I FA : To enable debug logging run: adb shell setprop log.tag.FA VERBOSE
05-10 17:34:11.335 17242 17347 I FA : To enable faster debug mode event logging run:
05-10 17:34:11.335 17242 17347 I FA : adb shell setprop debug.firebase.analytics.app com.hello.miheapp.secretspace
05-10 17:34:11.354 17242 17347 D CompatibilityChangeReporter: Compat change id reported: 183155436; UID 10306; state: ENABLED
05-10 17:34:11.355 17242 17242 E NativeCore: not native method
05-10 17:34:11.355 17242 17242 E NativeCore: check flags error. class:java/io/UnixFileSystem, method:canonicalize0
05-10 17:34:11.355 17242 17242 D NativeCore: register class:java/io/UnixFileSystem, method:getBooleanAttributes0 success!
05-10 17:34:11.355 17242 17242 D NativeCore: register class:java/io/UnixFileSystem, method:getLastModifiedTime0 success!
05-10 17:34:11.355 17242 17242 D NativeCore: register class:java/io/UnixFileSystem, method:setPermission0 success!
05-10 17:34:11.355 17242 17242 D NativeCore: register class:java/io/UnixFileSystem, method:createFileExclusively0 success!
05-10 17:34:11.355 17242 17242 D NativeCore: register class:java/io/UnixFileSystem, method:list0 success!
05-10 17:34:11.355 17242 17242 D NativeCore: register class:java/io/UnixFileSystem, method:createDirectory0 success!
05-10 17:34:11.355 17242 17242 D NativeCore: register class:java/io/UnixFileSystem, method:setLastModifiedTime0 success!
05-10 17:34:11.355 17242 17242 D NativeCore: register class:java/io/UnixFileSystem, method:setReadOnly0 success!
05-10 17:34:11.355 17242 17242 D NativeCore: register class:java/io/UnixFileSystem, method:getSpace0 success!
05-10 17:34:11.355 17242 17242 D NativeCore: register class:java/lang/VMClassLoader, method:findLoadedClass success!
05-10 17:34:11.355 17242 17242 D NativeCore: register class:android/os/Binder, method:getCallingUid success!
05-10 17:34:11.355 17242 17242 D NativeCore: register class:dalvik/system/VMRuntime, method:setHiddenApiExemptions success!
05-10 17:34:11.355 17242 17242 D NativeCore: register class:dalvik/system/DexFile, method:openDexFileNative success!
05-10 17:34:11.361 17242 17347 W FA : Table has extra columns. table, columns: messages, app_version, app_version_int
05-10 17:34:11.421 17242 17242 I MultiDex: VM with version 2.1.0 has multidex support
05-10 17:34:11.422 17242 17242 I MultiDex: Installing application
05-10 17:34:11.422 17242 17242 I MultiDex: VM has multidex support, MultiDex support library is disabled.
05-10 17:34:11.429 17242 17242 D CompatibilityChangeReporter: Compat change id reported: 183155436; UID 10001; state: ENABLED
05-10 17:34:11.442 17242 17242 D ExposureNotification: ServiceTrigger: Intent { act=android.intent.action.BOOT_COMPLETED }
05-10 17:34:11.450 12075 12075 D WM-RescheduleReceiver: Received intent Intent { act=android.intent.action.BOOT_COMPLETED }
05-10 17:34:11.451 12075 12075 E WM-RescheduleReceiver: Cannot reschedule jobs. WorkManager needs to be initialized via a ContentProvider#onCreate() or an Application#onCreate().
05-10 17:34:11.451 12075 12075 E WM-RescheduleReceiver: java.lang.IllegalStateException: WorkManager is not initialized properly. You have explicitly disabled WorkManagerInitializer in your manifest, have not manually called WorkManager#initialize at this point, and your Application does not implement Configuration.Provider.
05-10 17:34:11.451 12075 12075 E WM-RescheduleReceiver: at i1.j.j(SourceFile:1)
05-10 17:34:11.451 12075 12075 E WM-RescheduleReceiver: at androidx.work.impl.background.systemalarm.RescheduleReceiver.onReceive(Unknown Source:29)
05-10 17:34:11.451 12075 12075 E WM-RescheduleReceiver: at com.hello.sandbox.app.BActivityThread.lambda$scheduleReceiver$4(BActivityThread.jav a:9)
05-10 17:34:11.451 12075 12075 E WM-RescheduleReceiver: at com.hello.sandbox.app.BActivityThread.N1(Unknown Source:0)
05-10 17:34:11.451 12075 12075 E WM-RescheduleReceiver: at com.appsflyer.internal.o.run(Unknown Source:14)
05-10 17:34:11.451 12075 12075 E WM-RescheduleReceiver: at android.os.Handler.handleCallback(Handler.java:958)
05-10 17:34:11.451 12075 12075 E WM-RescheduleReceiver: at android.os.Handler.dispatchMessage(Handler.java:99)
05-10 17:34:11.451 12075 12075 E WM-RescheduleReceiver: at android.os.Looper.loopOnce(Looper.java:205)
05-10 17:34:11.451 12075 12075 E WM-RescheduleReceiver: at android.os.Looper.loop(Looper.java:294)
05-10 17:34:11.451 12075 12075 E WM-RescheduleReceiver: at android.app.ActivityThread.main(ActivityThread.java:8376)
05-10 17:34:11.451 12075 12075 E WM-RescheduleReceiver: at java.lang.reflect.Method.invoke(Native Method)
05-10 17:34:11.451 12075 12075 E WM-RescheduleReceiver: at com.android.internal.os.RuntimeInit$MethodAndArgsCaller.run(RuntimeInit.java:640)
05-10 17:34:11.451 12075 12075 E WM-RescheduleReceiver: at com.android.internal.os.ZygoteInit.main(ZygoteInit.java:982)
05-10 17:34:11.457 12075 12075 D GmsCheckinTrigger: Ignoring Intent { act=android.intent.action.BOOT_COMPLETED }: checkin is disabled
05-10 17:34:11.461 12075 12075 D WM-RescheduleReceiver: Received intent Intent { act=android.intent.action.BOOT_COMPLETED }
05-10 17:34:11.461 12075 12075 E WM-RescheduleReceiver: Cannot reschedule jobs. WorkManager needs to be initialized via a ContentProvider#onCreate() or an Application#onCreate().
05-10 17:34:11.461 12075 12075 E WM-RescheduleReceiver: java.lang.IllegalStateException: WorkManager is not initialized properly. You have explicitly disabled WorkManagerInitializer in your manifest, have not manually called WorkManager#initialize at this point, and your Application does not implement Configuration.Provider.
05-10 17:34:11.461 12075 12075 E WM-RescheduleReceiver: at i1.j.j(SourceFile:1)
05-10 17:34:11.461 12075 12075 E WM-RescheduleReceiver: at androidx.work.impl.background.systemalarm.RescheduleReceiver.onReceive(Unknown Source:29)
05-10 17:34:11.461 12075 12075 E WM-RescheduleReceiver: at com.hello.sandbox.app.BActivityThread.lambda$scheduleReceiver$4(BActivityThread.jav a:9)
05-10 17:34:11.461 12075 12075 E WM-RescheduleReceiver: at com.hello.sandbox.app.BActivityThread.N1(Unknown Source:0)
05-10 17:34:11.461 12075 12075 E WM-RescheduleReceiver: at com.appsflyer.internal.o.run(Unknown Source:14)
05-10 17:34:11.461 12075 12075 E WM-RescheduleReceiver: at android.os.Handler.handleCallback(Handler.java:958)
05-10 17:34:11.461 12075 12075 E WM-RescheduleReceiver: at android.os.Handler.dispatchMessage(Handler.java:99)
05-10 17:34:11.461 12075 12075 E WM-RescheduleReceiver: at android.os.Looper.loopOnce(Looper.java:205)
05-10 17:34:11.461 12075 12075 E WM-RescheduleReceiver: at android.os.Looper.loop(Looper.java:294)
05-10 17:34:11.461 12075 12075 E WM-RescheduleReceiver: at android.app.ActivityThread.main(ActivityThread.java:8376)
05-10 17:34:11.461 12075 12075 E WM-RescheduleReceiver: at java.lang.reflect.Method.invoke(Native Method)
05-10 17:34:11.461 12075 12075 E WM-RescheduleReceiver: at com.android.internal.os.RuntimeInit$MethodAndArgsCaller.run(RuntimeInit.java:640)
05-10 17:34:11.461 12075 12075 E WM-RescheduleReceiver: at com.android.internal.os.ZygoteInit.main(ZygoteInit.java:982)
05-10 17:34:11.465 12075 12075 D GmsCheckinTrigger: Ignoring Intent { act=android.intent.action.BOOT_COMPLETED }: checkin is disabled
05-10 17:34:11.467 12075 12075 D WM-RescheduleReceiver: Received intent Intent { act=android.intent.action.BOOT_COMPLETED }
05-10 17:34:11.467 12075 12075 E WM-RescheduleReceiver: Cannot reschedule jobs. WorkManager needs to be initialized via a ContentProvider#onCreate() or an Application#onCreate().
05-10 17:34:11.467 12075 12075 E WM-RescheduleReceiver: java.lang.IllegalStateException: WorkManager is not initialized properly. You have explicitly disabled WorkManagerInitializer in your manifest, have not manually called WorkManager#initialize at this point, and your Application does not implement Configuration.Provider.
