05-10 17:34:11.467 12075 12075 E WM-RescheduleReceiver: at i1.j.j(SourceFile:1)
05-10 17:34:11.467 12075 12075 E WM-RescheduleReceiver: at androidx.work.impl.background.systemalarm.RescheduleReceiver.onReceive(Unknown Source:29)
05-10 17:34:11.467 12075 12075 E WM-RescheduleReceiver: at com.hello.sandbox.app.BActivityThread.lambda$scheduleReceiver$4(BActivityThread.jav a:9)
05-10 17:34:11.467 12075 12075 E WM-RescheduleReceiver: at com.hello.sandbox.app.BActivityThread.N1(Unknown Source:0)
05-10 17:34:11.467 12075 12075 E WM-RescheduleReceiver: at com.appsflyer.internal.o.run(Unknown Source:14)
05-10 17:34:11.467 12075 12075 E WM-RescheduleReceiver: at android.os.Handler.handleCallback(Handler.java:958)
05-10 17:34:11.467 12075 12075 E WM-RescheduleReceiver: at android.os.Handler.dispatchMessage(Handler.java:99)
05-10 17:34:11.467 12075 12075 E WM-RescheduleReceiver: at android.os.Looper.loopOnce(Looper.java:205)
05-10 17:34:11.467 12075 12075 E WM-RescheduleReceiver: at android.os.Looper.loop(Looper.java:294)
05-10 17:34:11.467 12075 12075 E WM-RescheduleReceiver: at android.app.ActivityThread.main(ActivityThread.java:8376)
05-10 17:34:11.467 12075 12075 E WM-RescheduleReceiver: at java.lang.reflect.Method.invoke(Native Method)
05-10 17:34:11.467 12075 12075 E WM-RescheduleReceiver: at com.android.internal.os.RuntimeInit$MethodAndArgsCaller.run(RuntimeInit.java:640)
05-10 17:34:11.467 12075 12075 E WM-RescheduleReceiver: at com.android.internal.os.ZygoteInit.main(ZygoteInit.java:982)
05-10 17:34:11.474 17242 17242 D ExposureNotification: Trigger class org.microg.gms.nearby.exposurenotification.CleanupService
05-10 17:34:11.493 12075 12087 D MeasurementService: bound by: GetServiceRequest{serviceId=MEASUREMENT, gmsVersion=12451000, packageName='com.hello.miheapp.secretspace', extras=Bundle[{}]}
05-10 17:34:11.499 17242 17242 D GmsGcmTrigger: Ignoring Intent { act=android.intent.action.BOOT_COMPLETED }: gcm is disabled
05-10 17:34:11.500 17242 17242 D ExposureNotification: ServiceTrigger: Intent { act=android.intent.action.BOOT_COMPLETED }
05-10 17:34:11.513 17242 17242 D ExposureNotification: Trigger class org.microg.gms.nearby.exposurenotification.CleanupService
05-10 17:34:11.526 17242 17242 D GmsGcmTrigger: Ignoring Intent { act=android.intent.action.BOOT_COMPLETED }: gcm is disabled
05-10 17:34:11.526 17242 17242 D ExposureNotification: ServiceTrigger: Intent { act=android.intent.action.BOOT_COMPLETED }
05-10 17:34:11.536 17242 17242 D ExposureNotification: Trigger class org.microg.gms.nearby.exposurenotification.CleanupService
05-10 17:34:11.552 17242 17242 D ExposureNotification: CleanupService.start: Intent { cmp=com.google.android.gms/org.microg.gms.nearby.exposurenotification.CleanupServic e }
05-10 17:34:11.604 17242 17242 D ExposureNotification: CleanupService.start: Intent { cmp=com.google.android.gms/org.microg.gms.nearby.exposurenotification.CleanupServic e }
05-10 17:34:11.606 12075 12087 D SafeParcel: Unknown field id 34 in com.google.android.gms.measurement.internal.AppMetadata, skipping.
05-10 17:34:11.606 12075 12087 D SafeParcel: Unknown field id 35 in com.google.android.gms.measurement.internal.AppMetadata, skipping.
05-10 17:34:11.606 12075 12087 D MeasurementService: sendAppLaunch() for AppMetadata[com.hello.miheapp.secretspace]
05-10 17:34:11.607 17242 17347 W FA : Table has extra columns. table, columns: messages, app_version, app_version_int
05-10 17:34:11.610 17242 17347 W FA : Table has extra columns. table, columns: messages, app_version, app_version_int
05-10 17:34:11.611 12075 12087 D SafeParcel: Unknown field id 34 in com.google.android.gms.measurement.internal.AppMetadata, skipping.
05-10 17:34:11.612 12075 12087 D SafeParcel: Unknown field id 35 in com.google.android.gms.measurement.internal.AppMetadata, skipping.
05-10 17:34:11.612 12075 12087 D MeasurementService: getAppInstanceId() for AppMetadata[com.hello.miheapp.secretspace]
05-10 17:34:11.614 12075 14473 D SafeParcel: Unknown field id 34 in com.google.android.gms.measurement.internal.AppMetadata, skipping.
05-10 17:34:11.614 12075 14473 D SafeParcel: Unknown field id 35 in com.google.android.gms.measurement.internal.AppMetadata, skipping.
05-10 17:34:11.614 12075 14473 D MeasurementService: sendDefaultEventParameters(Bundle[EMPTY_PARCEL]) for AppMetadata[com.hello.miheapp.secretspace]
05-10 17:34:11.615 17242 17411 D ExposureNotification: Deleted on daily cleanup: 0 adv
05-10 17:34:11.615 17242 17411 D ExposureNotification: Deleted on daily cleanup: 0 applogs
05-10 17:34:11.616 17242 17411 D ExposureNotification: Deleted on daily cleanup: 0 tokens
05-10 17:34:11.616 17242 17411 D ExposureNotification: Deleted on daily cleanup: 0 teks
05-10 17:34:11.616 17242 17411 D ExposureNotification: Deleted on daily cleanup: 0 tcss
05-10 17:34:11.616 17242 17411 D ExposureNotification: Deleted on daily cleanup: 0 tcfs
05-10 17:34:11.617 17242 17411 D ExposureNotification: Deleted on daily cleanup: 0 perms
05-10 17:34:11.620 17242 17242 D ExposureNotification: CleanupService.start: Intent { cmp=com.google.android.gms/org.microg.gms.nearby.exposurenotification.CleanupServic e }
05-10 17:34:11.624 17242 17411 D ExposureNotification: Done vacuuming
05-10 17:34:11.626 17242 17413 D ExposureNotification: Deleted on daily cleanup: 0 adv
05-10 17:34:11.626 17242 17413 D ExposureNotification: Deleted on daily cleanup: 0 applogs
05-10 17:34:11.626 17242 17413 D ExposureNotification: Deleted on daily cleanup: 0 tokens
05-10 17:34:11.626 17242 17413 D ExposureNotification: Deleted on daily cleanup: 0 teks
05-10 17:34:11.626 17242 17413 D ExposureNotification: Deleted on daily cleanup: 0 tcss
05-10 17:34:11.626 17242 17413 D ExposureNotification: Deleted on daily cleanup: 0 tcfs
05-10 17:34:11.626 17242 17413 D ExposureNotification: Deleted on daily cleanup: 0 perms
05-10 17:34:11.629 17242 17413 D ExposureNotification: Done vacuuming
05-10 17:34:11.631 17242 17242 D CompatibilityChangeReporter: Compat change id reported: 160794467; UID 10001; state: DISABLED
05-10 17:34:11.634 17242 17412 D ExposureNotification: Deleted on daily cleanup: 0 adv
05-10 17:34:11.634 17242 17412 D ExposureNotification: Deleted on daily cleanup: 0 applogs
05-10 17:34:11.635 17242 17412 D ExposureNotification: Deleted on daily cleanup: 0 tokens
05-10 17:34:11.635 17242 17412 D ExposureNotification: Deleted on daily cleanup: 0 teks
05-10 17:34:11.635 17242 17412 D ExposureNotification: Deleted on daily cleanup: 0 tcss
05-10 17:34:11.635 17242 17412 D ExposureNotification: Deleted on daily cleanup: 0 tcfs
05-10 17:34:11.635 17242 17412 D ExposureNotification: Deleted on daily cleanup: 0 perms
05-10 17:34:11.641 17242 17412 D ExposureNotification: Done vacuuming
05-10 17:34:14.433 17242 17316 I FirebaseCrashlytics: No version control information found
05-10 17:34:14.532 17242 17313 D SessionConfigFetcher: Fetched settings: {"settings_version":3,"cache_duration":191424,"features": {"collect_logged_exceptions":true,"collect_reports":true,"collect_analytics":false, "prompt_enabled":false,"push_enabled":false,"firebase_crashlytics_enabled":false,"c ollect_anrs":true,"collect_metric_kit":false,"collect_build_ids":true},"app": {"status":"activated","update_required":false,"report_upload_variant":2,"native_rep ort_upload_variant":2},"fabric": {"org_id":"65f00c8a567bf1f0daf09834","bundle_id":"com.hello.miheapp.secretspace"}," on_demand_upload_rate_per_minute":10,"on_demand_backoff_base":1.2,"on_demand_backof f_step_duration_seconds":60,"app_quality": {"sessions_enabled":true,"sampling_rate":1,"session_timeout_seconds":1800},"on_dema nd_thread_recording_suspension_enabled":true}
05-10 17:34:14.552 17242 17319 D LifecycleServiceBinder: Binding service to application.
05-10 17:34:35.224 17242 17246 I .secretspace:p1: Background concurrent mark compact GC freed 17MB AllocSpace bytes, 43(2012KB) LOS objects, 83% free, 4794KB/28MB, paused 790us,5.509ms total 259.231ms
05-10 18:04:51.701 11897 17241 I Process : Sending signal. PID: 17242 SIG: 9
05-10 18:08:20.587 11638 11650 I app.secretspace: Background concurrent mark compact GC freed 5423KB AllocSpace bytes, 8(284KB) LOS objects, 80% free, 5986KB/29MB, paused 2.147ms,3.410ms total 234.980ms
05-10 18:08:20.587 11638 11650 W app.secretspace: Reducing the number of considered missed Gc histogram windows from 197 to 100
05-10 18:08:25.387 11897 11903 W cretspace:black: Reducing the number of considered missed Gc histogram windows from 198 to 100
05-10 18:08:35.383 12220 12229 W secretspace:dex: Reducing the number of considered missed Gc histogram windows from 199 to 100
05-10 18:08:40.405 12075 12080 W .secretspace:p0: Reducing the number of considered missed Gc histogram windows from 199 to 100
05-10 18:08:40.411 12075 12082 W System : A resource failed to call ContentProviderClient.close.
05-10 18:08:40.412 12075 12082 W System : A resource failed to call ContentProviderClient.close.
05-10 18:08:40.412 12075 12082 W System : A resource failed to call ContentProviderClient.close.
05-10 19:01:16.387 12220 12220 D Typeface-FontSettings: updateToOverlayFont: overlay is cur default, no need update
05-10 19:01:16.429 11638 11638 D Typeface-FontSettings: updateToOverlayFont: overlay is cur default, no need update
05-10 19:01:16.471 11897 11897 D Typeface-FontSettings: updateToOverlayFont: overlay is cur default, no need update
05-10 19:01:16.499 12075 12075 D Typeface-FontSettings: updateToOverlayFont: overlay is cur default, no need update
05-10 19:19:27.823 12220 12220 D Typeface-FontSettings: updateToOverlayFont: overlay is cur default, no need update
05-10 19:19:27.865 12075 12075 D Typeface-FontSettings: updateToOverlayFont: overlay is cur default, no need update
05-10 19:19:27.872 11897 11897 D Typeface-FontSettings: updateToOverlayFont: overlay is cur default, no need update
05-10 19:19:27.903 11638 11638 D Typeface-FontSettings: updateToOverlayFont: overlay is cur default, no need update
05-10 19:20:40.394 12220 12229 W secretspace:dex: Reducing the number of considered missed Gc histogram windows from 221 to 100
05-10 19:23:53.572 11638 11650 I app.secretspace: Background concurrent mark compact GC freed 2116KB AllocSpace bytes, 32(640KB) LOS objects, 82% free, 5279KB/29MB, paused 616us,4.927ms total 118.152ms
05-10 19:23:53.572 11638 11650 W app.secretspace: Reducing the number of considered missed Gc histogram windows from 243 to 100
05-10 19:24:03.526 12075 12080 W .secretspace:p0: Reducing the number of considered missed Gc histogram windows from 242 to 100
05-10 19:24:13.508 11897 11903 W cretspace:black: Reducing the number of considered missed Gc histogram windows from 244 to 100
05-10 20:02:59.086 12220 12229 W secretspace:dex: Reducing the number of considered missed Gc histogram windows from 239 to 100
05-10 20:03:14.142 11638 11650 I app.secretspace: Background concurrent mark compact GC freed 1188KB AllocSpace bytes, 0(0B) LOS objects, 82% free, 5275KB/29MB, paused 865us,5.244ms total 113.936ms
05-10 20:03:14.142 11638 11650 W app.secretspace: Reducing the number of considered missed Gc histogram windows from 236 to 100
05-10 20:04:17.369 12075 12080 W .secretspace:p0: Reducing the number of considered missed Gc histogram windows from 241 to 100
05-10 20:04:22.354 11897 11903 W cretspace:black: Reducing the number of considered missed Gc histogram windows from 241 to 100
05-10 20:34:36.475 12220 12229 W secretspace:dex: Reducing the number of considered missed Gc histogram windows from 149 to 100
05-10 20:35:06.504 12075 12080 W .secretspace:p0: Reducing the number of considered missed Gc histogram windows from 145 to 100
05-10 20:35:11.487 11897 11903 W cretspace:black: Reducing the number of considered missed Gc histogram windows from 143 to 100
05-10 20:35:46.559 11638 11650 W app.secretspace: Reducing the number of considered missed Gc histogram windows from 150 to 100
05-10 21:26:55.151 12220 12229 W secretspace:dex: Reducing the number of considered missed Gc histogram windows from 294 to 100
05-10 21:29:54.388 11638 11650 I app.secretspace: Background concurrent mark compact GC freed 796KB AllocSpace bytes, 0(0B) LOS objects, 82% free, 5279KB/29MB, paused 480us,3.580ms total 132.601ms
05-10 21:29:54.388 11638 11650 W app.secretspace: Reducing the number of considered missed Gc histogram windows from 305 to 100
05-10 21:30:09.321 12075 12080 W .secretspace:p0: Reducing the number of considered missed Gc histogram windows from 310 to 100
05-10 21:30:19.523 11897 11903 W cretspace:black: Reducing the number of considered missed Gc histogram windows from 311 to 100
05-11 07:24:43.860 12220 12229 W secretspace:dex: Reducing the number of considered missed Gc histogram windows from 228 to 100
05-11 07:24:48.861 12075 12080 W .secretspace:p0: Reducing the number of considered missed Gc histogram windows from 210 to 100
05-11 07:24:53.855 11897 11903 W cretspace:black: Reducing the number of considered missed Gc histogram windows from 209 to 100
05-11 07:25:28.927 11638 11650 W app.secretspace: Reducing the number of considered missed Gc histogram windows from 215 to 100
05-11 07:50:48.679 12220 12229 W secretspace:dex: Reducing the number of considered missed Gc histogram windows from 138 to 100
05-11 07:51:33.470 12075 12080 W .secretspace:p0: Reducing the number of considered missed Gc histogram windows from 141 to 100
05-11 07:51:45.473 11897 11903 W cretspace:black: Reducing the number of considered missed Gc histogram windows from 143 to 100
05-11 07:57:00.126 11638 11650 W app.secretspace: Reducing the number of considered missed Gc histogram windows from 143 to 100
05-11 09:07:44.218 12220 12229 W secretspace:dex: Reducing the number of considered missed Gc histogram windows from 320 to 100
05-11 09:08:04.244 12075 12080 W .secretspace:p0: Reducing the number of considered missed Gc histogram windows from 318 to 100
05-11 09:08:09.230 11897 11903 W cretspace:black: Reducing the number of considered missed Gc histogram windows from 316 to 100
05-11 09:08:29.308 11638 11650 W app.secretspace: Reducing the number of considered missed Gc histogram windows from 314 to 100
05-11 09:35:20.824 12220 12229 W secretspace:dex: Reducing the number of considered missed Gc histogram windows from 117 to 100
05-11 09:35:40.882 11638 11650 W app.secretspace: Reducing the number of considered missed Gc histogram windows from 115 to 100
05-11 09:35:50.842 12075 12080 W .secretspace:p0: Reducing the number of considered missed Gc histogram windows from 118 to 100
05-11 09:36:10.372 11897 11903 W cretspace:black: Reducing the number of considered missed Gc histogram windows from 120 to 100
05-11 10:17:02.393 12220 12229 W secretspace:dex: Reducing the number of considered missed Gc histogram windows from 226 to 100
05-11 10:17:17.446 11638 11650 W app.secretspace: Reducing the number of considered missed Gc histogram windows from 225 to 100
05-11 10:17:38.310 12075 12080 W .secretspace:p0: Reducing the number of considered missed Gc histogram windows from 226 to 100
05-11 10:17:53.308 11897 11903 W cretspace:black: Reducing the number of considered missed Gc histogram windows from 226 to 100
05-11 11:43:54.399 12220 12229 W secretspace:dex: Reducing the number of considered missed Gc histogram windows from 222 to 100
05-11 11:44:44.810 12075 12080 W .secretspace:p0: Reducing the number of considered missed Gc histogram windows from 224 to 100
05-11 11:44:49.796 11897 11903 W cretspace:black: Reducing the number of considered missed Gc histogram windows from 222 to 100
05-11 11:45:49.342 11638 11650 W app.secretspace: Reducing the number of considered missed Gc histogram windows from 232 to 100
05-11 12:23:20.806 12220 12229 W secretspace:dex: Reducing the number of considered missed Gc histogram windows from 180 to 100
05-11 12:23:45.877 11638 11650 I app.secretspace: Background concurrent mark compact GC freed 608KB AllocSpace bytes, 0(0B) LOS objects, 82% free, 5275KB/29MB, paused 634us,2.753ms total 102.639ms
05-11 12:23:45.877 11638 11650 W app.secretspace: Reducing the number of considered missed Gc histogram windows from 180 to 100
05-11 12:24:05.857 12075 12080 W .secretspace:p0: Reducing the number of considered missed Gc histogram windows from 178 to 100
05-11 12:24:10.834 11897 11903 W cretspace:black: Reducing the number of considered missed Gc histogram windows from 177 to 100
05-11 15:48:11.646 12220 12229 W secretspace:dex: Reducing the number of considered missed Gc histogram windows from 1229 to 100
05-11 15:49:39.877 11638 11650 I app.secretspace: Background concurrent mark compact GC freed 320KB AllocSpace bytes, 0(0B) LOS objects, 82% free, 5275KB/29MB, paused 792us,5.642ms total 102.278ms
05-11 15:49:39.877 11638 11650 W app.secretspace: Reducing the number of considered missed Gc histogram windows from 1235 to 100
05-11 15:49:54.860 12075 12080 W .secretspace:p0: Reducing the number of considered missed Gc histogram windows from 1235 to 100
05-11 15:50:15.468 11897 11903 W cretspace:black: Reducing the number of considered missed Gc histogram windows from 1237 to 100
05-11 16:39:03.838 12220 12229 W secretspace:dex: Reducing the number of considered missed Gc histogram windows from 259 to 100
05-11 16:39:13.881 11638 11650 I app.secretspace: Background concurrent mark compact GC freed 1152KB AllocSpace bytes, 0(0B) LOS objects, 82% free, 5275KB/29MB, paused 866us,2.645ms total 108.655ms
05-11 16:39:13.881 11638 11650 W app.secretspace: Reducing the number of considered missed Gc histogram windows from 258 to 100
05-11 16:39:23.858 12075 12080 W .secretspace:p0: Reducing the number of considered missed Gc histogram windows from 258 to 100
05-11 16:39:28.845 11897 11903 W cretspace:black: Reducing the number of considered missed Gc histogram windows from 257 to 100
05-11 17:25:08.290 12220 12229 W secretspace:dex: Reducing the number of considered missed Gc histogram windows from 169 to 100
05-11 17:25:32.800 12075 12080 W .secretspace:p0: Reducing the number of considered missed Gc histogram windows from 170 to 100
05-11 17:25:38.468 11897 11903 W cretspace:black: Reducing the number of considered missed Gc histogram windows from 170 to 100
05-11 17:29:25.596 11638 11650 W app.secretspace: Reducing the number of considered missed Gc histogram windows from 186 to 100
05-11 18:17:13.177 12220 12229 W secretspace:dex: Reducing the number of considered missed Gc histogram windows from 160 to 100
05-11 18:17:50.020 11638 11650 I app.secretspace: Background concurrent mark compact GC freed 896KB AllocSpace bytes, 0(0B) LOS objects, 82% free, 5275KB/29MB, paused 804us,2.508ms total 107.765ms
05-11 18:17:50.020 11638 11650 W app.secretspace: Reducing the number of considered missed Gc histogram windows from 160 to 100
05-11 18:17:59.985 12075 12080 W .secretspace:p0: Reducing the number of considered missed Gc histogram windows from 163 to 100
05-11 18:18:14.958 11897 11903 W cretspace:black: Reducing the number of considered missed Gc histogram windows from 163 to 100
05-11 19:07:14.443 11638 11655 D CompatibilityChangeReporter: Compat change id reported: 150939131; UID 10306; state: ENABLED
05-11 19:12:05.290 11638 11650 I app.secretspace: Background concurrent mark compact GC freed 736KB AllocSpace bytes, 0(0B) LOS objects, 82% free, 5275KB/29MB, paused 629us,2.643ms total 106.966ms
05-11 19:32:38.903 12220 12229 W secretspace:dex: Reducing the number of considered missed Gc histogram windows from 132 to 100
05-11 19:38:26.259 11638 11650 W app.secretspace: Reducing the number of considered missed Gc histogram windows from 130 to 100
05-11 19:41:25.306 12075 12080 W .secretspace:p0: Reducing the number of considered missed Gc histogram windows from 139 to 100
05-11 19:41:30.274 11897 11903 W cretspace:black: Reducing the number of considered missed Gc histogram windows from 138 to 100
05-11 21:20:52.359 12075 12080 I .secretspace:p0: Background concurrent mark compact GC freed 96KB AllocSpace bytes, 0(0B) LOS objects, 86% free, 3724KB/27MB, paused 621us,5.713ms total 41.009ms
05-12 08:11:52.319 12220 12229 W secretspace:dex: Reducing the number of considered missed Gc histogram windows from 373 to 100
05-12 08:16:02.095 12075 12080 W .secretspace:p0: Reducing the number of considered missed Gc histogram windows from 387 to 100
05-12 08:16:07.085 11897 11903 W cretspace:black: Reducing the number of considered missed Gc histogram windows from 386 to 100
05-12 08:16:37.126 11638 11650 W app.secretspace: Reducing the number of considered missed Gc histogram windows from 363 to 100
05-12 08:38:41.725 12220 12229 I secretspace:dex: Background concurrent mark compact GC freed 64KB AllocSpace bytes, 0(0B) LOS objects, 89% free, 3036KB/26MB, paused 442us,2.315ms total 100.910ms
05-12 08:38:41.726 12220 12229 W secretspace:dex: Reducing the number of considered missed Gc histogram windows from 153 to 100
05-12 08:39:01.763 12075 12080 I .secretspace:p0: Background concurrent mark compact GC freed 64KB AllocSpace bytes, 0(0B) LOS objects, 86% free, 3724KB/27MB, paused 458us,14.907ms total 71.410ms
05-12 08:39:01.763 12075 12080 W .secretspace:p0: Reducing the number of considered missed Gc histogram windows from 138 to 100
05-12 08:39:06.724 11897 11903 W cretspace:black: Reducing the number of considered missed Gc histogram windows from 138 to 100
05-12 08:39:31.809 11638 11650 I app.secretspace: Background concurrent mark compact GC freed 544KB AllocSpace bytes, 0(0B) LOS objects, 82% free, 5275KB/29MB, paused 1.408ms,3.715ms total 137.406ms
05-12 08:39:31.809 11638 11650 W app.secretspace: Reducing the number of considered missed Gc histogram windows from 137 to 100
05-12 08:42:07.770 12220 12229 I secretspace:dex: Background concurrent mark compact GC freed 64KB AllocSpace bytes, 0(0B) LOS objects, 89% free, 3036KB/26MB, paused 1.882ms,5.081ms total 145.333ms
05-12 08:42:52.810 11638 11650 I app.secretspace: Background concurrent mark compact GC freed 160KB AllocSpace bytes, 0(0B) LOS objects, 82% free, 5275KB/29MB, paused 991us,3.647ms total 143.336ms
05-12 08:57:51.803 12220 12229 I secretspace:dex: Background concurrent mark compact GC freed 64KB AllocSpace bytes, 0(0B) LOS objects, 89% free, 3036KB/26MB, paused 5.864ms,6.855ms total 204.092ms
05-12 08:58:46.854 11638 11650 I app.secretspace: Background concurrent mark compact GC freed 416KB AllocSpace bytes, 0(0B) LOS objects, 82% free, 5275KB/29MB, paused 1.269ms,4.968ms total 190.587ms
05-12 09:05:13.884 11638 11650 I app.secretspace: Background concurrent mark compact GC freed 416KB AllocSpace bytes, 0(0B) LOS objects, 82% free, 5275KB/29MB, paused 624us,2.388ms total 101.396ms
05-12 09:05:33.849 12075 12080 I .secretspace:p0: Background concurrent mark compact GC freed 96KB AllocSpace bytes, 0(0B) LOS objects, 86% free, 3724KB/27MB, paused 356us,5.455ms total 40.657ms
05-12 10:08:58.587 12220 12229 W secretspace:dex: Reducing the number of considered missed Gc histogram windows from 137 to 100
05-12 10:10:42.550 12075 12080 W .secretspace:p0: Reducing the number of considered missed Gc histogram windows from 143 to 100
05-12 10:10:47.527 11897 11903 W cretspace:black: Reducing the number of considered missed Gc histogram windows from 143 to 100
05-12 10:11:16.142 11638 11650 W app.secretspace: Reducing the number of considered missed Gc histogram windows from 149 to 100
05-12 10:37:11.717 12220 12220 D Typeface-FontSettings: updateToOverlayFont: overlay is cur default, no need update
05-12 10:37:11.749 12075 12075 D Typeface-FontSettings: updateToOverlayFont: overlay is cur default, no need update
05-12 10:37:11.760 11897 11897 D Typeface-FontSettings: updateToOverlayFont: overlay is cur default, no need update
05-12 10:37:11.944 11638 11638 D Typeface-FontSettings: updateToOverlayFont: overlay is cur default, no need update
05-12 10:38:28.459 12220 12220 D Typeface-FontSettings: updateToOverlayFont: overlay is cur default, no need update
05-12 10:38:28.482 11638 11638 D Typeface-FontSettings: updateToOverlayFont: overlay is cur default, no need update
05-12 10:38:28.523 12075 12075 D Typeface-FontSettings: updateToOverlayFont: overlay is cur default, no need update
05-12 10:38:28.526 11897 11897 D Typeface-FontSettings: updateToOverlayFont: overlay is cur default, no need update
05-12 10:45:54.625 12220 12229 W secretspace:dex: Reducing the number of considered missed Gc histogram windows from 169 to 100
05-12 10:46:24.686 11638 11650 W app.secretspace: Reducing the number of considered missed Gc histogram windows from 158 to 100
05-12 10:46:44.671 12075 12080 W .secretspace:p0: Reducing the number of considered missed Gc histogram windows from 164 to 100
05-12 10:46:54.651 11897 11903 W cretspace:black: Reducing the number of considered missed Gc histogram windows from 164 to 100
05-12 11:01:28.513 12220 14551 D CompatibilityChangeReporter: Compat change id reported: 150939131; UID 10306; state: ENABLED
05-12 11:01:28.532 11897 6113 D CompatibilityChangeReporter: Compat change id reported: 150939131; UID 10306; state: ENABLED
05-12 11:09:14.712 12220 12229 W secretspace:dex: Reducing the number of considered missed Gc histogram windows from 140 to 100
05-12 11:09:29.718 12075 12080 W .secretspace:p0: Reducing the number of considered missed Gc histogram windows from 137 to 100
05-12 11:09:34.698 11897 11903 W cretspace:black: Reducing the number of considered missed Gc histogram windows from 136 to 100
05-12 11:09:54.759 11638 11650 W app.secretspace: Reducing the number of considered missed Gc histogram windows from 141 to 100
05-12 11:57:25.010 12220 12229 W secretspace:dex: Reducing the number of considered missed Gc histogram windows from 260 to 100
05-12 11:57:47.467 11638 11650 I app.secretspace: Background concurrent mark compact GC freed 832KB AllocSpace bytes, 0(0B) LOS objects, 82% free, 5243KB/29MB, paused 490us,2.378ms total 101.206ms
05-12 11:57:47.467 11638 11650 W app.secretspace: Reducing the number of considered missed Gc histogram windows from 258 to 100
05-12 11:58:13.684 12075 12080 W .secretspace:p0: Reducing the number of considered missed Gc histogram windows from 262 to 100
05-12 11:58:18.663 11897 11903 W cretspace:black: Reducing the number of considered missed Gc histogram windows from 263 to 100
05-12 12:05:06.302 11638 11650 I app.secretspace: Background concurrent mark compact GC freed 228KB AllocSpace bytes, 0(0B) LOS objects, 82% free, 5239KB/29MB, paused 863us,3.583ms total 104.825ms
05-12 12:33:30.233 11638 11650 I app.secretspace: Background concurrent mark compact GC freed 188KB AllocSpace bytes, 0(0B) LOS objects, 82% free, 5243KB/29MB, paused 603us,2.494ms total 116.608ms
05-12 13:07:25.320 12220 12229 I secretspace:dex: Background concurrent mark compact GC freed 64KB AllocSpace bytes, 0(0B) LOS objects, 89% free, 3024KB/26MB, paused 459us,2.425ms total 100.219ms
05-12 13:51:46.468 12220 12229 W secretspace:dex: Reducing the number of considered missed Gc histogram windows from 163 to 100
05-12 13:52:26.518 11638 11650 W app.secretspace: Reducing the number of considered missed Gc histogram windows from 159 to 100
05-12 13:52:46.497 12075 12080 W .secretspace:p0: Reducing the number of considered missed Gc histogram windows from 167 to 100
05-12 13:53:01.486 11897 11903 W cretspace:black: Reducing the number of considered missed Gc histogram windows from 169 to 100
05-12 14:09:50.598 11638 11650 I app.secretspace: Background concurrent mark compact GC freed 192KB AllocSpace bytes, 0(0B) LOS objects, 82% free, 5239KB/29MB, paused 652us,2.797ms total 105.223ms
05-12 15:17:52.875 12220 12220 D Typeface-FontSettings: updateToOverlayFont: overlay is cur default, no need update
05-12 15:17:52.878 11897 11897 D Typeface-FontSettings: updateToOverlayFont: overlay is cur default, no need update
05-12 15:17:52.881 12075 12075 D Typeface-FontSettings: updateToOverlayFont: overlay is cur default, no need update
05-12 15:17:52.927 11638 11638 D Typeface-FontSettings: updateToOverlayFont: overlay is cur default, no need update
05-12 15:34:49.126 12220 12229 W secretspace:dex: Reducing the number of considered missed Gc histogram windows from 219 to 100
05-12 15:35:24.193 11638 11650 I app.secretspace: Background concurrent mark compact GC freed 896KB AllocSpace bytes, 0(0B) LOS objects, 82% free, 5243KB/29MB, paused 818us,3.226ms total 113.964ms
05-12 15:35:24.194 11638 11650 W app.secretspace: Reducing the number of considered missed Gc histogram windows from 219 to 100
05-12 15:35:34.152 12075 12080 I .secretspace:p0: Background concurrent mark compact GC freed 96KB AllocSpace bytes, 0(0B) LOS objects, 86% free, 3724KB/27MB, paused 314us,5.151ms total 39.900ms
05-12 15:35:34.152 12075 12080 W .secretspace:p0: Reducing the number of considered missed Gc histogram windows from 216 to 100
05-12 15:35:44.136 11897 11903 W cretspace:black: Reducing the number of considered missed Gc histogram windows from 216 to 100
05-12 15:48:08.107 11638 11650 I app.secretspace: Background concurrent mark compact GC freed 932KB AllocSpace bytes, 0(0B) LOS objects, 82% free, 5239KB/29MB, paused 956us,3.757ms total 125.466ms
05-12 15:49:34.852 12220 12220 D Typeface-FontSettings: updateToOverlayFont: overlay is cur default, no need update
05-12 15:49:34.906 11897 11897 D Typeface-FontSettings: updateToOverlayFont: overlay is cur default, no need update
05-12 15:49:34.906 12075 12075 D Typeface-FontSettings: updateToOverlayFont: overlay is cur default, no need update
05-12 15:49:35.260 11638 11638 D Typeface-FontSettings: updateToOverlayFont: overlay is cur default, no need update
05-12 15:56:48.656 11638 11650 I app.secretspace: Background concurrent mark compact GC freed 412KB AllocSpace bytes, 0(0B) LOS objects, 82% free, 5243KB/29MB, paused 788us,3.139ms total 114.129ms
05-12 16:05:50.728 11638 11650 I app.secretspace: Background concurrent mark compact GC freed 192KB AllocSpace bytes, 0(0B) LOS objects, 82% free, 5239KB/29MB, paused 931us,3.214ms total 111.145ms
05-12 16:15:39.888 11638 11650 I app.secretspace: Background concurrent mark compact GC freed 256KB AllocSpace bytes, 0(0B) LOS objects, 82% free, 5239KB/29MB, paused 845us,3.001ms total 107.747ms
05-12 16:15:49.857 12075 12080 I .secretspace:p0: Background concurrent mark compact GC freed 64KB AllocSpace bytes, 0(0B) LOS objects, 86% free, 3724KB/27MB, paused 432us,7.171ms total 45.709ms
05-12 17:23:24.069 12220 12229 W secretspace:dex: Reducing the number of considered missed Gc histogram windows from 241 to 100
05-12 17:25:18.114 12075 12080 W .secretspace:p0: Reducing the number of considered missed Gc histogram windows from 240 to 100
05-12 17:25:23.105 11897 11903 W cretspace:black: Reducing the number of considered missed Gc histogram windows from 239 to 100
05-12 17:25:53.158 11638 11650 W app.secretspace: Reducing the number of considered missed Gc histogram windows from 245 to 100
05-12 18:55:04.004 11638 11650 I app.secretspace: Background concurrent mark compact GC freed 740KB AllocSpace bytes, 0(0B) LOS objects, 82% free, 5243KB/29MB, paused 1.301ms,3.186ms total 109.619ms
05-12 18:55:13.961 12075 12080 I .secretspace:p0: Background concurrent mark compact GC freed 96KB AllocSpace bytes, 0(0B) LOS objects, 86% free, 3724KB/27MB, paused 370us,5.691ms total 39.852ms
05-12 19:02:08.408 12075 12080 I .secretspace:p0: Background concurrent mark compact GC freed 64KB AllocSpace bytes, 0(0B) LOS objects, 86% free, 3724KB/27MB, paused 278us,8.638ms total 40.996ms
05-12 19:28:51.268 11638 11650 I app.secretspace: Background concurrent mark compact GC freed 832KB AllocSpace bytes, 0(0B) LOS objects, 82% free, 5243KB/29MB, paused 563us,2.548ms total 102.365ms
05-12 19:47:31.975 11638 11650 I app.secretspace: Background concurrent mark compact GC freed 640KB AllocSpace bytes, 0(0B) LOS objects, 82% free, 5243KB/29MB, paused 597us,2.583ms total 103.586ms
05-12 20:06:05.349 11638 11650 I app.secretspace: Background concurrent mark compact GC freed 256KB AllocSpace bytes, 0(0B) LOS objects, 82% free, 5239KB/29MB, paused 576us,2.569ms total 108.577ms
05-12 20:42:35.212 11638 11650 W app.secretspace: Reducing the number of considered missed Gc histogram windows from 123 to 100
05-12 20:42:45.182 12075 12080 W .secretspace:p0: Reducing the number of considered missed Gc histogram windows from 123 to 100
05-12 20:42:55.172 11897 11903 W cretspace:black: Reducing the number of considered missed Gc histogram windows from 123 to 100
05-12 21:48:58.972 12220 12229 W secretspace:dex: Reducing the number of considered missed Gc histogram windows from 385 to 100
05-12 21:49:56.978 11638 11650 W app.secretspace: Reducing the number of considered missed Gc histogram windows from 388 to 100
05-12 21:50:06.948 12075 12080 W .secretspace:p0: Reducing the number of considered missed Gc histogram windows from 388 to 100
05-12 21:50:24.274 11897 11903 W cretspace:black: Reducing the number of considered missed Gc histogram windows from 389 to 100
05-13 04:52:31.096 12220 12229 W secretspace:dex: Reducing the number of considered missed Gc histogram windows from 141 to 100
05-13 04:53:41.195 12075 12080 W .secretspace:p0: Reducing the number of considered missed Gc histogram windows from 141 to 100
05-13 04:53:46.187 11897 11903 W cretspace:black: Reducing the number of considered missed Gc histogram windows from 139 to 100
05-13 04:53:56.246 11638 11650 W app.secretspace: Reducing the number of considered missed Gc histogram windows from 144 to 100
05-13 07:09:20.553 12220 12229 W secretspace:dex: Reducing the number of considered missed Gc histogram windows from 819 to 100
05-13 07:10:09.055 11638 11650 W app.secretspace: Reducing the number of considered missed Gc histogram windows from 815 to 100
05-13 07:10:29.022 12075 12080 W .secretspace:p0: Reducing the number of considered missed Gc histogram windows from 818 to 100
05-13 07:10:34.014 11897 11903 W cretspace:black: Reducing the number of considered missed Gc histogram windows from 818 to 100
05-13 08:08:59.265 12220 12229 W secretspace:dex: Reducing the number of considered missed Gc histogram windows from 211 to 100
05-13 08:09:19.270 12075 12080 W .secretspace:p0: Reducing the number of considered missed Gc histogram windows from 211 to 100
05-13 08:09:24.263 11897 11903 W cretspace:black: Reducing the number of considered missed Gc histogram windows from 210 to 100
05-13 08:09:50.933 11638 11650 W app.secretspace: Reducing the number of considered missed Gc histogram windows from 210 to 100
05-13 08:45:26.682 12220 12229 W secretspace:dex: Reducing the number of considered missed Gc histogram windows from 152 to 100
05-13 08:45:46.708 12075 12080 W .secretspace:p0: Reducing the number of considered missed Gc histogram windows from 152 to 100
05-13 08:45:51.679 11897 11903 W cretspace:black: Reducing the number of considered missed Gc histogram windows from 153 to 100
05-13 08:46:06.753 11638 11650 I app.secretspace: Background concurrent mark compact GC freed 1056KB AllocSpace bytes, 0(0B) LOS objects, 82% free, 5255KB/29MB, paused 993us,2.371ms total 125.112ms
05-13 08:46:06.753 11638 11650 W app.secretspace: Reducing the number of considered missed Gc histogram windows from 151 to 100
05-13 08:53:39.632 11897 11903 I cretspace:black: Background concurrent mark compact GC freed 124KB AllocSpace bytes, 0(0B) LOS objects, 84% free, 4380KB/28MB, paused 430us,5.959ms total 42.780ms
05-13 09:20:50.686 12075 12080 W .secretspace:p0: Reducing the number of considered missed Gc histogram windows from 129 to 100
05-13 09:20:55.675 11897 11903 W cretspace:black: Reducing the number of considered missed Gc histogram windows from 127 to 100
05-13 09:21:15.724 11638 11650 W app.secretspace: Reducing the number of considered missed Gc histogram windows from 133 to 100
05-13 09:38:48.047 12220 12229 W secretspace:dex: Reducing the number of considered missed Gc histogram windows from 110 to 100
05-13 09:39:13.528 12075 12080 W .secretspace:p0: Reducing the number of considered missed Gc histogram windows from 111 to 100
05-13 09:39:18.508 11897 11903 W cretspace:black: Reducing the number of considered missed Gc histogram windows from 110 to 100
05-13 09:39:41.892 11638 11650 W app.secretspace: Reducing the number of considered missed Gc histogram windows from 111 to 100
05-13 10:18:07.667 12220 12229 I secretspace:dex: Background concurrent mark compact GC freed 64KB AllocSpace bytes, 0(0B) LOS objects, 89% free, 3024KB/26MB, paused 585us,7.288ms total 117.765ms
05-13 10:18:07.667 12220 12229 W secretspace:dex: Reducing the number of considered missed Gc histogram windows from 235 to 100
05-13 10:18:27.728 12075 12080 I .secretspace:p0: Background concurrent mark compact GC freed 64KB AllocSpace bytes, 0(0B) LOS objects, 86% free, 3724KB/27MB, paused 538us,16.143ms total 89.658ms
05-13 10:18:27.729 12075 12080 W .secretspace:p0: Reducing the number of considered missed Gc histogram windows from 234 to 100
05-13 10:18:32.674 11897 11903 W cretspace:black: Reducing the number of considered missed Gc histogram windows from 235 to 100
05-13 10:19:01.999 11638 11650 I app.secretspace: Background concurrent mark compact GC freed 896KB AllocSpace bytes, 0(0B) LOS objects, 82% free, 5255KB/29MB, paused 2.123ms,5.159ms total 172.637ms
05-13 10:19:01.999 11638 11650 W app.secretspace: Reducing the number of considered missed Gc histogram windows from 235 to 100
05-13 10:45:56.798 12220 12229 W secretspace:dex: Reducing the number of considered missed Gc histogram windows from 167 to 100
05-13 10:49:03.939 12075 12080 I .secretspace:p0: Background concurrent mark compact GC freed 96KB AllocSpace bytes, 0(0B) LOS objects, 86% free, 3724KB/27MB, paused 328us,5.309ms total 41.125ms
05-13 10:49:03.939 12075 12080 W .secretspace:p0: Reducing the number of considered missed Gc histogram windows from 184 to 100
05-13 10:49:08.889 11897 11903 W cretspace:black: Reducing the number of considered missed Gc histogram windows from 183 to 100
05-13 10:51:34.644 11638 11650 I app.secretspace: Background concurrent mark compact GC freed 832KB AllocSpace bytes, 0(0B) LOS objects, 82% free, 5255KB/29MB, paused 616us,2.533ms total 120.595ms
05-13 10:51:34.644 11638 11650 W app.secretspace: Reducing the number of considered missed Gc histogram windows from 195 to 100
05-13 11:35:33.215 12220 12229 W secretspace:dex: Reducing the number of considered missed Gc histogram windows from 127 to 100
05-13 11:35:53.239 12075 12080 W .secretspace:p0: Reducing the number of considered missed Gc histogram windows from 126 to 100
05-13 11:35:58.209 11897 11903 W cretspace:black: Reducing the number of considered missed Gc histogram windows from 127 to 100
05-13 11:36:18.281 11638 11650 W app.secretspace: Reducing the number of considered missed Gc histogram windows from 114 to 100
05-13 14:39:09.062 12220 12229 W secretspace:dex: Reducing the number of considered missed Gc histogram windows from 379 to 100
05-13 14:42:44.427 11638 11650 I app.secretspace: Background concurrent mark compact GC freed 3092KB AllocSpace bytes, 0(0B) LOS objects, 82% free, 5267KB/29MB, paused 503us,2.370ms total 133.547ms
05-13 14:42:44.427 11638 11650 W app.secretspace: Reducing the number of considered missed Gc histogram windows from 387 to 100
05-13 14:42:54.350 12075 12080 W .secretspace:p0: Reducing the number of considered missed Gc histogram windows from 391 to 100
05-13 14:43:04.336 11897 11903 W cretspace:black: Reducing the number of considered missed Gc histogram windows from 392 to 100
05-13 14:48:56.360 12220 12220 D Typeface-FontSettings: updateToOverlayFont: overlay is cur default, no need update
05-13 14:48:56.369 12075 12075 D Typeface-FontSettings: updateToOverlayFont: overlay is cur default, no need update
05-13 14:48:56.377 11897 11897 D Typeface-FontSettings: updateToOverlayFont: overlay is cur default, no need update
05-13 14:48:56.527 11638 11638 D Typeface-FontSettings: updateToOverlayFont: overlay is cur default, no need update
05-13 14:50:48.963 11897 11897 D Typeface-FontSettings: updateToOverlayFont: overlay is cur default, no need update
05-13 14:50:48.964 12220 12220 D Typeface-FontSettings: updateToOverlayFont: overlay is cur default, no need update
05-13 14:50:48.964 12075 12075 D Typeface-FontSettings: updateToOverlayFont: overlay is cur default, no need update
05-13 14:50:49.099 11638 11638 D Typeface-FontSettings: updateToOverlayFont: overlay is cur default, no need update
05-13 15:44:14.437 12220 12229 W secretspace:dex: Reducing the number of considered missed Gc histogram windows from 377 to 100
05-13 15:45:43.916 11638 11650 W app.secretspace: Reducing the number of considered missed Gc histogram windows from 369 to 100
05-13 15:45:53.893 12075 12080 W .secretspace:p0: Reducing the number of considered missed Gc histogram windows from 369 to 100
05-13 15:46:06.446 11897 11903 W cretspace:black: Reducing the number of considered missed Gc histogram windows from 369 to 100
05-13 16:00:18.222 12075 12080 I .secretspace:p0: Background concurrent mark compact GC freed 64KB AllocSpace bytes, 0(0B) LOS objects, 86% free, 3724KB/27MB, paused 308us,11.553ms total 45.995ms
05-13 16:01:07.023 11638 11650 I app.secretspace: Background concurrent mark compact GC freed 608KB AllocSpace bytes, 0(0B) LOS objects, 82% free, 5255KB/29MB, paused 781us,2.632ms total 107.941ms
05-13 17:11:05.023 12075 12080 I .secretspace:p0: Background concurrent mark compact GC freed 64KB AllocSpace bytes, 0(0B) LOS objects, 86% free, 3724KB/27MB, paused 392us,5.419ms total 41.153ms
05-13 17:18:36.151 11638 11650 I app.secretspace: Background concurrent mark compact GC freed 320KB AllocSpace bytes, 0(0B) LOS objects, 82% free, 5255KB/29MB, paused 895us,2.811ms total 101.100ms
05-13 17:50:23.067 12220 12229 W secretspace:dex: Reducing the number of considered missed Gc histogram windows from 127 to 100
05-13 17:50:58.092 11638 11650 W app.secretspace: Reducing the number of considered missed Gc histogram windows from 123 to 100
05-13 17:51:08.079 12075 12080 W .secretspace:p0: Reducing the number of considered missed Gc histogram windows from 122 to 100
05-13 17:51:18.076 11897 11903 W cretspace:black: Reducing the number of considered missed Gc histogram windows from 122 to 100
05-13 18:07:56.681 12220 12229 W secretspace:dex: Reducing the number of considered missed Gc histogram windows from 105 to 100
05-13 18:08:11.682 12075 12080 W .secretspace:p0: Reducing the number of considered missed Gc histogram windows from 102 to 100
05-13 18:08:16.672 11897 11903 W cretspace:black: Reducing the number of considered missed Gc histogram windows from 101 to 100
05-13 18:08:36.726 11638 11650 W app.secretspace: Reducing the number of considered missed Gc histogram windows from 105 to 100
05-13 18:23:19.006 11638 11650 I app.secretspace: Background concurrent mark compact GC freed 384KB AllocSpace bytes, 0(0B) LOS objects, 82% free, 5255KB/29MB, paused 922us,2.809ms total 118.287ms
05-13 18:49:22.657 12220 12229 W secretspace:dex: Reducing the number of considered missed Gc histogram windows from 161 to 100
05-13 18:49:47.686 12075 12080 W .secretspace:p0: Reducing the number of considered missed Gc histogram windows from 156 to 100
05-13 18:49:52.656 11897 11903 W cretspace:black: Reducing the number of considered missed Gc histogram windows from 157 to 100
05-13 18:50:32.732 11638 11650 W app.secretspace: Reducing the number of considered missed Gc histogram windows from 163 to 100
05-13 19:10:59.686 12220 12229 W secretspace:dex: Reducing the number of considered missed Gc histogram windows from 129 to 100
05-13 19:11:14.705 12075 12080 W .secretspace:p0: Reducing the number of considered missed Gc histogram windows from 129 to 100
05-13 19:11:19.682 11897 11903 W cretspace:black: Reducing the number of considered missed Gc histogram windows from 128 to 100
05-13 19:11:49.771 11638 11650 W app.secretspace: Reducing the number of considered missed Gc histogram windows from 127 to 100
05-13 20:26:49.249 12220 12229 W secretspace:dex: Reducing the number of considered missed Gc histogram windows from 455 to 100
05-13 20:28:02.772 11638 11650 W app.secretspace: Reducing the number of considered missed Gc histogram windows from 458 to 100
05-13 20:28:13.017 12075 12080 W .secretspace:p0: Reducing the number of considered missed Gc histogram windows from 462 to 100
05-13 20:28:30.951 11897 11903 W cretspace:black: Reducing the number of considered missed Gc histogram windows from 463 to 100
05-13 21:05:36.341 11638 11650 I app.secretspace: Background concurrent mark compact GC freed 640KB AllocSpace bytes, 0(0B) LOS objects, 82% free, 5255KB/29MB, paused 1.055ms,2.199ms total 101.575ms
05-14 06:42:00.610 12220 12229 W secretspace:dex: Reducing the number of considered missed Gc histogram windows from 132 to 100
05-14 06:42:15.631 12075 12080 W .secretspace:p0: Reducing the number of considered missed Gc histogram windows from 128 to 100
05-14 06:42:20.598 11897 11903 W cretspace:black: Reducing the number of considered missed Gc histogram windows from 126 to 100
05-14 06:42:55.667 11638 11650 W app.secretspace: Reducing the number of considered missed Gc histogram windows from 133 to 100
05-14 07:38:33.432 12220 12229 W secretspace:dex: Reducing the number of considered missed Gc histogram windows from 216 to 100
05-14 07:40:17.416 12075 12080 W .secretspace:p0: Reducing the number of considered missed Gc histogram windows from 219 to 100
05-14 07:40:51.664 11897 11903 I cretspace:black: Background concurrent mark compact GC freed 4436KB AllocSpace bytes, 88(11MB) LOS objects, 84% free, 4400KB/28MB, paused 359us,6.495ms total 63.192ms
05-14 07:40:51.664 11897 11903 W cretspace:black: Reducing the number of considered missed Gc histogram windows from 219 to 100
05-14 07:53:35.333 11638 11650 W app.secretspace: Reducing the number of considered missed Gc histogram windows from 227 to 100
05-14 09:05:57.584 11638 11650 I app.secretspace: Background concurrent mark compact GC freed 552KB AllocSpace bytes, 0(0B) LOS objects, 82% free, 5255KB/29MB, paused 991us,2.695ms total 106.867ms
05-14 10:40:52.470 12220 12229 W secretspace:dex: Reducing the number of considered missed Gc histogram windows from 195 to 100
05-14 10:41:24.877 12075 12080 W .secretspace:p0: Reducing the number of considered missed Gc histogram windows from 195 to 100
05-14 10:41:29.857 11897 11903 W cretspace:black: Reducing the number of considered missed Gc histogram windows from 195 to 100
05-14 10:42:04.907 11638 11650 W app.secretspace: Reducing the number of considered missed Gc histogram windows from 195 to 100
05-14 12:11:44.386 12220 12229 W secretspace:dex: Reducing the number of considered missed Gc histogram windows from 139 to 100
05-14 12:12:25.314 11638 11650 W app.secretspace: Reducing the number of considered missed Gc histogram windows from 135 to 100
05-14 12:12:45.646 12075 12080 W .secretspace:p0: Reducing the number of considered missed Gc histogram windows from 139 to 100
05-14 12:12:55.648 11897 11903 W cretspace:black: Reducing the number of considered missed Gc histogram windows from 140 to 100
05-14 13:34:35.680 12220 12229 W secretspace:dex: Reducing the number of considered missed Gc histogram windows from 187 to 100
05-14 13:35:00.707 12075 12080 W .secretspace:p0: Reducing the number of considered missed Gc histogram windows from 184 to 100
05-14 13:35:05.685 11897 11903 W cretspace:black: Reducing the number of considered missed Gc histogram windows from 184 to 100
05-14 13:36:56.470 11638 11650 W app.secretspace: Reducing the number of considered missed Gc histogram windows from 189 to 100
05-14 14:21:09.911 11638 11650 I app.secretspace: Background concurrent mark compact GC freed 1380KB AllocSpace bytes, 0(0B) LOS objects, 82% free, 5355KB/29MB, paused 495us,2.506ms total 120.544ms
05-14 14:21:09.911 11638 11650 W app.secretspace: Reducing the number of considered missed Gc histogram windows from 111 to 100
05-14 14:21:39.858 12075 12080 W .secretspace:p0: Reducing the number of considered missed Gc histogram windows from 118 to 100
05-14 14:21:44.844 11897 11903 W cretspace:black: Reducing the number of considered missed Gc histogram windows from 118 to 100
05-14 14:34:41.911 11638 11638 W System.err: android.content.pm.PackageManager$NameNotFoundException: com.android.permission.GET_INSTALLED_APPS
05-14 14:34:41.913 11638 11638 W System.err: at android.app.ApplicationPackageManager.getPermissionInfo(ApplicationPackageManager.j ava:443)
05-14 14:34:41.913 11638 11638 W System.err: at dc.d.c(GetInstalledAppsPermissionCompat.java:1)
05-14 14:34:41.913 11638 11638 W System.err: at dc.d.a(GetInstalledAppsPermissionCompat.java:1)
05-14 14:34:41.913 11638 11638 W System.err: at dc.m.b(PermissionDelegateImplV19.java:4)
05-14 14:34:41.913 11638 11638 W System.err: at dc.n.b(PermissionDelegateImplV21.java:3)
05-14 14:34:41.913 11638 11638 W System.err: at dc.o.b(PermissionDelegateImplV23.java:44)
05-14 14:34:41.913 11638 11638 W System.err: at dc.p.b(PermissionDelegateImplV26.java:7)
05-14 14:34:41.913 11638 11638 W System.err: at dc.q.b(PermissionDelegateImplV28.java:3)
05-14 14:34:41.913 11638 11638 W System.err: at dc.r.b(PermissionDelegateImplV29.java:9)
05-14 14:34:41.913 11638 11638 W System.err: at dc.s.b(PermissionDelegateImplV30.java:3)
05-14 14:34:41.913 11638 11638 W System.err: at dc.t.b(PermissionDelegateImplV31.java:6)
05-14 14:34:41.913 11638 11638 W System.err: at dc.u.b(PermissionDelegateImplV33.java:15)
05-14 14:34:41.913 11638 11638 W System.err: at dc.i.b(Unknown Source:2)
05-14 14:34:41.913 11638 11638 W System.err: at dc.i.c(PermissionApi.java:3)
05-14 14:34:41.913 11638 11638 W System.err: at dc.d0.a(XXPermissions.java:2)
05-14 14:34:41.913 11638 11638 W System.err: at com.hello.sandbox.ui.splash.SplashAct.onCreate(SplashAct.kt:4)
05-14 14:34:41.913 11638 11638 W System.err: at android.app.Activity.performCreate(Activity.java:8646)
