05-14 14:34:41.913 11638 11638 W System.err: at android.app.Activity.performCreate(Activity.java:8624)
05-14 14:34:41.913 11638 11638 W System.err: at android.app.Instrumentation.callActivityOnCreate(Instrumentation.java:1456)
05-14 14:34:41.913 11638 11638 W System.err: at android.app.ActivityThread.performLaunchActivity(ActivityThread.java:3869)
05-14 14:34:41.913 11638 11638 W System.err: at android.app.ActivityThread.handleLaunchActivity(ActivityThread.java:4028)
05-14 14:34:41.913 11638 11638 W System.err: at android.app.servertransaction.LaunchActivityItem.execute(LaunchActivityItem.java:10 3)
05-14 14:34:41.913 11638 11638 W System.err: at android.app.servertransaction.TransactionExecutor.executeCallbacks(TransactionExecu tor.java:139)
05-14 14:34:41.913 11638 11638 W System.err: at android.app.servertransaction.TransactionExecutor.execute(TransactionExecutor.java: 96)
05-14 14:34:41.913 11638 11638 W System.err: at android.app.ActivityThread$H.handleMessage(ActivityThread.java:2535)
05-14 14:34:41.913 11638 11638 W System.err: at android.os.Handler.dispatchMessage(Handler.java:106)
05-14 14:34:41.913 11638 11638 W System.err: at android.os.Looper.loopOnce(Looper.java:205)
05-14 14:34:41.913 11638 11638 W System.err: at android.os.Looper.loop(Looper.java:294)
05-14 14:34:41.913 11638 11638 W System.err: at android.app.ActivityThread.main(ActivityThread.java:8376)
05-14 14:34:41.913 11638 11638 W System.err: at java.lang.reflect.Method.invoke(Native Method)
05-14 14:34:41.913 11638 11638 W System.err: at com.android.internal.os.RuntimeInit$MethodAndArgsCaller.run(RuntimeInit.java:640)
05-14 14:34:41.913 11638 11638 W System.err: at com.android.internal.os.ZygoteInit.main(ZygoteInit.java:982)
05-14 14:34:41.914 11638 11638 W System.err: android.provider.Settings$SettingNotFoundException: oem_installed_apps_runtime_permission_enable
05-14 14:34:41.915 11638 11638 W System.err: at android.provider.Settings.parseIntSetting(Settings.java:3694)
05-14 14:34:41.915 11638 11638 W System.err: at android.provider.Settings.-$ $Nest$smparseIntSetting(Unknown Source:0)
05-14 14:34:41.915 11638 11638 W System.err: at android.provider.Settings$Secure.getIntForUser(Settings.java:6738)
05-14 14:34:41.915 11638 11638 W System.err: at android.provider.Settings$Secure.getInt(Settings.java:6731)
05-14 14:34:41.915 11638 11638 W System.err: at dc.d.c(GetInstalledAppsPermissionCompat.java:6)
05-14 14:34:41.915 11638 11638 W System.err: at dc.d.a(GetInstalledAppsPermissionCompat.java:1)
05-14 14:34:41.915 11638 11638 W System.err: at dc.m.b(PermissionDelegateImplV19.java:4)
05-14 14:34:41.915 11638 11638 W System.err: at dc.n.b(PermissionDelegateImplV21.java:3)
05-14 14:34:41.915 11638 11638 W System.err: at dc.o.b(PermissionDelegateImplV23.java:44)
05-14 14:34:41.915 11638 11638 W System.err: at dc.p.b(PermissionDelegateImplV26.java:7)
05-14 14:34:41.915 11638 11638 W System.err: at dc.q.b(PermissionDelegateImplV28.java:3)
05-14 14:34:41.915 11638 11638 W System.err: at dc.r.b(PermissionDelegateImplV29.java:9)
05-14 14:34:41.915 11638 11638 W System.err: at dc.s.b(PermissionDelegateImplV30.java:3)
05-14 14:34:41.915 11638 11638 W System.err: at dc.t.b(PermissionDelegateImplV31.java:6)
05-14 14:34:41.915 11638 11638 W System.err: at dc.u.b(PermissionDelegateImplV33.java:15)
05-14 14:34:41.915 11638 11638 W System.err: at dc.i.b(Unknown Source:2)
05-14 14:34:41.915 11638 11638 W System.err: at dc.i.c(PermissionApi.java:3)
05-14 14:34:41.915 11638 11638 W System.err: at dc.d0.a(XXPermissions.java:2)
05-14 14:34:41.915 11638 11638 W System.err: at com.hello.sandbox.ui.splash.SplashAct.onCreate(SplashAct.kt:4)
05-14 14:34:41.915 11638 11638 W System.err: at android.app.Activity.performCreate(Activity.java:8646)
05-14 14:34:41.916 11638 11638 W System.err: at android.app.Activity.performCreate(Activity.java:8624)
05-14 14:34:41.916 11638 11638 W System.err: at android.app.Instrumentation.callActivityOnCreate(Instrumentation.java:1456)
05-14 14:34:41.916 11638 11638 W System.err: at android.app.ActivityThread.performLaunchActivity(ActivityThread.java:3869)
05-14 14:34:41.916 11638 11638 W System.err: at android.app.ActivityThread.handleLaunchActivity(ActivityThread.java:4028)
05-14 14:34:41.916 11638 11638 W System.err: at android.app.servertransaction.LaunchActivityItem.execute(LaunchActivityItem.java:10 3)
05-14 14:34:41.916 11638 11638 W System.err: at android.app.servertransaction.TransactionExecutor.executeCallbacks(TransactionExecu tor.java:139)
05-14 14:34:41.916 11638 11638 W System.err: at android.app.servertransaction.TransactionExecutor.execute(TransactionExecutor.java: 96)
05-14 14:34:41.916 11638 11638 W System.err: at android.app.ActivityThread$H.handleMessage(ActivityThread.java:2535)
05-14 14:34:41.916 11638 11638 W System.err: at android.os.Handler.dispatchMessage(Handler.java:106)
05-14 14:34:41.916 11638 11638 W System.err: at android.os.Looper.loopOnce(Looper.java:205)
05-14 14:34:41.916 11638 11638 W System.err: at android.os.Looper.loop(Looper.java:294)
05-14 14:34:41.916 11638 11638 W System.err: at android.app.ActivityThread.main(ActivityThread.java:8376)
05-14 14:34:41.916 11638 11638 W System.err: at java.lang.reflect.Method.invoke(Native Method)
05-14 14:34:41.916 11638 11638 W System.err: at com.android.internal.os.RuntimeInit$MethodAndArgsCaller.run(RuntimeInit.java:640)
05-14 14:34:41.916 11638 11638 W System.err: at com.android.internal.os.ZygoteInit.main(ZygoteInit.java:982)
05-14 14:34:41.942 11638 11638 W System.err: java.io.FileNotFoundException: /system/build.prop: open failed: EACCES (Permission denied)
05-14 14:34:41.942 11638 11638 W System.err: at libcore.io.IoBridge.open(IoBridge.java:574)
05-14 14:34:41.942 11638 11638 W System.err: at java.io.FileInputStream.<init>(FileInputStream.java:179)
05-14 14:34:41.942 11638 11638 W System.err: at dc.b0.c(PhoneRomUtils.java:13)
05-14 14:34:41.942 11638 11638 W System.err: at dc.b0.e(Unknown Source:2)
05-14 14:34:41.942 11638 11638 W System.err: at dc.d.a(GetInstalledAppsPermissionCompat.java:4)
05-14 14:34:41.942 11638 11638 W System.err: at dc.m.b(PermissionDelegateImplV19.java:4)
05-14 14:34:41.942 11638 11638 W System.err: at dc.n.b(PermissionDelegateImplV21.java:3)
05-14 14:34:41.942 11638 11638 W System.err: at dc.o.b(PermissionDelegateImplV23.java:44)
05-14 14:34:41.942 11638 11638 W System.err: at dc.p.b(PermissionDelegateImplV26.java:7)
05-14 14:34:41.942 11638 11638 W System.err: at dc.q.b(PermissionDelegateImplV28.java:3)
05-14 14:34:41.942 11638 11638 W System.err: at dc.r.b(PermissionDelegateImplV29.java:9)
05-14 14:34:41.942 11638 11638 W System.err: at dc.s.b(PermissionDelegateImplV30.java:3)
05-14 14:34:41.942 11638 11638 W System.err: at dc.t.b(PermissionDelegateImplV31.java:6)
05-14 14:34:41.942 11638 11638 W System.err: at dc.u.b(PermissionDelegateImplV33.java:15)
05-14 14:34:41.943 11638 11638 W System.err: at dc.i.b(Unknown Source:2)
05-14 14:34:41.943 11638 11638 W System.err: at dc.i.c(PermissionApi.java:3)
05-14 14:34:41.943 11638 11638 W System.err: at dc.d0.a(XXPermissions.java:2)
05-14 14:34:41.943 11638 11638 W System.err: at com.hello.sandbox.ui.splash.SplashAct.onCreate(SplashAct.kt:4)
05-14 14:34:41.943 11638 11638 W System.err: at android.app.Activity.performCreate(Activity.java:8646)
05-14 14:34:41.943 11638 11638 W System.err: at android.app.Activity.performCreate(Activity.java:8624)
05-14 14:34:41.943 11638 11638 W System.err: at android.app.Instrumentation.callActivityOnCreate(Instrumentation.java:1456)
05-14 14:34:41.943 11638 11638 W System.err: at android.app.ActivityThread.performLaunchActivity(ActivityThread.java:3869)
05-14 14:34:41.943 11638 11638 W System.err: at android.app.ActivityThread.handleLaunchActivity(ActivityThread.java:4028)
05-14 14:34:41.943 11638 11638 W System.err: at android.app.servertransaction.LaunchActivityItem.execute(LaunchActivityItem.java:10 3)
05-14 14:34:41.943 11638 11638 W System.err: at android.app.servertransaction.TransactionExecutor.executeCallbacks(TransactionExecu tor.java:139)
05-14 14:34:41.943 11638 11638 W System.err: at android.app.servertransaction.TransactionExecutor.execute(TransactionExecutor.java: 96)
05-14 14:34:41.943 11638 11638 W System.err: at android.app.ActivityThread$H.handleMessage(ActivityThread.java:2535)
05-14 14:34:41.943 11638 11638 W System.err: at android.os.Handler.dispatchMessage(Handler.java:106)
05-14 14:34:41.943 11638 11638 W System.err: at android.os.Looper.loopOnce(Looper.java:205)
05-14 14:34:41.943 11638 11638 W System.err: at android.os.Looper.loop(Looper.java:294)
05-14 14:34:41.943 11638 11638 W System.err: at android.app.ActivityThread.main(ActivityThread.java:8376)
05-14 14:34:41.943 11638 11638 W System.err: at java.lang.reflect.Method.invoke(Native Method)
05-14 14:34:41.943 11638 11638 W System.err: at com.android.internal.os.RuntimeInit$MethodAndArgsCaller.run(RuntimeInit.java:640)
05-14 14:34:41.943 11638 11638 W System.err: at com.android.internal.os.ZygoteInit.main(ZygoteInit.java:982)
05-14 14:34:41.943 11638 11638 W System.err: Caused by: android.system.ErrnoException: open failed: EACCES (Permission denied)
05-14 14:34:41.943 11638 11638 W System.err: at libcore.io.Linux.open(Native Method)
05-14 14:34:41.943 11638 11638 W System.err: at libcore.io.ForwardingOs.open(ForwardingOs.java:563)
05-14 14:34:41.943 11638 11638 W System.err: at libcore.io.BlockGuardOs.open(BlockGuardOs.java:274)
05-14 14:34:41.943 11638 11638 W System.err: at libcore.io.ForwardingOs.open(ForwardingOs.java:563)
05-14 14:34:41.943 11638 11638 W System.err: at android.app.ActivityThread$AndroidOs.open(ActivityThread.java:8213)
05-14 14:34:41.943 11638 11638 W System.err: at libcore.io.IoBridge.open(IoBridge.java:560)
05-14 14:34:41.943 11638 11638 W System.err: ... 33 more
05-14 14:34:42.026 11638 11638 D CompatibilityChangeReporter: Compat change id reported: 210923482; UID 10306; state: ENABLED
05-14 14:34:42.087 11638 11804 D SessionLifecycleClient: Sending lifecycle 1 to service
05-14 14:34:42.089 11638 12417 D SessionLifecycleService: Activity foregrounding at 147787709.
05-14 14:34:42.089 11638 12417 D SessionLifecycleService: Cold start detected.
05-14 14:34:42.091 11638 12417 D SessionLifecycleService: Generated new session 7eb1678c07b54b5a80bc778023b41f28
05-14 14:34:42.091 11638 12417 D SessionLifecycleService: Broadcasting new session: SessionDetails(sessionId=7eb1678c07b54b5a80bc778023b41f28, firstSessionId=7eb1678c07b54b5a80bc778023b41f28, sessionIndex=0, sessionStartTimestampUs=1747213482091000)
05-14 14:34:42.092 11638 11810 D SessionFirelogPublisher: Data Collection is enabled for at least one Subscriber
05-14 14:34:42.095 12220 12220 D SessionLifecycleClient: Session update received: 7eb1678c07b54b5a80bc778023b41f28
05-14 14:34:42.109 11638 11804 D SessionConfigFetcher: Fetching settings from server.
05-14 14:34:42.120 12220 12322 D SessionLifecycleClient: Notified CRASHLYTICS of new session 7eb1678c07b54b5a80bc778023b41f28
05-14 14:34:42.125 11638 11638 D CompatibilityChangeReporter: Compat change id reported: 237531167; UID 10306; state: DISABLED
05-14 14:34:42.125 11638 11061 I FA : Tag Manager is not found and thus will not be used
05-14 14:34:42.137 11638 11638 W OpenGLRenderer: Unknown dataspace 0
05-14 14:34:42.149 11638 11638 D SessionLifecycleClient: Session update received: 7eb1678c07b54b5a80bc778023b41f28
05-14 14:34:42.158 11638 11816 D SessionLifecycleClient: Notified CRASHLYTICS of new session 7eb1678c07b54b5a80bc778023b41f28
05-14 14:34:43.071 11638 11650 I app.secretspace: Background concurrent mark compact GC freed 13MB AllocSpace bytes, 76(9316KB) LOS objects, 73% free, 8841KB/32MB, paused 1.313ms,3.757ms total 132.915ms
05-14 14:34:43.078 11638 11652 W app.secretspace: ApkAssets: Deleting an ApkAssets object '<empty> and /data/app/~~yCaUmDCjQg68ti4FHESxjQ==/xyz.penpencil.physicswala- 7HN_QeW1-Y-nrDQjzBsc5A==/base.apk' with 1 weak references
05-14 14:34:43.078 11638 11652 W app.secretspace: ApkAssets: Deleting an ApkAssets object '<empty> and /data/app/~~yCaUmDCjQg68ti4FHESxjQ==/xyz.penpencil.physicswala- 7HN_QeW1-Y-nrDQjzBsc5A==/split_config.arm64_v8a.apk' with 1 weak references
05-14 14:34:43.078 11638 11652 W app.secretspace: ApkAssets: Deleting an ApkAssets object '<empty> and /data/app/~~yCaUmDCjQg68ti4FHESxjQ==/xyz.penpencil.physicswala- 7HN_QeW1-Y-nrDQjzBsc5A==/split_config.xxhdpi.apk' with 1 weak references
05-14 14:34:43.079 11638 11652 W app.secretspace: ApkAssets: Deleting an ApkAssets object '<empty> and /data/app/~~N-kvneBo3dk4qp3fpDbW4g==/com.camerasideas.instashot- sgxnLWx6CHQUFuuX2YnIQw==/base.apk' with 1 weak references
05-14 14:34:43.079 11638 11652 W app.secretspace: ApkAssets: Deleting an ApkAssets object '<empty> and /data/app/~~N-kvneBo3dk4qp3fpDbW4g==/com.camerasideas.instashot- sgxnLWx6CHQUFuuX2YnIQw==/split_config.arm64_v8a.apk' with 1 weak references
05-14 14:34:43.079 11638 11652 W app.secretspace: ApkAssets: Deleting an ApkAssets object '<empty> and /data/app/~~N-kvneBo3dk4qp3fpDbW4g==/com.camerasideas.instashot- sgxnLWx6CHQUFuuX2YnIQw==/split_config.xxhdpi.apk' with 1 weak references
05-14 14:34:43.080 11638 11652 W app.secretspace: ApkAssets: Deleting an ApkAssets object '<empty> and /data/app/~~dsbugnx9WeoxtCyTfMRg1w==/com.whereismytrain.android- 0XI0Zjy2wfISEXErDNvmpg==/base.apk' with 1 weak references
05-14 14:34:43.080 11638 11652 W app.secretspace: ApkAssets: Deleting an ApkAssets object '<empty> and /data/app/~~wDU1P-LrbZJnYtbY5Y-1Jg==/com.phonepe.app- PJ7vXzbMtJsSF1dgQmElcw==/base.apk' with 1 weak references
05-14 14:34:43.080 11638 11652 W app.secretspace: ApkAssets: Deleting an ApkAssets object '<empty> and /data/app/~~wDU1P-LrbZJnYtbY5Y-1Jg==/com.phonepe.app- PJ7vXzbMtJsSF1dgQmElcw==/split_config.arm64_v8a.apk' with 1 weak references
05-14 14:34:43.080 11638 11652 W app.secretspace: ApkAssets: Deleting an ApkAssets object '<empty> and /data/app/~~wDU1P-LrbZJnYtbY5Y-1Jg==/com.phonepe.app- PJ7vXzbMtJsSF1dgQmElcw==/split_config.xxhdpi.apk' with 1 weak references
05-14 14:34:43.080 11638 11652 W app.secretspace: ApkAssets: Deleting an ApkAssets object '<empty> and /data/app/~~jePAsJd4rsJ_QWWA0gvMSg==/com.myairtelapp- UqOhaFJOQVZpWtwXsakzFw==/base.apk' with 1 weak references
05-14 14:34:43.081 11638 11652 W app.secretspace: ApkAssets: Deleting an ApkAssets object '<empty> and /data/app/~~jePAsJd4rsJ_QWWA0gvMSg==/com.myairtelapp- UqOhaFJOQVZpWtwXsakzFw==/split_config.arm64_v8a.apk' with 1 weak references
05-14 14:34:43.081 11638 11652 W app.secretspace: ApkAssets: Deleting an ApkAssets object '<empty> and /data/app/~~jePAsJd4rsJ_QWWA0gvMSg==/com.myairtelapp- UqOhaFJOQVZpWtwXsakzFw==/split_config.xxhdpi.apk' with 1 weak references
05-14 14:34:43.081 11638 11652 W app.secretspace: ApkAssets: Deleting an ApkAssets object '<empty> and /data/app/~~jePAsJd4rsJ_QWWA0gvMSg==/com.myairtelapp- UqOhaFJOQVZpWtwXsakzFw==/split_googleml.apk' with 1 weak references
05-14 14:34:43.081 11638 11652 W app.secretspace: ApkAssets: Deleting an ApkAssets object '<empty> and /data/app/~~jePAsJd4rsJ_QWWA0gvMSg==/com.myairtelapp- UqOhaFJOQVZpWtwXsakzFw==/split_googleml.config.xxhdpi.apk' with 1 weak references
05-14 14:34:43.081 11638 11652 W app.secretspace: ApkAssets: Deleting an ApkAssets object '<empty> and /data/app/~~lyhbEDZg3Kmc12P93tr2pA==/com.whatsapp- V3lDUR7B5idf3ORXhTzAmA==/base.apk' with 1 weak references
05-14 14:34:43.082 11638 11652 W app.secretspace: ApkAssets: Deleting an ApkAssets object '<empty> and /data/app/~~lyhbEDZg3Kmc12P93tr2pA==/com.whatsapp- V3lDUR7B5idf3ORXhTzAmA==/split_config.arm64_v8a.apk' with 1 weak references
05-14 14:34:43.082 11638 11652 W app.secretspace: ApkAssets: Deleting an ApkAssets object '<empty> and /data/app/~~sQ6GisYZ4c9pTu8-8kCWEA==/com.bsbportal.music- UTlVLv_ZCHoZWaMhJT76RQ==/base.apk' with 1 weak references
05-14 14:34:43.082 11638 11652 W app.secretspace: ApkAssets: Deleting an ApkAssets object '<empty> and /data/app/~~sQ6GisYZ4c9pTu8-8kCWEA==/com.bsbportal.music- UTlVLv_ZCHoZWaMhJT76RQ==/split_config.en.apk' with 1 weak references
05-14 14:34:43.082 11638 11652 W app.secretspace: ApkAssets: Deleting an ApkAssets object '<empty> and /data/app/~~sQ6GisYZ4c9pTu8-8kCWEA==/com.bsbportal.music- UTlVLv_ZCHoZWaMhJT76RQ==/split_config.xxhdpi.apk' with 1 weak references
05-14 14:34:43.082 11638 11652 W app.secretspace: ApkAssets: Deleting an ApkAssets object '<empty> and /data/app/~~HpZstuXNWpQyN-MW6TV1Ag==/in.amazon.mShop.android.shopping- fFNE90MWqXaZqiMirhDMkA==/base.apk' with 1 weak references
05-14 14:34:43.083 11638 11652 W app.secretspace: ApkAssets: Deleting an ApkAssets object '<empty> and /data/app/~~HpZstuXNWpQyN-MW6TV1Ag==/in.amazon.mShop.android.shopping- fFNE90MWqXaZqiMirhDMkA==/split_config.arm64_v8a.apk' with 1 weak references
05-14 14:34:43.083 11638 11652 W app.secretspace: ApkAssets: Deleting an ApkAssets object '<empty> and /data/app/~~HpZstuXNWpQyN-MW6TV1Ag==/in.amazon.mShop.android.shopping- fFNE90MWqXaZqiMirhDMkA==/split_config.xxhdpi.apk' with 1 weak references
05-14 14:34:43.083 11638 11652 W app.secretspace: ApkAssets: Deleting an ApkAssets object '<empty> and /data/app/~~CqfOUFSXMqHmwQ4F1WDclQ==/in.mohalla.sharechat-- hnPk2qEzpz8KyYXv-USDQ==/base.apk' with 1 weak references
05-14 14:34:43.083 11638 11652 W app.secretspace: ApkAssets: Deleting an ApkAssets object '<empty> and /data/app/~~CqfOUFSXMqHmwQ4F1WDclQ==/in.mohalla.sharechat-- hnPk2qEzpz8KyYXv-USDQ==/split_agoraudio.apk' with 1 weak references
05-14 14:34:43.083 11638 11652 W app.secretspace: ApkAssets: Deleting an ApkAssets object '<empty> and /data/app/~~CqfOUFSXMqHmwQ4F1WDclQ==/in.mohalla.sharechat-- hnPk2qEzpz8KyYXv-USDQ==/split_agoraudio.config.arm64_v8a.apk' with 1 weak references
05-14 14:34:43.083 11638 11652 W app.secretspace: ApkAssets: Deleting an ApkAssets object '<empty> and /data/app/~~CqfOUFSXMqHmwQ4F1WDclQ==/in.mohalla.sharechat-- hnPk2qEzpz8KyYXv-USDQ==/split_camera.apk' with 1 weak references
05-14 14:34:43.083 11638 11652 W app.secretspace: ApkAssets: Deleting an ApkAssets object '<empty> and /data/app/~~CqfOUFSXMqHmwQ4F1WDclQ==/in.mohalla.sharechat-- hnPk2qEzpz8KyYXv-USDQ==/split_camera_sdk.apk' with 1 weak references
05-14 14:34:43.083 11638 11652 W app.secretspace: ApkAssets: Deleting an ApkAssets object '<empty> and /data/app/~~CqfOUFSXMqHmwQ4F1WDclQ==/in.mohalla.sharechat-- hnPk2qEzpz8KyYXv-USDQ==/split_camera_sdk.config.arm64_v8a.apk' with 1 weak references
05-14 14:34:43.083 11638 11652 W app.secretspace: ApkAssets: Deleting an ApkAssets object '<empty> and /data/app/~~CqfOUFSXMqHmwQ4F1WDclQ==/in.mohalla.sharechat-- hnPk2qEzpz8KyYXv-USDQ==/split_config.arm64_v8a.apk' with 1 weak references
05-14 14:34:43.083 11638 11652 W app.secretspace: ApkAssets: Deleting an ApkAssets object '<empty> and /data/app/~~CqfOUFSXMqHmwQ4F1WDclQ==/in.mohalla.sharechat-- hnPk2qEzpz8KyYXv-USDQ==/split_ffmpeg_kit.apk' with 1 weak references
05-14 14:34:43.083 11638 11652 W app.secretspace: ApkAssets: Deleting an ApkAssets object '<empty> and /data/app/~~CqfOUFSXMqHmwQ4F1WDclQ==/in.mohalla.sharechat-- hnPk2qEzpz8KyYXv-USDQ==/split_ffmpeg_kit.config.arm64_v8a.apk' with 1 weak references
05-14 14:34:43.083 11638 11652 W app.secretspace: ApkAssets: Deleting an ApkAssets object '<empty> and /data/app/~~CqfOUFSXMqHmwQ4F1WDclQ==/in.mohalla.sharechat-- hnPk2qEzpz8KyYXv-USDQ==/split_gamdfm.apk' with 1 weak references
05-14 14:34:43.084 11638 11652 W app.secretspace: ApkAssets: Deleting an ApkAssets object '<empty> and /data/app/~~CqfOUFSXMqHmwQ4F1WDclQ==/in.mohalla.sharechat-- hnPk2qEzpz8KyYXv-USDQ==/split_gamdfm.config.arm64_v8a.apk' with 1 weak references
05-14 14:34:43.084 11638 11652 W app.secretspace: ApkAssets: Deleting an ApkAssets object '<empty> and /data/app/~~CqfOUFSXMqHmwQ4F1WDclQ==/in.mohalla.sharechat-- hnPk2qEzpz8KyYXv-USDQ==/split_motion_video.apk' with 1 weak references
05-14 14:34:43.084 11638 11652 W app.secretspace: ApkAssets: Deleting an ApkAssets object '<empty> and /data/app/~~CqfOUFSXMqHmwQ4F1WDclQ==/in.mohalla.sharechat-- hnPk2qEzpz8KyYXv-USDQ==/split_motion_video.config.arm64_v8a.apk' with 1 weak references
05-14 14:34:43.084 11638 11652 W app.secretspace: ApkAssets: Deleting an ApkAssets object '<empty> and /data/app/~~CqfOUFSXMqHmwQ4F1WDclQ==/in.mohalla.sharechat-- hnPk2qEzpz8KyYXv-USDQ==/split_shutter_android_core.apk' with 1 weak references
05-14 14:34:43.084 11638 11652 W app.secretspace: ApkAssets: Deleting an ApkAssets object '<empty> and /data/app/~~CqfOUFSXMqHmwQ4F1WDclQ==/in.mohalla.sharechat-- hnPk2qEzpz8KyYXv-USDQ==/split_shutter_android_core.config.arm64_v8a.apk' with 1 weak references
05-14 14:34:43.084 11638 11652 W app.secretspace: ApkAssets: Deleting an ApkAssets object '<empty> and /data/app/~~CqfOUFSXMqHmwQ4F1WDclQ==/in.mohalla.sharechat-- hnPk2qEzpz8KyYXv-USDQ==/split_video_editor.apk' with 1 weak references
05-14 14:34:43.084 11638 11652 W app.secretspace: ApkAssets: Deleting an ApkAssets object '<empty> and /data/app/~~CqfOUFSXMqHmwQ4F1WDclQ==/in.mohalla.sharechat-- hnPk2qEzpz8KyYXv-USDQ==/split_video_editor.config.arm64_v8a.apk' with 1 weak references
05-14 14:34:43.084 11638 11652 W app.secretspace: ApkAssets: Deleting an ApkAssets object '<empty> and /data/app/~~iQRwPKxcvcsm-mgdlJgPLw==/com.flipkart.android- j9TrlvkCvPFXM0d42cHoZg==/base.apk' with 1 weak references
05-14 14:34:43.084 11638 11652 W app.secretspace: ApkAssets: Deleting an ApkAssets object '<empty> and /data/app/~~iQRwPKxcvcsm-mgdlJgPLw==/com.flipkart.android- j9TrlvkCvPFXM0d42cHoZg==/split_config.arm64_v8a.apk' with 1 weak references
05-14 14:34:43.084 11638 11652 W app.secretspace: ApkAssets: Deleting an ApkAssets object '<empty> and /data/app/~~iQRwPKxcvcsm-mgdlJgPLw==/com.flipkart.android- j9TrlvkCvPFXM0d42cHoZg==/split_config.xxhdpi.apk' with 1 weak references
05-14 14:34:43.084 11638 11652 W app.secretspace: ApkAssets: Deleting an ApkAssets object '<empty> and /data/app/~~iQRwPKxcvcsm-mgdlJgPLw==/com.flipkart.android- j9TrlvkCvPFXM0d42cHoZg==/split_juspay_sdk.apk' with 1 weak references
05-14 14:34:43.084 11638 11652 W app.secretspace: ApkAssets: Deleting an ApkAssets object '<empty> and /data/app/~~L6sgnfp7l7X1cedIN0f9Jg==/us.zoom.videomeetings- tEaHvolPiPPgB8Y4hnBdJQ==/base.apk' with 1 weak references
05-14 14:34:43.085 11638 11652 W app.secretspace: ApkAssets: Deleting an ApkAssets object '<empty> and /data/app/~~L6sgnfp7l7X1cedIN0f9Jg==/us.zoom.videomeetings- tEaHvolPiPPgB8Y4hnBdJQ==/split_config.arm64_v8a.apk' with 1 weak references
05-14 14:34:43.085 11638 11652 W app.secretspace: ApkAssets: Deleting an ApkAssets object '<empty> and /data/app/~~L6sgnfp7l7X1cedIN0f9Jg==/us.zoom.videomeetings- tEaHvolPiPPgB8Y4hnBdJQ==/split_config.xxhdpi.apk' with 1 weak references
05-14 14:34:43.085 11638 11652 W app.secretspace: ApkAssets: Deleting an ApkAssets object '<empty> and /data/app/~~7YoZ_vSHV7hivNHQFOrd6A==/com.cardfeed.video_public- dH5a40irMKNofO2-PPCY1g==/base.apk' with 1 weak references
05-14 14:34:43.086 11638 11652 W app.secretspace: ApkAssets: Deleting an ApkAssets object '<empty> and /data/app/~~VGaQs82Zt78l1sYHQbtELw==/com.instagram.android- cjFgMUwpJcfVuXf8prYLOw==/base.apk' with 1 weak references
05-14 14:34:43.086 11638 11652 W app.secretspace: ApkAssets: Deleting an ApkAssets object '<empty> and /data/app/~~VGaQs82Zt78l1sYHQbtELw==/com.instagram.android- cjFgMUwpJcfVuXf8prYLOw==/split_audio_stream_processor.apk' with 1 weak references
05-14 14:34:43.086 11638 11652 W app.secretspace: ApkAssets: Deleting an ApkAssets object '<empty> and /data/app/~~VGaQs82Zt78l1sYHQbtELw==/com.instagram.android- cjFgMUwpJcfVuXf8prYLOw==/split_audio_stream_processor_shim_impl.apk' with 1 weak references
05-14 14:34:43.086 11638 11652 W app.secretspace: ApkAssets: Deleting an ApkAssets object '<empty> and /data/app/~~VGaQs82Zt78l1sYHQbtELw==/com.instagram.android- cjFgMUwpJcfVuXf8prYLOw==/split_executorch.apk' with 1 weak references
05-14 14:34:43.086 11638 11652 W app.secretspace: ApkAssets: Deleting an ApkAssets object '<empty> and /data/app/~~VGaQs82Zt78l1sYHQbtELw==/com.instagram.android- cjFgMUwpJcfVuXf8prYLOw==/split_pytorch.apk' with 1 weak references
05-14 14:34:43.086 11638 11652 W app.secretspace: ApkAssets: Deleting an ApkAssets object '<empty> and /data/app/~~VGaQs82Zt78l1sYHQbtELw==/com.instagram.android- cjFgMUwpJcfVuXf8prYLOw==/split_s_audio_stream_processor_configurable_audio.apk' with 1 weak references
05-14 14:34:43.086 11638 11652 W app.secretspace: ApkAssets: Deleting an ApkAssets object '<empty> and /data/app/~~VGaQs82Zt78l1sYHQbtELw==/com.instagram.android- cjFgMUwpJcfVuXf8prYLOw==/split_s_executorch_pytorch.apk' with 1 weak references
05-14 14:34:43.086 11638 11652 W app.secretspace: ApkAssets: Deleting an ApkAssets object '<empty> and /data/app/~~VGaQs82Zt78l1sYHQbtELw==/com.instagram.android- cjFgMUwpJcfVuXf8prYLOw==/split_spm.apk' with 1 weak references
05-14 14:34:43.086 11638 11652 W app.secretspace: ApkAssets: Deleting an ApkAssets object '<empty> and /data/app/~~neBJy3rCcM5SPyx2LaCYYg==/in.startv.hotstar-6CJ- qEyQW6JSYuJ4OkOEVQ==/base.apk' with 1 weak references
05-14 14:34:43.086 11638 11652 W app.secretspace: ApkAssets: Deleting an ApkAssets object '<empty> and /data/app/~~neBJy3rCcM5SPyx2LaCYYg==/in.startv.hotstar-6CJ- qEyQW6JSYuJ4OkOEVQ==/split_config.arm64_v8a.apk' with 1 weak references
05-14 14:34:43.087 11638 11652 W app.secretspace: ApkAssets: Deleting an ApkAssets object '<empty> and /data/app/~~neBJy3rCcM5SPyx2LaCYYg==/in.startv.hotstar-6CJ- qEyQW6JSYuJ4OkOEVQ==/split_config.en.apk' with 1 weak references
05-14 14:34:43.087 11638 11652 W app.secretspace: ApkAssets: Deleting an ApkAssets object '<empty> and /data/app/~~neBJy3rCcM5SPyx2LaCYYg==/in.startv.hotstar-6CJ- qEyQW6JSYuJ4OkOEVQ==/split_config.gu.apk' with 1 weak references
05-14 14:34:43.087 11638 11652 W app.secretspace: ApkAssets: Deleting an ApkAssets object '<empty> and /data/app/~~neBJy3rCcM5SPyx2LaCYYg==/in.startv.hotstar-6CJ- qEyQW6JSYuJ4OkOEVQ==/split_config.hi.apk' with 1 weak references
05-14 14:34:43.087 11638 11652 W app.secretspace: ApkAssets: Deleting an ApkAssets object '<empty> and /data/app/~~neBJy3rCcM5SPyx2LaCYYg==/in.startv.hotstar-6CJ- qEyQW6JSYuJ4OkOEVQ==/split_config.mr.apk' with 1 weak references
05-14 14:34:43.087 11638 11652 W app.secretspace: ApkAssets: Deleting an ApkAssets object '<empty> and /data/app/~~neBJy3rCcM5SPyx2LaCYYg==/in.startv.hotstar-6CJ- qEyQW6JSYuJ4OkOEVQ==/split_config.xxhdpi.apk' with 1 weak references
05-14 14:34:43.087 11638 11652 W app.secretspace: ApkAssets: Deleting an ApkAssets object '<empty> and /data/app/~~leLQ-l5Tm6L84AFPJ-M7uw==/in.gov.diksha.app- 42MYA_F07E_FO23XVZJfCQ==/base.apk' with 1 weak references
05-14 14:34:43.087 11638 11652 W app.secretspace: ApkAssets: Deleting an ApkAssets object '<empty> and /data/app/~~leLQ-l5Tm6L84AFPJ-M7uw==/in.gov.diksha.app- 42MYA_F07E_FO23XVZJfCQ==/split_config.arm64_v8a.apk' with 1 weak references
05-14 14:34:43.087 11638 11652 W app.secretspace: ApkAssets: Deleting an ApkAssets object '<empty> and /data/app/~~leLQ-l5Tm6L84AFPJ-M7uw==/in.gov.diksha.app- 42MYA_F07E_FO23XVZJfCQ==/split_config.bn.apk' with 1 weak references
05-14 14:34:43.087 11638 11652 W app.secretspace: ApkAssets: Deleting an ApkAssets object '<empty> and /data/app/~~leLQ-l5Tm6L84AFPJ-M7uw==/in.gov.diksha.app- 42MYA_F07E_FO23XVZJfCQ==/split_config.en.apk' with 1 weak references
05-14 14:34:43.087 11638 11652 W app.secretspace: ApkAssets: Deleting an ApkAssets object '<empty> and /data/app/~~leLQ-l5Tm6L84AFPJ-M7uw==/in.gov.diksha.app- 42MYA_F07E_FO23XVZJfCQ==/split_config.gu.apk' with 1 weak references
05-14 14:34:43.087 11638 11652 W app.secretspace: ApkAssets: Deleting an ApkAssets object '<empty> and /data/app/~~leLQ-l5Tm6L84AFPJ-M7uw==/in.gov.diksha.app- 42MYA_F07E_FO23XVZJfCQ==/split_config.hi.apk' with 1 weak references
05-14 14:34:43.087 11638 11652 W app.secretspace: ApkAssets: Deleting an ApkAssets object '<empty> and /data/app/~~leLQ-l5Tm6L84AFPJ-M7uw==/in.gov.diksha.app- 42MYA_F07E_FO23XVZJfCQ==/split_config.kn.apk' with 1 weak references
05-14 14:34:43.087 11638 11652 W app.secretspace: ApkAssets: Deleting an ApkAssets object '<empty> and /data/app/~~leLQ-l5Tm6L84AFPJ-M7uw==/in.gov.diksha.app- 42MYA_F07E_FO23XVZJfCQ==/split_config.mr.apk' with 1 weak references
05-14 14:34:43.087 11638 11652 W app.secretspace: ApkAssets: Deleting an ApkAssets object '<empty> and /data/app/~~leLQ-l5Tm6L84AFPJ-M7uw==/in.gov.diksha.app- 42MYA_F07E_FO23XVZJfCQ==/split_config.ta.apk' with 1 weak references
05-14 14:34:43.087 11638 11652 W app.secretspace: ApkAssets: Deleting an ApkAssets object '<empty> and /data/app/~~leLQ-l5Tm6L84AFPJ-M7uw==/in.gov.diksha.app- 42MYA_F07E_FO23XVZJfCQ==/split_config.te.apk' with 1 weak references
05-14 14:34:43.087 11638 11652 W app.secretspace: ApkAssets: Deleting an ApkAssets object '<empty> and /data/app/~~leLQ-l5Tm6L84AFPJ-M7uw==/in.gov.diksha.app- 42MYA_F07E_FO23XVZJfCQ==/split_config.xxhdpi.apk' with 1 weak references
05-14 14:34:43.087 11638 11652 W app.secretspace: ApkAssets: Deleting an ApkAssets object '<empty> and /data/app/~~speX-Td2c_vCZGzz3VBqbg==/com.instagram.barcelona- ER4QEdoXhSTg6r8e1U0B-Q==/base.apk' with 1 weak references
05-14 14:34:43.088 11638 11652 W app.secretspace: ApkAssets: Deleting an ApkAssets object '<empty> and /data/app/~~aS11TKBwJwSX6sz899K45A==/com.ak.ta.dainikbhaskar.activity- r9cTGPtOAMc99DsxsxI9wg==/base.apk' with 1 weak references
05-14 14:34:43.088 11638 11652 W app.secretspace: ApkAssets: Deleting an ApkAssets object '<empty> and /data/app/~~hBPGnz07ePt7_qi9G3GDOA==/com.hideitpro- KZavbfVImwt1IRPmC3dwwQ==/base.apk' with 1 weak references
05-14 14:34:43.089 11638 11652 W app.secretspace: ApkAssets: Deleting an ApkAssets object '<empty> and /data/app/~~FGzjnPxSIgdrq8pfD55qmg==/com.ovelin.guitartuna-Xfs- 5bSLidO4qOoY5elcUg==/base.apk' with 1 weak references
05-14 14:34:43.089 11638 11652 W app.secretspace: ApkAssets: Deleting an ApkAssets object '<empty> and /data/app/~~FGzjnPxSIgdrq8pfD55qmg==/com.ovelin.guitartuna-Xfs- 5bSLidO4qOoY5elcUg==/split_config.arm64_v8a.apk' with 1 weak references
05-14 14:34:44.647 11638 11068 D SessionConfigFetcher: Fetched settings: {"settings_version":3,"cache_duration":175904,"features": {"collect_logged_exceptions":true,"collect_reports":true,"collect_analytics":false, "prompt_enabled":false,"push_enabled":false,"firebase_crashlytics_enabled":false,"c ollect_anrs":true,"collect_metric_kit":false,"collect_build_ids":true},"app": {"status":"activated","update_required":false,"report_upload_variant":2,"native_rep ort_upload_variant":2},"fabric": {"org_id":"65f00c8a567bf1f0daf09834","bundle_id":"com.hello.miheapp.secretspace"}," on_demand_upload_rate_per_minute":10,"on_demand_backoff_base":1.2,"on_demand_backof f_step_duration_seconds":60,"app_quality": {"sessions_enabled":true,"sampling_rate":1,"session_timeout_seconds":1800},"on_dema nd_thread_recording_suspension_enabled":true}
05-14 14:34:44.697 11638 11810 D EventGDTLogger: Session Event: {"eventType":1,"sessionData": {"sessionId":"7eb1678c07b54b5a80bc778023b41f28","firstSessionId":"7eb1678c07b54b5a8 0bc778023b41f28","sessionIndex":0,"eventTimestampUs":1747213482091000,"dataCollecti onStatus": {"performance":1,"crashlytics":2,"sessionSamplingRate":1.0},"firebaseInstallationId ":"c6TYFqe27enX8Zh0Bwrwcg"},"applicationInfo": {"appId":"1:716442668392:android:91ab0e5825942d3ba61add","deviceModel":"moto g35 5G","sessionSdkVersion":"1.2.1","osVersion":"14","logEnvironment":3,"androidAppInfo ": {"packageName":"com.hello.miheapp.secretspace","versionName":"1.1.51","appBuildVers ion":"1151","deviceManufacturer":"motorola","currentProcessDetails": {"processName":"com.hello.miheapp.secretspace","pid":11638,"importance":100,"defaul tProcess":true},"appProcessDetails": [{"processName":"com.hello.miheapp.secretspace","pid":11638,"importance":100,"defau ltProcess":true}, {"processName":"com.hello.miheapp.secretspace:black","pid":11897,"importance":125," defaultProcess":false}, {"processName":"com.hello.miheapp.secretspace:p0","pid":12075,"importance":125,"def aultProcess":false}, {"processName":"com.hello.miheapp.secretspace:dex","pid":12220,"importance":125,"de faultProcess":false}]}}}
05-14 14:34:44.697 11638 11810 D SessionFirelogPublisher: Successfully logged Session Start event: 7eb1678c07b54b5a80bc778023b41f28
05-14 14:34:44.724 11638 11831 D CompatibilityChangeReporter: Compat change id reported: 194532703; UID 10306; state: ENABLED
05-14 14:34:44.724 11638 11831 D CompatibilityChangeReporter: Compat change id reported: 253665015; UID 10306; state: ENABLED
05-14 14:34:46.966 11638 11816 D SessionLifecycleClient: Sending lifecycle 2 to service
05-14 14:34:46.966 11638 12417 D SessionLifecycleService: Activity backgrounding at 147792588
05-14 14:34:47.130 11638 11804 D SessionLifecycleClient: Sending lifecycle 1 to service
05-14 14:34:47.130 11638 12417 D SessionLifecycleService: Activity foregrounding at 147792752.
05-14 14:34:47.149 11638 12392 I MATDBManager: sqllite db insert success! insert row id:120
05-14 14:34:47.153 11638 12392 I MATDBManager: sqllite db capacity:1
05-14 14:34:48.003 11638 11638 W WindowOnBackDispatcher: sendCancelIfRunning: isInProgress=falsecallback=android.view.ViewRootImpl$ $ExternalSyntheticLambda17@ed7e8d2
05-14 14:34:48.106 11638 11650 W app.secretspace: Cleared Reference was only reachable from finalizer (only reported once)
05-14 14:34:48.150 11638 11652 W app.secretspace: ApkAssets: Deleting an ApkAssets object '<empty> and /data/app/~~6qrAwaWN3eTWduBgWOd67A==/com.graymatrix.did- XPvx6Y9bCmyWhj0lmwE5sw==/base.apk' with 1 weak references
05-14 14:34:48.150 11638 11652 W app.secretspace: ApkAssets: Deleting an ApkAssets object '<empty> and /data/app/~~6qrAwaWN3eTWduBgWOd67A==/com.graymatrix.did- XPvx6Y9bCmyWhj0lmwE5sw==/split_config.arm64_v8a.apk' with 1 weak references
05-14 14:34:48.150 11638 11652 W app.secretspace: ApkAssets: Deleting an ApkAssets object '<empty> and /data/app/~~6qrAwaWN3eTWduBgWOd67A==/com.graymatrix.did- XPvx6Y9bCmyWhj0lmwE5sw==/split_config.en.apk' with 1 weak references
05-14 14:34:48.150 11638 11652 W app.secretspace: ApkAssets: Deleting an ApkAssets object '<empty> and /data/app/~~6qrAwaWN3eTWduBgWOd67A==/com.graymatrix.did- XPvx6Y9bCmyWhj0lmwE5sw==/split_config.xxhdpi.apk' with 1 weak references
05-14 14:34:48.151 11638 11652 W app.secretspace: ApkAssets: Deleting an ApkAssets object '<empty> and /data/app/~~o2GWL_pEcHyhnE2eHW8Evw==/com.flipkart.shopsy-RoKB- yRzz87pus9DaqmFqg==/base.apk' with 1 weak references
05-14 14:34:48.151 11638 11652 W app.secretspace: ApkAssets: Deleting an ApkAssets object '<empty> and /data/app/~~o2GWL_pEcHyhnE2eHW8Evw==/com.flipkart.shopsy-RoKB- yRzz87pus9DaqmFqg==/split_config.arm64_v8a.apk' with 1 weak references
05-14 14:34:48.151 11638 11652 W app.secretspace: ApkAssets: Deleting an ApkAssets object '<empty> and /data/app/~~o2GWL_pEcHyhnE2eHW8Evw==/com.flipkart.shopsy-RoKB- yRzz87pus9DaqmFqg==/split_config.xxhdpi.apk' with 1 weak references
05-14 14:34:48.151 11638 11652 W app.secretspace: ApkAssets: Deleting an ApkAssets object '<empty> and /data/app/~~SM_p6bPXpChwY_aK3Ya74g==/org.chromium.webapk.a8cd90bdc6565fd20_v2- Fxs__TGDiyfnZkkcIHebTg==/base.apk' with 1 weak references
05-14 14:34:48.151 11638 11652 W app.secretspace: ApkAssets: Deleting an ApkAssets object '<empty> and /data/app/~~SzYameugZqQHYooahx9dQQ==/com.spotify.music- hTln1b5CRkINfXtSXKdKyA==/base.apk' with 1 weak references
05-14 14:34:48.151 11638 11652 W app.secretspace: ApkAssets: Deleting an ApkAssets object '<empty> and /data/app/~~SzYameugZqQHYooahx9dQQ==/com.spotify.music- hTln1b5CRkINfXtSXKdKyA==/split_config.arm64_v8a.apk' with 1 weak references
05-14 14:34:48.151 11638 11652 W app.secretspace: ApkAssets: Deleting an ApkAssets object '<empty> and /data/app/~~SzYameugZqQHYooahx9dQQ==/com.spotify.music- hTln1b5CRkINfXtSXKdKyA==/split_config.en.apk' with 1 weak references
05-14 14:34:48.152 11638 11652 W app.secretspace: ApkAssets: Deleting an ApkAssets object '<empty> and /data/app/~~SzYameugZqQHYooahx9dQQ==/com.spotify.music- hTln1b5CRkINfXtSXKdKyA==/split_config.xxhdpi.apk' with 1 weak references
05-14 14:34:48.152 11638 11652 W app.secretspace: ApkAssets: Deleting an ApkAssets object '<empty> and /data/app/~~sT9cZgUO1oU2ROLHAnd54g==/com.visionxstudio.musictube- eaoryHdCyYPgsS8bNM5Btg==/base.apk' with 1 weak references
05-14 14:34:48.152 11638 11652 W app.secretspace: ApkAssets: Deleting an ApkAssets object '<empty> and /data/app/~~sT9cZgUO1oU2ROLHAnd54g==/com.visionxstudio.musictube- eaoryHdCyYPgsS8bNM5Btg==/split_config.arm64_v8a.apk' with 1 weak references
05-14 14:34:48.152 11638 11652 W app.secretspace: ApkAssets: Deleting an ApkAssets object '<empty> and /data/app/~~sT9cZgUO1oU2ROLHAnd54g==/com.visionxstudio.musictube- eaoryHdCyYPgsS8bNM5Btg==/split_config.bn.apk' with 1 weak references
05-14 14:34:48.152 11638 11652 W app.secretspace: ApkAssets: Deleting an ApkAssets object '<empty> and /data/app/~~sT9cZgUO1oU2ROLHAnd54g==/com.visionxstudio.musictube- eaoryHdCyYPgsS8bNM5Btg==/split_config.en.apk' with 1 weak references
05-14 14:34:48.152 11638 11652 W app.secretspace: ApkAssets: Deleting an ApkAssets object '<empty> and /data/app/~~sT9cZgUO1oU2ROLHAnd54g==/com.visionxstudio.musictube- eaoryHdCyYPgsS8bNM5Btg==/split_config.gu.apk' with 1 weak references
05-14 14:34:48.152 11638 11652 W app.secretspace: ApkAssets: Deleting an ApkAssets object '<empty> and /data/app/~~sT9cZgUO1oU2ROLHAnd54g==/com.visionxstudio.musictube- eaoryHdCyYPgsS8bNM5Btg==/split_config.hi.apk' with 1 weak references
05-14 14:34:48.152 11638 11652 W app.secretspace: ApkAssets: Deleting an ApkAssets object '<empty> and /data/app/~~sT9cZgUO1oU2ROLHAnd54g==/com.visionxstudio.musictube- eaoryHdCyYPgsS8bNM5Btg==/split_config.kn.apk' with 1 weak references
05-14 14:34:48.152 11638 11652 W app.secretspace: ApkAssets: Deleting an ApkAssets object '<empty> and /data/app/~~sT9cZgUO1oU2ROLHAnd54g==/com.visionxstudio.musictube- eaoryHdCyYPgsS8bNM5Btg==/split_config.mr.apk' with 1 weak references
05-14 14:34:48.152 11638 11652 W app.secretspace: ApkAssets: Deleting an ApkAssets object '<empty> and /data/app/~~sT9cZgUO1oU2ROLHAnd54g==/com.visionxstudio.musictube- eaoryHdCyYPgsS8bNM5Btg==/split_config.ta.apk' with 1 weak references
05-14 14:34:48.152 11638 11652 W app.secretspace: ApkAssets: Deleting an ApkAssets object '<empty> and /data/app/~~sT9cZgUO1oU2ROLHAnd54g==/com.visionxstudio.musictube- eaoryHdCyYPgsS8bNM5Btg==/split_config.te.apk' with 1 weak references
05-14 14:34:48.152 11638 11652 W app.secretspace: ApkAssets: Deleting an ApkAssets object '<empty> and /data/app/~~sT9cZgUO1oU2ROLHAnd54g==/com.visionxstudio.musictube- eaoryHdCyYPgsS8bNM5Btg==/split_config.xxhdpi.apk' with 1 weak references
05-14 14:34:48.153 11638 11652 W app.secretspace: ApkAssets: Deleting an ApkAssets object '<empty> and /data/app/~~kyjQlpJhlc2CqXl-2Lgrxw==/com.facebook.katana- pPkHk2nHOpOkN2qUPDWvEg==/base.apk' with 1 weak references
05-14 14:34:48.153 11638 11652 W app.secretspace: ApkAssets: Deleting an ApkAssets object '<empty> and /data/app/~~kyjQlpJhlc2CqXl-2Lgrxw==/com.facebook.katana- pPkHk2nHOpOkN2qUPDWvEg==/split_heliumcore.apk' with 1 weak references
05-14 14:34:48.153 11638 11652 W app.secretspace: ApkAssets: Deleting an ApkAssets object '<empty> and /data/app/~~kyjQlpJhlc2CqXl-2Lgrxw==/com.facebook.katana- pPkHk2nHOpOkN2qUPDWvEg==/split_heliumiab.apk' with 1 weak references
05-14 14:34:48.153 11638 11652 W app.secretspace: ApkAssets: Deleting an ApkAssets object '<empty> and /data/app/~~kyjQlpJhlc2CqXl-2Lgrxw==/com.facebook.katana- pPkHk2nHOpOkN2qUPDWvEg==/split_heliumiabexp.apk' with 1 weak references
05-14 14:34:48.153 11638 11652 W app.secretspace: ApkAssets: Deleting an ApkAssets object '<empty> and /data/app/~~kyjQlpJhlc2CqXl-2Lgrxw==/com.facebook.katana- pPkHk2nHOpOkN2qUPDWvEg==/split_papaya.apk' with 1 weak references
05-14 14:34:48.153 11638 11652 W app.secretspace: ApkAssets: Deleting an ApkAssets object '<empty> and /data/app/~~kyjQlpJhlc2CqXl-2Lgrxw==/com.facebook.katana- pPkHk2nHOpOkN2qUPDWvEg==/split_papayaanalyticstorch.apk' with 1 weak references
05-14 14:34:48.153 11638 11652 W app.secretspace: ApkAssets: Deleting an ApkAssets object '<empty> and /data/app/~~kyjQlpJhlc2CqXl-2Lgrxw==/com.facebook.katana- pPkHk2nHOpOkN2qUPDWvEg==/split_papayatorch.apk' with 1 weak references
05-14 14:34:48.153 11638 11652 W app.secretspace: ApkAssets: Deleting an ApkAssets object '<empty> and /data/app/~~kyjQlpJhlc2CqXl-2Lgrxw==/com.facebook.katana- pPkHk2nHOpOkN2qUPDWvEg==/split_pytorch.apk' with 1 weak references
05-14 14:34:48.153 11638 11652 W app.secretspace: ApkAssets: Deleting an ApkAssets object '<empty> and /data/app/~~kyjQlpJhlc2CqXl-2Lgrxw==/com.facebook.katana- pPkHk2nHOpOkN2qUPDWvEg==/split_s_papayaanalyticstorch_papayatorch.apk' with 1 weak references
05-14 14:34:48.153 11638 11652 W app.secretspace: ApkAssets: Deleting an ApkAssets object '<empty> and /data/app/~~kyjQlpJhlc2CqXl-2Lgrxw==/com.facebook.katana- pPkHk2nHOpOkN2qUPDWvEg==/ split_s_papayaanalyticstorch_papayatorch_torchedlooper.apk' with 1 weak references
05-14 14:34:48.153 11638 11652 W app.secretspace: ApkAssets: Deleting an ApkAssets object '<empty> and /data/app/~~kyjQlpJhlc2CqXl-2Lgrxw==/com.facebook.katana- pPkHk2nHOpOkN2qUPDWvEg==/split_s_papayatorch_torchedlooper.apk' with 1 weak references
05-14 14:34:48.153 11638 11652 W app.secretspace: ApkAssets: Deleting an ApkAssets object '<empty> and /data/app/~~G0YAdmPwcVzu9uLrJKGFCw==/com.downlood.sav.whmedia- TW_CQLo-5VWokOshUYkAog==/base.apk' with 1 weak references
05-14 14:34:48.154 11638 11652 W app.secretspace: ApkAssets: Deleting an ApkAssets object '<empty> and /data/app/~~G0YAdmPwcVzu9uLrJKGFCw==/com.downlood.sav.whmedia- TW_CQLo-5VWokOshUYkAog==/split_config.arm64_v8a.apk' with 1 weak references
05-14 14:34:48.154 11638 11652 W app.secretspace: ApkAssets: Deleting an ApkAssets object '<empty> and /data/app/~~G0YAdmPwcVzu9uLrJKGFCw==/com.downlood.sav.whmedia- TW_CQLo-5VWokOshUYkAog==/split_config.xxhdpi.apk' with 1 weak references
05-14 14:34:48.154 11638 11652 W app.secretspace: ApkAssets: Deleting an ApkAssets object '<empty> and /data/app/~~-n9pac3uS-Hns0gWtSvskg==/com.thakurprasadcalendar- fUg6UnAJHTCyqytDSm0WFg==/base.apk' with 1 weak references
05-14 14:34:48.154 11638 11652 W app.secretspace: ApkAssets: Deleting an ApkAssets object '<empty> and /data/app/~~-n9pac3uS-Hns0gWtSvskg==/com.thakurprasadcalendar- fUg6UnAJHTCyqytDSm0WFg==/split_config.bn.apk' with 1 weak references
05-14 14:34:48.154 11638 11652 W app.secretspace: ApkAssets: Deleting an ApkAssets object '<empty> and /data/app/~~-n9pac3uS-Hns0gWtSvskg==/com.thakurprasadcalendar- fUg6UnAJHTCyqytDSm0WFg==/split_config.en.apk' with 1 weak references
05-14 14:34:48.154 11638 11652 W app.secretspace: ApkAssets: Deleting an ApkAssets object '<empty> and /data/app/~~-n9pac3uS-Hns0gWtSvskg==/com.thakurprasadcalendar- fUg6UnAJHTCyqytDSm0WFg==/split_config.gu.apk' with 1 weak references
05-14 14:34:48.154 11638 11652 W app.secretspace: ApkAssets: Deleting an ApkAssets object '<empty> and /data/app/~~-n9pac3uS-Hns0gWtSvskg==/com.thakurprasadcalendar- fUg6UnAJHTCyqytDSm0WFg==/split_config.hi.apk' with 1 weak references
05-14 14:34:48.154 11638 11652 W app.secretspace: ApkAssets: Deleting an ApkAssets object '<empty> and /data/app/~~-n9pac3uS-Hns0gWtSvskg==/com.thakurprasadcalendar- fUg6UnAJHTCyqytDSm0WFg==/split_config.kn.apk' with 1 weak references
05-14 14:34:48.154 11638 11652 W app.secretspace: ApkAssets: Deleting an ApkAssets object '<empty> and /data/app/~~-n9pac3uS-Hns0gWtSvskg==/com.thakurprasadcalendar- fUg6UnAJHTCyqytDSm0WFg==/split_config.mr.apk' with 1 weak references
05-14 14:34:48.154 11638 11652 W app.secretspace: ApkAssets: Deleting an ApkAssets object '<empty> and /data/app/~~-n9pac3uS-Hns0gWtSvskg==/com.thakurprasadcalendar- fUg6UnAJHTCyqytDSm0WFg==/split_config.te.apk' with 1 weak references
05-14 14:34:48.155 11638 11652 W app.secretspace: ApkAssets: Deleting an ApkAssets object '<empty> and /data/app/~~-n9pac3uS-Hns0gWtSvskg==/com.thakurprasadcalendar- fUg6UnAJHTCyqytDSm0WFg==/split_config.xxhdpi.apk' with 1 weak references
05-14 14:34:48.155 11638 11652 W app.secretspace: ApkAssets: Deleting an ApkAssets object '<empty> and /data/app/~~sDC7cKnX3zN2iBAO9Xbxlw==/com.google.android.apps.nbu.paisa.user- QJMLe60gAVWiFbH1r_9vkg==/base.apk' with 1 weak references
05-14 14:34:48.155 11638 11652 W app.secretspace: ApkAssets: Deleting an ApkAssets object '<empty> and /data/app/~~sDC7cKnX3zN2iBAO9Xbxlw==/com.google.android.apps.nbu.paisa.user- QJMLe60gAVWiFbH1r_9vkg==/split_config.arm64_v8a.apk' with 1 weak references
05-14 14:34:48.155 11638 11652 W app.secretspace: ApkAssets: Deleting an ApkAssets object '<empty> and /data/app/~~sDC7cKnX3zN2iBAO9Xbxlw==/com.google.android.apps.nbu.paisa.user- QJMLe60gAVWiFbH1r_9vkg==/split_config.xxhdpi.apk' with 1 weak references
05-14 14:34:48.155 11638 11652 W app.secretspace: ApkAssets: Deleting an ApkAssets object '<empty> and /data/app/~~NZViY2HnmyJjEiYjQI1XXw==/com.video.fun.app- oqlfhRXlsmoQKG-4EmboXg==/base.apk' with 1 weak references
05-14 14:34:48.155 11638 11652 W app.secretspace: ApkAssets: Deleting an ApkAssets object '<empty> and /data/app/~~9w-73eRwsXQFdwTr7x77vg==/techrelevant.app.student_parents_app- QANsYziQbZshE7MzZnwv3w==/base.apk' with 1 weak references
05-14 14:34:48.156 11638 11652 W app.secretspace: ApkAssets: Deleting an ApkAssets object '<empty> and /data/app/~~bKpbu5JzpUoQjf-h_7Ybmw==/photos.gallery.galeris- xfOsm6r3Xj1k-qB8_WI1Yw==/base.apk' with 1 weak references
05-14 14:34:48.156 11638 11652 W app.secretspace: ApkAssets: Deleting an ApkAssets object '<empty> and /data/app/~~wcXVdYH-T2qGBF2R1t7OHA==/com.video.cash.app- cw4W9oiHTRVgB-PEouTTdQ==/base.apk' with 1 weak references
05-14 14:34:48.156 11638 11652 W app.secretspace: ApkAssets: Deleting an ApkAssets object '<empty> and /data/app/~~bt5lL3zqpQGCvlFVHUAGWQ==/com.snapchat.android-z2BZ- iUclodm0XLcpznvXw==/base.apk' with 1 weak references
05-14 14:34:48.156 11638 11652 W app.secretspace: ApkAssets: Deleting an ApkAssets object '<empty> and /data/app/~~bt5lL3zqpQGCvlFVHUAGWQ==/com.snapchat.android-z2BZ- iUclodm0XLcpznvXw==/split_bloops_dynamic_sdk.apk' with 1 weak references
05-14 14:34:48.156 11638 11652 W app.secretspace: ApkAssets: Deleting an ApkAssets object '<empty> and /data/app/~~bt5lL3zqpQGCvlFVHUAGWQ==/com.snapchat.android-z2BZ- iUclodm0XLcpznvXw==/split_bloops_dynamic_sdk.config.arm64_v8a.apk' with 1 weak references
05-14 14:34:48.156 11638 11652 W app.secretspace: ApkAssets: Deleting an ApkAssets object '<empty> and /data/app/~~bt5lL3zqpQGCvlFVHUAGWQ==/com.snapchat.android-z2BZ- iUclodm0XLcpznvXw==/split_config.arm64_v8a.apk' with 1 weak references
05-14 14:34:48.156 11638 11652 W app.secretspace: ApkAssets: Deleting an ApkAssets object '<empty> and /data/app/~~bt5lL3zqpQGCvlFVHUAGWQ==/com.snapchat.android-z2BZ- iUclodm0XLcpznvXw==/split_config.en.apk' with 1 weak references
05-14 14:34:48.157 11638 11652 W app.secretspace: ApkAssets: Deleting an ApkAssets object '<empty> and /data/app/~~bt5lL3zqpQGCvlFVHUAGWQ==/com.snapchat.android-z2BZ- iUclodm0XLcpznvXw==/split_config.xxhdpi.apk' with 1 weak references
05-14 14:34:48.157 11638 11652 W app.secretspace: ApkAssets: Deleting an ApkAssets object '<empty> and /data/user/0/com.hello.miheapp.secretspace/sandbox/data/app/com.mobiin.gp/base.apk' with 1 weak references
05-14 14:34:48.157 11638 11652 W app.secretspace: ApkAssets: Deleting an ApkAssets object '<empty> and /data/user/0/com.hello.miheapp.secretspace/sandbox/data/app/com.mobiin.gp/ split_GSDKRTC.apk' with 1 weak references
05-14 14:34:48.157 11638 11652 W app.secretspace: ApkAssets: Deleting an ApkAssets object '<empty> and /data/user/0/com.hello.miheapp.secretspace/sandbox/data/app/com.mobiin.gp/ split_GSDKRTC.config.arm64_v8a.apk' with 1 weak references
05-14 14:34:48.157 11638 11652 W app.secretspace: ApkAssets: Deleting an ApkAssets object '<empty> and /data/user/0/com.hello.miheapp.secretspace/sandbox/data/app/com.mobiin.gp/ split_PlayAssetPack.apk' with 1 weak references
05-14 14:34:48.157 11638 11652 W app.secretspace: ApkAssets: Deleting an ApkAssets object '<empty> and /data/user/0/com.hello.miheapp.secretspace/sandbox/data/app/com.mobiin.gp/ split_QiniuShortVideo.apk' with 1 weak references
05-14 14:34:48.157 11638 11652 W app.secretspace: ApkAssets: Deleting an ApkAssets object '<empty> and /data/user/0/com.hello.miheapp.secretspace/sandbox/data/app/com.mobiin.gp/ split_QiniuShortVideo.config.arm64_v8a.apk' with 1 weak references
05-14 14:34:48.158 11638 11652 W app.secretspace: ApkAssets: Deleting an ApkAssets object '<empty> and /data/user/0/com.hello.miheapp.secretspace/sandbox/data/app/com.mobiin.gp/ split_WallPaper.apk' with 1 weak references
05-14 14:34:48.158 11638 11652 W app.secretspace: ApkAssets: Deleting an ApkAssets object '<empty> and /data/user/0/com.hello.miheapp.secretspace/sandbox/data/app/com.mobiin.gp/ split_WifiDetective.apk' with 1 weak references
05-14 14:34:48.158 11638 11652 W app.secretspace: ApkAssets: Deleting an ApkAssets object '<empty> and /data/user/0/com.hello.miheapp.secretspace/sandbox/data/app/com.mobiin.gp/ split_config.arm64_v8a.apk' with 1 weak references
05-14 14:34:48.628 11638 11810 D SessionLifecycleClient: Sending lifecycle 2 to service
05-14 14:34:48.628 11638 12417 D SessionLifecycleService: Activity backgrounding at 147794250
05-14 14:34:48.690 11638 11812 D SessionLifecycleClient: Sending lifecycle 1 to service
05-14 14:34:48.691 11638 12417 D SessionLifecycleService: Activity foregrounding at 147794312.
05-14 14:34:49.913 11638 11816 D SessionLifecycleClient: Sending lifecycle 2 to service
05-14 14:34:49.913 11638 12417 D SessionLifecycleService: Activity backgrounding at 147795535
05-14 14:34:50.606 11638 12392 I MATDBManager: sqllite db insert success! insert row id:121
