05-14 14:36:02.153 15593 15756 D nativeloader: Load liblibmoba.so using ns clns-8 from class loader (caller=/data/user/0/com.hello.miheapp.secretspace/sandbox/data/app/com.mobiin.gp/ base.apk!classes3.dex): dlopen failed: library "liblibmoba.so" not found
05-14 14:36:02.153 15593 15756 E Unity : Unable to find libmoba
05-14 14:36:02.175 15593 15756 I Unity : ALog2019-2.01.0050.09- loadRealStreamVersionCompelte :1.9.64.1060.1
05-14 14:36:02.189 15593 15756 W Unity : [ReportServer] m_strReportServerAgentIP = login.dev.ml.youngjoygame.com
05-14 14:36:02.189 15593 15756 W Unity : (Filename: .\Runtime/Export/Debug/Debug.bindings.h Line: 39)
05-14 14:36:02.189 15593 15756 W Unity :
05-14 14:36:02.189 15593 15756 I Unity : ALog2019-2.01.0050.09- [SDKReportModel]InitServerEvn:3 CanUse:False m_sServerAddress:loggatesvr.moba.youngjoygame.com
05-14 14:36:02.190 15593 15756 I Unity : ALog2019-2.01.0050.09-Not new user
05-14 14:36:02.197 15593 15756 W Unity : ALog2019-2.01.0050.09- [InPackAtlasLazyLoad]switch open:True engineEnable:True engineVer:2.01.0050.09
05-14 14:36:02.197 15593 15756 W Unity : (Filename: .\Runtime/Export/Debug/Debug.bindings.h Line: 39)
05-14 14:36:02.197 15593 15756 W Unity :
05-14 14:36:02.246 15593 15756 I Unity : ALog2019-2.01.0050.09-[ReportServer] dns success m_strCacheIP = 161.202.218.190 ; m_iReporServerPort = 30071
05-14 14:36:02.246 15593 15756 I Unity : ALog2019-2.01.0050.09-[ReportServer] dns success ips[0] = 161.202.218.190
05-14 14:36:02.375 15593 15756 I Unity : ALog2019-2.01.0050.09-[GameServer] ParseVersionInfo
05-14 14:36:02.376 15593 15756 I Unity : ALog2019-2.01.0050.09- loadRealVersionCompelte :1.9.68.1063.1
05-14 14:36:02.730 15593 15756 W Unity : [CheckPackVer] m_loginServerInfo.m_sClientLocalVersion = 1.9.64.1063.1
05-14 14:36:02.730 15593 15756 W Unity : (Filename: .\Runtime/Export/Debug/Debug.bindings.h Line: 39)
05-14 14:36:02.730 15593 15756 W Unity :
05-14 14:36:02.730 15593 15756 W Unity : [CheckPackVer] m_loginServerInfo.m_sClientStreamVersion = 1.9.64.1060.1
05-14 14:36:02.730 15593 15756 W Unity : (Filename: .\Runtime/Export/Debug/Debug.bindings.h Line: 39)
05-14 14:36:02.730 15593 15756 W Unity :
05-14 14:36:02.731 15593 15756 W Unity : [CheckPackVer] iBigVerCompare 1 = 0
05-14 14:36:02.731 15593 15756 W Unity : (Filename: .\Runtime/Export/Debug/Debug.bindings.h Line: 39)
05-14 14:36:02.731 15593 15756 W Unity :
05-14 14:36:02.731 15593 15756 W Unity : [CheckPackVer] iBigVerCompare 2 = 0
05-14 14:36:02.731 15593 15756 W Unity : (Filename: .\Runtime/Export/Debug/Debug.bindings.h Line: 39)
05-14 14:36:02.731 15593 15756 W Unity :
05-14 14:36:02.737 15593 15756 W Unity : [MiniPatch Compress] switch close
05-14 14:36:02.737 15593 15756 W Unity : (Filename: .\Runtime/Export/Debug/Debug.bindings.h Line: 39)
05-14 14:36:02.737 15593 15756 W Unity :
05-14 14:36:02.742 15593 15756 W Unity : [ForceUpgradeTask] ActiveAnnounce3 = 0
05-14 14:36:02.742 15593 15756 W Unity : (Filename: .\Runtime/Export/Debug/Debug.bindings.h Line: 39)
05-14 14:36:02.742 15593 15756 W Unity :
05-14 14:36:02.743 15593 15756 I Unity : ip: 161.202.212.128 port: 30105
05-14 14:36:02.814 15593 15756 I PlayCore: UID: [10003] PID: [15593] SplitInstallListenerRegistry : registerListener
05-14 14:36:02.850 15593 15756 W Unity : [CheckServerUpdateTask] _login_CheckUpgrade_SC.sClientVersion = 1.9.68.1063.1
05-14 14:36:02.850 15593 15756 W Unity : (Filename: .\Runtime/Export/Debug/Debug.bindings.h Line: 39)
05-14 14:36:02.850 15593 15756 W Unity :
05-14 14:36:02.850 15593 15756 W Unity : [CheckServerUpdateTask] _login_CheckUpgrade_SC.sClientVersionSlowUpdate =
05-14 14:36:02.850 15593 15756 W Unity : (Filename: .\Runtime/Export/Debug/Debug.bindings.h Line: 39)
05-14 14:36:02.850 15593 15756 W Unity :
05-14 14:36:02.850 15593 15756 W Unity : [CheckServerUpdateTask] iVerCompare = 0
05-14 14:36:02.850 15593 15756 W Unity : (Filename: .\Runtime/Export/Debug/Debug.bindings.h Line: 39)
05-14 14:36:02.850 15593 15756 W Unity :
05-14 14:36:02.979 15593 15870 V AppLog : app_log_config response: {"config": {"app_event_config":{"Video Stall": {"push_to_third_party":false},"show_million_pound": {"push_to_third_party":false},"Article Menu Click": {"push_to_third_party":false},"Video Error":{"push_to_third_party":false},"Video Play":{"push_to_third_party":false},"Article Detail Stay": {"push_to_third_party":false},"Article Share": {"push_to_third_party":false},"Deferred App Link": {"push_to_third_party":false},"GIF Cancel":{"push_to_third_party":false},"GIF Stall":{"push_to_third_party":false},"AD Slot Fill": {"push_to_third_party":false},"App Current Active": {"push_to_third_party":false},"Article Comment Area Stay": {"push_to_third_party":false},"push_extension_receive": {"push_to_third_party":false},"Video Replay": {"push_to_third_party":false},"double_click": {"push_to_third_party":false},"notify_status_closed_filter": {"push_to_third_party":false},"GIF Play":{"push_to_third_party":false},"Page Stay": {"push_to_third_party":false},"Video Over Slice": {"push_to_third_party":false},"Video Volume": {"push_to_third_party":false},"notify_item_show": {"push_to_third_party":false},"Article Show":{"push_to_third_party":false},"Article Stay":{"push_to_third_party":false},"Badge Show": {"push_to_third_party":false},"user_screen_light_off": {"push_to_third_party":false},"user_screen_light_up": {"push_to_third_party":false},"group_impression": {"push_to_third_party":false},"push_delete":{"push_to_third_party":false},"App Active":{"push_to_third_party":false},"Data Size Usage": {"push_to_third_party":false},"Push Alert Ignore": {"push_to_third_party":false},"App Usage Detail":{"push_to_third_party":false},"GIF Load":{"push_to_third_party":false},"update_sender_request": {"push_to_third_party":false},"Tab Click":{"push_to_third_party":false},"Video Over":{"push_to_third_party":false},"stories_red_point_show": {"push_to_third_party":false},"App Exit":{"push_to_third_party":false},"Badge Fail":{"push_to_third_party":false},"Splash Ad Not Show": {"push_to_third_party":false},"Cache Clean":{"push_to_third_party":false},"Alarm Wake Up":{"push_to_third_party":false},"App Stay": {"push_to_third_party":false},"Article Content Read Complete": {"push_to_third_party":false},"double_list_video_gesture": {"push_to_third_party":false},"user_screen_light": {"push_to_third_party":false},"App Enter":{"push_to_third_party":false},"Push Alert Click":{"push_to_third_party":false},"Video Cancel": {"push_to_third_party":false},"Gcm Wake Up":{"push_to_third_party":false},"Package Found":{"push_to_third_party":false},"stay_page_link": {"push_to_third_party":false},"AD Show":{"push_to_third_party":false},"Article Detail Read":{"push_to_third_party":false},"GIF Over": {"push_to_third_party":false},"comment_impression": {"push_to_third_party":false},"delay_show_fail": {"push_to_third_party":false},"local_push_request": {"push_to_third_party":false},"video_stall_unique": {"push_to_third_party":false},"Article Detail Load Success": {"push_to_third_party":false},"GCM Registration Failure": {"push_to_third_party":false},"Stream Loadmore": {"push_to_third_party":false},"Article Detail Load": {"push_to_third_party":false},"Push Alert Show":{"push_to_third_party":false},"Push Filter":{"push_to_third_party":false},"Stream Enter": {"push_to_third_party":false},"Stream Stay":{"push_to_third_party":false},"AD Real Show":{"push_to_third_party":false},"Article Click": {"push_to_third_party":false},"Article Comment Icon Click": {"push_to_third_party":false},"Video Load":{"push_to_third_party":false},"AD Request":{"push_to_third_party":false},"AD Slot Show": {"push_to_third_party":false},"user_alarm":{"push_to_third_party":false},"Push Notify Click":{"push_to_third_party":false},"Push Notify Show": {"push_to_third_party":false},"Push Receive":{"push_to_third_party":false},"Stream Refresh":{"push_to_third_party":false},"Subscribe Article Show": {"push_to_third_party":false},"Article Detail Enter": {"push_to_third_party":false},"Article Entity Show": {"push_to_third_party":false},"GIF Over Slice":{"push_to_third_party":false},
05-14 14:36:02.979 15593 15870 V AppLog : "stream_exception_event": {"push_to_third_party":false},"tpoint_new_float_show": {"push_to_third_party":false},"Article Detail Natant Stay": {"push_to_third_party":false},"Article Digg": {"push_to_third_party":false},"back_previous_page": {"push_to_third_party":false},"Article Share Result": {"push_to_third_party":false},"GCM Registration Success": {"push_to_third_party":false},"push_delay_show_fail": {"push_to_third_party":false},"Video Seek":{"push_to_third_party":false},"AD Click":{"push_to_third_party":false},"App Launch": {"push_to_third_party":false},"Video Fullscreen": {"push_to_third_party":false}},"fb_read_permissions": ["public_profile","user_likes","user_friends","email"],"http_event_config": {"url_rules": [{"url_pattern":".*","endpoint":"WAP","failure_sampling_ratio":0.001,"log_sampling_ ratio":0.001}, {"url_pattern":".*","endpoint":"API","failure_sampling_ratio":0.001,"log_sampling_r atio":0.001}, {"url_pattern":".*","endpoint":"IMG","failure_sampling_ratio":0.001,"log_sampling_r atio":0.001}, {"url_pattern":".*","endpoint":"VIDEO","failure_sampling_ratio":0.001,"log_sampling _ratio":0.001}]},"real_time_events": ["realtime_click","realtime_report"],"ad_refresh_interval":300,"ad_request_timeout" :3,"enable_client_ad_duplicate_check":false,"background_event_interval":21600,"batc h_event_interval":60,"use_new_encrypt":1,"fetch_interval":21600},"magic_tag":"ss_ap p_log","server_time":1747213563}
05-14 14:36:02.980 15593 15701 D AppLog : get_deviceRegisterThrottle: false
05-14 14:36:03.536 15593 15756 I PlayCore: UID: [10003] PID: [15593] SplitInstallListenerRegistry : registerListener
05-14 14:36:03.537 15593 15756 I PlayCore: UID: [10003] PID: [15593] SplitInstallService : startInstall([WifiDetective],[])
05-14 14:36:03.539 15593 15969 I PlayCore: UID: [10003] PID: [15593] SplitInstallService : Initiate binding to the service.
05-14 14:36:03.541 15593 15969 I PlayCore: UID: [10003] PID: [15593] SplitInstallService : Failed to bind to the service.
05-14 14:36:04.095 15593 15593 V MediaPlayer: resetDrmState: mDrmInfo=null mDrmProvisioningThread=null mPrepareDrmInProgress=false mActiveDrmScheme=false
05-14 14:36:04.095 15593 15593 V MediaPlayer: cleanDrmObj: mDrmObj=null mDrmSessionId=null
05-14 14:36:04.164 15593 15593 W MediaPlayer: mediaplayer went away with unhandled events
05-14 14:36:04.170 15593 15593 W MediaPlayer: mediaplayer went away with unhandled events
05-14 14:36:04.211 15593 15593 I ImeTracker: com.mobiin.gp:UnityKillsMe:25ffa543: onRequestHide at ORIGIN_CLIENT_HIDE_SOFT_INPUT reason HIDE_SOFT_INPUT
05-14 14:36:04.632 15593 15756 I PlayCore: UID: [10003] PID: [15593] SplitInstallService : startInstall([WifiDetective],[])
05-14 14:36:04.633 15593 15969 I PlayCore: UID: [10003] PID: [15593] SplitInstallService : Already connected to the service.
05-14 14:36:04.633 15593 15969 I PlayCore: UID: [10003] PID: [15593] SplitInstallService : Initiate binding to the service.
05-14 14:36:04.634 15593 15969 I PlayCore: UID: [10003] PID: [15593] SplitInstallService : Failed to bind to the service.
05-14 14:36:05.732 15593 15756 I PlayCore: UID: [10003] PID: [15593] SplitInstallService : startInstall([WifiDetective],[])
05-14 14:36:05.732 15593 15969 I PlayCore: UID: [10003] PID: [15593] SplitInstallService : Already connected to the service.
05-14 14:36:05.732 15593 15969 I PlayCore: UID: [10003] PID: [15593] SplitInstallService : Initiate binding to the service.
05-14 14:36:05.733 15593 15969 I PlayCore: UID: [10003] PID: [15593] SplitInstallService : Failed to bind to the service.
05-14 14:36:06.831 15593 15756 I PlayCore: UID: [10003] PID: [15593] SplitInstallService : startInstall([WifiDetective],[])
05-14 14:36:06.832 15593 15969 I PlayCore: UID: [10003] PID: [15593] SplitInstallService : Already connected to the service.
05-14 14:36:06.832 15593 15969 I PlayCore: UID: [10003] PID: [15593] SplitInstallService : Initiate binding to the service.
05-14 14:36:06.833 15593 15969 I PlayCore: UID: [10003] PID: [15593] SplitInstallService : Failed to bind to the service.
05-14 14:36:07.677 12075 12075 D Typeface-FontSettings: updateToOverlayFont: overlay is cur default, no need update
05-14 14:36:07.684 15593 15593 D Typeface-FontSettings: updateToOverlayFont: overlay is cur default, no need update
05-14 14:36:07.696 11897 11897 D Typeface-FontSettings: updateToOverlayFont: overlay is cur default, no need update
05-14 14:36:07.700 12220 12220 D Typeface-FontSettings: updateToOverlayFont: overlay is cur default, no need update
05-14 14:36:07.732 12570 12570 D Typeface-FontSettings: updateToOverlayFont: overlay is cur default, no need update
05-14 14:36:07.746 15676 15676 D Typeface-FontSettings: updateToOverlayFont: overlay is cur default, no need update
05-14 14:36:07.763 11638 11638 D Typeface-FontSettings: updateToOverlayFont: overlay is cur default, no need update
05-14 14:36:09.083 11897 11897 D Typeface-FontSettings: updateToOverlayFont: overlay is cur default, no need update
05-14 14:36:09.083 12220 12220 D Typeface-FontSettings: updateToOverlayFont: overlay is cur default, no need update
05-14 14:36:09.083 12075 12075 D Typeface-FontSettings: updateToOverlayFont: overlay is cur default, no need update
05-14 14:36:09.088 15676 15676 D Typeface-FontSettings: updateToOverlayFont: overlay is cur default, no need update
05-14 14:36:09.088 15593 15593 D Typeface-FontSettings: updateToOverlayFont: overlay is cur default, no need update
05-14 14:36:09.090 12570 12570 D Typeface-FontSettings: updateToOverlayFont: overlay is cur default, no need update
05-14 14:36:09.125 11638 11638 D Typeface-FontSettings: updateToOverlayFont: overlay is cur default, no need update
05-14 14:36:09.187 15676 15682 I .secretspace:p3: Background concurrent mark compact GC freed 10MB AllocSpace bytes, 41(1908KB) LOS objects, 83% free, 4715KB/28MB, paused 676us,4.770ms total 106.798ms
05-14 14:36:11.329 15593 15593 W UnityMain: type=1400 audit(0.0:138756): avc: granted { execute } for path="/data/data/com.hello.miheapp.secretspace/sandbox/data/user/0/com.mobiin.gp/ app_libs/libAkSoundEngine.so" dev="dm-56" ino=280875 scontext=u:r:untrusted_app:s0:c50,c257,c512,c768 tcontext=u:object_r:app_data_file:s0:c50,c257,c512,c768 tclass=file app=com.hello.miheapp.secretspace
05-14 14:36:11.336 15593 15756 D nativeloader: Load /data/user/0/com.hello.miheapp.secretspace/sandbox/data/user/0/com.mobiin.gp/ app_libs/libAkSoundEngine.so using ns clns-8 from class loader (caller=/data/user/0/com.hello.miheapp.secretspace/sandbox/data/app/com.mobiin.gp/ base.apk!classes3.dex): ok
05-14 14:36:11.339 15593 15756 D nativeloader: Load libAkSoundEngine.so using ns clns-8 from class loader (caller=/data/user/0/com.hello.miheapp.secretspace/sandbox/data/app/com.mobiin.gp/ base.apk!classes3.dex): ok
05-14 14:36:11.340 15593 15756 W Unity : DVM::FindLibrary Unable to find library path for 'AkSoundEngine'.
05-14 14:36:11.340 15593 15756 W Unity : (Filename: Line: 304)
05-14 14:36:11.340 15593 15756 W Unity :
05-14 14:36:11.340 15593 15756 W Unity : GetUnityPluginPath DVM::FindLibrary can NOT find = AkSoundEngine; pluginPath =AkSoundEngine
05-14 14:36:11.340 15593 15756 W Unity : (Filename: Line: 878)
05-14 14:36:11.340 15593 15756 W Unity :
05-14 14:36:11.351 15593 15756 W Unity : AkAndroidSettings must be instantiated using the ScriptableObject.CreateInstance method instead of new AkAndroidSettings.
05-14 14:36:11.351 15593 15756 W Unity : (Filename: Line: 683)
05-14 14:36:11.351 15593 15756 W Unity :
05-14 14:36:11.352 15593 15756 I Unity : WwiseUnity: Wwise(R) SDK Version 2021.1.12 Build 7973.
05-14 14:36:11.352 15593 15756 W Unity : WwiseUnity: Platform specific settings cannot be found for <android>. Using global settings.
05-14 14:36:11.352 15593 15756 W Unity : (Filename: .\Runtime/Export/Debug/Debug.bindings.h Line: 39)
05-14 14:36:11.352 15593 15756 W Unity :
05-14 14:36:11.352 15593 15756 I Unity : WwiseUnity: Setting Plugin DLL path to: NULL
05-14 14:36:11.377 15593 15756 I Unity : WwiseUnity: Sound engine initialized successfully.
05-14 14:36:11.390 15593 15756 E Unity : Load luaL_loadbuffer Success
05-14 14:36:11.393 15593 15756 I Unity : load lua binary: 3-5-9-10-6332
05-14 14:36:11.627 15593 16006 D .secretspace:p2: PlayerBase::PlayerBase()
05-14 14:36:11.628 15593 16006 D .secretspace:p2: TrackPlayerBase::TrackPlayerBase()
05-14 14:36:11.629 15593 16006 I libOpenSLES: Emulating old channel mask behavior (ignoring positional mask 0x3, using default mask 0x3 based on channel count of 2)
05-14 14:36:11.630 15593 16006 I AudioTrack: set(): streamType -1, sampleRate 48000, format 0x1, channelMask 0x3, frameCount 0, flags 0x104, notificationFrames - 8, sessionId 35225, transferType 0, uid -1, pid -1, packagename:
05-14 14:36:11.633 15593 16006 D AudioTrack: set() fadeEnabled:1, isWhiteApp: 0
05-14 14:36:11.634 15593 16006 I AudioTrack: set(): Building AudioTrack with attributes: usage=1 content=0 flags=0x100 tags=[]
05-14 14:36:11.660 15593 16006 I AudioTrack: createTrack_l(0): AUDIO_OUTPUT_FLAG_FAST successful; frameCount 0 -> 3840
05-14 14:36:11.670 15593 16006 I AudioTrack: start(4973): prior state:STATE_STOPPED
05-14 14:36:11.680 15593 15593 D MediaRouter: onRestoreRoute() : route=RouteInfo{ name=Phone, description=null, status=null, category=RouteCategory{ name=System types=ROUTE_TYPE_LIVE_AUDIO ROUTE_TYPE_LIVE_VIDEO groupable=false }, supportedTypes=ROUTE_TYPE_LIVE_AUDIO ROUTE_TYPE_LIVE_VIDEO , presentationDisplay=null }
05-14 14:36:11.680 15593 15593 V MediaRouter: Selecting route: RouteInfo{ name=Phone, description=null, status=null, category=RouteCategory{ name=System types=ROUTE_TYPE_LIVE_AUDIO ROUTE_TYPE_LIVE_VIDEO groupable=false }, supportedTypes=ROUTE_TYPE_LIVE_AUDIO ROUTE_TYPE_LIVE_VIDEO , presentationDisplay=null }
05-14 14:36:11.835 12075 12084 D AppSetService: AppSetServiceImp getAppSetIdInfo is called -> AppSetIdRequestParams[]
05-14 14:36:11.837 15593 15593 E MobaGame-AndroidUtile: GetAppSetID, onSuccess, id is null or empty
05-14 14:36:11.839 15593 15756 I DrmHalHidl: No hidl drm factories found
05-14 14:36:11.840 15593 15756 E DrmHalHidl: Failed to find passthrough drm factories
05-14 14:36:11.843 15593 15756 I DrmUtils: found IDrmFactory. Instance name: [android.hardware.drm.IDrmFactory/clearkey]
05-14 14:36:11.844 15593 15756 I DrmUtils: found IDrmFactory. Instance name: [android.hardware.drm.IDrmFactory/widevine]
05-14 14:36:11.928 15593 15756 W Unity : AndroidJNIHelper.GetSignature: using Byte parameters is obsolete, use SByte parameters instead
05-14 14:36:11.928 15593 15756 W Unity : (Filename: .\Runtime/Export/Debug/Debug.bindings.h Line: 39)
05-14 14:36:11.928 15593 15756 W Unity :
05-14 14:36:11.953 15593 15756 W Unity : AndroidJNIHelper: converting from Byte array is obsolete, use SByte array instead
05-14 14:36:11.953 15593 15756 W Unity : (Filename: .\Runtime/Export/Debug/Debug.bindings.h Line: 39)
05-14 14:36:11.953 15593 15756 W Unity :
05-14 14:36:11.963 15593 15756 W Unity : [IsFileInStreamAssets] ResInPack_NoCompress loaded, count: 13
05-14 14:36:11.963 15593 15756 W Unity : (Filename: .\Runtime/Export/Debug/Debug.bindings.h Line: 39)
05-14 14:36:11.963 15593 15756 W Unity :
05-14 14:36:12.681 12075 12084 D AppSetService: AppSetServiceImp getAppSetIdInfo is called -> AppSetIdRequestParams[]
05-14 14:36:12.684 15593 15593 E MobaGame-AndroidUtile: GetAppSetID, onSuccess, id is null or empty
05-14 14:36:13.143 15593 15756 E BXNativeLibsLoader: Load library start...
05-14 14:36:13.145 15593 15593 W UnityMain: type=1400 audit(0.0:138757): avc: granted { execute } for path="/data/data/com.hello.miheapp.secretspace/sandbox/data/app/com.mobiin.gp/lib/ libbytebench.so" dev="dm-56" ino=27121 scontext=u:r:untrusted_app:s0:c50,c257,c512,c768 tcontext=u:object_r:app_data_file:s0:c50,c257,c512,c768 tclass=file app=com.hello.miheapp.secretspace
05-14 14:36:13.151 15593 15756 D nativeloader: Load /data/user/0/com.hello.miheapp.secretspace/sandbox/data/app/com.mobiin.gp/lib/ libbytebench.so using ns clns-8 from class loader (caller=/data/user/0/com.hello.miheapp.secretspace/sandbox/data/app/com.mobiin.gp/ base.apk): ok
05-14 14:36:13.151 15593 15756 E Bench-TAG: ====== JNI_OnLoad ======
05-14 14:36:13.151 15593 15756 E BXNativeLibsLoader: Load bytebench cost 8ms
05-14 14:36:13.151 15593 15756 W BXNativeLibsLoader: Finish loadLibrary bytebench cost time:8
05-14 14:36:13.154 15593 15756 D BXServiceCenter: sp_mRepoController init
05-14 14:36:13.155 15593 15756 D BXServiceCenter: monitor init
05-14 14:36:13.155 15593 15756 D BXServiceCenter: openRepo
05-14 14:36:13.155 15593 15756 D BX contextPort: finish init context
05-14 14:36:13.155 15593 16042 D BX : [void bytebench::ruleengine::BXRuleEngine::loadStrategyFromLRU(int):245] BXRuleEngine::loadStrategyFromLRU6571
05-14 14:36:13.163 15593 15756 E BXStrategyManagement: create Strategy, appid:6571
05-14 14:36:13.209 15593 15756 I Unity : ALog2019-2.01.0050.09-Dev: motorola moto g35 5G report: inver: 1.9.64.1060.1.44|lver: 1.9.64.1063.1|sver: 1.9.64.1060.1| glver: OpenGL ES 3.2 v1.r41p0-01eac0.e07efc19796913de138ab5e96c7c49e8|mem: 3415| fmem: 803|fdisk: 79918
05-14 14:36:13.213 15593 15756 W Adjust : Adjust not initialized, can't perform trackEvent
05-14 14:36:13.316 15593 15756 W Unity : AndroidJNIHelper.GetSignature: using Byte parameters is obsolete, use SByte parameters instead
05-14 14:36:13.316 15593 15756 W Unity : (Filename: .\Runtime/Export/Debug/Debug.bindings.h Line: 39)
05-14 14:36:13.316 15593 15756 W Unity :
05-14 14:36:13.316 15593 15756 W Unity : AndroidJNIHelper: converting from Byte array is obsolete, use SByte array instead
05-14 14:36:13.316 15593 15756 W Unity : (Filename: .\Runtime/Export/Debug/Debug.bindings.h Line: 39)
05-14 14:36:13.316 15593 15756 W Unity :
05-14 14:36:13.317 15593 15756 W Unity : AndroidJNIHelper.GetSignature: using Byte parameters is obsolete, use SByte parameters instead
05-14 14:36:13.317 15593 15756 W Unity : (Filename: .\Runtime/Export/Debug/Debug.bindings.h Line: 39)
05-14 14:36:13.317 15593 15756 W Unity :
05-14 14:36:13.317 15593 15756 W Unity : AndroidJNIHelper: converting Byte array is obsolete, use SByte array instead
05-14 14:36:13.317 15593 15756 W Unity : (Filename: .\Runtime/Export/Debug/Debug.bindings.h Line: 39)
05-14 14:36:13.317 15593 15756 W Unity :
05-14 14:36:13.317 15593 15756 W Unity : AndroidJNIHelper.GetSignature: using Byte parameters is obsolete, use SByte parameters instead
05-14 14:36:13.317 15593 15756 W Unity : (Filename: .\Runtime/Export/Debug/Debug.bindings.h Line: 39)
05-14 14:36:13.317 15593 15756 W Unity :
05-14 14:36:13.317 15593 15756 W Unity : AndroidJNIHelper: converting from Byte array is obsolete, use SByte array instead
05-14 14:36:13.317 15593 15756 W Unity : (Filename: .\Runtime/Export/Debug/Debug.bindings.h Line: 39)
05-14 14:36:13.317 15593 15756 W Unity :
05-14 14:36:14.139 15593 15756 W Unity : [EGCDebug] SetTargetVersion targetVersion = 102.1
05-14 14:36:14.139 15593 15756 W Unity : (Filename: .\Runtime/Export/Debug/Debug.bindings.h Line: 39)
05-14 14:36:14.139 15593 15756 W Unity :
05-14 14:36:14.370 15593 15756 I Unity : key not found: m_UsertagParam
05-14 14:36:14.371 15593 15756 I Unity : key not found: m_UsertagParam
05-14 14:36:14.371 15593 15756 I Unity : key not found: m_UsertagParam
05-14 14:36:14.371 15593 15756 I Unity : key not found: m_UsertagParam
05-14 14:36:14.371 15593 15756 I Unity : key not found: m_UsertagParam
05-14 14:36:14.371 15593 15756 I Unity : key not found: m_UsertagParam
05-14 14:36:14.371 15593 15756 I Unity : key not found: m_UsertagParam
05-14 14:36:14.372 15593 15756 I Unity : key not found: m_UsertagParam
05-14 14:36:14.372 15593 15756 I Unity : key not found: m_UsertagParam
05-14 14:36:14.372 15593 15756 I Unity : key not found: m_UsertagParam
05-14 14:36:14.372 15593 15756 I Unity : key not found: m_UsertagParam
05-14 14:36:14.372 15593 15756 I Unity : key not found: m_UsertagParam
05-14 14:36:14.372 15593 15756 I Unity : key not found: m_UsertagParam
05-14 14:36:14.372 15593 15756 I Unity : key not found: m_UsertagParam
05-14 14:36:14.372 15593 15756 I Unity : key not found: m_UsertagParam
05-14 14:36:14.542 11638 11898 I WM-WorkerWrapper: Worker result SUCCESS for Work [ id=3ca98e70-5a51-438a-a488-4d296f858ac6, tags={ com.tantan.dex.library.Dex2OatWorker, com.mobiin.gp } ]
05-14 14:36:15.213 15593 16068 W System.err: java.lang.SecurityException: Settings key: <bluetooth_name> is only readable to apps with targetSdkVersion lower than or equal to: 31
05-14 14:36:15.214 15593 16068 W System.err: at android.provider.Settings$NameValueCache.getStringForUser(Settings.java:3283)
05-14 14:36:15.214 15593 16068 W System.err: at android.provider.Settings$Secure.getStringForUser(Settings.java:6507)
05-14 14:36:15.214 15593 16068 W System.err: at android.provider.Settings$Secure.getString(Settings.java:6473)
05-14 14:36:15.214 15593 16068 W System.err: at tt.g.p.f.n.s.d(Unknown Source:8)
05-14 14:36:15.214 15593 16068 W System.err: at com.bytedance.gameprotect.m.a(Unknown Source:41)
05-14 14:36:15.214 15593 16068 W System.err: at com.bytedance.gameprotect.IlIlllIiI.IlIllLIiL(Unknown Source:0)
05-14 14:36:15.219 15593 16068 W PowerProfile: screen.on is deprecated! Use screen.on.display0 instead.
05-14 14:36:15.219 15593 16068 W PowerProfile: screen.full is deprecated! Use screen.full.display0 instead.
05-14 14:36:15.219 15593 16068 W ModemPowerProfile: getAverageBatteryDrainMaH called with unexpected key: 0x0, drain:SLEEP,RAT:DEFAULT
05-14 14:36:15.219 15593 16068 W ModemPowerProfile: getAverageBatteryDrainMaH called with unexpected key: 0x10000000, drain:IDLE,RAT:DEFAULT
05-14 14:36:15.219 15593 16068 W ModemPowerProfile: getAverageBatteryDrainMaH called with unexpected key: 0x20000000, drain:RX,RAT:DEFAULT
05-14 14:36:15.220 15593 16068 W ModemPowerProfile: getAverageBatteryDrainMaH called with unexpected key: 0x30000000, drain:TX,level:0,RAT:DEFAULT
05-14 14:36:15.220 15593 16068 W ModemPowerProfile: getAverageBatteryDrainMaH called with unexpected key: 0x31000000, drain:TX,level:1,RAT:DEFAULT
05-14 14:36:15.220 15593 16068 W ModemPowerProfile: getAverageBatteryDrainMaH called with unexpected key: 0x32000000, drain:TX,level:2,RAT:DEFAULT
05-14 14:36:15.220 15593 16068 W ModemPowerProfile: getAverageBatteryDrainMaH called with unexpected key: 0x33000000, drain:TX,level:3,RAT:DEFAULT
05-14 14:36:15.220 15593 16068 W ModemPowerProfile: getAverageBatteryDrainMaH called with unexpected key: 0x34000000, drain:TX,level:4,RAT:DEFAULT
05-14 14:36:15.285 15593 15593 W Thread-221: type=1400 audit(0.0:138758): avc: denied { search } for name="/" dev="sda3" ino=2 scontext=u:r:untrusted_app:s0:c50,c257,c512,c768 tcontext=u:object_r:prod_file:s0 tclass=dir permissive=0 app=com.hello.miheapp.secretspace
05-14 14:36:15.285 15593 15593 W Thread-221: type=1400 audit(0.0:138759): avc: denied { search } for name="/" dev="sda3" ino=2 scontext=u:r:untrusted_app:s0:c50,c257,c512,c768 tcontext=u:object_r:prod_file:s0 tclass=dir permissive=0 app=com.hello.miheapp.secretspace
05-14 14:36:15.321 15593 15593 W Thread-222: type=1400 audit(0.0:138760): avc: denied { search } for name="input" dev="tmpfs" ino=839 scontext=u:r:untrusted_app:s0:c50,c257,c512,c768 tcontext=u:object_r:input_device:s0 tclass=dir permissive=0 app=com.hello.miheapp.secretspace
05-14 14:36:15.325 15593 15593 W Thread-222: type=1400 audit(0.0:138761): avc: denied { read } for name="unix" dev="proc" ino=4026532035 scontext=u:r:untrusted_app:s0:c50,c257,c512,c768 tcontext=u:object_r:proc_net:s0 tclass=file permissive=0 app=com.hello.miheapp.secretspace
05-14 14:36:15.326 15593 16068 W libc : Access denied finding property "ro.oem_unlock_supported"
05-14 14:36:15.325 15593 15593 W Thread-222: type=1400 audit(0.0:138762): avc: denied { read } for name="u:object_r:oem_unlock_prop:s0" dev="tmpfs" ino=323 scontext=u:r:untrusted_app:s0:c50,c257,c512,c768 tcontext=u:object_r:oem_unlock_prop:s0 tclass=file permissive=0 app=com.hello.miheapp.secretspace
05-14 14:36:15.355 15593 16068 I DrmHalHidl: No hidl drm factories found
05-14 14:36:15.356 15593 16068 E DrmHalHidl: Failed to find passthrough drm factories
05-14 14:36:15.358 15593 16068 I DrmUtils: found IDrmFactory. Instance name: [android.hardware.drm.IDrmFactory/clearkey]
05-14 14:36:15.358 15593 16068 I DrmUtils: found IDrmFactory. Instance name: [android.hardware.drm.IDrmFactory/widevine]
05-14 14:36:15.405 15593 15593 W Thread-252: type=1400 audit(0.0:138763): avc: denied { nlmsg_readpriv } for scontext=u:r:untrusted_app:s0:c50,c257,c512,c768 tcontext=u:r:untrusted_app:s0:c50,c257,c512,c768 tclass=netlink_route_socket permissive=0 bug=b/155595000 app=com.hello.miheapp.secretspace
05-14 14:36:15.747 11897 11908 W System.err: java.lang.NoSuchMethodException: android.content.pm.SigningInfo.<init> [class android.content.pm.PackageParser$SigningDetails]
05-14 14:36:15.747 11897 11908 W System.err: at java.lang.Class.getConstructor0(Class.java:3395)
05-14 14:36:15.748 11897 11908 W System.err: at java.lang.Class.getDeclaredConstructor(Class.java:3077)
05-14 14:36:15.748 11897 11908 W System.err: at ph.a.c(Reflector.java:1)
05-14 14:36:15.748 11897 11908 W System.err: at nh.a$a.invoke(BlackReflection.java:30)
05-14 14:36:15.748 11897 11908 W System.err: at java.lang.reflect.Proxy.invoke(Proxy.java:1006)
05-14 14:36:15.748 11897 11908 W System.err: at $Proxy150._new(Unknown Source)
05-14 14:36:15.748 11897 11908 W System.err: at com.hello.sandbox.core.system.pm.PackageManagerCompat.generatePackageInfo(PackageMa nagerCompat.java:71)
05-14 14:36:15.748 11897 11908 W System.err: at com.hello.sandbox.core.system.pm.PackageManagerCompat.generatePackageInfo(PackageMa nagerCompat.java:3)
05-14 14:36:15.748 11897 11908 W System.err: at com.hello.sandbox.core.system.pm.BPackageManagerService.getPackageInfo(BPackageMana gerService.java:9)
05-14 14:36:15.748 11897 11908 W System.err: at com.hello.sandbox.core.system.pm.IBPackageManagerService$Stub.onTransact(IBPackageM anagerService.java:178)
05-14 14:36:15.748 11897 11908 W System.err: at android.os.Binder.execTransactInternal(Binder.java:1344)
05-14 14:36:15.748 11897 11908 W System.err: at android.os.Binder.execTransact(Binder.java:1275)
05-14 14:36:15.928 15593 15756 W ExceptionHandler: install, pid: 15593, thread: Thread[main,5,main], tid: 2, context: com.moba.unityplugin.MobaGameUnityActivity@40fbdf, is installed
05-14 14:36:16.092 15593 15756 E MobaGame-Utile: GetCacheDir, context is null
05-14 14:36:16.139 15593 15756 W Unity : DontDestroyOnLoad only works for root GameObjects or components on root GameObjects.
05-14 14:36:16.139 15593 15756 W Unity : (Filename: Line: 606)
05-14 14:36:16.139 15593 15756 W Unity :
05-14 14:36:16.187 15593 15599 W System : A resource failed to call release.
05-14 14:36:16.187 15593 15756 D CompatibilityChangeReporter: Compat change id reported: 160794467; UID 10003; state: DISABLED
05-14 14:36:16.240 15676 15676 D GmsGcmRegister: onBind: Intent { act=com.google.android.c2dm.intent.REGISTER pkg=com.google.android.gms }
05-14 14:36:16.246 15676 15676 D GmsGcmRegister: handleMessage: package=com.mobiin.gp what=1 id=2
05-14 14:36:16.291 15676 15676 W GmsGcmRegister: java.lang.RuntimeException: Checkin disabled
05-14 14:36:16.291 15676 15676 W GmsGcmRegister: at org.microg.gms.gcm.PushRegisterServiceKt.ensureCheckinIsUpToDate(SourceFile:1)
05-14 14:36:16.291 15676 15676 W GmsGcmRegister: at org.microg.gms.gcm.PushRegisterServiceKt.access$ensureCheckinIsUpToDate(SourceFile: 1)
05-14 14:36:16.291 15676 15676 W GmsGcmRegister: at org.microg.gms.gcm.PushRegisterHandler$handleMessage$1.invokeSuspend(Unknown Source:102)
05-14 14:36:16.291 15676 15676 W GmsGcmRegister: at kotlin.coroutines.jvm.internal.a.resumeWith(Unknown Source:11)
05-14 14:36:16.291 15676 15676 W GmsGcmRegister: at w4.t0.run(SourceFile:1)
05-14 14:36:16.291 15676 15676 W GmsGcmRegister: at w4.a1.k0(SourceFile:1)
05-14 14:36:16.291 15676 15676 W GmsGcmRegister: at b5.i.b(SourceFile:1)
05-14 14:36:16.291 15676 15676 W GmsGcmRegister: at c5.a.c(SourceFile:1)
05-14 14:36:16.291 15676 15676 W GmsGcmRegister: at c5.a.d(SourceFile:1)
05-14 14:36:16.291 15676 15676 W GmsGcmRegister: at w4.k0.b(SourceFile:1)
05-14 14:36:16.291 15676 15676 W GmsGcmRegister: at w4.a.z0(SourceFile:1)
05-14 14:36:16.291 15676 15676 W GmsGcmRegister: at w4.i.a(SourceFile:1)
05-14 14:36:16.291 15676 15676 W GmsGcmRegister: at w4.g.a(SourceFile:1)
05-14 14:36:16.291 15676 15676 W GmsGcmRegister: at w4.i.b(SourceFile:1)
05-14 14:36:16.291 15676 15676 W GmsGcmRegister: at w4.g.b(SourceFile:1)
05-14 14:36:16.291 15676 15676 W GmsGcmRegister: at androidx.lifecycle.q.f(SourceFile:1)
05-14 14:36:16.291 15676 15676 W GmsGcmRegister: at org.microg.gms.gcm.PushRegisterHandler.handleMessage(Unknown Source:264)
05-14 14:36:16.291 15676 15676 W GmsGcmRegister: at android.os.Handler.dispatchMessage(Handler.java:106)
05-14 14:36:16.291 15676 15676 W GmsGcmRegister: at android.os.Looper.loopOnce(Looper.java:205)
05-14 14:36:16.291 15676 15676 W GmsGcmRegister: at android.os.Looper.loop(Looper.java:294)
05-14 14:36:16.291 15676 15676 W GmsGcmRegister: at android.app.ActivityThread.main(ActivityThread.java:8376)
05-14 14:36:16.291 15676 15676 W GmsGcmRegister: at java.lang.reflect.Method.invoke(Native Method)
05-14 14:36:16.291 15676 15676 W GmsGcmRegister: at com.android.internal.os.RuntimeInit$MethodAndArgsCaller.run(RuntimeInit.java:640)
05-14 14:36:16.291 15676 15676 W GmsGcmRegister: at com.android.internal.os.ZygoteInit.main(ZygoteInit.java:982)
05-14 14:36:16.312 15593 15603 E LoadedApk: performReceive() called targeting raw IIntentReceiver for Intent { act=android.intent.action.BATTERY_CHANGED flg=0x60000010 (has extras) }
05-14 14:36:16.318 15593 15756 W Adjust : Adjust not initialized, but adding session callback parameter saved for launch
05-14 14:36:16.318 15593 15756 W Adjust : Adjust not initialized, but adding session callback parameter saved for launch
05-14 14:36:16.323 15593 15756 W Adjust : PRODUCTION: Adjust is running in Production mode. Use this setting only for the build that you want to publish. Set the environment to `sandbox` if you want to test your app!
05-14 14:36:16.327 15593 15756 W Adjust : PRODUCTION: Adjust is running in Production mode. Use this setting only for the build that you want to publish. Set the environment to `sandbox` if you want to test your app!
05-14 14:36:16.354 12075 12085 D AppSetService: AppSetServiceImp getAppSetIdInfo is called -> AppSetIdRequestParams[]
05-14 14:36:16.354 12075 12084 D MeasurementService: bound by: GetServiceRequest{serviceId=MEASUREMENT, gmsVersion=12451000, packageName='com.mobiin.gp', extras=Bundle[{}]}
05-14 14:36:16.371 15676 15676 D GmsGcmRegister: onBind: Intent { act=com.google.android.c2dm.intent.REGISTER pkg=com.google.android.gms }
05-14 14:36:16.377 15676 15676 D GmsGcmRegister: handleMessage: package=com.mobiin.gp what=1 id=3
05-14 14:36:16.398 15676 15676 W GmsGcmRegister: java.lang.RuntimeException: Checkin disabled
05-14 14:36:16.398 15676 15676 W GmsGcmRegister: at org.microg.gms.gcm.PushRegisterServiceKt.ensureCheckinIsUpToDate(SourceFile:1)
05-14 14:36:16.398 15676 15676 W GmsGcmRegister: at org.microg.gms.gcm.PushRegisterServiceKt.access$ensureCheckinIsUpToDate(SourceFile: 1)
05-14 14:36:16.398 15676 15676 W GmsGcmRegister: at org.microg.gms.gcm.PushRegisterHandler$handleMessage$1.invokeSuspend(Unknown Source:102)
05-14 14:36:16.398 15676 15676 W GmsGcmRegister: at kotlin.coroutines.jvm.internal.a.resumeWith(Unknown Source:11)
05-14 14:36:16.398 15676 15676 W GmsGcmRegister: at w4.t0.run(SourceFile:1)
05-14 14:36:16.398 15676 15676 W GmsGcmRegister: at w4.a1.k0(SourceFile:1)
05-14 14:36:16.398 15676 15676 W GmsGcmRegister: at b5.i.b(SourceFile:1)
05-14 14:36:16.398 15676 15676 W GmsGcmRegister: at c5.a.c(SourceFile:1)
05-14 14:36:16.398 15676 15676 W GmsGcmRegister: at c5.a.d(SourceFile:1)
05-14 14:36:16.398 15676 15676 W GmsGcmRegister: at w4.k0.b(SourceFile:1)
05-14 14:36:16.398 15676 15676 W GmsGcmRegister: at w4.a.z0(SourceFile:1)
05-14 14:36:16.398 15676 15676 W GmsGcmRegister: at w4.i.a(SourceFile:1)
05-14 14:36:16.398 15676 15676 W GmsGcmRegister: at w4.g.a(SourceFile:1)
05-14 14:36:16.398 15676 15676 W GmsGcmRegister: at w4.i.b(SourceFile:1)
05-14 14:36:16.398 15676 15676 W GmsGcmRegister: at w4.g.b(SourceFile:1)
05-14 14:36:16.398 15676 15676 W GmsGcmRegister: at androidx.lifecycle.q.f(SourceFile:1)
05-14 14:36:16.398 15676 15676 W GmsGcmRegister: at org.microg.gms.gcm.PushRegisterHandler.handleMessage(Unknown Source:264)
05-14 14:36:16.398 15676 15676 W GmsGcmRegister: at android.os.Handler.dispatchMessage(Handler.java:106)
05-14 14:36:16.398 15676 15676 W GmsGcmRegister: at android.os.Looper.loopOnce(Looper.java:205)
05-14 14:36:16.398 15676 15676 W GmsGcmRegister: at android.os.Looper.loop(Looper.java:294)
05-14 14:36:16.398 15676 15676 W GmsGcmRegister: at android.app.ActivityThread.main(ActivityThread.java:8376)
05-14 14:36:16.398 15676 15676 W GmsGcmRegister: at java.lang.reflect.Method.invoke(Native Method)
05-14 14:36:16.398 15676 15676 W GmsGcmRegister: at com.android.internal.os.RuntimeInit$MethodAndArgsCaller.run(RuntimeInit.java:640)
05-14 14:36:16.398 15676 15676 W GmsGcmRegister: at com.android.internal.os.ZygoteInit.main(ZygoteInit.java:982)
05-14 14:36:16.454 15593 16122 E ActivityThread: Failed to find provider info for com.dti.motorola.attribution.adjust
05-14 14:36:16.457 15593 16122 E ActivityThread: Failed to find provider info for com.dti.motorola.attribution.adjust
05-14 14:36:16.458 15593 16122 E ActivityThread: Failed to find provider info for com.glance.lockscreenM.adjust.preinstall
05-14 14:36:16.472 15593 15756 W Unity : bank name is null or empty
05-14 14:36:16.472 15593 15756 W Unity : (Filename: .\Runtime/Export/Debug/Debug.bindings.h Line: 39)
05-14 14:36:16.472 15593 15756 W Unity :
05-14 14:36:16.472 15593 15756 W Unity : bank name is null or empty
05-14 14:36:16.472 15593 15756 W Unity : (Filename: .\Runtime/Export/Debug/Debug.bindings.h Line: 39)
05-14 14:36:16.472 15593 15756 W Unity :
05-14 14:36:16.499 16152 16152 I libc : SetHeapTaggingLevel: tag level set to 0
05-14 14:36:16.503 16152 16152 I .secretspace:p4: Using CollectorTypeCMC GC.
05-14 14:36:16.506 16152 16152 E .secretspace:p4: Not starting debugger since process cannot load the jdwp agent.
05-14 14:36:16.512 16152 16152 D nativeloader: Load libframework-connectivity- tiramisu-jni.so using APEX ns com_android_tethering for caller /apex/com.android.tethering/javalib/framework-connectivity-t.jar: ok
05-14 14:36:16.526 16152 16152 D CompatibilityChangeReporter: Compat change id reported: 171979766; UID 10306; state: ENABLED
05-14 14:36:16.526 16152 16152 D CompatibilityChangeReporter: Compat change id reported: 242716250; UID 10306; state: ENABLED
05-14 14:36:16.528 16152 16152 D Typeface-FontSettings: initFontDefault defaultFontFamily -> RobotoSlab-Regular
05-14 14:36:16.533 16152 16152 D ApplicationLoaders: Returning zygote-cached class loader: /system/framework/android.test.base.jar
05-14 14:36:16.535 16152 16152 D nativeloader: Configuring clns-4 for other apk /system/framework/org.apache.http.legacy.jar. target_sdk_version=34, uses_libraries=ALL, library_path=/data/app/~~u7JpqXiZ60emteZUUJYZ-Q==/com.hello.miheapp.secretspace- gScfIuJj6R6JjgSSkDypOQ==/lib/arm64:/data/app/~~u7JpqXiZ60emteZUUJYZ-Q==/ com.hello.miheapp.secretspace-gScfIuJj6R6JjgSSkDypOQ==/base.apk!/lib/arm64-v8a:/ data/app/~~u7JpqXiZ60emteZUUJYZ-Q==/com.hello.miheapp.secretspace- gScfIuJj6R6JjgSSkDypOQ==/split_config.arm64_v8a.apk!/lib/arm64-v8a:/data/app/ ~~u7JpqXiZ60emteZUUJYZ-Q==/com.hello.miheapp.secretspace-gScfIuJj6R6JjgSSkDypOQ==/ split_config.bn.apk!/lib/arm64-v8a:/data/app/~~u7JpqXiZ60emteZUUJYZ-Q==/ com.hello.miheapp.secretspace-gScfIuJj6R6JjgSSkDypOQ==/split_config.en.apk!/lib/ arm64-v8a:/data/app/~~u7JpqXiZ60emteZUUJYZ-Q==/com.hello.miheapp.secretspace- gScfIuJj6R6JjgSSkDypOQ==/split_config.gu.apk!/lib/arm64-v8a:/data/app/ ~~u7JpqXiZ60emteZUUJYZ-Q==/com.hello.miheapp.secretspace-gScfIuJj6R6JjgSSkDypOQ==/ split_config.hi.apk!/lib/arm64-v8a:/data/app/~~u7JpqXiZ60emteZU
05-14 14:36:16.557 16152 16152 W ziparchive: Unable to open '/data/app/~~u7JpqXiZ60emteZUUJYZ-Q==/com.hello.miheapp.secretspace- gScfIuJj6R6JjgSSkDypOQ==/split_config.arm64_v8a.dm': No such file or directory
05-14 14:36:16.557 16152 16152 W ziparchive: Unable to open '/data/app/~~u7JpqXiZ60emteZUUJYZ-Q==/com.hello.miheapp.secretspace- gScfIuJj6R6JjgSSkDypOQ==/split_config.arm64_v8a.dm': No such file or directory
05-14 14:36:16.558 16152 16152 W .secretspace:p4: Entry not found
05-14 14:36:16.558 16152 16152 W ziparchive: Unable to open '/data/app/~~u7JpqXiZ60emteZUUJYZ-Q==/com.hello.miheapp.secretspace- gScfIuJj6R6JjgSSkDypOQ==/split_config.bn.dm': No such file or directory
05-14 14:36:16.558 16152 16152 W ziparchive: Unable to open '/data/app/~~u7JpqXiZ60emteZUUJYZ-Q==/com.hello.miheapp.secretspace- gScfIuJj6R6JjgSSkDypOQ==/split_config.bn.dm': No such file or directory
05-14 14:36:16.558 16152 16152 W .secretspace:p4: Entry not found
05-14 14:36:16.559 16152 16152 W ziparchive: Unable to open '/data/app/~~u7JpqXiZ60emteZUUJYZ-Q==/com.hello.miheapp.secretspace- gScfIuJj6R6JjgSSkDypOQ==/split_config.en.dm': No such file or directory
05-14 14:36:16.559 16152 16152 W ziparchive: Unable to open '/data/app/~~u7JpqXiZ60emteZUUJYZ-Q==/com.hello.miheapp.secretspace- gScfIuJj6R6JjgSSkDypOQ==/split_config.en.dm': No such file or directory
05-14 14:36:16.559 16152 16152 W .secretspace:p4: Entry not found
05-14 14:36:16.559 16152 16152 W ziparchive: Unable to open '/data/app/~~u7JpqXiZ60emteZUUJYZ-Q==/com.hello.miheapp.secretspace- gScfIuJj6R6JjgSSkDypOQ==/split_config.gu.dm': No such file or directory
05-14 14:36:16.559 16152 16152 W ziparchive: Unable to open '/data/app/~~u7JpqXiZ60emteZUUJYZ-Q==/com.hello.miheapp.secretspace- gScfIuJj6R6JjgSSkDypOQ==/split_config.gu.dm': No such file or directory
05-14 14:36:16.559 16152 16152 W .secretspace:p4: Entry not found
05-14 14:36:16.559 16152 16152 W ziparchive: Unable to open '/data/app/~~u7JpqXiZ60emteZUUJYZ-Q==/com.hello.miheapp.secretspace- gScfIuJj6R6JjgSSkDypOQ==/split_config.hi.dm': No such file or directory
05-14 14:36:16.559 16152 16152 W ziparchive: Unable to open '/data/app/~~u7JpqXiZ60emteZUUJYZ-Q==/com.hello.miheapp.secretspace- gScfIuJj6R6JjgSSkDypOQ==/split_config.hi.dm': No such file or directory
05-14 14:36:16.559 16152 16152 W .secretspace:p4: Entry not found
05-14 14:36:16.559 16152 16152 W ziparchive: Unable to open '/data/app/~~u7JpqXiZ60emteZUUJYZ-Q==/com.hello.miheapp.secretspace- gScfIuJj6R6JjgSSkDypOQ==/split_config.kn.dm': No such file or directory
05-14 14:36:16.559 16152 16152 W ziparchive: Unable to open '/data/app/~~u7JpqXiZ60emteZUUJYZ-Q==/com.hello.miheapp.secretspace- gScfIuJj6R6JjgSSkDypOQ==/split_config.kn.dm': No such file or directory
05-14 14:36:16.560 16152 16152 W .secretspace:p4: Entry not found
05-14 14:36:16.560 16152 16152 W ziparchive: Unable to open '/data/app/~~u7JpqXiZ60emteZUUJYZ-Q==/com.hello.miheapp.secretspace- gScfIuJj6R6JjgSSkDypOQ==/split_config.mr.dm': No such file or directory
05-14 14:36:16.560 16152 16152 W ziparchive: Unable to open '/data/app/~~u7JpqXiZ60emteZUUJYZ-Q==/com.hello.miheapp.secretspace- gScfIuJj6R6JjgSSkDypOQ==/split_config.mr.dm': No such file or directory
05-14 14:36:16.560 16152 16152 W .secretspace:p4: Entry not found
05-14 14:36:16.560 16152 16152 W ziparchive: Unable to open '/data/app/~~u7JpqXiZ60emteZUUJYZ-Q==/com.hello.miheapp.secretspace- gScfIuJj6R6JjgSSkDypOQ==/split_config.ta.dm': No such file or directory
05-14 14:36:16.560 16152 16152 W ziparchive: Unable to open '/data/app/~~u7JpqXiZ60emteZUUJYZ-Q==/com.hello.miheapp.secretspace- gScfIuJj6R6JjgSSkDypOQ==/split_config.ta.dm': No such file or directory
05-14 14:36:16.560 16152 16152 W .secretspace:p4: Entry not found
05-14 14:36:16.560 16152 16152 W ziparchive: Unable to open '/data/app/~~u7JpqXiZ60emteZUUJYZ-Q==/com.hello.miheapp.secretspace- gScfIuJj6R6JjgSSkDypOQ==/split_config.te.dm': No such file or directory
05-14 14:36:16.560 16152 16152 W ziparchive: Unable to open '/data/app/~~u7JpqXiZ60emteZUUJYZ-Q==/com.hello.miheapp.secretspace- gScfIuJj6R6JjgSSkDypOQ==/split_config.te.dm': No such file or directory
05-14 14:36:16.560 16152 16152 W .secretspace:p4: Entry not found
05-14 14:36:16.561 16152 16152 W ziparchive: Unable to open '/data/app/~~u7JpqXiZ60emteZUUJYZ-Q==/com.hello.miheapp.secretspace- gScfIuJj6R6JjgSSkDypOQ==/split_config.xxhdpi.dm': No such file or directory
05-14 14:36:16.561 16152 16152 W ziparchive: Unable to open '/data/app/~~u7JpqXiZ60emteZUUJYZ-Q==/com.hello.miheapp.secretspace- gScfIuJj6R6JjgSSkDypOQ==/split_config.xxhdpi.dm': No such file or directory
05-14 14:36:16.561 16152 16152 W .secretspace:p4: Entry not found
05-14 14:36:16.561 16152 16152 D nativeloader: Configuring clns-5 for other apk /data/app/~~u7JpqXiZ60emteZUUJYZ-Q==/com.hello.miheapp.secretspace- gScfIuJj6R6JjgSSkDypOQ==/base.apk:/data/app/~~u7JpqXiZ60emteZUUJYZ-Q==/ com.hello.miheapp.secretspace-gScfIuJj6R6JjgSSkDypOQ==/ split_config.arm64_v8a.apk:/data/app/~~u7JpqXiZ60emteZUUJYZ-Q==/ com.hello.miheapp.secretspace-gScfIuJj6R6JjgSSkDypOQ==/split_config.bn.apk:/data/ app/~~u7JpqXiZ60emteZUUJYZ-Q==/com.hello.miheapp.secretspace- gScfIuJj6R6JjgSSkDypOQ==/split_config.en.apk:/data/app/~~u7JpqXiZ60emteZUUJYZ-Q==/ com.hello.miheapp.secretspace-gScfIuJj6R6JjgSSkDypOQ==/split_config.gu.apk:/data/ app/~~u7JpqXiZ60emteZUUJYZ-Q==/com.hello.miheapp.secretspace- gScfIuJj6R6JjgSSkDypOQ==/split_config.hi.apk:/data/app/~~u7JpqXiZ60emteZUUJYZ-Q==/ com.hello.miheapp.secretspace-gScfIuJj6R6JjgSSkDypOQ==/split_config.kn.apk:/data/ app/~~u7JpqXiZ60emteZUUJYZ-Q==/com.hello.miheapp.secretspace- gScfIuJj6R6JjgSSkDypOQ==/split_config.mr.apk:/data/app/~~u7JpqXiZ60emteZUUJYZ-Q==/ com.hello.miheapp.secretspace-gScfIuJj6R6JjgSSkDypOQ==/split_
05-14 14:36:16.570 16152 16152 D nativeloader: Load libframework-connectivity- jni.so using APEX ns com_android_tethering for caller /apex/com.android.tethering/javalib/framework-connectivity.jar: ok
05-14 14:36:16.573 16152 16152 V GraphicsEnvironment: Currently set values for:
05-14 14:36:16.573 16152 16152 V GraphicsEnvironment: angle_gl_driver_selection_pkgs=[]
05-14 14:36:16.573 16152 16152 V GraphicsEnvironment: angle_gl_driver_selection_values=[]
05-14 14:36:16.574 16152 16152 V GraphicsEnvironment: ANGLE GameManagerService for com.hello.miheapp.secretspace: false
05-14 14:36:16.574 16152 16152 V GraphicsEnvironment: com.hello.miheapp.secretspace is not listed in per-application setting
05-14 14:36:16.574 16152 16152 V GraphicsEnvironment: Neither updatable production driver nor prerelease driver is supported.
05-14 14:36:16.581 16152 16152 D nativeloader: Load /data/app/~~u7JpqXiZ60emteZUUJYZ-Q==/com.hello.miheapp.secretspace- gScfIuJj6R6JjgSSkDypOQ==/split_config.arm64_v8a.apk!/lib/arm64-v8a/librepublic.so using ns clns-5 from class loader (caller=/data/app/~~u7JpqXiZ60emteZUUJYZ-Q==/com.hello.miheapp.secretspace- gScfIuJj6R6JjgSSkDypOQ==/base.apk): ok
05-14 14:36:16.655 12075 12084 D SafeParcel: Unknown field id 34 in com.google.android.gms.measurement.internal.AppMetadata, skipping.
05-14 14:36:16.655 12075 12084 D SafeParcel: Unknown field id 36 in com.google.android.gms.measurement.internal.AppMetadata, skipping.
05-14 14:36:16.656 12075 12084 D MeasurementService: sendConsentSettings() for AppMetadata[com.mobiin.gp]
05-14 14:36:16.660 15593 15756 W Unity : AndroidJNIHelper.GetSignature: using Byte parameters is obsolete, use SByte parameters instead
05-14 14:36:16.660 15593 15756 W Unity : (Filename: .\Runtime/Export/Debug/Debug.bindings.h Line: 39)
05-14 14:36:16.660 15593 15756 W Unity :
05-14 14:36:16.660 15593 15756 W Unity : AndroidJNIHelper: converting from Byte array is obsolete, use SByte array instead
05-14 14:36:16.660 15593 15756 W Unity : (Filename: .\Runtime/Export/Debug/Debug.bindings.h Line: 39)
05-14 14:36:16.660 15593 15756 W Unity :
05-14 14:36:16.660 15593 15756 W Unity : AndroidJNIHelper.GetSignature: using Byte parameters is obsolete, use SByte parameters instead
05-14 14:36:16.660 15593 15756 W Unity : (Filename: .\Runtime/Export/Debug/Debug.bindings.h Line: 39)
05-14 14:36:16.660 15593 15756 W Unity :
05-14 14:36:16.660 15593 15756 W Unity : AndroidJNIHelper: converting Byte array is obsolete, use SByte array instead
05-14 14:36:16.660 15593 15756 W Unity : (Filename: .\Runtime/Export/Debug/Debug.bindings.h Line: 39)
05-14 14:36:16.660 15593 15756 W Unity :
05-14 14:36:16.660 15593 15756 W Unity : AndroidJNIHelper.GetSignature: using Byte parameters is obsolete, use SByte parameters instead
05-14 14:36:16.660 15593 15756 W Unity : (Filename: .\Runtime/Export/Debug/Debug.bindings.h Line: 39)
05-14 14:36:16.660 15593 15756 W Unity :
05-14 14:36:16.660 15593 15756 W Unity : AndroidJNIHelper: converting from Byte array is obsolete, use SByte array instead
05-14 14:36:16.660 15593 15756 W Unity : (Filename: .\Runtime/Export/Debug/Debug.bindings.h Line: 39)
05-14 14:36:16.660 15593 15756 W Unity :
05-14 14:36:16.662 15593 15756 W Unity : AndroidJNIHelper.GetSignature: using Byte parameters is obsolete, use SByte parameters instead
05-14 14:36:16.662 15593 15756 W Unity : (Filename: .\Runtime/Export/Debug/Debug.bindings.h Line: 39)
05-14 14:36:16.662 15593 15756 W Unity :
05-14 14:36:16.662 15593 15756 W Unity : AndroidJNIHelper: converting from Byte array is obsolete, use SByte array instead
05-14 14:36:16.662 15593 15756 W Unity : (Filename: .\Runtime/Export/Debug/Debug.bindings.h Line: 39)
05-14 14:36:16.662 15593 15756 W Unity :
05-14 14:36:16.662 15593 15756 W Unity : AndroidJNIHelper.GetSignature: using Byte parameters is obsolete, use SByte parameters instead
