05-14 14:35:57.322 15593 15593 W ziparchive: Unable to open '/data/app/~~u7JpqXiZ60emteZUUJYZ-Q==/com.hello.miheapp.secretspace- gScfIuJj6R6JjgSSkDypOQ==/split_config.bn.dm': No such file or directory
05-14 14:35:57.322 15593 15593 W ziparchive: Unable to open '/data/app/~~u7JpqXiZ60emteZUUJYZ-Q==/com.hello.miheapp.secretspace- gScfIuJj6R6JjgSSkDypOQ==/split_config.bn.dm': No such file or directory
05-14 14:35:57.322 15593 15593 W .secretspace:p2: Entry not found
05-14 14:35:57.323 15593 15593 W ziparchive: Unable to open '/data/app/~~u7JpqXiZ60emteZUUJYZ-Q==/com.hello.miheapp.secretspace- gScfIuJj6R6JjgSSkDypOQ==/split_config.en.dm': No such file or directory
05-14 14:35:57.323 15593 15593 W ziparchive: Unable to open '/data/app/~~u7JpqXiZ60emteZUUJYZ-Q==/com.hello.miheapp.secretspace- gScfIuJj6R6JjgSSkDypOQ==/split_config.en.dm': No such file or directory
05-14 14:35:57.323 15593 15593 W .secretspace:p2: Entry not found
05-14 14:35:57.324 15593 15593 W ziparchive: Unable to open '/data/app/~~u7JpqXiZ60emteZUUJYZ-Q==/com.hello.miheapp.secretspace- gScfIuJj6R6JjgSSkDypOQ==/split_config.gu.dm': No such file or directory
05-14 14:35:57.324 15593 15593 W ziparchive: Unable to open '/data/app/~~u7JpqXiZ60emteZUUJYZ-Q==/com.hello.miheapp.secretspace- gScfIuJj6R6JjgSSkDypOQ==/split_config.gu.dm': No such file or directory
05-14 14:35:57.324 15593 15593 W .secretspace:p2: Entry not found
05-14 14:35:57.325 15593 15593 W ziparchive: Unable to open '/data/app/~~u7JpqXiZ60emteZUUJYZ-Q==/com.hello.miheapp.secretspace- gScfIuJj6R6JjgSSkDypOQ==/split_config.hi.dm': No such file or directory
05-14 14:35:57.325 15593 15593 W ziparchive: Unable to open '/data/app/~~u7JpqXiZ60emteZUUJYZ-Q==/com.hello.miheapp.secretspace- gScfIuJj6R6JjgSSkDypOQ==/split_config.hi.dm': No such file or directory
05-14 14:35:57.325 15593 15593 W .secretspace:p2: Entry not found
05-14 14:35:57.325 15593 15593 W ziparchive: Unable to open '/data/app/~~u7JpqXiZ60emteZUUJYZ-Q==/com.hello.miheapp.secretspace- gScfIuJj6R6JjgSSkDypOQ==/split_config.kn.dm': No such file or directory
05-14 14:35:57.325 15593 15593 W ziparchive: Unable to open '/data/app/~~u7JpqXiZ60emteZUUJYZ-Q==/com.hello.miheapp.secretspace- gScfIuJj6R6JjgSSkDypOQ==/split_config.kn.dm': No such file or directory
05-14 14:35:57.326 15593 15593 W .secretspace:p2: Entry not found
05-14 14:35:57.326 15593 15593 W ziparchive: Unable to open '/data/app/~~u7JpqXiZ60emteZUUJYZ-Q==/com.hello.miheapp.secretspace- gScfIuJj6R6JjgSSkDypOQ==/split_config.mr.dm': No such file or directory
05-14 14:35:57.326 15593 15593 W ziparchive: Unable to open '/data/app/~~u7JpqXiZ60emteZUUJYZ-Q==/com.hello.miheapp.secretspace- gScfIuJj6R6JjgSSkDypOQ==/split_config.mr.dm': No such file or directory
05-14 14:35:57.327 15593 15593 W .secretspace:p2: Entry not found
05-14 14:35:57.327 15593 15593 W ziparchive: Unable to open '/data/app/~~u7JpqXiZ60emteZUUJYZ-Q==/com.hello.miheapp.secretspace- gScfIuJj6R6JjgSSkDypOQ==/split_config.ta.dm': No such file or directory
05-14 14:35:57.327 15593 15593 W ziparchive: Unable to open '/data/app/~~u7JpqXiZ60emteZUUJYZ-Q==/com.hello.miheapp.secretspace- gScfIuJj6R6JjgSSkDypOQ==/split_config.ta.dm': No such file or directory
05-14 14:35:57.327 15593 15593 W .secretspace:p2: Entry not found
05-14 14:35:57.328 15593 15593 W ziparchive: Unable to open '/data/app/~~u7JpqXiZ60emteZUUJYZ-Q==/com.hello.miheapp.secretspace- gScfIuJj6R6JjgSSkDypOQ==/split_config.te.dm': No such file or directory
05-14 14:35:57.328 15593 15593 W ziparchive: Unable to open '/data/app/~~u7JpqXiZ60emteZUUJYZ-Q==/com.hello.miheapp.secretspace- gScfIuJj6R6JjgSSkDypOQ==/split_config.te.dm': No such file or directory
05-14 14:35:57.328 15593 15593 W .secretspace:p2: Entry not found
05-14 14:35:57.328 15593 15593 W ziparchive: Unable to open '/data/app/~~u7JpqXiZ60emteZUUJYZ-Q==/com.hello.miheapp.secretspace- gScfIuJj6R6JjgSSkDypOQ==/split_config.xxhdpi.dm': No such file or directory
05-14 14:35:57.328 15593 15593 W ziparchive: Unable to open '/data/app/~~u7JpqXiZ60emteZUUJYZ-Q==/com.hello.miheapp.secretspace- gScfIuJj6R6JjgSSkDypOQ==/split_config.xxhdpi.dm': No such file or directory
05-14 14:35:57.329 15593 15593 W .secretspace:p2: Entry not found
05-14 14:35:57.330 15593 15593 D nativeloader: Configuring clns-5 for other apk /data/app/~~u7JpqXiZ60emteZUUJYZ-Q==/com.hello.miheapp.secretspace- gScfIuJj6R6JjgSSkDypOQ==/base.apk:/data/app/~~u7JpqXiZ60emteZUUJYZ-Q==/ com.hello.miheapp.secretspace-gScfIuJj6R6JjgSSkDypOQ==/ split_config.arm64_v8a.apk:/data/app/~~u7JpqXiZ60emteZUUJYZ-Q==/ com.hello.miheapp.secretspace-gScfIuJj6R6JjgSSkDypOQ==/split_config.bn.apk:/data/ app/~~u7JpqXiZ60emteZUUJYZ-Q==/com.hello.miheapp.secretspace- gScfIuJj6R6JjgSSkDypOQ==/split_config.en.apk:/data/app/~~u7JpqXiZ60emteZUUJYZ-Q==/ com.hello.miheapp.secretspace-gScfIuJj6R6JjgSSkDypOQ==/split_config.gu.apk:/data/ app/~~u7JpqXiZ60emteZUUJYZ-Q==/com.hello.miheapp.secretspace- gScfIuJj6R6JjgSSkDypOQ==/split_config.hi.apk:/data/app/~~u7JpqXiZ60emteZUUJYZ-Q==/ com.hello.miheapp.secretspace-gScfIuJj6R6JjgSSkDypOQ==/split_config.kn.apk:/data/ app/~~u7JpqXiZ60emteZUUJYZ-Q==/com.hello.miheapp.secretspace- gScfIuJj6R6JjgSSkDypOQ==/split_config.mr.apk:/data/app/~~u7JpqXiZ60emteZUUJYZ-Q==/ com.hello.miheapp.secretspace-gScfIuJj6R6JjgSSkDypOQ==/split_
05-14 14:35:57.338 15593 15593 D nativeloader: Load libframework-connectivity- jni.so using APEX ns com_android_tethering for caller /apex/com.android.tethering/javalib/framework-connectivity.jar: ok
05-14 14:35:57.340 15593 15593 V GraphicsEnvironment: Currently set values for:
05-14 14:35:57.340 15593 15593 V GraphicsEnvironment: angle_gl_driver_selection_pkgs=[]
05-14 14:35:57.340 15593 15593 V GraphicsEnvironment: angle_gl_driver_selection_values=[]
05-14 14:35:57.341 15593 15593 V GraphicsEnvironment: ANGLE GameManagerService for com.hello.miheapp.secretspace: false
05-14 14:35:57.341 15593 15593 V GraphicsEnvironment: com.hello.miheapp.secretspace is not listed in per-application setting
05-14 14:35:57.341 15593 15593 V GraphicsEnvironment: Neither updatable production driver nor prerelease driver is supported.
05-14 14:35:57.349 15593 15593 D nativeloader: Load /data/app/~~u7JpqXiZ60emteZUUJYZ-Q==/com.hello.miheapp.secretspace- gScfIuJj6R6JjgSSkDypOQ==/split_config.arm64_v8a.apk!/lib/arm64-v8a/librepublic.so using ns clns-5 from class loader (caller=/data/app/~~u7JpqXiZ60emteZUUJYZ-Q==/com.hello.miheapp.secretspace- gScfIuJj6R6JjgSSkDypOQ==/base.apk): ok
05-14 14:35:57.524 15593 15593 W Glide : Failed to find GeneratedAppGlideModule. You should include an annotationProcessor compile dependency on com.github.bumptech.glide:compiler in your application and a @GlideModule annotated AppGlideModule implementation or LibraryGlideModules will be silently ignored
05-14 14:35:57.533 15593 15593 D CompatibilityChangeReporter: Compat change id reported: 183155436; UID 10306; state: ENABLED
05-14 14:35:57.534 15593 15593 D SessionsDependencies: Dependency to CRASHLYTICS added.
05-14 14:35:57.535 15593 15593 I FirebaseApp: Device unlocked: initializing all Firebase APIs for app [DEFAULT]
05-14 14:35:57.560 15593 15593 D FirebaseSessions: Initializing Firebase Sessions SDK.
05-14 14:35:57.561 15593 15593 I FirebaseCrashlytics: Initializing Firebase Crashlytics 18.6.2 for com.hello.miheapp.secretspace
05-14 14:35:57.561 15593 15593 D CompatibilityChangeReporter: Compat change id reported: 247079863; UID 10306; state: ENABLED
05-14 14:35:57.569 15593 15593 D SessionsDependencies: Subscriber CRASHLYTICS registered.
05-14 14:35:57.582 15593 15593 I FirebaseApp: FirebaseApp initialization successful
05-14 14:35:57.582 15593 15617 D LifecycleServiceBinder: Binding service to application.
05-14 14:35:57.585 12075 14473 D ChimeraServiceProvider: query: content://com.google.android.gms.chimera/api_force_staging/com.google.android.gms.m easurement.dynamite?requestStartTime=335013964
05-14 14:35:57.587 15593 15607 W DynamiteModule: Failed to retrieve remote module version.
05-14 14:35:57.589 15593 15618 I FirebaseCrashlytics: No version control information found
05-14 14:35:57.601 15593 15607 D nativeloader: Configuring clns-6 for other apk /system/framework/com.android.location.provider.jar. target_sdk_version=29, uses_libraries=ALL, library_path=/data/user/0/com.hello.miheapp.secretspace/sandbox/data/app/ com.google.android.gms/lib:/data/user/0/com.hello.miheapp.secretspace/sandbox/ data/app/com.google.android.gms/base.apk!/lib/arm64-v8a, permitted_path=/data:/mnt/expand:/data/user/0/com.hello.miheapp.secretspace/ sandbox/data/user/0/com.google.android.gms
05-14 14:35:57.622 15593 15593 D nativeloader: Load /data/app/~~u7JpqXiZ60emteZUUJYZ-Q==/com.hello.miheapp.secretspace- gScfIuJj6R6JjgSSkDypOQ==/split_config.arm64_v8a.apk!/lib/arm64-v8a/libsandbox.so using ns clns-5 from class loader (caller=/data/app/~~u7JpqXiZ60emteZUUJYZ-Q==/com.hello.miheapp.secretspace- gScfIuJj6R6JjgSSkDypOQ==/base.apk): ok
05-14 14:35:57.622 15593 15593 D NativeCore: NativeCore init.
05-14 14:35:57.622 15593 15593 D NativeCore: found art method entrypoint jni offset: 2
05-14 14:35:57.622 15593 15593 D NativeCore: not found art method match access flags offset , use default: 4
05-14 14:35:57.659 15593 15607 I .secretspace:p2: Failed to add image file: Failed to find OatDexFile for DexFile /data/app/~~u7JpqXiZ60emteZUUJYZ-Q==/com.hello.miheapp.secretspace- gScfIuJj6R6JjgSSkDypOQ==/base.apk (canonical path /data/app/~~u7JpqXiZ60emteZUUJYZ- Q==/com.hello.miheapp.secretspace-gScfIuJj6R6JjgSSkDypOQ==/base.apk) in OatFile /data/user/0/com.hello.miheapp.secretspace/sandbox/data/app/com.google.android.gms/ oat/arm64/base.vdex
05-14 14:35:57.661 15593 15607 D nativeloader: Configuring clns-7 for other apk /data/user/0/com.hello.miheapp.secretspace/sandbox/data/app/com.google.android.gms/ base.apk. target_sdk_version=29, uses_libraries=, library_path=/data/user/0/com.hello.miheapp.secretspace/sandbox/data/app/ com.google.android.gms/lib:/data/user/0/com.hello.miheapp.secretspace/sandbox/ data/app/com.google.android.gms/base.apk!/lib/arm64-v8a, permitted_path=/data:/mnt/expand:/data/user/0/com.hello.miheapp.secretspace/ sandbox/data/user/0/com.google.android.gms
05-14 14:35:57.664 15593 15607 W DynamiteModule: IDynamite loader version = 2, no high precision latency measurement.
05-14 14:35:57.665 15593 15607 I DynamiteModule: Considering local module com.google.android.gms.measurement.dynamite:100 and remote module com.google.android.gms.measurement.dynamite:98
05-14 14:35:57.665 15593 15607 I DynamiteModule: Selected local version of com.google.android.gms.measurement.dynamite
05-14 14:35:57.665 15593 15607 W DynamiteModule: IDynamite loader version = 2, no high precision latency measurement.
05-14 14:35:57.672 15593 15593 E NativeCore: not native method
05-14 14:35:57.672 15593 15593 E NativeCore: check flags error. class:java/io/UnixFileSystem, method:canonicalize0
05-14 14:35:57.672 15593 15593 D NativeCore: register class:java/io/UnixFileSystem, method:getBooleanAttributes0 success!
05-14 14:35:57.672 15593 15593 D NativeCore: register class:java/io/UnixFileSystem, method:getLastModifiedTime0 success!
05-14 14:35:57.672 15593 15593 D NativeCore: register class:java/io/UnixFileSystem, method:setPermission0 success!
05-14 14:35:57.672 15593 15593 D NativeCore: register class:java/io/UnixFileSystem, method:createFileExclusively0 success!
05-14 14:35:57.672 15593 15593 D NativeCore: register class:java/io/UnixFileSystem, method:list0 success!
05-14 14:35:57.672 15593 15593 D NativeCore: register class:java/io/UnixFileSystem, method:createDirectory0 success!
05-14 14:35:57.672 15593 15593 D NativeCore: register class:java/io/UnixFileSystem, method:setLastModifiedTime0 success!
05-14 14:35:57.672 15593 15593 D NativeCore: register class:java/io/UnixFileSystem, method:setReadOnly0 success!
05-14 14:35:57.672 15593 15593 D NativeCore: register class:java/io/UnixFileSystem, method:getSpace0 success!
05-14 14:35:57.672 15593 15593 D NativeCore: register class:java/lang/VMClassLoader, method:findLoadedClass success!
05-14 14:35:57.672 15593 15593 D NativeCore: register class:android/os/Binder, method:getCallingUid success!
05-14 14:35:57.672 15593 15593 D NativeCore: register class:dalvik/system/VMRuntime, method:setHiddenApiExemptions success!
05-14 14:35:57.672 15593 15593 D NativeCore: register class:dalvik/system/DexFile, method:openDexFileNative success!
05-14 14:35:57.680 15593 15625 I FA : App measurement initialized, version: 84002
05-14 14:35:57.680 15593 15625 I FA : To enable debug logging run: adb shell setprop log.tag.FA VERBOSE
05-14 14:35:57.680 15593 15625 I FA : To enable faster debug mode event logging run:
05-14 14:35:57.680 15593 15625 I FA : adb shell setprop debug.firebase.analytics.app com.hello.miheapp.secretspace
05-14 14:35:57.683 15593 15593 I .secretspace:p2: Failed to add image file: Dex cache count and dex file count mismatch while trying to initialize from image
05-14 14:35:57.684 15593 15593 W ziparchive: Unable to open '/data/user/0/com.hello.miheapp.secretspace/sandbox/data/app/com.mobiin.gp/ split_GSDKRTC.config.arm64_v8a.dm': No such file or directory
05-14 14:35:57.684 15593 15593 W .secretspace:p2: Entry not found
05-14 14:35:57.684 15593 15593 W ziparchive: Unable to open '/data/user/0/com.hello.miheapp.secretspace/sandbox/data/app/com.mobiin.gp/ split_PlayAssetPack.dm': No such file or directory
05-14 14:35:57.685 15593 15593 W .secretspace:p2: Entry not found
05-14 14:35:57.685 15593 15593 W ziparchive: Unable to open '/data/user/0/com.hello.miheapp.secretspace/sandbox/data/app/com.mobiin.gp/ split_QiniuShortVideo.config.arm64_v8a.dm': No such file or directory
05-14 14:35:57.685 15593 15593 W .secretspace:p2: Entry not found
05-14 14:35:57.687 15593 15593 W ziparchive: Unable to open '/data/user/0/com.hello.miheapp.secretspace/sandbox/data/app/com.mobiin.gp/ split_config.arm64_v8a.dm': No such file or directory
05-14 14:35:57.687 15593 15593 W .secretspace:p2: Entry not found
05-14 14:35:57.689 15593 15593 D nativeloader: Configuring clns-8 for other apk /data/user/0/com.hello.miheapp.secretspace/sandbox/data/app/com.mobiin.gp/ base.apk:/data/user/0/com.hello.miheapp.secretspace/sandbox/data/app/ com.mobiin.gp/split_GSDKRTC.apk:/data/user/0/com.hello.miheapp.secretspace/ sandbox/data/app/com.mobiin.gp/split_GSDKRTC.config.arm64_v8a.apk:/data/user/0/ com.hello.miheapp.secretspace/sandbox/data/app/com.mobiin.gp/ split_PlayAssetPack.apk:/data/user/0/com.hello.miheapp.secretspace/sandbox/data/ app/com.mobiin.gp/split_QiniuShortVideo.apk:/data/user/0/ com.hello.miheapp.secretspace/sandbox/data/app/com.mobiin.gp/ split_QiniuShortVideo.config.arm64_v8a.apk:/data/user/0/ com.hello.miheapp.secretspace/sandbox/data/app/com.mobiin.gp/split_WallPaper.apk:/ data/user/0/com.hello.miheapp.secretspace/sandbox/data/app/com.mobiin.gp/ split_WifiDetective.apk:/data/user/0/com.hello.miheapp.secretspace/sandbox/data/ app/com.mobiin.gp/split_config.arm64_v8a.apk. target_sdk_version=34, uses_libraries=, library_path=/data/user/0/com.hello.miheapp.secretspace/s
05-14 14:35:57.691 15593 15625 D CompatibilityChangeReporter: Compat change id reported: 183155436; UID 10306; state: ENABLED
05-14 14:35:57.695 15593 15625 W FA : Table has extra columns. table, columns: messages, app_version, app_version_int
05-14 14:35:57.726 15593 15593 I MultiDex: VM with version 2.1.0 has multidex support
05-14 14:35:57.726 15593 15593 I MultiDex: Installing application
05-14 14:35:57.726 15593 15593 I MultiDex: VM has multidex support, MultiDex support library is disabled.
05-14 14:35:57.755 15593 15593 I FirebaseApp: Device unlocked: initializing all Firebase APIs for app [DEFAULT]
05-14 14:35:57.772 15593 15593 I FirebaseInitProvider: FirebaseApp initialization successful
05-14 14:35:57.775 15593 15593 W MobaGame-UnityInitProvider: initXThreadPool, not found
05-14 14:35:57.777 15593 15646 I DynamiteModule: Non-system-image GmsCore APK, forcing V1
05-14 14:35:57.778 15593 15646 W DynamiteModule: IDynamite loader version = 2, no high precision latency measurement.
05-14 14:35:57.778 15593 15646 I DynamiteModule: Considering local module com.google.android.gms.measurement.dynamite:105 and remote module com.google.android.gms.measurement.dynamite:98
05-14 14:35:57.778 15593 15646 I DynamiteModule: Selected local version of com.google.android.gms.measurement.dynamite
05-14 14:35:57.779 15593 15646 W DynamiteModule: IDynamite loader version = 2, no high precision latency measurement.
05-14 14:35:57.786 15593 15593 W com.facebook.UserSettingsManager: Please set a value for AutoLogAppEventsEnabled. Set the flag to TRUE if you want to collect app install, app launch and in-app purchase events automatically. To request user consent before collecting data, set the flag value to FALSE, then change to TRUE once user consent is received. Learn more: https://developers.facebook.com/docs/app-events/getting-started-app-events- android#disable-auto-events.
05-14 14:35:57.786 15593 15593 W com.facebook.UserSettingsManager: You haven't set a value for AdvertiserIDCollectionEnabled. Set the flag to TRUE if you want to collect Advertiser ID for better advertising and analytics results. To request user consent before collecting data, set the flag value to FALSE, then change to TRUE once user consent is received. Learn more: https://developers.facebook.com/docs/app-events/getting-started-app-events- android#disable-auto-events.
05-14 14:35:57.795 15593 15651 I FA : App measurement initialized, version: 87000
05-14 14:35:57.795 15593 15651 I FA : To enable debug logging run: adb shell setprop log.tag.FA VERBOSE
05-14 14:35:57.795 15593 15651 I FA : To enable faster debug mode event logging run:
05-14 14:35:57.795 15593 15651 I FA : adb shell setprop debug.firebase.analytics.app com.mobiin.gp
05-14 14:35:57.798 15593 15663 E ActivityThread: Failed to find provider info for com.facebook.katana.provider.PlatformProvider
05-14 14:35:57.798 15593 15663 W com.facebook.internal.NativeProtocol: Apps that target Android API 30+ (Android 11+) cannot call Facebook native apps unless the package visibility needs are declared. Please follow https://developers.facebook.com/docs/android/troubleshooting/#faq_267321845055988 to make the declaration.
05-14 14:35:57.801 15593 15593 D CompatibilityChangeReporter: Compat change id reported: 183155436; UID 10003; state: ENABLED
05-14 14:35:57.809 15593 15593 D Typeface-FontSettings: updateToOverlayFont: overlay is cur default, no need update
05-14 14:35:57.812 15676 15676 I libc : SetHeapTaggingLevel: tag level set to 0
05-14 14:35:57.815 15676 15676 I .secretspace:p3: Using CollectorTypeCMC GC.
05-14 14:35:57.818 15676 15676 E .secretspace:p3: Not starting debugger since process cannot load the jdwp agent.
05-14 14:35:57.822 15676 15676 D nativeloader: Load libframework-connectivity- tiramisu-jni.so using APEX ns com_android_tethering for caller /apex/com.android.tethering/javalib/framework-connectivity-t.jar: ok
05-14 14:35:57.831 15676 15676 D CompatibilityChangeReporter: Compat change id reported: 171979766; UID 10306; state: ENABLED
05-14 14:35:57.831 15676 15676 D CompatibilityChangeReporter: Compat change id reported: 242716250; UID 10306; state: ENABLED
05-14 14:35:57.832 15676 15676 D Typeface-FontSettings: initFontDefault defaultFontFamily -> RobotoSlab-Regular
05-14 14:35:57.836 15676 15676 D ApplicationLoaders: Returning zygote-cached class loader: /system/framework/android.test.base.jar
05-14 14:35:57.838 15676 15676 D nativeloader: Configuring clns-4 for other apk /system/framework/org.apache.http.legacy.jar. target_sdk_version=34, uses_libraries=ALL, library_path=/data/app/~~u7JpqXiZ60emteZUUJYZ-Q==/com.hello.miheapp.secretspace- gScfIuJj6R6JjgSSkDypOQ==/lib/arm64:/data/app/~~u7JpqXiZ60emteZUUJYZ-Q==/ com.hello.miheapp.secretspace-gScfIuJj6R6JjgSSkDypOQ==/base.apk!/lib/arm64-v8a:/ data/app/~~u7JpqXiZ60emteZUUJYZ-Q==/com.hello.miheapp.secretspace- gScfIuJj6R6JjgSSkDypOQ==/split_config.arm64_v8a.apk!/lib/arm64-v8a:/data/app/ ~~u7JpqXiZ60emteZUUJYZ-Q==/com.hello.miheapp.secretspace-gScfIuJj6R6JjgSSkDypOQ==/ split_config.bn.apk!/lib/arm64-v8a:/data/app/~~u7JpqXiZ60emteZUUJYZ-Q==/ com.hello.miheapp.secretspace-gScfIuJj6R6JjgSSkDypOQ==/split_config.en.apk!/lib/ arm64-v8a:/data/app/~~u7JpqXiZ60emteZUUJYZ-Q==/com.hello.miheapp.secretspace- gScfIuJj6R6JjgSSkDypOQ==/split_config.gu.apk!/lib/arm64-v8a:/data/app/ ~~u7JpqXiZ60emteZUUJYZ-Q==/com.hello.miheapp.secretspace-gScfIuJj6R6JjgSSkDypOQ==/ split_config.hi.apk!/lib/arm64-v8a:/data/app/~~u7JpqXiZ60emteZU
05-14 14:35:57.846 15676 15676 W ziparchive: Unable to open '/data/app/~~u7JpqXiZ60emteZUUJYZ-Q==/com.hello.miheapp.secretspace- gScfIuJj6R6JjgSSkDypOQ==/split_config.arm64_v8a.dm': No such file or directory
05-14 14:35:57.847 15676 15676 W ziparchive: Unable to open '/data/app/~~u7JpqXiZ60emteZUUJYZ-Q==/com.hello.miheapp.secretspace- gScfIuJj6R6JjgSSkDypOQ==/split_config.arm64_v8a.dm': No such file or directory
05-14 14:35:57.847 15676 15676 W .secretspace:p3: Entry not found
05-14 14:35:57.847 15676 15676 W ziparchive: Unable to open '/data/app/~~u7JpqXiZ60emteZUUJYZ-Q==/com.hello.miheapp.secretspace- gScfIuJj6R6JjgSSkDypOQ==/split_config.bn.dm': No such file or directory
05-14 14:35:57.847 15676 15676 W ziparchive: Unable to open '/data/app/~~u7JpqXiZ60emteZUUJYZ-Q==/com.hello.miheapp.secretspace- gScfIuJj6R6JjgSSkDypOQ==/split_config.bn.dm': No such file or directory
05-14 14:35:57.847 15676 15676 W .secretspace:p3: Entry not found
05-14 14:35:57.847 15676 15676 W ziparchive: Unable to open '/data/app/~~u7JpqXiZ60emteZUUJYZ-Q==/com.hello.miheapp.secretspace- gScfIuJj6R6JjgSSkDypOQ==/split_config.en.dm': No such file or directory
05-14 14:35:57.847 15676 15676 W ziparchive: Unable to open '/data/app/~~u7JpqXiZ60emteZUUJYZ-Q==/com.hello.miheapp.secretspace- gScfIuJj6R6JjgSSkDypOQ==/split_config.en.dm': No such file or directory
05-14 14:35:57.847 15676 15676 W .secretspace:p3: Entry not found
05-14 14:35:57.848 15676 15676 W ziparchive: Unable to open '/data/app/~~u7JpqXiZ60emteZUUJYZ-Q==/com.hello.miheapp.secretspace- gScfIuJj6R6JjgSSkDypOQ==/split_config.gu.dm': No such file or directory
05-14 14:35:57.848 15676 15676 W ziparchive: Unable to open '/data/app/~~u7JpqXiZ60emteZUUJYZ-Q==/com.hello.miheapp.secretspace- gScfIuJj6R6JjgSSkDypOQ==/split_config.gu.dm': No such file or directory
05-14 14:35:57.848 15676 15676 W .secretspace:p3: Entry not found
05-14 14:35:57.848 15676 15676 W ziparchive: Unable to open '/data/app/~~u7JpqXiZ60emteZUUJYZ-Q==/com.hello.miheapp.secretspace- gScfIuJj6R6JjgSSkDypOQ==/split_config.hi.dm': No such file or directory
05-14 14:35:57.848 15676 15676 W ziparchive: Unable to open '/data/app/~~u7JpqXiZ60emteZUUJYZ-Q==/com.hello.miheapp.secretspace- gScfIuJj6R6JjgSSkDypOQ==/split_config.hi.dm': No such file or directory
05-14 14:35:57.848 15676 15676 W .secretspace:p3: Entry not found
05-14 14:35:57.848 15676 15676 W ziparchive: Unable to open '/data/app/~~u7JpqXiZ60emteZUUJYZ-Q==/com.hello.miheapp.secretspace- gScfIuJj6R6JjgSSkDypOQ==/split_config.kn.dm': No such file or directory
05-14 14:35:57.848 15676 15676 W ziparchive: Unable to open '/data/app/~~u7JpqXiZ60emteZUUJYZ-Q==/com.hello.miheapp.secretspace- gScfIuJj6R6JjgSSkDypOQ==/split_config.kn.dm': No such file or directory
05-14 14:35:57.848 15676 15676 W .secretspace:p3: Entry not found
05-14 14:35:57.848 15676 15676 W ziparchive: Unable to open '/data/app/~~u7JpqXiZ60emteZUUJYZ-Q==/com.hello.miheapp.secretspace- gScfIuJj6R6JjgSSkDypOQ==/split_config.mr.dm': No such file or directory
05-14 14:35:57.848 15676 15676 W ziparchive: Unable to open '/data/app/~~u7JpqXiZ60emteZUUJYZ-Q==/com.hello.miheapp.secretspace- gScfIuJj6R6JjgSSkDypOQ==/split_config.mr.dm': No such file or directory
05-14 14:35:57.849 15676 15676 W .secretspace:p3: Entry not found
05-14 14:35:57.849 15676 15676 W ziparchive: Unable to open '/data/app/~~u7JpqXiZ60emteZUUJYZ-Q==/com.hello.miheapp.secretspace- gScfIuJj6R6JjgSSkDypOQ==/split_config.ta.dm': No such file or directory
05-14 14:35:57.849 15676 15676 W ziparchive: Unable to open '/data/app/~~u7JpqXiZ60emteZUUJYZ-Q==/com.hello.miheapp.secretspace- gScfIuJj6R6JjgSSkDypOQ==/split_config.ta.dm': No such file or directory
05-14 14:35:57.849 15676 15676 W .secretspace:p3: Entry not found
05-14 14:35:57.849 15676 15676 W ziparchive: Unable to open '/data/app/~~u7JpqXiZ60emteZUUJYZ-Q==/com.hello.miheapp.secretspace- gScfIuJj6R6JjgSSkDypOQ==/split_config.te.dm': No such file or directory
05-14 14:35:57.849 15676 15676 W ziparchive: Unable to open '/data/app/~~u7JpqXiZ60emteZUUJYZ-Q==/com.hello.miheapp.secretspace- gScfIuJj6R6JjgSSkDypOQ==/split_config.te.dm': No such file or directory
05-14 14:35:57.849 15676 15676 W .secretspace:p3: Entry not found
05-14 14:35:57.849 15676 15676 W ziparchive: Unable to open '/data/app/~~u7JpqXiZ60emteZUUJYZ-Q==/com.hello.miheapp.secretspace- gScfIuJj6R6JjgSSkDypOQ==/split_config.xxhdpi.dm': No such file or directory
05-14 14:35:57.849 15676 15676 W ziparchive: Unable to open '/data/app/~~u7JpqXiZ60emteZUUJYZ-Q==/com.hello.miheapp.secretspace- gScfIuJj6R6JjgSSkDypOQ==/split_config.xxhdpi.dm': No such file or directory
05-14 14:35:57.849 15676 15676 W .secretspace:p3: Entry not found
05-14 14:35:57.850 15676 15676 D nativeloader: Configuring clns-5 for other apk /data/app/~~u7JpqXiZ60emteZUUJYZ-Q==/com.hello.miheapp.secretspace- gScfIuJj6R6JjgSSkDypOQ==/base.apk:/data/app/~~u7JpqXiZ60emteZUUJYZ-Q==/ com.hello.miheapp.secretspace-gScfIuJj6R6JjgSSkDypOQ==/ split_config.arm64_v8a.apk:/data/app/~~u7JpqXiZ60emteZUUJYZ-Q==/ com.hello.miheapp.secretspace-gScfIuJj6R6JjgSSkDypOQ==/split_config.bn.apk:/data/ app/~~u7JpqXiZ60emteZUUJYZ-Q==/com.hello.miheapp.secretspace- gScfIuJj6R6JjgSSkDypOQ==/split_config.en.apk:/data/app/~~u7JpqXiZ60emteZUUJYZ-Q==/ com.hello.miheapp.secretspace-gScfIuJj6R6JjgSSkDypOQ==/split_config.gu.apk:/data/ app/~~u7JpqXiZ60emteZUUJYZ-Q==/com.hello.miheapp.secretspace- gScfIuJj6R6JjgSSkDypOQ==/split_config.hi.apk:/data/app/~~u7JpqXiZ60emteZUUJYZ-Q==/ com.hello.miheapp.secretspace-gScfIuJj6R6JjgSSkDypOQ==/split_config.kn.apk:/data/ app/~~u7JpqXiZ60emteZUUJYZ-Q==/com.hello.miheapp.secretspace- gScfIuJj6R6JjgSSkDypOQ==/split_config.mr.apk:/data/app/~~u7JpqXiZ60emteZUUJYZ-Q==/ com.hello.miheapp.secretspace-gScfIuJj6R6JjgSSkDypOQ==/split_
05-14 14:35:57.857 15676 15676 D nativeloader: Load libframework-connectivity- jni.so using APEX ns com_android_tethering for caller /apex/com.android.tethering/javalib/framework-connectivity.jar: ok
05-14 14:35:57.859 15676 15676 V GraphicsEnvironment: Currently set values for:
05-14 14:35:57.859 15676 15676 V GraphicsEnvironment: angle_gl_driver_selection_pkgs=[]
05-14 14:35:57.859 15676 15676 V GraphicsEnvironment: angle_gl_driver_selection_values=[]
05-14 14:35:57.859 15676 15676 V GraphicsEnvironment: ANGLE GameManagerService for com.hello.miheapp.secretspace: false
05-14 14:35:57.859 15676 15676 V GraphicsEnvironment: com.hello.miheapp.secretspace is not listed in per-application setting
05-14 14:35:57.859 15676 15676 V GraphicsEnvironment: Neither updatable production driver nor prerelease driver is supported.
05-14 14:35:57.863 15593 15593 D DeviceEnvironment: GetPersistentDataPath, cached path: /storage/emulated/0/Android/data/com.hello.miheapp.secretspace/files/ sandbox/storage/emulated/0/Android/data/com.mobiin.gp/files
05-14 14:35:57.863 15593 15593 D DeviceEnvironment: SetPersistentDataPath, path: /storage/emulated/0/Android/data/com.hello.miheapp.secretspace/files/sandbox/ storage/emulated/0/Android/data/com.mobiin.gp/files
05-14 14:35:57.865 15676 15676 D nativeloader: Load /data/app/~~u7JpqXiZ60emteZUUJYZ-Q==/com.hello.miheapp.secretspace- gScfIuJj6R6JjgSSkDypOQ==/split_config.arm64_v8a.apk!/lib/arm64-v8a/librepublic.so using ns clns-5 from class loader (caller=/data/app/~~u7JpqXiZ60emteZUUJYZ-Q==/com.hello.miheapp.secretspace- gScfIuJj6R6JjgSSkDypOQ==/base.apk): ok
05-14 14:35:57.877 15593 15593 D MobaGame-UnityConfig: static, scriptingBackend: RepackIL2CPP, repackIL2CPPVersion: 0
05-14 14:35:57.885 15593 15593 W gp:UnityKillsMe: type=1400 audit(0.0:138721): avc: granted { execute } for path="/data/data/com.hello.miheapp.secretspace/sandbox/data/app/com.mobiin.gp/lib/ libbytehook.so" dev="dm-56" ino=293359 scontext=u:r:untrusted_app:s0:c50,c257,c512,c768 tcontext=u:object_r:app_data_file:s0:c50,c257,c512,c768 tclass=file app=com.hello.miheapp.secretspace
05-14 14:35:57.885 15593 15593 W gp:UnityKillsMe: type=1400 audit(0.0:138722): avc: granted { execute } for path="/data/data/com.hello.miheapp.secretspace/sandbox/data/app/com.mobiin.gp/lib/ libbreakpad_client.so" dev="dm-56" ino=30290 scontext=u:r:untrusted_app:s0:c50,c257,c512,c768 tcontext=u:object_r:app_data_file:s0:c50,c257,c512,c768 tclass=file app=com.hello.miheapp.secretspace
05-14 14:35:57.885 15593 15593 W gp:UnityKillsMe: type=1400 audit(0.0:138723): avc: granted { execute } for path="/data/data/com.hello.miheapp.secretspace/sandbox/data/app/com.mobiin.gp/lib/ libnpth_dl.so" dev="dm-56" ino=289436 scontext=u:r:untrusted_app:s0:c50,c257,c512,c768 tcontext=u:object_r:app_data_file:s0:c50,c257,c512,c768 tclass=file app=com.hello.miheapp.secretspace
05-14 14:35:57.885 15593 15593 W gp:UnityKillsMe: type=1400 audit(0.0:138724): avc: granted { execute } for path="/data/data/com.hello.miheapp.secretspace/sandbox/data/app/com.mobiin.gp/lib/ libnpth.so" dev="dm-56" ino=145283 scontext=u:r:untrusted_app:s0:c50,c257,c512,c768 tcontext=u:object_r:app_data_file:s0:c50,c257,c512,c768 tclass=file app=com.hello.miheapp.secretspace
05-14 14:35:57.890 15593 15593 D nativeloader: Load /data/user/0/com.hello.miheapp.secretspace/sandbox/data/app/com.mobiin.gp/lib/ libnpth.so using ns clns-8 from class loader (caller=/data/user/0/com.hello.miheapp.secretspace/sandbox/data/app/com.mobiin.gp/ base.apk): ok
05-14 14:35:57.889 15593 15593 W gp:UnityKillsMe: type=1400 audit(0.0:138725): avc: granted { execute } for path="/data/data/com.hello.miheapp.secretspace/sandbox/data/app/com.mobiin.gp/lib/ libnpth_tools.so" dev="dm-56" ino=273193 scontext=u:r:untrusted_app:s0:c50,c257,c512,c768 tcontext=u:object_r:app_data_file:s0:c50,c257,c512,c768 tclass=file app=com.hello.miheapp.secretspace
05-14 14:35:57.891 15593 15593 D nativeloader: Load /data/user/0/com.hello.miheapp.secretspace/sandbox/data/app/com.mobiin.gp/lib/ libnpth_tools.so using ns clns-8 from class loader (caller=/data/user/0/com.hello.miheapp.secretspace/sandbox/data/app/com.mobiin.gp/ base.apk): ok
05-14 14:35:57.892 15593 15593 D CrashService: npth init, native = false
05-14 14:35:57.897 15593 15692 D CompatibilityChangeReporter: Compat change id reported: 247079863; UID 10003; state: ENABLED
05-14 14:35:57.900 15593 15705 E NPTH-TERM: wait_inner:tools_monitor_wait_inner in !!!
05-14 14:35:57.901 15593 15705 E NPTH-TERM: wait_inner:read alive_processes count=1
05-14 14:35:57.901 15593 15705 E NPTH-TERM: wait_inner:step1 new process start request_attach
05-14 14:35:57.901 15593 15705 E NPTH-TERM: do_attach_request:startup new tracee thread, old=-1
05-14 14:35:57.901 15593 15706 E NPTH-TERM: npth-tracee:thread_loop start...
05-14 14:35:57.901 15593 15706 E NPTH-TERM: npth-tracee:thread_loop got flock success, lockfile path=/data/user/0/com.hello.miheapp.secretspace/sandbox/data/user/0/com.mobiin.gp/ files/npth/killHistory/proc/15593/15706_lock...
05-14 14:35:57.901 15593 15705 E NPTH-TERM: do_attach_request:send attach sig to tracerpid=12570 tracertid=12992
05-14 14:35:57.901 15593 15706 E NPTH-TERM: npth-tracee:thread_loop start wait mutexlock...
05-14 14:35:57.901 15593 15705 E NPTH-TERM: do_attach_request:success handled, now my tracerpid=12570 tracertid=12992
05-14 14:35:57.901 15593 15705 E NPTH-TERM: wait_inner:step2 new process start notify_attach
05-14 14:35:57.901 15593 15705 E NPTH-TERM: notify attach 12570
05-14 14:35:57.901 15593 15705 E NPTH-TERM: wait_inner:notify attach tid 12992 success, then wait for tracee's attach request
05-14 14:35:57.901 12570 12992 E NPTH-TERM: wait_inner:start handle pending attach sig
05-14 14:35:57.901 15593 15705 E NPTH-TERM: -----------------------------------------------------------
05-14 14:35:57.901 12570 12992 I NPTH-TERM: do_attach start
05-14 14:35:57.901 12570 12992 E NPTH-TERM: do_attach:TMonitor start check lockFd
05-14 14:35:57.901 12570 12992 E NPTH-TERM: do_attach:TMonitor success check lockFd
05-14 14:35:57.901 12570 12992 E NPTH-TERM: do_attach_request:do check_pending_attach_request
05-14 14:35:57.901 12570 12992 E NPTH-TERM: -----------------------------------------------------------
05-14 14:35:57.901 12570 12992 E NPTH-TERM: do_attach_request:startup new tracee thread, old=13326
05-14 14:35:57.901 12570 13326 E NPTH-TERM: npth-tracee:thread_loop end wait mutexlock...
05-14 14:35:57.901 12570 15708 E NPTH-TERM: npth-tracee:thread_loop start...
05-14 14:35:57.902 15593 15701 D AppLog : MigrateDetector#isMigrateInternal cs=STATE_DEFAULT ss=STATE_DISABLED
05-14 14:35:57.902 15593 15701 D AppLog : MigrateDetector#constructor migrate=true
05-14 14:35:57.902 15593 15701 D AppLog : #isNewUserMode false. context=androidx.multidex.MultiDexApplication@5049f01 isDebugChannel()=false
05-14 14:35:57.902 15593 15701 D AppLog : getCachedString key = device_id value = 7327115268932027909
05-14 14:35:57.903 15593 15701 D AppLog : AccountCacheHelper#cacheString key=device_id value=7327115268932027909 mAccount=null
05-14 14:35:57.903 15593 15701 D AppLog : getCachedString key = openudid value = null
05-14 14:35:57.903 15593 15701 D AppLog : SharePreferenceCacheHandler#clear key=openudid getCachedString(key)=null
05-14 14:35:57.903 12570 13326 E NPTH-TERM: npth-tracee:thread_loop end...
05-14 14:35:57.903 15593 15701 D AppLog : AccountCacheHelper#clear key=openudid mAccount=null getCachedString(key)=null
05-14 14:35:57.903 12570 15708 E NPTH-TERM: npth-tracee:thread_loop got flock success, lockfile path=/data/user/0/com.hello.miheapp.secretspace/sandbox/data/user/0/com.mobiin.gp/ files/npth/killHistory/proc/12570/15708_lock...
05-14 14:35:57.903 12570 15708 E NPTH-TERM: npth-tracee:thread_loop start wait mutexlock...
05-14 14:35:57.903 12570 12992 E NPTH-TERM: do_attach_request:send attach sig to tracerpid=15593 tracertid=15705
05-14 14:35:57.903 12570 12992 E NPTH-TERM: do_attach_request:success handled, now my tracerpid=15593 tracertid=15705
05-14 14:35:57.904 15593 15705 E NPTH-TERM: wait_inner:start handle pending attach sig
05-14 14:35:57.904 15593 15705 I NPTH-TERM: do_attach start
05-14 14:35:57.904 15593 15705 E NPTH-TERM: do_attach:TMonitor start check lockFd
05-14 14:35:57.904 15593 15705 E NPTH-TERM: do_attach:TMonitor success check lockFd
05-14 14:35:57.904 15593 15601 E LoadedApk: performReceive() called targeting raw IIntentReceiver for Intent { act=android.net.conn.CONNECTIVITY_CHANGE flg=0x4200010 (has extras) }
05-14 14:35:57.904 15593 15710 I NPTH : anr_monitor_loop enter!
05-14 14:35:57.904 15593 15710 I NPTH : anr_monitor_loop reporter = 0x75801c7660
05-14 14:35:57.904 15593 15710 I NPTH : anr_monitor_loop sym_err = -6
05-14 14:35:57.905 15593 15710 I NPTH : anr_monitor_loop s_sig_catcher_tid = 15594
05-14 14:35:57.911 15593 15593 D AppLog : AppLog = com.ss.android.common.applog.AppLog@ac51f9f pid = 15593
05-14 14:35:57.911 15593 15593 D MobaGameUnityActivity: Engine, CheckOpenMultiThreadRending: 0
05-14 14:35:57.912 15593 15593 D MobaGameUnityActivity: Engine, CheckColorSpaceLinear: 0
05-14 14:35:57.912 15593 15593 D MobaGameUnityActivity: Engine, CheckEnableSwappy(default0, enable1, disable2): 2
05-14 14:35:57.912 15593 15593 D MobaGameUnityActivity: Engine, CheckGCMaxTimeSlice: 3
05-14 14:35:57.912 15593 15593 D MobaGameUnityActivity: Engine, CheckEngineMemoryConfig, blockSize: 1024, blockCount: 1
05-14 14:35:57.912 15593 15593 D MobaGameUnityActivity: Engine, CheckGCAllInteriorPointers(default1, enable1, disable0): 1
05-14 14:35:57.920 15593 15701 D AppLog : getCachedString key = clientudid value = null
05-14 14:35:57.920 15593 15701 D AppLog : SharePreferenceCacheHandler#clear key=clientudid getCachedString(key)=null
05-14 14:35:57.920 15593 15701 D AppLog : AccountCacheHelper#clear key=clientudid mAccount=null getCachedString(key)=null
05-14 14:35:57.920 15593 15701 D AppLog : getCachedString key = udid value = null
05-14 14:35:57.920 15593 15701 D AppLog : SharePreferenceCacheHandler#clear key=udid getCachedString(key)=null
05-14 14:35:57.920 15593 15701 D AppLog : AccountCacheHelper#clear key=udid mAccount=null getCachedString(key)=null
05-14 14:35:57.920 15593 15701 D AppLog : getCachedString key = udid_list value = null
05-14 14:35:57.920 15593 15701 D AppLog : SharePreferenceCacheHandler#clear key=udid_list getCachedString(key)=null
05-14 14:35:57.920 15593 15701 D AppLog : AccountCacheHelper#clear key=udid_list mAccount=null getCachedString(key)=null
05-14 14:35:57.921 15593 15701 D AppLog : getCachedString key = device_id value = null
05-14 14:35:57.921 15593 15701 D AppLog : SharePreferenceCacheHandler#clear key=device_id getCachedString(key)=null
05-14 14:35:57.921 15593 15701 D AppLog : AccountCacheHelper#clear key=device_id mAccount=null getCachedString(key)=null
05-14 14:35:57.921 15593 15701 D AppLog : clearKey : clearMigrationInfo : is already cleared
05-14 14:35:57.921 15593 15701 D AppLog : getCachedString key = device_id value = null
05-14 14:35:57.921 15593 15701 D AppLog : DeviceParamsProvider#clear mCacheHandler.loadDeviceId()=
05-14 14:35:57.921 15593 15593 D MobaGameUnityActivity: Engine, CheckCommonArgs:
05-14 14:35:57.922 15593 15692 D AppLog : getDeviceId() called,return value :
05-14 14:35:57.923 15593 15701 D AppLog : MigrateDetector#disableComponent
05-14 14:35:57.923 15593 15701 D AppLog : 是否限定重试次数 isRetryLimit: true
05-14 14:35:57.923 15593 15701 D AppLog : getCachedString key = device_id value = null
05-14 14:35:57.923 15593 15701 W AppLog : init fail empty field: appkey
05-14 14:35:57.925 15593 15593 W gp:UnityKillsMe: type=1400 audit(0.0:138726): avc: granted { execute } for path="/data/data/com.hello.miheapp.secretspace/sandbox/data/app/com.mobiin.gp/lib/ libunityplugincommon.so" dev="dm-56" ino=273342 scontext=u:r:untrusted_app:s0:c50,c257,c512,c768 tcontext=u:object_r:app_data_file:s0:c50,c257,c512,c768 tclass=file app=com.hello.miheapp.secretspace
05-14 14:35:57.927 15593 15593 D nativeloader: Load /data/user/0/com.hello.miheapp.secretspace/sandbox/data/app/com.mobiin.gp/lib/ libunityplugincommon.so using ns clns-8 from class loader (caller=/data/user/0/com.hello.miheapp.secretspace/sandbox/data/app/com.mobiin.gp/ base.apk!classes3.dex): ok
05-14 14:35:57.927 15593 15593 D MLSDK-Common: JNI_OnLoad, JNI_VERSION_1_6, JavaVM: 0xb4000077f590c490, JNIEnv: 0xb4000076d5915650
05-14 14:35:57.928 15593 15593 D MobaGame-CPUArch: static, CPUArchitecture: 3(arm64)
05-14 14:35:57.928 15593 15593 D MobaGameUnityActivity: loadIL2CPP, newcoldstart_use_fake_il2cpp: 1
05-14 14:35:57.925 15593 15593 W gp:UnityKillsMe: type=1400 audit(0.0:138727): avc: granted { execute } for path="/data/data/com.hello.miheapp.secretspace/sandbox/data/app/com.mobiin.gp/lib/ libil2cpp.so" dev="dm-56" ino=278875 scontext=u:r:untrusted_app:s0:c50,c257,c512,c768 tcontext=u:object_r:app_data_file:s0:c50,c257,c512,c768 tclass=file app=com.hello.miheapp.secretspace
05-14 14:35:57.929 15593 15593 D nativeloader: Load /data/user/0/com.hello.miheapp.secretspace/sandbox/data/app/com.mobiin.gp/lib/ libil2cpp.so using ns clns-8 from class loader (caller=/data/user/0/com.hello.miheapp.secretspace/sandbox/data/app/com.mobiin.gp/ base.apk!classes3.dex): ok
05-14 14:35:57.929 15593 15593 D MobaGameSO2010050: JNI_OnLoad, JNI_VERSION_1_6, JavaVM: 0xb4000077f590c490, JNIEnv: 0xb4000076d5915650
05-14 14:35:57.929 15593 15593 D MobaGameUnityActivity: loadIL2CPP, CPUArchitecture: 3(arm64), This is Repack IL2CPP version: 2010050, allocator: Dynamic, useMD5: true, useXXHash: false, lXXHashSeed: 0, useFakeIL2CPP: true, isEngineSupportLoadLibLogic: true, isEngineNeedLoadLibLogic: false
05-14 14:35:57.930 15676 15676 W Glide : Failed to find GeneratedAppGlideModule. You should include an annotationProcessor compile dependency on com.github.bumptech.glide:compiler in your application and a @GlideModule annotated AppGlideModule implementation or LibraryGlideModules will be silently ignored
05-14 14:35:57.935 15676 15676 D CompatibilityChangeReporter: Compat change id reported: 183155436; UID 10306; state: ENABLED
05-14 14:35:57.935 15593 15692 D AppLog : getCachedString key = device_id value = null
05-14 14:35:57.935 15593 15692 D AppLog : getDeviceId() called,return value :
05-14 14:35:57.936 15676 15676 D SessionsDependencies: Dependency to CRASHLYTICS added.
05-14 14:35:57.937 15676 15676 I FirebaseApp: Device unlocked: initializing all Firebase APIs for app [DEFAULT]
05-14 14:35:57.940 15593 15593 D MobaGameUnityActivity: appendCommandLineArgument: -systemallocator
05-14 14:35:57.940 15593 15601 E LoadedApk: performReceive() called targeting raw IIntentReceiver for Intent { act=android.intent.action.BATTERY_CHANGED flg=0x60000010 (has extras) }
05-14 14:35:57.946 15593 15724 D CompatibilityChangeReporter: Compat change id reported: 263076149; UID 10003; state: ENABLED
05-14 14:35:57.949 15593 15593 W gp:UnityKillsMe: type=1400 audit(0.0:138728): avc: granted { execute } for path="/data/data/com.hello.miheapp.secretspace/sandbox/data/app/com.mobiin.gp/lib/ libmain.so" dev="dm-56" ino=275727 scontext=u:r:untrusted_app:s0:c50,c257,c512,c768 tcontext=u:object_r:app_data_file:s0:c50,c257,c512,c768 tclass=file app=com.hello.miheapp.secretspace
05-14 14:35:57.953 15593 15593 D nativeloader: Load /data/user/0/com.hello.miheapp.secretspace/sandbox/data/app/com.mobiin.gp/lib/ libmain.so using ns clns-8 from class loader (caller=/data/user/0/com.hello.miheapp.secretspace/sandbox/data/app/com.mobiin.gp/ base.apk!classes3.dex): ok
05-14 14:35:57.954 15593 15705 E NPTH-TERM: do_attach:TMonitor start flock, traceepid=12570 traceetid=15708
05-14 14:35:57.954 12570 12992 E NPTH-TERM: do_attach:TMonitor start flock, traceepid=15593 traceetid=15706
05-14 14:35:57.953 15593 15593 W gp:UnityKillsMe: type=1400 audit(0.0:138729): avc: granted { execute } for path="/data/data/com.hello.miheapp.secretspace/sandbox/data/app/com.mobiin.gp/lib/ libunity.so" dev="dm-56" ino=238205 scontext=u:r:untrusted_app:s0:c50,c257,c512,c768 tcontext=u:object_r:app_data_file:s0:c50,c257,c512,c768 tclass=file app=com.hello.miheapp.secretspace
05-14 14:35:57.957 12075 14473 D ChimeraServiceProvider: serviceIntentCall: com.google.android.gms.games.internal.connect.service.START -> Intent { act=com.google.android.gms.games.internal.connect.service.START pkg=com.google.android.gms cmp=com.google.android.gms/org.microg.gms.games.GamesConnectService }
05-14 14:35:57.963 15676 15676 D FirebaseSessions: Initializing Firebase Sessions SDK.
05-14 14:35:57.964 15676 15676 I FirebaseCrashlytics: Initializing Firebase Crashlytics 18.6.2 for com.hello.miheapp.secretspace
05-14 14:35:57.964 15676 15676 D CompatibilityChangeReporter: Compat change id reported: 247079863; UID 10306; state: ENABLED
05-14 14:35:57.970 15676 15676 D SessionsDependencies: Subscriber CRASHLYTICS registered.
05-14 14:35:57.975 12075 14473 D ChimeraServiceProvider: query: content://com.google.android.gms.chimera/api_force_staging/com.google.android.gms.m easurement.dynamite?requestStartTime=335014366
05-14 14:35:57.976 15676 15747 D SessionConfigFetcher: Fetching settings from server.
05-14 14:35:57.977 15593 15593 D Unity : [UnityPlayer.Java] java_refresh_bitmap=0
05-14 14:35:57.977 15676 15726 W DynamiteModule: Failed to retrieve remote module version.
05-14 14:35:57.977 15593 15593 D Unity : [UnityPlayer.Java]java_recycle_bitmap_mem=0
05-14 14:35:57.983 15676 15676 I FirebaseApp: FirebaseApp initialization successful
05-14 14:35:57.987 15593 15593 D ExceptionHandler: ExceptionHandler, pid: 15593, thread: Thread[main,5,main], tid: 2, default uncaught exception handler: com.unity3d.player.o@bb69462, current uncaught exception handler: com.moba.unityplugin.ExceptionHandler$1@3bf39f3
05-14 14:35:57.988 15593 15593 D ExceptionHandler: install, pid: 15593, thread: Thread[main,5,main], tid: 2, context: com.moba.unityplugin.MobaGameUnityActivity@40fbdf, default uncaught exception handler: com.unity3d.player.o@bb69462, current uncaught exception handler: com.moba.unityplugin.ExceptionHandler$1@3bf39f3
05-14 14:35:57.988 15593 15759 D DeviceInformation: RunnableThread, run begin
05-14 14:35:57.989 15593 15759 E ActivityThread: Failed to find provider info for com.facebook.katana.provider.AttributionIdProvider
05-14 14:35:57.990 15676 15726 D nativeloader: Configuring clns-6 for other apk /system/framework/com.android.location.provider.jar. target_sdk_version=29, uses_libraries=ALL, library_path=/data/user/0/com.hello.miheapp.secretspace/sandbox/data/app/ com.google.android.gms/lib:/data/user/0/com.hello.miheapp.secretspace/sandbox/ data/app/com.google.android.gms/base.apk!/lib/arm64-v8a, permitted_path=/data:/mnt/expand:/data/user/0/com.hello.miheapp.secretspace/ sandbox/data/user/0/com.google.android.gms
05-14 14:35:58.010 15593 15593 D nativeloader: Load /data/user/0/com.hello.miheapp.secretspace/sandbox/data/app/com.mobiin.gp/lib/ libmoba.so using ns clns-8 from class loader (caller=/data/user/0/com.hello.miheapp.secretspace/sandbox/data/app/com.mobiin.gp/ base.apk!classes3.dex): ok
05-14 14:35:58.010 15676 15676 D nativeloader: Load /data/app/~~u7JpqXiZ60emteZUUJYZ-Q==/com.hello.miheapp.secretspace- gScfIuJj6R6JjgSSkDypOQ==/split_config.arm64_v8a.apk!/lib/arm64-v8a/libsandbox.so using ns clns-5 from class loader (caller=/data/app/~~u7JpqXiZ60emteZUUJYZ-Q==/com.hello.miheapp.secretspace- gScfIuJj6R6JjgSSkDypOQ==/base.apk): ok
05-14 14:35:58.010 15676 15676 D NativeCore: NativeCore init.
05-14 14:35:58.010 15676 15676 D NativeCore: found art method entrypoint jni offset: 2
05-14 14:35:58.010 15676 15676 D NativeCore: not found art method match access flags offset , use default: 4
05-14 14:35:58.011 15593 15593 D NativeUtility: set asset manager
05-14 14:35:58.016 15593 15651 I FA : Tag Manager is not found and thus will not be used
05-14 14:35:58.016 15593 15593 D AppLog : onResume com.moba.unityplugin.MobaGameUnityActivity
05-14 14:35:58.024 15593 15603 E LoadedApk: performReceive() called targeting raw IIntentReceiver for Intent { act=android.net.conn.CONNECTIVITY_CHANGE flg=0x4200010 (has extras) }
05-14 14:35:58.029 15593 15593 D CompatibilityChangeReporter: Compat change id reported: 237531167; UID 10003; state: DISABLED
05-14 14:35:58.033 15676 15676 E NativeCore: not native method
05-14 14:35:58.033 15676 15676 E NativeCore: check flags error. class:java/io/UnixFileSystem, method:canonicalize0
05-14 14:35:58.033 15676 15676 D NativeCore: register class:java/io/UnixFileSystem, method:getBooleanAttributes0 success!
05-14 14:35:58.033 15676 15676 D NativeCore: register class:java/io/UnixFileSystem, method:getLastModifiedTime0 success!
05-14 14:35:58.033 15676 15676 D NativeCore: register class:java/io/UnixFileSystem, method:setPermission0 success!
05-14 14:35:58.033 15676 15676 D NativeCore: register class:java/io/UnixFileSystem, method:createFileExclusively0 success!
05-14 14:35:58.033 15676 15676 D NativeCore: register class:java/io/UnixFileSystem, method:list0 success!
05-14 14:35:58.033 15676 15676 D NativeCore: register class:java/io/UnixFileSystem, method:createDirectory0 success!
05-14 14:35:58.033 15676 15676 D NativeCore: register class:java/io/UnixFileSystem, method:setLastModifiedTime0 success!
05-14 14:35:58.033 15676 15676 D NativeCore: register class:java/io/UnixFileSystem, method:setReadOnly0 success!
05-14 14:35:58.033 15676 15676 D NativeCore: register class:java/io/UnixFileSystem, method:getSpace0 success!
05-14 14:35:58.033 15676 15676 D NativeCore: register class:java/lang/VMClassLoader, method:findLoadedClass success!
05-14 14:35:58.033 15676 15676 D NativeCore: register class:android/os/Binder, method:getCallingUid success!
05-14 14:35:58.033 15676 15676 D NativeCore: register class:dalvik/system/VMRuntime, method:setHiddenApiExemptions success!
05-14 14:35:58.033 15676 15676 D NativeCore: register class:dalvik/system/DexFile, method:openDexFileNative success!
05-14 14:35:58.041 15593 15593 I NPTH : anr_monitor_init succsess!
05-14 14:35:58.043 15593 15593 W Looper : Loop again would have the queued messages be executed before this one completed.
05-14 14:35:58.046 12075 13826 D GamesConnectService: bound by: GetServiceRequest{serviceId=GAMES, gmsVersion=12451000, packageName='com.mobiin.gp', extras=Bundle[{com.google.android.gms.games.key.gamePackageName=com.mobiin.gp, com.google.android.gms.games.key.API_VERSION=9}]}
05-14 14:35:58.048 15593 15701 D AppLog : #isNewUserMode false. context=androidx.multidex.MultiDexApplication@5049f01 isDebugChannel()=false
05-14 14:35:58.048 15593 15701 D AppLog : getCachedString key = device_id value = null
05-14 14:35:58.050 15593 15701 D AppLog : #isNewUserMode false. context=androidx.multidex.MultiDexApplication@5049f01 isDebugChannel()=false
05-14 14:35:58.051 15593 15764 D AppLog : getCachedString key = device_id value = null
05-14 14:35:58.052 15593 15764 D AppLog : getDeviceId() called,return value :
05-14 14:35:58.052 15593 15764 D AppLog : getInstallId() called,return value : 7494979535432402694
05-14 14:35:58.052 15676 15726 I .secretspace:p3: Failed to add image file: Failed to find OatDexFile for DexFile /data/app/~~u7JpqXiZ60emteZUUJYZ-Q==/com.hello.miheapp.secretspace- gScfIuJj6R6JjgSSkDypOQ==/base.apk (canonical path /data/app/~~u7JpqXiZ60emteZUUJYZ- Q==/com.hello.miheapp.secretspace-gScfIuJj6R6JjgSSkDypOQ==/base.apk) in OatFile /data/user/0/com.hello.miheapp.secretspace/sandbox/data/app/com.google.android.gms/ oat/arm64/base.vdex
