05-14 14:36:16.662 15593 15756 W Unity : (Filename: .\Runtime/Export/Debug/Debug.bindings.h Line: 39)
05-14 14:36:16.662 15593 15756 W Unity :
05-14 14:36:16.662 15593 15756 W Unity : AndroidJNIHelper: converting Byte array is obsolete, use SByte array instead
05-14 14:36:16.662 15593 15756 W Unity : (Filename: .\Runtime/Export/Debug/Debug.bindings.h Line: 39)
05-14 14:36:16.662 15593 15756 W Unity :
05-14 14:36:16.662 15593 15756 W Unity : AndroidJNIHelper.GetSignature: using Byte parameters is obsolete, use SByte parameters instead
05-14 14:36:16.662 15593 15756 W Unity : (Filename: .\Runtime/Export/Debug/Debug.bindings.h Line: 39)
05-14 14:36:16.662 15593 15756 W Unity :
05-14 14:36:16.662 15593 15756 W Unity : AndroidJNIHelper: converting from Byte array is obsolete, use SByte array instead
05-14 14:36:16.662 15593 15756 W Unity : (Filename: .\Runtime/Export/Debug/Debug.bindings.h Line: 39)
05-14 14:36:16.662 15593 15756 W Unity :
05-14 14:36:16.664 12075 12084 D SafeParcel: Unknown field id 34 in com.google.android.gms.measurement.internal.AppMetadata, skipping.
05-14 14:36:16.664 12075 12084 D SafeParcel: Unknown field id 36 in com.google.android.gms.measurement.internal.AppMetadata, skipping.
05-14 14:36:16.665 12075 12084 D MeasurementService: sendConsentSettings() for AppMetadata[com.mobiin.gp]
05-14 14:36:16.671 12075 12084 D SafeParcel: Unknown field id 34 in com.google.android.gms.measurement.internal.AppMetadata, skipping.
05-14 14:36:16.671 12075 12084 D SafeParcel: Unknown field id 36 in com.google.android.gms.measurement.internal.AppMetadata, skipping.
05-14 14:36:16.671 12075 12084 D MeasurementService: sendUserProperty(com.google.android.gms.measurement.internal.UserAttributeParcel@47 817a4) for AppMetadata[com.mobiin.gp]
05-14 14:36:16.672 12075 12084 D SafeParcel: Unknown field id 34 in com.google.android.gms.measurement.internal.AppMetadata, skipping.
05-14 14:36:16.672 12075 12084 D SafeParcel: Unknown field id 36 in com.google.android.gms.measurement.internal.AppMetadata, skipping.
05-14 14:36:16.672 12075 12084 D MeasurementService: sendUserProperty(com.google.android.gms.measurement.internal.UserAttributeParcel@b2 e390d) for AppMetadata[com.mobiin.gp]
05-14 14:36:16.673 12075 12084 D SafeParcel: Unknown field id 34 in com.google.android.gms.measurement.internal.AppMetadata, skipping.
05-14 14:36:16.673 12075 12084 D SafeParcel: Unknown field id 36 in com.google.android.gms.measurement.internal.AppMetadata, skipping.
05-14 14:36:16.673 12075 12084 D MeasurementService: sendUserProperty(com.google.android.gms.measurement.internal.UserAttributeParcel@51 e70c2) for AppMetadata[com.mobiin.gp]
05-14 14:36:16.674 12075 12084 D SafeParcel: Unknown field id 34 in com.google.android.gms.measurement.internal.AppMetadata, skipping.
05-14 14:36:16.674 12075 12084 D SafeParcel: Unknown field id 36 in com.google.android.gms.measurement.internal.AppMetadata, skipping.
05-14 14:36:16.674 12075 12084 D MeasurementService: sendUserProperty(com.google.android.gms.measurement.internal.UserAttributeParcel@c5 d4ed3) for AppMetadata[com.mobiin.gp]
05-14 14:36:16.678 12075 12084 D SafeParcel: Unknown field id 34 in com.google.android.gms.measurement.internal.AppMetadata, skipping.
05-14 14:36:16.678 12075 12084 D SafeParcel: Unknown field id 36 in com.google.android.gms.measurement.internal.AppMetadata, skipping.
05-14 14:36:16.678 12075 12084 D MeasurementService: sendMeasurementEnabled() for AppMetadata[com.mobiin.gp]
05-14 14:36:16.681 12075 12084 D SafeParcel: Unknown field id 34 in com.google.android.gms.measurement.internal.AppMetadata, skipping.
05-14 14:36:16.681 12075 12084 D SafeParcel: Unknown field id 36 in com.google.android.gms.measurement.internal.AppMetadata, skipping.
05-14 14:36:16.681 12075 12084 D MeasurementService: getUserProperties(null, null, false) for AppMetadata[com.mobiin.gp]
05-14 14:36:16.686 12075 12084 D SafeParcel: Unknown field id 34 in com.google.android.gms.measurement.internal.AppMetadata, skipping.
05-14 14:36:16.686 12075 12084 D SafeParcel: Unknown field id 36 in com.google.android.gms.measurement.internal.AppMetadata, skipping.
05-14 14:36:16.687 12075 12084 D MeasurementService: sendConsentSettings() for AppMetadata[com.mobiin.gp]
05-14 14:36:16.689 12075 12084 D SafeParcel: Unknown field id 34 in com.google.android.gms.measurement.internal.AppMetadata, skipping.
05-14 14:36:16.689 12075 12084 D SafeParcel: Unknown field id 36 in com.google.android.gms.measurement.internal.AppMetadata, skipping.
05-14 14:36:16.689 12075 12084 D MeasurementService: sendConsentSettings() for AppMetadata[com.mobiin.gp]
05-14 14:36:16.695 12075 12084 D SafeParcel: Unknown field id 34 in com.google.android.gms.measurement.internal.AppMetadata, skipping.
05-14 14:36:16.695 12075 12084 D SafeParcel: Unknown field id 36 in com.google.android.gms.measurement.internal.AppMetadata, skipping.
05-14 14:36:16.695 12075 12084 D MeasurementService: sendMeasurementEnabled() for AppMetadata[com.mobiin.gp]
05-14 14:36:16.700 12075 12084 D SafeParcel: Unknown field id 34 in com.google.android.gms.measurement.internal.AppMetadata, skipping.
05-14 14:36:16.701 12075 12084 D SafeParcel: Unknown field id 36 in com.google.android.gms.measurement.internal.AppMetadata, skipping.
05-14 14:36:16.701 12075 12084 D MeasurementService: getAppInstanceId() for AppMetadata[com.mobiin.gp]
05-14 14:36:16.702 15593 15593 E UnityBridge: sendMessage, Throwable: java.lang.reflect.InvocationTargetException
05-14 14:36:16.705 12075 12084 D SafeParcel: Unknown field id 34 in com.google.android.gms.measurement.internal.AppMetadata, skipping.
05-14 14:36:16.705 12075 12084 D SafeParcel: Unknown field id 36 in com.google.android.gms.measurement.internal.AppMetadata, skipping.
05-14 14:36:16.706 12075 12084 D MeasurementService: getUserProperties(null, null, true) for AppMetadata[com.mobiin.gp]
05-14 14:36:16.706 15593 15643 W System : Ignoring header If-None-Match because its value was null.
05-14 14:36:16.721 16152 16152 W Glide : Failed to find GeneratedAppGlideModule. You should include an annotationProcessor compile dependency on com.github.bumptech.glide:compiler in your application and a @GlideModule annotated AppGlideModule implementation or LibraryGlideModules will be silently ignored
05-14 14:36:16.735 15593 16122 E ActivityThread: Failed to find provider info for com.facebook.katana.provider.InstallReferrerProvider
05-14 14:36:16.735 16152 16152 D CompatibilityChangeReporter: Compat change id reported: 183155436; UID 10306; state: ENABLED
05-14 14:36:16.737 16152 16152 D SessionsDependencies: Dependency to CRASHLYTICS added.
05-14 14:36:16.738 16152 16152 I FirebaseApp: Device unlocked: initializing all Firebase APIs for app [DEFAULT]
05-14 14:36:16.738 16152 16152 I FirebaseCrashlytics: Initializing Firebase Crashlytics 18.6.2 for com.hello.miheapp.secretspace
05-14 14:36:16.739 16152 16152 D CompatibilityChangeReporter: Compat change id reported: 247079863; UID 10306; state: ENABLED
05-14 14:36:16.749 15676 15676 D GmsGcmRegister: onBind: Intent { act=com.google.android.c2dm.intent.REGISTER pkg=com.google.android.gms }
05-14 14:36:16.752 16152 16152 D SessionsDependencies: Subscriber CRASHLYTICS registered.
05-14 14:36:16.762 15676 15676 D GmsGcmRegister: handleMessage: package=com.mobiin.gp what=1 id=4
05-14 14:36:16.781 15676 15676 W GmsGcmRegister: java.lang.RuntimeException: Checkin disabled
05-14 14:36:16.781 15676 15676 W GmsGcmRegister: at org.microg.gms.gcm.PushRegisterServiceKt.ensureCheckinIsUpToDate(SourceFile:1)
05-14 14:36:16.781 15676 15676 W GmsGcmRegister: at org.microg.gms.gcm.PushRegisterServiceKt.access$ensureCheckinIsUpToDate(SourceFile: 1)
05-14 14:36:16.781 15676 15676 W GmsGcmRegister: at org.microg.gms.gcm.PushRegisterHandler$handleMessage$1.invokeSuspend(Unknown Source:102)
05-14 14:36:16.781 15676 15676 W GmsGcmRegister: at kotlin.coroutines.jvm.internal.a.resumeWith(Unknown Source:11)
05-14 14:36:16.781 15676 15676 W GmsGcmRegister: at w4.t0.run(SourceFile:1)
05-14 14:36:16.781 15676 15676 W GmsGcmRegister: at w4.a1.k0(SourceFile:1)
05-14 14:36:16.781 15676 15676 W GmsGcmRegister: at b5.i.b(SourceFile:1)
05-14 14:36:16.781 15676 15676 W GmsGcmRegister: at c5.a.c(SourceFile:1)
05-14 14:36:16.781 15676 15676 W GmsGcmRegister: at c5.a.d(SourceFile:1)
05-14 14:36:16.781 15676 15676 W GmsGcmRegister: at w4.k0.b(SourceFile:1)
05-14 14:36:16.781 15676 15676 W GmsGcmRegister: at w4.a.z0(SourceFile:1)
05-14 14:36:16.781 15676 15676 W GmsGcmRegister: at w4.i.a(SourceFile:1)
05-14 14:36:16.781 15676 15676 W GmsGcmRegister: at w4.g.a(SourceFile:1)
05-14 14:36:16.781 15676 15676 W GmsGcmRegister: at w4.i.b(SourceFile:1)
05-14 14:36:16.781 15676 15676 W GmsGcmRegister: at w4.g.b(SourceFile:1)
05-14 14:36:16.781 15676 15676 W GmsGcmRegister: at androidx.lifecycle.q.f(SourceFile:1)
05-14 14:36:16.781 15676 15676 W GmsGcmRegister: at org.microg.gms.gcm.PushRegisterHandler.handleMessage(Unknown Source:264)
05-14 14:36:16.781 15676 15676 W GmsGcmRegister: at android.os.Handler.dispatchMessage(Handler.java:106)
05-14 14:36:16.781 15676 15676 W GmsGcmRegister: at android.os.Looper.loopOnce(Looper.java:205)
05-14 14:36:16.781 15676 15676 W GmsGcmRegister: at android.os.Looper.loop(Looper.java:294)
05-14 14:36:16.781 15676 15676 W GmsGcmRegister: at android.app.ActivityThread.main(ActivityThread.java:8376)
05-14 14:36:16.781 15676 15676 W GmsGcmRegister: at java.lang.reflect.Method.invoke(Native Method)
05-14 14:36:16.781 15676 15676 W GmsGcmRegister: at com.android.internal.os.RuntimeInit$MethodAndArgsCaller.run(RuntimeInit.java:640)
05-14 14:36:16.781 15676 15676 W GmsGcmRegister: at com.android.internal.os.ZygoteInit.main(ZygoteInit.java:982)
05-14 14:36:16.837 12075 12085 D ChimeraServiceProvider: query: content://com.google.android.gms.chimera/api_force_staging/com.google.android.gms.m easurement.dynamite?requestStartTime=335033183
05-14 14:36:16.838 16152 16190 W DynamiteModule: Failed to retrieve remote module version.
05-14 14:36:16.840 16152 16152 D FirebaseSessions: Initializing Firebase Sessions SDK.
05-14 14:36:16.842 16152 16152 I FirebaseApp: FirebaseApp initialization successful
05-14 14:36:16.863 16152 16190 D nativeloader: Configuring clns-6 for other apk /system/framework/com.android.location.provider.jar. target_sdk_version=29, uses_libraries=ALL, library_path=/data/user/0/com.hello.miheapp.secretspace/sandbox/data/app/ com.google.android.gms/lib:/data/user/0/com.hello.miheapp.secretspace/sandbox/ data/app/com.google.android.gms/base.apk!/lib/arm64-v8a, permitted_path=/data:/mnt/expand:/data/user/0/com.hello.miheapp.secretspace/ sandbox/data/user/0/com.google.android.gms
05-14 14:36:16.887 16152 16210 D SessionConfigFetcher: Fetching settings from server.
05-14 14:36:16.911 12075 12085 D SafeParcel: Unknown field id 34 in com.google.android.gms.measurement.internal.AppMetadata, skipping.
05-14 14:36:16.911 12075 12085 D SafeParcel: Unknown field id 36 in com.google.android.gms.measurement.internal.AppMetadata, skipping.
05-14 14:36:16.911 12075 12085 D MeasurementService: sendEvent(com.google.android.gms.measurement.internal.EventParcel@f125909) for AppMetadata[com.mobiin.gp]
05-14 14:36:16.928 16152 16152 D nativeloader: Load /data/app/~~u7JpqXiZ60emteZUUJYZ-Q==/com.hello.miheapp.secretspace- gScfIuJj6R6JjgSSkDypOQ==/split_config.arm64_v8a.apk!/lib/arm64-v8a/libsandbox.so using ns clns-5 from class loader (caller=/data/app/~~u7JpqXiZ60emteZUUJYZ-Q==/com.hello.miheapp.secretspace- gScfIuJj6R6JjgSSkDypOQ==/base.apk): ok
05-14 14:36:16.929 16152 16152 D NativeCore: NativeCore init.
05-14 14:36:16.929 16152 16152 D NativeCore: found art method entrypoint jni offset: 2
05-14 14:36:16.929 16152 16152 D NativeCore: not found art method match access flags offset , use default: 4
05-14 14:36:16.942 12075 12085 D SafeParcel: Unknown field id 34 in com.google.android.gms.measurement.internal.AppMetadata, skipping.
05-14 14:36:16.942 12075 12085 D SafeParcel: Unknown field id 36 in com.google.android.gms.measurement.internal.AppMetadata, skipping.
05-14 14:36:16.942 12075 12085 D MeasurementService: sendEvent(com.google.android.gms.measurement.internal.EventParcel@7e6d70e) for AppMetadata[com.mobiin.gp]
05-14 14:36:16.966 16152 16190 I .secretspace:p4: Failed to add image file: Failed to find OatDexFile for DexFile /data/app/~~u7JpqXiZ60emteZUUJYZ-Q==/com.hello.miheapp.secretspace- gScfIuJj6R6JjgSSkDypOQ==/base.apk (canonical path /data/app/~~u7JpqXiZ60emteZUUJYZ- Q==/com.hello.miheapp.secretspace-gScfIuJj6R6JjgSSkDypOQ==/base.apk) in OatFile /data/user/0/com.hello.miheapp.secretspace/sandbox/data/app/com.google.android.gms/ oat/arm64/base.vdex
05-14 14:36:16.968 16152 16190 D nativeloader: Configuring clns-7 for other apk /data/user/0/com.hello.miheapp.secretspace/sandbox/data/app/com.google.android.gms/ base.apk. target_sdk_version=29, uses_libraries=, library_path=/data/user/0/com.hello.miheapp.secretspace/sandbox/data/app/ com.google.android.gms/lib:/data/user/0/com.hello.miheapp.secretspace/sandbox/ data/app/com.google.android.gms/base.apk!/lib/arm64-v8a, permitted_path=/data:/mnt/expand:/data/user/0/com.hello.miheapp.secretspace/ sandbox/data/user/0/com.google.android.gms
05-14 14:36:16.970 16152 16190 W DynamiteModule: IDynamite loader version = 2, no high precision latency measurement.
05-14 14:36:16.971 16152 16190 I DynamiteModule: Considering local module com.google.android.gms.measurement.dynamite:100 and remote module com.google.android.gms.measurement.dynamite:98
05-14 14:36:16.971 16152 16190 I DynamiteModule: Selected local version of com.google.android.gms.measurement.dynamite
05-14 14:36:16.971 16152 16190 W DynamiteModule: IDynamite loader version = 2, no high precision latency measurement.
05-14 14:36:16.976 12075 12085 D SafeParcel: Unknown field id 34 in com.google.android.gms.measurement.internal.AppMetadata, skipping.
05-14 14:36:16.976 12075 12085 D SafeParcel: Unknown field id 36 in com.google.android.gms.measurement.internal.AppMetadata, skipping.
05-14 14:36:16.976 12075 12085 D MeasurementService: sendEvent(com.google.android.gms.measurement.internal.EventParcel@5a4052f) for AppMetadata[com.mobiin.gp]
05-14 14:36:16.988 12075 12085 D SafeParcel: Unknown field id 34 in com.google.android.gms.measurement.internal.AppMetadata, skipping.
05-14 14:36:16.988 12075 12085 D SafeParcel: Unknown field id 36 in com.google.android.gms.measurement.internal.AppMetadata, skipping.
05-14 14:36:16.988 12075 12085 D MeasurementService: sendEvent(com.google.android.gms.measurement.internal.EventParcel@1c4b73c) for AppMetadata[com.mobiin.gp]
05-14 14:36:16.996 15593 15758 W ExceptionHandler: ExceptionHandler, pid: 15593, thread: Thread[Timer-0,5,main], tid: 20381, current uncaught exception handler changed to: net.aihelp.core.util.crash.AIHelpCrashHandler$1@15dd7c2
05-14 14:36:16.999 12075 12085 D SafeParcel: Unknown field id 34 in com.google.android.gms.measurement.internal.AppMetadata, skipping.
05-14 14:36:16.999 12075 12085 D SafeParcel: Unknown field id 36 in com.google.android.gms.measurement.internal.AppMetadata, skipping.
05-14 14:36:16.999 12075 12085 D MeasurementService: sendEvent(com.google.android.gms.measurement.internal.EventParcel@4fe7cc5) for AppMetadata[com.mobiin.gp]
05-14 14:36:17.003 16152 16243 I FA : App measurement initialized, version: 84002
05-14 14:36:17.003 16152 16243 I FA : To enable debug logging run: adb shell setprop log.tag.FA VERBOSE
05-14 14:36:17.003 16152 16243 I FA : To enable faster debug mode event logging run:
05-14 14:36:17.003 16152 16243 I FA : adb shell setprop debug.firebase.analytics.app com.hello.miheapp.secretspace
05-14 14:36:17.028 16152 16243 D CompatibilityChangeReporter: Compat change id reported: 183155436; UID 10306; state: ENABLED
05-14 14:36:17.043 12075 12085 D SafeParcel: Unknown field id 34 in com.google.android.gms.measurement.internal.AppMetadata, skipping.
05-14 14:36:17.043 12075 12085 D SafeParcel: Unknown field id 36 in com.google.android.gms.measurement.internal.AppMetadata, skipping.
05-14 14:36:17.043 12075 12085 D MeasurementService: sendEvent(com.google.android.gms.measurement.internal.EventParcel@fbd561a) for AppMetadata[com.mobiin.gp]
05-14 14:36:17.049 16152 16243 W FA : Table has extra columns. table, columns: messages, app_version, app_version_int
05-14 14:36:17.054 16152 16152 E NativeCore: not native method
05-14 14:36:17.054 16152 16152 E NativeCore: check flags error. class:java/io/UnixFileSystem, method:canonicalize0
05-14 14:36:17.054 16152 16152 D NativeCore: register class:java/io/UnixFileSystem, method:getBooleanAttributes0 success!
05-14 14:36:17.054 16152 16152 D NativeCore: register class:java/io/UnixFileSystem, method:getLastModifiedTime0 success!
05-14 14:36:17.054 16152 16152 D NativeCore: register class:java/io/UnixFileSystem, method:setPermission0 success!
05-14 14:36:17.054 16152 16152 D NativeCore: register class:java/io/UnixFileSystem, method:createFileExclusively0 success!
05-14 14:36:17.054 16152 16152 D NativeCore: register class:java/io/UnixFileSystem, method:list0 success!
05-14 14:36:17.054 16152 16152 D NativeCore: register class:java/io/UnixFileSystem, method:createDirectory0 success!
05-14 14:36:17.054 16152 16152 D NativeCore: register class:java/io/UnixFileSystem, method:setLastModifiedTime0 success!
05-14 14:36:17.054 16152 16152 D NativeCore: register class:java/io/UnixFileSystem, method:setReadOnly0 success!
05-14 14:36:17.054 16152 16152 D NativeCore: register class:java/io/UnixFileSystem, method:getSpace0 success!
05-14 14:36:17.054 16152 16152 D NativeCore: register class:java/lang/VMClassLoader, method:findLoadedClass success!
05-14 14:36:17.054 16152 16152 D NativeCore: register class:android/os/Binder, method:getCallingUid success!
05-14 14:36:17.054 16152 16152 D NativeCore: register class:dalvik/system/VMRuntime, method:setHiddenApiExemptions success!
05-14 14:36:17.054 16152 16152 D NativeCore: register class:dalvik/system/DexFile, method:openDexFileNative success!
05-14 14:36:17.055 12075 12085 D SafeParcel: Unknown field id 34 in com.google.android.gms.measurement.internal.AppMetadata, skipping.
05-14 14:36:17.055 12075 12085 D SafeParcel: Unknown field id 36 in com.google.android.gms.measurement.internal.AppMetadata, skipping.
05-14 14:36:17.055 12075 12085 D MeasurementService: sendEvent(com.google.android.gms.measurement.internal.EventParcel@5f5c54b) for AppMetadata[com.mobiin.gp]
05-14 14:36:17.159 16152 16152 I .secretspace:p4: Failed to add image file: Dex cache count and dex file count mismatch while trying to initialize from image
05-14 14:36:17.162 16152 16152 D nativeloader: Configuring clns-8 for other apk /data/user/0/com.hello.miheapp.secretspace/sandbox/data/app/com.android.vending/ base.apk. target_sdk_version=29, uses_libraries=, library_path=/data/user/0/com.hello.miheapp.secretspace/sandbox/data/app/ com.android.vending/lib:/data/user/0/com.hello.miheapp.secretspace/sandbox/data/ app/com.android.vending/base.apk!/lib/arm64-v8a, permitted_path=/data:/mnt/expand:/data/user/0/com.hello.miheapp.secretspace/ sandbox/data/user/0/com.android.vending
05-14 14:36:17.168 15593 15593 D SDKByteBench: GetScore, K: overall_score V: 8.0399
05-14 14:36:17.168 15593 15593 D SDKByteBench: GetScore, K: cpu_score V: 8.0926
05-14 14:36:17.168 15593 15593 D SDKByteBench: GetScore, K: gpu_score V: 8.262
05-14 14:36:17.168 15593 15593 D SDKByteBench: GetScore, K: memory_score V: 8.7848
05-14 14:36:17.168 15593 15593 D SDKByteBench: GetScore, K: video_score V: 7.2554
05-14 14:36:17.168 15593 15593 D SDKByteBench: GetScore, K: io_score V: 7.8045
05-14 14:36:17.168 15593 15593 D SDKByteBench: GetScore, K: video_play_scene V: 6.5191
05-14 14:36:17.168 15593 15593 D SDKByteBench: GetScore, K: app_launch_scene V: 8.2658
05-14 14:36:17.168 15593 15593 D SDKByteBench: GetScore, K: video_record_scene V: 8.4254
05-14 14:36:17.193 12075 12085 D SafeParcel: Unknown field id 34 in com.google.android.gms.measurement.internal.AppMetadata, skipping.
05-14 14:36:17.193 12075 12085 D SafeParcel: Unknown field id 36 in com.google.android.gms.measurement.internal.AppMetadata, skipping.
05-14 14:36:17.194 12075 12085 D MeasurementService: sendEvent(com.google.android.gms.measurement.internal.EventParcel@ec40b28) for AppMetadata[com.mobiin.gp]
05-14 14:36:17.214 12075 12085 D SafeParcel: Unknown field id 34 in com.google.android.gms.measurement.internal.AppMetadata, skipping.
05-14 14:36:17.214 12075 12085 D SafeParcel: Unknown field id 36 in com.google.android.gms.measurement.internal.AppMetadata, skipping.
05-14 14:36:17.214 12075 12085 D MeasurementService: sendEvent(com.google.android.gms.measurement.internal.EventParcel@dcf2041) for AppMetadata[com.mobiin.gp]
05-14 14:36:17.346 15593 16369 W BillingClient: Connection to Billing service is blocked.
05-14 14:36:17.370 16152 16152 D CompatibilityChangeReporter: Compat change id reported: 183155436; UID 10002; state: ENABLED
05-14 14:36:17.394 15593 15635 D CompatibilityChangeReporter: Compat change id reported: 194532703; UID 10003; state: ENABLED
05-14 14:36:17.394 15593 15635 D CompatibilityChangeReporter: Compat change id reported: 253665015; UID 10003; state: ENABLED
05-14 14:36:17.398 12075 12085 D MeasurementService: bound by: GetServiceRequest{serviceId=MEASUREMENT, gmsVersion=12451000, packageName='com.hello.miheapp.secretspace', extras=Bundle[{}]}
05-14 14:36:17.416 12075 12085 D SafeParcel: Unknown field id 34 in com.google.android.gms.measurement.internal.AppMetadata, skipping.
05-14 14:36:17.416 12075 12085 D SafeParcel: Unknown field id 35 in com.google.android.gms.measurement.internal.AppMetadata, skipping.
05-14 14:36:17.416 12075 12085 D MeasurementService: sendAppLaunch() for AppMetadata[com.hello.miheapp.secretspace]
05-14 14:36:17.419 16152 16243 W FA : Table has extra columns. table, columns: messages, app_version, app_version_int
05-14 14:36:17.424 16152 16243 W FA : Table has extra columns. table, columns: messages, app_version, app_version_int
05-14 14:36:17.426 12075 12085 D SafeParcel: Unknown field id 34 in com.google.android.gms.measurement.internal.AppMetadata, skipping.
05-14 14:36:17.426 12075 12085 D SafeParcel: Unknown field id 35 in com.google.android.gms.measurement.internal.AppMetadata, skipping.
05-14 14:36:17.426 12075 12085 D MeasurementService: getAppInstanceId() for AppMetadata[com.hello.miheapp.secretspace]
05-14 14:36:17.430 12075 12085 D SafeParcel: Unknown field id 34 in com.google.android.gms.measurement.internal.AppMetadata, skipping.
05-14 14:36:17.430 12075 12085 D SafeParcel: Unknown field id 35 in com.google.android.gms.measurement.internal.AppMetadata, skipping.
05-14 14:36:17.430 12075 12085 D MeasurementService: sendDefaultEventParameters(Bundle[EMPTY_PARCEL]) for AppMetadata[com.hello.miheapp.secretspace]
05-14 14:36:19.601 15593 15756 I PlayCore: UID: [10003] PID: [15593] SplitInstallService : startInstall([WifiDetective],[])
05-14 14:36:19.602 15593 15969 I PlayCore: UID: [10003] PID: [15593] SplitInstallService : Already connected to the service.
05-14 14:36:19.602 15593 15969 I PlayCore: UID: [10003] PID: [15593] SplitInstallService : Initiate binding to the service.
05-14 14:36:19.605 15593 15969 I PlayCore: UID: [10003] PID: [15593] SplitInstallService : Failed to bind to the service.
05-14 14:36:19.810 15593 15756 W FirebaseRemoteConfig: No value of type 'String' exists for parameter key 'will_churn'.
05-14 14:36:19.828 12075 12085 D SafeParcel: Unknown field id 34 in com.google.android.gms.measurement.internal.AppMetadata, skipping.
05-14 14:36:19.828 12075 12085 D SafeParcel: Unknown field id 36 in com.google.android.gms.measurement.internal.AppMetadata, skipping.
05-14 14:36:19.828 12075 12085 D MeasurementService: getConditionalUserProperties(frc, ) for AppMetadata[com.mobiin.gp]
05-14 14:36:20.030 16152 16191 I FirebaseCrashlytics: No version control information found
05-14 14:36:20.286 15593 16068 D byteVM-plugin: 1
05-14 14:36:20.286 15593 16068 D byteVM-plugin: 1
05-14 14:36:20.427 16152 16201 D SessionConfigFetcher: Fetched settings: {"settings_version":3,"cache_duration":166436,"features": {"collect_logged_exceptions":true,"collect_reports":true,"collect_analytics":false, "prompt_enabled":false,"push_enabled":false,"firebase_crashlytics_enabled":false,"c ollect_anrs":true,"collect_metric_kit":false,"collect_build_ids":true},"app": {"status":"activated","update_required":false,"report_upload_variant":2,"native_rep ort_upload_variant":2},"fabric": {"org_id":"65f00c8a567bf1f0daf09834","bundle_id":"com.hello.miheapp.secretspace"}," on_demand_upload_rate_per_minute":10,"on_demand_backoff_base":1.2,"on_demand_backof f_step_duration_seconds":60,"app_quality": {"sessions_enabled":true,"sampling_rate":1,"session_timeout_seconds":1800},"on_dema nd_thread_recording_suspension_enabled":true}
05-14 14:36:20.474 16152 16210 D LifecycleServiceBinder: Binding service to application.
05-14 14:36:22.001 15593 16233 E AIHelp : AIHelp is now ready to help you have conversations with your users!
05-14 14:36:22.224 11897 11909 W System.err: java.lang.NoSuchMethodException: android.content.pm.SigningInfo.<init> [class android.content.pm.PackageParser$SigningDetails]
05-14 14:36:22.225 11897 11909 W System.err: at java.lang.Class.getConstructor0(Class.java:3395)
05-14 14:36:22.225 11897 11909 W System.err: at java.lang.Class.getDeclaredConstructor(Class.java:3077)
05-14 14:36:22.225 11897 11909 W System.err: at ph.a.c(Reflector.java:1)
05-14 14:36:22.225 11897 11909 W System.err: at nh.a$a.invoke(BlackReflection.java:30)
05-14 14:36:22.225 11897 11909 W System.err: at java.lang.reflect.Proxy.invoke(Proxy.java:1006)
05-14 14:36:22.226 11897 11909 W System.err: at $Proxy150._new(Unknown Source)
05-14 14:36:22.226 11897 11909 W System.err: at com.hello.sandbox.core.system.pm.PackageManagerCompat.generatePackageInfo(PackageMa nagerCompat.java:71)
05-14 14:36:22.226 11897 11909 W System.err: at com.hello.sandbox.core.system.pm.PackageManagerCompat.generatePackageInfo(PackageMa nagerCompat.java:3)
05-14 14:36:22.226 11897 11909 W System.err: at com.hello.sandbox.core.system.pm.BPackageManagerService.getPackageInfo(BPackageMana gerService.java:9)
05-14 14:36:22.226 11897 11909 W System.err: at com.hello.sandbox.core.system.pm.IBPackageManagerService$Stub.onTransact(IBPackageM anagerService.java:178)
05-14 14:36:22.226 11897 11909 W System.err: at android.os.Binder.execTransactInternal(Binder.java:1344)
05-14 14:36:22.226 11897 11909 W System.err: at android.os.Binder.execTransact(Binder.java:1275)
05-14 14:36:23.061 15593 15756 W Unity : [AIMedal] key = 1
05-14 14:36:23.061 15593 15756 W Unity : (Filename: .\Runtime/Export/Debug/Debug.bindings.h Line: 39)
05-14 14:36:23.061 15593 15756 W Unity :
05-14 14:36:23.492 15593 15756 D nativeloader: Load liblibmlsdk_logreport.so using ns clns-8 from class loader (caller=/data/user/0/com.hello.miheapp.secretspace/sandbox/data/app/com.mobiin.gp/ base.apk!classes3.dex): dlopen failed: library "liblibmlsdk_logreport.so" not found
05-14 14:36:23.493 15593 15756 E Unity : Unable to find libmlsdk_logreport
05-14 14:36:23.495 15593 15756 D nativeloader: Load libmlsdk_logreport.so using ns clns-8 from class loader (caller=/data/user/0/com.hello.miheapp.secretspace/sandbox/data/app/com.mobiin.gp/ base.apk!classes3.dex): dlopen failed: library "libmlsdk_logreport.so" not found
05-14 14:36:23.495 15593 15756 E Unity : Unable to find mlsdk_logreport
05-14 14:36:23.495 15593 15756 W Unity : DVM::FindLibrary Unable to find library path for 'libmlsdk_logreport'.
05-14 14:36:23.495 15593 15756 W Unity : (Filename: Line: 304)
05-14 14:36:23.495 15593 15756 W Unity :
05-14 14:36:23.495 15593 15756 W Unity : GetUnityPluginPath DVM::FindLibrary can NOT find = libmlsdk_logreport; pluginPath =libmlsdk_logreport
05-14 14:36:23.495 15593 15756 W Unity : (Filename: Line: 878)
05-14 14:36:23.495 15593 15756 W Unity :
05-14 14:36:23.521 15593 15593 W UnityMain: type=1400 audit(0.0:138770): avc: granted { execute } for path="/data/data/com.hello.miheapp.secretspace/sandbox/data/user/0/com.mobiin.gp/ app_libs/libmlsdk_logreport.so" dev="dm-56" ino=254630 scontext=u:r:untrusted_app:s0:c50,c257,c512,c768 tcontext=u:object_r:app_data_file:s0:c50,c257,c512,c768 tclass=file app=com.hello.miheapp.secretspace
05-14 14:36:23.525 15593 15756 D nativeloader: Load /data/user/0/com.hello.miheapp.secretspace/sandbox/data/user/0/com.mobiin.gp/ app_libs/libmlsdk_logreport.so using ns clns-8 from class loader (caller=/data/user/0/com.hello.miheapp.secretspace/sandbox/data/app/com.mobiin.gp/ base.apk!classes3.dex): ok
05-14 14:36:23.525 15593 15756 D MLSDKLogReportJNI: JNI_OnLoad, JNI_VERSION_1_6, JavaVM: 0xb4000077f590c490, JNIEnv: 0x76d5939ad0
05-14 14:36:23.525 15593 15756 D MLSDKLogReportJNI: JNIReflection::OnJNIInit
05-14 14:36:23.526 15593 15756 E MLSDKLogReportJNI: JNIHelper, ExceptionOccurred:
05-14 14:36:23.526 15593 15756 W System.err: java.lang.ClassNotFoundException: com.moba.unityplugin.logreport.base.Reflection
05-14 14:36:23.528 15593 15756 W System.err: at java.lang.Runtime.nativeLoad(Native Method)
05-14 14:36:23.528 15593 15756 W System.err: at java.lang.Runtime.load0(Runtime.java:931)
05-14 14:36:23.528 15593 15756 W System.err: at java.lang.System.load(System.java:1729)
05-14 14:36:23.528 15593 15756 W System.err: at com.unity3d.player.UnityPlayer.nativeRender(Native Method)
05-14 14:36:23.528 15593 15756 W System.err: at com.unity3d.player.UnityPlayer.access$400(Unknown Source:0)
05-14 14:36:23.528 15593 15756 W System.err: at com.unity3d.player.UnityPlayer$e$1.handleMessage(Unknown Source:317)
05-14 14:36:23.528 15593 15756 W System.err: at android.os.Handler.dispatchMessage(Handler.java:102)
05-14 14:36:23.528 15593 15756 W System.err: at android.os.Looper.loopOnce(Looper.java:205)
05-14 14:36:23.528 15593 15756 W System.err: at android.os.Looper.loop(Looper.java:294)
05-14 14:36:23.528 15593 15756 W System.err: at com.unity3d.player.UnityPlayer$e.run(Unknown Source:25)
05-14 14:36:24.188 15593 15756 W Unity : AndroidJNIHelper.GetSignature: using Byte parameters is obsolete, use SByte parameters instead
05-14 14:36:24.188 15593 15756 W Unity : (Filename: .\Runtime/Export/Debug/Debug.bindings.h Line: 39)
05-14 14:36:24.188 15593 15756 W Unity :
05-14 14:36:24.188 15593 15756 W Unity : AndroidJNIHelper: converting from Byte array is obsolete, use SByte array instead
05-14 14:36:24.188 15593 15756 W Unity : (Filename: .\Runtime/Export/Debug/Debug.bindings.h Line: 39)
05-14 14:36:24.188 15593 15756 W Unity :
05-14 14:36:24.188 15593 15756 W Unity : AndroidJNIHelper.GetSignature: using Byte parameters is obsolete, use SByte parameters instead
05-14 14:36:24.188 15593 15756 W Unity : (Filename: .\Runtime/Export/Debug/Debug.bindings.h Line: 39)
05-14 14:36:24.188 15593 15756 W Unity :
05-14 14:36:24.188 15593 15756 W Unity : AndroidJNIHelper: converting Byte array is obsolete, use SByte array instead
05-14 14:36:24.188 15593 15756 W Unity : (Filename: .\Runtime/Export/Debug/Debug.bindings.h Line: 39)
05-14 14:36:24.188 15593 15756 W Unity :
05-14 14:36:24.188 15593 15756 W Unity : AndroidJNIHelper.GetSignature: using Byte parameters is obsolete, use SByte parameters instead
05-14 14:36:24.188 15593 15756 W Unity : (Filename: .\Runtime/Export/Debug/Debug.bindings.h Line: 39)
05-14 14:36:24.188 15593 15756 W Unity :
05-14 14:36:24.188 15593 15756 W Unity : AndroidJNIHelper: converting from Byte array is obsolete, use SByte array instead
05-14 14:36:24.188 15593 15756 W Unity : (Filename: .\Runtime/Export/Debug/Debug.bindings.h Line: 39)
05-14 14:36:24.188 15593 15756 W Unity :
05-14 14:36:24.285 15593 15756 I Unity : ALog2019-2.01.0050.09-ScreenMaxDPILimit: excute dpi limit to 330, scale=84
05-14 14:36:24.601 12075 12084 D AppSetService: AppSetServiceImp getAppSetIdInfo is called -> AppSetIdRequestParams[]
05-14 14:36:24.606 15593 15593 E MobaGame-AndroidUtile: GetAppSetID, onSuccess, id is null or empty
05-14 14:36:32.053 15593 15593 W Thread-315: type=1400 audit(0.0:138771): avc: granted { execute } for path="/data/data/com.hello.miheapp.secretspace/sandbox/data/app/com.mobiin.gp/lib/ lib7zip.so" dev="dm-56" ino=206411 scontext=u:r:untrusted_app:s0:c50,c257,c512,c768 tcontext=u:object_r:app_data_file:s0:c50,c257,c512,c768 tclass=file app=com.hello.miheapp.secretspace
05-14 14:36:32.055 15593 17305 W Unity : [MiniPatch] SevenZipListener OnProgress iValue = 1858198 | ZipFilePath = /storage/emulated/0/Android/data/com.hello.miheapp.secretspace/files/sandbox/ storage/emulated/0/Android/data/com.mobiin.gp/files/dragon2017/assets/Document/ android/LoadRes_xxh_Preload.zip
05-14 14:36:32.055 15593 17305 W Unity : (Filename: .\Runtime/Export/Debug/Debug.bindings.h Line: 39)
05-14 14:36:32.055 15593 17305 W Unity :
05-14 14:36:34.518 15593 15756 I PlayCore: UID: [10003] PID: [15593] SplitInstallService : startInstall([WifiDetective],[])
05-14 14:36:34.518 15593 15969 I PlayCore: UID: [10003] PID: [15593] SplitInstallService : Already connected to the service.
05-14 14:36:34.518 15593 15969 I PlayCore: UID: [10003] PID: [15593] SplitInstallService : Initiate binding to the service.
05-14 14:36:34.519 15593 15969 I PlayCore: UID: [10003] PID: [15593] SplitInstallService : Failed to bind to the service.
05-14 14:36:36.541 15593 17576 W Unity : [MiniPatch] SevenZipListener OnProgress iValue = 5149976 | ZipFilePath = /storage/emulated/0/Android/data/com.hello.miheapp.secretspace/files/sandbox/ storage/emulated/0/Android/data/com.mobiin.gp/files/dragon2017/assets/Document/ android/LoadResSplit_xxh.zip
05-14 14:36:36.541 15593 17576 W Unity : (Filename: .\Runtime/Export/Debug/Debug.bindings.h Line: 39)
05-14 14:36:36.541 15593 17576 W Unity :
05-14 14:36:39.994 15593 15602 E LoadedApk: performReceive() called targeting raw IIntentReceiver for Intent { act=android.intent.action.BATTERY_CHANGED flg=0x60000010 (has extras) }
05-14 14:36:39.994 12570 12580 E LoadedApk: performReceive() called targeting raw IIntentReceiver for Intent { act=android.intent.action.BATTERY_CHANGED flg=0x60000010 (has extras) }
05-14 14:36:40.005 15593 15602 E LoadedApk: performReceive() called targeting raw IIntentReceiver for Intent { act=android.intent.action.BATTERY_CHANGED flg=0x60000010 (has extras) }
05-14 14:36:40.833 16152 16157 I .secretspace:p4: Background concurrent mark compact GC freed 8308KB AllocSpace bytes, 34(936KB) LOS objects, 86% free, 3698KB/27MB, paused 636us,5.297ms total 120.060ms
05-14 14:36:40.838 16152 16159 W .secretspace:p4: ApkAssets: Deleting an ApkAssets object '<empty> and /data/user/0/com.hello.miheapp.secretspace/sandbox/data/app/com.google.android.gms/ base.apk' with 1 weak references
05-14 14:36:41.185 15593 17659 W Unity : [MiniPatch] SevenZipListener OnProgress iValue = 1253915 | ZipFilePath = /storage/emulated/0/Android/data/com.hello.miheapp.secretspace/files/sandbox/ storage/emulated/0/Android/data/com.mobiin.gp/files/dragon2017/assets/Document/ android/LoadResVar_Astc_Split_xxh.zip
05-14 14:36:41.185 15593 17659 W Unity : (Filename: .\Runtime/Export/Debug/Debug.bindings.h Line: 39)
05-14 14:36:41.185 15593 17659 W Unity :
05-14 14:36:42.714 15593 15881 E Unity : Curl error 28: Operation timed out after 15000 milliseconds with 0 out of 0 bytes received
05-14 14:36:42.714 15593 15881 E Unity :
05-14 14:36:42.714 15593 15881 E Unity : (Filename: Line: 867)
05-14 14:36:42.714 15593 15881 E Unity :
05-14 14:36:42.715 15593 15881 E Unity : Curl error 28: Operation timed out after 15000 milliseconds with 0 out of 0 bytes received
05-14 14:36:42.715 15593 15881 E Unity :
05-14 14:36:42.715 15593 15881 E Unity : (Filename: Line: 867)
05-14 14:36:42.715 15593 15881 E Unity :
05-14 14:36:44.998 15593 15756 D MobaGame-AndroidUtileImpl: ExitGame, activity: com.moba.unityplugin.MobaGameUnityActivity@40fbdf
05-14 14:36:45.206 15593 15593 D MobaGame-Utile: SendTag2ActivityWithIntent, act: com.moba.unityplugin.MobaGameUnityActivity@40fbdf, tag: 600, clazz: MobaGameMainActivityWithExtractor, oldIntent: null, extraTags: null
05-14 14:36:45.432 15593 15593 D MobaGame-Utile: SendTag2ActivityWithIntent, act: com.moba.unityplugin.MobaGameUnityActivity@40fbdf, tag: 6000, clazz: MobaGameUnityActivity, oldIntent: null, extraTags: null
05-14 14:36:45.483 15593 15593 V AppLog : onPause 47 com.moba.unityplugin.MobaGameUnityActivity
05-14 14:36:45.526 12570 12570 D MainContext: onNewIntent 29870595
05-14 14:36:45.563 15593 15593 D MobaGameUnityActivity: onNewIntent, tag: UNITY_KILL
05-14 14:36:45.571 15593 16006 I AudioTrack: stop(4973): prior state:STATE_ACTIVE
05-14 14:36:45.571 15593 16006 D AudioTrack: stop(4973): called with 1618080 frames delivered
05-14 14:36:45.584 15593 16006 D AudioTrack: destructor portId(4973)
05-14 14:36:45.585 15593 15593 D AppLog : onResume com.moba.unityplugin.MobaGameUnityActivity
05-14 14:36:45.585 15593 16006 E AudioTrack: ~AudioTrack:ready stopPSensor
05-14 14:36:45.585 15593 16006 I AudioTrack: stop(4973): prior state:STATE_STOPPED
05-14 14:36:45.630 15593 15593 D MobaGameUnityActivity: killMe, from: onNewIntent- UNITY_KILL, pid: 15593, tid: 15593, threadId: 2
05-14 14:36:45.635 15593 16006 D .secretspace:p2: PlayerBase::PlayerBase()
05-14 14:36:45.641 15593 16006 D .secretspace:p2: TrackPlayerBase::TrackPlayerBase()
05-14 14:36:45.641 15593 16006 I libOpenSLES: Emulating old channel mask behavior (ignoring positional mask 0x3, using default mask 0x3 based on channel count of 2)
05-14 14:36:45.641 15593 16006 I AudioTrack: set(): streamType -1, sampleRate 48000, format 0x1, channelMask 0x3, frameCount 0, flags 0x104, notificationFrames - 8, sessionId 35233, transferType 0, uid -1, pid -1, packagename:
05-14 14:36:45.650 15593 16006 D AudioTrack: set() fadeEnabled:1, isWhiteApp: 0
05-14 14:36:45.652 15593 16006 I AudioTrack: set(): Building AudioTrack with attributes: usage=1 content=0 flags=0x100 tags=[]
05-14 14:36:45.660 15593 15593 I Process : Sending signal. PID: 15593 SIG: 9
05-14 14:36:46.086 11897 11909 I Process : Sending signal. PID: 15593 SIG: 9
05-14 14:36:46.093 12570 12992 E NPTH-TERM: do_attach:TMonitor exit flock by traceePid=15593 die
05-14 14:36:46.093 12570 12992 E NPTH-TERM: TMonitor success waitLock
05-14 14:36:46.100 12570 12992 E NPTH-TERM: wait_inner:read alive_processes count=2
05-14 14:36:46.100 12570 12992 E NPTH-TERM: find none attach tid unknown error
05-14 14:36:46.101 12570 12992 E NPTH-TERM: 1747213606101: find killed=15593
05-14 14:36:46.208 12570 12992 E NPTH-TERM: found_process_died:pid=15593
05-14 14:36:46.217 12570 12992 E NPTH-TERM: wait_inner:my tracee 15593 was killed, find next tracee:-1
05-14 14:36:46.217 12570 12992 E NPTH-TERM: -----------------------------------------------------------
05-14 14:36:46.217 12570 12992 E NPTH-TERM: wait_inner:notify sig has been sent, begin wait next tracee's attach request
05-14 14:36:46.382 12570 12570 W MainContext: checkStartUnity, from: onWindowFocusChanged, tag: MAIN_KILL
05-14 14:36:46.386 12570 12570 D MainContext: killMe, pid: 12570, tid: 12570, threadId: 2
05-14 14:36:46.387 12570 12570 D MainContext: killMe, Act:98686289 finish
05-14 14:36:46.393 12570 12570 D MainContext: killMe, Act:29870595 finish
05-14 14:36:46.408 12570 12570 I Process : Sending signal. PID: 12570 SIG: 9
05-14 14:36:46.558 11897 15589 I Process : Sending signal. PID: 12570 SIG: 9
05-14 14:36:46.623 11638 11638 D Typeface-FontSettings: updateToOverlayFont: overlay is cur default, no need update
05-14 14:36:46.673 11638 11816 D SessionLifecycleClient: Sending lifecycle 1 to service
05-14 14:36:46.675 11638 12417 D SessionLifecycleService: Activity foregrounding at 147912296.
05-14 14:36:47.451 12075 12075 D Typeface-FontSettings: updateToOverlayFont: overlay is cur default, no need update
05-14 14:36:47.460 11897 11897 D Typeface-FontSettings: updateToOverlayFont: overlay is cur default, no need update
05-14 14:36:47.521 12220 12220 D Typeface-FontSettings: updateToOverlayFont: overlay is cur default, no need update
05-14 14:36:50.352 11897 15589 I Process : Sending signal. PID: 15676 SIG: 9
05-14 14:36:50.407 11897 17699 I Process : Sending signal. PID: 16152 SIG: 9
05-14 14:36:50.817 11638 11810 D SessionLifecycleClient: Sending lifecycle 2 to service
05-14 14:36:50.820 11638 12417 D SessionLifecycleService: Activity backgrounding at 147916440
05-14 14:36:52.847 11638 17702 I FA : Application backgrounded at: timestamp_millis: 1747213610846
05-14 14:37:07.098 11897 11897 D Typeface-FontSettings: updateToOverlayFont: overlay is cur default, no need update
05-14 14:37:07.099 12220 12220 D Typeface-FontSettings: updateToOverlayFont: overlay is cur default, no need update
05-14 14:37:07.131 12075 12075 D Typeface-FontSettings: updateToOverlayFont: overlay is cur default, no need update
05-14 14:37:07.208 11638 11638 D Typeface-FontSettings: updateToOverlayFont: overlay is cur default, no need update
05-14 14:47:21.970 11638 11638 W Choreographer: Frame time is 0.100341 ms in the future! Check that graphics HAL is generating vsync timestamps using the correct timebase.
05-14 14:54:46.096 12220 12220 D Typeface-FontSettings: updateToOverlayFont: overlay is cur default, no need update
05-14 14:54:46.141 12075 12075 D Typeface-FontSettings: updateToOverlayFont: overlay is cur default, no need update
05-14 14:54:46.147 11897 11897 D Typeface-FontSettings: updateToOverlayFont: overlay is cur default, no need update
05-14 14:54:46.174 11638 11638 D Typeface-FontSettings: updateToOverlayFont: overlay is cur default, no need update
05-14 14:54:48.867 12075 12075 D Typeface-FontSettings: updateToOverlayFont: overlay is cur default, no need update
05-14 14:54:48.873 12220 12220 D Typeface-FontSettings: updateToOverlayFont: overlay is cur default, no need update
05-14 14:54:48.902 11897 11897 D Typeface-FontSettings: updateToOverlayFont: overlay is cur default, no need update
05-14 14:54:48.904 11638 11638 D Typeface-FontSettings: updateToOverlayFont: overlay is cur default, no need update
05-14 15:01:25.815 11638 11638 W Choreographer: Frame time is 0.034017 ms in the future! Check that graphics HAL is generating vsync timestamps using the correct timebase.
05-14 15:22:59.728 12220 12220 D Typeface-FontSettings: updateToOverlayFont: overlay is cur default, no need update
05-14 15:22:59.806 11897 11897 D Typeface-FontSettings: updateToOverlayFont: overlay is cur default, no need update
05-14 15:22:59.818 12075 12075 D Typeface-FontSettings: updateToOverlayFont: overlay is cur default, no need update
05-14 15:23:00.080 11638 11638 I Choreographer: Skipped 43 frames! The application may be doing too much work on its main thread.
05-14 15:23:00.195 11638 11638 D Typeface-FontSettings: updateToOverlayFont: overlay is cur default, no need update
05-14 15:23:45.118 12220 12220 D Typeface-FontSettings: updateToOverlayFont: overlay is cur default, no need update
05-14 15:23:45.142 11897 11897 D Typeface-FontSettings: updateToOverlayFont: overlay is cur default, no need update
05-14 15:23:45.151 12075 12075 D Typeface-FontSettings: updateToOverlayFont: overlay is cur default, no need update
05-14 15:23:45.312 11638 11638 D Typeface-FontSettings: updateToOverlayFont: overlay is cur default, no need update
05-14 15:37:45.703 11897 11897 D Typeface-FontSettings: updateToOverlayFont: overlay is cur default, no need update
05-14 15:37:45.734 12075 12075 D Typeface-FontSettings: updateToOverlayFont: overlay is cur default, no need update
05-14 15:37:45.804 12220 12220 D Typeface-FontSettings: updateToOverlayFont: overlay is cur default, no need update
05-14 15:37:45.855 11638 11638 D Typeface-FontSettings: updateToOverlayFont: overlay is cur default, no need update
05-14 15:38:34.934 12075 12075 D Typeface-FontSettings: updateToOverlayFont: overlay is cur default, no need update
05-14 15:38:34.948 12220 12220 D Typeface-FontSettings: updateToOverlayFont: overlay is cur default, no need update
05-14 15:38:34.991 11897 11897 D Typeface-FontSettings: updateToOverlayFont: overlay is cur default, no need update
05-14 15:38:35.094 11638 11638 D Typeface-FontSettings: updateToOverlayFont: overlay is cur default, no need update
05-14 15:39:06.999 12220 12220 D Typeface-FontSettings: updateToOverlayFont: overlay is cur default, no need update
05-14 15:39:07.001 12075 12075 D Typeface-FontSettings: updateToOverlayFont: overlay is cur default, no need update
05-14 15:39:07.049 11897 11897 D Typeface-FontSettings: updateToOverlayFont: overlay is cur default, no need update
05-14 15:39:07.125 11638 11638 D Typeface-FontSettings: updateToOverlayFont: overlay is cur default, no need update
05-14 15:40:09.483 11638 11638 W Choreographer: Frame time is 0.18908 ms in the future! Check that graphics HAL is generating vsync timestamps using the correct timebase.
05-14 15:42:43.154 11638 11638 W Choreographer: Frame time is 0.10985 ms in the future! Check that graphics HAL is generating vsync timestamps using the correct timebase.
05-14 15:45:07.233 12220 12220 D Typeface-FontSettings: updateToOverlayFont: overlay is cur default, no need update
05-14 15:45:07.276 12075 12075 D Typeface-FontSettings: updateToOverlayFont: overlay is cur default, no need update
05-14 15:45:07.279 11897 11897 D Typeface-FontSettings: updateToOverlayFont: overlay is cur default, no need update
05-14 15:45:07.460 11638 11638 D Typeface-FontSettings: updateToOverlayFont: overlay is cur default, no need update
05-14 15:55:24.600 11638 11650 I app.secretspace: Background concurrent mark compact GC freed 18MB AllocSpace bytes, 91(4772KB) LOS objects, 68% free, 10MB/34MB, paused 1.117ms,7.056ms total 340.629ms
05-14 15:55:24.600 11638 11650 W app.secretspace: Reducing the number of considered missed Gc histogram windows from 484 to 100
05-14 15:55:49.626 12075 12075 D Typeface-FontSettings: updateToOverlayFont: overlay is cur default, no need update
05-14 15:55:49.631 11897 11897 D Typeface-FontSettings: updateToOverlayFont: overlay is cur default, no need update
05-14 15:55:49.708 12220 12220 D Typeface-FontSettings: updateToOverlayFont: overlay is cur default, no need update
05-14 15:55:50.013 11638 11638 D Typeface-FontSettings: updateToOverlayFont: overlay is cur default, no need update
05-14 16:58:32.656 11638 11638 W Choreographer: Frame time is 0.127881 ms in the future! Check that graphics HAL is generating vsync timestamps using the correct timebase.
05-14 17:04:13.775 11897 11903 I cretspace:black: Background concurrent mark compact GC freed 14MB AllocSpace bytes, 0(0B) LOS objects, 83% free, 4697KB/28MB, paused 355us,2.234ms total 116.826ms
05-14 17:04:13.775 11897 11903 W cretspace:black: Reducing the number of considered missed Gc histogram windows from 686 to 100
05-14 17:05:35.596 11638 11638 W Choreographer: Frame time is 0.009049 ms in the future! Check that graphics HAL is generating vsync timestamps using the correct timebase.
05-14 17:08:59.128 12075 12080 W .secretspace:p0: Reducing the number of considered missed Gc histogram windows from 710 to 100
05-14 17:08:59.132 12075 12082 W System : A resource failed to call ContentProviderClient.close.
05-14 17:08:59.132 12075 12082 W System : A resource failed to call ContentProviderClient.close. 05-14 17:0