The log details the initialization and configuration processes of an Android application, including the setup of various services and modules. There are warnings regarding missing configurations for automatic event logging and issues with accessing certain resource files. Additionally, there are multiple entries indicating failures to open specific split configuration files, suggesting potential issues with the application's resource management.
We take content rights seriously. If you suspect this is your content, claim it here.
Available Formats
Download as TXT, PDF, TXT or read online on Scribd
0 ratings0% found this document useful (0 votes)
15 views164 pages
Com - Hello.miheapp - Secretspace Logcat
The log details the initialization and configuration processes of an Android application, including the setup of various services and modules. There are warnings regarding missing configurations for automatic event logging and issues with accessing certain resource files. Additionally, there are multiple entries indicating failures to open specific split configuration files, suggesting potential issues with the application's resource management.
We take content rights seriously. If you suspect this is your content, claim it here.
Available Formats
Download as TXT, PDF, TXT or read online on Scribd
You are on page 1/ 164
--------- beginning of main
05-10 17:33:37.549 11638 11638 D WM-PackageManagerHelper: Skipping component
enablement for androidx.work.impl.background.systemjob.SystemJobService
05-10 17:33:37.549 11638 11638 D WM-Schedulers: Created SystemJobScheduler and enabled SystemJobService
05-10 17:33:37.568 11638 11833 D nativeloader: Configuring clns-7 for other apk /system/framework/com.android.media.remotedisplay.jar. target_sdk_version=36, uses_libraries=ALL, library_path=/data/app/~~bxj652AJ89x9KDADAl2IMQ==/com.google.android.gms- J7vL75n4Yt8w6iZEj4rShA==/lib/arm64:/data/app/~~bxj652AJ89x9KDADAl2IMQ==/ com.google.android.gms-J7vL75n4Yt8w6iZEj4rShA==/base.apk!/lib/arm64-v8a, permitted_path=/data:/mnt/expand:/data/user/0/com.google.android.gms
05-10 17:33:37.575 11638 11833 D nativeloader: Configuring clns-8 for other apk /system/framework/com.android.location.provider.jar. target_sdk_version=36, uses_libraries=ALL, library_path=/data/app/~~bxj652AJ89x9KDADAl2IMQ==/com.google.android.gms- J7vL75n4Yt8w6iZEj4rShA==/lib/arm64:/data/app/~~bxj652AJ89x9KDADAl2IMQ==/ com.google.android.gms-J7vL75n4Yt8w6iZEj4rShA==/base.apk!/lib/arm64-v8a, permitted_path=/data:/mnt/expand:/data/user/0/com.google.android.gms
05-10 17:33:37.593 11638 11638 W i4.z : Please set a value for AutoLogAppEventsEnabled. Set the flag to TRUE if you want to collect app install, app launch and in-app purchase events automatically. To request user consent before collecting data, set the flag value to FALSE, then change to TRUE once user consent is received. Learn more: https://developers.facebook.com/docs/app-events/getting- started-app-events-android#disable-auto-events.
05-10 17:33:37.593 11638 11638 W i4.z : You haven't set a value for AdvertiserIDCollectionEnabled. Set the flag to TRUE if you want to collect Advertiser ID for better advertising and analytics results. To request user consent before collecting data, set the flag value to FALSE, then change to TRUE once user consent is received. Learn more: https://developers.facebook.com/docs/app-events/getting-started-app-events- android#disable-auto-events.
05-10 17:33:37.610 11638 11833 D nativeloader: Configuring clns-9 for other apk /data/app/~~bxj652AJ89x9KDADAl2IMQ==/com.google.android.gms- J7vL75n4Yt8w6iZEj4rShA==/base.apk. target_sdk_version=36, uses_libraries=, library_path=/data/app/~~bxj652AJ89x9KDADAl2IMQ==/com.google.android.gms- J7vL75n4Yt8w6iZEj4rShA==/lib/arm64:/data/app/~~bxj652AJ89x9KDADAl2IMQ==/ com.google.android.gms-J7vL75n4Yt8w6iZEj4rShA==/base.apk!/lib/arm64-v8a, permitted_path=/data:/mnt/expand:/data/user/0/com.google.android.gms
05-10 17:33:37.621 11638 11638 W CheckTime: App running slow: Executing handleBindApplication : installContentProviders took 283ms
05-10 17:33:37.648 11638 11836 E app.secretspace: No package ID 76 found for resource ID 0x760b000f.
05-10 17:33:37.649 11638 11833 I DynamiteModule: Considering local module com.google.android.gms.ads.dynamite:0 and remote module com.google.android.gms.ads.dynamite:250505301
05-10 17:33:37.649 11638 11833 I DynamiteModule: Selected remote version of com.google.android.gms.ads.dynamite, version >= 250505301
05-10 17:33:37.649 11638 11833 V DynamiteModule: Dynamite loader version >= 2, using loadModule2NoCrashUtils
05-10 17:33:37.650 11638 11836 I FA : App measurement initialized, version: 121000
05-10 17:33:37.650 11638 11836 I FA : To enable debug logging run: adb shell setprop log.tag.FA VERBOSE
05-10 17:33:37.651 11638 11836 I FA : To enable faster debug mode event logging run:
05-10 17:33:37.651 11638 11836 I FA : adb shell setprop debug.firebase.analytics.app com.hello.miheapp.secretspace
05-10 17:33:37.666 11638 11638 W Glide : Failed to find GeneratedAppGlideModule. You should include an annotationProcessor compile dependency on com.github.bumptech.glide:compiler in your application and a @GlideModule annotated AppGlideModule implementation or LibraryGlideModules will be silently ignored
05-10 17:33:37.701 11638 11811 I FirebaseCrashlytics: No version control information found
05-10 17:33:37.720 11638 11835 D CompatibilityChangeReporter: Compat change id reported: 160794467; UID 10306; state: ENABLED
05-10 17:33:37.722 11897 11897 I libc : SetHeapTaggingLevel: tag level set to 0
05-10 17:33:37.727 11897 11897 I cretspace:black: Using CollectorTypeCMC GC.
05-10 17:33:37.729 11845 11845 W logcat : type=1400 audit(0.0:187): avc: denied { ioctl } for path="/storage/emulated/0/Download/com.hello.miheapp.secretspace_logcat.txt" dev="fuse" ino=253352 ioctlcmd=0xf50d scontext=u:r:untrusted_app:s0:c50,c257,c512,c768 tcontext=u:object_r:fuse:s0 tclass=file permissive=0 app=com.hello.miheapp.secretspace
05-10 17:33:37.733 11897 11897 E cretspace:black: Not starting debugger since process cannot load the jdwp agent.
05-10 17:33:37.739 11897 11897 D nativeloader: Load libframework-connectivity- tiramisu-jni.so using APEX ns com_android_tethering for caller /apex/com.android.tethering/javalib/framework-connectivity-t.jar: ok
05-10 17:33:37.771 11897 11897 D CompatibilityChangeReporter: Compat change id reported: 171979766; UID 10306; state: ENABLED
05-10 17:33:37.772 11897 11897 D CompatibilityChangeReporter: Compat change id reported: 242716250; UID 10306; state: ENABLED
05-10 17:33:37.775 11897 11897 D Typeface-FontSettings: initFontDefault defaultFontFamily -> RobotoSlab-Regular
05-10 17:33:37.793 11897 11897 D ApplicationLoaders: Returning zygote-cached class loader: /system/framework/android.test.base.jar
05-10 17:33:37.800 11897 11897 D nativeloader: Configuring clns-4 for other apk /system/framework/org.apache.http.legacy.jar. target_sdk_version=34, uses_libraries=ALL, library_path=/data/app/~~u7JpqXiZ60emteZUUJYZ-Q==/com.hello.miheapp.secretspace- gScfIuJj6R6JjgSSkDypOQ==/lib/arm64:/data/app/~~u7JpqXiZ60emteZUUJYZ-Q==/ com.hello.miheapp.secretspace-gScfIuJj6R6JjgSSkDypOQ==/base.apk!/lib/arm64-v8a:/ data/app/~~u7JpqXiZ60emteZUUJYZ-Q==/com.hello.miheapp.secretspace- gScfIuJj6R6JjgSSkDypOQ==/split_config.arm64_v8a.apk!/lib/arm64-v8a:/data/app/ ~~u7JpqXiZ60emteZUUJYZ-Q==/com.hello.miheapp.secretspace-gScfIuJj6R6JjgSSkDypOQ==/ split_config.bn.apk!/lib/arm64-v8a:/data/app/~~u7JpqXiZ60emteZUUJYZ-Q==/ com.hello.miheapp.secretspace-gScfIuJj6R6JjgSSkDypOQ==/split_config.en.apk!/lib/ arm64-v8a:/data/app/~~u7JpqXiZ60emteZUUJYZ-Q==/com.hello.miheapp.secretspace- gScfIuJj6R6JjgSSkDypOQ==/split_config.gu.apk!/lib/arm64-v8a:/data/app/ ~~u7JpqXiZ60emteZUUJYZ-Q==/com.hello.miheapp.secretspace-gScfIuJj6R6JjgSSkDypOQ==/ split_config.hi.apk!/lib/arm64-v8a:/data/app/~~u7JpqXiZ60emteZU
05-10 17:33:37.840 11897 11897 W ziparchive: Unable to open '/data/app/~~u7JpqXiZ60emteZUUJYZ-Q==/com.hello.miheapp.secretspace- gScfIuJj6R6JjgSSkDypOQ==/split_config.arm64_v8a.dm': No such file or directory
05-10 17:33:37.840 11897 11897 W ziparchive: Unable to open '/data/app/~~u7JpqXiZ60emteZUUJYZ-Q==/com.hello.miheapp.secretspace- gScfIuJj6R6JjgSSkDypOQ==/split_config.arm64_v8a.dm': No such file or directory
05-10 17:33:37.841 11897 11897 W cretspace:black: Entry not found
05-10 17:33:37.842 11897 11897 W ziparchive: Unable to open '/data/app/~~u7JpqXiZ60emteZUUJYZ-Q==/com.hello.miheapp.secretspace- gScfIuJj6R6JjgSSkDypOQ==/split_config.bn.dm': No such file or directory
05-10 17:33:37.842 11897 11897 W ziparchive: Unable to open '/data/app/~~u7JpqXiZ60emteZUUJYZ-Q==/com.hello.miheapp.secretspace- gScfIuJj6R6JjgSSkDypOQ==/split_config.bn.dm': No such file or directory
05-10 17:33:37.842 11897 11897 W cretspace:black: Entry not found
05-10 17:33:37.844 11897 11897 W ziparchive: Unable to open '/data/app/~~u7JpqXiZ60emteZUUJYZ-Q==/com.hello.miheapp.secretspace- gScfIuJj6R6JjgSSkDypOQ==/split_config.en.dm': No such file or directory
05-10 17:33:37.844 11897 11897 W ziparchive: Unable to open '/data/app/~~u7JpqXiZ60emteZUUJYZ-Q==/com.hello.miheapp.secretspace- gScfIuJj6R6JjgSSkDypOQ==/split_config.en.dm': No such file or directory
05-10 17:33:37.844 11897 11897 W cretspace:black: Entry not found
05-10 17:33:37.845 11897 11897 W ziparchive: Unable to open '/data/app/~~u7JpqXiZ60emteZUUJYZ-Q==/com.hello.miheapp.secretspace- gScfIuJj6R6JjgSSkDypOQ==/split_config.gu.dm': No such file or directory
05-10 17:33:37.845 11897 11897 W ziparchive: Unable to open '/data/app/~~u7JpqXiZ60emteZUUJYZ-Q==/com.hello.miheapp.secretspace- gScfIuJj6R6JjgSSkDypOQ==/split_config.gu.dm': No such file or directory
05-10 17:33:37.845 11897 11897 W cretspace:black: Entry not found
05-10 17:33:37.846 11897 11897 W ziparchive: Unable to open '/data/app/~~u7JpqXiZ60emteZUUJYZ-Q==/com.hello.miheapp.secretspace- gScfIuJj6R6JjgSSkDypOQ==/split_config.hi.dm': No such file or directory
05-10 17:33:37.846 11897 11897 W ziparchive: Unable to open '/data/app/~~u7JpqXiZ60emteZUUJYZ-Q==/com.hello.miheapp.secretspace- gScfIuJj6R6JjgSSkDypOQ==/split_config.hi.dm': No such file or directory
05-10 17:33:37.846 11897 11897 W cretspace:black: Entry not found
05-10 17:33:37.847 11897 11897 W ziparchive: Unable to open '/data/app/~~u7JpqXiZ60emteZUUJYZ-Q==/com.hello.miheapp.secretspace- gScfIuJj6R6JjgSSkDypOQ==/split_config.kn.dm': No such file or directory
05-10 17:33:37.847 11897 11897 W ziparchive: Unable to open '/data/app/~~u7JpqXiZ60emteZUUJYZ-Q==/com.hello.miheapp.secretspace- gScfIuJj6R6JjgSSkDypOQ==/split_config.kn.dm': No such file or directory
05-10 17:33:37.847 11897 11897 W cretspace:black: Entry not found
05-10 17:33:37.848 11897 11897 W ziparchive: Unable to open '/data/app/~~u7JpqXiZ60emteZUUJYZ-Q==/com.hello.miheapp.secretspace- gScfIuJj6R6JjgSSkDypOQ==/split_config.mr.dm': No such file or directory
05-10 17:33:37.848 11897 11897 W ziparchive: Unable to open '/data/app/~~u7JpqXiZ60emteZUUJYZ-Q==/com.hello.miheapp.secretspace- gScfIuJj6R6JjgSSkDypOQ==/split_config.mr.dm': No such file or directory
05-10 17:33:37.848 11897 11897 W cretspace:black: Entry not found
05-10 17:33:37.848 11897 11897 W ziparchive: Unable to open '/data/app/~~u7JpqXiZ60emteZUUJYZ-Q==/com.hello.miheapp.secretspace- gScfIuJj6R6JjgSSkDypOQ==/split_config.ta.dm': No such file or directory
05-10 17:33:37.848 11897 11897 W ziparchive: Unable to open '/data/app/~~u7JpqXiZ60emteZUUJYZ-Q==/com.hello.miheapp.secretspace- gScfIuJj6R6JjgSSkDypOQ==/split_config.ta.dm': No such file or directory
05-10 17:33:37.849 11897 11897 W cretspace:black: Entry not found
05-10 17:33:37.849 11897 11897 W ziparchive: Unable to open '/data/app/~~u7JpqXiZ60emteZUUJYZ-Q==/com.hello.miheapp.secretspace- gScfIuJj6R6JjgSSkDypOQ==/split_config.te.dm': No such file or directory
05-10 17:33:37.849 11897 11897 W ziparchive: Unable to open '/data/app/~~u7JpqXiZ60emteZUUJYZ-Q==/com.hello.miheapp.secretspace- gScfIuJj6R6JjgSSkDypOQ==/split_config.te.dm': No such file or directory
05-10 17:33:37.850 11897 11897 W cretspace:black: Entry not found
05-10 17:33:37.850 11897 11897 W ziparchive: Unable to open '/data/app/~~u7JpqXiZ60emteZUUJYZ-Q==/com.hello.miheapp.secretspace- gScfIuJj6R6JjgSSkDypOQ==/split_config.xxhdpi.dm': No such file or directory
05-10 17:33:37.850 11897 11897 W ziparchive: Unable to open '/data/app/~~u7JpqXiZ60emteZUUJYZ-Q==/com.hello.miheapp.secretspace- gScfIuJj6R6JjgSSkDypOQ==/split_config.xxhdpi.dm': No such file or directory
05-10 17:33:37.850 11897 11897 W cretspace:black: Entry not found
05-10 17:33:37.852 11897 11897 D nativeloader: Configuring clns-5 for other apk /data/app/~~u7JpqXiZ60emteZUUJYZ-Q==/com.hello.miheapp.secretspace- gScfIuJj6R6JjgSSkDypOQ==/base.apk:/data/app/~~u7JpqXiZ60emteZUUJYZ-Q==/ com.hello.miheapp.secretspace-gScfIuJj6R6JjgSSkDypOQ==/ split_config.arm64_v8a.apk:/data/app/~~u7JpqXiZ60emteZUUJYZ-Q==/ com.hello.miheapp.secretspace-gScfIuJj6R6JjgSSkDypOQ==/split_config.bn.apk:/data/ app/~~u7JpqXiZ60emteZUUJYZ-Q==/com.hello.miheapp.secretspace- gScfIuJj6R6JjgSSkDypOQ==/split_config.en.apk:/data/app/~~u7JpqXiZ60emteZUUJYZ-Q==/ com.hello.miheapp.secretspace-gScfIuJj6R6JjgSSkDypOQ==/split_config.gu.apk:/data/ app/~~u7JpqXiZ60emteZUUJYZ-Q==/com.hello.miheapp.secretspace- gScfIuJj6R6JjgSSkDypOQ==/split_config.hi.apk:/data/app/~~u7JpqXiZ60emteZUUJYZ-Q==/ com.hello.miheapp.secretspace-gScfIuJj6R6JjgSSkDypOQ==/split_config.kn.apk:/data/ app/~~u7JpqXiZ60emteZUUJYZ-Q==/com.hello.miheapp.secretspace- gScfIuJj6R6JjgSSkDypOQ==/split_config.mr.apk:/data/app/~~u7JpqXiZ60emteZUUJYZ-Q==/ com.hello.miheapp.secretspace-gScfIuJj6R6JjgSSkDypOQ==/split_
05-10 17:33:37.884 11897 11897 D nativeloader: Load libframework-connectivity- jni.so using APEX ns com_android_tethering for caller /apex/com.android.tethering/javalib/framework-connectivity.jar: ok
05-10 17:33:37.895 11897 11897 V GraphicsEnvironment: Currently set values for:
05-10 17:33:37.896 11897 11897 V GraphicsEnvironment: angle_gl_driver_selection_pkgs=[]
05-10 17:33:37.896 11897 11897 V GraphicsEnvironment: angle_gl_driver_selection_values=[]
05-10 17:33:37.898 11897 11897 V GraphicsEnvironment: ANGLE GameManagerService for com.hello.miheapp.secretspace: false
05-10 17:33:37.898 11897 11897 V GraphicsEnvironment: com.hello.miheapp.secretspace is not listed in per-application setting
05-10 17:33:37.898 11897 11897 V GraphicsEnvironment: Neither updatable production driver nor prerelease driver is supported.
05-10 17:33:37.951 11897 11897 D nativeloader: Load /data/app/~~u7JpqXiZ60emteZUUJYZ-Q==/com.hello.miheapp.secretspace- gScfIuJj6R6JjgSSkDypOQ==/split_config.arm64_v8a.apk!/lib/arm64-v8a/librepublic.so using ns clns-5 from class loader (caller=/data/app/~~u7JpqXiZ60emteZUUJYZ-Q==/com.hello.miheapp.secretspace- gScfIuJj6R6JjgSSkDypOQ==/base.apk): ok
05-10 17:33:38.666 11897 11897 W CheckTime: App running slow: Executing handleBindApplication : makeApplication took 756ms --------- beginning of system
05-10 17:33:38.799 11897 11982 D ActivityThread: Loading provider com.hello.miheapp.secretspace.blackbox.SystemCallProvider: com.hello.sandbox.core.system.SystemCallProvider
05-10 17:33:38.829 11897 11897 W Glide : Failed to find GeneratedAppGlideModule. You should include an annotationProcessor compile dependency on com.github.bumptech.glide:compiler in your application and a @GlideModule annotated AppGlideModule implementation or LibraryGlideModules will be silently ignored
05-10 17:33:38.835 11897 11897 D CompatibilityChangeReporter: Compat change id reported: 183155436; UID 10306; state: ENABLED
05-10 17:33:38.837 11897 11897 D SessionsDependencies: Dependency to CRASHLYTICS added.
05-10 17:33:38.837 11897 11897 I FirebaseApp: Device unlocked: initializing all Firebase APIs for app [DEFAULT]
05-10 17:33:38.851 11897 11897 D FirebaseSessions: Initializing Firebase Sessions SDK.
05-10 17:33:38.854 11897 11897 I FirebaseCrashlytics: Initializing Firebase Crashlytics 18.6.2 for com.hello.miheapp.secretspace
05-10 17:33:38.854 11897 11897 D CompatibilityChangeReporter: Compat change id reported: 247079863; UID 10306; state: ENABLED
05-10 17:33:38.860 11638 11638 I DynamiteModule: Considering local module com.google.android.gms.ads.dynamite:0 and remote module com.google.android.gms.ads.dynamite:250505301
05-10 17:33:38.860 11638 11638 I DynamiteModule: Selected remote version of com.google.android.gms.ads.dynamite, version >= 250505301
05-10 17:33:38.860 11897 11897 D SessionsDependencies: Subscriber CRASHLYTICS registered.
05-10 17:33:38.866 11638 11638 D DynamitePackage: Instantiated singleton DynamitePackage.
05-10 17:33:38.866 11638 11638 D DynamitePackage: Instantiating com.google.android.gms.ads.ChimeraMobileAdsSettingManagerCreatorImpl
05-10 17:33:38.873 11897 12004 D SessionConfigFetcher: Fetching settings from server.
05-10 17:33:38.884 11897 11897 I FirebaseApp: FirebaseApp initialization successful
05-10 17:33:38.885 11897 11994 I DynamiteModule: Considering local module com.google.android.gms.measurement.dynamite:100 and remote module com.google.android.gms.measurement.dynamite:143
05-10 17:33:38.885 11897 11994 I DynamiteModule: Selected remote version of com.google.android.gms.measurement.dynamite, version >= 143
05-10 17:33:38.885 11897 11994 V DynamiteModule: Dynamite loader version >= 2, using loadModule2NoCrashUtils
05-10 17:33:38.912 11897 11994 W System : ClassLoader referenced unknown path:
05-10 17:33:38.912 11897 11994 D nativeloader: Configuring clns-6 for other apk . target_sdk_version=36, uses_libraries=, library_path=/data/app/~~bxj652AJ89x9KDADAl2IMQ==/com.google.android.gms- J7vL75n4Yt8w6iZEj4rShA==/lib/arm64:/data/app/~~bxj652AJ89x9KDADAl2IMQ==/ com.google.android.gms-J7vL75n4Yt8w6iZEj4rShA==/base.apk!/lib/arm64-v8a, permitted_path=/data:/mnt/expand:/data/user/0/com.google.android.gms
05-10 17:33:38.924 11638 11823 D SessionConfigFetcher: Fetched settings: {"settings_version":3,"cache_duration":171697,"features": {"collect_logged_exceptions":true,"collect_reports":true,"collect_analytics":false, "prompt_enabled":false,"push_enabled":false,"firebase_crashlytics_enabled":false,"c ollect_anrs":true,"collect_metric_kit":false,"collect_build_ids":true},"app": {"status":"activated","update_required":false,"report_upload_variant":2,"native_rep ort_upload_variant":2},"fabric": {"org_id":"65f00c8a567bf1f0daf09834","bundle_id":"com.hello.miheapp.secretspace"}," on_demand_upload_rate_per_minute":10,"on_demand_backoff_base":1.2,"on_demand_backof f_step_duration_seconds":60,"app_quality": {"sessions_enabled":true,"sampling_rate":1,"session_timeout_seconds":1800},"on_dema nd_thread_recording_suspension_enabled":true}
05-10 17:33:38.971 11638 11804 D LifecycleServiceBinder: Binding service to application.
05-10 17:33:38.975 11638 11638 I WebViewFactory: Loading com.google.android.webview version 135.0.7049.113 (code 704911333)
05-10 17:33:38.985 11638 11638 W ziparchive: Unable to open '/data/app/~~ajI4HZbefsbdzGMPLZVo7A==/com.google.android.trichromelibrary_704911333 -zlbDUODeJ3gAqu_rHLM7EQ==/base.dm': No such file or directory
05-10 17:33:38.985 11638 11638 W ziparchive: Unable to open '/data/app/~~ajI4HZbefsbdzGMPLZVo7A==/com.google.android.trichromelibrary_704911333 -zlbDUODeJ3gAqu_rHLM7EQ==/base.dm': No such file or directory
05-10 17:33:38.989 11638 11638 W app.secretspace: Entry not found
05-10 17:33:38.991 11638 11638 D nativeloader: Configuring clns-10 for other apk /data/app/~~ajI4HZbefsbdzGMPLZVo7A==/com.google.android.trichromelibrary_704911333- zlbDUODeJ3gAqu_rHLM7EQ==/base.apk. target_sdk_version=35, uses_libraries=ALL, library_path=/data/app/~~1stpesQUKbi0FDhWGg4lFQ==/com.google.android.webview- 70mL8rrjDPZNb8LzSiBcaQ==/lib/arm64:/data/app/~~1stpesQUKbi0FDhWGg4lFQ==/ com.google.android.webview-70mL8rrjDPZNb8LzSiBcaQ==/base.apk!/lib/arm64-v8a:/data/ app/~~ajI4HZbefsbdzGMPLZVo7A==/com.google.android.trichromelibrary_704911333- zlbDUODeJ3gAqu_rHLM7EQ==/base.apk!/lib/arm64-v8a, permitted_path=/data:/mnt/expand
05-10 17:33:39.001 11638 11638 D nativeloader: Configuring clns-11 for other apk /data/app/~~1stpesQUKbi0FDhWGg4lFQ==/com.google.android.webview- 70mL8rrjDPZNb8LzSiBcaQ==/base.apk. target_sdk_version=35, uses_libraries=, library_path=/data/app/~~1stpesQUKbi0FDhWGg4lFQ==/com.google.android.webview- 70mL8rrjDPZNb8LzSiBcaQ==/lib/arm64:/data/app/~~1stpesQUKbi0FDhWGg4lFQ==/ com.google.android.webview-70mL8rrjDPZNb8LzSiBcaQ==/base.apk!/lib/arm64-v8a:/data/ app/~~ajI4HZbefsbdzGMPLZVo7A==/com.google.android.trichromelibrary_704911333- zlbDUODeJ3gAqu_rHLM7EQ==/base.apk!/lib/arm64-v8a, permitted_path=/data:/mnt/expand
05-10 17:33:39.022 11897 12040 E cretspace:black: No package ID 76 found for resource ID 0x760b000f.
05-10 17:33:39.024 11897 12040 I FA : App measurement initialized, version: 121000
05-10 17:33:39.024 11897 12040 I FA : To enable debug logging run: adb shell setprop log.tag.FA VERBOSE
05-10 17:33:39.024 11897 12040 I FA : To enable faster debug mode event logging run:
05-10 17:33:39.024 11897 12040 I FA : adb shell setprop debug.firebase.analytics.app com.hello.miheapp.secretspace
05-10 17:33:39.032 11897 12064 E adservices: getService(): failed to bind to android.adservices.MEASUREMENT_SERVICE on user 0
05-10 17:33:39.033 11897 12064 E adservices: Failed to bind to measurement service: java.lang.IllegalStateException: Unable to find the service
05-10 17:33:39.079 12075 12075 I libc : SetHeapTaggingLevel: tag level set to 0
05-10 17:33:39.083 12075 12075 I .secretspace:p0: Using CollectorTypeCMC GC.
05-10 17:33:39.084 11638 11638 I cr_WVCFactoryProvider: version=135.0.7049.113 (704911333) minSdkVersion=29 isBundle=true multiprocess=true packageId=127
05-10 17:33:39.086 12075 12075 E .secretspace:p0: Not starting debugger since process cannot load the jdwp agent.
05-10 17:33:39.089 12075 12075 D nativeloader: Load libframework-connectivity- tiramisu-jni.so using APEX ns com_android_tethering for caller /apex/com.android.tethering/javalib/framework-connectivity-t.jar: ok
05-10 17:33:39.101 12075 12075 D CompatibilityChangeReporter: Compat change id reported: 171979766; UID 10306; state: ENABLED
05-10 17:33:39.101 12075 12075 D CompatibilityChangeReporter: Compat change id reported: 242716250; UID 10306; state: ENABLED
05-10 17:33:39.102 12075 12075 D Typeface-FontSettings: initFontDefault defaultFontFamily -> RobotoSlab-Regular
05-10 17:33:39.108 12075 12075 D ApplicationLoaders: Returning zygote-cached class loader: /system/framework/android.test.base.jar
05-10 17:33:39.112 12075 12075 D nativeloader: Configuring clns-4 for other apk /system/framework/org.apache.http.legacy.jar. target_sdk_version=34, uses_libraries=ALL, library_path=/data/app/~~u7JpqXiZ60emteZUUJYZ-Q==/com.hello.miheapp.secretspace- gScfIuJj6R6JjgSSkDypOQ==/lib/arm64:/data/app/~~u7JpqXiZ60emteZUUJYZ-Q==/ com.hello.miheapp.secretspace-gScfIuJj6R6JjgSSkDypOQ==/base.apk!/lib/arm64-v8a:/ data/app/~~u7JpqXiZ60emteZUUJYZ-Q==/com.hello.miheapp.secretspace- gScfIuJj6R6JjgSSkDypOQ==/split_config.arm64_v8a.apk!/lib/arm64-v8a:/data/app/ ~~u7JpqXiZ60emteZUUJYZ-Q==/com.hello.miheapp.secretspace-gScfIuJj6R6JjgSSkDypOQ==/ split_config.bn.apk!/lib/arm64-v8a:/data/app/~~u7JpqXiZ60emteZUUJYZ-Q==/ com.hello.miheapp.secretspace-gScfIuJj6R6JjgSSkDypOQ==/split_config.en.apk!/lib/ arm64-v8a:/data/app/~~u7JpqXiZ60emteZUUJYZ-Q==/com.hello.miheapp.secretspace- gScfIuJj6R6JjgSSkDypOQ==/split_config.gu.apk!/lib/arm64-v8a:/data/app/ ~~u7JpqXiZ60emteZUUJYZ-Q==/com.hello.miheapp.secretspace-gScfIuJj6R6JjgSSkDypOQ==/ split_config.hi.apk!/lib/arm64-v8a:/data/app/~~u7JpqXiZ60emteZU
05-10 17:33:39.133 12075 12075 W ziparchive: Unable to open '/data/app/~~u7JpqXiZ60emteZUUJYZ-Q==/com.hello.miheapp.secretspace- gScfIuJj6R6JjgSSkDypOQ==/split_config.arm64_v8a.dm': No such file or directory
05-10 17:33:39.133 12075 12075 W ziparchive: Unable to open '/data/app/~~u7JpqXiZ60emteZUUJYZ-Q==/com.hello.miheapp.secretspace- gScfIuJj6R6JjgSSkDypOQ==/split_config.arm64_v8a.dm': No such file or directory
05-10 17:33:39.133 12075 12075 W .secretspace:p0: Entry not found
05-10 17:33:39.133 12075 12075 W ziparchive: Unable to open '/data/app/~~u7JpqXiZ60emteZUUJYZ-Q==/com.hello.miheapp.secretspace- gScfIuJj6R6JjgSSkDypOQ==/split_config.bn.dm': No such file or directory
05-10 17:33:39.133 12075 12075 W ziparchive: Unable to open '/data/app/~~u7JpqXiZ60emteZUUJYZ-Q==/com.hello.miheapp.secretspace- gScfIuJj6R6JjgSSkDypOQ==/split_config.bn.dm': No such file or directory
05-10 17:33:39.133 12075 12075 W .secretspace:p0: Entry not found
05-10 17:33:39.134 12075 12075 W ziparchive: Unable to open '/data/app/~~u7JpqXiZ60emteZUUJYZ-Q==/com.hello.miheapp.secretspace- gScfIuJj6R6JjgSSkDypOQ==/split_config.en.dm': No such file or directory
05-10 17:33:39.134 12075 12075 W ziparchive: Unable to open '/data/app/~~u7JpqXiZ60emteZUUJYZ-Q==/com.hello.miheapp.secretspace- gScfIuJj6R6JjgSSkDypOQ==/split_config.en.dm': No such file or directory
05-10 17:33:39.134 12075 12075 W .secretspace:p0: Entry not found
05-10 17:33:39.134 12075 12075 W ziparchive: Unable to open '/data/app/~~u7JpqXiZ60emteZUUJYZ-Q==/com.hello.miheapp.secretspace- gScfIuJj6R6JjgSSkDypOQ==/split_config.gu.dm': No such file or directory
05-10 17:33:39.134 12075 12075 W ziparchive: Unable to open '/data/app/~~u7JpqXiZ60emteZUUJYZ-Q==/com.hello.miheapp.secretspace- gScfIuJj6R6JjgSSkDypOQ==/split_config.gu.dm': No such file or directory
05-10 17:33:39.134 12075 12075 W .secretspace:p0: Entry not found
05-10 17:33:39.134 12075 12075 W ziparchive: Unable to open '/data/app/~~u7JpqXiZ60emteZUUJYZ-Q==/com.hello.miheapp.secretspace- gScfIuJj6R6JjgSSkDypOQ==/split_config.hi.dm': No such file or directory
05-10 17:33:39.134 12075 12075 W ziparchive: Unable to open '/data/app/~~u7JpqXiZ60emteZUUJYZ-Q==/com.hello.miheapp.secretspace- gScfIuJj6R6JjgSSkDypOQ==/split_config.hi.dm': No such file or directory
05-10 17:33:39.134 12075 12075 W .secretspace:p0: Entry not found
05-10 17:33:39.135 12075 12075 W ziparchive: Unable to open '/data/app/~~u7JpqXiZ60emteZUUJYZ-Q==/com.hello.miheapp.secretspace- gScfIuJj6R6JjgSSkDypOQ==/split_config.kn.dm': No such file or directory
05-10 17:33:39.135 12075 12075 W ziparchive: Unable to open '/data/app/~~u7JpqXiZ60emteZUUJYZ-Q==/com.hello.miheapp.secretspace- gScfIuJj6R6JjgSSkDypOQ==/split_config.kn.dm': No such file or directory
05-10 17:33:39.135 12075 12075 W .secretspace:p0: Entry not found
05-10 17:33:39.135 12075 12075 W ziparchive: Unable to open '/data/app/~~u7JpqXiZ60emteZUUJYZ-Q==/com.hello.miheapp.secretspace- gScfIuJj6R6JjgSSkDypOQ==/split_config.mr.dm': No such file or directory
05-10 17:33:39.135 12075 12075 W ziparchive: Unable to open '/data/app/~~u7JpqXiZ60emteZUUJYZ-Q==/com.hello.miheapp.secretspace- gScfIuJj6R6JjgSSkDypOQ==/split_config.mr.dm': No such file or directory
05-10 17:33:39.135 12075 12075 W .secretspace:p0: Entry not found
05-10 17:33:39.135 12075 12075 W ziparchive: Unable to open '/data/app/~~u7JpqXiZ60emteZUUJYZ-Q==/com.hello.miheapp.secretspace- gScfIuJj6R6JjgSSkDypOQ==/split_config.ta.dm': No such file or directory
05-10 17:33:39.135 12075 12075 W ziparchive: Unable to open '/data/app/~~u7JpqXiZ60emteZUUJYZ-Q==/com.hello.miheapp.secretspace- gScfIuJj6R6JjgSSkDypOQ==/split_config.ta.dm': No such file or directory
05-10 17:33:39.135 12075 12075 W .secretspace:p0: Entry not found
05-10 17:33:39.135 12075 12075 W ziparchive: Unable to open '/data/app/~~u7JpqXiZ60emteZUUJYZ-Q==/com.hello.miheapp.secretspace- gScfIuJj6R6JjgSSkDypOQ==/split_config.te.dm': No such file or directory
05-10 17:33:39.135 12075 12075 W ziparchive: Unable to open '/data/app/~~u7JpqXiZ60emteZUUJYZ-Q==/com.hello.miheapp.secretspace- gScfIuJj6R6JjgSSkDypOQ==/split_config.te.dm': No such file or directory
05-10 17:33:39.136 12075 12075 W .secretspace:p0: Entry not found
05-10 17:33:39.136 12075 12075 W ziparchive: Unable to open '/data/app/~~u7JpqXiZ60emteZUUJYZ-Q==/com.hello.miheapp.secretspace- gScfIuJj6R6JjgSSkDypOQ==/split_config.xxhdpi.dm': No such file or directory
05-10 17:33:39.136 12075 12075 W ziparchive: Unable to open '/data/app/~~u7JpqXiZ60emteZUUJYZ-Q==/com.hello.miheapp.secretspace- gScfIuJj6R6JjgSSkDypOQ==/split_config.xxhdpi.dm': No such file or directory
05-10 17:33:39.136 12075 12075 W .secretspace:p0: Entry not found
05-10 17:33:39.137 12075 12075 D nativeloader: Configuring clns-5 for other apk /data/app/~~u7JpqXiZ60emteZUUJYZ-Q==/com.hello.miheapp.secretspace- gScfIuJj6R6JjgSSkDypOQ==/base.apk:/data/app/~~u7JpqXiZ60emteZUUJYZ-Q==/ com.hello.miheapp.secretspace-gScfIuJj6R6JjgSSkDypOQ==/ split_config.arm64_v8a.apk:/data/app/~~u7JpqXiZ60emteZUUJYZ-Q==/ com.hello.miheapp.secretspace-gScfIuJj6R6JjgSSkDypOQ==/split_config.bn.apk:/data/ app/~~u7JpqXiZ60emteZUUJYZ-Q==/com.hello.miheapp.secretspace- gScfIuJj6R6JjgSSkDypOQ==/split_config.en.apk:/data/app/~~u7JpqXiZ60emteZUUJYZ-Q==/ com.hello.miheapp.secretspace-gScfIuJj6R6JjgSSkDypOQ==/split_config.gu.apk:/data/ app/~~u7JpqXiZ60emteZUUJYZ-Q==/com.hello.miheapp.secretspace- gScfIuJj6R6JjgSSkDypOQ==/split_config.hi.apk:/data/app/~~u7JpqXiZ60emteZUUJYZ-Q==/ com.hello.miheapp.secretspace-gScfIuJj6R6JjgSSkDypOQ==/split_config.kn.apk:/data/ app/~~u7JpqXiZ60emteZUUJYZ-Q==/com.hello.miheapp.secretspace- gScfIuJj6R6JjgSSkDypOQ==/split_config.mr.apk:/data/app/~~u7JpqXiZ60emteZUUJYZ-Q==/ com.hello.miheapp.secretspace-gScfIuJj6R6JjgSSkDypOQ==/split_
05-10 17:33:39.140 11638 11638 D nativeloader: Load /data/app/~~ajI4HZbefsbdzGMPLZVo7A==/com.google.android.trichromelibrary_704911333- zlbDUODeJ3gAqu_rHLM7EQ==/base.apk!/lib/arm64-v8a/libmonochrome_64.so using ns clns- 11 from class loader (caller=/data/app/~~1stpesQUKbi0FDhWGg4lFQ==/com.google.android.webview- 70mL8rrjDPZNb8LzSiBcaQ==/base.apk): ok
05-10 17:33:39.145 12075 12075 D nativeloader: Load libframework-connectivity- jni.so using APEX ns com_android_tethering for caller /apex/com.android.tethering/javalib/framework-connectivity.jar: ok
05-10 17:33:39.149 12075 12075 V GraphicsEnvironment: Currently set values for:
05-10 17:33:39.149 12075 12075 V GraphicsEnvironment: angle_gl_driver_selection_pkgs=[]
05-10 17:33:39.149 12075 12075 V GraphicsEnvironment: angle_gl_driver_selection_values=[]
05-10 17:33:39.152 12075 12075 V GraphicsEnvironment: ANGLE GameManagerService for com.hello.miheapp.secretspace: false
05-10 17:33:39.152 12075 12075 V GraphicsEnvironment: com.hello.miheapp.secretspace is not listed in per-application setting
05-10 17:33:39.152 12075 12075 V GraphicsEnvironment: Neither updatable production driver nor prerelease driver is supported.
05-10 17:33:39.159 12075 12075 D nativeloader: Load /data/app/~~u7JpqXiZ60emteZUUJYZ-Q==/com.hello.miheapp.secretspace- gScfIuJj6R6JjgSSkDypOQ==/split_config.arm64_v8a.apk!/lib/arm64-v8a/librepublic.so using ns clns-5 from class loader (caller=/data/app/~~u7JpqXiZ60emteZUUJYZ-Q==/com.hello.miheapp.secretspace- gScfIuJj6R6JjgSSkDypOQ==/base.apk): ok
05-10 17:33:39.159 11638 11638 D nativeloader: Load /system/lib64/libwebviewchromium_plat_support.so using ns clns-11 from class loader (caller=/data/app/~~1stpesQUKbi0FDhWGg4lFQ==/com.google.android.webview- 70mL8rrjDPZNb8LzSiBcaQ==/base.apk): ok
05-10 17:33:39.182 11638 12110 E chromium: [0510/173339.179328:ERROR:variations_seed_loader.cc(39)] Seed missing signature.
05-10 17:33:39.210 11638 11638 I cr_LibraryLoader: Successfully loaded native library
05-10 17:33:39.219 11638 11638 I cr_CachingUmaRecorder: Flushed 6 samples from 6 histograms, 0 samples were dropped.
05-10 17:33:39.237 11638 11638 I cr_CombinedPProvider: #registerProvider() provider:WV.V8@67be51 isPolicyCacheEnabled:false policyProvidersSize:0
05-10 17:33:39.251 11638 11638 I cr_PolicyProvider: #setManagerAndSource() 0
05-10 17:33:39.268 12075 12075 W Glide : Failed to find GeneratedAppGlideModule. You should include an annotationProcessor compile dependency on com.github.bumptech.glide:compiler in your application and a @GlideModule annotated AppGlideModule implementation or LibraryGlideModules will be silently ignored
05-10 17:33:39.283 12075 12075 D CompatibilityChangeReporter: Compat change id reported: 183155436; UID 10306; state: ENABLED
05-10 17:33:39.285 12075 12075 D SessionsDependencies: Dependency to CRASHLYTICS added.
05-10 17:33:39.287 12075 12075 I FirebaseApp: Device unlocked: initializing all Firebase APIs for app [DEFAULT]
05-10 17:33:39.336 12075 12153 D ActivityThread: Loading provider com.google.android.gms.chimera: org.microg.gms.chimera.ServiceProvider
05-10 17:33:39.359 12075 12153 D nativeloader: Configuring clns-6 for other apk /system/framework/com.android.location.provider.jar. target_sdk_version=29, uses_libraries=ALL, library_path=/data/user/0/com.hello.miheapp.secretspace/sandbox/data/app/ com.google.android.gms/lib:/data/user/0/com.hello.miheapp.secretspace/sandbox/ data/app/com.google.android.gms/base.apk!/lib/arm64-v8a, permitted_path=/data:/mnt/expand:/data/user/0/com.hello.miheapp.secretspace/ sandbox/data/user/0/com.google.android.gms
05-10 17:33:39.365 12075 12075 D FirebaseSessions: Initializing Firebase Sessions SDK.
05-10 17:33:39.366 12075 12075 I FirebaseCrashlytics: Initializing Firebase Crashlytics 18.6.2 for com.hello.miheapp.secretspace
05-10 17:33:39.367 12075 12075 D CompatibilityChangeReporter: Compat change id reported: 247079863; UID 10306; state: ENABLED
05-10 17:33:39.388 11638 11638 I cr_CombinedPProvider: #linkNativeInternal() 1
05-10 17:33:39.389 11638 11638 I cr_AppResProvider: #getApplicationRestrictionsFromUserManager() Bundle[EMPTY_PARCEL]
05-10 17:33:39.390 11638 11638 I cr_PolicyProvider: #notifySettingsAvailable() 0
05-10 17:33:39.390 11638 11638 I cr_CombinedPProvider: #onSettingsAvailable() 0
05-10 17:33:39.390 11638 11638 I cr_CombinedPProvider: #flushPolicies()
05-10 17:33:39.392 12075 12075 D SessionsDependencies: Subscriber CRASHLYTICS registered.
05-10 17:33:39.416 12075 12187 D SessionConfigFetcher: Fetching settings from server.
05-10 17:33:39.422 12075 12075 I FirebaseApp: FirebaseApp initialization successful
05-10 17:33:39.448 12075 12202 I FirebaseCrashlytics: No version control information found
05-10 17:33:39.451 12075 12153 I .secretspace:p0: Failed to add image file: Failed to find OatDexFile for DexFile /data/app/~~u7JpqXiZ60emteZUUJYZ-Q==/com.hello.miheapp.secretspace- gScfIuJj6R6JjgSSkDypOQ==/base.apk (canonical path /data/app/~~u7JpqXiZ60emteZUUJYZ- Q==/com.hello.miheapp.secretspace-gScfIuJj6R6JjgSSkDypOQ==/base.apk) in OatFile /data/user/0/com.hello.miheapp.secretspace/sandbox/data/app/com.google.android.gms/ oat/arm64/base.vdex
05-10 17:33:39.452 12075 12153 D nativeloader: Configuring clns-7 for other apk /data/user/0/com.hello.miheapp.secretspace/sandbox/data/app/com.google.android.gms/ base.apk. target_sdk_version=29, uses_libraries=, library_path=/data/user/0/com.hello.miheapp.secretspace/sandbox/data/app/ com.google.android.gms/lib:/data/user/0/com.hello.miheapp.secretspace/sandbox/ data/app/com.google.android.gms/base.apk!/lib/arm64-v8a, permitted_path=/data:/mnt/expand:/data/user/0/com.hello.miheapp.secretspace/ sandbox/data/user/0/com.google.android.gms
05-10 17:33:39.456 12075 12153 W DynamiteModule: IDynamite loader version = 2, no high precision latency measurement.
05-10 17:33:39.456 12075 12153 I DynamiteModule: Considering local module com.google.android.gms.measurement.dynamite:100 and remote module com.google.android.gms.measurement.dynamite:98
05-10 17:33:39.456 12075 12153 I DynamiteModule: Selected local version of com.google.android.gms.measurement.dynamite
05-10 17:33:39.459 12075 12153 W DynamiteModule: IDynamite loader version = 2, no high precision latency measurement.
05-10 17:33:39.469 12220 12220 I libc : SetHeapTaggingLevel: tag level set to 0
05-10 17:33:39.473 12220 12220 I secretspace:dex: Using CollectorTypeCMC GC.
05-10 17:33:39.477 12220 12220 E secretspace:dex: Not starting debugger since process cannot load the jdwp agent.
05-10 17:33:39.487 12220 12220 D nativeloader: Load libframework-connectivity- tiramisu-jni.so using APEX ns com_android_tethering for caller /apex/com.android.tethering/javalib/framework-connectivity-t.jar: ok
05-10 17:33:39.502 12220 12220 D CompatibilityChangeReporter: Compat change id reported: 171979766; UID 10306; state: ENABLED
05-10 17:33:39.502 12220 12220 D CompatibilityChangeReporter: Compat change id reported: 242716250; UID 10306; state: ENABLED
05-10 17:33:39.503 12075 12075 D nativeloader: Load /data/app/~~u7JpqXiZ60emteZUUJYZ-Q==/com.hello.miheapp.secretspace- gScfIuJj6R6JjgSSkDypOQ==/split_config.arm64_v8a.apk!/lib/arm64-v8a/libsandbox.so using ns clns-5 from class loader (caller=/data/app/~~u7JpqXiZ60emteZUUJYZ-Q==/com.hello.miheapp.secretspace- gScfIuJj6R6JjgSSkDypOQ==/base.apk): ok
05-10 17:33:39.503 12075 12075 D NativeCore: NativeCore init.
05-10 17:33:39.503 12220 12220 D Typeface-FontSettings: initFontDefault defaultFontFamily -> RobotoSlab-Regular
05-10 17:33:39.503 12075 12075 D NativeCore: found art method entrypoint jni offset: 2
05-10 17:33:39.504 12075 12075 D NativeCore: not found art method match access flags offset , use default: 4
05-10 17:33:39.507 12220 12220 D ApplicationLoaders: Returning zygote-cached class loader: /system/framework/android.test.base.jar
05-10 17:33:39.510 12220 12220 D nativeloader: Configuring clns-4 for other apk /system/framework/org.apache.http.legacy.jar. target_sdk_version=34, uses_libraries=ALL, library_path=/data/app/~~u7JpqXiZ60emteZUUJYZ-Q==/com.hello.miheapp.secretspace- gScfIuJj6R6JjgSSkDypOQ==/lib/arm64:/data/app/~~u7JpqXiZ60emteZUUJYZ-Q==/ com.hello.miheapp.secretspace-gScfIuJj6R6JjgSSkDypOQ==/base.apk!/lib/arm64-v8a:/ data/app/~~u7JpqXiZ60emteZUUJYZ-Q==/com.hello.miheapp.secretspace- gScfIuJj6R6JjgSSkDypOQ==/split_config.arm64_v8a.apk!/lib/arm64-v8a:/data/app/ ~~u7JpqXiZ60emteZUUJYZ-Q==/com.hello.miheapp.secretspace-gScfIuJj6R6JjgSSkDypOQ==/ split_config.bn.apk!/lib/arm64-v8a:/data/app/~~u7JpqXiZ60emteZUUJYZ-Q==/ com.hello.miheapp.secretspace-gScfIuJj6R6JjgSSkDypOQ==/split_config.en.apk!/lib/ arm64-v8a:/data/app/~~u7JpqXiZ60emteZUUJYZ-Q==/com.hello.miheapp.secretspace- gScfIuJj6R6JjgSSkDypOQ==/split_config.gu.apk!/lib/arm64-v8a:/data/app/ ~~u7JpqXiZ60emteZUUJYZ-Q==/com.hello.miheapp.secretspace-gScfIuJj6R6JjgSSkDypOQ==/ split_config.hi.apk!/lib/arm64-v8a:/data/app/~~u7JpqXiZ60emteZU
05-10 17:33:39.524 12220 12220 W ziparchive: Unable to open '/data/app/~~u7JpqXiZ60emteZUUJYZ-Q==/com.hello.miheapp.secretspace- gScfIuJj6R6JjgSSkDypOQ==/split_config.arm64_v8a.dm': No such file or directory
05-10 17:33:39.524 12220 12220 W ziparchive: Unable to open '/data/app/~~u7JpqXiZ60emteZUUJYZ-Q==/com.hello.miheapp.secretspace- gScfIuJj6R6JjgSSkDypOQ==/split_config.arm64_v8a.dm': No such file or directory
05-10 17:33:39.525 12220 12220 W secretspace:dex: Entry not found
05-10 17:33:39.525 12220 12220 W ziparchive: Unable to open '/data/app/~~u7JpqXiZ60emteZUUJYZ-Q==/com.hello.miheapp.secretspace- gScfIuJj6R6JjgSSkDypOQ==/split_config.bn.dm': No such file or directory
05-10 17:33:39.525 12220 12220 W ziparchive: Unable to open '/data/app/~~u7JpqXiZ60emteZUUJYZ-Q==/com.hello.miheapp.secretspace- gScfIuJj6R6JjgSSkDypOQ==/split_config.bn.dm': No such file or directory
05-10 17:33:39.525 12220 12220 W secretspace:dex: Entry not found
05-10 17:33:39.526 12220 12220 W ziparchive: Unable to open '/data/app/~~u7JpqXiZ60emteZUUJYZ-Q==/com.hello.miheapp.secretspace- gScfIuJj6R6JjgSSkDypOQ==/split_config.en.dm': No such file or directory
05-10 17:33:39.526 12220 12220 W ziparchive: Unable to open '/data/app/~~u7JpqXiZ60emteZUUJYZ-Q==/com.hello.miheapp.secretspace- gScfIuJj6R6JjgSSkDypOQ==/split_config.en.dm': No such file or directory
05-10 17:33:39.526 12220 12220 W secretspace:dex: Entry not found
05-10 17:33:39.526 12220 12220 W ziparchive: Unable to open '/data/app/~~u7JpqXiZ60emteZUUJYZ-Q==/com.hello.miheapp.secretspace- gScfIuJj6R6JjgSSkDypOQ==/split_config.gu.dm': No such file or directory
05-10 17:33:39.526 12220 12220 W ziparchive: Unable to open '/data/app/~~u7JpqXiZ60emteZUUJYZ-Q==/com.hello.miheapp.secretspace- gScfIuJj6R6JjgSSkDypOQ==/split_config.gu.dm': No such file or directory
05-10 17:33:39.526 12220 12220 W secretspace:dex: Entry not found
05-10 17:33:39.526 12220 12220 W ziparchive: Unable to open '/data/app/~~u7JpqXiZ60emteZUUJYZ-Q==/com.hello.miheapp.secretspace- gScfIuJj6R6JjgSSkDypOQ==/split_config.hi.dm': No such file or directory
05-10 17:33:39.526 12220 12220 W ziparchive: Unable to open '/data/app/~~u7JpqXiZ60emteZUUJYZ-Q==/com.hello.miheapp.secretspace- gScfIuJj6R6JjgSSkDypOQ==/split_config.hi.dm': No such file or directory
05-10 17:33:39.527 12220 12220 W secretspace:dex: Entry not found
05-10 17:33:39.528 12220 12220 W ziparchive: Unable to open '/data/app/~~u7JpqXiZ60emteZUUJYZ-Q==/com.hello.miheapp.secretspace- gScfIuJj6R6JjgSSkDypOQ==/split_config.kn.dm': No such file or directory
05-10 17:33:39.528 12220 12220 W ziparchive: Unable to open '/data/app/~~u7JpqXiZ60emteZUUJYZ-Q==/com.hello.miheapp.secretspace- gScfIuJj6R6JjgSSkDypOQ==/split_config.kn.dm': No such file or directory
05-10 17:33:39.528 12220 12220 W secretspace:dex: Entry not found
05-10 17:33:39.528 12220 12220 W ziparchive: Unable to open '/data/app/~~u7JpqXiZ60emteZUUJYZ-Q==/com.hello.miheapp.secretspace- gScfIuJj6R6JjgSSkDypOQ==/split_config.mr.dm': No such file or directory
05-10 17:33:39.528 12220 12220 W ziparchive: Unable to open '/data/app/~~u7JpqXiZ60emteZUUJYZ-Q==/com.hello.miheapp.secretspace- gScfIuJj6R6JjgSSkDypOQ==/split_config.mr.dm': No such file or directory
05-10 17:33:39.529 12220 12220 W secretspace:dex: Entry not found
05-10 17:33:39.529 12220 12220 W ziparchive: Unable to open '/data/app/~~u7JpqXiZ60emteZUUJYZ-Q==/com.hello.miheapp.secretspace- gScfIuJj6R6JjgSSkDypOQ==/split_config.ta.dm': No such file or directory
05-10 17:33:39.529 12220 12220 W ziparchive: Unable to open '/data/app/~~u7JpqXiZ60emteZUUJYZ-Q==/com.hello.miheapp.secretspace- gScfIuJj6R6JjgSSkDypOQ==/split_config.ta.dm': No such file or directory
05-10 17:33:39.529 12220 12220 W secretspace:dex: Entry not found
05-10 17:33:39.529 12220 12220 W ziparchive: Unable to open '/data/app/~~u7JpqXiZ60emteZUUJYZ-Q==/com.hello.miheapp.secretspace- gScfIuJj6R6JjgSSkDypOQ==/split_config.te.dm': No such file or directory
05-10 17:33:39.529 12220 12220 W ziparchive: Unable to open '/data/app/~~u7JpqXiZ60emteZUUJYZ-Q==/com.hello.miheapp.secretspace- gScfIuJj6R6JjgSSkDypOQ==/split_config.te.dm': No such file or directory
05-10 17:33:39.529 12220 12220 W secretspace:dex: Entry not found
05-10 17:33:39.529 12220 12220 W ziparchive: Unable to open '/data/app/~~u7JpqXiZ60emteZUUJYZ-Q==/com.hello.miheapp.secretspace- gScfIuJj6R6JjgSSkDypOQ==/split_config.xxhdpi.dm': No such file or directory
05-10 17:33:39.529 12220 12220 W ziparchive: Unable to open '/data/app/~~u7JpqXiZ60emteZUUJYZ-Q==/com.hello.miheapp.secretspace- gScfIuJj6R6JjgSSkDypOQ==/split_config.xxhdpi.dm': No such file or directory
05-10 17:33:39.530 12220 12220 W secretspace:dex: Entry not found
05-10 17:33:39.530 12220 12220 D nativeloader: Configuring clns-5 for other apk /data/app/~~u7JpqXiZ60emteZUUJYZ-Q==/com.hello.miheapp.secretspace- gScfIuJj6R6JjgSSkDypOQ==/base.apk:/data/app/~~u7JpqXiZ60emteZUUJYZ-Q==/ com.hello.miheapp.secretspace-gScfIuJj6R6JjgSSkDypOQ==/ split_config.arm64_v8a.apk:/data/app/~~u7JpqXiZ60emteZUUJYZ-Q==/ com.hello.miheapp.secretspace-gScfIuJj6R6JjgSSkDypOQ==/split_config.bn.apk:/data/ app/~~u7JpqXiZ60emteZUUJYZ-Q==/com.hello.miheapp.secretspace- gScfIuJj6R6JjgSSkDypOQ==/split_config.en.apk:/data/app/~~u7JpqXiZ60emteZUUJYZ-Q==/ com.hello.miheapp.secretspace-gScfIuJj6R6JjgSSkDypOQ==/split_config.gu.apk:/data/ app/~~u7JpqXiZ60emteZUUJYZ-Q==/com.hello.miheapp.secretspace- gScfIuJj6R6JjgSSkDypOQ==/split_config.hi.apk:/data/app/~~u7JpqXiZ60emteZUUJYZ-Q==/ com.hello.miheapp.secretspace-gScfIuJj6R6JjgSSkDypOQ==/split_config.kn.apk:/data/ app/~~u7JpqXiZ60emteZUUJYZ-Q==/com.hello.miheapp.secretspace- gScfIuJj6R6JjgSSkDypOQ==/split_config.mr.apk:/data/app/~~u7JpqXiZ60emteZUUJYZ-Q==/ com.hello.miheapp.secretspace-gScfIuJj6R6JjgSSkDypOQ==/split_
05-10 17:33:39.544 12220 12220 D nativeloader: Load libframework-connectivity- jni.so using APEX ns com_android_tethering for caller /apex/com.android.tethering/javalib/framework-connectivity.jar: ok
05-10 17:33:39.551 12220 12220 V GraphicsEnvironment: Currently set values for:
05-10 17:33:39.551 12220 12220 V GraphicsEnvironment: angle_gl_driver_selection_pkgs=[]
05-10 17:33:39.551 12220 12220 V GraphicsEnvironment: angle_gl_driver_selection_values=[]
05-10 17:33:39.552 12220 12220 V GraphicsEnvironment: ANGLE GameManagerService for com.hello.miheapp.secretspace: false
05-10 17:33:39.552 12220 12220 V GraphicsEnvironment: com.hello.miheapp.secretspace is not listed in per-application setting
05-10 17:33:39.552 12220 12220 V GraphicsEnvironment: Neither updatable production driver nor prerelease driver is supported.
05-10 17:33:39.557 12075 12221 I FA : App measurement initialized, version: 84002
05-10 17:33:39.557 12075 12221 I FA : To enable debug logging run: adb shell setprop log.tag.FA VERBOSE
05-10 17:33:39.558 12075 12221 I FA : To enable faster debug mode event logging run:
05-10 17:33:39.558 12075 12221 I FA : adb shell setprop debug.firebase.analytics.app com.hello.miheapp.secretspace
05-10 17:33:39.560 12220 12220 D nativeloader: Load /data/app/~~u7JpqXiZ60emteZUUJYZ-Q==/com.hello.miheapp.secretspace- gScfIuJj6R6JjgSSkDypOQ==/split_config.arm64_v8a.apk!/lib/arm64-v8a/librepublic.so using ns clns-5 from class loader (caller=/data/app/~~u7JpqXiZ60emteZUUJYZ-Q==/com.hello.miheapp.secretspace- gScfIuJj6R6JjgSSkDypOQ==/base.apk): ok
05-10 17:33:39.563 12075 12075 E NativeCore: not native method
05-10 17:33:39.563 12075 12075 E NativeCore: check flags error. class:java/io/UnixFileSystem, method:canonicalize0
05-10 17:33:39.563 12075 12075 D NativeCore: register class:java/io/UnixFileSystem, method:getBooleanAttributes0 success!
05-10 17:33:39.563 12075 12075 D NativeCore: register class:java/io/UnixFileSystem, method:getLastModifiedTime0 success!
05-10 17:33:39.563 12075 12075 D NativeCore: register class:java/io/UnixFileSystem, method:setPermission0 success!
05-10 17:33:39.563 12075 12075 D NativeCore: register class:java/io/UnixFileSystem, method:createFileExclusively0 success!
05-10 17:33:39.563 12075 12075 D NativeCore: register class:java/io/UnixFileSystem, method:list0 success!
05-10 17:33:39.563 12075 12075 D NativeCore: register class:java/io/UnixFileSystem, method:createDirectory0 success!
05-10 17:33:39.563 12075 12075 D NativeCore: register class:java/io/UnixFileSystem, method:setLastModifiedTime0 success!
05-10 17:33:39.563 12075 12075 D NativeCore: register class:java/io/UnixFileSystem, method:setReadOnly0 success!
05-10 17:33:39.563 12075 12075 D NativeCore: register class:java/io/UnixFileSystem, method:getSpace0 success!
05-10 17:33:39.564 12075 12075 D NativeCore: register class:java/lang/VMClassLoader, method:findLoadedClass success!
05-10 17:33:39.564 12075 12075 D NativeCore: register class:android/os/Binder, method:getCallingUid success!
05-10 17:33:39.564 12075 12075 D NativeCore: register class:dalvik/system/VMRuntime, method:setHiddenApiExemptions success!
05-10 17:33:39.564 12075 12075 D NativeCore: register class:dalvik/system/DexFile, method:openDexFileNative success!
05-10 17:33:39.579 12220 12220 W Glide : Failed to find GeneratedAppGlideModule. You should include an annotationProcessor compile dependency on com.github.bumptech.glide:compiler in your application and a @GlideModule annotated AppGlideModule implementation or LibraryGlideModules will be silently ignored
05-10 17:33:39.584 12220 12220 D CompatibilityChangeReporter: Compat change id reported: 183155436; UID 10306; state: ENABLED
05-10 17:33:39.586 12220 12220 D SessionsDependencies: Dependency to CRASHLYTICS added.
05-10 17:33:39.587 12220 12220 I FirebaseApp: Device unlocked: initializing all Firebase APIs for app [DEFAULT]
05-10 17:33:39.592 12220 12220 I FirebaseCrashlytics: Initializing Firebase Crashlytics 18.6.2 for com.hello.miheapp.secretspace
05-10 17:33:39.592 12220 12220 D CompatibilityChangeReporter: Compat change id reported: 247079863; UID 10306; state: ENABLED
05-10 17:33:39.598 12220 12220 D SessionsDependencies: Subscriber CRASHLYTICS registered.
05-10 17:33:39.602 12075 12221 D CompatibilityChangeReporter: Compat change id reported: 183155436; UID 10306; state: ENABLED
05-10 17:33:39.615 12075 12221 W FA : Table has extra columns. table, columns: messages, app_version, app_version_int
05-10 17:33:39.634 12220 12275 I DynamiteModule: Considering local module com.google.android.gms.measurement.dynamite:100 and remote module com.google.android.gms.measurement.dynamite:143
05-10 17:33:39.634 12220 12275 I DynamiteModule: Selected remote version of com.google.android.gms.measurement.dynamite, version >= 143
05-10 17:33:39.634 12220 12275 V DynamiteModule: Dynamite loader version >= 2, using loadModule2NoCrashUtils
05-10 17:33:39.646 12220 12275 W System : ClassLoader referenced unknown path:
05-10 17:33:39.647 12220 12275 D nativeloader: Configuring clns-6 for other apk . target_sdk_version=36, uses_libraries=, library_path=/data/app/~~bxj652AJ89x9KDADAl2IMQ==/com.google.android.gms- J7vL75n4Yt8w6iZEj4rShA==/lib/arm64:/data/app/~~bxj652AJ89x9KDADAl2IMQ==/ com.google.android.gms-J7vL75n4Yt8w6iZEj4rShA==/base.apk!/lib/arm64-v8a, permitted_path=/data:/mnt/expand:/data/user/0/com.google.android.gms
05-10 17:33:39.663 11638 11638 D CompatibilityChangeReporter: Compat change id reported: 214741472; UID 10306; state: ENABLED
05-10 17:33:39.671 11638 11638 D CompatibilityChangeReporter: Compat change id reported: 171228096; UID 10306; state: ENABLED
05-10 17:33:39.704 12220 12282 I FirebaseCrashlytics: No version control information found
05-10 17:33:39.706 12220 12220 D FirebaseSessions: Initializing Firebase Sessions SDK.
