01-14 19:54:20.109 30763 30966 V threaded_app: New input event: type=2
01-14 19:54:20.109 30763 30966 V threaded_app: New input event: type=2
01-14 19:54:20.364 30763 31165 I AudioManager: In isBluetoothScoOn(), calling
application: com.ranger.cheat
01-14 19:54:20.604 30763 30763 V threaded_app: WindowFocusChanged:
0xb400007ab0320380 -- 0
01-14 19:54:20.606 30763 30966 D UE4 : Case APP_CMD_LOST_FOCUS
01-14 19:54:20.871 30763 30909 D ranger.cheat:p:
TrackPlayerBase::applyVolumeShaper() from IPlayer
01-14 19:54:21.639 30763 31165 I AudioManager: In isBluetoothScoOn(), calling
application: com.ranger.cheat
01-14 19:54:21.883 30763 30909 D ranger.cheat:p:
TrackPlayerBase::applyVolumeShaper() from IPlayer
01-14 19:54:22.552 30763 30763 V threaded_app: WindowFocusChanged:
0xb400007ab0320380 -- 1
01-14 19:54:22.552 30763 30966 D UE4 : Case APP_CMD_GAINED_FOCUS
01-14 19:54:22.795 30763 30966 V threaded_app: New input event: type=2
01-14 19:54:22.843 30763 30966 V threaded_app: New input event: type=2
01-14 19:54:22.867 30763 30966 V threaded_app: New input event: type=2
01-14 19:54:22.884 30763 30966 V threaded_app: New input event: type=2
01-14 19:54:22.900 30763 30966 V threaded_app: New input event: type=2
01-14 19:54:22.917 30763 30966 V threaded_app: New input event: type=2
01-14 19:54:22.920 30763 31165 I AudioManager: In isBluetoothScoOn(), calling
application: com.ranger.cheat
01-14 19:54:22.934 30763 30966 V threaded_app: New input event: type=2
01-14 19:54:22.943 30763 30966 V threaded_app: New input event: type=2
01-14 19:54:22.944 30763 30966 V threaded_app: New input event: type=2
01-14 19:54:24.200 30763 31165 I AudioManager: In isBluetoothScoOn(), calling
application: com.ranger.cheat
01-14 19:54:25.350 30763 30763 V threaded_app: WindowFocusChanged:
0xb400007ab0320380 -- 0
01-14 19:54:25.351 30763 30966 D UE4 : Case APP_CMD_LOST_FOCUS
01-14 19:54:25.481 30763 31165 I AudioManager: In isBluetoothScoOn(), calling
application: com.ranger.cheat
01-14 19:54:25.537 30763 30763 V threaded_app: Pause: 0xb400007ab0320380
01-14 19:54:25.537 30763 30966 V threaded_app: activityState=13
01-14 19:54:25.537 30763 30966 D UE4 : Case APP_CMD_PAUSE
01-14 19:54:25.537 30763 30763 V SystemSensorManagerExtImpl: unRegisterListener by
com.epicgames.ue4.GameActivity
01-14 19:54:25.555 30763 30763 I : genericobserver pos:0
className:com.blue.dm.hdmpve.lifecycle.PluginReportLifecycle
01-14 19:54:25.568 30763 30763 I HDmpve : onPause
01-14 19:54:25.568 30763 30763 I : genericobserver pos:0
className:com.blue.dm.hdmpve.lifecycle.PluginReportLifecycle
01-14 19:54:25.568 30763 30763 I HDmpvePluginManger: onPause
01-14 19:54:25.569 30763 31165 D AudioTrack: stop(11684): prior state:STATE_ACTIVE
output 13 stream 3 session 82281
01-14 19:54:25.569 30763 31165 D AudioTrack: stop(11684): called with 25929216
frames delivered
01-14 19:54:25.570 30763 31165 D AudioTrack: ~AudioTrack, releasing mStatus =0
session id 82281 from 30763 on behalf of 30763
01-14 19:54:25.570 30763 31165 D AudioTrack: stop(11684): prior state:STATE_STOPPED
output 13 stream 3 session 82281
01-14 19:54:25.571 30763 30763 I RoosterJava: call rooster pause interface
01-14 19:54:25.640 30763 30763 V threaded_app: NativeWindowDestroyed:
0xb400007ab0320380 -- 0xb400007a35942010
01-14 19:54:25.673 30763 30966 V threaded_app: APP_CMD_TERM_WINDOW
01-14 19:54:25.673 30763 30966 D UE4 : Case APP_CMD_TERM_WINDOW, tid = 30966
01-14 19:54:25.773 30763 30965 E BLASTBufferQueue:
BLASTBufferItemConsumer::onDisconnect()
01-14 19:54:25.773 30763 30966 V threaded_app: APP_CMD_TERM_WINDOW
01-14 19:54:25.778 30763 30892 E BLASTBufferQueue:
BLASTBufferItemConsumer::onDisconnect()
01-14 19:54:25.904 30763 30763 V threaded_app: Stop: 0xb400007ab0320380
01-14 19:54:25.904 30763 30966 V threaded_app: activityState=14
01-14 19:54:25.904 30763 30966 D UE4 : Case APP_CMD_STOP
01-14 19:54:25.904 30763 30763 I : genericobserver pos:0
className:com.blue.dm.hdmpve.lifecycle.PluginReportLifecycle
01-14 19:54:25.905 30763 30763 E HDmpve : OnStop
01-14 19:54:25.906 30763 30763 I : genericobserver pos:0
className:com.blue.dm.hdmpve.lifecycle.PluginReportLifecycle
01-14 19:54:25.912 30763 30763 V threaded_app: SaveInstanceState:
0xb400007ab0320380
01-14 19:54:25.913 30763 30966 D UE4 : Case APP_CMD_SAVE_STATE
01-14 19:54:25.913 30763 30966 V threaded_app: APP_CMD_SAVE_STATE
01-14 19:54:34.013 30763 30763 V threaded_app: Start: 0xb400007ab0320380
01-14 19:54:34.014 30763 30966 V threaded_app: activityState=10
01-14 19:54:34.014 30763 30966 D UE4 : Case APP_CMD_START
01-14 19:54:34.014 30763 30763 I : genericobserver pos:0
className:com.blue.dm.hdmpve.lifecycle.PluginReportLifecycle
01-14 19:54:34.014 30763 30763 E HDmpve : OnStart
01-14 19:54:34.014 30763 30763 I : genericobserver pos:0
className:com.blue.dm.hdmpve.lifecycle.PluginReportLifecycle
01-14 19:54:34.014 30763 30763 D FirebaseRemoteConfigImplJava: devmode false
01-14 19:54:34.014 30763 30763 D FirebaseRemoteConfigImplJava: cacheseconds 900
01-14 19:54:34.023 30763 30763 V threaded_app: Resume: 0xb400007ab0320380
01-14 19:54:34.023 30763 30966 V threaded_app: activityState=11
01-14 19:54:34.023 30763 30966 D UE4 : Case APP_CMD_RESUME
01-14 19:54:34.023 30763 30763 V SystemSensorManagerExtImpl: RegisterListener
bmi26x Accelerometer Non-wakeup type:1 delay:20000us by
com.epicgames.ue4.GameActivity
01-14 19:54:34.048 30763 30763 V SystemSensorManagerExtImpl: RegisterListener
mmc5603x Magnetometer Non-wakeup type:2 delay:20000us by
com.epicgames.ue4.GameActivity
01-14 19:54:34.087 30763 30763 V SystemSensorManagerExtImpl: RegisterListener
bmi26x Gyroscope Non-wakeup type:4 delay:20000us by com.epicgames.ue4.GameActivity
01-14 19:54:34.120 30763 30763 V SystemSensorManagerExtImpl: RegisterListener Game
Rotation Vector Non-wakeup type:15 delay:20000us by com.epicgames.ue4.GameActivity
01-14 19:54:34.182 30763 30763 I : genericobserver pos:0
className:com.blue.dm.hdmpve.lifecycle.PluginReportLifecycle
01-14 19:54:34.182 30763 30763 I HDmpve : onResume
01-14 19:54:34.182 30763 30763 I : genericobserver pos:0
className:com.blue.dm.hdmpve.lifecycle.PluginReportLifecycle
01-14 19:54:34.182 30763 30763 I HDmpvePluginManger: onResume
01-14 19:54:34.184 30763 30763 I RoosterJava: call rooster resume interface
01-14 19:54:34.184 30763 30763 D AudioManager: setMode mode=0 from com.ranger.cheat
01-14 19:54:34.186 30763 30763 I AudioManager: In setSpeakerphoneOn(), on: true,
calling application: com.ranger.cheat
01-14 19:54:34.188 30763 30763 I Quality : ActivityThread: activityResume delay 169
com.pubg.imobile 30763
01-14 19:54:34.193 29520 29881 D ActivityStack: onActivityResumed :
ComponentInfo{com.pubg.imobile/com.epicgames.ue4.GameActivity}
01-14 19:54:34.194 30763 30763 I Quality : Skipped: false 17 cost 190.20941
refreshRate 0 processName com.pubg.imobile
01-14 19:54:34.230 30763 30763 V threaded_app: NativeWindowCreated:
0xb400007ab0320380 -- 0xb400007a35942010
01-14 19:54:34.230 30763 30966 V threaded_app: APP_CMD_INIT_WINDOW
01-14 19:54:34.231 30763 30763 V threaded_app: NativeWindowResized:
0xb400007ab0320380 -- 0xb400007a35942010
01-14 19:54:34.231 30763 30763 V threaded_app: NativeWindowRedrawNeeded:
0xb400007ab0320380 -- 0xb400007a35942010
01-14 19:54:34.233 30763 30966 D UE4 : Case APP_CMD_INIT_WINDOW
01-14 19:54:34.243 30763 30763 I Quality : Skipped: false 1 cost 16.689507
refreshRate 0 processName com.pubg.imobile
01-14 19:54:34.244 30763 31079 D SurfaceComposerClient: VRR [FRTC] client handle
[bufferId:18446744073709551615 framenumber:0] [ffffffff, ffffffff]
01-14 19:54:34.262 30763 30892 E BLASTBufferQueue:
BLASTBufferItemConsumer::onDisconnect()
01-14 19:54:34.272 30763 30763 D FirebaseRemoteConfigImplJava: remoteConfig
complete with success
01-14 19:54:34.288 30763 30763 V threaded_app: WindowFocusChanged:
0xb400007ab0320380 -- 1
01-14 19:54:34.334 30763 30966 D UE4 : Case APP_CMD_WINDOW_RESIZED
01-14 19:54:34.334 30763 30966 D UE4 : Case APP_CMD_WINDOW_REDRAW_NEEDED
01-14 19:54:34.334 30763 30966 D UE4 : Case APP_CMD_GAINED_FOCUS
01-14 19:54:34.514 29479 29591 E BLASTBufferQueue:
BLASTBufferItemConsumer::onDisconnect()
01-14 19:54:34.750 30763 30892 E BLASTBufferQueue:
BLASTBufferItemConsumer::onDisconnect()
01-14 19:54:34.769 30763 30965 D AudioManagerExtImpl: getStreamVolume
packageName=com.ranger.cheat, index=4, streamType=3
01-14 19:54:34.782 30763 31165 D ranger.cheat:p: PlayerBase::PlayerBase()
01-14 19:54:34.783 30763 31165 D ranger.cheat:p: TrackPlayerBase::TrackPlayerBase()
01-14 19:54:34.783 30763 31165 W libOpenSLES: Leaving Object::GetInterface
(SL_RESULT_FEATURE_UNSUPPORTED)
01-14 19:54:34.783 30763 31165 I libOpenSLES: android_audioPlayer_realize, channel
mask 0x3
01-14 19:54:34.783 30763 31165 I libOpenSLES: android_audioPlayer_realize, create
default channel mask 0x3, channels 2
01-14 19:54:34.783 30763 31165 I libOpenSLES: Emulating old channel mask behavior
(ignoring positional mask 0x3, using default mask 0x3 based on channel count of 2)
01-14 19:54:34.783 30763 31165 D AudioTrackExtImpl: AudioTrackExtImpl init
01-14 19:54:34.783 30763 31165 D AudioTrack: set() streamType 3, sampleRate 48000,
format 0x1, channelMask 0x3, frameCount 0, flags #104, notificationFrames -20,
sessionId 82377, transferType 0, uid -1, pid -1 cbf 1
01-14 19:54:34.783 30763 31165 W AudioTrack: set(): notificationFrames=-20 clamped
to the range -1 to -8
01-14 19:54:34.799 30763 31165 E AudioSystem: invalid attributes { Content type:
AUDIO_CONTENT_TYPE_UNKNOWN Usage: AUDIO_USAGE_UNKNOWN Source: AUDIO_SOURCE_DEFAULT
Flags: 0x0 Tags: } when converting to stream
01-14 19:54:34.801 30763 31165 I AudioTrack: createTrack_l(11684):
AUDIO_OUTPUT_FLAG_FAST successful; frameCount 0 -> 1536
01-14 19:54:34.801 30763 31165 I AudioTrack: createTrack_l(11694) on outputId(13) :
0xb400007a91569000, mCblk = 0x7b4fea6000, mLatency = 114, mAfLatency = 82,
frameCount = 1536, mSampleRate = 48000, mFlags = 0x4, mReqFrameCount = 1536,
mNotificationFramesAct = 192
01-14 19:54:34.802 30763 31165 E ListServiceUtils: checkInListByUid module:audio-
choppy-boost uid:10349 cost 1117us return (null)
01-14 19:54:34.818 29479 29591 E BLASTBufferQueue:
BLASTBufferItemConsumer::onDisconnect()
01-14 19:54:34.830 30763 31165 D AudioTrack: start(11694): prior
state:STATE_STOPPED output 13 stream 3 session 82377
01-14 19:54:34.888 29479 29479 I Choreographer: Skipped 35 frames! The application
may be doing too much work on its main thread.
01-14 19:54:34.910 30763 31153 D SurfaceComposerClient: VRR [FRTC] client handle
[bufferId:18446744073709551615 framenumber:0] [ffffffff, ffffffff]
01-14 19:54:35.077 29479 29591 E BLASTBufferQueue:
BLASTBufferItemConsumer::onDisconnect()
01-14 19:54:35.119 29479 29591 E BLASTBufferQueue:
BLASTBufferItemConsumer::onDisconnect()
01-14 19:54:35.174 29479 29591 E BLASTBufferQueue:
BLASTBufferItemConsumer::onDisconnect()
01-14 19:54:36.006 30763 31165 I AudioManager: In isBluetoothScoOn(), calling
application: com.ranger.cheat
01-14 19:54:37.287 30763 31165 I AudioManager: In isBluetoothScoOn(), calling
application: com.ranger.cheat
01-14 19:54:38.567 30763 31165 I AudioManager: In isBluetoothScoOn(), calling
application: com.ranger.cheat
01-14 19:54:39.846 30763 31165 I AudioManager: In isBluetoothScoOn(), calling
application: com.ranger.cheat
01-14 19:54:41.126 30763 31165 I AudioManager: In isBluetoothScoOn(), calling
application: com.ranger.cheat
01-14 19:54:42.406 30763 31165 I AudioManager: In isBluetoothScoOn(), calling
application: com.ranger.cheat
01-14 19:54:43.686 30763 31165 I AudioManager: In isBluetoothScoOn(), calling
application: com.ranger.cheat
01-14 19:54:44.966 30763 31165 I AudioManager: In isBluetoothScoOn(), calling
application: com.ranger.cheat
01-14 19:54:46.247 30763 31165 I AudioManager: In isBluetoothScoOn(), calling
application: com.ranger.cheat
01-14 19:54:47.526 30763 31165 I AudioManager: In isBluetoothScoOn(), calling
application: com.ranger.cheat
01-14 19:54:48.806 30763 31165 I AudioManager: In isBluetoothScoOn(), calling
application: com.ranger.cheat
01-14 19:54:48.947 30763 30966 V threaded_app: New input event: type=2
01-14 19:54:48.978 30763 30966 V threaded_app: New input event: type=2
01-14 19:54:49.004 30763 30966 V threaded_app: New input event: type=2
01-14 19:54:49.018 30763 30966 V threaded_app: New input event: type=2
01-14 19:54:49.034 30763 30966 V threaded_app: New input event: type=2
01-14 19:54:49.052 30763 30966 V threaded_app: New input event: type=2
01-14 19:54:49.068 30763 30966 V threaded_app: New input event: type=2
01-14 19:54:49.085 30763 30966 V threaded_app: New input event: type=2
01-14 19:54:49.101 30763 30966 V threaded_app: New input event: type=2
01-14 19:54:49.111 30763 30966 V threaded_app: New input event: type=2
01-14 19:54:49.112 30763 30966 V threaded_app: New input event: type=2
01-14 19:54:49.279 30763 30966 V threaded_app: New input event: type=2
01-14 19:54:49.429 30763 30966 V threaded_app: New input event: type=2
01-14 19:54:49.528 30763 30966 V threaded_app: New input event: type=2
01-14 19:54:49.551 30763 30966 V threaded_app: New input event: type=2
01-14 19:54:49.562 30763 30966 V threaded_app: New input event: type=2
01-14 19:54:49.562 30763 30966 V threaded_app: New input event: type=2
01-14 19:54:49.762 30763 30966 V threaded_app: New input event: type=2
01-14 19:54:49.835 30763 30966 V threaded_app: New input event: type=2
01-14 19:54:49.851 30763 30966 V threaded_app: New input event: type=2
01-14 19:54:49.869 30763 30966 V threaded_app: New input event: type=2
01-14 19:54:49.886 30763 30966 V threaded_app: New input event: type=2
01-14 19:54:49.902 30763 30966 V threaded_app: New input event: type=2
01-14 19:54:49.918 30763 30966 V threaded_app: New input event: type=2
01-14 19:54:49.935 30763 30966 V threaded_app: New input event: type=2
01-14 19:54:49.952 30763 30966 V threaded_app: New input event: type=2
01-14 19:54:49.968 30763 30966 V threaded_app: New input event: type=2
01-14 19:54:49.985 30763 30966 V threaded_app: New input event: type=2
01-14 19:54:50.002 30763 30966 V threaded_app: New input event: type=2
01-14 19:54:50.018 30763 30966 V threaded_app: New input event: type=2
01-14 19:54:50.028 30763 30966 V threaded_app: New input event: type=2
01-14 19:54:50.029 30763 30966 V threaded_app: New input event: type=2
01-14 19:54:50.086 30763 31165 I AudioManager: In isBluetoothScoOn(), calling
application: com.ranger.cheat
01-14 19:54:50.380 30763 30966 V threaded_app: New input event: type=2
01-14 19:54:50.420 30763 30966 V threaded_app: New input event: type=2
01-14 19:54:50.436 30763 30966 V threaded_app: New input event: type=2
01-14 19:54:50.452 30763 30966 V threaded_app: New input event: type=2
01-14 19:54:50.469 30763 30966 V threaded_app: New input event: type=2
01-14 19:54:50.485 30763 30966 V threaded_app: New input event: type=2
01-14 19:54:50.502 30763 30966 V threaded_app: New input event: type=2
01-14 19:54:50.518 30763 30966 V threaded_app: New input event: type=2
01-14 19:54:50.535 30763 30966 V threaded_app: New input event: type=2
01-14 19:54:50.552 30763 30966 V threaded_app: New input event: type=2
01-14 19:54:50.569 30763 30966 V threaded_app: New input event: type=2
01-14 19:54:50.586 30763 30966 V threaded_app: New input event: type=2
01-14 19:54:50.596 30763 30966 V threaded_app: New input event: type=2
01-14 19:54:50.597 30763 30966 V threaded_app: New input event: type=2
01-14 19:54:50.779 30763 30966 V threaded_app: New input event: type=2
01-14 19:54:50.819 30763 30966 V threaded_app: New input event: type=2
01-14 19:54:50.835 30763 30966 V threaded_app: New input event: type=2
01-14 19:54:50.853 30763 30966 V threaded_app: New input event: type=2
01-14 19:54:50.870 30763 30966 V threaded_app: New input event: type=2
01-14 19:54:50.885 30763 30966 V threaded_app: New input event: type=2
01-14 19:54:50.904 30763 30966 V threaded_app: New input event: type=2
01-14 19:54:50.919 30763 30966 V threaded_app: New input event: type=2
01-14 19:54:50.935 30763 30966 V threaded_app: New input event: type=2
01-14 19:54:50.952 30763 30966 V threaded_app: New input event: type=2
01-14 19:54:50.970 30763 30966 V threaded_app: New input event: type=2
01-14 19:54:50.979 30763 30966 V threaded_app: New input event: type=2
01-14 19:54:50.980 30763 30966 V threaded_app: New input event: type=2
01-14 19:54:51.247 30763 30966 V threaded_app: New input event: type=2
01-14 19:54:51.302 30763 30966 V threaded_app: New input event: type=2
01-14 19:54:51.321 30763 30966 V threaded_app: New input event: type=2
01-14 19:54:51.338 30763 30966 V threaded_app: New input event: type=2
01-14 19:54:51.353 30763 30966 V threaded_app: New input event: type=2
01-14 19:54:51.367 30763 31165 I AudioManager: In isBluetoothScoOn(), calling
application: com.ranger.cheat
01-14 19:54:51.369 30763 30966 V threaded_app: New input event: type=2
01-14 19:54:51.386 30763 30966 V threaded_app: New input event: type=2
01-14 19:54:51.404 30763 30966 V threaded_app: New input event: type=2
01-14 19:54:51.420 30763 30966 V threaded_app: New input event: type=2
01-14 19:54:51.433 30763 30966 V threaded_app: New input event: type=2
01-14 19:54:51.434 30763 30966 V threaded_app: New input event: type=2
01-14 19:54:52.132 30763 30966 V threaded_app: New input event: type=2
01-14 19:54:52.170 30763 30966 V threaded_app: New input event: type=2
01-14 19:54:52.187 30763 30966 V threaded_app: New input event: type=2
01-14 19:54:52.203 30763 30966 V threaded_app: New input event: type=2
01-14 19:54:52.220 30763 30966 V threaded_app: New input event: type=2
01-14 19:54:52.236 30763 30966 V threaded_app: New input event: type=2
01-14 19:54:52.253 30763 30966 V threaded_app: New input event: type=2
01-14 19:54:52.270 30763 30966 V threaded_app: New input event: type=2
01-14 19:54:52.286 30763 30966 V threaded_app: New input event: type=2
01-14 19:54:52.303 30763 30966 V threaded_app: New input event: type=2
01-14 19:54:52.313 30763 30966 V threaded_app: New input event: type=2
01-14 19:54:52.314 30763 30966 V threaded_app: New input event: type=2
01-14 19:54:52.646 30763 31165 I AudioManager: In isBluetoothScoOn(), calling
application: com.ranger.cheat
01-14 19:54:52.665 30763 30966 V threaded_app: New input event: type=2
01-14 19:54:52.703 30763 30966 V threaded_app: New input event: type=2
01-14 19:54:52.720 30763 30966 V threaded_app: New input event: type=2
01-14 19:54:52.738 30763 30966 V threaded_app: New input event: type=2
01-14 19:54:52.754 30763 30966 V threaded_app: New input event: type=2
01-14 19:54:52.771 30763 30966 V threaded_app: New input event: type=2
01-14 19:54:52.787 30763 30966 V threaded_app: New input event: type=2
01-14 19:54:52.803 30763 30966 V threaded_app: New input event: type=2
01-14 19:54:52.820 30763 30966 V threaded_app: New input event: type=2
01-14 19:54:52.830 30763 30966 V threaded_app: New input event: type=2
01-14 19:54:52.831 30763 30966 V threaded_app: New input event: type=2
01-14 19:54:53.449 30763 30966 V threaded_app: New input event: type=2
01-14 19:54:53.521 30763 30966 V threaded_app: New input event: type=2
01-14 19:54:53.537 30763 30966 V threaded_app: New input event: type=2
01-14 19:54:53.554 30763 30966 V threaded_app: New input event: type=2
01-14 19:54:53.571 30763 30966 V threaded_app: New input event: type=2
01-14 19:54:53.587 30763 30966 V threaded_app: New input event: type=2
01-14 19:54:53.605 30763 30966 V threaded_app: New input event: type=2
01-14 19:54:53.621 30763 30966 V threaded_app: New input event: type=2
01-14 19:54:53.637 30763 30966 V threaded_app: New input event: type=2
01-14 19:54:53.655 30763 30966 V threaded_app: New input event: type=2
01-14 19:54:53.671 30763 30966 V threaded_app: New input event: type=2
01-14 19:54:53.688 30763 30966 V threaded_app: New input event: type=2
01-14 19:54:53.705 30763 30966 V threaded_app: New input event: type=2
01-14 19:54:53.721 30763 30966 V threaded_app: New input event: type=2
01-14 19:54:53.737 30763 30966 V threaded_app: New input event: type=2
01-14 19:54:53.871 30763 30966 V threaded_app: New input event: type=2
01-14 19:54:53.926 30763 31165 I AudioManager: In isBluetoothScoOn(), calling
application: com.ranger.cheat
01-14 19:54:53.954 30763 30966 V threaded_app: New input event: type=2
01-14 19:54:54.021 30763 30966 V threaded_app: New input event: type=2
01-14 19:54:54.089 30763 30966 V threaded_app: New input event: type=2
01-14 19:54:54.155 30763 30966 V threaded_app: New input event: type=2
01-14 19:54:54.171 30763 30966 V threaded_app: New input event: type=2
01-14 19:54:54.188 30763 30966 V threaded_app: New input event: type=2
01-14 19:54:54.204 30763 30966 V threaded_app: New input event: type=2
01-14 19:54:54.221 30763 30966 V threaded_app: New input event: type=2
01-14 19:54:54.237 30763 30966 V threaded_app: New input event: type=2
01-14 19:54:54.254 30763 30966 V threaded_app: New input event: type=2
01-14 19:54:54.271 30763 30966 V threaded_app: New input event: type=2
01-14 19:54:54.288 30763 30966 V threaded_app: New input event: type=2
01-14 19:54:54.298 30763 30966 V threaded_app: New input event: type=2
01-14 19:54:54.298 30763 30966 V threaded_app: New input event: type=2
01-14 19:54:55.205 30763 31165 I AudioManager: In isBluetoothScoOn(), calling
application: com.ranger.cheat
01-14 19:54:56.486 30763 31165 I AudioManager: In isBluetoothScoOn(), calling
application: com.ranger.cheat
01-14 19:54:57.765 30763 31165 I AudioManager: In isBluetoothScoOn(), calling
application: com.ranger.cheat
01-14 19:54:58.521 30763 30966 V threaded_app: New input event: type=2
01-14 19:54:58.540 30763 30966 V threaded_app: New input event: type=2
01-14 19:54:58.557 30763 30966 V threaded_app: New input event: type=2
01-14 19:54:58.575 30763 30966 V threaded_app: New input event: type=2
01-14 19:54:58.591 30763 30966 V threaded_app: New input event: type=2
01-14 19:54:58.608 30763 30966 V threaded_app: New input event: type=2
01-14 19:54:58.624 30763 30966 V threaded_app: New input event: type=2
01-14 19:54:58.640 30763 30966 V threaded_app: New input event: type=2
01-14 19:54:58.658 30763 30966 V threaded_app: New input event: type=2
01-14 19:54:58.673 30763 30966 V threaded_app: New input event: type=2
01-14 19:54:58.690 30763 30966 V threaded_app: New input event: type=2
01-14 19:54:58.707 30763 30966 V threaded_app: New input event: type=2
01-14 19:54:58.724 30763 30966 V threaded_app: New input event: type=2
01-14 19:54:58.741 30763 30966 V threaded_app: New input event: type=2
01-14 19:54:58.757 30763 30966 V threaded_app: New input event: type=2
01-14 19:54:58.774 30763 30966 V threaded_app: New input event: type=2
01-14 19:54:58.785 30763 30966 V threaded_app: New input event: type=2
01-14 19:54:58.785 30763 30966 V threaded_app: New input event: type=2
01-14 19:54:59.046 30763 31165 I AudioManager: In isBluetoothScoOn(), calling
application: com.ranger.cheat
01-14 19:54:59.135 30763 30966 V threaded_app: New input event: type=2
01-14 19:54:59.208 30763 30966 V threaded_app: New input event: type=2
01-14 19:54:59.224 30763 30966 V threaded_app: New input event: type=2
01-14 19:54:59.241 30763 30966 V threaded_app: New input event: type=2
01-14 19:54:59.257 30763 30966 V threaded_app: New input event: type=2
01-14 19:54:59.274 30763 30966 V threaded_app: New input event: type=2
01-14 19:54:59.291 30763 30966 V threaded_app: New input event: type=2
01-14 19:54:59.307 30763 30966 V threaded_app: New input event: type=2
01-14 19:54:59.325 30763 30966 V threaded_app: New input event: type=2
01-14 19:54:59.341 30763 30966 V threaded_app: New input event: type=2
01-14 19:54:59.358 30763 30966 V threaded_app: New input event: type=2
01-14 19:54:59.374 30763 30966 V threaded_app: New input event: type=2
01-14 19:54:59.391 30763 30966 V threaded_app: New input event: type=2
01-14 19:54:59.408 30763 30966 V threaded_app: New input event: type=2
01-14 19:54:59.424 30763 30966 V threaded_app: New input event: type=2
01-14 19:54:59.441 30763 30966 V threaded_app: New input event: type=2
01-14 19:54:59.457 30763 30966 V threaded_app: New input event: type=2
01-14 19:54:59.474 30763 30966 V threaded_app: New input event: type=2
01-14 19:54:59.492 30763 30966 V threaded_app: New input event: type=2
01-14 19:54:59.507 30763 30966 V threaded_app: New input event: type=2
01-14 19:54:59.524 30763 30966 V threaded_app: New input event: type=2
01-14 19:54:59.542 30763 30966 V threaded_app: New input event: type=2
01-14 19:54:59.558 30763 30966 V threaded_app: New input event: type=2
01-14 19:54:59.575 30763 30966 V threaded_app: New input event: type=2
01-14 19:54:59.591 30763 30966 V threaded_app: New input event: type=2
01-14 19:54:59.608 30763 30966 V threaded_app: New input event: type=2
01-14 19:54:59.624 30763 30966 V threaded_app: New input event: type=2
01-14 19:54:59.642 30763 30966 V threaded_app: New input event: type=2
01-14 19:54:59.657 30763 30966 V threaded_app: New input event: type=2
01-14 19:54:59.674 30763 30966 V threaded_app: New input event: type=2
01-14 19:54:59.691 30763 30966 V threaded_app: New input event: type=2
01-14 19:54:59.708 30763 30966 V threaded_app: New input event: type=2
01-14 19:54:59.725 30763 30966 V threaded_app: New input event: type=2
01-14 19:54:59.742 30763 30966 V threaded_app: New input event: type=2
01-14 19:54:59.758 30763 30966 V threaded_app: New input event: type=2
01-14 19:54:59.774 30763 30966 V threaded_app: New input event: type=2
01-14 19:54:59.791 30763 30966 V threaded_app: New input event: type=2
01-14 19:54:59.808 30763 30966 V threaded_app: New input event: type=2
01-14 19:54:59.824 30763 30966 V threaded_app: New input event: type=2
01-14 19:54:59.841 30763 30966 V threaded_app: New input event: type=2
01-14 19:54:59.858 30763 30966 V threaded_app: New input event: type=2
01-14 19:54:59.876 30763 30966 V threaded_app: New input event: type=2
01-14 19:54:59.891 30763 30966 V threaded_app: New input event: type=2
01-14 19:54:59.909 30763 30966 V threaded_app: New input event: type=2
01-14 19:54:59.924 30763 30966 V threaded_app: New input event: type=2
01-14 19:54:59.941 30763 30966 V threaded_app: New input event: type=2
01-14 19:54:59.958 30763 30966 V threaded_app: New input event: type=2
01-14 19:54:59.975 30763 30966 V threaded_app: New input event: type=2
01-14 19:54:59.991 30763 30966 V threaded_app: New input event: type=2
01-14 19:55:00.008 30763 30966 V threaded_app: New input event: type=2
01-14 19:55:00.025 30763 30966 V threaded_app: New input event: type=2
01-14 19:55:00.041 30763 30966 V threaded_app: New input event: type=2
01-14 19:55:00.059 30763 30966 V threaded_app: New input event: type=2
01-14 19:55:00.074 30763 30966 V threaded_app: New input event: type=2
01-14 19:55:00.091 30763 30966 V threaded_app: New input event: type=2
01-14 19:55:00.108 30763 30966 V threaded_app: New input event: type=2
01-14 19:55:00.126 30763 30966 V threaded_app: New input event: type=2
01-14 19:55:00.141 30763 30966 V threaded_app: New input event: type=2
01-14 19:55:00.158 30763 30966 V threaded_app: New input event: type=2
01-14 19:55:00.175 30763 30966 V threaded_app: New input event: type=2
01-14 19:55:00.191 30763 30966 V threaded_app: New input event: type=2
01-14 19:55:00.208 30763 30966 V threaded_app: New input event: type=2
01-14 19:55:00.226 30763 30966 V threaded_app: New input event: type=2
01-14 19:55:00.241 30763 30966 V threaded_app: New input event: type=2
01-14 19:55:00.258 30763 30966 V threaded_app: New input event: type=2
01-14 19:55:00.274 30763 30966 V threaded_app: New input event: type=2
01-14 19:55:00.291 30763 30966 V threaded_app: New input event: type=2
01-14 19:55:00.302 30763 30966 V threaded_app: New input event: type=2
01-14 19:55:00.302 30763 30966 V threaded_app: New input event: type=2
01-14 19:55:00.327 30763 31165 I AudioManager: In isBluetoothScoOn(), calling
application: com.ranger.cheat
01-14 19:55:00.552 30763 30966 V threaded_app: New input event: type=2
01-14 19:55:00.609 30763 30966 V threaded_app: New input event: type=2
01-14 19:55:00.626 30763 30966 V threaded_app: New input event: type=2
01-14 19:55:00.642 30763 30966 V threaded_app: New input event: type=2
01-14 19:55:00.659 30763 30966 V threaded_app: New input event: type=2
01-14 19:55:00.675 30763 30966 V threaded_app: New input event: type=2
01-14 19:55:00.692 30763 30966 V threaded_app: New input event: type=2
01-14 19:55:00.709 30763 30966 V threaded_app: New input event: type=2
01-14 19:55:00.725 30763 30966 V threaded_app: New input event: type=2
01-14 19:55:00.741 30763 30966 V threaded_app: New input event: type=2
01-14 19:55:00.758 30763 30966 V threaded_app: New input event: type=2
01-14 19:55:00.775 30763 30966 V threaded_app: New input event: type=2
01-14 19:55:00.792 30763 30966 V threaded_app: New input event: type=2
01-14 19:55:00.810 30763 30966 V threaded_app: New input event: type=2
01-14 19:55:00.826 30763 30966 V threaded_app: New input event: type=2
01-14 19:55:00.842 30763 30966 V threaded_app: New input event: type=2
01-14 19:55:00.859 30763 30966 V threaded_app: New input event: type=2
01-14 19:55:00.875 30763 30966 V threaded_app: New input event: type=2
01-14 19:55:00.892 30763 30966 V threaded_app: New input event: type=2
01-14 19:55:00.904 30763 30966 V threaded_app: New input event: type=2
01-14 19:55:00.904 30763 30966 V threaded_app: New input event: type=2
01-14 19:55:01.606 30763 31165 I AudioManager: In isBluetoothScoOn(), calling
application: com.ranger.cheat
01-14 19:55:02.886 30763 31165 I AudioManager: In isBluetoothScoOn(), calling
application: com.ranger.cheat
01-14 19:55:04.165 30763 31165 I AudioManager: In isBluetoothScoOn(), calling
application: com.ranger.cheat
01-14 19:55:05.448 30763 31165 I AudioManager: In isBluetoothScoOn(), calling
application: com.ranger.cheat
01-14 19:55:06.726 30763 31165 I AudioManager: In isBluetoothScoOn(), calling
application: com.ranger.cheat
01-14 19:55:08.006 30763 31165 I AudioManager: In isBluetoothScoOn(), calling
application: com.ranger.cheat
01-14 19:55:09.287 30763 31165 I AudioManager: In isBluetoothScoOn(), calling
application: com.ranger.cheat
01-14 19:55:10.568 30763 31165 I AudioManager: In isBluetoothScoOn(), calling
application: com.ranger.cheat
01-14 19:55:11.846 30763 31165 I AudioManager: In isBluetoothScoOn(), calling
application: com.ranger.cheat
01-14 19:55:13.126 30763 31165 I AudioManager: In isBluetoothScoOn(), calling
application: com.ranger.cheat
01-14 19:55:14.407 30763 31165 I AudioManager: In isBluetoothScoOn(), calling
application: com.ranger.cheat
01-14 19:55:15.688 30763 31165 I AudioManager: In isBluetoothScoOn(), calling
application: com.ranger.cheat
01-14 19:55:16.966 30763 31165 I AudioManager: In isBluetoothScoOn(), calling
application: com.ranger.cheat
01-14 19:55:18.248 30763 31165 I AudioManager: In isBluetoothScoOn(), calling
application: com.ranger.cheat
01-14 19:55:19.526 30763 31165 I AudioManager: In isBluetoothScoOn(), calling
application: com.ranger.cheat
01-14 19:55:20.805 30763 31165 I AudioManager: In isBluetoothScoOn(), calling
application: com.ranger.cheat
01-14 19:55:22.087 30763 31165 I AudioManager: In isBluetoothScoOn(), calling
application: com.ranger.cheat
01-14 19:55:23.365 30763 31165 I AudioManager: In isBluetoothScoOn(), calling
application: com.ranger.cheat
01-14 19:55:24.646 30763 31165 I AudioManager: In isBluetoothScoOn(), calling
application: com.ranger.cheat
01-14 19:55:25.925 30763 31165 I AudioManager: In isBluetoothScoOn(), calling
application: com.ranger.cheat
01-14 19:55:27.206 30763 31165 I AudioManager: In isBluetoothScoOn(), calling
application: com.ranger.cheat
01-14 19:55:28.485 30763 31165 I AudioManager: In isBluetoothScoOn(), calling
application: com.ranger.cheat
01-14 19:55:29.766 30763 31165 I AudioManager: In isBluetoothScoOn(), calling
application: com.ranger.cheat
01-14 19:55:31.046 30763 31165 I AudioManager: In isBluetoothScoOn(), calling
application: com.ranger.cheat
01-14 19:55:32.326 30763 31165 I AudioManager: In isBluetoothScoOn(), calling
application: com.ranger.cheat
01-14 19:55:33.606 30763 31165 I AudioManager: In isBluetoothScoOn(), calling
application: com.ranger.cheat
01-14 19:55:34.886 30763 31165 I AudioManager: In isBluetoothScoOn(), calling
application: com.ranger.cheat
01-14 19:55:36.166 30763 31165 I AudioManager: In isBluetoothScoOn(), calling
application: com.ranger.cheat
01-14 19:55:37.447 30763 31165 I AudioManager: In isBluetoothScoOn(), calling
application: com.ranger.cheat
01-14 19:55:38.726 30763 31165 I AudioManager: In isBluetoothScoOn(), calling
application: com.ranger.cheat
01-14 19:55:40.008 30763 31165 I AudioManager: In isBluetoothScoOn(), calling
application: com.ranger.cheat
01-14 19:55:41.285 30763 31165 I AudioManager: In isBluetoothScoOn(), calling
application: com.ranger.cheat
01-14 19:55:42.566 30763 31165 I AudioManager: In isBluetoothScoOn(), calling
application: com.ranger.cheat
01-14 19:55:43.846 30763 31165 I AudioManager: In isBluetoothScoOn(), calling
application: com.ranger.cheat
01-14 19:55:45.126 30763 31165 I AudioManager: In isBluetoothScoOn(), calling
application: com.ranger.cheat
01-14 19:55:46.407 30763 31165 I AudioManager: In isBluetoothScoOn(), calling
application: com.ranger.cheat
01-14 19:55:47.686 30763 31165 I AudioManager: In isBluetoothScoOn(), calling
application: com.ranger.cheat
01-14 19:55:48.967 30763 31165 I AudioManager: In isBluetoothScoOn(), calling
application: com.ranger.cheat
01-14 19:55:50.246 30763 31165 I AudioManager: In isBluetoothScoOn(), calling
application: com.ranger.cheat
01-14 19:55:51.526 30763 31165 I AudioManager: In isBluetoothScoOn(), calling
application: com.ranger.cheat
01-14 19:55:52.806 30763 31165 I AudioManager: In isBluetoothScoOn(), calling
application: com.ranger.cheat
01-14 19:55:54.086 30763 31165 I AudioManager: In isBluetoothScoOn(), calling
application: com.ranger.cheat
01-14 19:55:55.366 30763 31165 I AudioManager: In isBluetoothScoOn(), calling
application: com.ranger.cheat
01-14 19:55:56.646 30763 31165 I AudioManager: In isBluetoothScoOn(), calling
application: com.ranger.cheat
01-14 19:55:57.926 30763 31165 I AudioManager: In isBluetoothScoOn(), calling
application: com.ranger.cheat
01-14 19:55:59.206 30763 31165 I AudioManager: In isBluetoothScoOn(), calling
application: com.ranger.cheat
01-14 19:56:00.486 30763 31165 I AudioManager: In isBluetoothScoOn(), calling
application: com.ranger.cheat
01-14 19:56:01.768 30763 31165 I AudioManager: In isBluetoothScoOn(), calling
application: com.ranger.cheat
01-14 19:56:03.047 30763 31165 I AudioManager: In isBluetoothScoOn(), calling
application: com.ranger.cheat
01-14 19:56:04.326 30763 31165 I AudioManager: In isBluetoothScoOn(), calling
application: com.ranger.cheat
01-14 19:56:04.552 30763 30966 V threaded_app: New input event: type=2
01-14 19:56:04.617 30763 30966 V threaded_app: New input event: type=2
01-14 19:56:04.634 30763 30966 V threaded_app: New input event: type=2
01-14 19:56:04.650 30763 30966 V threaded_app: New input event: type=2
01-14 19:56:04.669 30763 30966 V threaded_app: New input event: type=2
01-14 19:56:04.682 30763 30966 V threaded_app: New input event: type=2
01-14 19:56:04.699 30763 30966 V threaded_app: New input event: type=2
01-14 19:56:04.715 30763 30966 V threaded_app: New input event: type=2
01-14 19:56:04.732 30763 30966 V threaded_app: New input event: type=2
01-14 19:56:04.749 30763 30966 V threaded_app: New input event: type=2
01-14 19:56:04.766 30763 30966 V threaded_app: New input event: type=2
01-14 19:56:04.782 30763 30966 V threaded_app: New input event: type=2
01-14 19:56:04.799 30763 30966 V threaded_app: New input event: type=2
01-14 19:56:04.809 30763 30966 V threaded_app: New input event: type=2
01-14 19:56:04.809 30763 30966 V threaded_app: New input event: type=2
01-14 19:56:05.178 30763 30966 V threaded_app: New input event: type=2
01-14 19:56:05.299 30763 30966 V threaded_app: New input event: type=2
01-14 19:56:05.316 30763 30966 V threaded_app: New input event: type=2
01-14 19:56:05.333 30763 30966 V threaded_app: New input event: type=2
01-14 19:56:05.349 30763 30966 V threaded_app: New input event: type=2
01-14 19:56:05.367 30763 30966 V threaded_app: New input event: type=2
01-14 19:56:05.382 30763 30966 V threaded_app: New input event: type=2
01-14 19:56:05.399 30763 30966 V threaded_app: New input event: type=2
01-14 19:56:05.416 30763 30966 V threaded_app: New input event: type=2
01-14 19:56:05.433 30763 30966 V threaded_app: New input event: type=2
01-14 19:56:05.449 30763 30966 V threaded_app: New input event: type=2
01-14 19:56:05.466 30763 30966 V threaded_app: New input event: type=2
01-14 19:56:05.516 30763 30966 V threaded_app: New input event: type=2
01-14 19:56:05.549 30763 30966 V threaded_app: New input event: type=2
01-14 19:56:05.583 30763 30966 V threaded_app: New input event: type=2
01-14 19:56:05.599 30763 30966 V threaded_app: New input event: type=2
01-14 19:56:05.606 30763 31165 I AudioManager: In isBluetoothScoOn(), calling
application: com.ranger.cheat
01-14 19:56:05.616 30763 30966 V threaded_app: New input event: type=2
01-14 19:56:05.651 30763 30966 V threaded_app: New input event: type=2
01-14 19:56:05.666 30763 30966 V threaded_app: New input event: type=2
01-14 19:56:05.682 30763 30966 V threaded_app: New input event: type=2
01-14 19:56:05.699 30763 30966 V threaded_app: New input event: type=2
01-14 19:56:05.716 30763 30966 V threaded_app: New input event: type=2
01-14 19:56:05.733 30763 30966 V threaded_app: New input event: type=2
01-14 19:56:05.749 30763 30966 V threaded_app: New input event: type=2
01-14 19:56:05.816 30763 30966 V threaded_app: New input event: type=2
01-14 19:56:05.967 30763 30966 V threaded_app: New input event: type=2
01-14 19:56:06.034 30763 30966 V threaded_app: New input event: type=2
01-14 19:56:06.049 30763 30966 V threaded_app: New input event: type=2
01-14 19:56:06.066 30763 30966 V threaded_app: New input event: type=2
01-14 19:56:06.083 30763 30966 V threaded_app: New input event: type=2
01-14 19:56:06.100 30763 30966 V threaded_app: New input event: type=2
01-14 19:56:06.116 30763 30966 V threaded_app: New input event: type=2
01-14 19:56:06.133 30763 30966 V threaded_app: New input event: type=2
01-14 19:56:06.151 30763 30966 V threaded_app: New input event: type=2
01-14 19:56:06.166 30763 30966 V threaded_app: New input event: type=2
01-14 19:56:06.183 30763 30966 V threaded_app: New input event: type=2
01-14 19:56:06.200 30763 30966 V threaded_app: New input event: type=2
01-14 19:56:06.216 30763 30966 V threaded_app: New input event: type=2
01-14 19:56:06.234 30763 30966 V threaded_app: New input event: type=2
01-14 19:56:06.250 30763 30966 V threaded_app: New input event: type=2
01-14 19:56:06.260 30763 30966 V threaded_app: New input event: type=2
01-14 19:56:06.261 30763 30966 V threaded_app: New input event: type=2
01-14 19:56:06.885 30763 31165 I AudioManager: In isBluetoothScoOn(), calling
application: com.ranger.cheat
01-14 19:56:07.666 30763 30966 V threaded_app: New input event: type=2
01-14 19:56:07.734 30763 30966 V threaded_app: New input event: type=2
01-14 19:56:07.751 30763 30966 V threaded_app: New input event: type=2
01-14 19:56:07.767 30763 30966 V threaded_app: New input event: type=2
01-14 19:56:07.785 30763 30966 V threaded_app: New input event: type=2
01-14 19:56:07.801 30763 30966 V threaded_app: New input event: type=2
01-14 19:56:07.817 30763 30966 V threaded_app: New input event: type=2
01-14 19:56:07.834 30763 30966 V threaded_app: New input event: type=2
01-14 19:56:07.851 30763 30966 V threaded_app: New input event: type=2
01-14 19:56:07.867 30763 30966 V threaded_app: New input event: type=2
01-14 19:56:07.878 30763 30966 V threaded_app: New input event: type=2
01-14 19:56:07.878 30763 30966 V threaded_app: New input event: type=2
01-14 19:56:08.162 30763 30966 V threaded_app: New input event: type=2
01-14 19:56:08.170 30763 31165 I AudioManager: In isBluetoothScoOn(), calling
application: com.ranger.cheat
01-14 19:56:08.418 30763 30966 V threaded_app: New input event: type=2
01-14 19:56:08.551 30763 30966 V threaded_app: New input event: type=2
01-14 19:56:08.568 30763 30966 V threaded_app: New input event: type=2
01-14 19:56:08.585 30763 30966 V threaded_app: New input event: type=2
01-14 19:56:08.602 30763 30966 V threaded_app: New input event: type=2
01-14 19:56:08.618 30763 30966 V threaded_app: New input event: type=2
01-14 19:56:08.635 30763 30966 V threaded_app: New input event: type=2
01-14 19:56:08.651 30763 30966 V threaded_app: New input event: type=2
01-14 19:56:08.668 30763 30966 V threaded_app: New input event: type=2
01-14 19:56:08.686 30763 30966 V threaded_app: New input event: type=2
01-14 19:56:08.702 30763 30966 V threaded_app: New input event: type=2
01-14 19:56:08.718 30763 30966 V threaded_app: New input event: type=2
01-14 19:56:08.734 30763 30966 V threaded_app: New input event: type=2
01-14 19:56:08.760 30763 30966 V threaded_app: New input event: type=2
01-14 19:56:08.768 30763 30966 V threaded_app: New input event: type=2
01-14 19:56:08.785 30763 30966 V threaded_app: New input event: type=2
01-14 19:56:08.801 30763 30966 V threaded_app: New input event: type=2
01-14 19:56:08.818 30763 30966 V threaded_app: New input event: type=2
01-14 19:56:08.868 30763 30966 V threaded_app: New input event: type=2
01-14 19:56:08.901 30763 30966 V threaded_app: New input event: type=2
01-14 19:56:08.918 30763 30966 V threaded_app: New input event: type=2
01-14 19:56:08.937 30763 30966 V threaded_app: New input event: type=2
01-14 19:56:08.952 30763 30966 V threaded_app: New input event: type=2
01-14 19:56:08.968 30763 30966 V threaded_app: New input event: type=2
01-14 19:56:08.986 30763 30966 V threaded_app: New input event: type=2
01-14 19:56:09.002 30763 30966 V threaded_app: New input event: type=2
01-14 19:56:09.018 30763 30966 V threaded_app: New input event: type=2
01-14 19:56:09.035 30763 30966 V threaded_app: New input event: type=2
01-14 19:56:09.051 30763 30966 V threaded_app: New input event: type=2
01-14 19:56:09.068 30763 30966 V threaded_app: New input event: type=2
01-14 19:56:09.085 30763 30966 V threaded_app: New input event: type=2
01-14 19:56:09.101 30763 30966 V threaded_app: New input event: type=2
01-14 19:56:09.119 30763 30966 V threaded_app: New input event: type=2
01-14 19:56:09.136 30763 30966 V threaded_app: New input event: type=2
01-14 19:56:09.151 30763 30966 V threaded_app: New input event: type=2
01-14 19:56:09.169 30763 30966 V threaded_app: New input event: type=2
01-14 19:56:09.202 30763 30966 V threaded_app: New input event: type=2
01-14 19:56:09.218 30763 30966 V threaded_app: New input event: type=2
01-14 19:56:09.235 30763 30966 V threaded_app: New input event: type=2
01-14 19:56:09.251 30763 30966 V threaded_app: New input event: type=2
01-14 19:56:09.386 30763 30966 V threaded_app: New input event: type=2
01-14 19:56:09.446 30763 31165 I AudioManager: In isBluetoothScoOn(), calling
application: com.ranger.cheat
01-14 19:56:09.452 30763 30966 V threaded_app: New input event: type=2
01-14 19:56:09.518 30763 30966 V threaded_app: New input event: type=2
01-14 19:56:09.586 30763 30966 V threaded_app: New input event: type=2
01-14 19:56:09.652 30763 30966 V threaded_app: New input event: type=2
01-14 19:56:09.719 30763 30966 V threaded_app: New input event: type=2
01-14 19:56:09.803 30763 30966 V threaded_app: New input event: type=2
01-14 19:56:09.921 30763 30966 V threaded_app: New input event: type=2
01-14 19:56:09.953 30763 30966 V threaded_app: New input event: type=2
01-14 19:56:09.986 30763 30966 V threaded_app: New input event: type=2
01-14 19:56:10.035 30763 30966 V threaded_app: New input event: type=2
01-14 19:56:10.085 30763 30966 V threaded_app: New input event: type=2
01-14 19:56:10.137 30763 30966 V threaded_app: New input event: type=2
01-14 19:56:10.169 30763 30966 V threaded_app: New input event: type=2
01-14 19:56:10.235 30763 30966 V threaded_app: New input event: type=2
01-14 19:56:10.302 30763 30966 V threaded_app: New input event: type=2
01-14 19:56:10.370 30763 30966 V threaded_app: New input event: type=2
01-14 19:56:10.436 30763 30966 V threaded_app: New input event: type=2
01-14 19:56:10.620 30763 30966 V threaded_app: New input event: type=2
01-14 19:56:10.726 30763 31165 I AudioManager: In isBluetoothScoOn(), calling
application: com.ranger.cheat
01-14 19:56:11.269 30763 30966 V threaded_app: New input event: type=2
01-14 19:56:11.337 30763 30966 V threaded_app: New input event: type=2
01-14 19:56:11.355 30763 30966 V threaded_app: New input event: type=2
01-14 19:56:11.370 30763 30966 V threaded_app: New input event: type=2
01-14 19:56:11.386 30763 30966 V threaded_app: New input event: type=2
01-14 19:56:11.403 30763 30966 V threaded_app: New input event: type=2
01-14 19:56:11.420 30763 30966 V threaded_app: New input event: type=2
01-14 19:56:11.436 30763 30966 V threaded_app: New input event: type=2
01-14 19:56:11.454 30763 30966 V threaded_app: New input event: type=2
01-14 19:56:11.470 30763 30966 V threaded_app: New input event: type=2
01-14 19:56:11.486 30763 30966 V threaded_app: New input event: type=2
01-14 19:56:11.503 30763 30966 V threaded_app: New input event: type=2
01-14 19:56:11.520 30763 30966 V threaded_app: New input event: type=2
01-14 19:56:11.536 30763 30966 V threaded_app: New input event: type=2
01-14 19:56:11.553 30763 30966 V threaded_app: New input event: type=2
01-14 19:56:11.569 30763 30966 V threaded_app: New input event: type=2
01-14 19:56:11.586 30763 30966 V threaded_app: New input event: type=2
01-14 19:56:11.603 30763 30966 V threaded_app: New input event: type=2
01-14 19:56:11.620 30763 30966 V threaded_app: New input event: type=2
01-14 19:56:11.638 30763 30966 V threaded_app: New input event: type=2
01-14 19:56:11.653 30763 30966 V threaded_app: New input event: type=2
01-14 19:56:11.670 30763 30966 V threaded_app: New input event: type=2
01-14 19:56:11.686 30763 30966 V threaded_app: New input event: type=2
01-14 19:56:11.703 30763 30966 V threaded_app: New input event: type=2
01-14 19:56:11.720 30763 30966 V threaded_app: New input event: type=2
01-14 19:56:11.737 30763 30966 V threaded_app: New input event: type=2
01-14 19:56:11.754 30763 30966 V threaded_app: New input event: type=2
01-14 19:56:11.770 30763 30966 V threaded_app: New input event: type=2
01-14 19:56:11.788 30763 30966 V threaded_app: New input event: type=2
01-14 19:56:11.803 30763 30966 V threaded_app: New input event: type=2
01-14 19:56:11.820 30763 30966 V threaded_app: New input event: type=2
01-14 19:56:11.836 30763 30966 V threaded_app: New input event: type=2
01-14 19:56:11.854 30763 30966 V threaded_app: New input event: type=2
01-14 19:56:11.870 30763 30966 V threaded_app: New input event: type=2
01-14 19:56:11.887 30763 30966 V threaded_app: New input event: type=2
01-14 19:56:11.903 30763 30966 V threaded_app: New input event: type=2
01-14 19:56:11.920 30763 30966 V threaded_app: New input event: type=2
01-14 19:56:11.937 30763 30966 V threaded_app: New input event: type=2
01-14 19:56:11.970 30763 30966 V threaded_app: New input event: type=2
01-14 19:56:11.987 30763 30966 V threaded_app: New input event: type=2
01-14 19:56:12.003 30763 30966 V threaded_app: New input event: type=2
01-14 19:56:12.007 30763 31165 I AudioManager: In isBluetoothScoOn(), calling
application: com.ranger.cheat
01-14 19:56:12.020 30763 30966 V threaded_app: New input event: type=2
01-14 19:56:12.036 30763 30966 V threaded_app: New input event: type=2
01-14 19:56:12.054 30763 30966 V threaded_app: New input event: type=2
01-14 19:56:12.070 30763 30966 V threaded_app: New input event: type=2
01-14 19:56:12.086 30763 30966 V threaded_app: New input event: type=2
01-14 19:56:12.103 30763 30966 V threaded_app: New input event: type=2
01-14 19:56:12.120 30763 30966 V threaded_app: New input event: type=2
01-14 19:56:12.132 30763 30966 V threaded_app: New input event: type=2
01-14 19:56:12.133 30763 30966 V threaded_app: New input event: type=2
01-14 19:56:12.415 30763 30966 V threaded_app: New input event: type=2
01-14 19:56:12.521 30763 30966 V threaded_app: New input event: type=2
01-14 19:56:12.538 30763 30966 V threaded_app: New input event: type=2
01-14 19:56:12.554 30763 30966 V threaded_app: New input event: type=2
01-14 19:56:12.570 30763 30966 V threaded_app: New input event: type=2
01-14 19:56:12.587 30763 30966 V threaded_app: New input event: type=2
01-14 19:56:12.603 30763 30966 V threaded_app: New input event: type=2
01-14 19:56:12.620 30763 30966 V threaded_app: New input event: type=2
01-14 19:56:12.637 30763 30966 V threaded_app: New input event: type=2
01-14 19:56:12.654 30763 30966 V threaded_app: New input event: type=2
01-14 19:56:12.665 30763 30966 V threaded_app: New input event: type=2
01-14 19:56:12.666 30763 30966 V threaded_app: New input event: type=2
01-14 19:56:12.849 30763 30966 V threaded_app: New input event: type=2
01-14 19:56:13.006 30763 30966 V threaded_app: New input event: type=2
01-14 19:56:13.021 30763 30966 V threaded_app: New input event: type=2
01-14 19:56:13.038 30763 30966 V threaded_app: New input event: type=2
01-14 19:56:13.055 30763 30966 V threaded_app: New input event: type=2
01-14 19:56:13.070 30763 30966 V threaded_app: New input event: type=2
01-14 19:56:13.087 30763 30966 V threaded_app: New input event: type=2
01-14 19:56:13.104 30763 30966 V threaded_app: New input event: type=2
01-14 19:56:13.121 30763 30966 V threaded_app: New input event: type=2
01-14 19:56:13.137 30763 30966 V threaded_app: New input event: type=2
01-14 19:56:13.154 30763 30966 V threaded_app: New input event: type=2
01-14 19:56:13.170 30763 30966 V threaded_app: New input event: type=2
01-14 19:56:13.187 30763 30966 V threaded_app: New input event: type=2
