01-14 19:59:17.080 30763 30966 V threaded_app: New input event: type=2
01-14 19:59:17.097 30763 30966 V threaded_app: New input event: type=2
01-14 19:59:17.113 30763 30966 V threaded_app: New input event: type=2
01-14 19:59:17.130 30763 30966 V threaded_app: New input event: type=2
01-14 19:59:17.147 30763 30966 V threaded_app: New input event: type=2
01-14 19:59:17.159 30763 30966 V threaded_app: New input event: type=2
01-14 19:59:17.159 30763 30966 V threaded_app: New input event: type=2
01-14 19:59:17.180 30763 30966 V threaded_app: New input event: type=2
01-14 19:59:17.190 30763 30966 V threaded_app: New input event: type=2
01-14 19:59:17.190 30763 30966 V threaded_app: New input event: type=2
01-14 19:59:17.409 30763 30966 V threaded_app: New input event: type=2
01-14 19:59:17.465 30763 30966 V threaded_app: New input event: type=2
01-14 19:59:17.480 30763 30966 V threaded_app: New input event: type=2
01-14 19:59:17.498 30763 30966 V threaded_app: New input event: type=2
01-14 19:59:17.513 30763 30966 V threaded_app: New input event: type=2
01-14 19:59:17.530 30763 30966 V threaded_app: New input event: type=2
01-14 19:59:17.547 30763 30966 V threaded_app: New input event: type=2
01-14 19:59:17.563 30763 30966 V threaded_app: New input event: type=2
01-14 19:59:17.581 30763 30966 V threaded_app: New input event: type=2
01-14 19:59:17.590 30763 30966 V threaded_app: New input event: type=2
01-14 19:59:17.591 30763 30966 V threaded_app: New input event: type=2
01-14 19:59:17.609 30763 31165 I AudioManager: In isBluetoothScoOn(), calling
application: com.ranger.cheat
01-14 19:59:17.742 30763 30966 V threaded_app: New input event: type=2
01-14 19:59:17.782 30763 30966 V threaded_app: New input event: type=2
01-14 19:59:17.798 30763 30966 V threaded_app: New input event: type=2
01-14 19:59:17.813 30763 30966 V threaded_app: New input event: type=2
01-14 19:59:17.830 30763 30966 V threaded_app: New input event: type=2
01-14 19:59:17.847 30763 30966 V threaded_app: New input event: type=2
01-14 19:59:17.864 30763 30966 V threaded_app: New input event: type=2
01-14 19:59:17.880 30763 30966 V threaded_app: New input event: type=2
01-14 19:59:17.898 30763 30966 V threaded_app: New input event: type=2
01-14 19:59:17.908 30763 30966 V threaded_app: New input event: type=2
01-14 19:59:17.908 30763 30966 V threaded_app: New input event: type=2
01-14 19:59:18.093 30763 30966 V threaded_app: New input event: type=2
01-14 19:59:18.131 30763 30966 V threaded_app: New input event: type=2
01-14 19:59:18.147 30763 30966 V threaded_app: New input event: type=2
01-14 19:59:18.164 30763 30966 V threaded_app: New input event: type=2
01-14 19:59:18.181 30763 30966 V threaded_app: New input event: type=2
01-14 19:59:18.199 30763 30966 V threaded_app: New input event: type=2
01-14 19:59:18.208 30763 30966 V threaded_app: New input event: type=2
01-14 19:59:18.209 30763 30966 V threaded_app: New input event: type=2
01-14 19:59:18.559 30763 30966 V threaded_app: New input event: type=2
01-14 19:59:18.665 30763 30966 V threaded_app: New input event: type=2
01-14 19:59:18.699 30763 30966 V threaded_app: New input event: type=2
01-14 19:59:18.714 30763 30966 V threaded_app: New input event: type=2
01-14 19:59:18.731 30763 30966 V threaded_app: New input event: type=2
01-14 19:59:18.749 30763 30966 V threaded_app: New input event: type=2
01-14 19:59:18.764 30763 30966 V threaded_app: New input event: type=2
01-14 19:59:18.781 30763 30966 V threaded_app: New input event: type=2
01-14 19:59:18.798 30763 30966 V threaded_app: New input event: type=2
01-14 19:59:18.814 30763 30966 V threaded_app: New input event: type=2
01-14 19:59:18.831 30763 30966 V threaded_app: New input event: type=2
01-14 19:59:18.850 30763 30966 V threaded_app: New input event: type=2
01-14 19:59:18.864 30763 30966 V threaded_app: New input event: type=2
01-14 19:59:18.883 30763 30966 V threaded_app: New input event: type=2
01-14 19:59:18.897 30763 31165 I AudioManager: In isBluetoothScoOn(), calling
application: com.ranger.cheat
01-14 19:59:18.899 30763 30966 V threaded_app: New input event: type=2
01-14 19:59:18.914 30763 30966 V threaded_app: New input event: type=2
01-14 19:59:18.932 30763 30966 V threaded_app: New input event: type=2
01-14 19:59:18.948 30763 30966 V threaded_app: New input event: type=2
01-14 19:59:18.964 30763 30966 V threaded_app: New input event: type=2
01-14 19:59:18.981 30763 30966 V threaded_app: New input event: type=2
01-14 19:59:18.998 30763 30966 V threaded_app: New input event: type=2
01-14 19:59:19.015 30763 30966 V threaded_app: New input event: type=2
01-14 19:59:19.031 30763 30966 V threaded_app: New input event: type=2
01-14 19:59:19.050 30763 30966 V threaded_app: New input event: type=2
01-14 19:59:19.065 30763 30966 V threaded_app: New input event: type=2
01-14 19:59:19.081 30763 30966 V threaded_app: New input event: type=2
01-14 19:59:19.098 30763 30966 V threaded_app: New input event: type=2
01-14 19:59:19.109 30763 30966 V threaded_app: New input event: type=2
01-14 19:59:19.109 30763 30966 V threaded_app: New input event: type=2
01-14 19:59:19.114 30763 30966 V threaded_app: New input event: type=2
01-14 19:59:19.131 30763 30966 V threaded_app: New input event: type=2
01-14 19:59:19.148 30763 30966 V threaded_app: New input event: type=2
01-14 19:59:19.164 30763 30966 V threaded_app: New input event: type=2
01-14 19:59:19.181 30763 30966 V threaded_app: New input event: type=2
01-14 19:59:19.199 30763 30966 V threaded_app: New input event: type=2
01-14 19:59:19.214 30763 30966 V threaded_app: New input event: type=2
01-14 19:59:19.231 30763 30966 V threaded_app: New input event: type=2
01-14 19:59:19.242 30763 30966 V threaded_app: New input event: type=2
01-14 19:59:19.243 30763 30966 V threaded_app: New input event: type=2
01-14 19:59:19.265 30763 30966 V threaded_app: New input event: type=2
01-14 19:59:19.281 30763 30966 V threaded_app: New input event: type=2
01-14 19:59:19.298 30763 30966 V threaded_app: New input event: type=2
01-14 19:59:19.308 30763 30966 V threaded_app: New input event: type=2
01-14 19:59:19.308 30763 30966 V threaded_app: New input event: type=2
01-14 19:59:19.348 30763 30966 V threaded_app: New input event: type=2
01-14 19:59:19.365 30763 30966 V threaded_app: New input event: type=2
01-14 19:59:19.381 30763 30966 V threaded_app: New input event: type=2
01-14 19:59:19.398 30763 30966 V threaded_app: New input event: type=2
01-14 19:59:19.415 30763 30966 V threaded_app: New input event: type=2
01-14 19:59:19.431 30763 30966 V threaded_app: New input event: type=2
01-14 19:59:19.448 30763 30966 V threaded_app: New input event: type=2
01-14 19:59:19.465 30763 30966 V threaded_app: New input event: type=2
01-14 19:59:19.481 30763 30966 V threaded_app: New input event: type=2
01-14 19:59:19.498 30763 30966 V threaded_app: New input event: type=2
01-14 19:59:19.515 30763 30966 V threaded_app: New input event: type=2
01-14 19:59:19.532 30763 30966 V threaded_app: New input event: type=2
01-14 19:59:19.548 30763 30966 V threaded_app: New input event: type=2
01-14 19:59:19.565 30763 30966 V threaded_app: New input event: type=2
01-14 19:59:19.581 30763 30966 V threaded_app: New input event: type=2
01-14 19:59:19.592 30763 30966 V threaded_app: New input event: type=2
01-14 19:59:19.592 30763 30966 V threaded_app: New input event: type=2
01-14 19:59:19.711 30763 30966 V threaded_app: New input event: type=2
01-14 19:59:19.782 30763 30966 V threaded_app: New input event: type=2
01-14 19:59:19.793 30763 30966 V threaded_app: New input event: type=2
01-14 19:59:19.794 30763 30966 V threaded_app: New input event: type=2
01-14 19:59:19.815 30763 30966 V threaded_app: New input event: type=2
01-14 19:59:19.833 30763 30966 V threaded_app: New input event: type=2
01-14 19:59:19.849 30763 30966 V threaded_app: New input event: type=2
01-14 19:59:19.866 30763 30966 V threaded_app: New input event: type=2
01-14 19:59:19.881 30763 30966 V threaded_app: New input event: type=2
01-14 19:59:19.898 30763 30966 V threaded_app: New input event: type=2
01-14 19:59:19.915 30763 30966 V threaded_app: New input event: type=2
01-14 19:59:19.931 30763 30966 V threaded_app: New input event: type=2
01-14 19:59:19.949 30763 30966 V threaded_app: New input event: type=2
01-14 19:59:19.965 30763 30966 V threaded_app: New input event: type=2
01-14 19:59:19.982 30763 30966 V threaded_app: New input event: type=2
01-14 19:59:19.998 30763 30966 V threaded_app: New input event: type=2
01-14 19:59:20.015 30763 30966 V threaded_app: New input event: type=2
01-14 19:59:20.032 30763 30966 V threaded_app: New input event: type=2
01-14 19:59:20.048 30763 30966 V threaded_app: New input event: type=2
01-14 19:59:20.065 30763 30966 V threaded_app: New input event: type=2
01-14 19:59:20.082 30763 30966 V threaded_app: New input event: type=2
01-14 19:59:20.099 30763 30966 V threaded_app: New input event: type=2
01-14 19:59:20.115 30763 30966 V threaded_app: New input event: type=2
01-14 19:59:20.125 30763 30966 V threaded_app: New input event: type=2
01-14 19:59:20.171 30763 31165 I AudioManager: In isBluetoothScoOn(), calling
application: com.ranger.cheat
01-14 19:59:20.182 30763 30966 V threaded_app: New input event: type=2
01-14 19:59:20.250 30763 30966 V threaded_app: New input event: type=2
01-14 19:59:20.299 30763 30966 V threaded_app: New input event: type=2
01-14 19:59:20.367 30763 30966 V threaded_app: New input event: type=2
01-14 19:59:20.409 30763 30966 V threaded_app: New input event: type=2
01-14 19:59:20.432 30763 30966 V threaded_app: New input event: type=2
01-14 19:59:20.482 30763 30966 V threaded_app: New input event: type=2
01-14 19:59:20.498 30763 30966 V threaded_app: New input event: type=2
01-14 19:59:20.516 30763 30966 V threaded_app: New input event: type=2
01-14 19:59:20.533 30763 30966 V threaded_app: New input event: type=2
01-14 19:59:20.548 30763 30966 V threaded_app: New input event: type=2
01-14 19:59:20.565 30763 30966 V threaded_app: New input event: type=2
01-14 19:59:20.582 30763 30966 V threaded_app: New input event: type=2
01-14 19:59:20.599 30763 30966 V threaded_app: New input event: type=2
01-14 19:59:20.615 30763 30966 V threaded_app: New input event: type=2
01-14 19:59:20.632 30763 30966 V threaded_app: New input event: type=2
01-14 19:59:20.649 30763 30966 V threaded_app: New input event: type=2
01-14 19:59:20.665 30763 30966 V threaded_app: New input event: type=2
01-14 19:59:20.682 30763 30966 V threaded_app: New input event: type=2
01-14 19:59:20.698 30763 30966 V threaded_app: New input event: type=2
01-14 19:59:20.715 30763 30966 V threaded_app: New input event: type=2
01-14 19:59:20.732 30763 30966 V threaded_app: New input event: type=2
01-14 19:59:20.749 30763 30966 V threaded_app: New input event: type=2
01-14 19:59:20.766 30763 30966 V threaded_app: New input event: type=2
01-14 19:59:20.782 30763 30966 V threaded_app: New input event: type=2
01-14 19:59:20.799 30763 30966 V threaded_app: New input event: type=2
01-14 19:59:20.816 30763 30966 V threaded_app: New input event: type=2
01-14 19:59:20.832 30763 30966 V threaded_app: New input event: type=2
01-14 19:59:20.849 30763 30966 V threaded_app: New input event: type=2
01-14 19:59:20.860 30763 30966 V threaded_app: New input event: type=2
01-14 19:59:20.861 30763 30966 V threaded_app: New input event: type=2
01-14 19:59:20.865 30763 30966 V threaded_app: New input event: type=2
01-14 19:59:20.882 30763 30966 V threaded_app: New input event: type=2
01-14 19:59:20.899 30763 30966 V threaded_app: New input event: type=2
01-14 19:59:20.916 30763 30966 V threaded_app: New input event: type=2
01-14 19:59:20.934 30763 30966 V threaded_app: New input event: type=2
01-14 19:59:20.952 30763 30966 V threaded_app: New input event: type=2
01-14 19:59:20.968 30763 30966 V threaded_app: New input event: type=2
01-14 19:59:20.982 30763 30966 V threaded_app: New input event: type=2
01-14 19:59:20.999 30763 30966 V threaded_app: New input event: type=2
01-14 19:59:21.016 30763 30966 V threaded_app: New input event: type=2
01-14 19:59:21.032 30763 30966 V threaded_app: New input event: type=2
01-14 19:59:21.049 30763 30966 V threaded_app: New input event: type=2
01-14 19:59:21.065 30763 30966 V threaded_app: New input event: type=2
01-14 19:59:21.082 30763 30966 V threaded_app: New input event: type=2
01-14 19:59:21.099 30763 30966 V threaded_app: New input event: type=2
01-14 19:59:21.115 30763 30966 V threaded_app: New input event: type=2
01-14 19:59:21.132 30763 30966 V threaded_app: New input event: type=2
01-14 19:59:21.150 30763 30966 V threaded_app: New input event: type=2
01-14 19:59:21.165 30763 30966 V threaded_app: New input event: type=2
01-14 19:59:21.182 30763 30966 V threaded_app: New input event: type=2
01-14 19:59:21.199 30763 30966 V threaded_app: New input event: type=2
01-14 19:59:21.215 30763 30966 V threaded_app: New input event: type=2
01-14 19:59:21.233 30763 30966 V threaded_app: New input event: type=2
01-14 19:59:21.249 30763 30966 V threaded_app: New input event: type=2
01-14 19:59:21.265 30763 30966 V threaded_app: New input event: type=2
01-14 19:59:21.284 30763 30966 V threaded_app: New input event: type=2
01-14 19:59:21.299 30763 30966 V threaded_app: New input event: type=2
01-14 19:59:21.316 30763 30966 V threaded_app: New input event: type=2
01-14 19:59:21.332 30763 30966 V threaded_app: New input event: type=2
01-14 19:59:21.349 30763 30966 V threaded_app: New input event: type=2
01-14 19:59:21.366 30763 30966 V threaded_app: New input event: type=2
01-14 19:59:21.382 30763 30966 V threaded_app: New input event: type=2
01-14 19:59:21.416 30763 30966 V threaded_app: New input event: type=2
01-14 19:59:21.432 30763 30966 V threaded_app: New input event: type=2
01-14 19:59:21.449 30763 30966 V threaded_app: New input event: type=2
01-14 19:59:21.451 30763 31165 I AudioManager: In isBluetoothScoOn(), calling
application: com.ranger.cheat
01-14 19:59:21.484 30763 30966 V threaded_app: New input event: type=2
01-14 19:59:21.499 30763 30966 V threaded_app: New input event: type=2
01-14 19:59:21.549 30763 30966 V threaded_app: New input event: type=2
01-14 19:59:21.566 30763 30966 V threaded_app: New input event: type=2
01-14 19:59:21.617 30763 30966 V threaded_app: New input event: type=2
01-14 19:59:21.634 30763 30966 V threaded_app: New input event: type=2
01-14 19:59:21.701 30763 30966 V threaded_app: New input event: type=2
01-14 19:59:21.783 30763 30966 V threaded_app: New input event: type=2
01-14 19:59:21.816 30763 30966 V threaded_app: New input event: type=2
01-14 19:59:21.850 30763 30966 V threaded_app: New input event: type=2
01-14 19:59:21.899 30763 30966 V threaded_app: New input event: type=2
01-14 19:59:21.917 30763 30966 V threaded_app: New input event: type=2
01-14 19:59:21.933 30763 30966 V threaded_app: New input event: type=2
01-14 19:59:21.966 30763 30966 V threaded_app: New input event: type=2
01-14 19:59:21.983 30763 30966 V threaded_app: New input event: type=2
01-14 19:59:21.999 30763 30966 V threaded_app: New input event: type=2
01-14 19:59:22.016 30763 30966 V threaded_app: New input event: type=2
01-14 19:59:22.032 30763 30966 V threaded_app: New input event: type=2
01-14 19:59:22.051 30763 30966 V threaded_app: New input event: type=2
01-14 19:59:22.066 30763 30966 V threaded_app: New input event: type=2
01-14 19:59:22.100 30763 30966 V threaded_app: New input event: type=2
01-14 19:59:22.133 30763 30966 V threaded_app: New input event: type=2
01-14 19:59:22.150 30763 30966 V threaded_app: New input event: type=2
01-14 19:59:22.183 30763 30966 V threaded_app: New input event: type=2
01-14 19:59:22.194 30763 30966 V threaded_app: New input event: type=2
01-14 19:59:22.250 30763 30966 V threaded_app: New input event: type=2
01-14 19:59:22.318 30763 30966 V threaded_app: New input event: type=2
01-14 19:59:22.328 30763 30966 V threaded_app: New input event: type=2
01-14 19:59:22.384 30763 30966 V threaded_app: New input event: type=2
01-14 19:59:22.451 30763 30966 V threaded_app: New input event: type=2
01-14 19:59:22.461 30763 30966 V threaded_app: New input event: type=2
01-14 19:59:22.477 30763 30966 V threaded_app: New input event: type=2
01-14 19:59:22.645 30763 30966 V threaded_app: New input event: type=2
01-14 19:59:22.701 30763 30966 V threaded_app: New input event: type=2
01-14 19:59:22.716 30763 30966 V threaded_app: New input event: type=2
01-14 19:59:22.728 30763 31165 I AudioManager: In isBluetoothScoOn(), calling
application: com.ranger.cheat
01-14 19:59:22.734 30763 30966 V threaded_app: New input event: type=2
01-14 19:59:22.750 30763 30966 V threaded_app: New input event: type=2
01-14 19:59:22.767 30763 30966 V threaded_app: New input event: type=2
01-14 19:59:22.783 30763 30966 V threaded_app: New input event: type=2
01-14 19:59:22.800 30763 30966 V threaded_app: New input event: type=2
01-14 19:59:22.817 30763 30966 V threaded_app: New input event: type=2
01-14 19:59:22.833 30763 30966 V threaded_app: New input event: type=2
01-14 19:59:22.850 30763 30966 V threaded_app: New input event: type=2
01-14 19:59:22.860 30763 30966 V threaded_app: New input event: type=2
01-14 19:59:22.860 30763 30966 V threaded_app: New input event: type=2
01-14 19:59:22.883 30763 30966 V threaded_app: New input event: type=2
01-14 19:59:22.900 30763 30966 V threaded_app: New input event: type=2
01-14 19:59:22.917 30763 30966 V threaded_app: New input event: type=2
01-14 19:59:22.933 30763 30966 V threaded_app: New input event: type=2
01-14 19:59:22.950 30763 30966 V threaded_app: New input event: type=2
01-14 19:59:22.962 30763 30966 V threaded_app: New input event: type=2
01-14 19:59:22.963 30763 30966 V threaded_app: New input event: type=2
01-14 19:59:22.985 30763 30966 V threaded_app: New input event: type=2
01-14 19:59:23.000 30763 30966 V threaded_app: New input event: type=2
01-14 19:59:23.017 30763 30966 V threaded_app: New input event: type=2
01-14 19:59:23.026 30763 30966 V threaded_app: New input event: type=2
01-14 19:59:23.027 30763 30966 V threaded_app: New input event: type=2
01-14 19:59:23.033 30763 30966 V threaded_app: New input event: type=2
01-14 19:59:23.050 30763 30966 V threaded_app: New input event: type=2
01-14 19:59:23.067 30763 30966 V threaded_app: New input event: type=2
01-14 19:59:23.083 30763 30966 V threaded_app: New input event: type=2
01-14 19:59:23.100 30763 30966 V threaded_app: New input event: type=2
01-14 19:59:23.117 30763 30966 V threaded_app: New input event: type=2
01-14 19:59:23.134 30763 30966 V threaded_app: New input event: type=2
01-14 19:59:23.150 30763 30966 V threaded_app: New input event: type=2
01-14 19:59:23.167 30763 30966 V threaded_app: New input event: type=2
01-14 19:59:23.184 30763 30966 V threaded_app: New input event: type=2
01-14 19:59:23.195 30763 30966 V threaded_app: New input event: type=2
01-14 19:59:23.196 30763 30966 V threaded_app: New input event: type=2
01-14 19:59:23.217 30763 30966 V threaded_app: New input event: type=2
01-14 19:59:23.233 30763 30966 V threaded_app: New input event: type=2
01-14 19:59:23.250 30763 30966 V threaded_app: New input event: type=2
01-14 19:59:23.267 30763 30966 V threaded_app: New input event: type=2
01-14 19:59:23.285 30763 30966 V threaded_app: New input event: type=2
01-14 19:59:23.300 30763 30966 V threaded_app: New input event: type=2
01-14 19:59:23.317 30763 30966 V threaded_app: New input event: type=2
01-14 19:59:23.334 30763 30966 V threaded_app: New input event: type=2
01-14 19:59:23.350 30763 30966 V threaded_app: New input event: type=2
01-14 19:59:23.367 30763 30966 V threaded_app: New input event: type=2
01-14 19:59:23.384 30763 30966 V threaded_app: New input event: type=2
01-14 19:59:23.400 30763 30966 V threaded_app: New input event: type=2
01-14 19:59:23.413 30763 30966 V threaded_app: New input event: type=2
01-14 19:59:23.414 30763 30966 V threaded_app: New input event: type=2
01-14 19:59:23.417 30763 30966 V threaded_app: New input event: type=2
01-14 19:59:23.434 30763 30966 V threaded_app: New input event: type=2
01-14 19:59:23.450 30763 30966 V threaded_app: New input event: type=2
01-14 19:59:23.467 30763 30966 V threaded_app: New input event: type=2
01-14 19:59:23.484 30763 30966 V threaded_app: New input event: type=2
01-14 19:59:23.500 30763 30966 V threaded_app: New input event: type=2
01-14 19:59:23.518 30763 30966 V threaded_app: New input event: type=2
01-14 19:59:23.534 30763 30966 V threaded_app: New input event: type=2
01-14 19:59:23.550 30763 30966 V threaded_app: New input event: type=2
01-14 19:59:23.568 30763 30966 V threaded_app: New input event: type=2
01-14 19:59:23.583 30763 30966 V threaded_app: New input event: type=2
01-14 19:59:23.601 30763 30966 V threaded_app: New input event: type=2
01-14 19:59:23.617 30763 30966 V threaded_app: New input event: type=2
01-14 19:59:23.650 30763 30966 V threaded_app: New input event: type=2
01-14 19:59:23.684 30763 30966 V threaded_app: New input event: type=2
01-14 19:59:23.735 30763 30966 V threaded_app: New input event: type=2
01-14 19:59:23.801 30763 30966 V threaded_app: New input event: type=2
01-14 19:59:23.817 30763 30966 V threaded_app: New input event: type=2
01-14 19:59:23.868 30763 30966 V threaded_app: New input event: type=2
01-14 19:59:23.884 30763 30966 V threaded_app: New input event: type=2
01-14 19:59:23.901 30763 30966 V threaded_app: New input event: type=2
01-14 19:59:23.917 30763 30966 V threaded_app: New input event: type=2
01-14 19:59:23.934 30763 30966 V threaded_app: New input event: type=2
01-14 19:59:23.951 30763 30966 V threaded_app: New input event: type=2
01-14 19:59:23.967 30763 30966 V threaded_app: New input event: type=2
01-14 19:59:23.984 30763 30966 V threaded_app: New input event: type=2
01-14 19:59:24.001 30763 30966 V threaded_app: New input event: type=2
01-14 19:59:24.010 30763 31165 I AudioManager: In isBluetoothScoOn(), calling
application: com.ranger.cheat
01-14 19:59:24.018 30763 30966 V threaded_app: New input event: type=2
01-14 19:59:24.034 30763 30966 V threaded_app: New input event: type=2
01-14 19:59:24.051 30763 30966 V threaded_app: New input event: type=2
01-14 19:59:24.069 30763 30966 V threaded_app: New input event: type=2
01-14 19:59:24.084 30763 30966 V threaded_app: New input event: type=2
01-14 19:59:24.101 30763 30966 V threaded_app: New input event: type=2
01-14 19:59:24.117 30763 30966 V threaded_app: New input event: type=2
01-14 19:59:24.134 30763 30966 V threaded_app: New input event: type=2
01-14 19:59:24.151 30763 30966 V threaded_app: New input event: type=2
01-14 19:59:24.169 30763 30966 V threaded_app: New input event: type=2
01-14 19:59:24.184 30763 30966 V threaded_app: New input event: type=2
01-14 19:59:24.201 30763 30966 V threaded_app: New input event: type=2
01-14 19:59:24.212 30763 30966 V threaded_app: New input event: type=2
01-14 19:59:24.213 30763 30966 V threaded_app: New input event: type=2
01-14 19:59:24.234 30763 30966 V threaded_app: New input event: type=2
01-14 19:59:24.250 30763 30966 V threaded_app: New input event: type=2
01-14 19:59:24.269 30763 30966 V threaded_app: New input event: type=2
01-14 19:59:24.284 30763 30966 V threaded_app: New input event: type=2
01-14 19:59:24.301 30763 30966 V threaded_app: New input event: type=2
01-14 19:59:24.317 30763 30966 V threaded_app: New input event: type=2
01-14 19:59:24.328 30763 30966 V threaded_app: New input event: type=2
01-14 19:59:24.328 30763 30966 V threaded_app: New input event: type=2
01-14 19:59:24.334 30763 30966 V threaded_app: New input event: type=2
01-14 19:59:24.352 30763 30966 V threaded_app: New input event: type=2
01-14 19:59:24.367 30763 30966 V threaded_app: New input event: type=2
01-14 19:59:24.385 30763 30966 V threaded_app: New input event: type=2
01-14 19:59:24.401 30763 30966 V threaded_app: New input event: type=2
01-14 19:59:24.418 30763 30966 V threaded_app: New input event: type=2
01-14 19:59:24.429 30763 30966 V threaded_app: New input event: type=2
01-14 19:59:24.430 30763 30966 V threaded_app: New input event: type=2
01-14 19:59:24.451 30763 30966 V threaded_app: New input event: type=2
01-14 19:59:24.484 30763 30966 V threaded_app: New input event: type=2
01-14 19:59:24.501 30763 30966 V threaded_app: New input event: type=2
01-14 19:59:24.552 30763 30966 V threaded_app: New input event: type=2
01-14 19:59:24.618 30763 30966 V threaded_app: New input event: type=2
01-14 19:59:24.685 30763 30966 V threaded_app: New input event: type=2
01-14 19:59:24.835 30763 30966 V threaded_app: New input event: type=2
01-14 19:59:24.922 30763 30966 V threaded_app: New input event: type=2
01-14 19:59:24.934 30763 30966 V threaded_app: New input event: type=2
01-14 19:59:24.952 30763 30966 V threaded_app: New input event: type=2
01-14 19:59:24.968 30763 30966 V threaded_app: New input event: type=2
01-14 19:59:24.985 30763 30966 V threaded_app: New input event: type=2
01-14 19:59:25.001 30763 30966 V threaded_app: New input event: type=2
01-14 19:59:25.018 30763 30966 V threaded_app: New input event: type=2
01-14 19:59:25.034 30763 30966 V threaded_app: New input event: type=2
01-14 19:59:25.052 30763 30966 V threaded_app: New input event: type=2
01-14 19:59:25.068 30763 30966 V threaded_app: New input event: type=2
01-14 19:59:25.085 30763 30966 V threaded_app: New input event: type=2
01-14 19:59:25.101 30763 30966 V threaded_app: New input event: type=2
01-14 19:59:25.118 30763 30966 V threaded_app: New input event: type=2
01-14 19:59:25.135 30763 30966 V threaded_app: New input event: type=2
01-14 19:59:25.151 30763 30966 V threaded_app: New input event: type=2
01-14 19:59:25.168 30763 30966 V threaded_app: New input event: type=2
01-14 19:59:25.178 30763 30966 V threaded_app: New input event: type=2
01-14 19:59:25.178 30763 30966 V threaded_app: New input event: type=2
01-14 19:59:25.185 30763 30966 V threaded_app: New input event: type=2
01-14 19:59:25.203 30763 30966 V threaded_app: New input event: type=2
01-14 19:59:25.218 30763 30966 V threaded_app: New input event: type=2
01-14 19:59:25.235 30763 30966 V threaded_app: New input event: type=2
01-14 19:59:25.251 30763 30966 V threaded_app: New input event: type=2
01-14 19:59:25.268 30763 30966 V threaded_app: New input event: type=2
01-14 19:59:25.279 30763 30966 V threaded_app: New input event: type=2
01-14 19:59:25.280 30763 30966 V threaded_app: New input event: type=2
01-14 19:59:25.289 30763 31165 I AudioManager: In isBluetoothScoOn(), calling
application: com.ranger.cheat
01-14 19:59:25.301 30763 30966 V threaded_app: New input event: type=2
01-14 19:59:25.319 30763 30966 V threaded_app: New input event: type=2
01-14 19:59:25.335 30763 30966 V threaded_app: New input event: type=2
01-14 19:59:25.352 30763 30966 V threaded_app: New input event: type=2
01-14 19:59:25.361 30763 30966 V threaded_app: New input event: type=2
01-14 19:59:25.362 30763 30966 V threaded_app: New input event: type=2
01-14 19:59:25.369 30763 30966 V threaded_app: New input event: type=2
01-14 19:59:25.385 30763 30966 V threaded_app: New input event: type=2
01-14 19:59:25.402 30763 30966 V threaded_app: New input event: type=2
01-14 19:59:25.418 30763 30966 V threaded_app: New input event: type=2
01-14 19:59:25.435 30763 30966 V threaded_app: New input event: type=2
01-14 19:59:25.452 30763 30966 V threaded_app: New input event: type=2
01-14 19:59:25.468 30763 30966 V threaded_app: New input event: type=2
01-14 19:59:25.486 30763 30966 V threaded_app: New input event: type=2
01-14 19:59:25.502 30763 30966 V threaded_app: New input event: type=2
01-14 19:59:25.519 30763 30966 V threaded_app: New input event: type=2
01-14 19:59:25.535 30763 30966 V threaded_app: New input event: type=2
01-14 19:59:25.552 30763 30966 V threaded_app: New input event: type=2
01-14 19:59:25.568 30763 30966 V threaded_app: New input event: type=2
01-14 19:59:25.585 30763 30966 V threaded_app: New input event: type=2
01-14 19:59:25.602 30763 30966 V threaded_app: New input event: type=2
01-14 19:59:25.618 30763 30966 V threaded_app: New input event: type=2
01-14 19:59:25.635 30763 30966 V threaded_app: New input event: type=2
01-14 19:59:25.652 30763 30966 V threaded_app: New input event: type=2
01-14 19:59:25.670 30763 30966 V threaded_app: New input event: type=2
01-14 19:59:25.685 30763 30966 V threaded_app: New input event: type=2
01-14 19:59:25.701 30763 30966 V threaded_app: New input event: type=2
01-14 19:59:25.718 30763 30966 V threaded_app: New input event: type=2
01-14 19:59:25.735 30763 30966 V threaded_app: New input event: type=2
01-14 19:59:25.753 30763 30966 V threaded_app: New input event: type=2
01-14 19:59:25.764 30763 30966 V threaded_app: New input event: type=2
01-14 19:59:25.765 30763 30966 V threaded_app: New input event: type=2
01-14 19:59:25.785 30763 30966 V threaded_app: New input event: type=2
01-14 19:59:25.801 30763 30966 V threaded_app: New input event: type=2
01-14 19:59:25.818 30763 30966 V threaded_app: New input event: type=2
01-14 19:59:25.835 30763 30966 V threaded_app: New input event: type=2
01-14 19:59:25.853 30763 30966 V threaded_app: New input event: type=2
01-14 19:59:25.862 30763 30966 V threaded_app: New input event: type=2
01-14 19:59:25.862 30763 30966 V threaded_app: New input event: type=2
01-14 19:59:25.870 30763 30966 V threaded_app: New input event: type=2
01-14 19:59:25.885 30763 30966 V threaded_app: New input event: type=2
01-14 19:59:25.902 30763 30966 V threaded_app: New input event: type=2
01-14 19:59:25.918 30763 30966 V threaded_app: New input event: type=2
01-14 19:59:25.935 30763 30966 V threaded_app: New input event: type=2
01-14 19:59:25.946 30763 30966 V threaded_app: New input event: type=2
01-14 19:59:25.947 30763 30966 V threaded_app: New input event: type=2
01-14 19:59:25.969 30763 30966 V threaded_app: New input event: type=2
01-14 19:59:25.985 30763 30966 V threaded_app: New input event: type=2
01-14 19:59:26.002 30763 30966 V threaded_app: New input event: type=2
01-14 19:59:26.018 30763 30966 V threaded_app: New input event: type=2
01-14 19:59:26.037 30763 30966 V threaded_app: New input event: type=2
01-14 19:59:26.045 30763 30966 V threaded_app: New input event: type=2
01-14 19:59:26.045 30763 30966 V threaded_app: New input event: type=2
01-14 19:59:26.052 30763 30966 V threaded_app: New input event: type=2
01-14 19:59:26.069 30763 30966 V threaded_app: New input event: type=2
01-14 19:59:26.085 30763 30966 V threaded_app: New input event: type=2
01-14 19:59:26.102 30763 30966 V threaded_app: New input event: type=2
01-14 19:59:26.113 30763 30966 V threaded_app: New input event: type=2
01-14 19:59:26.114 30763 30966 V threaded_app: New input event: type=2
01-14 19:59:26.135 30763 30966 V threaded_app: New input event: type=2
01-14 19:59:26.153 30763 30966 V threaded_app: New input event: type=2
01-14 19:59:26.171 30763 30966 V threaded_app: New input event: type=2
01-14 19:59:26.185 30763 30966 V threaded_app: New input event: type=2
01-14 19:59:26.202 30763 30966 V threaded_app: New input event: type=2
01-14 19:59:26.212 30763 30966 V threaded_app: New input event: type=2
01-14 19:59:26.213 30763 30966 V threaded_app: New input event: type=2
01-14 19:59:26.218 30763 30966 V threaded_app: New input event: type=2
01-14 19:59:26.235 30763 30966 V threaded_app: New input event: type=2
01-14 19:59:26.252 30763 30966 V threaded_app: New input event: type=2
01-14 19:59:26.269 30763 30966 V threaded_app: New input event: type=2
01-14 19:59:26.281 30763 30966 V threaded_app: New input event: type=2
01-14 19:59:26.281 30763 30966 V threaded_app: New input event: type=2
01-14 19:59:26.302 30763 30966 V threaded_app: New input event: type=2
01-14 19:59:26.319 30763 30966 V threaded_app: New input event: type=2
01-14 19:59:26.336 30763 30966 V threaded_app: New input event: type=2
01-14 19:59:26.352 30763 30966 V threaded_app: New input event: type=2
01-14 19:59:26.369 30763 30966 V threaded_app: New input event: type=2
01-14 19:59:26.385 30763 30966 V threaded_app: New input event: type=2
01-14 19:59:26.396 30763 30966 V threaded_app: New input event: type=2
01-14 19:59:26.396 30763 30966 V threaded_app: New input event: type=2
01-14 19:59:26.402 30763 30966 V threaded_app: New input event: type=2
01-14 19:59:26.419 30763 30966 V threaded_app: New input event: type=2
01-14 19:59:26.435 30763 30966 V threaded_app: New input event: type=2
01-14 19:59:26.452 30763 30966 V threaded_app: New input event: type=2
01-14 19:59:26.464 30763 30966 V threaded_app: New input event: type=2
01-14 19:59:26.465 30763 30966 V threaded_app: New input event: type=2
01-14 19:59:26.486 30763 30966 V threaded_app: New input event: type=2
01-14 19:59:26.502 30763 30966 V threaded_app: New input event: type=2
01-14 19:59:26.519 30763 30966 V threaded_app: New input event: type=2
01-14 19:59:26.535 30763 30966 V threaded_app: New input event: type=2
01-14 19:59:26.552 30763 30966 V threaded_app: New input event: type=2
01-14 19:59:26.562 30763 30966 V threaded_app: New input event: type=2
01-14 19:59:26.563 30763 30966 V threaded_app: New input event: type=2
01-14 19:59:26.569 30763 30966 V threaded_app: New input event: type=2
01-14 19:59:26.570 30763 31165 I AudioManager: In isBluetoothScoOn(), calling
application: com.ranger.cheat
01-14 19:59:26.585 30763 30966 V threaded_app: New input event: type=2
01-14 19:59:26.603 30763 30966 V threaded_app: New input event: type=2
01-14 19:59:26.619 30763 30966 V threaded_app: New input event: type=2
01-14 19:59:26.636 30763 30966 V threaded_app: New input event: type=2
01-14 19:59:26.652 30763 30966 V threaded_app: New input event: type=2
01-14 19:59:26.664 30763 30966 V threaded_app: New input event: type=2
01-14 19:59:26.665 30763 30966 V threaded_app: New input event: type=2
01-14 19:59:26.685 30763 30966 V threaded_app: New input event: type=2
01-14 19:59:26.703 30763 30966 V threaded_app: New input event: type=2
01-14 19:59:26.720 30763 30966 V threaded_app: New input event: type=2
01-14 19:59:26.735 30763 30966 V threaded_app: New input event: type=2
01-14 19:59:26.746 30763 30966 V threaded_app: New input event: type=2
01-14 19:59:26.753 30763 30966 V threaded_app: New input event: type=2
01-14 19:59:26.769 30763 30966 V threaded_app: New input event: type=2
01-14 19:59:26.785 30763 30966 V threaded_app: New input event: type=2
01-14 19:59:26.803 30763 30966 V threaded_app: New input event: type=2
01-14 19:59:26.819 30763 30966 V threaded_app: New input event: type=2
01-14 19:59:26.830 30763 30966 V threaded_app: New input event: type=2
01-14 19:59:26.830 30763 30966 V threaded_app: New input event: type=2
01-14 19:59:26.852 30763 30966 V threaded_app: New input event: type=2
01-14 19:59:26.869 30763 30966 V threaded_app: New input event: type=2
01-14 19:59:26.886 30763 30966 V threaded_app: New input event: type=2
01-14 19:59:26.905 30763 30966 V threaded_app: New input event: type=2
01-14 19:59:26.929 30763 30966 V threaded_app: New input event: type=2
01-14 19:59:26.929 30763 30966 V threaded_app: New input event: type=2
01-14 19:59:26.936 30763 30966 V threaded_app: New input event: type=2
01-14 19:59:26.952 30763 30966 V threaded_app: New input event: type=2
01-14 19:59:26.970 30763 30966 V threaded_app: New input event: type=2
01-14 19:59:26.986 30763 30966 V threaded_app: New input event: type=2
01-14 19:59:26.997 30763 30966 V threaded_app: New input event: type=2
01-14 19:59:26.997 30763 30966 V threaded_app: New input event: type=2
01-14 19:59:27.020 30763 30966 V threaded_app: New input event: type=2
01-14 19:59:27.036 30763 30966 V threaded_app: New input event: type=2
01-14 19:59:27.053 30763 30966 V threaded_app: New input event: type=2
01-14 19:59:27.070 30763 30966 V threaded_app: New input event: type=2
01-14 19:59:27.086 30763 30966 V threaded_app: New input event: type=2
01-14 19:59:27.096 30763 30966 V threaded_app: New input event: type=2
01-14 19:59:27.097 30763 30966 V threaded_app: New input event: type=2
01-14 19:59:27.103 30763 30966 V threaded_app: New input event: type=2
01-14 19:59:27.119 30763 30966 V threaded_app: New input event: type=2
01-14 19:59:27.136 30763 30966 V threaded_app: New input event: type=2
01-14 19:59:27.152 30763 30966 V threaded_app: New input event: type=2
01-14 19:59:27.169 30763 30966 V threaded_app: New input event: type=2
01-14 19:59:27.186 30763 30966 V threaded_app: New input event: type=2
01-14 19:59:27.197 30763 30966 V threaded_app: New input event: type=2
01-14 19:59:27.198 30763 30966 V threaded_app: New input event: type=2
01-14 19:59:27.219 30763 30966 V threaded_app: New input event: type=2
01-14 19:59:27.236 30763 30966 V threaded_app: New input event: type=2
01-14 19:59:27.254 30763 30966 V threaded_app: New input event: type=2
01-14 19:59:27.262 30763 30966 V threaded_app: New input event: type=2
01-14 19:59:27.263 30763 30966 V threaded_app: New input event: type=2
01-14 19:59:27.269 30763 30966 V threaded_app: New input event: type=2
01-14 19:59:27.286 30763 30966 V threaded_app: New input event: type=2
01-14 19:59:27.303 30763 30966 V threaded_app: New input event: type=2
01-14 19:59:27.319 30763 30966 V threaded_app: New input event: type=2
01-14 19:59:27.353 30763 30966 V threaded_app: New input event: type=2
01-14 19:59:27.364 30763 30966 V threaded_app: New input event: type=2
01-14 19:59:27.364 30763 30966 V threaded_app: New input event: type=2
01-14 19:59:27.386 30763 30966 V threaded_app: New input event: type=2
01-14 19:59:27.421 30763 30966 V threaded_app: New input event: type=2
01-14 19:59:27.436 30763 30966 V threaded_app: New input event: type=2
01-14 19:59:27.446 30763 30966 V threaded_app: New input event: type=2
01-14 19:59:27.446 30763 30966 V threaded_app: New input event: type=2
01-14 19:59:27.453 30763 30966 V threaded_app: New input event: type=2
01-14 19:59:27.470 30763 30966 V threaded_app: New input event: type=2
01-14 19:59:27.486 30763 30966 V threaded_app: New input event: type=2
01-14 19:59:27.503 30763 30966 V threaded_app: New input event: type=2
01-14 19:59:27.520 30763 30966 V threaded_app: New input event: type=2
01-14 19:59:27.536 30763 30966 V threaded_app: New input event: type=2
01-14 19:59:27.553 30763 30966 V threaded_app: New input event: type=2
01-14 19:59:27.570 30763 30966 V threaded_app: New input event: type=2
01-14 19:59:27.586 30763 30966 V threaded_app: New input event: type=2
01-14 19:59:27.603 30763 30966 V threaded_app: New input event: type=2
01-14 19:59:27.620 30763 30966 V threaded_app: New input event: type=2
01-14 19:59:27.636 30763 30966 V threaded_app: New input event: type=2
01-14 19:59:27.653 30763 30966 V threaded_app: New input event: type=2
01-14 19:59:27.670 30763 30966 V threaded_app: New input event: type=2
01-14 19:59:27.686 30763 30966 V threaded_app: New input event: type=2
01-14 19:59:27.703 30763 30966 V threaded_app: New input event: type=2
01-14 19:59:27.720 30763 30966 V threaded_app: New input event: type=2
01-14 19:59:27.737 30763 30966 V threaded_app: New input event: type=2
01-14 19:59:27.753 30763 30966 V threaded_app: New input event: type=2
01-14 19:59:27.770 30763 30966 V threaded_app: New input event: type=2
01-14 19:59:27.786 30763 30966 V threaded_app: New input event: type=2
01-14 19:59:27.803 30763 30966 V threaded_app: New input event: type=2
01-14 19:59:27.814 30763 30966 V threaded_app: New input event: type=2
01-14 19:59:27.814 30763 30966 V threaded_app: New input event: type=2
01-14 19:59:27.836 30763 30966 V threaded_app: New input event: type=2
01-14 19:59:27.850 30763 31165 I AudioManager: In isBluetoothScoOn(), calling
application: com.ranger.cheat
01-14 19:59:27.853 30763 30966 V threaded_app: New input event: type=2
01-14 19:59:27.869 30763 30966 V threaded_app: New input event: type=2
01-14 19:59:27.886 30763 30966 V threaded_app: New input event: type=2
01-14 19:59:27.903 30763 30966 V threaded_app: New input event: type=2
01-14 19:59:27.919 30763 30966 V threaded_app: New input event: type=2
01-14 19:59:27.936 30763 30966 V threaded_app: New input event: type=2
01-14 19:59:27.953 30763 30966 V threaded_app: New input event: type=2
01-14 19:59:27.970 30763 30966 V threaded_app: New input event: type=2
01-14 19:59:28.003 30763 30966 V threaded_app: New input event: type=2
01-14 19:59:28.020 30763 30966 V threaded_app: New input event: type=2
01-14 19:59:28.037 30763 30966 V threaded_app: New input event: type=2
01-14 19:59:28.053 30763 30966 V threaded_app: New input event: type=2
01-14 19:59:28.070 30763 30966 V threaded_app: New input event: type=2
01-14 19:59:28.086 30763 30966 V threaded_app: New input event: type=2
01-14 19:59:28.104 30763 30966 V threaded_app: New input event: type=2
01-14 19:59:28.136 30763 30966 V threaded_app: New input event: type=2
01-14 19:59:28.170 30763 30966 V threaded_app: New input event: type=2
01-14 19:59:28.187 30763 30966 V threaded_app: New input event: type=2
01-14 19:59:28.220 30763 30966 V threaded_app: New input event: type=2
01-14 19:59:28.231 30763 30966 V threaded_app: New input event: type=2
01-14 19:59:28.232 30763 30966 V threaded_app: New input event: type=2
01-14 19:59:28.290 30763 30966 V threaded_app: New input event: type=2
01-14 19:59:28.304 30763 30966 V threaded_app: New input event: type=2
01-14 19:59:28.405 30763 30966 V threaded_app: New input event: type=2
01-14 19:59:28.414 30763 30966 V threaded_app: New input event: type=2
01-14 19:59:28.415 30763 30966 V threaded_app: New input event: type=2
01-14 19:59:28.464 30763 30966 V threaded_app: New input event: type=2
01-14 19:59:28.564 30763 30966 V threaded_app: New input event: type=2
01-14 19:59:29.129 30763 31165 I AudioManager: In isBluetoothScoOn(), calling
application: com.ranger.cheat
01-14 19:59:30.409 30763 31165 I AudioManager: In isBluetoothScoOn(), calling
application: com.ranger.cheat
01-14 19:59:30.653 30763 30966 V threaded_app: New input event: type=2
01-14 19:59:30.657 30763 30966 V threaded_app: New input event: type=2
01-14 19:59:31.690 30763 31165 I AudioManager: In isBluetoothScoOn(), calling
application: com.ranger.cheat
01-14 19:59:31.736 30763 30966 V threaded_app: New input event: type=2
01-14 19:59:31.756 30763 30966 V threaded_app: New input event: type=2
01-14 19:59:31.772 30763 30966 V threaded_app: New input event: type=2
01-14 19:59:31.789 30763 30966 V threaded_app: New input event: type=2
01-14 19:59:31.805 30763 30966 V threaded_app: New input event: type=2
01-14 19:59:31.816 30763 30966 V threaded_app: New input event: type=2
01-14 19:59:31.817 30763 30966 V threaded_app: New input event: type=2
01-14 19:59:32.317 30763 30966 V threaded_app: New input event: type=2
01-14 19:59:32.366 30763 30966 V threaded_app: New input event: type=2
01-14 19:59:32.483 30763 30966 V threaded_app: New input event: type=2
01-14 19:59:32.533 30763 30966 V threaded_app: New input event: type=2
01-14 19:59:32.668 30763 30966 V threaded_app: New input event: type=2
01-14 19:59:32.717 30763 30966 V threaded_app: New input event: type=2
01-14 19:59:32.817 30763 30966 V threaded_app: New input event: type=2
01-14 19:59:32.868 30763 30966 V threaded_app: New input event: type=2
01-14 19:59:32.968 30763 30966 V threaded_app: New input event: type=2
01-14 19:59:32.970 30763 31165 I AudioManager: In isBluetoothScoOn(), calling
application: com.ranger.cheat
01-14 19:59:33.034 30763 30966 V threaded_app: New input event: type=2
01-14 19:59:33.168 30763 30966 V threaded_app: New input event: type=2
01-14 19:59:33.201 30763 30966 V threaded_app: New input event: type=2
01-14 19:59:33.318 30763 30966 V threaded_app: New input event: type=2
01-14 19:59:33.367 30763 30966 V threaded_app: New input event: type=2
01-14 19:59:33.484 30763 30966 V threaded_app: New input event: type=2
01-14 19:59:33.534 30763 30966 V threaded_app: New input event: type=2
01-14 19:59:33.651 30763 30966 V threaded_app: New input event: type=2
01-14 19:59:33.701 30763 30966 V threaded_app: New input event: type=2
01-14 19:59:33.818 30763 30966 V threaded_app: New input event: type=2
01-14 19:59:33.867 30763 30966 V threaded_app: New input event: type=2
01-14 19:59:33.984 30763 30966 V threaded_app: New input event: type=2
01-14 19:59:34.050 30763 30966 V threaded_app: New input event: type=2
01-14 19:59:34.151 30763 30966 V threaded_app: New input event: type=2
01-14 19:59:34.201 30763 30966 V threaded_app: New input event: type=2
01-14 19:59:34.250 30763 31165 I AudioManager: In isBluetoothScoOn(), calling
application: com.ranger.cheat
01-14 19:59:34.318 30763 30966 V threaded_app: New input event: type=2
01-14 19:59:34.385 30763 30966 V threaded_app: New input event: type=2
01-14 19:59:34.503 30763 30966 V threaded_app: New input event: type=2
01-14 19:59:34.569 30763 30966 V threaded_app: New input event: type=2
01-14 19:59:34.668 30763 30966 V threaded_app: New input event: type=2
01-14 19:59:34.735 30763 30966 V threaded_app: New input event: type=2
01-14 19:59:34.854 30763 30966 V threaded_app: New input event: type=2
01-14 19:59:34.902 30763 30966 V threaded_app: New input event: type=2
01-14 19:59:35.019 30763 30966 V threaded_app: New input event: type=2
01-14 19:59:35.068 30763 30966 V threaded_app: New input event: type=2
01-14 19:59:35.185 30763 30966 V threaded_app: New input event: type=2
01-14 19:59:35.236 30763 30966 V threaded_app: New input event: type=2
01-14 19:59:35.530 30763 31165 I AudioManager: In isBluetoothScoOn(), calling
application: com.ranger.cheat
01-14 19:59:35.635 30763 30966 V threaded_app: New input event: type=2
01-14 19:59:35.653 30763 30966 V threaded_app: New input event: type=2
01-14 19:59:36.272 30763 30966 V threaded_app: New input event: type=2
01-14 19:59:36.319 30763 30966 V threaded_app: New input event: type=2
01-14 19:59:36.809 30763 31165 I AudioManager: In isBluetoothScoOn(), calling
application: com.ranger.cheat
01-14 19:59:37.037 30763 30966 V threaded_app: New input event: type=2
01-14 19:59:37.071 30763 30966 V threaded_app: New input event: type=2
01-14 19:59:38.094 30763 31165 I AudioManager: In isBluetoothScoOn(), calling
application: com.ranger.cheat
01-14 19:59:39.370 30763 31165 I AudioManager: In isBluetoothScoOn(), calling
application: com.ranger.cheat
01-14 19:59:40.650 30763 31165 I AudioManager: In isBluetoothScoOn(), calling
application: com.ranger.cheat
01-14 19:59:40.690 30763 30966 V threaded_app: New input event: type=2
01-14 19:59:40.738 30763 30966 V threaded_app: New input event: type=2
01-14 19:59:41.930 30763 31165 I AudioManager: In isBluetoothScoOn(), calling
application: com.ranger.cheat
01-14 19:59:43.210 30763 31165 I AudioManager: In isBluetoothScoOn(), calling
application: com.ranger.cheat
01-14 19:59:43.828 30763 30966 V threaded_app: New input event: type=2
01-14 19:59:43.891 30763 30966 V threaded_app: New input event: type=2
01-14 19:59:44.424 30763 30966 V threaded_app: New input event: type=2
01-14 19:59:44.490 30763 31165 I AudioManager: In isBluetoothScoOn(), calling
application: com.ranger.cheat
01-14 19:59:44.490 30763 30966 V threaded_app: New input event: type=2
01-14 19:59:44.517 30763 31575 D AudioRecord: stop(11688): mActive:0
01-14 19:59:44.518 30763 31575 D AudioRecord: stop(11688): mActive:0
01-14 19:59:44.525 30763 31575 D AudioManager: setMode mode=3 from com.ranger.cheat
01-14 19:59:44.527 30763 31575 I AudioManager: In setSpeakerphoneOn(), on: true,
calling application: com.ranger.cheat
01-14 19:59:44.684 30763 31575 D AudioTrack: stop(11689): prior state:STATE_STOPPED
output 13 stream 3 session 82313
01-14 19:59:44.685 30763 31575 D AudioTrack: ~AudioTrack, releasing mStatus =0
session id 82313 from 30763 on behalf of 30763
01-14 19:59:44.685 30763 31575 D AudioTrack: stop(11689): prior state:STATE_STOPPED
output 13 stream 3 session 82313
01-14 19:59:44.691 30763 31575 D ranger.cheat:p: PlayerBase::PlayerBase()
01-14 19:59:44.692 30763 31575 D ranger.cheat:p: TrackPlayerBase::TrackPlayerBase()
01-14 19:59:44.692 30763 31575 I libOpenSLES: android_audioPlayer_realize, channel
mask 0x4
01-14 19:59:44.692 30763 31575 I libOpenSLES: android_audioPlayer_realize, create
default channel mask 0x1, channels 1
01-14 19:59:44.692 30763 31575 I libOpenSLES: Emulating old channel mask behavior
(ignoring positional mask 0x4, using default mask 0x1 based on channel count of 1)
01-14 19:59:44.692 30763 31575 D AudioTrackExtImpl: AudioTrackExtImpl init
01-14 19:59:44.692 30763 31575 D AudioTrack: set() streamType 0, sampleRate 16000,
format 0x1, channelMask 0x1, frameCount 0, flags #104, notificationFrames -2,
sessionId 82393, transferType 0, uid -1, pid -1 cbf 1
01-14 19:59:44.740 30763 31575 E AudioSystem: invalid attributes { Content type:
AUDIO_CONTENT_TYPE_UNKNOWN Usage: AUDIO_USAGE_UNKNOWN Source: AUDIO_SOURCE_DEFAULT
Flags: 0x0 Tags: } when converting to stream
01-14 19:59:44.741 30763 31575 D AudioTrack: createTrack_l(11689):
AUDIO_OUTPUT_FLAG_FAST denied by server; frameCount 0 -> 644
01-14 19:59:44.742 30763 31575 I AudioTrack: createTrack_l(11697) on outputId(1701)
: 0xb400007988a27600, mCblk = 0x7b4fea5100, mLatency = 80, mAfLatency = 40,
frameCount = 644, mSampleRate = 16000, mFlags = 0, mReqFrameCount = 644,
mNotificationFramesAct = 320
01-14 19:59:44.746 30763 31575 I AudioManager: In setSpeakerphoneOn(), on: true,
calling application: com.ranger.cheat
01-14 19:59:44.750 30763 31575 W libOpenSLES: Conversion from OpenSL ES positional
channel mask 0x4 to Android mask 0 loses channels
01-14 19:59:44.750 30763 31575 I libOpenSLES: Emulating old channel mask behavior
(ignoring positional mask 0x4, using default mask 0x10 based on channel count of 1)
01-14 19:59:44.750 30763 31575 D AudioRecordExtImpl: AudioRecordExtImpl init
01-14 19:59:44.750 30763 31575 D AudioRecordExtImpl: audiorecordTest
01-14 19:59:44.750 30763 31575 D AudioRecord: set(): inputSource 7, sampleRate
