16000, format 0x1, channelMask 0x10, frameCount 0, notificationFrames 0, sessionId
0, transferType 1, flags 0x5, identity AttributionSourceState{pid: 30763, uid:
10349, packageName: (null), attributionTag: (null), token: , renouncedPermissions:
(null), next: []}uid 10349, pid 30763
01-14 19:59:44.751 30763 31575 D AudioRecord: set(): mSessionId 0
01-14 19:59:44.850 30763 31575 D AudioRecord: stop(11701): mActive:0
01-14 19:59:44.850 30763 31575 D AudioRecord: start(11701): sync event 0 trigger
session 0
01-14 19:59:45.898 30763 31165 I AudioManager: In isBluetoothScoOn(), calling
application: com.ranger.cheat
01-14 19:59:47.178 30763 31165 I AudioManager: In isBluetoothScoOn(), calling
application: com.ranger.cheat
01-14 19:59:47.293 30763 30966 V threaded_app: New input event: type=2
01-14 19:59:47.359 30763 30966 V threaded_app: New input event: type=2
01-14 19:59:47.859 30763 30966 V threaded_app: New input event: type=2
01-14 19:59:47.926 30763 30966 V threaded_app: New input event: type=2
01-14 19:59:48.262 30763 30966 V threaded_app: New input event: type=2
01-14 19:59:48.343 30763 30966 V threaded_app: New input event: type=2
01-14 19:59:48.446 30763 30966 V threaded_app: New input event: type=2
01-14 19:59:48.458 30763 31165 I AudioManager: In isBluetoothScoOn(), calling
application: com.ranger.cheat
01-14 19:59:48.527 30763 30966 V threaded_app: New input event: type=2
01-14 19:59:48.643 30763 30966 V threaded_app: New input event: type=2
01-14 19:59:48.693 30763 30966 V threaded_app: New input event: type=2
01-14 19:59:48.795 30763 30966 V threaded_app: New input event: type=2
01-14 19:59:48.876 30763 30966 V threaded_app: New input event: type=2
01-14 19:59:48.978 30763 30966 V threaded_app: New input event: type=2
01-14 19:59:49.043 30763 30966 V threaded_app: New input event: type=2
01-14 19:59:49.143 30763 30966 V threaded_app: New input event: type=2
01-14 19:59:49.226 30763 30966 V threaded_app: New input event: type=2
01-14 19:59:49.328 30763 30966 V threaded_app: New input event: type=2
01-14 19:59:49.394 30763 30966 V threaded_app: New input event: type=2
01-14 19:59:49.512 30763 30966 V threaded_app: New input event: type=2
01-14 19:59:49.593 30763 30966 V threaded_app: New input event: type=2
01-14 19:59:49.695 30763 30966 V threaded_app: New input event: type=2
01-14 19:59:49.738 30763 31165 I AudioManager: In isBluetoothScoOn(), calling
application: com.ranger.cheat
01-14 19:59:49.761 30763 30966 V threaded_app: New input event: type=2
01-14 19:59:49.844 30763 30966 V threaded_app: New input event: type=2
01-14 19:59:49.927 30763 30966 V threaded_app: New input event: type=2
01-14 19:59:50.043 30763 30966 V threaded_app: New input event: type=2
01-14 19:59:50.094 30763 30966 V threaded_app: New input event: type=2
01-14 19:59:51.022 30763 31165 I AudioManager: In isBluetoothScoOn(), calling
application: com.ranger.cheat
01-14 19:59:52.298 30763 31165 I AudioManager: In isBluetoothScoOn(), calling
application: com.ranger.cheat
01-14 19:59:53.581 30763 31165 I AudioManager: In isBluetoothScoOn(), calling
application: com.ranger.cheat
01-14 19:59:54.859 30763 31165 I AudioManager: In isBluetoothScoOn(), calling
application: com.ranger.cheat
01-14 19:59:56.139 30763 31165 I AudioManager: In isBluetoothScoOn(), calling
application: com.ranger.cheat
01-14 19:59:57.418 30763 31165 I AudioManager: In isBluetoothScoOn(), calling
application: com.ranger.cheat
01-14 19:59:58.698 30763 31165 I AudioManager: In isBluetoothScoOn(), calling
application: com.ranger.cheat
01-14 19:59:59.978 30763 31165 I AudioManager: In isBluetoothScoOn(), calling
application: com.ranger.cheat
01-14 20:00:01.259 30763 31165 I AudioManager: In isBluetoothScoOn(), calling
application: com.ranger.cheat
01-14 20:00:02.068 30763 30966 V threaded_app: New input event: type=2
01-14 20:00:02.100 30763 30966 V threaded_app: New input event: type=2
01-14 20:00:02.317 30763 30966 V threaded_app: New input event: type=2
01-14 20:00:02.383 30763 30966 V threaded_app: New input event: type=2
01-14 20:00:02.538 30763 31165 I AudioManager: In isBluetoothScoOn(), calling
application: com.ranger.cheat
01-14 20:00:03.818 30763 31165 I AudioManager: In isBluetoothScoOn(), calling
application: com.ranger.cheat
01-14 20:00:04.819 30763 30966 V threaded_app: New input event: type=2
01-14 20:00:04.885 30763 30966 V threaded_app: New input event: type=2
01-14 20:00:05.098 30763 31165 I AudioManager: In isBluetoothScoOn(), calling
application: com.ranger.cheat
01-14 20:00:05.335 30763 30966 V threaded_app: New input event: type=2
01-14 20:00:05.386 30763 30966 V threaded_app: New input event: type=2
01-14 20:00:05.720 30763 30966 V threaded_app: New input event: type=2
01-14 20:00:05.786 30763 30966 V threaded_app: New input event: type=2
01-14 20:00:05.808 30763 31575 D AudioManager: setMode mode=0 from com.ranger.cheat
01-14 20:00:05.811 30763 31575 I AudioManager: In setSpeakerphoneOn(), on: true,
calling application: com.ranger.cheat
01-14 20:00:06.002 30763 31575 D AudioTrack: stop(11697): prior state:STATE_STOPPED
output 1701 stream 3 session 82393
01-14 20:00:06.002 30763 31575 D AudioTrack: ~AudioTrack, releasing mStatus =0
session id 82393 from 30763 on behalf of 30763
01-14 20:00:06.003 30763 31575 D AudioTrack: stop(11697): prior state:STATE_STOPPED
output 1701 stream 3 session 82393
01-14 20:00:06.005 30763 31575 D ranger.cheat:p: PlayerBase::PlayerBase()
01-14 20:00:06.008 30763 31575 D ranger.cheat:p: TrackPlayerBase::TrackPlayerBase()
01-14 20:00:06.008 30763 31575 I libOpenSLES: android_audioPlayer_realize, channel
mask 0x4
01-14 20:00:06.008 30763 31575 I libOpenSLES: android_audioPlayer_realize, create
default channel mask 0x1, channels 1
01-14 20:00:06.008 30763 31575 I libOpenSLES: Emulating old channel mask behavior
(ignoring positional mask 0x4, using default mask 0x1 based on channel count of 1)
01-14 20:00:06.009 30763 31575 D AudioTrackExtImpl: AudioTrackExtImpl init
01-14 20:00:06.009 30763 31575 D AudioTrack: set() streamType 3, sampleRate 16000,
format 0x1, channelMask 0x1, frameCount 0, flags #104, notificationFrames -2,
sessionId 82409, transferType 0, uid -1, pid -1 cbf 1
01-14 20:00:06.038 30763 31575 E AudioSystem: invalid attributes { Content type:
AUDIO_CONTENT_TYPE_UNKNOWN Usage: AUDIO_USAGE_UNKNOWN Source: AUDIO_SOURCE_DEFAULT
Flags: 0x0 Tags: } when converting to stream
01-14 20:00:06.040 30763 31575 D AudioTrack: createTrack_l(11697):
AUDIO_OUTPUT_FLAG_FAST denied by server; frameCount 0 -> 648
01-14 20:00:06.041 30763 31575 I AudioTrack: createTrack_l(11703) on outputId(13) :
0xb400007988a27600, mCblk = 0x7b4fea5100, mLatency = 88, mAfLatency = 48,
frameCount = 648, mSampleRate = 16000, mFlags = 0, mReqFrameCount = 648,
mNotificationFramesAct = 320
01-14 20:00:06.045 30763 31575 I AudioManager: In setSpeakerphoneOn(), on: true,
calling application: com.ranger.cheat
01-14 20:00:06.047 30763 31575 D AudioRecord: stop(11701): mActive:1
01-14 20:00:06.047 30763 31575 D AudioRecord: mAudioRecord->stop()
01-14 20:00:06.052 30763 30966 V threaded_app: New input event: type=2
01-14 20:00:06.102 30763 31575 D AudioRecord: AudioRecordThread pause()
01-14 20:00:06.102 30763 31575 D AudioRecord: stop() end
01-14 20:00:06.103 30763 31575 D AudioRecord: stop(11701): mActive:0
01-14 20:00:06.103 30763 31575 D AudioRecord: stop(11701): mActive:0
01-14 20:00:06.106 30763 31575 W libOpenSLES: Conversion from OpenSL ES positional
channel mask 0x4 to Android mask 0 loses channels
01-14 20:00:06.106 30763 31575 I libOpenSLES: Emulating old channel mask behavior
(ignoring positional mask 0x4, using default mask 0x10 based on channel count of 1)
01-14 20:00:06.106 30763 31575 D AudioRecordExtImpl: AudioRecordExtImpl init
01-14 20:00:06.106 30763 31575 D AudioRecordExtImpl: audiorecordTest
01-14 20:00:06.106 30763 31575 D AudioRecord: set(): inputSource 0, sampleRate
16000, format 0x1, channelMask 0x10, frameCount 0, notificationFrames 0, sessionId
0, transferType 1, flags 0x5, identity AttributionSourceState{pid: 30763, uid:
10349, packageName: (null), attributionTag: (null), token: , renouncedPermissions:
(null), next: []}uid 10349, pid 30763
01-14 20:00:06.108 30763 31575 D AudioRecord: set(): mSessionId 0
01-14 20:00:06.109 30763 30966 V threaded_app: New input event: type=2
01-14 20:00:06.125 30763 30966 V threaded_app: New input event: type=2
01-14 20:00:06.142 30763 30966 V threaded_app: New input event: type=2
01-14 20:00:06.159 30763 30966 V threaded_app: New input event: type=2
01-14 20:00:06.175 30763 30966 V threaded_app: New input event: type=2
01-14 20:00:06.193 30763 30966 V threaded_app: New input event: type=2
01-14 20:00:06.208 30763 30966 V threaded_app: New input event: type=2
01-14 20:00:06.227 30763 30966 V threaded_app: New input event: type=2
01-14 20:00:06.242 30763 30966 V threaded_app: New input event: type=2
01-14 20:00:06.258 30763 30966 V threaded_app: New input event: type=2
01-14 20:00:06.275 30763 30966 V threaded_app: New input event: type=2
01-14 20:00:06.291 30763 30966 V threaded_app: New input event: type=2
01-14 20:00:06.303 30763 30966 V threaded_app: New input event: type=2
01-14 20:00:06.303 30763 30966 V threaded_app: New input event: type=2
01-14 20:00:06.495 30763 31165 I AudioManager: In isBluetoothScoOn(), calling
application: com.ranger.cheat
01-14 20:00:07.775 30763 31165 I AudioManager: In isBluetoothScoOn(), calling
application: com.ranger.cheat
01-14 20:00:09.055 30763 31165 I AudioManager: In isBluetoothScoOn(), calling
application: com.ranger.cheat
01-14 20:00:10.335 30763 31165 I AudioManager: In isBluetoothScoOn(), calling
application: com.ranger.cheat
01-14 20:00:11.615 30763 31165 I AudioManager: In isBluetoothScoOn(), calling
application: com.ranger.cheat
01-14 20:00:11.807 30763 30966 V threaded_app: New input event: type=2
01-14 20:00:12.078 30763 30966 V threaded_app: New input event: type=2
01-14 20:00:12.895 30763 31165 I AudioManager: In isBluetoothScoOn(), calling
application: com.ranger.cheat
01-14 20:00:12.895 30763 30966 V threaded_app: New input event: type=2
01-14 20:00:13.964 30763 30966 V threaded_app: New input event: type=2
01-14 20:00:14.175 30763 31165 I AudioManager: In isBluetoothScoOn(), calling
application: com.ranger.cheat
01-14 20:00:14.189 30763 30966 V threaded_app: New input event: type=2
01-14 20:00:15.458 30763 31165 I AudioManager: In isBluetoothScoOn(), calling
application: com.ranger.cheat
01-14 20:00:15.975 30763 30966 V threaded_app: New input event: type=2
01-14 20:00:16.046 30763 30966 V threaded_app: New input event: type=2
01-14 20:00:16.064 30763 30966 V threaded_app: New input event: type=2
01-14 20:00:16.081 30763 30966 V threaded_app: New input event: type=2
01-14 20:00:16.097 30763 30966 V threaded_app: New input event: type=2
01-14 20:00:16.113 30763 30966 V threaded_app: New input event: type=2
01-14 20:00:16.129 30763 30966 V threaded_app: New input event: type=2
01-14 20:00:16.146 30763 30966 V threaded_app: New input event: type=2
01-14 20:00:16.163 30763 30966 V threaded_app: New input event: type=2
01-14 20:00:16.179 30763 30966 V threaded_app: New input event: type=2
01-14 20:00:16.196 30763 30966 V threaded_app: New input event: type=2
01-14 20:00:16.213 30763 30966 V threaded_app: New input event: type=2
01-14 20:00:16.229 30763 30966 V threaded_app: New input event: type=2
01-14 20:00:16.246 30763 30966 V threaded_app: New input event: type=2
01-14 20:00:16.265 30763 30966 V threaded_app: New input event: type=2
01-14 20:00:16.279 30763 30966 V threaded_app: New input event: type=2
01-14 20:00:16.297 30763 30966 V threaded_app: New input event: type=2
01-14 20:00:16.313 30763 30966 V threaded_app: New input event: type=2
01-14 20:00:16.330 30763 30966 V threaded_app: New input event: type=2
01-14 20:00:16.346 30763 30966 V threaded_app: New input event: type=2
01-14 20:00:16.363 30763 30966 V threaded_app: New input event: type=2
01-14 20:00:16.379 30763 30966 V threaded_app: New input event: type=2
01-14 20:00:16.396 30763 30966 V threaded_app: New input event: type=2
01-14 20:00:16.414 30763 30966 V threaded_app: New input event: type=2
01-14 20:00:16.431 30763 30966 V threaded_app: New input event: type=2
01-14 20:00:16.446 30763 30966 V threaded_app: New input event: type=2
01-14 20:00:16.463 30763 30966 V threaded_app: New input event: type=2
01-14 20:00:16.480 30763 30966 V threaded_app: New input event: type=2
01-14 20:00:16.497 30763 30966 V threaded_app: New input event: type=2
01-14 20:00:16.513 30763 30966 V threaded_app: New input event: type=2
01-14 20:00:16.530 30763 30966 V threaded_app: New input event: type=2
01-14 20:00:16.548 30763 30966 V threaded_app: New input event: type=2
01-14 20:00:16.563 30763 30966 V threaded_app: New input event: type=2
01-14 20:00:16.582 30763 30966 V threaded_app: New input event: type=2
01-14 20:00:16.598 30763 30966 V threaded_app: New input event: type=2
01-14 20:00:16.613 30763 30966 V threaded_app: New input event: type=2
01-14 20:00:16.630 30763 30966 V threaded_app: New input event: type=2
01-14 20:00:16.646 30763 30966 V threaded_app: New input event: type=2
01-14 20:00:16.657 30763 30966 V threaded_app: New input event: type=2
01-14 20:00:16.657 30763 30966 V threaded_app: New input event: type=2
01-14 20:00:16.734 30763 31165 I AudioManager: In isBluetoothScoOn(), calling
application: com.ranger.cheat
01-14 20:00:16.926 30763 30966 V threaded_app: New input event: type=2
01-14 20:00:17.031 30763 30966 V threaded_app: New input event: type=2
01-14 20:00:17.047 30763 30966 V threaded_app: New input event: type=2
01-14 20:00:17.064 30763 30966 V threaded_app: New input event: type=2
01-14 20:00:17.081 30763 30966 V threaded_app: New input event: type=2
01-14 20:00:17.099 30763 30966 V threaded_app: New input event: type=2
01-14 20:00:17.115 30763 30966 V threaded_app: New input event: type=2
01-14 20:00:17.130 30763 30966 V threaded_app: New input event: type=2
01-14 20:00:17.146 30763 30966 V threaded_app: New input event: type=2
01-14 20:00:17.165 30763 30966 V threaded_app: New input event: type=2
01-14 20:00:17.181 30763 30966 V threaded_app: New input event: type=2
01-14 20:00:17.197 30763 30966 V threaded_app: New input event: type=2
01-14 20:00:17.213 30763 30966 V threaded_app: New input event: type=2
01-14 20:00:17.230 30763 30966 V threaded_app: New input event: type=2
01-14 20:00:17.247 30763 30966 V threaded_app: New input event: type=2
01-14 20:00:17.263 30763 30966 V threaded_app: New input event: type=2
01-14 20:00:17.280 30763 30966 V threaded_app: New input event: type=2
01-14 20:00:17.298 30763 30966 V threaded_app: New input event: type=2
01-14 20:00:17.363 30763 30966 V threaded_app: New input event: type=2
01-14 20:00:17.414 30763 30966 V threaded_app: New input event: type=2
01-14 20:00:17.430 30763 30966 V threaded_app: New input event: type=2
01-14 20:00:17.447 30763 30966 V threaded_app: New input event: type=2
01-14 20:00:17.463 30763 30966 V threaded_app: New input event: type=2
01-14 20:00:17.480 30763 30966 V threaded_app: New input event: type=2
01-14 20:00:17.497 30763 30966 V threaded_app: New input event: type=2
01-14 20:00:17.513 30763 30966 V threaded_app: New input event: type=2
01-14 20:00:17.530 30763 30966 V threaded_app: New input event: type=2
01-14 20:00:17.547 30763 30966 V threaded_app: New input event: type=2
01-14 20:00:17.564 30763 30966 V threaded_app: New input event: type=2
01-14 20:00:17.581 30763 30966 V threaded_app: New input event: type=2
01-14 20:00:17.597 30763 30966 V threaded_app: New input event: type=2
01-14 20:00:17.614 30763 30966 V threaded_app: New input event: type=2
01-14 20:00:17.630 30763 30966 V threaded_app: New input event: type=2
01-14 20:00:17.640 30763 30966 V threaded_app: New input event: type=2
01-14 20:00:17.641 30763 30966 V threaded_app: New input event: type=2
01-14 20:00:18.008 30763 30966 V threaded_app: New input event: type=2
01-14 20:00:18.015 30763 31165 I AudioManager: In isBluetoothScoOn(), calling
application: com.ranger.cheat
01-14 20:00:18.100 30763 30966 V threaded_app: New input event: type=2
01-14 20:00:18.114 30763 30966 V threaded_app: New input event: type=2
01-14 20:00:18.132 30763 30966 V threaded_app: New input event: type=2
01-14 20:00:18.148 30763 30966 V threaded_app: New input event: type=2
01-14 20:00:18.164 30763 30966 V threaded_app: New input event: type=2
01-14 20:00:18.181 30763 30966 V threaded_app: New input event: type=2
01-14 20:00:18.197 30763 30966 V threaded_app: New input event: type=2
01-14 20:00:18.214 30763 30966 V threaded_app: New input event: type=2
01-14 20:00:18.230 30763 30966 V threaded_app: New input event: type=2
01-14 20:00:18.247 30763 30966 V threaded_app: New input event: type=2
01-14 20:00:18.264 30763 30966 V threaded_app: New input event: type=2
01-14 20:00:18.281 30763 30966 V threaded_app: New input event: type=2
01-14 20:00:18.299 30763 30966 V threaded_app: New input event: type=2
01-14 20:00:18.314 30763 30966 V threaded_app: New input event: type=2
01-14 20:00:18.330 30763 30966 V threaded_app: New input event: type=2
01-14 20:00:18.347 30763 30966 V threaded_app: New input event: type=2
01-14 20:00:18.364 30763 30966 V threaded_app: New input event: type=2
01-14 20:00:18.381 30763 30966 V threaded_app: New input event: type=2
01-14 20:00:18.398 30763 30966 V threaded_app: New input event: type=2
01-14 20:00:18.414 30763 30966 V threaded_app: New input event: type=2
01-14 20:00:18.431 30763 30966 V threaded_app: New input event: type=2
01-14 20:00:18.448 30763 30966 V threaded_app: New input event: type=2
01-14 20:00:18.464 30763 30966 V threaded_app: New input event: type=2
01-14 20:00:18.499 30763 30966 V threaded_app: New input event: type=2
01-14 20:00:18.514 30763 30966 V threaded_app: New input event: type=2
01-14 20:00:18.531 30763 30966 V threaded_app: New input event: type=2
01-14 20:00:18.547 30763 30966 V threaded_app: New input event: type=2
01-14 20:00:18.565 30763 30966 V threaded_app: New input event: type=2
01-14 20:00:18.581 30763 30966 V threaded_app: New input event: type=2
01-14 20:00:18.598 30763 30966 V threaded_app: New input event: type=2
01-14 20:00:18.614 30763 30966 V threaded_app: New input event: type=2
01-14 20:00:18.631 30763 30966 V threaded_app: New input event: type=2
01-14 20:00:18.647 30763 30966 V threaded_app: New input event: type=2
01-14 20:00:18.665 30763 30966 V threaded_app: New input event: type=2
01-14 20:00:18.681 30763 30966 V threaded_app: New input event: type=2
01-14 20:00:18.698 30763 30966 V threaded_app: New input event: type=2
01-14 20:00:18.714 30763 30966 V threaded_app: New input event: type=2
01-14 20:00:18.731 30763 30966 V threaded_app: New input event: type=2
01-14 20:00:18.746 30763 30966 V threaded_app: New input event: type=2
01-14 20:00:18.746 30763 30966 V threaded_app: New input event: type=2
01-14 20:00:19.143 30763 30966 V threaded_app: New input event: type=2
01-14 20:00:19.215 30763 30966 V threaded_app: New input event: type=2
01-14 20:00:19.232 30763 30966 V threaded_app: New input event: type=2
01-14 20:00:19.250 30763 30966 V threaded_app: New input event: type=2
01-14 20:00:19.265 30763 30966 V threaded_app: New input event: type=2
01-14 20:00:19.282 30763 30966 V threaded_app: New input event: type=2
01-14 20:00:19.295 30763 31165 I AudioManager: In isBluetoothScoOn(), calling
application: com.ranger.cheat
01-14 20:00:19.299 30763 30966 V threaded_app: New input event: type=2
01-14 20:00:19.314 30763 30966 V threaded_app: New input event: type=2
01-14 20:00:19.332 30763 30966 V threaded_app: New input event: type=2
01-14 20:00:19.348 30763 30966 V threaded_app: New input event: type=2
01-14 20:00:19.365 30763 30966 V threaded_app: New input event: type=2
01-14 20:00:19.381 30763 30966 V threaded_app: New input event: type=2
01-14 20:00:19.398 30763 30966 V threaded_app: New input event: type=2
01-14 20:00:19.415 30763 30966 V threaded_app: New input event: type=2
01-14 20:00:19.431 30763 30966 V threaded_app: New input event: type=2
01-14 20:00:19.442 30763 30966 V threaded_app: New input event: type=2
01-14 20:00:19.442 30763 30966 V threaded_app: New input event: type=2
01-14 20:00:19.844 30763 30966 V threaded_app: New input event: type=2
01-14 20:00:19.948 30763 30966 V threaded_app: New input event: type=2
01-14 20:00:19.967 30763 30966 V threaded_app: New input event: type=2
01-14 20:00:19.982 30763 30966 V threaded_app: New input event: type=2
01-14 20:00:19.999 30763 30966 V threaded_app: New input event: type=2
01-14 20:00:20.015 30763 30966 V threaded_app: New input event: type=2
01-14 20:00:20.032 30763 30966 V threaded_app: New input event: type=2
01-14 20:00:20.049 30763 30966 V threaded_app: New input event: type=2
01-14 20:00:20.065 30763 30966 V threaded_app: New input event: type=2
01-14 20:00:20.082 30763 30966 V threaded_app: New input event: type=2
01-14 20:00:20.099 30763 30966 V threaded_app: New input event: type=2
01-14 20:00:20.115 30763 30966 V threaded_app: New input event: type=2
01-14 20:00:20.131 30763 30966 V threaded_app: New input event: type=2
01-14 20:00:20.148 30763 30966 V threaded_app: New input event: type=2
01-14 20:00:20.165 30763 30966 V threaded_app: New input event: type=2
01-14 20:00:20.183 30763 30966 V threaded_app: New input event: type=2
01-14 20:00:20.198 30763 30966 V threaded_app: New input event: type=2
01-14 20:00:20.215 30763 30966 V threaded_app: New input event: type=2
01-14 20:00:20.232 30763 30966 V threaded_app: New input event: type=2
01-14 20:00:20.249 30763 30966 V threaded_app: New input event: type=2
01-14 20:00:20.282 30763 30966 V threaded_app: New input event: type=2
01-14 20:00:20.333 30763 30966 V threaded_app: New input event: type=2
01-14 20:00:20.348 30763 30966 V threaded_app: New input event: type=2
01-14 20:00:20.365 30763 30966 V threaded_app: New input event: type=2
01-14 20:00:20.381 30763 30966 V threaded_app: New input event: type=2
01-14 20:00:20.398 30763 30966 V threaded_app: New input event: type=2
01-14 20:00:20.415 30763 30966 V threaded_app: New input event: type=2
01-14 20:00:20.432 30763 30966 V threaded_app: New input event: type=2
01-14 20:00:20.448 30763 30966 V threaded_app: New input event: type=2
01-14 20:00:20.465 30763 30966 V threaded_app: New input event: type=2
01-14 20:00:20.482 30763 30966 V threaded_app: New input event: type=2
01-14 20:00:20.498 30763 30966 V threaded_app: New input event: type=2
01-14 20:00:20.515 30763 30966 V threaded_app: New input event: type=2
01-14 20:00:20.532 30763 30966 V threaded_app: New input event: type=2
01-14 20:00:20.548 30763 30966 V threaded_app: New input event: type=2
01-14 20:00:20.565 30763 30966 V threaded_app: New input event: type=2
01-14 20:00:20.575 30763 31165 I AudioManager: In isBluetoothScoOn(), calling
application: com.ranger.cheat
01-14 20:00:20.582 30763 30966 V threaded_app: New input event: type=2
01-14 20:00:20.593 30763 30966 V threaded_app: New input event: type=2
01-14 20:00:20.593 30763 30966 V threaded_app: New input event: type=2
01-14 20:00:21.648 30763 30966 V threaded_app: New input event: type=2
01-14 20:00:21.699 30763 30966 V threaded_app: New input event: type=2
01-14 20:00:21.717 30763 30966 V threaded_app: New input event: type=2
01-14 20:00:21.734 30763 30966 V threaded_app: New input event: type=2
01-14 20:00:21.750 30763 30966 V threaded_app: New input event: type=2
01-14 20:00:21.767 30763 30966 V threaded_app: New input event: type=2
01-14 20:00:21.782 30763 30966 V threaded_app: New input event: type=2
01-14 20:00:21.799 30763 30966 V threaded_app: New input event: type=2
01-14 20:00:21.815 30763 30966 V threaded_app: New input event: type=2
01-14 20:00:21.832 30763 30966 V threaded_app: New input event: type=2
01-14 20:00:21.849 30763 30966 V threaded_app: New input event: type=2
01-14 20:00:21.855 30763 31165 I AudioManager: In isBluetoothScoOn(), calling
application: com.ranger.cheat
01-14 20:00:21.866 30763 30966 V threaded_app: New input event: type=2
01-14 20:00:21.877 30763 30966 V threaded_app: New input event: type=2
01-14 20:00:21.878 30763 30966 V threaded_app: New input event: type=2
01-14 20:00:22.045 30763 30966 V threaded_app: New input event: type=2
01-14 20:00:22.077 30763 30966 V threaded_app: New input event: type=2
01-14 20:00:22.134 30763 30966 V threaded_app: New input event: type=2
01-14 20:00:22.151 30763 30966 V threaded_app: New input event: type=2
01-14 20:00:22.166 30763 30966 V threaded_app: New input event: type=2
01-14 20:00:22.183 30763 30966 V threaded_app: New input event: type=2
01-14 20:00:22.200 30763 30966 V threaded_app: New input event: type=2
01-14 20:00:22.217 30763 30966 V threaded_app: New input event: type=2
01-14 20:00:22.233 30763 30966 V threaded_app: New input event: type=2
01-14 20:00:22.250 30763 30966 V threaded_app: New input event: type=2
01-14 20:00:22.266 30763 30966 V threaded_app: New input event: type=2
01-14 20:00:22.282 30763 30966 V threaded_app: New input event: type=2
01-14 20:00:22.292 30763 30966 V threaded_app: New input event: type=2
01-14 20:00:22.293 30763 30966 V threaded_app: New input event: type=2
01-14 20:00:22.299 30763 30966 V threaded_app: New input event: type=2
01-14 20:00:22.316 30763 30966 V threaded_app: New input event: type=2
01-14 20:00:22.333 30763 30966 V threaded_app: New input event: type=2
01-14 20:00:22.349 30763 30966 V threaded_app: New input event: type=2
01-14 20:00:22.366 30763 30966 V threaded_app: New input event: type=2
01-14 20:00:22.384 30763 30966 V threaded_app: New input event: type=2
01-14 20:00:22.399 30763 30966 V threaded_app: New input event: type=2
01-14 20:00:22.417 30763 30966 V threaded_app: New input event: type=2
01-14 20:00:22.433 30763 30966 V threaded_app: New input event: type=2
01-14 20:00:22.450 30763 30966 V threaded_app: New input event: type=2
01-14 20:00:22.466 30763 30966 V threaded_app: New input event: type=2
01-14 20:00:22.483 30763 30966 V threaded_app: New input event: type=2
01-14 20:00:22.499 30763 30966 V threaded_app: New input event: type=2
01-14 20:00:22.516 30763 30966 V threaded_app: New input event: type=2
01-14 20:00:22.533 30763 30966 V threaded_app: New input event: type=2
01-14 20:00:22.549 30763 30966 V threaded_app: New input event: type=2
01-14 20:00:22.566 30763 30966 V threaded_app: New input event: type=2
01-14 20:00:22.583 30763 30966 V threaded_app: New input event: type=2
01-14 20:00:22.600 30763 30966 V threaded_app: New input event: type=2
01-14 20:00:22.616 30763 30966 V threaded_app: New input event: type=2
01-14 20:00:22.633 30763 30966 V threaded_app: New input event: type=2
01-14 20:00:22.649 30763 30966 V threaded_app: New input event: type=2
01-14 20:00:22.666 30763 30966 V threaded_app: New input event: type=2
01-14 20:00:22.683 30763 30966 V threaded_app: New input event: type=2
01-14 20:00:22.700 30763 30966 V threaded_app: New input event: type=2
01-14 20:00:22.716 30763 30966 V threaded_app: New input event: type=2
01-14 20:00:22.733 30763 30966 V threaded_app: New input event: type=2
01-14 20:00:22.750 30763 30966 V threaded_app: New input event: type=2
01-14 20:00:22.766 30763 30966 V threaded_app: New input event: type=2
01-14 20:00:22.783 30763 30966 V threaded_app: New input event: type=2
01-14 20:00:22.799 30763 30966 V threaded_app: New input event: type=2
01-14 20:00:22.816 30763 30966 V threaded_app: New input event: type=2
01-14 20:00:22.833 30763 30966 V threaded_app: New input event: type=2
01-14 20:00:22.849 30763 30966 V threaded_app: New input event: type=2
01-14 20:00:22.866 30763 30966 V threaded_app: New input event: type=2
01-14 20:00:22.883 30763 30966 V threaded_app: New input event: type=2
01-14 20:00:22.899 30763 30966 V threaded_app: New input event: type=2
01-14 20:00:22.910 30763 30966 V threaded_app: New input event: type=2
01-14 20:00:22.911 30763 30966 V threaded_app: New input event: type=2
01-14 20:00:22.933 30763 30966 V threaded_app: New input event: type=2
01-14 20:00:22.950 30763 30966 V threaded_app: New input event: type=2
01-14 20:00:22.966 30763 30966 V threaded_app: New input event: type=2
01-14 20:00:22.983 30763 30966 V threaded_app: New input event: type=2
01-14 20:00:22.999 30763 30966 V threaded_app: New input event: type=2
01-14 20:00:23.016 30763 30966 V threaded_app: New input event: type=2
01-14 20:00:23.033 30763 30966 V threaded_app: New input event: type=2
01-14 20:00:23.049 30763 30966 V threaded_app: New input event: type=2
01-14 20:00:23.066 30763 30966 V threaded_app: New input event: type=2
01-14 20:00:23.086 30763 30966 V threaded_app: New input event: type=2
01-14 20:00:23.099 30763 30966 V threaded_app: New input event: type=2
01-14 20:00:23.116 30763 30966 V threaded_app: New input event: type=2
01-14 20:00:23.133 30763 30966 V threaded_app: New input event: type=2
01-14 20:00:23.135 30763 31165 I AudioManager: In isBluetoothScoOn(), calling
application: com.ranger.cheat
01-14 20:00:23.150 30763 30966 V threaded_app: New input event: type=2
01-14 20:00:23.166 30763 30966 V threaded_app: New input event: type=2
01-14 20:00:23.183 30763 30966 V threaded_app: New input event: type=2
01-14 20:00:23.200 30763 30966 V threaded_app: New input event: type=2
01-14 20:00:23.216 30763 30966 V threaded_app: New input event: type=2
01-14 20:00:23.234 30763 30966 V threaded_app: New input event: type=2
01-14 20:00:23.250 30763 30966 V threaded_app: New input event: type=2
01-14 20:00:23.266 30763 30966 V threaded_app: New input event: type=2
01-14 20:00:23.283 30763 30966 V threaded_app: New input event: type=2
01-14 20:00:23.300 30763 30966 V threaded_app: New input event: type=2
01-14 20:00:23.366 30763 30966 V threaded_app: New input event: type=2
01-14 20:00:23.434 30763 30966 V threaded_app: New input event: type=2
01-14 20:00:23.450 30763 30966 V threaded_app: New input event: type=2
01-14 20:00:23.467 30763 30966 V threaded_app: New input event: type=2
01-14 20:00:23.483 30763 30966 V threaded_app: New input event: type=2
01-14 20:00:23.500 30763 30966 V threaded_app: New input event: type=2
01-14 20:00:23.517 30763 30966 V threaded_app: New input event: type=2
01-14 20:00:23.533 30763 30966 V threaded_app: New input event: type=2
01-14 20:00:23.551 30763 30966 V threaded_app: New input event: type=2
01-14 20:00:23.566 30763 30966 V threaded_app: New input event: type=2
01-14 20:00:23.583 30763 30966 V threaded_app: New input event: type=2
01-14 20:00:23.600 30763 30966 V threaded_app: New input event: type=2
01-14 20:00:23.617 30763 30966 V threaded_app: New input event: type=2
01-14 20:00:23.634 30763 30966 V threaded_app: New input event: type=2
01-14 20:00:23.650 30763 30966 V threaded_app: New input event: type=2
01-14 20:00:23.666 30763 30966 V threaded_app: New input event: type=2
01-14 20:00:23.685 30763 30966 V threaded_app: New input event: type=2
01-14 20:00:23.700 30763 30966 V threaded_app: New input event: type=2
01-14 20:00:23.718 30763 30966 V threaded_app: New input event: type=2
01-14 20:00:23.733 30763 30966 V threaded_app: New input event: type=2
01-14 20:00:23.750 30763 30966 V threaded_app: New input event: type=2
01-14 20:00:23.768 30763 30966 V threaded_app: New input event: type=2
01-14 20:00:23.783 30763 30966 V threaded_app: New input event: type=2
01-14 20:00:23.817 30763 30966 V threaded_app: New input event: type=2
01-14 20:00:23.850 30763 30966 V threaded_app: New input event: type=2
01-14 20:00:23.885 30763 30966 V threaded_app: New input event: type=2
01-14 20:00:23.935 30763 30966 V threaded_app: New input event: type=2
01-14 20:00:23.967 30763 30966 V threaded_app: New input event: type=2
01-14 20:00:24.000 30763 30966 V threaded_app: New input event: type=2
01-14 20:00:24.033 30763 30966 V threaded_app: New input event: type=2
01-14 20:00:24.050 30763 30966 V threaded_app: New input event: type=2
01-14 20:00:24.067 30763 30966 V threaded_app: New input event: type=2
01-14 20:00:24.083 30763 30966 V threaded_app: New input event: type=2
01-14 20:00:24.100 30763 30966 V threaded_app: New input event: type=2
01-14 20:00:24.117 30763 30966 V threaded_app: New input event: type=2
01-14 20:00:24.133 30763 30966 V threaded_app: New input event: type=2
01-14 20:00:24.150 30763 30966 V threaded_app: New input event: type=2
01-14 20:00:24.167 30763 30966 V threaded_app: New input event: type=2
01-14 20:00:24.183 30763 30966 V threaded_app: New input event: type=2
01-14 20:00:24.200 30763 30966 V threaded_app: New input event: type=2
01-14 20:00:24.217 30763 30966 V threaded_app: New input event: type=2
01-14 20:00:24.234 30763 30966 V threaded_app: New input event: type=2
01-14 20:00:24.250 30763 30966 V threaded_app: New input event: type=2
01-14 20:00:24.267 30763 30966 V threaded_app: New input event: type=2
01-14 20:00:24.283 30763 30966 V threaded_app: New input event: type=2
01-14 20:00:24.317 30763 30966 V threaded_app: New input event: type=2
01-14 20:00:24.334 30763 30966 V threaded_app: New input event: type=2
01-14 20:00:24.350 30763 30966 V threaded_app: New input event: type=2
01-14 20:00:24.383 30763 30966 V threaded_app: New input event: type=2
01-14 20:00:24.415 30763 31165 I AudioManager: In isBluetoothScoOn(), calling
application: com.ranger.cheat
01-14 20:00:24.417 30763 30966 V threaded_app: New input event: type=2
01-14 20:00:24.450 30763 30966 V threaded_app: New input event: type=2
01-14 20:00:24.483 30763 30966 V threaded_app: New input event: type=2
01-14 20:00:24.501 30763 30966 V threaded_app: New input event: type=2
01-14 20:00:24.517 30763 30966 V threaded_app: New input event: type=2
01-14 20:00:24.550 30763 30966 V threaded_app: New input event: type=2
01-14 20:00:24.584 30763 30966 V threaded_app: New input event: type=2
01-14 20:00:24.600 30763 30966 V threaded_app: New input event: type=2
01-14 20:00:24.634 30763 30966 V threaded_app: New input event: type=2
01-14 20:00:24.650 30763 30966 V threaded_app: New input event: type=2
01-14 20:00:24.683 30763 30966 V threaded_app: New input event: type=2
01-14 20:00:24.694 30763 30966 V threaded_app: New input event: type=2
01-14 20:00:24.694 30763 30966 V threaded_app: New input event: type=2
01-14 20:00:24.784 30763 30966 V threaded_app: New input event: type=2
01-14 20:00:24.884 30763 30966 V threaded_app: New input event: type=2
01-14 20:00:24.928 30763 30966 V threaded_app: New input event: type=2
01-14 20:00:24.997 30763 30966 V threaded_app: New input event: type=2
01-14 20:00:25.202 30763 30966 V threaded_app: New input event: type=2
01-14 20:00:25.208 30763 30979 E HDmpve : [2025-01-14 20:00:25 207] | Error |
[HDmpve] |0x7a354f5cb0| tgcpapi_internal.cpp:237|tgcpapi_on_sstop_session|
tgcpapi_on_sstop_session , TconndIp:100.90.129.53, TconndPort:23620,
TconndId:2.1.5.618
01-14 20:00:25.244 30763 30979 E HDmpve : [2025-01-14 20:00:25 244] | Error |
[HDmpve] |0x7a354f5cb0| tgcpapi_internal.cpp:239|tgcpapi_on_sstop_session|
tgcpapi_on_sstop_session ,iReason:0x7, iExErrorCode:0x0,[unknown]
01-14 20:00:25.244 30763 30979 E HDmpve : [2025-01-14 20:00:25 244] | Error |
[HDmpve] |0x7a354f5cb0| tgcpapi.cpp:676|tgcpapi_peek| tgcpapi_peek
tgcpapi_recv_and_decrypt_pkg iRet:-11
01-14 20:00:25.244 30763 30979 E HDmpve : [2025-01-14 20:00:25 244] | Error |
[HDmpve] |0x7a354f5cb0| Connector+Update.cpp:914|handleRecvData|
[Connector:0xb400007988bef400]: handler->Recv:-11, session has been stopped by
peer, tcp://in-lobby.globh.com:17500, openid:14325655244506408
01-14 20:00:25.318 30763 30966 V threaded_app: New input event: type=2
01-14 20:00:25.497 30763 30966 V threaded_app: New input event: type=2
01-14 20:00:25.562 30763 30966 V threaded_app: New input event: type=2
01-14 20:00:25.695 30763 31165 I AudioManager: In isBluetoothScoOn(), calling
application: com.ranger.cheat
01-14 20:00:25.818 30763 30966 V threaded_app: New input event: type=2
01-14 20:00:25.869 30763 30966 V threaded_app: New input event: type=2
01-14 20:00:25.885 30763 30966 V threaded_app: New input event: type=2
01-14 20:00:25.901 30763 30966 V threaded_app: New input event: type=2
01-14 20:00:25.918 30763 30966 V threaded_app: New input event: type=2
01-14 20:00:25.934 30763 30966 V threaded_app: New input event: type=2
01-14 20:00:25.951 30763 30966 V threaded_app: New input event: type=2
01-14 20:00:25.968 30763 30966 V threaded_app: New input event: type=2
01-14 20:00:25.985 30763 30966 V threaded_app: New input event: type=2
01-14 20:00:26.001 30763 30966 V threaded_app: New input event: type=2
01-14 20:00:26.018 30763 30966 V threaded_app: New input event: type=2
01-14 20:00:26.035 30763 30966 V threaded_app: New input event: type=2
01-14 20:00:26.047 30763 30966 V threaded_app: New input event: type=2
01-14 20:00:26.047 30763 30966 V threaded_app: New input event: type=2
01-14 20:00:26.068 30763 30966 V threaded_app: New input event: type=2
01-14 20:00:26.084 30763 30966 V threaded_app: New input event: type=2
01-14 20:00:26.101 30763 30966 V threaded_app: New input event: type=2
01-14 20:00:26.118 30763 30966 V threaded_app: New input event: type=2
01-14 20:00:26.135 30763 30966 V threaded_app: New input event: type=2
01-14 20:00:26.145 30763 30966 V threaded_app: New input event: type=2
01-14 20:00:26.145 30763 30966 V threaded_app: New input event: type=2
01-14 20:00:26.163 30763 30966 V threaded_app: New input event: type=2
01-14 20:00:26.975 30763 31165 I AudioManager: In isBluetoothScoOn(), calling
application: com.ranger.cheat
01-14 20:00:28.257 30763 31165 I AudioManager: In isBluetoothScoOn(), calling
application: com.ranger.cheat
01-14 20:00:28.300 30763 30966 V threaded_app: New input event: type=2
01-14 20:00:28.336 30763 30966 V threaded_app: New input event: type=2
01-14 20:00:28.369 30763 30966 V threaded_app: New input event: type=2
01-14 20:00:28.387 30763 30966 V threaded_app: New input event: type=2
01-14 20:00:28.403 30763 30966 V threaded_app: New input event: type=2
01-14 20:00:28.421 30763 30966 V threaded_app: New input event: type=2
01-14 20:00:28.437 30763 30966 V threaded_app: New input event: type=2
01-14 20:00:28.454 30763 30966 V threaded_app: New input event: type=2
01-14 20:00:28.469 30763 30966 V threaded_app: New input event: type=2
01-14 20:00:28.486 30763 30966 V threaded_app: New input event: type=2
01-14 20:00:28.502 30763 30966 V threaded_app: New input event: type=2
01-14 20:00:28.519 30763 30966 V threaded_app: New input event: type=2
01-14 20:00:28.536 30763 30966 V threaded_app: New input event: type=2
01-14 20:00:28.553 30763 30966 V threaded_app: New input event: type=2
01-14 20:00:28.563 30763 30966 V threaded_app: New input event: type=2
01-14 20:00:28.563 30763 30966 V threaded_app: New input event: type=2
01-14 20:00:29.535 30763 31165 I AudioManager: In isBluetoothScoOn(), calling
application: com.ranger.cheat
01-14 20:00:30.815 30763 31165 I AudioManager: In isBluetoothScoOn(), calling
application: com.ranger.cheat
01-14 20:00:32.095 30763 31165 I AudioManager: In isBluetoothScoOn(), calling
application: com.ranger.cheat
01-14 20:00:33.375 30763 31165 I AudioManager: In isBluetoothScoOn(), calling
application: com.ranger.cheat
01-14 20:00:34.661 30763 31165 I AudioManager: In isBluetoothScoOn(), calling
application: com.ranger.cheat
01-14 20:00:34.859 30763 30763 V threaded_app: WindowFocusChanged:
0xb400007ab0320380 -- 0
01-14 20:00:34.859 30763 30966 D UE4 : Case APP_CMD_LOST_FOCUS
01-14 20:00:35.935 30763 31165 I AudioManager: In isBluetoothScoOn(), calling
application: com.ranger.cheat
01-14 20:00:36.911 30763 30763 V threaded_app: WindowFocusChanged:
0xb400007ab0320380 -- 1
01-14 20:00:36.911 30763 30966 D UE4 : Case APP_CMD_GAINED_FOCUS
01-14 20:00:37.215 30763 31165 I AudioManager: In isBluetoothScoOn(), calling
application: com.ranger.cheat
01-14 20:00:38.119 30763 30966 V threaded_app: New input event: type=2
01-14 20:00:38.168 30763 30966 V threaded_app: New input event: type=2
01-14 20:00:38.495 30763 31165 I AudioManager: In isBluetoothScoOn(), calling
application: com.ranger.cheat
01-14 20:00:39.214 30763 30763 V threaded_app: WindowFocusChanged:
0xb400007ab0320380 -- 0
01-14 20:00:39.214 30763 30966 D UE4 : Case APP_CMD_LOST_FOCUS
01-14 20:00:39.545 30763 30763 I Quality : Skipped: false 3 cost 55.379936
refreshRate 0 processName com.pubg.imobile
01-14 20:00:39.780 30763 31165 I AudioManager: In isBluetoothScoOn(), calling
application: com.ranger.cheat
01-14 20:00:40.040 30763 30763 V threaded_app: Pause: 0xb400007ab0320380
01-14 20:00:40.040 30763 30966 V threaded_app: activityState=13
01-14 20:00:40.040 30763 30966 D UE4 : Case APP_CMD_PAUSE
01-14 20:00:40.040 30763 30763 V SystemSensorManagerExtImpl: unRegisterListener by
com.epicgames.ue4.GameActivity
01-14 20:00:40.063 30763 30763 I : genericobserver pos:0
className:com.blue.dm.hdmpve.lifecycle.PluginReportLifecycle
01-14 20:00:40.082 30763 30763 I HDmpve : onPause
01-14 20:00:40.083 30763 30763 I : genericobserver pos:0
className:com.blue.dm.hdmpve.lifecycle.PluginReportLifecycle
01-14 20:00:40.083 30763 30763 I HDmpvePluginManger: onPause
01-14 20:00:40.085 30763 30763 I RoosterJava: call rooster pause interface
01-14 20:00:40.125 30763 30763 V threaded_app: NativeWindowDestroyed:
0xb400007ab0320380 -- 0xb400007a35942010
01-14 20:00:40.518 29479 29591 E BLASTBufferQueue:
BLASTBufferItemConsumer::onDisconnect()
01-14 20:00:40.673 29479 29591 E BLASTBufferQueue:
BLASTBufferItemConsumer::onDisconnect()
01-14 20:00:41.055 30763 31165 I AudioManager: In isBluetoothScoOn(), calling
application: com.ranger.cheat
01-14 20:00:42.079 29479 29591 E BLASTBufferQueue:
BLASTBufferItemConsumer::onDisconnect()
01-14 20:00:42.095 29479 29591 E BLASTBufferQueue:
BLASTBufferItemConsumer::onDisconnect()
01-14 20:00:42.142 29479 29479 D OplusScrollToTopManager:
unregisterGuidePopupDismissReceiverInSystemUI
01-14 20:00:42.143 29479 29479 D OplusScrollToTopManager: Receiver not registered:
android.view.OplusScrollToTopManager$1@141a5ea
01-14 20:00:42.143 29479 29479 D OplusScrollToTopManager:
unregisterSystemUIBroadcastReceiver
01-14 20:00:42.144 29479 29479 D OplusScrollToTopManager:
java.lang.IllegalArgumentException: Receiver not registered:
android.view.OplusScrollToTopManager$2@67d20db
01-14 20:00:42.145 29479 29479 V OplusZoomWindowDecorViewHelper: removeZoomView
01-14 20:00:42.154 29479 29479 D OplusScrollToTopManager:
unregisterGuidePopupDismissReceiverInSystemUI
01-14 20:00:42.154 29479 29479 D OplusScrollToTopManager: Receiver not registered:
android.view.OplusScrollToTopManager$1@3884e51
01-14 20:00:42.154 29479 29479 D OplusScrollToTopManager:
unregisterSystemUIBroadcastReceiver
01-14 20:00:42.154 29479 29479 D OplusScrollToTopManager:
java.lang.IllegalArgumentException: Receiver not registered:
android.view.OplusScrollToTopManager$2@c8c36b6
01-14 20:00:42.155 29479 29479 V OplusZoomWindowDecorViewHelper: removeZoomView
01-14 20:00:42.155 29479 29479 E BLASTBufferQueue:
BLASTBufferItemConsumer::onDisconnect()
01-14 20:00:42.335 30763 31165 I AudioManager: In isBluetoothScoOn(), calling
application: com.ranger.cheat
01-14 20:00:42.683 29479 29479 D OplusScrollToTopManager:
unregisterGuidePopupDismissReceiverInSystemUI
01-14 20:00:42.683 29479 29479 D OplusScrollToTopManager: Receiver not registered:
android.view.OplusScrollToTopManager$1@d740324
01-14 20:00:42.683 29479 29479 D OplusScrollToTopManager:
unregisterSystemUIBroadcastReceiver
01-14 20:00:42.684 29479 29479 D OplusScrollToTopManager:
java.lang.IllegalArgumentException: Receiver not registered:
android.view.OplusScrollToTopManager$2@5327e8d
01-14 20:00:42.685 29479 29479 V OplusZoomWindowDecorViewHelper: removeZoomView
01-14 20:00:42.705 29479 29479 D OplusScrollToTopManager:
unregisterGuidePopupDismissReceiverInSystemUI
01-14 20:00:42.705 29479 29479 D OplusScrollToTopManager: Receiver not registered:
android.view.OplusScrollToTopManager$1@8d57689
01-14 20:00:42.705 29479 29479 D OplusScrollToTopManager:
unregisterSystemUIBroadcastReceiver
01-14 20:00:42.706 29479 29479 D OplusScrollToTopManager:
java.lang.IllegalArgumentException: Receiver not registered:
android.view.OplusScrollToTopManager$2@3f7668e
01-14 20:00:42.719 29479 29479 V OplusZoomWindowDecorViewHelper: removeZoomView
01-14 20:00:42.730 29479 29479 D OplusScrollToTopManager:
unregisterGuidePopupDismissReceiverInSystemUI
01-14 20:00:42.731 29479 29479 D OplusScrollToTopManager: Receiver not registered:
android.view.OplusScrollToTopManager$1@1075d9a
01-14 20:00:42.731 29479 29479 D OplusScrollToTopManager:
unregisterSystemUIBroadcastReceiver
01-14 20:00:42.731 29479 29479 D OplusScrollToTopManager:
java.lang.IllegalArgumentException: Receiver not registered:
android.view.OplusScrollToTopManager$2@dc3f6cb
01-14 20:00:42.755 29479 29479 V OplusZoomWindowDecorViewHelper: removeZoomView
01-14 20:00:43.470 30763 30965 D ranger.cheat:p: PlayerBase::PlayerBase()
01-14 20:00:43.470 30763 30965 D ranger.cheat:p: TrackPlayerBase::TrackPlayerBase()
01-14 20:00:43.470 30763 30965 D ranger.cheat:p:
TrackPlayerBase::~TrackPlayerBase()
01-14 20:00:43.470 30763 30965 D ranger.cheat:p: PlayerBase::~PlayerBase()
01-14 20:00:43.472 30763 30965 D DA4MG : Height channels supported (1).
01-14 20:00:43.620 30763 31165 I AudioManager: In isBluetoothScoOn(), calling
application: com.ranger.cheat
01-14 20:00:44.895 30763 31165 I AudioManager: In isBluetoothScoOn(), calling
application: com.ranger.cheat
01-14 20:00:45.798 30763 31165 D AudioTrack: stop(11694): prior state:STATE_ACTIVE
output 13 stream 3 session 82377
01-14 20:00:45.798 30763 31165 D AudioTrack: stop(11694): called with 17791104
frames delivered
01-14 20:00:45.799 30763 31165 D AudioTrack: ~AudioTrack, releasing mStatus =0
session id 82377 from 30763 on behalf of 30763
01-14 20:00:45.799 30763 31165 D AudioTrack: stop(11694): prior state:STATE_STOPPED
output 13 stream 3 session 82377
01-14 20:00:45.824 30763 30966 V threaded_app: APP_CMD_TERM_WINDOW
01-14 20:00:45.824 30763 30966 D UE4 : Case APP_CMD_TERM_WINDOW, tid = 30966
01-14 20:00:45.931 30763 30965 E BLASTBufferQueue:
BLASTBufferItemConsumer::onDisconnect()
01-14 20:00:45.931 30763 30966 V threaded_app: APP_CMD_TERM_WINDOW
01-14 20:00:45.937 30763 30892 E BLASTBufferQueue:
BLASTBufferItemConsumer::onDisconnect()
01-14 20:00:45.949 30763 30763 E ANR_LOG : >>> msg's executing time is too long
01-14 20:00:45.949 30763 30763 E ANR_LOG : Blocked msg = { when=-5s825ms what=0
target=android.view.Choreographer$FrameHandler
callback=android.view.Choreographer$FrameDisplayEventReceiver } , cost = 5824 ms
01-14 20:00:45.949 30763 30763 E ANR_LOG : >>>Current msg List is:
01-14 20:00:45.949 30763 30763 E ANR_LOG : Current msg <1> = { when=-
6d3h25m34s111ms what=1 target=android.view.Choreographer$FrameHandler }
01-14 20:00:45.949 30763 30763 E ANR_LOG : Current msg <2> = { when=-5s810ms
what=159 target=android.app.ActivityThread$H
obj=android.app.servertransaction.ClientTransaction@7449161 }
01-14 20:00:45.952 30763 30763 E ANR_LOG : Current msg <3> = { when=-5s775ms what=2
target=android.hardware.display.DisplayManagerGlobal$DisplayListenerDelegate
obj=DisplayInfo{"Built-in screen", displayId 0", displayGroupId 0, FLAG_SECURE,
FLAG_SUPPORTS_PROTECTED_BUFFERS, FLAG_TRUSTED, real 2400 x 1080, largest app 2287 x
2287, smallest app 1080 x 967, appVsyncOff 1000000, presDeadline 16666666, mode 1,
defaultMode 1, modes [{id=1, width=1080, height=2400, fps=60.000004,
alternativeRefreshRates=[90.0]}, {id=2, width=1080, height=2400, fps=90.0,
alternativeRefreshRates=[60.000004]}], hdrCapabilities
HdrCapabilities{mSupportedHdrTypes=[2, 3, 4], mMaxLuminance=540.0,
mMaxAverageLuminance=270.1, mMinLuminance=0.2}, userDisabledHdrTypes [],
minimalPostProcessingSupported false, rotation 1, state ON} }
01-14 20:00:45.952 30763 30763 E ANR_LOG : Current msg <4> = { when=-5s734ms what=0
target=android.os.Handler
callback=android.view.OplusScrollToTopManager$DelayRegisterReceiverRunnable }
01-14 20:00:45.952 30763 30763 E ANR_LOG : Current msg <5> = { when=-5s542ms
what=159 target=android.app.ActivityThread$H
obj=android.app.servertransaction.ClientTransaction@7465a596 }
01-14 20:00:45.953 30763 30763 E ANR_LOG : Current msg <6> = { when=-5s452ms what=2
target=android.hardware.display.DisplayManagerGlobal$DisplayListenerDelegate
obj=DisplayInfo{"Built-in screen", displayId 0", displayGroupId 0, FLAG_SECURE,
FLAG_SUPPORTS_PROTECTED_BUFFERS, FLAG_TRUSTED, real 1080 x 2400, largest app 2287 x
2287, smallest app 1080 x 967, appVsyncOff 1000000, presDeadline 16666666, mode 1,
defaultMode 1, modes [{id=1, width=1080, height=2400, fps=60.000004,
alternativeRefreshRates=[90.0]}, {id=2, width=1080, height=2400, fps=90.0,
alternativeRefreshRates=[60.000004]}], hdrCapabilities
HdrCapabilities{mSupportedHdrTypes=[2, 3, 4], mMaxLuminance=540.0,
mMaxAverageLuminance=270.1, mMinLuminance=0.2}, userDisabledHdrTypes [],
minimalPostProcessingSupported false, rotation 0, state ON} }
01-14 20:00:45.954 30763 30763 E ANR_LOG : Current msg <7> = { when=-5s102ms
what=14 target=android.view.ViewRootImpl$ViewRootHandler obj=recentapps }
01-14 20:00:45.954 30763 30763 E ANR_LOG : Current msg <8> = { when=-5s3ms what=114
target=android.app.ActivityThread$H
obj=CreateServiceData{token=android.os.BinderProxy@c576201
className=com.gbox.proxy.ProxyService$P1 packageName=com.ranger.cheat
intent=null} }
01-14 20:00:45.954 30763 30763 E ANR_LOG : Current msg <9> = { when=-5s2ms what=121
target=android.app.ActivityThread$H
obj=BindServiceData{token=android.os.BinderProxy@c576201 intent=Intent
{ act=c62f4c78-d342-47dc-8afb-cb65dc12d912
cmp=com.ranger.cheat/com.gbox.proxy.ProxyService$P1 (has extras) }} }
01-14 20:00:45.954 30763 30763 E ANR_LOG : Current msg <10> = { when=-4s84ms what=0
target=android.app.ActivityThread$H
callback=android.app.LoadedApk$ReceiverDispatcher$Args$$ExternalSyntheticLambda0 }
01-14 20:00:45.954 30763 30763 E ANR_LOG : >>>CURRENT MSG DUMP OVER<<<
