usefull /storage/emulated/0/SdCard/Android/data/com.pubg.imobile/files/UE4Game/
ShadowTrackerExtra/ShadowTrackerExtra/Saved/PufferEifs0
01-14 19:46:03.222 30763 31615 E HDmpve : [2025-01-14 19:46:03 222] | Error |
[HDmpve] |0x7972bf3cb0| puffer_init_action.cpp:373|MakeSureDirUseFull| dir is
usefull /storage/emulated/0/SdCard/Android/data/com.pubg.imobile/files/UE4Game/
ShadowTrackerExtra/ShadowTrackerExtra/Saved/Paks/
01-14 19:46:03.242 30763 31614 E HDmpve : [2025-01-14 19:46:03 242] | Error |
[HDmpve] |0x797a22ccb0| puffer_init_action.cpp:373|MakeSureDirUseFull| dir is
usefull /storage/emulated/0/SdCard/Android/data/com.pubg.imobile/files/UE4Game/
ShadowTrackerExtra/ShadowTrackerExtra/Saved/PufferEifs0/puffer_temp
01-14 19:46:03.246 30763 31615 E HDmpve : [2025-01-14 19:46:03 246] | Error |
[HDmpve] |0x7972bf3cb0| puffer_init_action.cpp:373|MakeSureDirUseFull| dir is
usefull /storage/emulated/0/SdCard/Android/data/com.pubg.imobile/files/UE4Game/
ShadowTrackerExtra/ShadowTrackerExtra/Saved/PufferEifs1
01-14 19:46:03.247 30763 31614 E HDmpve : [2025-01-14 19:46:03 247] | Error |
[HDmpve] |0x797a22ccb0| HDmpveConnector.cpp:89|CHDmpveConnector| accountService is
null
01-14 19:46:03.249 30763 31614 I HDmpve : after Thread: CThreadBase: Start
m_bThreadRun.Set(true)
01-14 19:46:03.249 30763 31614 I HDmpve : after Thread: CThreadBase::Resume
m_bPause.Set(false)
01-14 19:46:03.249 30763 31614 I HDmpve : after Thread: CThreadBase::Resume
m_PauseEvent.Set()
01-14 19:46:03.255 30763 31615 E HDmpve : [2025-01-14 19:46:03 255] | Error |
[HDmpve] |0x7972bf3cb0| puffer_init_action.cpp:373|MakeSureDirUseFull| dir is
usefull /storage/emulated/0/SdCard/Android/data/com.pubg.imobile/files/UE4Game/
ShadowTrackerExtra/ShadowTrackerExtra/Saved/PufferEifs1/puffer_temp
01-14 19:46:03.263 30763 31615 E HDmpve : [2025-01-14 19:46:03 263] | Error |
[HDmpve] |0x7972bf3cb0| HDmpveConnector.cpp:89|CHDmpveConnector| accountService is
null
01-14 19:46:03.267 30763 31615 I HDmpve : after Thread: CThreadBase: Start
m_bThreadRun.Set(true)
01-14 19:46:03.267 30763 31615 I HDmpve : after Thread: CThreadBase::Resume
m_bPause.Set(false)
01-14 19:46:03.267 30763 31615 I HDmpve : after Thread: CThreadBase::Resume
m_PauseEvent.Set()
01-14 19:46:03.668 30763 31615 E HDmpve : [2025-01-14 19:46:03 668] | Error |
[HDmpve] |0x7972bf3cb0| puffer_init_action.cpp:1014|MakeSureGetUrlFromServer|
[dolphin::hdmpve_version_action_imp::run] get
url,MD5:e9f17d60a51a330a1e35bfec855e946d
01-14 19:46:03.668 30763 31615 E HDmpve : [2025-01-14 19:46:03 668] | Error |
[HDmpve] |0x7972bf3cb0| puffer_init_action.cpp:1016|MakeSureGetUrlFromServer|
[dolphin::hdmpve_version_action_imp::run] get
url,url:https://in-f.globh.com/1002112598/1036/dyncures/3.5.0.19384/1002112598_1036
_3.5.0.19384_20241210091419_662662299_dyncures.ifs
01-14 19:46:03.669 30763 31615 E HDmpve : [2025-01-14 19:46:03 669] | Error |
[HDmpve] |0x7972bf3cb0| puffer_init_action.cpp:1018|MakeSureGetUrlFromServer|
[dolphin::hdmpve_version_action_imp::run] get spare
url,url:http://in-f.globh.com/1002112598/1036/dyncures/3.5.0.19384/1002112598_1036_
3.5.0.19384_20241210091419_662662299_dyncures.ifs
01-14 19:46:03.669 30763 31615 E HDmpve : [2025-01-14 19:46:03 669] | Error |
[HDmpve] |0x7972bf3cb0| puffer_init_action.cpp:1021|MakeSureGetUrlFromServer|
[dolphin::hdmpve_version_action_imp::run] get check ifs header signature:0
01-14 19:46:03.681 30763 31614 E HDmpve : [2025-01-14 19:46:03 681] | Error |
[HDmpve] |0x797a22ccb0| puffer_init_action.cpp:1014|MakeSureGetUrlFromServer|
[dolphin::hdmpve_version_action_imp::run] get
url,MD5:db321dab7720c2ac1356308a187dc5a4
01-14 19:46:03.681 30763 31614 E HDmpve : [2025-01-14 19:46:03 681] | Error |
[HDmpve] |0x797a22ccb0| puffer_init_action.cpp:1016|MakeSureGetUrlFromServer|
[dolphin::hdmpve_version_action_imp::run] get
url,url:https://in-f.globh.com/1002112598/1035/dyncures/3.5.0.19325/1002112598_1035
_3.5.0.19325_20241031015716_1143919249_dyncures.ifs
01-14 19:46:03.682 30763 31614 E HDmpve : [2025-01-14 19:46:03 682] | Error |
[HDmpve] |0x797a22ccb0| puffer_init_action.cpp:1018|MakeSureGetUrlFromServer|
[dolphin::hdmpve_version_action_imp::run] get spare
url,url:http://in-f.globh.com/1002112598/1035/dyncures/3.5.0.19325/1002112598_1035_
3.5.0.19325_20241031015716_1143919249_dyncures.ifs
01-14 19:46:03.682 30763 31614 E HDmpve : [2025-01-14 19:46:03 682] | Error |
[HDmpve] |0x797a22ccb0| puffer_init_action.cpp:1021|MakeSureGetUrlFromServer|
[dolphin::hdmpve_version_action_imp::run] get check ifs header signature:0
01-14 19:46:03.717 30763 31165 I AudioManager: In isBluetoothScoOn(), calling
application: com.ranger.cheat
01-14 19:46:03.810 30763 30763 W BillingClient: Connection to Billing service is
blocked.
01-14 19:46:04.005 30763 30965 D ranger.cheat:p: PlayerBase::PlayerBase()
01-14 19:46:04.006 30763 30965 D ranger.cheat:p: TrackPlayerBase::TrackPlayerBase()
01-14 19:46:04.006 30763 30965 D ranger.cheat:p:
TrackPlayerBase::~TrackPlayerBase()
01-14 19:46:04.006 30763 30965 D ranger.cheat:p: PlayerBase::~PlayerBase()
01-14 19:46:04.006 30763 30965 D DA4MG : Height channels supported (1).
01-14 19:46:05.001 30763 31165 I AudioManager: In isBluetoothScoOn(), calling
application: com.ranger.cheat
01-14 19:46:06.149 30763 30965 D ranger.cheat:p: PlayerBase::PlayerBase()
01-14 19:46:06.149 30763 30965 D ranger.cheat:p: TrackPlayerBase::TrackPlayerBase()
01-14 19:46:06.149 30763 30965 D ranger.cheat:p:
TrackPlayerBase::~TrackPlayerBase()
01-14 19:46:06.149 30763 30965 D ranger.cheat:p: PlayerBase::~PlayerBase()
01-14 19:46:06.149 30763 30965 D DA4MG : Height channels supported (1).
01-14 19:46:06.281 30763 31165 I AudioManager: In isBluetoothScoOn(), calling
application: com.ranger.cheat
01-14 19:46:06.855 30763 30965 D GameActivity: GameMaster.SystemVPNOpened()
01-14 19:46:06.857 30763 30965 D GameActivity: AndroidThunkJava_SystemVPNOpened
return: false
01-14 19:46:07.557 30763 31165 I AudioManager: In isBluetoothScoOn(), calling
application: com.ranger.cheat
01-14 19:46:07.823 30763 30763 W BillingClient: Connection to Billing service is
blocked.
01-14 19:46:08.837 30763 31165 I AudioManager: In isBluetoothScoOn(), calling
application: com.ranger.cheat
01-14 19:46:08.874 30763 31645 E HDmpve : [2025-01-14 19:46:08 874] | Error |
[HDmpve] |0x795b003cb0| HttpNetwork.cpp:1209|GetAddrInfoSysFunc| get host ip,in-
f.globh.com-> 104.90.7.58
01-14 19:46:08.874 30763 31642 E HDmpve : [2025-01-14 19:46:08 874] | Error |
[HDmpve] |0x795b2fdcb0| HttpNetwork.cpp:1209|GetAddrInfoSysFunc| get host ip,in-
f.globh.com-> 104.90.7.58
01-14 19:46:08.874 30763 31645 E HDmpve : [2025-01-14 19:46:08 874] | Error |
[HDmpve] |0x795b003cb0| HttpNetwork.cpp:1209|GetAddrInfoSysFunc| get host ip,in-
f.globh.com-> 104.90.7.43
01-14 19:46:08.874 30763 31642 E HDmpve : [2025-01-14 19:46:08 874] | Error |
[HDmpve] |0x795b2fdcb0| HttpNetwork.cpp:1209|GetAddrInfoSysFunc| get host ip,in-
f.globh.com-> 104.90.7.43
01-14 19:46:10.122 30763 31165 I AudioManager: In isBluetoothScoOn(), calling
application: com.ranger.cheat
01-14 19:46:11.399 30763 31165 I AudioManager: In isBluetoothScoOn(), calling
application: com.ranger.cheat
01-14 19:46:12.678 30763 31165 I AudioManager: In isBluetoothScoOn(), calling
application: com.ranger.cheat
01-14 19:46:13.959 30763 31165 I AudioManager: In isBluetoothScoOn(), calling
application: com.ranger.cheat
01-14 19:46:15.082 30763 30966 V threaded_app: New input event: type=2
01-14 19:46:15.116 30763 30966 V threaded_app: New input event: type=2
01-14 19:46:15.138 30763 30966 V threaded_app: New input event: type=2
01-14 19:46:15.154 30763 30966 V threaded_app: New input event: type=2
01-14 19:46:15.170 30763 30966 V threaded_app: New input event: type=2
01-14 19:46:15.187 30763 30966 V threaded_app: New input event: type=2
01-14 19:46:15.204 30763 30966 V threaded_app: New input event: type=2
01-14 19:46:15.220 30763 30966 V threaded_app: New input event: type=2
01-14 19:46:15.237 30763 30966 V threaded_app: New input event: type=2
01-14 19:46:15.239 30763 31165 I AudioManager: In isBluetoothScoOn(), calling
application: com.ranger.cheat
01-14 19:46:15.254 30763 30966 V threaded_app: New input event: type=2
01-14 19:46:15.270 30763 30966 V threaded_app: New input event: type=2
01-14 19:46:15.287 30763 30966 V threaded_app: New input event: type=2
01-14 19:46:15.304 30763 30966 V threaded_app: New input event: type=2
01-14 19:46:15.321 30763 30966 V threaded_app: New input event: type=2
01-14 19:46:15.338 30763 30966 V threaded_app: New input event: type=2
01-14 19:46:15.354 30763 30966 V threaded_app: New input event: type=2
01-14 19:46:15.371 30763 30966 V threaded_app: New input event: type=2
01-14 19:46:15.382 30763 30966 V threaded_app: New input event: type=2
01-14 19:46:15.382 30763 30966 V threaded_app: New input event: type=2
01-14 19:46:15.632 30763 30966 V threaded_app: New input event: type=2
01-14 19:46:15.654 30763 30966 V threaded_app: New input event: type=2
01-14 19:46:15.673 30763 30966 V threaded_app: New input event: type=2
01-14 19:46:15.688 30763 30966 V threaded_app: New input event: type=2
01-14 19:46:15.704 30763 30966 V threaded_app: New input event: type=2
01-14 19:46:15.721 30763 30966 V threaded_app: New input event: type=2
01-14 19:46:15.738 30763 30966 V threaded_app: New input event: type=2
01-14 19:46:15.748 30763 30966 V threaded_app: New input event: type=2
01-14 19:46:15.748 30763 30966 V threaded_app: New input event: type=2
01-14 19:46:15.831 30763 30763 W BillingClient: Connection to Billing service is
blocked.
01-14 19:46:16.066 30763 30966 V threaded_app: New input event: type=2
01-14 19:46:16.088 30763 30966 V threaded_app: New input event: type=2
01-14 19:46:16.105 30763 30966 V threaded_app: New input event: type=2
01-14 19:46:16.121 30763 30966 V threaded_app: New input event: type=2
01-14 19:46:16.137 30763 30966 V threaded_app: New input event: type=2
01-14 19:46:16.155 30763 30966 V threaded_app: New input event: type=2
01-14 19:46:16.171 30763 30966 V threaded_app: New input event: type=2
01-14 19:46:16.188 30763 30966 V threaded_app: New input event: type=2
01-14 19:46:16.204 30763 30966 V threaded_app: New input event: type=2
01-14 19:46:16.221 30763 30966 V threaded_app: New input event: type=2
01-14 19:46:16.238 30763 30966 V threaded_app: New input event: type=2
01-14 19:46:16.255 30763 30966 V threaded_app: New input event: type=2
01-14 19:46:16.265 30763 30966 V threaded_app: New input event: type=2
01-14 19:46:16.265 30763 30966 V threaded_app: New input event: type=2
01-14 19:46:16.517 30763 31165 I AudioManager: In isBluetoothScoOn(), calling
application: com.ranger.cheat
01-14 19:46:17.317 30763 30966 V threaded_app: New input event: type=2
01-14 19:46:17.339 30763 30966 V threaded_app: New input event: type=2
01-14 19:46:17.356 30763 30966 V threaded_app: New input event: type=2
01-14 19:46:17.372 30763 30966 V threaded_app: New input event: type=2
01-14 19:46:17.389 30763 30966 V threaded_app: New input event: type=2
01-14 19:46:17.405 30763 30966 V threaded_app: New input event: type=2
01-14 19:46:17.422 30763 30966 V threaded_app: New input event: type=2
01-14 19:46:17.439 30763 30966 V threaded_app: New input event: type=2
01-14 19:46:17.455 30763 30966 V threaded_app: New input event: type=2
01-14 19:46:17.472 30763 30966 V threaded_app: New input event: type=2
01-14 19:46:17.489 30763 30966 V threaded_app: New input event: type=2
01-14 19:46:17.506 30763 30966 V threaded_app: New input event: type=2
01-14 19:46:17.522 30763 30966 V threaded_app: New input event: type=2
01-14 19:46:17.539 30763 30966 V threaded_app: New input event: type=2
01-14 19:46:17.556 30763 30966 V threaded_app: New input event: type=2
01-14 19:46:17.572 30763 30966 V threaded_app: New input event: type=2
01-14 19:46:17.606 30763 30966 V threaded_app: New input event: type=2
01-14 19:46:17.622 30763 30966 V threaded_app: New input event: type=2
01-14 19:46:17.639 30763 30966 V threaded_app: New input event: type=2
01-14 19:46:17.656 30763 30966 V threaded_app: New input event: type=2
01-14 19:46:17.672 30763 30966 V threaded_app: New input event: type=2
01-14 19:46:17.689 30763 30966 V threaded_app: New input event: type=2
01-14 19:46:17.706 30763 30966 V threaded_app: New input event: type=2
01-14 19:46:17.723 30763 30966 V threaded_app: New input event: type=2
01-14 19:46:17.739 30763 30966 V threaded_app: New input event: type=2
01-14 19:46:17.757 30763 30966 V threaded_app: New input event: type=2
01-14 19:46:17.773 30763 30966 V threaded_app: New input event: type=2
01-14 19:46:17.783 30763 30966 V threaded_app: New input event: type=2
01-14 19:46:17.783 30763 30966 V threaded_app: New input event: type=2
01-14 19:46:17.797 30763 31165 I AudioManager: In isBluetoothScoOn(), calling
application: com.ranger.cheat
01-14 19:46:19.077 30763 31165 I AudioManager: In isBluetoothScoOn(), calling
application: com.ranger.cheat
01-14 19:46:19.385 30763 30966 V threaded_app: New input event: type=2
01-14 19:46:19.424 30763 30966 V threaded_app: New input event: type=2
01-14 19:46:19.441 30763 30966 V threaded_app: New input event: type=2
01-14 19:46:19.457 30763 30966 V threaded_app: New input event: type=2
01-14 19:46:19.474 30763 30966 V threaded_app: New input event: type=2
01-14 19:46:19.491 30763 30966 V threaded_app: New input event: type=2
01-14 19:46:19.507 30763 30966 V threaded_app: New input event: type=2
01-14 19:46:19.524 30763 30966 V threaded_app: New input event: type=2
01-14 19:46:19.540 30763 30966 V threaded_app: New input event: type=2
01-14 19:46:19.557 30763 30966 V threaded_app: New input event: type=2
01-14 19:46:19.574 30763 30966 V threaded_app: New input event: type=2
01-14 19:46:19.590 30763 30966 V threaded_app: New input event: type=2
01-14 19:46:19.607 30763 30966 V threaded_app: New input event: type=2
01-14 19:46:19.624 30763 30966 V threaded_app: New input event: type=2
01-14 19:46:19.641 30763 30966 V threaded_app: New input event: type=2
01-14 19:46:19.658 30763 30966 V threaded_app: New input event: type=2
01-14 19:46:19.674 30763 30966 V threaded_app: New input event: type=2
01-14 19:46:19.724 30763 30966 V threaded_app: New input event: type=2
01-14 19:46:19.877 30763 30966 V threaded_app: New input event: type=2
01-14 19:46:19.891 30763 30966 V threaded_app: New input event: type=2
01-14 19:46:19.901 30763 30966 V threaded_app: New input event: type=2
01-14 19:46:19.901 30763 30966 V threaded_app: New input event: type=2
01-14 19:46:20.053 30763 30966 V threaded_app: New input event: type=2
01-14 19:46:20.124 30763 30966 V threaded_app: New input event: type=2
01-14 19:46:20.141 30763 30966 V threaded_app: New input event: type=2
01-14 19:46:20.150 30763 31377 W Rpc : No response
01-14 19:46:20.153 30763 30848 E FirebaseMessaging: Topic sync or token retrieval
failed on hard failure exceptions: java.util.concurrent.ExecutionException:
java.io.IOException: TIMEOUT. Won't retry the operation.
01-14 19:46:20.158 30763 30966 V threaded_app: New input event: type=2
01-14 19:46:20.175 30763 30966 V threaded_app: New input event: type=2
01-14 19:46:20.191 30763 30966 V threaded_app: New input event: type=2
01-14 19:46:20.208 30763 30966 V threaded_app: New input event: type=2
01-14 19:46:20.225 30763 30966 V threaded_app: New input event: type=2
01-14 19:46:20.241 30763 30966 V threaded_app: New input event: type=2
01-14 19:46:20.258 30763 30966 V threaded_app: New input event: type=2
01-14 19:46:20.275 30763 30966 V threaded_app: New input event: type=2
01-14 19:46:20.291 30763 30966 V threaded_app: New input event: type=2
01-14 19:46:20.308 30763 30966 V threaded_app: New input event: type=2
01-14 19:46:20.357 30763 31165 I AudioManager: In isBluetoothScoOn(), calling
application: com.ranger.cheat
01-14 19:46:20.418 30763 30966 V threaded_app: New input event: type=2
01-14 19:46:21.371 30763 30966 V threaded_app: New input event: type=2
01-14 19:46:21.392 30763 30966 V threaded_app: New input event: type=2
01-14 19:46:21.409 30763 30966 V threaded_app: New input event: type=2
01-14 19:46:21.425 30763 30966 V threaded_app: New input event: type=2
01-14 19:46:21.442 30763 30966 V threaded_app: New input event: type=2
01-14 19:46:21.452 30763 30966 V threaded_app: New input event: type=2
01-14 19:46:21.452 30763 30966 V threaded_app: New input event: type=2
01-14 19:46:21.638 30763 31165 I AudioManager: In isBluetoothScoOn(), calling
application: com.ranger.cheat
01-14 19:46:21.887 30763 30966 V threaded_app: New input event: type=2
01-14 19:46:21.909 30763 30966 V threaded_app: New input event: type=2
01-14 19:46:21.926 30763 30966 V threaded_app: New input event: type=2
01-14 19:46:21.942 30763 30966 V threaded_app: New input event: type=2
01-14 19:46:21.959 30763 30966 V threaded_app: New input event: type=2
01-14 19:46:21.976 30763 30966 V threaded_app: New input event: type=2
01-14 19:46:21.992 30763 30966 V threaded_app: New input event: type=2
01-14 19:46:22.003 30763 30966 V threaded_app: New input event: type=2
01-14 19:46:22.004 30763 30966 V threaded_app: New input event: type=2
01-14 19:46:22.918 30763 31165 I AudioManager: In isBluetoothScoOn(), calling
application: com.ranger.cheat
01-14 19:46:24.197 30763 31165 I AudioManager: In isBluetoothScoOn(), calling
application: com.ranger.cheat
01-14 19:46:25.479 30763 31165 I AudioManager: In isBluetoothScoOn(), calling
application: com.ranger.cheat
01-14 19:46:25.731 29479 29591 E BLASTBufferQueue:
BLASTBufferItemConsumer::onDisconnect()
01-14 19:46:26.758 30763 31165 I AudioManager: In isBluetoothScoOn(), calling
application: com.ranger.cheat
01-14 19:46:27.119 29479 29479 D WindowManager: Add to mViews:
com.gloader.service.ESPView{e12d732 V.ED..... ......I. 0,0-0,0},pkg= null
01-14 19:46:27.200 29479 29497 D SurfaceComposerClient: VRR [FRTC] client handle
[bufferId:18446744073709551615 framenumber:0] [ffffffff, ffffffff]
01-14 19:46:28.037 30763 31165 I AudioManager: In isBluetoothScoOn(), calling
application: com.ranger.cheat
01-14 19:46:29.318 30763 31165 I AudioManager: In isBluetoothScoOn(), calling
application: com.ranger.cheat
01-14 19:46:30.601 30763 31165 I AudioManager: In isBluetoothScoOn(), calling
application: com.ranger.cheat
01-14 19:46:31.282 30763 30965 D CTIPayService: map iter
01-14 19:46:31.282 30763 30965 D CTIPayService: map iter
01-14 19:46:31.282 30763 30965 D CTIPayService: map iter
01-14 19:46:31.282 30763 30965 D CTIPayService: map iter
01-14 19:46:31.282 30763 30965 D CTIPayService: product list:
["com.pubg.imobile.loginpacka:inapp","com.pubg.imobile.loginpackb:inapp","com.pubg.
imobile.loginpackc:inapp","com.pubg.imobile.mythicemblem:inapp"]
01-14 19:46:31.289 30763 30763 I BillingHelper: startSetup
01-14 19:46:31.294 30763 30763 W BillingClient: Connection to Billing service is
blocked.
01-14 19:46:31.301 30763 30763 D APProductInfo_New: callback:{"ret":"-
1","msg":"","productInfo":[]}
01-14 19:46:31.877 30763 31165 I AudioManager: In isBluetoothScoOn(), calling
application: com.ranger.cheat
01-14 19:46:33.157 30763 31165 I AudioManager: In isBluetoothScoOn(), calling
application: com.ranger.cheat
01-14 19:46:34.438 30763 31165 I AudioManager: In isBluetoothScoOn(), calling
application: com.ranger.cheat
01-14 19:46:35.717 30763 31165 I AudioManager: In isBluetoothScoOn(), calling
application: com.ranger.cheat
01-14 19:46:36.997 30763 31165 I AudioManager: In isBluetoothScoOn(), calling
application: com.ranger.cheat
01-14 19:46:38.278 30763 31165 I AudioManager: In isBluetoothScoOn(), calling
application: com.ranger.cheat
01-14 19:46:39.560 30763 31165 I AudioManager: In isBluetoothScoOn(), calling
application: com.ranger.cheat
01-14 19:46:40.837 30763 31165 I AudioManager: In isBluetoothScoOn(), calling
application: com.ranger.cheat
01-14 19:46:42.119 30763 31165 I AudioManager: In isBluetoothScoOn(), calling
application: com.ranger.cheat
01-14 19:46:43.397 30763 31165 I AudioManager: In isBluetoothScoOn(), calling
application: com.ranger.cheat
01-14 19:46:44.678 30763 31165 I AudioManager: In isBluetoothScoOn(), calling
application: com.ranger.cheat
01-14 19:46:45.957 30763 31165 I AudioManager: In isBluetoothScoOn(), calling
application: com.ranger.cheat
01-14 19:46:47.239 30763 31165 I AudioManager: In isBluetoothScoOn(), calling
application: com.ranger.cheat
01-14 19:46:48.517 30763 31165 I AudioManager: In isBluetoothScoOn(), calling
application: com.ranger.cheat
01-14 19:46:49.448 29479 29591 E BLASTBufferQueue:
BLASTBufferItemConsumer::onDisconnect()
01-14 19:46:49.798 30763 31165 I AudioManager: In isBluetoothScoOn(), calling
application: com.ranger.cheat
01-14 19:46:51.077 30763 31165 I AudioManager: In isBluetoothScoOn(), calling
application: com.ranger.cheat
01-14 19:46:52.358 30763 31165 I AudioManager: In isBluetoothScoOn(), calling
application: com.ranger.cheat
01-14 19:46:53.638 30763 31165 I AudioManager: In isBluetoothScoOn(), calling
application: com.ranger.cheat
01-14 19:46:54.033 30763 30966 V threaded_app: New input event: type=2
01-14 19:46:54.077 30763 30966 V threaded_app: New input event: type=2
01-14 19:46:54.920 30763 31165 I AudioManager: In isBluetoothScoOn(), calling
application: com.ranger.cheat
01-14 19:46:56.198 30763 31165 I AudioManager: In isBluetoothScoOn(), calling
application: com.ranger.cheat
01-14 19:46:57.098 30763 30966 V threaded_app: New input event: type=2
01-14 19:46:57.188 30763 30966 V threaded_app: New input event: type=2
01-14 19:46:57.202 30763 30966 V threaded_app: New input event: type=2
01-14 19:46:57.219 30763 30966 V threaded_app: New input event: type=2
01-14 19:46:57.237 30763 30966 V threaded_app: New input event: type=2
01-14 19:46:57.252 30763 30966 V threaded_app: New input event: type=2
01-14 19:46:57.269 30763 30966 V threaded_app: New input event: type=2
01-14 19:46:57.279 30763 30966 V threaded_app: New input event: type=2
01-14 19:46:57.279 30763 30966 V threaded_app: New input event: type=2
01-14 19:46:57.478 30763 31165 I AudioManager: In isBluetoothScoOn(), calling
application: com.ranger.cheat
01-14 19:46:57.880 30763 30966 V threaded_app: New input event: type=2
01-14 19:46:57.969 30763 30966 V threaded_app: New input event: type=2
01-14 19:46:57.987 30763 30966 V threaded_app: New input event: type=2
01-14 19:46:58.003 30763 30966 V threaded_app: New input event: type=2
01-14 19:46:58.019 30763 30966 V threaded_app: New input event: type=2
01-14 19:46:58.036 30763 30966 V threaded_app: New input event: type=2
01-14 19:46:58.053 30763 30966 V threaded_app: New input event: type=2
01-14 19:46:58.069 30763 30966 V threaded_app: New input event: type=2
01-14 19:46:58.086 30763 30966 V threaded_app: New input event: type=2
01-14 19:46:58.103 30763 30966 V threaded_app: New input event: type=2
01-14 19:46:58.120 30763 30966 V threaded_app: New input event: type=2
01-14 19:46:58.137 30763 30966 V threaded_app: New input event: type=2
01-14 19:46:58.153 30763 30966 V threaded_app: New input event: type=2
01-14 19:46:58.170 30763 30966 V threaded_app: New input event: type=2
01-14 19:46:58.203 30763 30966 V threaded_app: New input event: type=2
01-14 19:46:58.236 30763 30966 V threaded_app: New input event: type=2
01-14 19:46:58.254 30763 30966 V threaded_app: New input event: type=2
01-14 19:46:58.270 30763 30966 V threaded_app: New input event: type=2
01-14 19:46:58.286 30763 30966 V threaded_app: New input event: type=2
01-14 19:46:58.319 30763 30966 V threaded_app: New input event: type=2
01-14 19:46:58.337 30763 30966 V threaded_app: New input event: type=2
01-14 19:46:58.371 30763 30966 V threaded_app: New input event: type=2
01-14 19:46:58.421 30763 30966 V threaded_app: New input event: type=2
01-14 19:46:58.487 30763 30966 V threaded_app: New input event: type=2
01-14 19:46:58.554 30763 30966 V threaded_app: New input event: type=2
01-14 19:46:58.587 30763 30966 V threaded_app: New input event: type=2
01-14 19:46:58.603 30763 30966 V threaded_app: New input event: type=2
01-14 19:46:58.621 30763 30966 V threaded_app: New input event: type=2
01-14 19:46:58.630 30763 30966 V threaded_app: New input event: type=2
01-14 19:46:58.630 30763 30966 V threaded_app: New input event: type=2
01-14 19:46:58.756 30763 31165 I AudioManager: In isBluetoothScoOn(), calling
application: com.ranger.cheat
01-14 19:46:59.115 30763 30966 V threaded_app: New input event: type=2
01-14 19:46:59.204 30763 30966 V threaded_app: New input event: type=2
01-14 19:46:59.220 30763 30966 V threaded_app: New input event: type=2
01-14 19:46:59.237 30763 30966 V threaded_app: New input event: type=2
01-14 19:46:59.255 30763 30966 V threaded_app: New input event: type=2
01-14 19:46:59.270 30763 30966 V threaded_app: New input event: type=2
01-14 19:46:59.287 30763 30966 V threaded_app: New input event: type=2
01-14 19:46:59.304 30763 30966 V threaded_app: New input event: type=2
01-14 19:46:59.321 30763 30966 V threaded_app: New input event: type=2
01-14 19:46:59.337 30763 30966 V threaded_app: New input event: type=2
01-14 19:46:59.355 30763 30966 V threaded_app: New input event: type=2
01-14 19:46:59.371 30763 30966 V threaded_app: New input event: type=2
01-14 19:46:59.388 30763 30966 V threaded_app: New input event: type=2
01-14 19:46:59.404 30763 30966 V threaded_app: New input event: type=2
01-14 19:46:59.421 30763 30966 V threaded_app: New input event: type=2
01-14 19:46:59.431 30763 30966 V threaded_app: New input event: type=2
01-14 19:46:59.432 30763 30966 V threaded_app: New input event: type=2
01-14 19:46:59.932 30763 30966 V threaded_app: New input event: type=2
01-14 19:47:00.005 30763 30966 V threaded_app: New input event: type=2
01-14 19:47:00.021 30763 30966 V threaded_app: New input event: type=2
01-14 19:47:00.037 30763 30966 V threaded_app: New input event: type=2
01-14 19:47:00.038 30763 31165 I AudioManager: In isBluetoothScoOn(), calling
application: com.ranger.cheat
01-14 19:47:00.055 30763 30966 V threaded_app: New input event: type=2
01-14 19:47:00.071 30763 30966 V threaded_app: New input event: type=2
01-14 19:47:00.088 30763 30966 V threaded_app: New input event: type=2
01-14 19:47:00.104 30763 30966 V threaded_app: New input event: type=2
01-14 19:47:00.122 30763 30966 V threaded_app: New input event: type=2
01-14 19:47:00.137 30763 30966 V threaded_app: New input event: type=2
01-14 19:47:00.148 30763 30966 V threaded_app: New input event: type=2
01-14 19:47:00.148 30763 30966 V threaded_app: New input event: type=2
01-14 19:47:01.219 30763 30966 V threaded_app: New input event: type=2
01-14 19:47:01.255 30763 30966 V threaded_app: New input event: type=2
01-14 19:47:01.272 30763 30966 V threaded_app: New input event: type=2
01-14 19:47:01.289 30763 30966 V threaded_app: New input event: type=2
01-14 19:47:01.306 30763 30966 V threaded_app: New input event: type=2
01-14 19:47:01.319 30763 31165 I AudioManager: In isBluetoothScoOn(), calling
application: com.ranger.cheat
01-14 19:47:01.323 30763 30966 V threaded_app: New input event: type=2
01-14 19:47:01.339 30763 30966 V threaded_app: New input event: type=2
01-14 19:47:01.355 30763 30966 V threaded_app: New input event: type=2
01-14 19:47:01.373 30763 30966 V threaded_app: New input event: type=2
01-14 19:47:01.389 30763 30966 V threaded_app: New input event: type=2
01-14 19:47:01.389 30763 30966 V threaded_app: New input event: type=2
01-14 19:47:02.604 30763 31165 I AudioManager: In isBluetoothScoOn(), calling
application: com.ranger.cheat
01-14 19:47:03.332 30763 30763 W BillingClient: Connection to Billing service is
blocked.
01-14 19:47:03.553 30763 30966 V threaded_app: New input event: type=2
01-14 19:47:03.618 30763 30966 V threaded_app: New input event: type=2
01-14 19:47:03.877 30763 31165 I AudioManager: In isBluetoothScoOn(), calling
application: com.ranger.cheat
01-14 19:47:05.160 30763 31165 I AudioManager: In isBluetoothScoOn(), calling
application: com.ranger.cheat
01-14 19:47:06.438 30763 31165 I AudioManager: In isBluetoothScoOn(), calling
application: com.ranger.cheat
01-14 19:47:06.759 30763 30966 V threaded_app: New input event: type=2
01-14 19:47:06.793 30763 30966 V threaded_app: New input event: type=2
01-14 19:47:06.809 30763 30966 V threaded_app: New input event: type=2
01-14 19:47:06.826 30763 30966 V threaded_app: New input event: type=2
01-14 19:47:06.843 30763 30966 V threaded_app: New input event: type=2
01-14 19:47:06.853 30763 30966 V threaded_app: New input event: type=2
01-14 19:47:06.853 30763 30966 V threaded_app: New input event: type=2
01-14 19:47:07.255 30763 30966 V threaded_app: New input event: type=2
01-14 19:47:07.278 30763 30966 V threaded_app: New input event: type=2
01-14 19:47:07.293 30763 30966 V threaded_app: New input event: type=2
01-14 19:47:07.310 30763 30966 V threaded_app: New input event: type=2
01-14 19:47:07.326 30763 30966 V threaded_app: New input event: type=2
01-14 19:47:07.343 30763 30966 V threaded_app: New input event: type=2
01-14 19:47:07.353 30763 30966 V threaded_app: New input event: type=2
01-14 19:47:07.353 30763 30966 V threaded_app: New input event: type=2
01-14 19:47:07.717 30763 31165 I AudioManager: In isBluetoothScoOn(), calling
application: com.ranger.cheat
01-14 19:47:09.000 30763 31165 I AudioManager: In isBluetoothScoOn(), calling
application: com.ranger.cheat
01-14 19:47:10.277 30763 31165 I AudioManager: In isBluetoothScoOn(), calling
application: com.ranger.cheat
01-14 19:47:11.557 30763 31165 I AudioManager: In isBluetoothScoOn(), calling
application: com.ranger.cheat
01-14 19:47:12.839 30763 31165 I AudioManager: In isBluetoothScoOn(), calling
application: com.ranger.cheat
01-14 19:47:14.117 30763 31165 I AudioManager: In isBluetoothScoOn(), calling
application: com.ranger.cheat
01-14 19:47:15.398 30763 31165 I AudioManager: In isBluetoothScoOn(), calling
application: com.ranger.cheat
01-14 19:47:15.732 30763 30966 V threaded_app: New input event: type=2
01-14 19:47:15.793 30763 30966 V threaded_app: New input event: type=2
01-14 19:47:16.677 30763 31165 I AudioManager: In isBluetoothScoOn(), calling
application: com.ranger.cheat
01-14 19:47:16.845 30763 30966 V threaded_app: New input event: type=2
01-14 19:47:16.929 30763 30966 V threaded_app: New input event: type=2
01-14 19:47:17.645 30763 30966 V threaded_app: New input event: type=2
01-14 19:47:17.712 30763 30966 V threaded_app: New input event: type=2
01-14 19:47:17.957 30763 31165 I AudioManager: In isBluetoothScoOn(), calling
application: com.ranger.cheat
01-14 19:47:18.646 30763 30966 V threaded_app: New input event: type=2
01-14 19:47:18.697 30763 30966 V threaded_app: New input event: type=2
01-14 19:47:19.238 30763 31165 I AudioManager: In isBluetoothScoOn(), calling
application: com.ranger.cheat
01-14 19:47:20.516 30763 31165 I AudioManager: In isBluetoothScoOn(), calling
application: com.ranger.cheat
01-14 19:47:21.800 30763 31165 I AudioManager: In isBluetoothScoOn(), calling
application: com.ranger.cheat
01-14 19:47:23.079 30763 31165 I AudioManager: In isBluetoothScoOn(), calling
application: com.ranger.cheat
01-14 19:47:23.967 30763 30966 V threaded_app: New input event: type=2
01-14 19:47:24.017 30763 30966 V threaded_app: New input event: type=2
01-14 19:47:24.358 30763 31165 I AudioManager: In isBluetoothScoOn(), calling
application: com.ranger.cheat
01-14 19:47:25.641 30763 31165 I AudioManager: In isBluetoothScoOn(), calling
application: com.ranger.cheat
01-14 19:47:26.185 30763 30966 V threaded_app: New input event: type=2
01-14 19:47:26.269 30763 30966 V threaded_app: New input event: type=2
01-14 19:47:26.919 30763 31165 I AudioManager: In isBluetoothScoOn(), calling
application: com.ranger.cheat
01-14 19:47:27.002 30763 30966 V threaded_app: New input event: type=2
01-14 19:47:27.069 30763 30966 V threaded_app: New input event: type=2
01-14 19:47:28.198 30763 31165 I AudioManager: In isBluetoothScoOn(), calling
application: com.ranger.cheat
01-14 19:47:29.483 30763 31165 I AudioManager: In isBluetoothScoOn(), calling
application: com.ranger.cheat
01-14 19:47:30.606 30763 30966 V threaded_app: New input event: type=2
01-14 19:47:30.687 30763 30966 V threaded_app: New input event: type=2
01-14 19:47:30.758 30763 31165 I AudioManager: In isBluetoothScoOn(), calling
application: com.ranger.cheat
01-14 19:47:32.039 30763 31165 I AudioManager: In isBluetoothScoOn(), calling
application: com.ranger.cheat
01-14 19:47:33.191 30763 30966 V threaded_app: New input event: type=2
01-14 19:47:33.256 30763 30966 V threaded_app: New input event: type=2
01-14 19:47:33.321 30763 31165 I AudioManager: In isBluetoothScoOn(), calling
application: com.ranger.cheat
01-14 19:47:34.125 30763 30966 V threaded_app: New input event: type=2
01-14 19:47:34.198 30763 30966 V threaded_app: New input event: type=2
01-14 19:47:34.213 30763 30966 V threaded_app: New input event: type=2
01-14 19:47:34.230 30763 30966 V threaded_app: New input event: type=2
01-14 19:47:34.246 30763 30966 V threaded_app: New input event: type=2
01-14 19:47:34.263 30763 30966 V threaded_app: New input event: type=2
01-14 19:47:34.279 30763 30966 V threaded_app: New input event: type=2
01-14 19:47:34.296 30763 30966 V threaded_app: New input event: type=2
01-14 19:47:34.313 30763 30966 V threaded_app: New input event: type=2
01-14 19:47:34.330 30763 30966 V threaded_app: New input event: type=2
01-14 19:47:34.346 30763 30966 V threaded_app: New input event: type=2
01-14 19:47:34.363 30763 30966 V threaded_app: New input event: type=2
01-14 19:47:34.380 30763 30966 V threaded_app: New input event: type=2
01-14 19:47:34.396 30763 30966 V threaded_app: New input event: type=2
01-14 19:47:34.413 30763 30966 V threaded_app: New input event: type=2
01-14 19:47:34.430 30763 30966 V threaded_app: New input event: type=2
01-14 19:47:34.446 30763 30966 V threaded_app: New input event: type=2
01-14 19:47:34.464 30763 30966 V threaded_app: New input event: type=2
01-14 19:47:34.480 30763 30966 V threaded_app: New input event: type=2
01-14 19:47:34.496 30763 30966 V threaded_app: New input event: type=2
01-14 19:47:34.513 30763 30966 V threaded_app: New input event: type=2
01-14 19:47:34.523 30763 30966 V threaded_app: New input event: type=2
01-14 19:47:34.523 30763 30966 V threaded_app: New input event: type=2
01-14 19:47:34.599 30763 31165 I AudioManager: In isBluetoothScoOn(), calling
application: com.ranger.cheat
01-14 19:47:35.882 30763 31165 I AudioManager: In isBluetoothScoOn(), calling
application: com.ranger.cheat
01-14 19:47:36.778 30763 30966 V threaded_app: New input event: type=2
01-14 19:47:36.858 30763 30966 V threaded_app: New input event: type=2
01-14 19:47:37.159 30763 31165 I AudioManager: In isBluetoothScoOn(), calling
application: com.ranger.cheat
01-14 19:47:38.438 30763 31165 I AudioManager: In isBluetoothScoOn(), calling
application: com.ranger.cheat
01-14 19:47:38.728 30763 30966 V threaded_app: New input event: type=2
01-14 19:47:38.735 30763 30966 V threaded_app: New input event: type=2
01-14 19:47:39.720 30763 31165 I AudioManager: In isBluetoothScoOn(), calling
application: com.ranger.cheat
01-14 19:47:40.114 30763 30966 V threaded_app: New input event: type=2
01-14 19:47:40.195 30763 30966 V threaded_app: New input event: type=2
01-14 19:47:41.000 30763 31165 I AudioManager: In isBluetoothScoOn(), calling
application: com.ranger.cheat
01-14 19:47:42.282 30763 31165 I AudioManager: In isBluetoothScoOn(), calling
application: com.ranger.cheat
01-14 19:47:43.049 30763 30966 V threaded_app: New input event: type=2
01-14 19:47:43.080 30763 30966 V threaded_app: New input event: type=2
01-14 19:47:43.119 30763 30965 D GameActivity: GameActivity.GetIsPlayerUsingVPN()
01-14 19:47:43.119 30763 30965 D GameActivity: GameActivity.GetIsPlayerUsingVPN()
return: false
01-14 19:47:43.120 30763 30965 D PermissionUtil: isPermissionGranted
01-14 19:47:43.120 30763 30965 D PermissionUtil: targetSdkVersion: 34
01-14 19:47:43.120 30763 30965 D PermissionUtil:
isPermissionGranted(android.permission.BLUETOOTH_CONNECT) return true
01-14 19:47:43.122 30763 30965 D GameActivity: AndroidThunkJava_GetDeivceNickName
return: OnePlus Nord
01-14 19:47:43.558 30763 31165 I AudioManager: In isBluetoothScoOn(), calling
application: com.ranger.cheat
01-14 19:47:44.215 30763 30966 V threaded_app: New input event: type=2
01-14 19:47:44.239 30763 30966 V threaded_app: New input event: type=2
01-14 19:47:44.254 30763 30966 V threaded_app: New input event: type=2
01-14 19:47:44.270 30763 30966 V threaded_app: New input event: type=2
01-14 19:47:44.287 30763 30966 V threaded_app: New input event: type=2
01-14 19:47:44.297 30763 30966 V threaded_app: New input event: type=2
01-14 19:47:44.297 30763 30966 V threaded_app: New input event: type=2
01-14 19:47:44.841 30763 31165 I AudioManager: In isBluetoothScoOn(), calling
application: com.ranger.cheat
01-14 19:47:44.883 30763 30966 V threaded_app: New input event: type=2
01-14 19:47:44.956 30763 30966 V threaded_app: New input event: type=2
01-14 19:47:44.971 30763 30966 V threaded_app: New input event: type=2
01-14 19:47:44.983 30763 30966 V threaded_app: New input event: type=2
01-14 19:47:44.984 30763 30966 V threaded_app: New input event: type=2
01-14 19:47:45.004 30763 30966 V threaded_app: New input event: type=2
01-14 19:47:45.021 30763 30966 V threaded_app: New input event: type=2
01-14 19:47:45.038 30763 30966 V threaded_app: New input event: type=2
01-14 19:47:45.054 30763 30966 V threaded_app: New input event: type=2
01-14 19:47:45.071 30763 30966 V threaded_app: New input event: type=2
01-14 19:47:45.088 30763 30966 V threaded_app: New input event: type=2
01-14 19:47:45.105 30763 30966 V threaded_app: New input event: type=2
01-14 19:47:45.121 30763 30966 V threaded_app: New input event: type=2
01-14 19:47:45.139 30763 30966 V threaded_app: New input event: type=2
01-14 19:47:45.156 30763 30966 V threaded_app: New input event: type=2
01-14 19:47:45.171 30763 30966 V threaded_app: New input event: type=2
01-14 19:47:45.187 30763 30966 V threaded_app: New input event: type=2
01-14 19:47:45.204 30763 30966 V threaded_app: New input event: type=2
01-14 19:47:45.221 30763 30966 V threaded_app: New input event: type=2
01-14 19:47:45.238 30763 30966 V threaded_app: New input event: type=2
01-14 19:47:45.254 30763 30966 V threaded_app: New input event: type=2
01-14 19:47:45.271 30763 30966 V threaded_app: New input event: type=2
01-14 19:47:45.289 30763 30966 V threaded_app: New input event: type=2
01-14 19:47:45.306 30763 30966 V threaded_app: New input event: type=2
01-14 19:47:45.321 30763 30966 V threaded_app: New input event: type=2
01-14 19:47:45.338 30763 30966 V threaded_app: New input event: type=2
01-14 19:47:45.354 30763 30966 V threaded_app: New input event: type=2
01-14 19:47:45.371 30763 30966 V threaded_app: New input event: type=2
01-14 19:47:45.387 30763 30966 V threaded_app: New input event: type=2
01-14 19:47:45.405 30763 30966 V threaded_app: New input event: type=2
01-14 19:47:45.422 30763 30966 V threaded_app: New input event: type=2
01-14 19:47:45.438 30763 30966 V threaded_app: New input event: type=2
01-14 19:47:45.454 30763 30966 V threaded_app: New input event: type=2
01-14 19:47:45.472 30763 30966 V threaded_app: New input event: type=2
01-14 19:47:45.488 30763 30966 V threaded_app: New input event: type=2
01-14 19:47:45.505 30763 30966 V threaded_app: New input event: type=2
01-14 19:47:45.522 30763 30966 V threaded_app: New input event: type=2
01-14 19:47:45.538 30763 30966 V threaded_app: New input event: type=2
01-14 19:47:45.556 30763 30966 V threaded_app: New input event: type=2
01-14 19:47:45.571 30763 30966 V threaded_app: New input event: type=2
01-14 19:47:45.588 30763 30966 V threaded_app: New input event: type=2
01-14 19:47:45.604 30763 30966 V threaded_app: New input event: type=2
01-14 19:47:45.621 30763 30966 V threaded_app: New input event: type=2
01-14 19:47:45.639 30763 30966 V threaded_app: New input event: type=2
01-14 19:47:45.654 30763 30966 V threaded_app: New input event: type=2
01-14 19:47:45.671 30763 30966 V threaded_app: New input event: type=2
01-14 19:47:45.687 30763 30966 V threaded_app: New input event: type=2
01-14 19:47:45.705 30763 30966 V threaded_app: New input event: type=2
01-14 19:47:45.723 30763 30966 V threaded_app: New input event: type=2
01-14 19:47:45.738 30763 30966 V threaded_app: New input event: type=2
01-14 19:47:45.755 30763 30966 V threaded_app: New input event: type=2
01-14 19:47:45.772 30763 30966 V threaded_app: New input event: type=2
01-14 19:47:45.788 30763 30966 V threaded_app: New input event: type=2
01-14 19:47:45.805 30763 30966 V threaded_app: New input event: type=2
01-14 19:47:45.821 30763 30966 V threaded_app: New input event: type=2
01-14 19:47:45.839 30763 30966 V threaded_app: New input event: type=2
01-14 19:47:45.855 30763 30966 V threaded_app: New input event: type=2
01-14 19:47:45.872 30763 30966 V threaded_app: New input event: type=2
01-14 19:47:45.888 30763 30966 V threaded_app: New input event: type=2
01-14 19:47:45.906 30763 30966 V threaded_app: New input event: type=2
01-14 19:47:45.921 30763 30966 V threaded_app: New input event: type=2
01-14 19:47:45.941 30763 30966 V threaded_app: New input event: type=2
01-14 19:47:45.955 30763 30966 V threaded_app: New input event: type=2
01-14 19:47:45.972 30763 30966 V threaded_app: New input event: type=2
01-14 19:47:45.982 30763 30966 V threaded_app: New input event: type=2
01-14 19:47:45.983 30763 30966 V threaded_app: New input event: type=2
01-14 19:47:45.983 30763 30966 V threaded_app: New input event: type=2
01-14 19:47:46.122 30763 31165 I AudioManager: In isBluetoothScoOn(), calling
application: com.ranger.cheat
01-14 19:47:46.352 30763 30966 V threaded_app: New input event: type=2
01-14 19:47:46.366 30763 30966 V threaded_app: New input event: type=2
01-14 19:47:46.367 30763 30966 V threaded_app: New input event: type=2
01-14 19:47:46.368 30763 30966 V threaded_app: New input event: type=2
01-14 19:47:46.422 30763 30966 V threaded_app: New input event: type=2
01-14 19:47:46.466 30763 30966 V threaded_app: New input event: type=2
01-14 19:47:46.472 30763 30966 V threaded_app: New input event: type=2
01-14 19:47:46.484 30763 30966 V threaded_app: New input event: type=2
01-14 19:47:46.484 30763 30966 V threaded_app: New input event: type=2
01-14 19:47:46.506 30763 30966 V threaded_app: New input event: type=2
01-14 19:47:46.522 30763 30966 V threaded_app: New input event: type=2
01-14 19:47:46.538 30763 30966 V threaded_app: New input event: type=2
01-14 19:47:46.555 30763 30966 V threaded_app: New input event: type=2
01-14 19:47:46.573 30763 30966 V threaded_app: New input event: type=2
01-14 19:47:46.589 30763 30966 V threaded_app: New input event: type=2
01-14 19:47:46.600 30763 30966 V threaded_app: New input event: type=2
01-14 19:47:46.601 30763 30966 V threaded_app: New input event: type=2
01-14 19:47:46.605 30763 30966 V threaded_app: New input event: type=2
01-14 19:47:46.616 30763 30966 V threaded_app: New input event: type=2
01-14 19:47:46.616 30763 30966 V threaded_app: New input event: type=2
01-14 19:47:46.622 30763 30966 V threaded_app: New input event: type=2
01-14 19:47:46.640 30763 30966 V threaded_app: New input event: type=2
01-14 19:47:46.648 30763 30966 V threaded_app: New input event: type=2
01-14 19:47:46.649 30763 30966 V threaded_app: New input event: type=2
01-14 19:47:46.655 30763 30966 V threaded_app: New input event: type=2
01-14 19:47:46.672 30763 30966 V threaded_app: New input event: type=2
01-14 19:47:46.688 30763 30966 V threaded_app: New input event: type=2
01-14 19:47:46.707 30763 30966 V threaded_app: New input event: type=2
01-14 19:47:46.724 30763 30966 V threaded_app: New input event: type=2
01-14 19:47:46.741 30763 30966 V threaded_app: New input event: type=2
01-14 19:47:46.757 30763 30966 V threaded_app: New input event: type=2
01-14 19:47:46.772 30763 30966 V threaded_app: New input event: type=2
01-14 19:47:46.789 30763 30966 V threaded_app: New input event: type=2
01-14 19:47:46.806 30763 30966 V threaded_app: New input event: type=2
01-14 19:47:46.824 30763 30966 V threaded_app: New input event: type=2
01-14 19:47:46.839 30763 30966 V threaded_app: New input event: type=2
01-14 19:47:46.856 30763 30966 V threaded_app: New input event: type=2
01-14 19:47:46.873 30763 30966 V threaded_app: New input event: type=2
01-14 19:47:46.892 30763 30966 V threaded_app: New input event: type=2
01-14 19:47:46.906 30763 30966 V threaded_app: New input event: type=2
01-14 19:47:46.922 30763 30966 V threaded_app: New input event: type=2
01-14 19:47:46.939 30763 30966 V threaded_app: New input event: type=2
01-14 19:47:46.955 30763 30966 V threaded_app: New input event: type=2
01-14 19:47:46.973 30763 30966 V threaded_app: New input event: type=2
01-14 19:47:46.989 30763 30966 V threaded_app: New input event: type=2
01-14 19:47:47.006 30763 30966 V threaded_app: New input event: type=2
01-14 19:47:47.022 30763 30966 V threaded_app: New input event: type=2
01-14 19:47:47.039 30763 30966 V threaded_app: New input event: type=2
01-14 19:47:47.056 30763 30966 V threaded_app: New input event: type=2
01-14 19:47:47.072 30763 30966 V threaded_app: New input event: type=2
01-14 19:47:47.089 30763 30966 V threaded_app: New input event: type=2
01-14 19:47:47.108 30763 30966 V threaded_app: New input event: type=2
01-14 19:47:47.122 30763 30966 V threaded_app: New input event: type=2
01-14 19:47:47.139 30763 30966 V threaded_app: New input event: type=2
01-14 19:47:47.156 30763 30966 V threaded_app: New input event: type=2
01-14 19:47:47.173 30763 30966 V threaded_app: New input event: type=2
01-14 19:47:47.189 30763 30966 V threaded_app: New input event: type=2
01-14 19:47:47.206 30763 30966 V threaded_app: New input event: type=2
01-14 19:47:47.222 30763 30966 V threaded_app: New input event: type=2
01-14 19:47:47.239 30763 30966 V threaded_app: New input event: type=2
01-14 19:47:47.255 30763 30966 V threaded_app: New input event: type=2
01-14 19:47:47.306 30763 30966 V threaded_app: New input event: type=2
01-14 19:47:47.322 30763 30966 V threaded_app: New input event: type=2
01-14 19:47:47.389 30763 30966 V threaded_app: New input event: type=2
01-14 19:47:47.399 30763 31165 I AudioManager: In isBluetoothScoOn(), calling
application: com.ranger.cheat
01-14 19:47:47.422 30763 30966 V threaded_app: New input event: type=2
01-14 19:47:47.456 30763 30966 V threaded_app: New input event: type=2
01-14 19:47:47.472 30763 30966 V threaded_app: New input event: type=2
01-14 19:47:47.489 30763 30966 V threaded_app: New input event: type=2
01-14 19:47:47.506 30763 30966 V threaded_app: New input event: type=2
01-14 19:47:47.522 30763 30966 V threaded_app: New input event: type=2
01-14 19:47:47.539 30763 30966 V threaded_app: New input event: type=2
01-14 19:47:47.574 30763 30966 V threaded_app: New input event: type=2
01-14 19:47:47.606 30763 30966 V threaded_app: New input event: type=2
01-14 19:47:47.622 30763 30966 V threaded_app: New input event: type=2
01-14 19:47:47.639 30763 30966 V threaded_app: New input event: type=2
01-14 19:47:47.657 30763 30966 V threaded_app: New input event: type=2
01-14 19:47:47.674 30763 30966 V threaded_app: New input event: type=2
01-14 19:47:47.689 30763 30966 V threaded_app: New input event: type=2
01-14 19:47:47.708 30763 30966 V threaded_app: New input event: type=2
01-14 19:47:47.723 30763 30966 V threaded_app: New input event: type=2
01-14 19:47:47.740 30763 30966 V threaded_app: New input event: type=2
01-14 19:47:47.756 30763 30966 V threaded_app: New input event: type=2
01-14 19:47:48.007 30763 30966 V threaded_app: New input event: type=2
01-14 19:47:48.090 30763 30966 V threaded_app: New input event: type=2
01-14 19:47:48.357 30763 30966 V threaded_app: New input event: type=2
01-14 19:47:48.374 30763 30966 V threaded_app: New input event: type=2
01-14 19:47:48.507 30763 30966 V threaded_app: New input event: type=2
01-14 19:47:48.523 30763 30966 V threaded_app: New input event: type=2
01-14 19:47:48.590 30763 30966 V threaded_app: New input event: type=2
01-14 19:47:48.641 30763 30966 V threaded_app: New input event: type=2
01-14 19:47:48.680 30763 31165 I AudioManager: In isBluetoothScoOn(), calling
application: com.ranger.cheat
01-14 19:47:48.724 30763 30966 V threaded_app: New input event: type=2
01-14 19:47:48.793 30763 30966 V threaded_app: New input event: type=2
01-14 19:47:48.807 30763 30966 V threaded_app: New input event: type=2
01-14 19:47:48.857 30763 30966 V threaded_app: New input event: type=2
01-14 19:47:48.957 30763 30966 V threaded_app: New input event: type=2
01-14 19:47:49.224 30763 30966 V threaded_app: New input event: type=2
01-14 19:47:49.642 30763 30966 V threaded_app: New input event: type=2
01-14 19:47:49.791 30763 30966 V threaded_app: New input event: type=2
01-14 19:47:49.875 30763 30966 V threaded_app: New input event: type=2
01-14 19:47:49.943 30763 30966 V threaded_app: New input event: type=2
01-14 19:47:49.961 30763 31165 I AudioManager: In isBluetoothScoOn(), calling
application: com.ranger.cheat
01-14 19:47:50.207 30763 30966 V threaded_app: New input event: type=2
01-14 19:47:50.292 30763 30966 V threaded_app: New input event: type=2
01-14 19:47:50.475 30763 30966 V threaded_app: New input event: type=2
01-14 19:47:50.609 30763 30966 V threaded_app: New input event: type=2
01-14 19:47:50.942 30763 30966 V threaded_app: New input event: type=2
01-14 19:47:51.060 30763 30966 V threaded_app: New input event: type=2
01-14 19:47:51.176 30763 30966 V threaded_app: New input event: type=2
01-14 19:47:51.238 30763 31165 I AudioManager: In isBluetoothScoOn(), calling
application: com.ranger.cheat
01-14 19:47:51.393 30763 30966 V threaded_app: New input event: type=2
01-14 19:47:51.827 30763 30966 V threaded_app: New input event: type=2
01-14 19:47:51.842 30763 30966 V threaded_app: New input event: type=2
