01-30 23:12:06.559 23999 28530 D libMEOW : rebuild call chain: 0xac0cbb00
01-30 23:12:06.559 23999 28530 D libMEOW : meow delete tls: 0xb36317c0
01-30 23:12:06.579 23999 23999 I oplus.android.OplusFrameworkFactoryImpl: get
feature:IOplusDynamicVsyncFeature
01-30 23:12:06.579 23999 23999 I oplus.android.OplusFrameworkFactoryImpl: get
feature:IOplusDynamicVsyncFeature
01-30 23:12:06.579 23999 23999 I oplus.android.OplusFrameworkFactoryImpl: get
feature:IOplusDynamicVsyncFeature
01-30 23:12:06.603 23999 23999 D WindowManager: Add to mViews:
DecorView@40fbe33[GameDetailActivity_],pkg= com.join.android.app.mgsim.wufun
01-30 23:12:06.611 23999 23999 D InputEventReceiver: Input log is disabled
01-30 23:12:06.615 23999 23999 D VRI[SearchListActivity1_]: onFocusEvent false
01-30 23:12:06.615 23999 23999 I Quality : Skipped: false 0 cost 14.758153
refreshRate 16806233 bit false processName com.join.android.app.mgsim.wufun
01-30 23:12:06.616 23999 23999 E OplusBracketLog: [OplusViewMirrorManager]
updateHostViewRootIfNeeded, not support android.view.ViewRootImpl@2aaf4c6
01-30 23:12:06.627 23999 23999 D BufferQueueConsumer: [](id:5dbf00000010,api:0,p:-
1,c:23999) connect: controlledByApp=false
01-30 23:12:06.627 23999 23999 E IPCThreadState: attemptIncStrongHandle(146): Not
supported
01-30 23:12:06.627 23999 23999 V ZoomWindowDecorView:
setLastReportedMergedConfiguration mZoomDisplayHeight: 1612 getDecorView.68140595
01-30 23:12:06.628 23999 23999 D VRI[GameDetailActivity_]: registerCallbacksForSync
syncBuffer=false
01-30 23:12:06.635 23999 27412 D BLASTBufferQueue: [VRI[GameDetailActivity_]
[com.join.android.app.mgsim.wufun/com.join.mgps.activity.GameDetailActivity_]#12]
(f:0,a:1) acquireNextBufferLocked size=720x1612 mFrameNumber=1
applyTransaction=true mTimestamp=241593248600630(auto) mPendingTransactions.size=0
graphicBufferId=103074920136783 transform=0
01-30 23:12:06.635 23999 27412 D VRI[GameDetailActivity_]: Received
frameCommittedCallback lastAttemptedDrawFrameNum=1 didProduceBuffer=true
syncBuffer=false
01-30 23:12:06.635 23999 27412 W Parcel : Expecting binder but got null!
01-30 23:12:06.635 23999 23999 D VRI[GameDetailActivity_]: draw finished.
01-30 23:12:06.642 23999 23999 I Quality : Skipped: false 1 cost 17.45322
refreshRate 16803451 bit false processName com.join.android.app.mgsim.wufun
01-30 23:12:06.642 23999 23999 D VRI[GameDetailActivity_]: registerCallbacksForSync
syncBuffer=false
01-30 23:12:06.643 23999 27412 D VRI[GameDetailActivity_]: Received
frameCommittedCallback lastAttemptedDrawFrameNum=2 didProduceBuffer=false
syncBuffer=false
01-30 23:12:06.643 23999 23999 D VRI[GameDetailActivity_]: draw finished.
01-30 23:12:06.656 23999 27434 D TrafficStats: tagSocket(302) with
statsTag=0xffffffff, statsUid=-1
01-30 23:12:06.680 23999 23999 D VRI[GameDetailActivity_]: onFocusEvent true
01-30 23:12:06.860 23999 27493 I System.out: [okhttp]:check permission begin!
01-30 23:12:06.860 23999 27493 I System.out: [okhttp]:not MMS!
01-30 23:12:06.860 23999 27493 I System.out: [okhttp]:not Email!
01-30 23:12:06.883 23999 27569 I System.out: [okhttp]:check permission begin!
01-30 23:12:06.883 23999 27569 I System.out: [okhttp]:not MMS!
01-30 23:12:06.883 23999 27569 I System.out: [okhttp]:not Email!
01-30 23:12:06.883 23999 27569 I System.out: [OkHttp] sendRequest>>
01-30 23:12:06.883 23999 27569 I System.out: [OkHttp] sendRequest<<
01-30 23:12:06.891 23999 27570 I System.out: [okhttp]:check permission begin!
01-30 23:12:06.891 23999 27570 I System.out: [okhttp]:not MMS!
01-30 23:12:06.891 23999 27570 I System.out: [okhttp]:not Email!
01-30 23:12:06.903 23999 27569 I System.out: [okhttp]:check permission begin!
01-30 23:12:06.903 23999 27569 I System.out: [okhttp]:not MMS!
01-30 23:12:06.903 23999 27569 I System.out: [okhttp]:not Email!
01-30 23:12:06.927 23999 23999 I Quality : Skipped: true 2 cost 50.19888
refreshRate 16804734 bit false processName com.join.android.app.mgsim.wufun
01-30 23:12:06.961 23999 27570 D TrafficStats: tagSocket(328) with
statsTag=0xffffffff, statsUid=-1
01-30 23:12:06.961 23999 27493 D TrafficStats: tagSocket(513) with
statsTag=0xffffffff, statsUid=-1
01-30 23:12:06.961 23999 27569 D TrafficStats: tagSocket(413) with
statsTag=0xffffffff, statsUid=-1
01-30 23:12:06.967 23999 27569 I System.out: [okhttp]:check permission begin!
01-30 23:12:06.967 23999 27569 I System.out: [okhttp]:not MMS!
01-30 23:12:06.967 23999 27569 I System.out: [okhttp]:not Email!
01-30 23:12:06.967 23999 27569 D TrafficStats: tagSocket(516) with
statsTag=0xffffffff, statsUid=-1
01-30 23:12:06.967 23999 27570 I System.out: [okhttp]:check permission begin!
01-30 23:12:06.968 23999 27570 I System.out: [okhttp]:not MMS!
01-30 23:12:06.968 23999 27570 I System.out: [okhttp]:not Email!
01-30 23:12:06.968 23999 27570 I System.out: [OkHttp] sendRequest>>
01-30 23:12:06.968 23999 27570 I System.out: [OkHttp] sendRequest<<
01-30 23:12:06.968 23999 27493 I System.out: [okhttp]:check permission begin!
01-30 23:12:06.968 23999 27493 I System.out: [okhttp]:not MMS!
01-30 23:12:06.968 23999 27493 I System.out: [okhttp]:not Email!
01-30 23:12:06.968 23999 27493 I System.out: [OkHttp] sendRequest>>
01-30 23:12:06.968 23999 27569 I System.out: [okhttp]:check permission begin!
01-30 23:12:06.968 23999 27569 I System.out: [okhttp]:not MMS!
01-30 23:12:06.968 23999 27569 I System.out: [okhttp]:not Email!
01-30 23:12:06.968 23999 27569 I System.out: [OkHttp] sendRequest>>
01-30 23:12:06.968 23999 27569 I System.out: [OkHttp] sendRequest<<
01-30 23:12:06.969 23999 27493 I System.out: [OkHttp] sendRequest<<
01-30 23:12:07.018 23999 27493 I System.out: [okhttp]:check permission begin!
01-30 23:12:07.018 23999 27493 I System.out: [okhttp]:not MMS!
01-30 23:12:07.018 23999 27493 I System.out: [okhttp]:not Email!
01-30 23:12:07.018 23999 27493 I System.out: [OkHttp] sendRequest>>
01-30 23:12:07.018 23999 27493 I System.out: [OkHttp] sendRequest<<
01-30 23:12:07.033 23999 27569 I System.out: [okhttp]:check permission begin!
01-30 23:12:07.033 23999 27569 I System.out: [okhttp]:not MMS!
01-30 23:12:07.033 23999 27569 I System.out: [okhttp]:not Email!
01-30 23:12:07.033 23999 27569 I System.out: [OkHttp] sendRequest>>
01-30 23:12:07.033 23999 27569 I System.out: [OkHttp] sendRequest<<
01-30 23:12:07.035 23999 27570 I System.out: [okhttp]:check permission begin!
01-30 23:12:07.035 23999 27570 I System.out: [okhttp]:not MMS!
01-30 23:12:07.035 23999 27570 I System.out: [okhttp]:not Email!
01-30 23:12:07.035 23999 27570 I System.out: [OkHttp] sendRequest>>
01-30 23:12:07.035 23999 27570 I System.out: [OkHttp] sendRequest<<
01-30 23:12:07.055 23999 27493 I System.out: [okhttp]:check permission begin!
01-30 23:12:07.055 23999 27493 I System.out: [okhttp]:not MMS!
01-30 23:12:07.055 23999 27493 I System.out: [okhttp]:not Email!
01-30 23:12:07.055 23999 27493 I System.out: [OkHttp] sendRequest>>
01-30 23:12:07.055 23999 27493 I System.out: [OkHttp] sendRequest<<
01-30 23:12:07.059 23999 27570 I System.out: [okhttp]:check permission begin!
01-30 23:12:07.059 23999 27570 I System.out: [okhttp]:not MMS!
01-30 23:12:07.059 23999 27570 I System.out: [okhttp]:not Email!
01-30 23:12:07.059 23999 27570 I System.out: [OkHttp] sendRequest>>
01-30 23:12:07.060 23999 27570 I System.out: [OkHttp] sendRequest<<
01-30 23:12:07.075 23999 27569 I System.out: [okhttp]:check permission begin!
01-30 23:12:07.075 23999 27569 I System.out: [okhttp]:not MMS!
01-30 23:12:07.075 23999 27569 I System.out: [okhttp]:not Email!
01-30 23:12:07.075 23999 27569 I System.out: [OkHttp] sendRequest>>
01-30 23:12:07.075 23999 27569 I System.out: [OkHttp] sendRequest<<
01-30 23:12:07.084 23999 27493 I System.out: [okhttp]:check permission begin!
01-30 23:12:07.084 23999 27493 I System.out: [okhttp]:not MMS!
01-30 23:12:07.084 23999 27493 I System.out: [okhttp]:not Email!
01-30 23:12:07.084 23999 27493 I System.out: [OkHttp] sendRequest>>
01-30 23:12:07.084 23999 27493 I System.out: [OkHttp] sendRequest<<
01-30 23:12:07.253 23999 27238 W app.mgsim.wufun: Cleared Reference was only
reachable from finalizer (only reported once)
01-30 23:12:07.275 23999 27238 I app.mgsim.wufun: Background concurrent copying GC
freed 493735(22MB) AllocSpace objects, 67(2120KB) LOS objects, 38% free, 37MB/61MB,
paused 127us,85us total 228.205ms
01-30 23:12:07.286 23999 27412 D OpenGLRenderer: SkiaOpenGLPipeline::setSurface:
this=0xa6543960, surface=NULL
01-30 23:12:07.312 23999 27412 D OpenGLRenderer: SkiaOpenGLPipeline::setSurface:
this=0xa6546ac0, surface=NULL
01-30 23:12:07.320 23999 27240 W System : A resource failed to call
Surface.release.
01-30 23:12:07.322 23999 27240 D IJKMEDIA: IjkMediaPlayer_native_finalize
01-30 23:12:07.323 23999 27240 D IJKMEDIA: IjkMediaPlayer_release
01-30 23:12:07.323 23999 27240 D IJKMEDIA: IjkMediaPlayer_native_finalize
01-30 23:12:07.323 23999 27240 D IJKMEDIA: IjkMediaPlayer_release
01-30 23:12:07.323 23999 27240 W System : A resource failed to call
Surface.release.
01-30 23:12:07.333 23999 27240 D IJKMEDIA: IjkMediaPlayer_native_finalize
01-30 23:12:07.334 23999 27240 D IJKMEDIA: IjkMediaPlayer_release
01-30 23:12:07.334 23999 27240 D IJKMEDIA: IjkMediaPlayer_native_finalize
01-30 23:12:07.334 23999 27240 D IJKMEDIA: IjkMediaPlayer_release
01-30 23:12:07.334 23999 27240 D IJKMEDIA: IjkMediaPlayer_native_finalize
01-30 23:12:07.334 23999 27240 D IJKMEDIA: IjkMediaPlayer_release
01-30 23:12:07.335 23999 27240 D IJKMEDIA: IjkMediaPlayer_native_finalize
01-30 23:12:07.335 23999 27240 D IJKMEDIA: IjkMediaPlayer_release
01-30 23:12:07.335 23999 27240 D IJKMEDIA: IjkMediaPlayer_native_finalize
01-30 23:12:07.335 23999 27240 D IJKMEDIA: IjkMediaPlayer_release
01-30 23:12:07.339 23999 27240 D IJKMEDIA: IjkMediaPlayer_native_finalize
01-30 23:12:07.339 23999 27240 D IJKMEDIA: IjkMediaPlayer_release
01-30 23:12:07.339 23999 27240 D IJKMEDIA: IjkMediaPlayer_native_finalize
01-30 23:12:07.339 23999 27240 D IJKMEDIA: IjkMediaPlayer_release
01-30 23:12:07.341 23999 27240 D IJKMEDIA: IjkMediaPlayer_native_finalize
01-30 23:12:07.341 23999 27240 D IJKMEDIA: IjkMediaPlayer_release
01-30 23:12:07.642 23999 23999 D OplusScrollToTopManager:
com.join.android.app.mgsim.wufun/com.join.mgps.activity.SearchListActivity1_,This
DecorView@e41adbe[SearchListActivity1_] change focus to false
01-30 23:12:07.681 23999 23999 D OplusScrollToTopManager:
com.join.android.app.mgsim.wufun/com.join.mgps.activity.GameDetailActivity_,This
DecorView@40fbe33[GameDetailActivity_] change focus to true
01-30 23:12:08.338 23999 23999 D OplusSystemUINavigationGestureExtImpl:
regionString = null
01-30 23:12:08.482 23999 23999 I oplus.android.OplusFrameworkFactoryImpl: get
feature:IOplusDynamicVsyncFeature
01-30 23:12:08.482 23999 23999 I oplus.android.OplusFrameworkFactoryImpl: get
feature:IOplusDynamicVsyncFeature
01-30 23:12:08.482 23999 23999 I oplus.android.OplusFrameworkFactoryImpl: get
feature:IOplusDynamicVsyncFeature
01-30 23:12:08.515 23999 27569 I System.out: [okhttp]:check permission begin!
01-30 23:12:08.515 23999 27569 I System.out: [okhttp]:not MMS!
01-30 23:12:08.515 23999 27569 I System.out: [okhttp]:not Email!
01-30 23:12:08.515 23999 27569 I System.out: [OkHttp] sendRequest>>
01-30 23:12:08.515 23999 27569 I System.out: [OkHttp] sendRequest<<
01-30 23:12:08.529 23999 27570 I System.out: [okhttp]:check permission begin!
01-30 23:12:08.529 23999 27570 I System.out: [okhttp]:not MMS!
01-30 23:12:08.529 23999 27570 I System.out: [okhttp]:not Email!
01-30 23:12:08.529 23999 27570 I System.out: [OkHttp] sendRequest>>
01-30 23:12:08.529 23999 27570 I System.out: [OkHttp] sendRequest<<
01-30 23:12:08.530 23999 27493 I System.out: [okhttp]:check permission begin!
01-30 23:12:08.530 23999 27493 I System.out: [okhttp]:not MMS!
01-30 23:12:08.531 23999 27493 I System.out: [okhttp]:not Email!
01-30 23:12:08.531 23999 27493 I System.out: [OkHttp] sendRequest>>
01-30 23:12:08.531 23999 27493 I System.out: [OkHttp] sendRequest<<
01-30 23:12:08.671 23999 27569 I System.out: [okhttp]:check permission begin!
01-30 23:12:08.671 23999 27569 I System.out: [okhttp]:not MMS!
01-30 23:12:08.671 23999 27569 I System.out: [okhttp]:not Email!
01-30 23:12:08.671 23999 27569 I System.out: [OkHttp] sendRequest>>
01-30 23:12:08.671 23999 27569 I System.out: [OkHttp] sendRequest<<
01-30 23:12:08.688 23999 27493 I System.out: [okhttp]:check permission begin!
01-30 23:12:08.688 23999 27493 I System.out: [okhttp]:not MMS!
01-30 23:12:08.688 23999 27493 I System.out: [okhttp]:not Email!
01-30 23:12:08.688 23999 27493 I System.out: [OkHttp] sendRequest>>
01-30 23:12:08.688 23999 27493 I System.out: [OkHttp] sendRequest<<
01-30 23:12:08.691 23999 27554 D skia : SkJpegCodec::onGetPixels +
01-30 23:12:08.709 23999 27554 D skia : SkJpegCodec::onGetPixels -
01-30 23:12:08.843 23999 27547 D skia : SkJpegCodec::onGetPixels +
01-30 23:12:08.849 23999 27552 D skia : SkJpegCodec::onGetPixels +
01-30 23:12:08.861 23999 27547 D skia : SkJpegCodec::onGetPixels -
01-30 23:12:08.869 23999 27552 D skia : SkJpegCodec::onGetPixels -
01-30 23:12:08.872 23999 27550 D skia : SkJpegCodec::onGetPixels +
01-30 23:12:08.890 23999 27550 D skia : SkJpegCodec::onGetPixels -
01-30 23:12:09.477 23999 27569 I System.out: [okhttp]:check permission begin!
01-30 23:12:09.477 23999 27569 I System.out: [okhttp]:not MMS!
01-30 23:12:09.477 23999 27569 I System.out: [okhttp]:not Email!
01-30 23:12:09.477 23999 27569 I System.out: [OkHttp] sendRequest>>
01-30 23:12:09.477 23999 27569 I System.out: [OkHttp] sendRequest<<
01-30 23:12:09.492 23999 27493 I System.out: [okhttp]:check permission begin!
01-30 23:12:09.492 23999 27493 I System.out: [okhttp]:not MMS!
01-30 23:12:09.492 23999 27493 I System.out: [okhttp]:not Email!
01-30 23:12:09.492 23999 27493 I System.out: [OkHttp] sendRequest>>
01-30 23:12:09.492 23999 27493 I System.out: [OkHttp] sendRequest<<
01-30 23:12:09.494 23999 27570 I System.out: [okhttp]:check permission begin!
01-30 23:12:09.494 23999 27570 I System.out: [okhttp]:not MMS!
01-30 23:12:09.494 23999 27570 I System.out: [okhttp]:not Email!
01-30 23:12:09.494 23999 27570 I System.out: [OkHttp] sendRequest>>
01-30 23:12:09.494 23999 27570 I System.out: [OkHttp] sendRequest<<
01-30 23:12:09.614 23999 27569 I System.out: [okhttp]:check permission begin!
01-30 23:12:09.614 23999 27569 I System.out: [okhttp]:not MMS!
01-30 23:12:09.614 23999 27569 I System.out: [okhttp]:not Email!
01-30 23:12:09.614 23999 27569 I System.out: [OkHttp] sendRequest>>
01-30 23:12:09.614 23999 27569 I System.out: [OkHttp] sendRequest<<
01-30 23:12:09.638 23999 27493 I System.out: [okhttp]:check permission begin!
01-30 23:12:09.638 23999 27493 I System.out: [okhttp]:not MMS!
01-30 23:12:09.638 23999 27493 I System.out: [okhttp]:not Email!
01-30 23:12:09.638 23999 27493 I System.out: [OkHttp] sendRequest>>
01-30 23:12:09.638 23999 27493 I System.out: [OkHttp] sendRequest<<
01-30 23:12:09.704 23999 27493 I System.out: [okhttp]:check permission begin!
01-30 23:12:09.705 23999 27493 I System.out: [okhttp]:not MMS!
01-30 23:12:09.705 23999 27493 I System.out: [okhttp]:not Email!
01-30 23:12:09.705 23999 27493 I System.out: [OkHttp] sendRequest>>
01-30 23:12:09.705 23999 27493 I System.out: [OkHttp] sendRequest<<
01-30 23:12:09.746 23999 27569 I System.out: [okhttp]:check permission begin!
01-30 23:12:09.746 23999 27569 I System.out: [okhttp]:not MMS!
01-30 23:12:09.746 23999 27569 I System.out: [okhttp]:not Email!
01-30 23:12:09.749 23999 27569 D TrafficStats: tagSocket(92) with
statsTag=0xffffffff, statsUid=-1
01-30 23:12:09.750 23999 27569 I System.out: [okhttp]:check permission begin!
01-30 23:12:09.750 23999 27569 I System.out: [okhttp]:not MMS!
01-30 23:12:09.750 23999 27569 I System.out: [okhttp]:not Email!
01-30 23:12:09.750 23999 27493 I System.out: [okhttp]:check permission begin!
01-30 23:12:09.750 23999 27493 I System.out: [okhttp]:not MMS!
01-30 23:12:09.750 23999 27493 I System.out: [okhttp]:not Email!
01-30 23:12:09.751 23999 27569 I System.out: [OkHttp] sendRequest>>
01-30 23:12:09.751 23999 27493 I System.out: [OkHttp] sendRequest>>
01-30 23:12:09.751 23999 27569 I System.out: [OkHttp] sendRequest<<
01-30 23:12:09.751 23999 27493 I System.out: [OkHttp] sendRequest<<
01-30 23:12:09.796 23999 27493 I System.out: [okhttp]:check permission begin!
01-30 23:12:09.796 23999 27493 I System.out: [okhttp]:not MMS!
01-30 23:12:09.796 23999 27493 I System.out: [okhttp]:not Email!
01-30 23:12:09.796 23999 27493 I System.out: [OkHttp] sendRequest>>
01-30 23:12:09.797 23999 27493 I System.out: [OkHttp] sendRequest<<
01-30 23:12:11.387 23999 27569 I System.out: [okhttp]:check permission begin!
01-30 23:12:11.388 23999 27569 I System.out: [okhttp]:not MMS!
01-30 23:12:11.388 23999 27569 I System.out: [okhttp]:not Email!
01-30 23:12:11.388 23999 27569 I System.out: [OkHttp] sendRequest>>
01-30 23:12:11.388 23999 27569 I System.out: [OkHttp] sendRequest<<
01-30 23:12:11.396 23999 27493 I System.out: [okhttp]:check permission begin!
01-30 23:12:11.396 23999 27493 I System.out: [okhttp]:not MMS!
01-30 23:12:11.396 23999 27493 I System.out: [okhttp]:not Email!
01-30 23:12:11.396 23999 27493 I System.out: [OkHttp] sendRequest>>
01-30 23:12:11.397 23999 27493 I System.out: [OkHttp] sendRequest<<
01-30 23:12:11.398 23999 27570 I System.out: [okhttp]:check permission begin!
01-30 23:12:11.398 23999 27570 I System.out: [okhttp]:not MMS!
01-30 23:12:11.398 23999 27570 I System.out: [okhttp]:not Email!
01-30 23:12:11.398 23999 27570 I System.out: [OkHttp] sendRequest>>
01-30 23:12:11.398 23999 27570 I System.out: [OkHttp] sendRequest<<
01-30 23:12:11.456 23999 27569 I System.out: [okhttp]:check permission begin!
01-30 23:12:11.456 23999 27569 I System.out: [okhttp]:not MMS!
01-30 23:12:11.456 23999 27569 I System.out: [okhttp]:not Email!
01-30 23:12:11.456 23999 27569 I System.out: [OkHttp] sendRequest>>
01-30 23:12:11.456 23999 27569 I System.out: [OkHttp] sendRequest<<
01-30 23:12:11.464 23999 27493 I System.out: [okhttp]:check permission begin!
01-30 23:12:11.464 23999 27493 I System.out: [okhttp]:not MMS!
01-30 23:12:11.464 23999 27493 I System.out: [okhttp]:not Email!
01-30 23:12:11.464 23999 27493 I System.out: [OkHttp] sendRequest>>
01-30 23:12:11.464 23999 27493 I System.out: [OkHttp] sendRequest<<
01-30 23:12:11.487 23999 27570 I System.out: [okhttp]:check permission begin!
01-30 23:12:11.487 23999 27570 I System.out: [okhttp]:not MMS!
01-30 23:12:11.487 23999 27570 I System.out: [okhttp]:not Email!
01-30 23:12:11.487 23999 27570 I System.out: [OkHttp] sendRequest>>
01-30 23:12:11.487 23999 27570 I System.out: [OkHttp] sendRequest<<
01-30 23:12:12.452 23999 23999 D Activity: dispatchKeyEvent to
com.join.mgps.activity.GameDetailActivity_@f4fabfc will call onBackPressed
01-30 23:12:12.452 23999 23999 D Activity:
com.join.mgps.activity.GameDetailActivity_@f4fabfconBackPressed!
01-30 23:12:12.481 23999 23999 D VRI[GameDetailActivity_]: onFocusEvent false
01-30 23:12:12.497 23999 23999 D VRI[SearchListActivity1_]: onFocusEvent true
01-30 23:12:12.529 23999 23999 D VRI[GameDetailActivity_]: setWindowStopped
stopped:true
01-30 23:12:12.540 23999 23999 D OplusScrollToTopManager:
com.join.android.app.mgsim.wufun/com.join.mgps.activity.GameDetailActivity_,window
dying
01-30 23:12:12.540 23999 23999 D OplusScrollToTopManager:
com.join.android.app.mgsim.wufun/com.join.mgps.activity.GameDetailActivity_,unregis
terSystemUIBroadcastReceiver
01-30 23:12:12.540 23999 23999 D OplusScrollToTopManager:
com.join.android.app.mgsim.wufun/com.join.mgps.activity.GameDetailActivity_,
unregisterSystemUIBroadcastReceiver failed java.lang.IllegalArgumentException:
Receiver not registered: android.view.OplusScrollToTopManager$2@313bbe7
01-30 23:12:12.544 23999 23999 V ZoomWindowDecorView: removeZoomView
01-30 23:12:12.545 23999 23999 D OpenGLRenderer: RenderProxy::destroy:
this=0xc2e66400, mContext=0x90cd0cc0
01-30 23:12:12.546 23999 27412 D OpenGLRenderer: SkiaOpenGLPipeline::setSurface:
this=0xc3abde00, surface=NULL
01-30 23:12:12.547 23999 27412 D BLASTBufferQueue: [VRI[GameDetailActivity_]
[com.join.android.app.mgsim.wufun/com.join.mgps.activity.GameDetailActivity_]#12]
(f:0,a:3) destructor()
01-30 23:12:12.547 23999 27412 D BufferQueueConsumer: [VRI[GameDetailActivity_]
[com.join.android.app.mgsim.wufun/com.join.mgps.activity.GameDetailActivity_]#12(BL
AST Consumer)12](id:5dbf00000010,api:0,p:-1,c:23999) disconnect
01-30 23:12:12.580 23999 28011 D VRI[GameDetailActivity_]: dispatchAppVisibility
visible:false
01-30 23:12:12.642 23999 23999 I Quality : Skipped: true 1 cost 17.370062
refreshRate 16807955 bit false processName com.join.android.app.mgsim.wufun
01-30 23:12:12.794 23999 23999 W AudioManager: Use of stream types is deprecated
for operations other than volume control
01-30 23:12:12.795 23999 23999 W AudioManager: See the documentation of
requestAudioFocus() for what to use instead with android.media.AudioAttributes to
qualify your playback use case
01-30 23:12:12.799 23999 23999 D IJKMEDIA: IjkMediaPlayer_release
01-30 23:12:12.799 23999 23999 D IJKMEDIA: ijkmp_set_android_surface(surface=0x0)
01-30 23:12:12.799 23999 23999 D IJKMEDIA: ffpipeline_set_surface()
01-30 23:12:12.799 23999 23999 D IJKMEDIA:
ijkmp_set_android_surface(surface=0x0)=void
01-30 23:12:12.799 23999 23999 D IJKMEDIA: ijkmp_shutdown_l()
01-30 23:12:12.799 23999 23999 D IJKMEDIA: ijkmp_shutdown_l()=void
01-30 23:12:12.799 23999 23999 D IJKMEDIA: ijkmp_dec_ref(): ref=0
01-30 23:12:12.799 23999 23999 D IJKMEDIA: ijkmp_shutdown_l()
01-30 23:12:12.799 23999 23999 D IJKMEDIA: ijkmp_shutdown_l()=void
01-30 23:12:12.801 23999 23999 D IJKMEDIA: IjkMediaPlayer_setVolume
01-30 23:12:12.820 23999 23999 D IJKMEDIA: IjkMediaPlayer_release
01-30 23:12:12.820 23999 23999 D IJKMEDIA: IjkMediaPlayer_setVolume
01-30 23:12:12.821 23999 23999 D IJKMEDIA: IjkMediaPlayer_release
01-30 23:12:12.821 23999 23999 D IJKMEDIA: IjkMediaPlayer_native_setup
01-30 23:12:12.821 23999 23999 D IJKMEDIA: ffpipeline_create_from_android()
01-30 23:12:12.821 23999 23999 D IJKMEDIA: ijkmp_set_inject_opaque(0x80ba)
01-30 23:12:12.821 23999 23999 D IJKMEDIA: ijkmp_set_inject_opaque()=void
01-30 23:12:12.821 23999 23999 D IJKMEDIA: ijkmp_set_ijkio_inject_opaque(0x80ba)
01-30 23:12:12.822 23999 23999 D IJKMEDIA: ijkmp_set_ijkio_inject_opaque()=void
01-30 23:12:12.822 23999 23999 D IJKMEDIA:
ijkmp_android_set_mediacodec_select_callback()
01-30 23:12:12.822 23999 23999 D IJKMEDIA:
ffpipeline_set_mediacodec_select_callback
01-30 23:12:12.822 23999 23999 D IJKMEDIA:
ijkmp_android_set_mediacodec_select_callback()=void
01-30 23:12:12.823 23999 23999 W System.err: java.lang.NullPointerException:
Attempt to invoke virtual method 'boolean
java.lang.String.equals(java.lang.Object)' on a null object reference
01-30 23:12:12.823 23999 23999 W System.err: at
com.papa.gsyvideoplayer.player.d.i(IjkPlayerManager.java:15)
01-30 23:12:12.823 23999 23999 W System.err: at
com.papa.gsyvideoplayer.c.R(GSYVideoBaseManager.java:11)
01-30 23:12:12.823 23999 23999 W System.err: at
com.papa.gsyvideoplayer.c.C(GSYVideoBaseManager.java:1)
01-30 23:12:12.823 23999 23999 W System.err: at
com.papa.gsyvideoplayer.c$i.handleMessage(GSYVideoBaseManager.java:11)
01-30 23:12:12.823 23999 23999 W System.err: at
android.os.Handler.dispatchMessage(Handler.java:106)
01-30 23:12:12.823 23999 23999 W System.err: at
android.os.Looper.loopOnce(Looper.java:240)
01-30 23:12:12.823 23999 23999 W System.err: at
android.os.Looper.loop(Looper.java:351)
01-30 23:12:12.823 23999 23999 W System.err: at
android.app.ActivityThread.main(ActivityThread.java:8370)
01-30 23:12:12.823 23999 23999 W System.err: at
java.lang.reflect.Method.invoke(Native Method)
01-30 23:12:12.823 23999 23999 W System.err: at
com.android.internal.os.RuntimeInit$MethodAndArgsCaller.run(RuntimeInit.java:568)
01-30 23:12:12.823 23999 23999 W System.err: at
com.android.internal.os.ZygoteInit.main(ZygoteInit.java:1013)
01-30 23:12:13.036 23999 23999 I oplus.android.OplusFrameworkFactoryImpl: get
feature:IOplusDynamicVsyncFeature
01-30 23:12:13.036 23999 23999 I oplus.android.OplusFrameworkFactoryImpl: get
feature:IOplusDynamicVsyncFeature
01-30 23:12:13.036 23999 23999 I oplus.android.OplusFrameworkFactoryImpl: get
feature:IOplusDynamicVsyncFeature
01-30 23:12:13.072 23999 27569 I System.out: [okhttp]:check permission begin!
01-30 23:12:13.072 23999 27569 I System.out: [okhttp]:not MMS!
01-30 23:12:13.072 23999 27569 I System.out: [okhttp]:not Email!
01-30 23:12:13.073 23999 27569 I System.out: [OkHttp] sendRequest>>
01-30 23:12:13.073 23999 27569 I System.out: [OkHttp] sendRequest<<
01-30 23:12:13.119 23999 27570 I System.out: [okhttp]:check permission begin!
01-30 23:12:13.119 23999 27570 I System.out: [okhttp]:not MMS!
01-30 23:12:13.119 23999 27570 I System.out: [okhttp]:not Email!
01-30 23:12:13.119 23999 27570 I System.out: [OkHttp] sendRequest>>
01-30 23:12:13.119 23999 27570 I System.out: [OkHttp] sendRequest<<
01-30 23:12:13.201 23999 27493 I System.out: [okhttp]:check permission begin!
01-30 23:12:13.201 23999 27493 I System.out: [okhttp]:not MMS!
01-30 23:12:13.201 23999 27493 I System.out: [okhttp]:not Email!
01-30 23:12:13.201 23999 27493 I System.out: [OkHttp] sendRequest>>
01-30 23:12:13.201 23999 27493 I System.out: [OkHttp] sendRequest<<
01-30 23:12:13.255 23999 27412 I Quality : JankCountInfo:
com.join.android.app.mgsim.wufun basic:0-2-2 action:1 data:0-0 type:3 stage:1-0-0
type:4 stage:1-0-0 action:2 data:0-4 type:2 stage:2-0-0 type:3 stage:1-0-0 action:6
data:0-5 type:2 stage:2-0-0 type:3 stage:1-0-0 action:8 data:0-6 type:2 stage:1-0-0
action:9 data:0-0 type:2 stage:3-0-0 action:10 data:0-0 type:2 stage:1-0-0
action:11 data:0-0 type:2 stage:1-0-0 type:3 stage:1-0-0 action:12 data:0-0 type:2
stage:1-0-0 action:13 data:0-0 type:2 stage:8-0-0
01-30 23:12:13.503 23999 23999 D OplusScrollToTopManager:
com.join.android.app.mgsim.wufun/com.join.mgps.activity.SearchListActivity1_,This
DecorView@e41adbe[SearchListActivity1_] change focus to true
01-30 23:12:14.065 23999 23999 D Activity: dispatchKeyEvent to
com.join.mgps.activity.SearchListActivity1_@9d7d081 will call onBackPressed
01-30 23:12:14.065 23999 23999 D Activity:
com.join.mgps.activity.SearchListActivity1_@9d7d081onBackPressed!
01-30 23:12:14.076 23999 28011 D VRI[SearchHintActivity_]: dispatchAppVisibility
visible:true
01-30 23:12:14.088 23999 23999 D VRI[SearchHintActivity_]: setWindowStopped
stopped:false
01-30 23:12:14.097 23999 23999 D VRI[SearchListActivity1_]: onFocusEvent false
01-30 23:12:14.114 23999 27502 D skia : SkJpegCodec::onGetPixels +
01-30 23:12:14.119 23999 27554 D skia : SkJpegCodec::onGetPixels +
01-30 23:12:14.119 23999 27553 D skia : SkJpegCodec::onGetPixels +
01-30 23:12:14.120 23999 23999 D BufferQueueConsumer: [](id:5dbf00000011,api:0,p:-
1,c:23999) connect: controlledByApp=false
01-30 23:12:14.120 23999 23999 E IPCThreadState: attemptIncStrongHandle(149): Not
supported
01-30 23:12:14.122 23999 23999 D VRI[SearchHintActivity_]: registerCallbacksForSync
syncBuffer=false
01-30 23:12:14.131 23999 27554 D skia : SkJpegCodec::onGetPixels -
01-30 23:12:14.135 23999 27412 D BLASTBufferQueue: [VRI[SearchHintActivity_]
[com.join.android.app.mgsim.wufun/com.join.mgps.activity.SearchHintActivity_]#13]
(f:0,a:1) acquireNextBufferLocked size=720x1612 mFrameNumber=1
applyTransaction=true mTimestamp=241600748702784(auto) mPendingTransactions.size=0
graphicBufferId=103074920136794 transform=0
01-30 23:12:14.135 23999 27412 D VRI[SearchHintActivity_]: Received
frameCommittedCallback lastAttemptedDrawFrameNum=1 didProduceBuffer=true
syncBuffer=false
01-30 23:12:14.135 23999 23999 D VRI[SearchHintActivity_]: draw finished.
01-30 23:12:14.138 23999 23999 I Quality : Skipped: false 1 cost 17.674664
refreshRate 16805346 bit false processName com.join.android.app.mgsim.wufun
01-30 23:12:14.145 23999 27502 D skia : SkJpegCodec::onGetPixels -
01-30 23:12:14.153 23999 27553 D skia : SkJpegCodec::onGetPixels -
01-30 23:12:14.212 23999 23999 D VRI[SearchHintActivity_]: onFocusEvent true
01-30 23:12:14.633 23999 27922 D VRI[SearchListActivity1_]: dispatchAppVisibility
visible:false
01-30 23:12:14.652 23999 23999 D OpenGLRenderer: RenderProxy::destroy:
this=0xa4755f80, mContext=0x97eafe00
01-30 23:12:14.652 23999 27412 D OpenGLRenderer: SkiaOpenGLPipeline::setSurface:
this=0x9a4ee640, surface=NULL
01-30 23:12:14.663 23999 23999 D BLASTBufferQueue: [VRI[SearchListActivity1_]
[com.join.android.app.mgsim.wufun/com.join.mgps.activity.SearchListActivity1_]#10]
(f:0,a:3) destructor()
01-30 23:12:14.663 23999 23999 D BufferQueueConsumer: [VRI[SearchListActivity1_]
[com.join.android.app.mgsim.wufun/com.join.mgps.activity.SearchListActivity1_]#10(B
LAST Consumer)10](id:5dbf0000000c,api:0,p:-1,c:23999) disconnect
01-30 23:12:14.670 23999 23999 D VRI[SearchListActivity1_]: setWindowStopped
stopped:true
01-30 23:12:14.686 23999 23999 D OplusScrollToTopManager:
com.join.android.app.mgsim.wufun/com.join.mgps.activity.SearchListActivity1_,window
dying
01-30 23:12:14.686 23999 23999 D OplusScrollToTopManager:
com.join.android.app.mgsim.wufun/com.join.mgps.activity.SearchListActivity1_,unregi
sterSystemUIBroadcastReceiver
01-30 23:12:14.686 23999 23999 D OplusScrollToTopManager:
com.join.android.app.mgsim.wufun/com.join.mgps.activity.SearchListActivity1_,
unregisterSystemUIBroadcastReceiver failed java.lang.IllegalArgumentException:
Receiver not registered: android.view.OplusScrollToTopManager$2@7790660
01-30 23:12:14.687 23999 23999 D CursorFeedback: editorDetachFromWindow
android.widget.Editor@cb92719
01-30 23:12:14.688 23999 23999 V ZoomWindowDecorView: removeZoomView
01-30 23:12:14.689 23999 23999 D OpenGLRenderer: RenderProxy::destroy:
this=0xa4755f80, mContext=0x97eafe00
01-30 23:12:14.689 23999 27412 D OpenGLRenderer: SkiaOpenGLPipeline::setSurface:
this=0x9a4ee640, surface=NULL
01-30 23:12:14.694 23999 23999 I Quality : Skipped: true 1 cost 19.874945
refreshRate 16806078 bit false processName com.join.android.app.mgsim.wufun
01-30 23:12:14.695 23999 23999 D IJKMEDIA: IjkMediaPlayer_release
01-30 23:12:14.695 23999 23999 D IJKMEDIA: ijkmp_set_android_surface(surface=0x0)
01-30 23:12:14.695 23999 23999 D IJKMEDIA: ffpipeline_set_surface()
01-30 23:12:14.695 23999 23999 D IJKMEDIA:
ijkmp_set_android_surface(surface=0x0)=void
01-30 23:12:14.695 23999 23999 D IJKMEDIA: ijkmp_shutdown_l()
01-30 23:12:14.695 23999 23999 D IJKMEDIA: ijkmp_shutdown_l()=void
01-30 23:12:14.695 23999 23999 D IJKMEDIA: ijkmp_dec_ref(): ref=0
01-30 23:12:14.695 23999 23999 D IJKMEDIA: ijkmp_shutdown_l()
01-30 23:12:14.695 23999 23999 D IJKMEDIA: ijkmp_shutdown_l()=void
01-30 23:12:14.695 23999 23999 D IJKMEDIA: IjkMediaPlayer_setVolume
01-30 23:12:14.695 23999 23999 D IJKMEDIA: IjkMediaPlayer_release
01-30 23:12:14.695 23999 23999 D IJKMEDIA: IjkMediaPlayer_setVolume
01-30 23:12:14.704 23999 23999 D Activity: dispatchKeyEvent to
com.join.mgps.activity.SearchHintActivity_@95076eb will call onBackPressed
01-30 23:12:14.705 23999 23999 D Activity:
com.join.mgps.activity.SearchHintActivity_@95076ebonBackPressed!
01-30 23:12:14.711 23999 28011 D VRI[MGMainActivity_]: dispatchAppVisibility
visible:true
01-30 23:12:14.711 23999 27922 D VRI[MGMainActivity_]: dispatchAppVisibility
visible:true
01-30 23:12:14.722 23999 23999 D VRI[MGMainActivity_]: setWindowStopped
stopped:false
01-30 23:12:14.728 23999 23999 D IJKMEDIA: IjkMediaPlayer_start
01-30 23:12:14.729 23999 23999 D IJKMEDIA: ijkmp_start()
01-30 23:12:14.729 23999 23999 D IJKMEDIA: ijkmp_start()=0
01-30 23:12:14.729 23999 27734 D IJKMEDIA: ijkmp_get_msg: FFP_REQ_START
01-30 23:12:14.729 23999 27940 D AudioTrack: start(1926): prior state:STATE_PAUSED
output 21 stream 3 session 13177
01-30 23:12:14.729 23999 23999 D IJKMEDIA: IjkMediaPlayer_setVolume
01-30 23:12:14.729 23999 23999 D IJKMEDIA: ijkmp_android_set_volume(0.000000,
0.000000)
01-30 23:12:14.729 23999 23999 D IJKMEDIA: ffpipeline_set_volume
01-30 23:12:14.738 23999 27735 W IJKMEDIA: func_display_overlay_l: NULL
native_window
01-30 23:12:14.738 23999 27734 D IJKMEDIA: FFP_MSG_VIDEO_RENDERING_START:
01-30 23:12:14.742 23999 27940 D AudioTrackExtImpl: setAudioBoostTid
01-30 23:12:14.744 23999 27940 D AudioTrackExtImpl: oplusDumpValue PID is 23999
Tid is 27940
01-30 23:12:14.744 23999 27940 D AudioTrack: setVolume(1926) left 0.000 right 0.000
, callingPid 23999
01-30 23:12:14.744 23999 27940 D AudioTrackExtImpl: setAudioBoostTid
01-30 23:12:14.744 23999 27940 D AudioTrackExtImpl: setAudioBoostTid This tid has
been boosted
01-30 23:12:14.744 23999 27940 D AudioTrackExtImpl: setAudioWriteBoostTid
01-30 23:12:14.744 23999 23999 D IJKMEDIA: ijkmp_android_set_volume(0.000000,
0.000000)=void
01-30 23:12:14.744 23999 27940 D IJKMEDIA: avcodec/Audio: first frame decoded
01-30 23:12:14.744 23999 23999 W AudioManager: Use of stream types is deprecated
for operations other than volume control
01-30 23:12:14.744 23999 23999 W AudioManager: See the documentation of
requestAudioFocus() for what to use instead with android.media.AudioAttributes to
qualify your playback use case
01-30 23:12:14.744 23999 27734 D IJKMEDIA: FFP_MSG_AUDIO_DECODED_START:
01-30 23:12:14.745 23999 27940 D AudioTrack: setVolume(1926) left 0.000 right 0.000
, callingPid 23999
01-30 23:12:14.752 23999 23999 D IJKMEDIA: IjkMediaPlayer_start
01-30 23:12:14.752 23999 23999 D IJKMEDIA: ijkmp_start()
01-30 23:12:14.752 23999 23999 D IJKMEDIA: ijkmp_start()=0
01-30 23:12:14.752 23999 23999 D IJKMEDIA: IjkMediaPlayer_setVolume
01-30 23:12:14.752 23999 23999 D IJKMEDIA: ijkmp_android_set_volume(0.000000,
0.000000)
01-30 23:12:14.752 23999 23999 D IJKMEDIA: ffpipeline_set_volume
01-30 23:12:14.752 23999 23999 D IJKMEDIA: ijkmp_android_set_volume(0.000000,
0.000000)=void
01-30 23:12:14.752 23999 23999 W AudioManager: Use of stream types is deprecated
for operations other than volume control
01-30 23:12:14.752 23999 23999 W AudioManager: See the documentation of
requestAudioFocus() for what to use instead with android.media.AudioAttributes to
qualify your playback use case
01-30 23:12:14.752 23999 27811 D IJKMEDIA: ijkmp_get_msg: FFP_REQ_START
01-30 23:12:14.752 23999 27969 D AudioTrack: start(1928): prior state:STATE_PAUSED
output 21 stream 3 session 13193
01-30 23:12:14.754 23999 27812 W IJKMEDIA: func_display_overlay_l: NULL
native_window
01-30 23:12:14.754 23999 27811 D IJKMEDIA: FFP_MSG_VIDEO_RENDERING_START:
01-30 23:12:14.755 23999 27969 D AudioTrackExtImpl: setAudioBoostTid
01-30 23:12:14.756 23999 27969 D AudioTrackExtImpl: oplusDumpValue PID is 23999
Tid is 27969
01-30 23:12:14.756 23999 27969 D AudioTrack: setVolume(1928) left 0.000 right 0.000
, callingPid 23999
01-30 23:12:14.756 23999 27969 D IJKMEDIA: avcodec/Audio: first frame decoded
01-30 23:12:14.756 23999 27811 D IJKMEDIA: FFP_MSG_AUDIO_DECODED_START:
01-30 23:12:14.756 23999 27969 D AudioTrackExtImpl: setAudioBoostTid
01-30 23:12:14.756 23999 27969 D AudioTrackExtImpl: setAudioBoostTid This tid has
been boosted
01-30 23:12:14.756 23999 27969 D AudioTrackExtImpl: setAudioWriteBoostTid
01-30 23:12:14.758 23999 23999 D VRI[SearchHintActivity_]: onFocusEvent false
01-30 23:12:14.759 23999 23999 I Quality : Skipped: false 1 cost 33.544186
refreshRate 16805205 bit false processName com.join.android.app.mgsim.wufun
01-30 23:12:14.768 23999 23999 D BufferQueueConsumer: [](id:5dbf00000012,api:0,p:-
1,c:23999) connect: controlledByApp=false
01-30 23:12:14.768 23999 23999 E IPCThreadState: attemptIncStrongHandle(141): Not
supported
01-30 23:12:14.768 23999 23999 V ZoomWindowDecorView:
setLastReportedMergedConfiguration mZoomDisplayHeight: 1612 getDecorView.192668620
01-30 23:12:14.770 23999 27437 D TrafficStats: tagSocket(92) with
statsTag=0xffffffff, statsUid=-1
01-30 23:12:14.771 23999 27458 D TrafficStats: tagSocket(80) with
statsTag=0xffffffff, statsUid=-1
01-30 23:12:14.773 23999 23999 D VRI[MGMainActivity_]: registerCallbacksForSync
syncBuffer=false
01-30 23:12:14.782 23999 27412 D BLASTBufferQueue: [VRI[MGMainActivity_]
[com.join.android.app.mgsim.wufun/com.join.mgps.activity.MGMainActivity_]#14]
(f:0,a:1) acquireNextBufferLocked size=720x1548 mFrameNumber=1
applyTransaction=true mTimestamp=241601395563400(auto) mPendingTransactions.size=0
graphicBufferId=103074920136795 transform=0
01-30 23:12:14.782 23999 27412 D VRI[MGMainActivity_]: Received
frameCommittedCallback lastAttemptedDrawFrameNum=1 didProduceBuffer=true
syncBuffer=false
01-30 23:12:14.783 23999 27412 W Parcel : Expecting binder but got null!
01-30 23:12:14.783 23999 23999 D VRI[MGMainActivity_]: draw finished.
01-30 23:12:14.800 23999 23999 D BufferQueueConsumer: [](id:5dbf00000013,api:0,p:-
1,c:23999) connect: controlledByApp=false
01-30 23:12:14.817 23999 27502 D skia : SkJpegCodec::onGetPixels +
01-30 23:12:14.817 23999 27501 D skia : SkJpegCodec::onGetPixels +
01-30 23:12:14.823 23999 27547 D skia : SkJpegCodec::onGetPixels +
01-30 23:12:14.823 23999 27553 D skia : SkJpegCodec::onGetPixels +
01-30 23:12:14.827 23999 27502 D skia : SkJpegCodec::onGetPixels -
01-30 23:12:14.828 23999 27501 D skia : SkJpegCodec::onGetPixels -
01-30 23:12:14.830 23999 27547 D skia : SkJpegCodec::onGetPixels -
01-30 23:12:14.834 23999 27553 D skia : SkJpegCodec::onGetPixels -
01-30 23:12:14.844 23999 27502 D skia : SkJpegCodec::onGetPixels +
01-30 23:12:14.847 23999 27548 D skia : SkJpegCodec::onGetPixels +
01-30 23:12:14.848 23999 27547 D skia : SkJpegCodec::onGetPixels +
01-30 23:12:14.850 23999 27550 D skia : SkJpegCodec::onGetPixels +
01-30 23:12:14.855 23999 27552 D skia : SkJpegCodec::onGetPixels +
01-30 23:12:14.857 23999 27502 D skia : SkJpegCodec::onGetPixels -
01-30 23:12:14.860 23999 27502 D skia : SkJpegCodec::onGetPixels +
01-30 23:12:14.861 23999 27501 D skia : SkJpegCodec::onGetPixels +
01-30 23:12:14.868 23999 27502 D skia : SkJpegCodec::onGetPixels -
01-30 23:12:14.870 23999 27554 D skia : SkJpegCodec::onGetPixels +
01-30 23:12:14.876 23999 27502 D skia : SkJpegCodec::onGetPixels +
01-30 23:12:14.879 23999 27552 D skia : SkJpegCodec::onGetPixels -
01-30 23:12:14.880 23999 27553 D skia : SkJpegCodec::onGetPixels +
01-30 23:12:14.882 23999 27552 D skia : SkJpegCodec::onGetPixels +
01-30 23:12:14.886 23999 27550 D skia : SkJpegCodec::onGetPixels -
01-30 23:12:14.889 23999 27550 D skia : SkJpegCodec::onGetPixels +
01-30 23:12:14.889 23999 27548 D skia : SkJpegCodec::onGetPixels -
01-30 23:12:14.893 23999 27553 D skia : SkJpegCodec::onGetPixels -
01-30 23:12:14.899 23999 23999 D VRI[MGMainActivity_]: registerCallbacksForSync
syncBuffer=false
01-30 23:12:14.905 23999 27554 D skia : SkJpegCodec::onGetPixels -
01-30 23:12:14.905 23999 23999 D TextureView: getHardwareLayer,
createNewSurface:true
01-30 23:12:14.905 23999 23999 D BufferQueueConsumer: [](id:5dbf00000014,api:0,p:-
1,c:23999) connect: controlledByApp=true
01-30 23:12:14.915 23999 27552 D skia : SkJpegCodec::onGetPixels -
01-30 23:12:14.921 23999 27501 D skia : SkJpegCodec::onGetPixels -
01-30 23:12:14.925 23999 27550 D skia : SkJpegCodec::onGetPixels -
01-30 23:12:14.929 23999 27412 D BLASTBufferQueue: [VRI[MGMainActivity_]
[com.join.android.app.mgsim.wufun/com.join.mgps.activity.MGMainActivity_]#15]
(f:0,a:1) acquireNextBufferLocked size=720x1612 mFrameNumber=1
applyTransaction=true mTimestamp=241601543277169(auto) mPendingTransactions.size=0
graphicBufferId=103074920136801 transform=0
01-30 23:12:14.930 23999 27412 D VRI[MGMainActivity_]: Received
frameCommittedCallback lastAttemptedDrawFrameNum=1 didProduceBuffer=true
syncBuffer=false
01-30 23:12:14.930 23999 23999 D VRI[MGMainActivity_]: draw finished.
01-30 23:12:14.933 23999 27502 D skia : SkJpegCodec::onGetPixels -
01-30 23:12:14.933 23999 23999 D IJKMEDIA: IjkMediaPlayer_release
01-30 23:12:14.933 23999 23999 D IJKMEDIA: ijkmp_set_android_surface(surface=0x0)
01-30 23:12:14.933 23999 23999 D IJKMEDIA: ffpipeline_set_surface()
01-30 23:12:14.933 23999 23999 D IJKMEDIA:
ijkmp_set_android_surface(surface=0x0)=void
01-30 23:12:14.933 23999 23999 D IJKMEDIA: ijkmp_shutdown_l()
01-30 23:12:14.933 23999 27796 D IJKMEDIA: message_loop exit
01-30 23:12:14.933 23999 27796 I IJKMEDIA: SDL_JNI_DetachThreadEnv: [27796]
01-30 23:12:14.940 23999 27547 D skia : SkJpegCodec::onGetPixels -
01-30 23:12:14.942 23999 27797 I IJKMEDIA: SDL_JNI_DetachThreadEnv: [27797]
01-30 23:12:15.006 23999 27798 I IJKMEDIA: SDL_JNI_DetachThreadEnv: [27798]
01-30 23:12:15.007 23999 27957 I IJKMEDIA: SDL_JNI_DetachThreadEnv: [27957]
01-30 23:12:15.008 23999 27956 D AudioTrack: setVolume(1927) left 0.000 right 0.000
, callingPid 23999
01-30 23:12:15.009 23999 27956 D AudioTrack: stop(1927): prior state:STATE_PAUSED
output 21 stream 3 session 13185
01-30 23:12:15.009 23999 27956 D AudioTrack: stop(1927): called with 64 frames
delivered
01-30 23:12:15.009 23999 27956 D AudioTrackExtImpl: clearAudioBoostTid
01-30 23:12:15.009 23999 27956 I AudioTrack: stop(1927): 0xa20fe000 stop done
01-30 23:12:15.010 23999 27956 D AudioTrack: ~AudioTrack(1927), releasing mStatus
=0 session id 13185 from 23999 on behalf of 23999
01-30 23:12:15.010 23999 27956 D AudioTrack: stop(1927): prior state:STATE_STOPPED
output 21 stream 3 session 13185
01-30 23:12:15.010 23999 27956 I AudioTrack: stopAndJoinCallbacks(1927) done
01-30 23:12:15.012 23999 27956 D AudioTrackExtImpl: clearAudioBoostTid
01-30 23:12:15.012 23999 27956 I IJKMEDIA: SDL_JNI_DetachThreadEnv: [27956]
01-30 23:12:15.013 23999 27967 I IJKMEDIA: SDL_JNI_DetachThreadEnv: [27967]
01-30 23:12:15.020 23999 23999 E IJKMEDIA: SDL_Overlay(ffmpeg):
overlay_free_l(0xc4647180)
01-30 23:12:15.020 23999 23999 E IJKMEDIA: SDL_Overlay(ffmpeg):
overlay_free_l(0xc4647200)
01-30 23:12:15.020 23999 23999 E IJKMEDIA: SDL_Overlay(ffmpeg):
overlay_free_l(0xc4647440)
01-30 23:12:15.020 23999 23999 D IJKMEDIA: ijkmp_shutdown_l()=void
01-30 23:12:15.020 23999 23999 D IJKMEDIA: ijkmp_dec_ref(): ref=0
01-30 23:12:15.020 23999 23999 D IJKMEDIA: ijkmp_shutdown_l()
01-30 23:12:15.020 23999 23999 D IJKMEDIA: ijkmp_shutdown_l()=void
01-30 23:12:15.021 23999 23999 D IJKMEDIA: IjkMediaPlayer_setVolume
01-30 23:12:15.021 23999 23999 D VRI[MGMainActivity_]: onFocusEvent true
01-30 23:12:15.022 23999 23999 D IJKMEDIA: IjkMediaPlayer_release
01-30 23:12:15.022 23999 23999 D IJKMEDIA: IjkMediaPlayer_setVolume
01-30 23:12:15.022 23999 23999 D IJKMEDIA: IjkMediaPlayer_release
01-30 23:12:15.022 23999 23999 D IJKMEDIA: ijkmp_set_android_surface(surface=0x0)
01-30 23:12:15.022 23999 23999 D IJKMEDIA: ffpipeline_set_surface()
01-30 23:12:15.022 23999 23999 D IJKMEDIA:
ijkmp_set_android_surface(surface=0x0)=void
01-30 23:12:15.022 23999 23999 D IJKMEDIA: ijkmp_shutdown_l()
01-30 23:12:15.022 23999 27734 D IJKMEDIA: message_loop exit
01-30 23:12:15.022 23999 27734 I IJKMEDIA: SDL_JNI_DetachThreadEnv: [27734]
01-30 23:12:15.025 23999 27735 I IJKMEDIA: SDL_JNI_DetachThreadEnv: [27735]
01-30 23:12:15.032 23999 27736 I IJKMEDIA: SDL_JNI_DetachThreadEnv: [27736]
01-30 23:12:15.035 23999 27941 I IJKMEDIA: SDL_JNI_DetachThreadEnv: [27941]
01-30 23:12:15.046 23999 27940 D AudioTrack: stop(1926): prior state:STATE_ACTIVE
output 21 stream 3 session 13177
01-30 23:12:15.046 23999 27940 D AudioTrack: stop(1926): called with 16512 frames
delivered
01-30 23:12:15.046 23999 27940 D AudioTrackExtImpl: clearAudioBoostTid
01-30 23:12:15.047 23999 27940 D AudioTrackExtImpl: clearAudioBoostTid pid 23999
tid 27940
01-30 23:12:15.047 23999 27940 I AudioTrack: stop(1926): 0xb8f66800 stop done
01-30 23:12:15.048 23999 27940 D AudioTrack: ~AudioTrack(1926), releasing mStatus
=0 session id 13177 from 23999 on behalf of 23999
01-30 23:12:15.048 23999 27940 D AudioTrack: stop(1926): prior state:STATE_STOPPED
output 21 stream 3 session 13177
01-30 23:12:15.048 23999 27940 I AudioTrack: stopAndJoinCallbacks(1926) done
01-30 23:12:15.048 23999 27940 D AudioTrackExtImpl: clearAudioBoostTid
01-30 23:12:15.051 23999 27940 I IJKMEDIA: SDL_JNI_DetachThreadEnv: [27940]
01-30 23:12:15.054 23999 27951 I IJKMEDIA: SDL_JNI_DetachThreadEnv: [27951]
01-30 23:12:15.061 23999 23999 E IJKMEDIA: SDL_Overlay(ffmpeg):
overlay_free_l(0xc21ff580)
01-30 23:12:15.061 23999 23999 E IJKMEDIA: SDL_Overlay(ffmpeg):
overlay_free_l(0xc21ff5c0)
01-30 23:12:15.061 23999 23999 E IJKMEDIA: SDL_Overlay(ffmpeg):
overlay_free_l(0xc21ff600)
01-30 23:12:15.061 23999 23999 D IJKMEDIA: ijkmp_shutdown_l()=void
01-30 23:12:15.061 23999 23999 D IJKMEDIA: ijkmp_dec_ref(): ref=0
01-30 23:12:15.061 23999 23999 D IJKMEDIA: ijkmp_shutdown_l()
01-30 23:12:15.061 23999 23999 D IJKMEDIA: ijkmp_shutdown_l()=void
01-30 23:12:15.062 23999 23999 D IJKMEDIA: IjkMediaPlayer_setVolume
01-30 23:12:15.063 23999 23999 D IJKMEDIA: IjkMediaPlayer_release
01-30 23:12:15.063 23999 23999 D IJKMEDIA: IjkMediaPlayer_setVolume
01-30 23:12:15.065 23999 23999 I Quality : Skipped: false 17 cost 289.40442
refreshRate 16804726 bit false processName com.join.android.app.mgsim.wufun
01-30 23:12:15.091 23999 27412 D BLASTBufferQueue: [VRI[MGMainActivity_]
[com.join.android.app.mgsim.wufun/com.join.mgps.activity.MGMainActivity_]#14]
(f:0,a:2) producer disconnected before: mAbandoned=0
01-30 23:12:15.091 23999 27412 D BLASTBufferQueue: - BufferQueue
mMaxAcquiredBufferCount=4 mMaxDequeuedBufferCount=2
01-30 23:12:15.091 23999 27412 D BLASTBufferQueue: mDequeueBufferCannotBlock=0
mAsyncMode=0
01-30 23:12:15.091 23999 27412 D BLASTBufferQueue: mQueueBufferCanDrop=0
mLegacyBufferDrop=1
01-30 23:12:15.091 23999 27412 D BLASTBufferQueue: default-size=[720x1548]
default-format=1 transform-hint=00 frame-counter=2
01-30 23:12:15.091 23999 27412 D BLASTBufferQueue: mTransformHintInUse=00
mAutoPrerotation=0
01-30 23:12:15.091 23999 27412 D BLASTBufferQueue: FIFO(0):
01-30 23:12:15.091 23999 27412 D BLASTBufferQueue:
(mConsumerName=VRI[MGMainActivity_][com.join.android.app.mgsim.wufun/
com.join.mgps.activity.MGMainActivity_]#14(BLAST Consumer)14, mConnectedApi=1,
mConsumerUsageBits=2304, mId=5dbf00000012,
producer=[23999:com.join.android.app.mgsim.wufun],
consumer=[23999:com.join.android.app.mgsim.wufun])
01-30 23:12:15.091 23999 27412 D BLASTBufferQueue: Slots:
01-30 23:12:15.091 23999 27412 D BLASTBufferQueue: >[00:0xc2441e00] state=ACQUIRED
0xb4b6d780 frame=2 [ 720x1548: 736, 1]
01-30 23:12:15.091 23999 27412 D BLASTBufferQueue: [01:0x0] state=FREE
01-30 23:12:15.091 23999 27412 D BLASTBufferQueue: [02:0x0] state=FREE
01-30 23:12:15.091 23999 27412 D BLASTBufferQueue: [03:0x0] state=FREE
01-30 23:12:15.091 23999 27412 D BLASTBufferQueue: [04:0x0] state=FREE
01-30 23:12:15.091 23999 27412 D BLASTBufferQueue: [05:0x0] state=FREE
01-30 23:12:15.145 23999 23999 I cr_A11yState: Enabled accessibility services list
updated.
01-30 23:12:15.147 23999 23999 I cr_A11yState: Informing listeners of changes.
01-30 23:12:15.147 23999 23999 I cr_A11yState: New AccessibilityState:
State{isScreenReaderEnabled=true, isTouchExplorationEnabled=false,
isPerformGesturesEnabled=true, isAnyAccessibilityServiceEnabled=true,
isAccessibilityToolPresent=false, isSpokenFeedbackServicePresent=false,
isTextShowPasswordEnabled=true, isOnlyPasswordManagersEnabled=false}
01-30 23:12:15.148 23999 23999 W AudioManager: Use of stream types is deprecated
for operations other than volume control
01-30 23:12:15.148 23999 23999 W AudioManager: See the documentation of
requestAudioFocus() for what to use instead with android.media.AudioAttributes to
qualify your playback use case
01-30 23:12:15.153 23999 23999 W AudioManager: Use of stream types is deprecated
for operations other than volume control
01-30 23:12:15.153 23999 23999 W AudioManager: See the documentation of
requestAudioFocus() for what to use instead with android.media.AudioAttributes to
qualify your playback use case
01-30 23:12:15.155 23999 23999 W AudioManager: Use of stream types is deprecated
for operations other than volume control
01-30 23:12:15.155 23999 23999 W AudioManager: See the documentation of
requestAudioFocus() for what to use instead with android.media.AudioAttributes to
qualify your playback use case
01-30 23:12:15.158 23999 23999 W AudioManager: Use of stream types is deprecated
for operations other than volume control
01-30 23:12:15.158 23999 23999 W AudioManager: See the documentation of
requestAudioFocus() for what to use instead with android.media.AudioAttributes to
qualify your playback use case
01-30 23:12:15.159 23999 23999 I Quality : Skipped: false 4 cost 81.475975
refreshRate 16805905 bit false processName com.join.android.app.mgsim.wufun
01-30 23:12:15.195 23999 23999 D VRI[MGMainActivity_]: registerCallbacksForSync
syncBuffer=false
01-30 23:12:15.229 23999 27412 D VRI[MGMainActivity_]: Received
frameCommittedCallback lastAttemptedDrawFrameNum=3 didProduceBuffer=true
syncBuffer=false
01-30 23:12:15.230 23999 23999 D VRI[MGMainActivity_]: draw finished.
01-30 23:12:15.238 23999 23999 D IJKMEDIA: IjkMediaPlayer_native_setup
01-30 23:12:15.238 23999 23999 D IJKMEDIA: ffpipeline_create_from_android()
01-30 23:12:15.238 23999 23999 D IJKMEDIA: ijkmp_set_inject_opaque(0x79ce)
01-30 23:12:15.238 23999 23999 D IJKMEDIA: ijkmp_set_inject_opaque()=void
01-30 23:12:15.238 23999 23999 D IJKMEDIA: ijkmp_set_ijkio_inject_opaque(0x79ce)
01-30 23:12:15.239 23999 23999 D IJKMEDIA: ijkmp_set_ijkio_inject_opaque()=void
01-30 23:12:15.239 23999 23999 D IJKMEDIA:
ijkmp_android_set_mediacodec_select_callback()
01-30 23:12:15.239 23999 23999 D IJKMEDIA:
ffpipeline_set_mediacodec_select_callback
01-30 23:12:15.239 23999 23999 D IJKMEDIA:
ijkmp_android_set_mediacodec_select_callback()=void
01-30 23:12:15.239 23999 23999 D IJKMEDIA: IjkMediaPlayer_setDataSourceAndHeaders
01-30 23:12:15.239 23999 23999 V IJKMEDIA: setDataSource: path https://static-
v.myyx618.com/android2019/djccb.mp4
01-30 23:12:15.239 23999 23999 D IJKMEDIA:
ijkmp_set_data_source(url="https://static-v.myyx618.com/android2019/djccb.mp4")
01-30 23:12:15.239 23999 23999 D IJKMEDIA:
ijkmp_set_data_source(url="https://static-v.myyx618.com/android2019/djccb.mp4")=0
01-30 23:12:15.239 23999 23999 D IJKMEDIA: IjkMediaPlayer_setOptionLong
