12-11 19:07:56.632 29649 29764 V threaded_app: New input event: type=2
12-11 19:07:56.649 29649 29764 V threaded_app: New input event: type=2
12-11 19:07:56.665 29649 29764 V threaded_app: New input event: type=2
12-11 19:07:56.682 29649 29764 V threaded_app: New input event: type=2
12-11 19:07:56.698 29649 29764 V threaded_app: New input event: type=2
12-11 19:07:56.715 29649 29764 V threaded_app: New input event: type=2
12-11 19:07:56.720 29649 29954 D AudioManager: isBluetoothScoOn()=false, calling
application:com.game.loader
12-11 19:07:56.731 29649 29764 V threaded_app: New input event: type=2
12-11 19:07:56.747 29649 29764 V threaded_app: New input event: type=2
12-11 19:07:56.765 29649 29764 V threaded_app: New input event: type=2
12-11 19:07:56.781 29649 29764 V threaded_app: New input event: type=2
12-11 19:07:56.797 29649 29764 V threaded_app: New input event: type=2
12-11 19:07:56.814 29649 29764 V threaded_app: New input event: type=2
12-11 19:07:56.830 29649 29764 V threaded_app: New input event: type=2
12-11 19:07:56.847 29649 29764 V threaded_app: New input event: type=2
12-11 19:07:56.867 29649 29764 V threaded_app: New input event: type=2
12-11 19:07:56.881 29649 29764 V threaded_app: New input event: type=2
12-11 19:07:56.897 29649 29764 V threaded_app: New input event: type=2
12-11 19:07:56.913 29649 29764 V threaded_app: New input event: type=2
12-11 19:07:56.932 29649 29764 V threaded_app: New input event: type=2
12-11 19:07:56.947 29649 29764 V threaded_app: New input event: type=2
12-11 19:07:56.963 29649 29764 V threaded_app: New input event: type=2
12-11 19:07:56.980 29649 29764 V threaded_app: New input event: type=2
12-11 19:07:56.998 29649 29764 V threaded_app: New input event: type=2
12-11 19:07:57.013 29649 29764 V threaded_app: New input event: type=2
12-11 19:07:57.030 29649 29764 V threaded_app: New input event: type=2
12-11 19:07:57.047 29649 29764 V threaded_app: New input event: type=2
12-11 19:07:57.063 29649 29764 V threaded_app: New input event: type=2
12-11 19:07:57.080 29649 29764 V threaded_app: New input event: type=2
12-11 19:07:57.097 29649 29764 V threaded_app: New input event: type=2
12-11 19:07:57.114 29649 29764 V threaded_app: New input event: type=2
12-11 19:07:57.130 29649 29764 V threaded_app: New input event: type=2
12-11 19:07:57.146 29649 29764 V threaded_app: New input event: type=2
12-11 19:07:57.163 29649 29764 V threaded_app: New input event: type=2
12-11 19:07:57.179 29649 29764 V threaded_app: New input event: type=2
12-11 19:07:57.196 29649 29764 V threaded_app: New input event: type=2
12-11 19:07:57.213 29649 29764 V threaded_app: New input event: type=2
12-11 19:07:57.230 29649 29764 V threaded_app: New input event: type=2
12-11 19:07:57.246 29649 29764 V threaded_app: New input event: type=2
12-11 19:07:57.262 29649 29764 V threaded_app: New input event: type=2
12-11 19:07:57.279 29649 29764 V threaded_app: New input event: type=2
12-11 19:07:57.295 29649 29764 V threaded_app: New input event: type=2
12-11 19:07:57.313 29649 29764 V threaded_app: New input event: type=2
12-11 19:07:57.329 29649 29764 V threaded_app: New input event: type=2
12-11 19:07:57.345 29649 29764 V threaded_app: New input event: type=2
12-11 19:07:57.362 29649 29764 V threaded_app: New input event: type=2
12-11 19:07:57.379 29649 29764 V threaded_app: New input event: type=2
12-11 19:07:57.395 29649 29764 V threaded_app: New input event: type=2
12-11 19:07:57.412 29649 29764 V threaded_app: New input event: type=2
12-11 19:07:57.428 29649 29764 V threaded_app: New input event: type=2
12-11 19:07:57.445 29649 29764 V threaded_app: New input event: type=2
12-11 19:07:57.463 29649 29764 V threaded_app: New input event: type=2
12-11 19:07:57.478 29649 29764 V threaded_app: New input event: type=2
12-11 19:07:57.495 29649 29764 V threaded_app: New input event: type=2
12-11 19:07:57.512 29649 29764 V threaded_app: New input event: type=2
12-11 19:07:57.527 29649 29764 V threaded_app: New input event: type=2
12-11 19:07:57.545 29649 29764 V threaded_app: New input event: type=2
12-11 19:07:57.561 29649 29764 V threaded_app: New input event: type=2
12-11 19:07:57.578 29649 29764 V threaded_app: New input event: type=2
12-11 19:07:57.601 29649 29764 V threaded_app: New input event: type=2
12-11 19:07:57.610 29649 29764 V threaded_app: New input event: type=2
12-11 19:07:57.631 29649 29764 V threaded_app: New input event: type=2
12-11 19:07:57.644 29649 29764 V threaded_app: New input event: type=2
12-11 19:07:57.660 29649 29764 V threaded_app: New input event: type=2
12-11 19:07:57.677 29649 29764 V threaded_app: New input event: type=2
12-11 19:07:57.694 29649 29764 V threaded_app: New input event: type=2
12-11 19:07:57.710 29649 29764 V threaded_app: New input event: type=2
12-11 19:07:57.727 29649 29764 V threaded_app: New input event: type=2
12-11 19:07:57.745 29649 29764 V threaded_app: New input event: type=2
12-11 19:07:57.762 29649 29764 V threaded_app: New input event: type=2
12-11 19:07:57.779 29649 29764 V threaded_app: New input event: type=2
12-11 19:07:57.793 29649 29764 V threaded_app: New input event: type=2
12-11 19:07:57.810 29649 29764 V threaded_app: New input event: type=2
12-11 19:07:57.827 29649 29764 V threaded_app: New input event: type=2
12-11 19:07:57.844 29649 29764 V threaded_app: New input event: type=2
12-11 19:07:57.861 29649 29764 V threaded_app: New input event: type=2
12-11 19:07:57.877 29649 29764 V threaded_app: New input event: type=2
12-11 19:07:57.893 29649 29764 V threaded_app: New input event: type=2
12-11 19:07:57.909 29649 29764 V threaded_app: New input event: type=2
12-11 19:07:57.926 29649 29764 V threaded_app: New input event: type=2
12-11 19:07:57.943 29649 29764 V threaded_app: New input event: type=2
12-11 19:07:57.960 29649 29764 V threaded_app: New input event: type=2
12-11 19:07:57.977 29649 29764 V threaded_app: New input event: type=2
12-11 19:07:57.994 29649 29764 V threaded_app: New input event: type=2
12-11 19:07:58.076 29649 29764 V threaded_app: New input event: type=2
12-11 19:07:58.089 29649 29954 D AudioManager: isBluetoothScoOn()=false, calling
application:com.game.loader
12-11 19:07:58.093 29649 29764 V threaded_app: New input event: type=2
12-11 19:07:58.109 29649 29764 V threaded_app: New input event: type=2
12-11 19:07:58.126 29649 29764 V threaded_app: New input event: type=2
12-11 19:07:58.143 29649 29764 V threaded_app: New input event: type=2
12-11 19:07:58.159 29649 29764 V threaded_app: New input event: type=2
12-11 19:07:58.178 29649 29764 V threaded_app: New input event: type=2
12-11 19:07:58.192 29649 29764 V threaded_app: New input event: type=2
12-11 19:07:58.209 29649 29764 V threaded_app: New input event: type=2
12-11 19:07:58.225 29649 29764 V threaded_app: New input event: type=2
12-11 19:07:58.243 29649 29764 V threaded_app: New input event: type=2
12-11 19:07:58.258 29649 29764 V threaded_app: New input event: type=2
12-11 19:07:58.276 29649 29764 V threaded_app: New input event: type=2
12-11 19:07:58.292 29649 29764 V threaded_app: New input event: type=2
12-11 19:07:58.308 29649 29764 V threaded_app: New input event: type=2
12-11 19:07:58.325 29649 29764 V threaded_app: New input event: type=2
12-11 19:07:58.341 29649 29764 V threaded_app: New input event: type=2
12-11 19:07:58.359 29649 29764 V threaded_app: New input event: type=2
12-11 19:07:58.375 29649 29764 V threaded_app: New input event: type=2
12-11 19:07:58.393 29649 29764 V threaded_app: New input event: type=2
12-11 19:07:58.408 29649 29764 V threaded_app: New input event: type=2
12-11 19:07:58.442 29649 29764 V threaded_app: New input event: type=2
12-11 19:07:58.457 29649 29764 V threaded_app: New input event: type=2
12-11 19:07:58.474 29649 29764 V threaded_app: New input event: type=2
12-11 19:07:58.491 29649 29764 V threaded_app: New input event: type=2
12-11 19:07:58.507 29649 29764 V threaded_app: New input event: type=2
12-11 19:07:58.524 29649 29764 V threaded_app: New input event: type=2
12-11 19:07:58.540 29649 29764 V threaded_app: New input event: type=2
12-11 19:07:58.557 29649 29764 V threaded_app: New input event: type=2
12-11 19:07:58.574 29649 29764 V threaded_app: New input event: type=2
12-11 19:07:58.592 29649 29764 V threaded_app: New input event: type=2
12-11 19:07:58.608 29649 29764 V threaded_app: New input event: type=2
12-11 19:07:58.624 29649 29764 V threaded_app: New input event: type=2
12-11 19:07:58.640 29649 29764 V threaded_app: New input event: type=2
12-11 19:07:58.657 29649 29764 V threaded_app: New input event: type=2
12-11 19:07:58.673 29649 29764 V threaded_app: New input event: type=2
12-11 19:07:58.690 29649 29764 V threaded_app: New input event: type=2
12-11 19:07:58.707 29649 29764 V threaded_app: New input event: type=2
12-11 19:07:58.724 29649 29764 V threaded_app: New input event: type=2
12-11 19:07:58.740 29649 29764 V threaded_app: New input event: type=2
12-11 19:07:58.756 29649 29764 V threaded_app: New input event: type=2
12-11 19:07:58.773 29649 29764 V threaded_app: New input event: type=2
12-11 19:07:58.789 29649 29764 V threaded_app: New input event: type=2
12-11 19:07:58.806 29649 29764 V threaded_app: New input event: type=2
12-11 19:07:58.823 29649 29764 V threaded_app: New input event: type=2
12-11 19:07:58.840 29649 29764 V threaded_app: New input event: type=2
12-11 19:07:58.857 29649 29764 V threaded_app: New input event: type=2
12-11 19:07:58.874 29649 29764 V threaded_app: New input event: type=2
12-11 19:07:58.891 29649 29764 V threaded_app: New input event: type=2
12-11 19:07:58.906 29649 29764 V threaded_app: New input event: type=2
12-11 19:07:58.922 29649 29764 V threaded_app: New input event: type=2
12-11 19:07:58.939 29649 29764 V threaded_app: New input event: type=2
12-11 19:07:58.956 29649 29764 V threaded_app: New input event: type=2
12-11 19:07:58.972 29649 29764 V threaded_app: New input event: type=2
12-11 19:07:58.989 29649 29764 V threaded_app: New input event: type=2
12-11 19:07:59.006 29649 29764 V threaded_app: New input event: type=2
12-11 19:07:59.022 29649 29764 V threaded_app: New input event: type=2
12-11 19:07:59.038 29649 29764 V threaded_app: New input event: type=2
12-11 19:07:59.056 29649 29764 V threaded_app: New input event: type=2
12-11 19:07:59.072 29649 29764 V threaded_app: New input event: type=2
12-11 19:07:59.089 29649 29764 V threaded_app: New input event: type=2
12-11 19:07:59.105 29649 29764 V threaded_app: New input event: type=2
12-11 19:07:59.121 29649 29764 V threaded_app: New input event: type=2
12-11 19:07:59.138 29649 29764 V threaded_app: New input event: type=2
12-11 19:07:59.154 29649 29764 V threaded_app: New input event: type=2
12-11 19:07:59.171 29649 29764 V threaded_app: New input event: type=2
12-11 19:07:59.189 29649 29764 V threaded_app: New input event: type=2
12-11 19:07:59.204 29649 29764 V threaded_app: New input event: type=2
12-11 19:07:59.222 29649 29764 V threaded_app: New input event: type=2
12-11 19:07:59.238 29649 29764 V threaded_app: New input event: type=2
12-11 19:07:59.255 29649 29764 V threaded_app: New input event: type=2
12-11 19:07:59.272 29649 29764 V threaded_app: New input event: type=2
12-11 19:07:59.288 29649 29764 V threaded_app: New input event: type=2
12-11 19:07:59.306 29649 29764 V threaded_app: New input event: type=2
12-11 19:07:59.323 29649 29764 V threaded_app: New input event: type=2
12-11 19:07:59.338 29649 29764 V threaded_app: New input event: type=2
12-11 19:07:59.354 29649 29764 V threaded_app: New input event: type=2
12-11 19:07:59.370 29649 29764 V threaded_app: New input event: type=2
12-11 19:07:59.389 29649 29764 V threaded_app: New input event: type=2
12-11 19:07:59.404 29649 29764 V threaded_app: New input event: type=2
12-11 19:07:59.421 29649 29764 V threaded_app: New input event: type=2
12-11 19:07:59.437 29649 29764 V threaded_app: New input event: type=2
12-11 19:07:59.453 29649 29954 D AudioManager: isBluetoothScoOn()=false, calling
application:com.game.loader
12-11 19:07:59.454 29649 29764 V threaded_app: New input event: type=2
12-11 19:07:59.472 29649 29764 V threaded_app: New input event: type=2
12-11 19:07:59.487 29649 29764 V threaded_app: New input event: type=2
12-11 19:07:59.488 29649 29764 V threaded_app: New input event: type=2
12-11 19:07:59.504 29649 29764 V threaded_app: New input event: type=2
12-11 19:07:59.520 29649 29764 V threaded_app: New input event: type=2
12-11 19:07:59.537 29649 29764 V threaded_app: New input event: type=2
12-11 19:07:59.553 29649 29764 V threaded_app: New input event: type=2
12-11 19:07:59.569 29649 29764 V threaded_app: New input event: type=2
12-11 19:07:59.586 29649 29764 V threaded_app: New input event: type=2
12-11 19:07:59.604 29649 29764 V threaded_app: New input event: type=2
12-11 19:07:59.620 29649 29764 V threaded_app: New input event: type=2
12-11 19:07:59.636 29649 29764 V threaded_app: New input event: type=2
12-11 19:07:59.653 29649 29764 V threaded_app: New input event: type=2
12-11 19:07:59.669 29649 29764 V threaded_app: New input event: type=2
12-11 19:07:59.686 29649 29764 V threaded_app: New input event: type=2
12-11 19:07:59.702 29649 29764 V threaded_app: New input event: type=2
12-11 19:07:59.719 29649 29764 V threaded_app: New input event: type=2
12-11 19:07:59.737 29649 29764 V threaded_app: New input event: type=2
12-11 19:07:59.753 29649 29764 V threaded_app: New input event: type=2
12-11 19:07:59.770 29649 29764 V threaded_app: New input event: type=2
12-11 19:07:59.786 29649 29764 V threaded_app: New input event: type=2
12-11 19:07:59.802 29649 29764 V threaded_app: New input event: type=2
12-11 19:07:59.836 29649 29764 V threaded_app: New input event: type=2
12-11 19:07:59.886 29649 29764 V threaded_app: New input event: type=2
12-11 19:08:00.067 29649 29764 V threaded_app: New input event: type=2
12-11 19:08:00.085 29649 29764 V threaded_app: New input event: type=2
12-11 19:08:00.102 29649 29764 V threaded_app: New input event: type=2
12-11 19:08:00.112 29649 29764 V threaded_app: New input event: type=2
12-11 19:08:00.113 29649 29764 V threaded_app: New input event: type=2
12-11 19:08:00.818 29649 29954 D AudioManager: isBluetoothScoOn()=false, calling
application:com.game.loader
12-11 19:08:00.876 29649 29764 V threaded_app: New input event: type=2
12-11 19:08:01.114 29649 29764 V threaded_app: New input event: type=2
12-11 19:08:01.282 29649 29764 V threaded_app: New input event: type=2
12-11 19:08:02.182 29649 29954 D AudioManager: isBluetoothScoOn()=false, calling
application:com.game.loader
12-11 19:08:03.548 29649 29954 D AudioManager: isBluetoothScoOn()=false, calling
application:com.game.loader
12-11 19:08:04.234 29649 29764 V threaded_app: New input event: type=2
12-11 19:08:04.335 29649 29764 V threaded_app: New input event: type=2
12-11 19:08:04.353 29649 29764 V threaded_app: New input event: type=2
12-11 19:08:04.368 29649 29764 V threaded_app: New input event: type=2
12-11 19:08:04.384 29649 29764 V threaded_app: New input event: type=2
12-11 19:08:04.401 29649 29764 V threaded_app: New input event: type=2
12-11 19:08:04.418 29649 29764 V threaded_app: New input event: type=2
12-11 19:08:04.435 29649 29764 V threaded_app: New input event: type=2
12-11 19:08:04.452 29649 29764 V threaded_app: New input event: type=2
12-11 19:08:04.469 29649 29764 V threaded_app: New input event: type=2
12-11 19:08:04.487 29649 29764 V threaded_app: New input event: type=2
12-11 19:08:04.500 29649 29764 V threaded_app: New input event: type=2
12-11 19:08:04.518 29649 29764 V threaded_app: New input event: type=2
12-11 19:08:04.534 29649 29764 V threaded_app: New input event: type=2
12-11 19:08:04.551 29649 29764 V threaded_app: New input event: type=2
12-11 19:08:04.567 29649 29764 V threaded_app: New input event: type=2
12-11 19:08:04.584 29649 29764 V threaded_app: New input event: type=2
12-11 19:08:04.601 29649 29764 V threaded_app: New input event: type=2
12-11 19:08:04.617 29649 29764 V threaded_app: New input event: type=2
12-11 19:08:04.634 29649 29764 V threaded_app: New input event: type=2
12-11 19:08:04.650 29649 29764 V threaded_app: New input event: type=2
12-11 19:08:04.666 29649 29764 V threaded_app: New input event: type=2
12-11 19:08:04.683 29649 29764 V threaded_app: New input event: type=2
12-11 19:08:04.702 29649 29764 V threaded_app: New input event: type=2
12-11 19:08:04.717 29649 29764 V threaded_app: New input event: type=2
12-11 19:08:04.734 29649 29764 V threaded_app: New input event: type=2
12-11 19:08:04.751 29649 29764 V threaded_app: New input event: type=2
12-11 19:08:04.766 29649 29764 V threaded_app: New input event: type=2
12-11 19:08:04.783 29649 29764 V threaded_app: New input event: type=2
12-11 19:08:04.800 29649 29764 V threaded_app: New input event: type=2
12-11 19:08:04.815 29649 29764 V threaded_app: New input event: type=2
12-11 19:08:04.832 29649 29764 V threaded_app: New input event: type=2
12-11 19:08:04.849 29649 29764 V threaded_app: New input event: type=2
12-11 19:08:04.866 29649 29764 V threaded_app: New input event: type=2
12-11 19:08:04.882 29649 29764 V threaded_app: New input event: type=2
12-11 19:08:04.886 29649 29764 V threaded_app: New input event: type=2
12-11 19:08:04.886 29649 29764 V threaded_app: New input event: type=2
12-11 19:08:04.899 29649 29764 V threaded_app: New input event: type=2
12-11 19:08:04.913 29649 29954 D AudioManager: isBluetoothScoOn()=false, calling
application:com.game.loader
12-11 19:08:04.915 29649 29764 V threaded_app: New input event: type=2
12-11 19:08:04.933 29649 29764 V threaded_app: New input event: type=2
12-11 19:08:04.948 29649 29764 V threaded_app: New input event: type=2
12-11 19:08:04.966 29649 29764 V threaded_app: New input event: type=2
12-11 19:08:04.982 29649 29764 V threaded_app: New input event: type=2
12-11 19:08:04.983 29649 29764 V threaded_app: New input event: type=2
12-11 19:08:04.998 29649 29764 V threaded_app: New input event: type=2
12-11 19:08:05.016 29649 29764 V threaded_app: New input event: type=2
12-11 19:08:05.032 29649 29764 V threaded_app: New input event: type=2
12-11 19:08:05.049 29649 29764 V threaded_app: New input event: type=2
12-11 19:08:05.065 29649 29764 V threaded_app: New input event: type=2
12-11 19:08:05.081 29649 29764 V threaded_app: New input event: type=2
12-11 19:08:05.100 29649 29764 V threaded_app: New input event: type=2
12-11 19:08:05.114 29649 29764 V threaded_app: New input event: type=2
12-11 19:08:05.132 29649 29764 V threaded_app: New input event: type=2
12-11 19:08:05.148 29649 29764 V threaded_app: New input event: type=2
12-11 19:08:05.164 29649 29764 V threaded_app: New input event: type=2
12-11 19:08:05.181 29649 29764 V threaded_app: New input event: type=2
12-11 19:08:05.197 29649 29764 V threaded_app: New input event: type=2
12-11 19:08:05.214 29649 29764 V threaded_app: New input event: type=2
12-11 19:08:05.231 29649 29764 V threaded_app: New input event: type=2
12-11 19:08:05.248 29649 29764 V threaded_app: New input event: type=2
12-11 19:08:05.264 29649 29764 V threaded_app: New input event: type=2
12-11 19:08:05.281 29649 29764 V threaded_app: New input event: type=2
12-11 19:08:05.297 29649 29764 V threaded_app: New input event: type=2
12-11 19:08:05.314 29649 29764 V threaded_app: New input event: type=2
12-11 19:08:05.331 29649 29764 V threaded_app: New input event: type=2
12-11 19:08:05.351 29649 29764 V threaded_app: New input event: type=2
12-11 19:08:05.363 29649 29764 V threaded_app: New input event: type=2
12-11 19:08:05.381 29649 29764 V threaded_app: New input event: type=2
12-11 19:08:05.397 29649 29764 V threaded_app: New input event: type=2
12-11 19:08:05.413 29649 29764 V threaded_app: New input event: type=2
12-11 19:08:05.448 29649 29764 V threaded_app: New input event: type=2
12-11 19:08:05.465 29649 29764 V threaded_app: New input event: type=2
12-11 19:08:05.480 29649 29764 V threaded_app: New input event: type=2
12-11 19:08:05.530 29649 29764 V threaded_app: New input event: type=2
12-11 19:08:05.546 29649 29764 V threaded_app: New input event: type=2
12-11 19:08:05.564 29649 29764 V threaded_app: New input event: type=2
12-11 19:08:05.596 29649 29764 V threaded_app: New input event: type=2
12-11 19:08:05.614 29649 29764 V threaded_app: New input event: type=2
12-11 19:08:05.630 29649 29764 V threaded_app: New input event: type=2
12-11 19:08:05.646 29649 29764 V threaded_app: New input event: type=2
12-11 19:08:05.662 29649 29764 V threaded_app: New input event: type=2
12-11 19:08:05.679 29649 29764 V threaded_app: New input event: type=2
12-11 19:08:05.696 29649 29764 V threaded_app: New input event: type=2
12-11 19:08:05.712 29649 29764 V threaded_app: New input event: type=2
12-11 19:08:05.729 29649 29764 V threaded_app: New input event: type=2
12-11 19:08:05.746 29649 29764 V threaded_app: New input event: type=2
12-11 19:08:05.764 29649 29764 V threaded_app: New input event: type=2
12-11 19:08:05.780 29649 29764 V threaded_app: New input event: type=2
12-11 19:08:05.795 29649 29764 V threaded_app: New input event: type=2
12-11 19:08:05.812 29649 29764 V threaded_app: New input event: type=2
12-11 19:08:05.831 29649 29764 V threaded_app: New input event: type=2
12-11 19:08:05.846 29649 29764 V threaded_app: New input event: type=2
12-11 19:08:05.861 29649 29764 V threaded_app: New input event: type=2
12-11 19:08:05.879 29649 29764 V threaded_app: New input event: type=2
12-11 19:08:05.895 29649 29764 V threaded_app: New input event: type=2
12-11 19:08:05.912 29649 29764 V threaded_app: New input event: type=2
12-11 19:08:05.946 29649 29764 V threaded_app: New input event: type=2
12-11 19:08:05.978 29649 29764 V threaded_app: New input event: type=2
12-11 19:08:05.995 29649 29764 V threaded_app: New input event: type=2
12-11 19:08:06.013 29649 29764 V threaded_app: New input event: type=2
12-11 19:08:06.029 29649 29764 V threaded_app: New input event: type=2
12-11 19:08:06.046 29649 29764 V threaded_app: New input event: type=2
12-11 19:08:06.061 29649 29764 V threaded_app: New input event: type=2
12-11 19:08:06.079 29649 29764 V threaded_app: New input event: type=2
12-11 19:08:06.095 29649 29764 V threaded_app: New input event: type=2
12-11 19:08:06.111 29649 29764 V threaded_app: New input event: type=2
12-11 19:08:06.144 29649 29764 V threaded_app: New input event: type=2
12-11 19:08:06.161 29649 29764 V threaded_app: New input event: type=2
12-11 19:08:06.177 29649 29764 V threaded_app: New input event: type=2
12-11 19:08:06.194 29649 29764 V threaded_app: New input event: type=2
12-11 19:08:06.198 29649 29764 V threaded_app: New input event: type=2
12-11 19:08:06.278 29649 29954 D AudioManager: isBluetoothScoOn()=false, calling
application:com.game.loader
12-11 19:08:06.346 29649 29764 V threaded_app: New input event: type=2
12-11 19:08:06.359 29649 29764 V threaded_app: New input event: type=2
12-11 19:08:06.377 29649 29764 V threaded_app: New input event: type=2
12-11 19:08:06.393 29649 29764 V threaded_app: New input event: type=2
12-11 19:08:06.410 29649 29764 V threaded_app: New input event: type=2
12-11 19:08:06.427 29649 29764 V threaded_app: New input event: type=2
12-11 19:08:06.443 29649 29764 V threaded_app: New input event: type=2
12-11 19:08:06.460 29649 29764 V threaded_app: New input event: type=2
12-11 19:08:06.479 29649 29764 V threaded_app: New input event: type=2
12-11 19:08:06.493 29649 29764 V threaded_app: New input event: type=2
12-11 19:08:06.509 29649 29764 V threaded_app: New input event: type=2
12-11 19:08:06.526 29649 29764 V threaded_app: New input event: type=2
12-11 19:08:06.545 29649 29764 V threaded_app: New input event: type=2
12-11 19:08:06.560 29649 29764 V threaded_app: New input event: type=2
12-11 19:08:06.576 29649 29764 V threaded_app: New input event: type=2
12-11 19:08:06.592 29649 29764 V threaded_app: New input event: type=2
12-11 19:08:06.609 29649 29764 V threaded_app: New input event: type=2
12-11 19:08:06.626 29649 29764 V threaded_app: New input event: type=2
12-11 19:08:06.642 29649 29764 V threaded_app: New input event: type=2
12-11 19:08:06.659 29649 29764 V threaded_app: New input event: type=2
12-11 19:08:06.675 29649 29764 V threaded_app: New input event: type=2
12-11 19:08:06.692 29649 29764 V threaded_app: New input event: type=2
12-11 19:08:06.709 29649 29764 V threaded_app: New input event: type=2
12-11 19:08:06.727 29649 29764 V threaded_app: New input event: type=2
12-11 19:08:06.742 29649 29764 V threaded_app: New input event: type=2
12-11 19:08:06.758 29649 29764 V threaded_app: New input event: type=2
12-11 19:08:06.774 29649 29764 V threaded_app: New input event: type=2
12-11 19:08:06.774 29649 29764 V threaded_app: New input event: type=2
12-11 19:08:06.775 29649 29764 V threaded_app: New input event: type=2
12-11 19:08:06.791 29649 29764 V threaded_app: New input event: type=2
12-11 19:08:06.808 29649 29764 V threaded_app: New input event: type=2
12-11 19:08:06.824 29649 29764 V threaded_app: New input event: type=2
12-11 19:08:06.842 29649 29764 V threaded_app: New input event: type=2
12-11 19:08:06.858 29649 29764 V threaded_app: New input event: type=2
12-11 19:08:06.875 29649 29764 V threaded_app: New input event: type=2
12-11 19:08:06.891 29649 29764 V threaded_app: New input event: type=2
12-11 19:08:06.909 29649 29764 V threaded_app: New input event: type=2
12-11 19:08:06.925 29649 29764 V threaded_app: New input event: type=2
12-11 19:08:06.941 29649 29764 V threaded_app: New input event: type=2
12-11 19:08:06.960 29649 29764 V threaded_app: New input event: type=2
12-11 19:08:06.974 29649 29764 V threaded_app: New input event: type=2
12-11 19:08:06.991 29649 29764 V threaded_app: New input event: type=2
12-11 19:08:07.007 29649 29764 V threaded_app: New input event: type=2
12-11 19:08:07.024 29649 29764 V threaded_app: New input event: type=2
12-11 19:08:07.041 29649 29764 V threaded_app: New input event: type=2
12-11 19:08:07.057 29649 29764 V threaded_app: New input event: type=2
12-11 19:08:07.074 29649 29764 V threaded_app: New input event: type=2
12-11 19:08:07.091 29649 29764 V threaded_app: New input event: type=2
12-11 19:08:07.108 29649 29764 V threaded_app: New input event: type=2
12-11 19:08:07.124 29649 29764 V threaded_app: New input event: type=2
12-11 19:08:07.140 29649 29764 V threaded_app: New input event: type=2
12-11 19:08:07.157 29649 29764 V threaded_app: New input event: type=2
12-11 19:08:07.174 29649 29764 V threaded_app: New input event: type=2
12-11 19:08:07.189 29649 29764 V threaded_app: New input event: type=2
12-11 19:08:07.207 29649 29764 V threaded_app: New input event: type=2
12-11 19:08:07.222 29649 29764 V threaded_app: New input event: type=2
12-11 19:08:07.240 29649 29764 V threaded_app: New input event: type=2
12-11 19:08:07.257 29649 29764 V threaded_app: New input event: type=2
12-11 19:08:07.274 29649 29764 V threaded_app: New input event: type=2
12-11 19:08:07.289 29649 29764 V threaded_app: New input event: type=2
12-11 19:08:07.306 29649 29764 V threaded_app: New input event: type=2
12-11 19:08:07.339 29649 29764 V threaded_app: New input event: type=2
12-11 19:08:07.356 29649 29764 V threaded_app: New input event: type=2
12-11 19:08:07.373 29649 29764 V threaded_app: New input event: type=2
12-11 19:08:07.426 29649 29764 V threaded_app: New input event: type=2
12-11 19:08:07.444 29649 29764 V threaded_app: New input event: type=2
12-11 19:08:07.473 29649 29764 V threaded_app: New input event: type=2
12-11 19:08:07.490 29649 29764 V threaded_app: New input event: type=2
12-11 19:08:07.506 29649 29764 V threaded_app: New input event: type=2
12-11 19:08:07.540 29649 29764 V threaded_app: New input event: type=2
12-11 19:08:07.573 29649 29764 V threaded_app: New input event: type=2
12-11 19:08:07.639 29649 29764 V threaded_app: New input event: type=2
12-11 19:08:07.644 29649 29954 D AudioManager: isBluetoothScoOn()=false, calling
application:com.game.loader
12-11 19:08:07.657 29649 29764 V threaded_app: New input event: type=2
12-11 19:08:07.671 29649 29764 V threaded_app: New input event: type=2
12-11 19:08:07.706 29649 29764 V threaded_app: New input event: type=2
12-11 19:08:07.738 29649 29764 V threaded_app: New input event: type=2
12-11 19:08:07.805 29649 29764 V threaded_app: New input event: type=2
12-11 19:08:07.822 29649 29764 V threaded_app: New input event: type=2
12-11 19:08:08.221 29649 29917 E LoadedApk: performReceive() called targeting raw
IIntentReceiver for Intent { act=android.intent.action.BATTERY_CHANGED
flg=0x70000010 (has extras) }
12-11 19:08:08.438 29649 29764 V threaded_app: New input event: type=2
12-11 19:08:08.451 29649 29764 V threaded_app: New input event: type=2
12-11 19:08:08.468 29649 29764 V threaded_app: New input event: type=2
12-11 19:08:08.476 29649 29649 W VRI[GameActivity]: handleResized abandoned!
12-11 19:08:08.484 29649 29764 V threaded_app: New input event: type=2
12-11 19:08:08.501 29649 29764 V threaded_app: New input event: type=2
12-11 19:08:08.517 29649 29764 V threaded_app: New input event: type=2
12-11 19:08:08.534 29649 29764 V threaded_app: New input event: type=2
12-11 19:08:08.552 29649 29764 V threaded_app: New input event: type=2
12-11 19:08:08.569 29649 29764 V threaded_app: New input event: type=2
12-11 19:08:08.585 29649 29764 V threaded_app: New input event: type=2
12-11 19:08:08.597 29649 29764 V threaded_app: New input event: type=2
12-11 19:08:08.597 29649 29764 V threaded_app: New input event: type=2
12-11 19:08:09.008 29649 29954 D AudioManager: isBluetoothScoOn()=false, calling
application:com.game.loader
12-11 19:08:10.377 29649 29954 D AudioManager: isBluetoothScoOn()=false, calling
application:com.game.loader
12-11 19:08:11.484 29649 29649 D VRI[GameActivity]: onFocusEvent false
12-11 19:08:11.484 29649 29649 V threaded_app: WindowFocusChanged: 0x756b90e380 --
0
12-11 19:08:11.488 29649 29764 D UE4 : Case APP_CMD_LOST_FOCUS
12-11 19:08:11.740 29649 29954 D AudioManager: isBluetoothScoOn()=false, calling
application:com.game.loader
12-11 19:08:12.488 29649 29765 D OplusScrollToTopManager:
com.pubg.imobile/com.epicgames.ue4.GameActivity,This
DecorView@c922988[GameActivity] change focus to false
12-11 19:08:13.105 29649 29954 D AudioManager: isBluetoothScoOn()=false, calling
application:com.game.loader
12-11 19:08:13.994 29649 29649 D VRI[GameActivity]: onFocusEvent true
12-11 19:08:13.994 29649 29649 V threaded_app: WindowFocusChanged: 0x756b90e380 --
1
12-11 19:08:13.994 29649 29764 D UE4 : Case APP_CMD_GAINED_FOCUS
12-11 19:08:14.008 29649 29649 W VRI[GameActivity]: handleResized abandoned!
12-11 19:08:14.474 29649 29954 D AudioManager: isBluetoothScoOn()=false, calling
application:com.game.loader
12-11 19:08:14.686 29649 31270 D TrafficStats: tagSocket(548) with statsTag=0x2710,
statsUid=-1
12-11 19:08:14.690 29649 31270 W System.err: java.net.NoRouteToHostException: Host
unreachable
12-11 19:08:14.690 29649 31270 W System.err: at
libcore.io.IoBridge.connect(IoBridge.java:182)
12-11 19:08:14.690 29649 31270 W System.err: at
java.net.PlainSocketImpl.socketConnect(PlainSocketImpl.java:142)
12-11 19:08:14.690 29649 31270 W System.err: at
java.net.AbstractPlainSocketImpl.doConnect(AbstractPlainSocketImpl.java:390)
12-11 19:08:14.690 29649 31270 W System.err: at
java.net.AbstractPlainSocketImpl.connectToAddress(AbstractPlainSocketImpl.java:230)
12-11 19:08:14.690 29649 31270 W System.err: at
java.net.AbstractPlainSocketImpl.connect(AbstractPlainSocketImpl.java:212)
12-11 19:08:14.690 29649 31270 W System.err: at
java.net.SocksSocketImpl.connect(SocksSocketImpl.java:436)
12-11 19:08:14.690 29649 31270 W System.err: at
java.net.Socket.connect(Socket.java:646)
12-11 19:08:14.690 29649 31270 W System.err: at
com.android.okhttp.internal.Platform.connectSocket(Platform.java:182)
12-11 19:08:14.690 29649 31270 W System.err: at
com.android.okhttp.internal.io.RealConnection.connectSocket(RealConnection.java:145
)
12-11 19:08:14.690 29649 31270 W System.err: at
com.android.okhttp.internal.io.RealConnection.connect(RealConnection.java:116)
12-11 19:08:14.690 29649 31270 W System.err: at
com.android.okhttp.internal.http.StreamAllocation.findConnection(StreamAllocation.j
ava:186)
12-11 19:08:14.690 29649 31270 W System.err: at
com.android.okhttp.internal.http.StreamAllocation.findHealthyConnection(StreamAlloc
ation.java:128)
12-11 19:08:14.690 29649 31270 W System.err: at
com.android.okhttp.internal.http.StreamAllocation.newStream(StreamAllocation.java:9
7)
12-11 19:08:14.690 29649 31270 W System.err: at
com.android.okhttp.internal.http.HttpEngine.connect(HttpEngine.java:289)
12-11 19:08:14.690 29649 31270 W System.err: at
com.android.okhttp.internal.http.HttpEngine.sendRequest(HttpEngine.java:232)
12-11 19:08:14.690 29649 31270 W System.err: at
com.android.okhttp.internal.huc.HttpURLConnectionImpl.execute(HttpURLConnectionImpl
.java:465)
12-11 19:08:14.690 29649 31270 W System.err: at
com.android.okhttp.internal.huc.HttpURLConnectionImpl.connect(HttpURLConnectionImpl
.java:131)
12-11 19:08:14.690 29649 31270 W System.err: at
com.android.okhttp.internal.huc.HttpURLConnectionImpl.getOutputStream(HttpURLConnec
tionImpl.java:262)
12-11 19:08:14.690 29649 31270 W System.err: at
com.android.okhttp.internal.huc.DelegatingHttpsURLConnection.getOutputStream(Delega
tingHttpsURLConnection.java:219)
12-11 19:08:14.690 29649 31270 W System.err: at
com.android.okhttp.internal.huc.HttpsURLConnectionImpl.getOutputStream(HttpsURLConn
ectionImpl.java:30)
12-11 19:08:14.690 29649 31270 W System.err: at
com.uqm.crashkit.proguard.h.a(SourceFile:9)
12-11 19:08:14.690 29649 31270 W System.err: at
com.uqm.crashkit.proguard.h.a(SourceFile:16)
12-11 19:08:14.690 29649 31270 W System.err: at
com.uqm.crashkit.proguard.l.run(Unknown Source:387)
12-11 19:08:14.690 29649 31270 W System.err: at
com.uqm.crashkit.proguard.k$a.run(Unknown Source:2)
12-11 19:08:14.690 29649 31270 W System.err: at
java.lang.Thread.run(Thread.java:1012)
12-11 19:08:14.998 29649 29765 D OplusScrollToTopManager:
com.pubg.imobile/com.epicgames.ue4.GameActivity,This
DecorView@c922988[GameActivity] change focus to true
12-11 19:08:15.838 29649 29954 D AudioManager: isBluetoothScoOn()=false, calling
application:com.game.loader
12-11 19:08:17.030 29649 29778 E HDmpve : [2024-12-11 19:08:17 030] | Error |
[HDmpve] |0x7435de7cb0| Connector+Update.cpp:197|innerUpdate|
[Connector:0x739d8f8c00]: tgcpapi_update networkState:1, ret:-6, failed to connect
peer, tcp://in-lobby.globh.com:17500(20.212.22.90), openid:14687228475606442,
netstate:1
12-11 19:08:17.201 29649 29954 D AudioManager: isBluetoothScoOn()=false, calling
application:com.game.loader
12-11 19:08:18.570 29649 29954 D AudioManager: isBluetoothScoOn()=false, calling
application:com.game.loader
12-11 19:08:18.857 29649 29764 V threaded_app: New input event: type=2
12-11 19:08:18.870 29649 29764 V threaded_app: New input event: type=2
12-11 19:08:18.886 29649 29764 V threaded_app: New input event: type=2
12-11 19:08:18.903 29649 29764 V threaded_app: New input event: type=2
12-11 19:08:18.910 29649 29764 V threaded_app: New input event: type=2
12-11 19:08:18.911 29649 29764 V threaded_app: New input event: type=2
12-11 19:08:19.695 29649 29764 V threaded_app: New input event: type=2
12-11 19:08:19.750 29649 29764 V threaded_app: New input event: type=2
12-11 19:08:19.758 29649 29764 V threaded_app: New input event: type=2
12-11 19:08:19.758 29649 29764 V threaded_app: New input event: type=2
12-11 19:08:19.934 29649 29954 D AudioManager: isBluetoothScoOn()=false, calling
application:com.game.loader
12-11 19:08:20.386 29649 29764 V threaded_app: New input event: type=2
12-11 19:08:20.511 29649 29764 V threaded_app: New input event: type=2
12-11 19:08:20.921 29649 29764 V threaded_app: New input event: type=2
12-11 19:08:21.080 29649 29764 V threaded_app: New input event: type=2
12-11 19:08:21.298 29649 29954 D AudioManager: isBluetoothScoOn()=false, calling
application:com.game.loader
12-11 19:08:22.142 29649 29764 V threaded_app: New input event: type=2
12-11 19:08:22.218 29649 29764 V threaded_app: New input event: type=2
12-11 19:08:22.455 29649 29763 E HDmpve : [2024-12-11 19:08:22 455] | Error |
[HDmpve] |0x74d2f7bcb0| Connector.cpp:177|connectReq| Connector is connecting to
the server, please try again after connector callback
12-11 19:08:22.662 29649 29954 D AudioManager: isBluetoothScoOn()=false, calling
application:com.game.loader
12-11 19:08:24.027 29649 29954 D AudioManager: isBluetoothScoOn()=false, calling
application:com.game.loader
12-11 19:08:24.809 29649 29764 V threaded_app: New input event: type=2
12-11 19:08:24.848 29649 29764 V threaded_app: New input event: type=2
12-11 19:08:25.347 29649 29764 V threaded_app: New input event: type=2
12-11 19:08:25.395 29649 29954 D AudioManager: isBluetoothScoOn()=false, calling
application:com.game.loader
12-11 19:08:25.441 29649 29764 V threaded_app: New input event: type=2
12-11 19:08:25.722 29649 29764 V threaded_app: New input event: type=2
12-11 19:08:25.742 29649 29764 V threaded_app: New input event: type=2
12-11 19:08:25.763 29649 29764 V threaded_app: New input event: type=2
12-11 19:08:25.775 29649 29764 V threaded_app: New input event: type=2
12-11 19:08:25.809 29649 29764 V threaded_app: New input event: type=2
12-11 19:08:25.827 29649 29764 V threaded_app: New input event: type=2
12-11 19:08:25.844 29649 29764 V threaded_app: New input event: type=2
12-11 19:08:25.860 29649 29764 V threaded_app: New input event: type=2
12-11 19:08:25.876 29649 29764 V threaded_app: New input event: type=2
12-11 19:08:25.893 29649 29764 V threaded_app: New input event: type=2
12-11 19:08:25.908 29649 29764 V threaded_app: New input event: type=2
12-11 19:08:25.925 29649 29764 V threaded_app: New input event: type=2
12-11 19:08:25.947 29649 29764 V threaded_app: New input event: type=2
12-11 19:08:25.959 29649 29764 V threaded_app: New input event: type=2
12-11 19:08:25.976 29649 29764 V threaded_app: New input event: type=2
12-11 19:08:25.992 29649 29764 V threaded_app: New input event: type=2
12-11 19:08:26.008 29649 29764 V threaded_app: New input event: type=2
12-11 19:08:26.027 29649 29764 V threaded_app: New input event: type=2
12-11 19:08:26.041 29649 29764 V threaded_app: New input event: type=2
12-11 19:08:26.057 29649 29764 V threaded_app: New input event: type=2
12-11 19:08:26.077 29649 29764 V threaded_app: New input event: type=2
12-11 19:08:26.091 29649 29764 V threaded_app: New input event: type=2
12-11 19:08:26.108 29649 29764 V threaded_app: New input event: type=2
12-11 19:08:26.124 29649 29764 V threaded_app: New input event: type=2
12-11 19:08:26.141 29649 29764 V threaded_app: New input event: type=2
12-11 19:08:26.158 29649 29764 V threaded_app: New input event: type=2
12-11 19:08:26.175 29649 29764 V threaded_app: New input event: type=2
12-11 19:08:26.191 29649 29764 V threaded_app: New input event: type=2
12-11 19:08:26.208 29649 29764 V threaded_app: New input event: type=2
12-11 19:08:26.224 29649 29764 V threaded_app: New input event: type=2
12-11 19:08:26.241 29649 29764 V threaded_app: New input event: type=2
12-11 19:08:26.257 29649 29764 V threaded_app: New input event: type=2
12-11 19:08:26.275 29649 29764 V threaded_app: New input event: type=2
12-11 19:08:26.290 29649 29764 V threaded_app: New input event: type=2
12-11 19:08:26.308 29649 29764 V threaded_app: New input event: type=2
12-11 19:08:26.323 29649 29764 V threaded_app: New input event: type=2
12-11 19:08:26.341 29649 29764 V threaded_app: New input event: type=2
12-11 19:08:26.357 29649 29764 V threaded_app: New input event: type=2
12-11 19:08:26.374 29649 29764 V threaded_app: New input event: type=2
12-11 19:08:26.390 29649 29764 V threaded_app: New input event: type=2
12-11 19:08:26.408 29649 29764 V threaded_app: New input event: type=2
12-11 19:08:26.423 29649 29764 V threaded_app: New input event: type=2
12-11 19:08:26.440 29649 29764 V threaded_app: New input event: type=2
12-11 19:08:26.459 29649 29764 V threaded_app: New input event: type=2
12-11 19:08:26.476 29649 29764 V threaded_app: New input event: type=2
12-11 19:08:26.490 29649 29764 V threaded_app: New input event: type=2
12-11 19:08:26.507 29649 29764 V threaded_app: New input event: type=2
12-11 19:08:26.522 29649 29764 V threaded_app: New input event: type=2
12-11 19:08:26.540 29649 29764 V threaded_app: New input event: type=2
12-11 19:08:26.556 29649 29764 V threaded_app: New input event: type=2
12-11 19:08:26.573 29649 29764 V threaded_app: New input event: type=2
12-11 19:08:26.589 29649 29764 V threaded_app: New input event: type=2
12-11 19:08:26.606 29649 29764 V threaded_app: New input event: type=2
12-11 19:08:26.626 29649 29764 V threaded_app: New input event: type=2
12-11 19:08:26.639 29649 29764 V threaded_app: New input event: type=2
12-11 19:08:26.656 29649 29764 V threaded_app: New input event: type=2
12-11 19:08:26.672 29649 29764 V threaded_app: New input event: type=2
12-11 19:08:26.691 29649 29764 V threaded_app: New input event: type=2
12-11 19:08:26.709 29649 29764 V threaded_app: New input event: type=2
12-11 19:08:26.725 29649 29764 V threaded_app: New input event: type=2
12-11 19:08:26.741 29649 29764 V threaded_app: New input event: type=2
12-11 19:08:26.757 29649 29764 V threaded_app: New input event: type=2
12-11 19:08:26.759 29649 29954 D AudioManager: isBluetoothScoOn()=false, calling
application:com.game.loader
12-11 19:08:26.772 29649 29764 V threaded_app: New input event: type=2
12-11 19:08:26.788 29649 29764 V threaded_app: New input event: type=2
12-11 19:08:26.805 29649 29764 V threaded_app: New input event: type=2
12-11 19:08:26.822 29649 29764 V threaded_app: New input event: type=2
12-11 19:08:26.838 29649 29764 V threaded_app: New input event: type=2
12-11 19:08:26.854 29649 29764 V threaded_app: New input event: type=2
12-11 19:08:26.871 29649 29764 V threaded_app: New input event: type=2
12-11 19:08:26.889 29649 29764 V threaded_app: New input event: type=2
12-11 19:08:26.904 29649 29764 V threaded_app: New input event: type=2
12-11 19:08:26.923 29649 29764 V threaded_app: New input event: type=2
12-11 19:08:26.938 29649 29764 V threaded_app: New input event: type=2
12-11 19:08:26.954 29649 29764 V threaded_app: New input event: type=2
12-11 19:08:26.973 29649 29764 V threaded_app: New input event: type=2
12-11 19:08:26.988 29649 29764 V threaded_app: New input event: type=2
12-11 19:08:27.004 29649 29764 V threaded_app: New input event: type=2
12-11 19:08:27.020 29649 29764 V threaded_app: New input event: type=2
12-11 19:08:27.039 29649 29764 V threaded_app: New input event: type=2
12-11 19:08:27.054 29649 29764 V threaded_app: New input event: type=2
12-11 19:08:27.071 29649 29764 V threaded_app: New input event: type=2
12-11 19:08:27.087 29649 29764 V threaded_app: New input event: type=2
12-11 19:08:27.106 29649 29764 V threaded_app: New input event: type=2
12-11 19:08:27.122 29649 29764 V threaded_app: New input event: type=2
12-11 19:08:27.139 29649 29764 V threaded_app: New input event: type=2
12-11 19:08:27.155 29649 29764 V threaded_app: New input event: type=2
12-11 19:08:27.170 29649 29764 V threaded_app: New input event: type=2
12-11 19:08:27.188 29649 29764 V threaded_app: New input event: type=2
12-11 19:08:27.204 29649 29764 V threaded_app: New input event: type=2
12-11 19:08:27.221 29649 29764 V threaded_app: New input event: type=2
12-11 19:08:27.236 29649 29764 V threaded_app: New input event: type=2
12-11 19:08:27.253 29649 29764 V threaded_app: New input event: type=2
12-11 19:08:27.270 29649 29764 V threaded_app: New input event: type=2
12-11 19:08:27.289 29649 29764 V threaded_app: New input event: type=2
12-11 19:08:27.303 29649 29764 V threaded_app: New input event: type=2
12-11 19:08:27.321 29649 29764 V threaded_app: New input event: type=2
12-11 19:08:27.336 29649 29764 V threaded_app: New input event: type=2
12-11 19:08:27.354 29649 29764 V threaded_app: New input event: type=2
12-11 19:08:27.371 29649 29764 V threaded_app: New input event: type=2
12-11 19:08:27.386 29649 29764 V threaded_app: New input event: type=2
12-11 19:08:27.404 29649 29764 V threaded_app: New input event: type=2
12-11 19:08:27.420 29649 29764 V threaded_app: New input event: type=2
12-11 19:08:27.437 29649 29764 V threaded_app: New input event: type=2
12-11 19:08:27.453 29649 29764 V threaded_app: New input event: type=2
12-11 19:08:27.470 29649 29764 V threaded_app: New input event: type=2
12-11 19:08:27.472 29649 29763 E HDmpve : [2024-12-11 19:08:27 472] | Error |
[HDmpve] |0x74d2f7bcb0| Connector.cpp:177|connectReq| Connector is connecting to
the server, please try again after connector callback
12-11 19:08:27.486 29649 29764 V threaded_app: New input event: type=2
12-11 19:08:27.502 29649 29764 V threaded_app: New input event: type=2
12-11 19:08:27.519 29649 29764 V threaded_app: New input event: type=2
12-11 19:08:27.536 29649 29764 V threaded_app: New input event: type=2
12-11 19:08:27.552 29649 29764 V threaded_app: New input event: type=2
12-11 19:08:27.570 29649 29764 V threaded_app: New input event: type=2
12-11 19:08:27.585 29649 29764 V threaded_app: New input event: type=2
12-11 19:08:27.602 29649 29764 V threaded_app: New input event: type=2
12-11 19:08:27.621 29649 29764 V threaded_app: New input event: type=2
12-11 19:08:27.638 29649 29764 V threaded_app: New input event: type=2
12-11 19:08:27.653 29649 29764 V threaded_app: New input event: type=2
12-11 19:08:27.668 29649 29764 V threaded_app: New input event: type=2
12-11 19:08:27.685 29649 29764 V threaded_app: New input event: type=2
12-11 19:08:27.701 29649 29764 V threaded_app: New input event: type=2
12-11 19:08:27.718 29649 29764 V threaded_app: New input event: type=2
12-11 19:08:27.736 29649 29764 V threaded_app: New input event: type=2
12-11 19:08:27.752 29649 29764 V threaded_app: New input event: type=2
12-11 19:08:27.769 29649 29764 V threaded_app: New input event: type=2
12-11 19:08:27.785 29649 29764 V threaded_app: New input event: type=2
12-11 19:08:27.801 29649 29764 V threaded_app: New input event: type=2
12-11 19:08:27.820 29649 29764 V threaded_app: New input event: type=2
12-11 19:08:27.835 29649 29764 V threaded_app: New input event: type=2
12-11 19:08:27.853 29649 29764 V threaded_app: New input event: type=2
12-11 19:08:27.868 29649 29764 V threaded_app: New input event: type=2
12-11 19:08:27.884 29649 29764 V threaded_app: New input event: type=2
12-11 19:08:27.901 29649 29764 V threaded_app: New input event: type=2
12-11 19:08:27.919 29649 29764 V threaded_app: New input event: type=2
12-11 19:08:27.935 29649 29764 V threaded_app: New input event: type=2
12-11 19:08:27.952 29649 29764 V threaded_app: New input event: type=2
12-11 19:08:27.967 29649 29764 V threaded_app: New input event: type=2
12-11 19:08:27.986 29649 29764 V threaded_app: New input event: type=2
12-11 19:08:28.001 29649 29764 V threaded_app: New input event: type=2
12-11 19:08:28.018 29649 29764 V threaded_app: New input event: type=2
12-11 19:08:28.033 29649 29764 V threaded_app: New input event: type=2
12-11 19:08:28.050 29649 29764 V threaded_app: New input event: type=2
12-11 19:08:28.067 29649 29764 V threaded_app: New input event: type=2
12-11 19:08:28.083 29649 29764 V threaded_app: New input event: type=2
12-11 19:08:28.101 29649 29764 V threaded_app: New input event: type=2
12-11 19:08:28.117 29649 29764 V threaded_app: New input event: type=2
12-11 19:08:28.126 29649 29954 D AudioManager: isBluetoothScoOn()=false, calling
application:com.game.loader
12-11 19:08:28.133 29649 29764 V threaded_app: New input event: type=2
12-11 19:08:28.150 29649 29764 V threaded_app: New input event: type=2
12-11 19:08:28.166 29649 29764 V threaded_app: New input event: type=2
12-11 19:08:28.183 29649 29764 V threaded_app: New input event: type=2
12-11 19:08:28.201 29649 29764 V threaded_app: New input event: type=2
12-11 19:08:28.217 29649 29764 V threaded_app: New input event: type=2
12-11 19:08:28.233 29649 29764 V threaded_app: New input event: type=2
12-11 19:08:28.249 29649 29764 V threaded_app: New input event: type=2
12-11 19:08:28.267 29649 29764 V threaded_app: New input event: type=2
12-11 19:08:28.283 29649 29764 V threaded_app: New input event: type=2
12-11 19:08:28.299 29649 29764 V threaded_app: New input event: type=2
12-11 19:08:28.315 29649 29764 V threaded_app: New input event: type=2
12-11 19:08:28.332 29649 29764 V threaded_app: New input event: type=2
12-11 19:08:28.349 29649 29764 V threaded_app: New input event: type=2
12-11 19:08:28.365 29649 29764 V threaded_app: New input event: type=2
12-11 19:08:28.382 29649 29764 V threaded_app: New input event: type=2
12-11 19:08:28.398 29649 29764 V threaded_app: New input event: type=2
12-11 19:08:28.417 29649 29764 V threaded_app: New input event: type=2
12-11 19:08:28.434 29649 29764 V threaded_app: New input event: type=2
12-11 19:08:28.448 29649 29764 V threaded_app: New input event: type=2
12-11 19:08:28.465 29649 29764 V threaded_app: New input event: type=2
12-11 19:08:28.481 29649 29764 V threaded_app: New input event: type=2
12-11 19:08:28.498 29649 29764 V threaded_app: New input event: type=2
12-11 19:08:28.516 29649 29764 V threaded_app: New input event: type=2
12-11 19:08:28.548 29649 29764 V threaded_app: New input event: type=2
12-11 19:08:28.561 29649 29764 V threaded_app: New input event: type=2
12-11 19:08:28.561 29649 29764 V threaded_app: New input event: type=2
12-11 19:08:29.063 29649 29764 V threaded_app: New input event: type=2
12-11 19:08:29.488 29649 29954 D AudioManager: isBluetoothScoOn()=false, calling
application:com.game.loader
12-11 19:08:30.092 29649 29764 V threaded_app: New input event: type=2
12-11 19:08:30.560 29649 29764 V threaded_app: New input event: type=2
12-11 19:08:30.651 29649 29764 V threaded_app: New input event: type=2
