captionBar systemGestures mandatorySystemGestures tappableElement displayCutout
windowDecor systemOverlays, visibleTypes: , type: 2, call:
android.view.InsetsController.controlAnimationUnchecked:1380
android.view.InsetsController.applyAnimation:1927
android.view.InsetsController.applyAnimation:1903
android.view.InsetsController.onControlsChanged:1136
android.view.ViewRootImpl$ViewRootHandler.handleMessageImpl:6681
android.view.ViewRootImpl$ViewRootHandler.handleMessage:6631
android.os.Handler.dispatchMessage:106 android.os.Looper.loopOnce:255
android.os.Looper.loop:364 android.app.ActivityThread.main:8979
12-11 19:07:25.401 29649 29649 D callGcSupression: java.lang.NullPointerException:
Attempt to invoke virtual method 'java.lang.Object
java.lang.reflect.Method.invoke(java.lang.Object, java.lang.Object[])' on a null
object reference
12-11 19:07:25.403 29649 29649 W VRI[GameActivity]: handleResized abandoned!
12-11 19:07:25.414 29649 29649 D callGcSupression: java.lang.NullPointerException:
Attempt to invoke virtual method 'java.lang.Object
java.lang.reflect.Method.invoke(java.lang.Object, java.lang.Object[])' on a null
object reference
12-11 19:07:25.414 29649 29649 D ResourcesManagerExtImpl:
applyConfigurationToAppResourcesLocked app.getDisplayId() return
callback.displayId:0
12-11 19:07:25.423 29649 29764 V threaded_app: New input event: type=2
12-11 19:07:25.574 29649 29653 I .game.loader:p0: NativeAlloc concurrent mark
compact GC freed 6357KB AllocSpace bytes, 26(520KB) LOS objects, 49% free,
6706KB/13MB, paused 809us,5.140ms total 101.710ms
12-11 19:07:25.596 29649 29649 D InsetsController: setRequestedVisibleTypes,
mRequestedVisibleTypes: captionBar systemGestures mandatorySystemGestures
tappableElement displayCutout windowDecor systemOverlays, requestedVisibleTypes:
captionBar systemGestures mandatorySystemGestures tappableElement displayCutout
windowDecor systemOverlays, visibleTypes: , type: 2, call:
android.view.InsetsController.notifyFinished:1678
android.view.InsetsAnimationThreadControlRunner$1.lambda$notifyFinished$0:86
android.view.InsetsAnimationThreadControlRunner$1.$r8$lambda$RAf1SfIREsj9-
wH5FOigMy6eLkM:0 android.view.InsetsAnimationThreadControlRunner$1$
$ExternalSyntheticLambda1.run:4 android.os.Handler.handleCallback:958
android.os.Handler.dispatchMessage:99 android.os.Looper.loopOnce:255
android.os.Looper.loop:364 android.app.ActivityThread.main:8979
java.lang.reflect.Method.invoke:-2
12-11 19:07:26.356 29649 29765 D OplusScrollToTopManager:
com.pubg.imobile/com.epicgames.ue4.GameActivity,This
DecorView@c922988[GameActivity] change focus to true
12-11 19:07:26.684 29649 29954 D AudioManager: isBluetoothScoOn()=false, calling
application:com.game.loader
12-11 19:07:28.054 29649 29954 D AudioManager: isBluetoothScoOn()=false, calling
application:com.game.loader
12-11 19:07:28.937 29649 29649 W BillingClient: Connection to Billing service is
blocked.
12-11 19:07:28.945 29649 29707 W d2.t : Error scheduling event Attempt to invoke
virtual method 'android.content.ComponentName android.app.job.JobInfo.getService()'
on a null object reference
12-11 19:07:29.415 29649 29954 D AudioManager: isBluetoothScoOn()=false, calling
application:com.game.loader
12-11 19:07:29.957 29649 29660 E LoadedApk: performReceive() called targeting raw
IIntentReceiver for Intent { act=android.intent.action.BATTERY_CHANGED
flg=0x70000010 (has extras) }
12-11 19:07:30.781 29649 29954 D AudioManager: isBluetoothScoOn()=false, calling
application:com.game.loader
12-11 19:07:32.148 29649 29954 D AudioManager: isBluetoothScoOn()=false, calling
application:com.game.loader
12-11 19:07:33.409 29649 29661 W .game.loader:p0: Couldn't lock the profile file
/data/misc/profiles/cur/0/com.pubg.imobile/primary.prof: Failed to open file
'/data/misc/profiles/cur/0/com.pubg.imobile/primary.prof': Permission denied
12-11 19:07:33.409 29649 29661 W .game.loader:p0: Could not forcefully load profile
/data/misc/profiles/cur/0/com.pubg.imobile/primary.prof
12-11 19:07:33.512 29649 29954 D AudioManager: isBluetoothScoOn()=false, calling
application:com.game.loader
12-11 19:07:34.398 29649 29763 D GameActitivy: AndroidThunkJava_GetVolume START
12-11 19:07:34.401 29649 29763 D AudioManagerExtImpl: getStreamVolume
packageName=com.game.loader, index=1, streamType=0
12-11 19:07:34.401 29649 29763 D GameActitivy: AndroidThunkJava_GetVolume START
12-11 19:07:34.404 29649 29763 D AudioManagerExtImpl: getStreamVolume
packageName=com.game.loader, index=3, streamType=3
12-11 19:07:34.880 29649 29954 D AudioManager: isBluetoothScoOn()=false, calling
application:com.game.loader
12-11 19:07:35.915 29649 29764 V threaded_app: New input event: type=2
12-11 19:07:36.136 29649 29764 V threaded_app: New input event: type=2
12-11 19:07:36.154 29649 29764 V threaded_app: New input event: type=2
12-11 19:07:36.169 29649 29764 V threaded_app: New input event: type=2
12-11 19:07:36.186 29649 29764 V threaded_app: New input event: type=2
12-11 19:07:36.202 29649 29764 V threaded_app: New input event: type=2
12-11 19:07:36.220 29649 29764 V threaded_app: New input event: type=2
12-11 19:07:36.237 29649 29764 V threaded_app: New input event: type=2
12-11 19:07:36.241 29649 29954 D AudioManager: isBluetoothScoOn()=false, calling
application:com.game.loader
12-11 19:07:36.253 29649 29764 V threaded_app: New input event: type=2
12-11 19:07:36.270 29649 29764 V threaded_app: New input event: type=2
12-11 19:07:36.285 29649 29764 V threaded_app: New input event: type=2
12-11 19:07:36.302 29649 29764 V threaded_app: New input event: type=2
12-11 19:07:36.320 29649 29764 V threaded_app: New input event: type=2
12-11 19:07:36.337 29649 29764 V threaded_app: New input event: type=2
12-11 19:07:36.352 29649 29764 V threaded_app: New input event: type=2
12-11 19:07:36.371 29649 29764 V threaded_app: New input event: type=2
12-11 19:07:36.385 29649 29764 V threaded_app: New input event: type=2
12-11 19:07:36.402 29649 29764 V threaded_app: New input event: type=2
12-11 19:07:36.418 29649 29764 V threaded_app: New input event: type=2
12-11 19:07:36.435 29649 29764 V threaded_app: New input event: type=2
12-11 19:07:36.568 29649 29764 V threaded_app: New input event: type=2
12-11 19:07:36.601 29649 29764 V threaded_app: New input event: type=2
12-11 19:07:36.618 29649 29764 V threaded_app: New input event: type=2
12-11 19:07:36.634 29649 29764 V threaded_app: New input event: type=2
12-11 19:07:36.649 29649 29764 V threaded_app: New input event: type=2
12-11 19:07:36.650 29649 29764 V threaded_app: New input event: type=2
12-11 19:07:37.041 29649 29764 V threaded_app: New input event: type=2
12-11 19:07:37.067 29649 29764 V threaded_app: New input event: type=2
12-11 19:07:37.176 29649 29764 V threaded_app: New input event: type=2
12-11 19:07:37.607 29649 29954 D AudioManager: isBluetoothScoOn()=false, calling
application:com.game.loader
12-11 19:07:38.444 29649 29764 V threaded_app: New input event: type=2
12-11 19:07:38.571 29649 29764 V threaded_app: New input event: type=2
12-11 19:07:38.610 29649 29764 V threaded_app: New input event: type=2
12-11 19:07:38.627 29649 29764 V threaded_app: New input event: type=2
12-11 19:07:38.644 29649 29764 V threaded_app: New input event: type=2
12-11 19:07:38.661 29649 29764 V threaded_app: New input event: type=2
12-11 19:07:38.678 29649 29764 V threaded_app: New input event: type=2
12-11 19:07:38.693 29649 29764 V threaded_app: New input event: type=2
12-11 19:07:38.709 29649 29764 V threaded_app: New input event: type=2
12-11 19:07:38.726 29649 29764 V threaded_app: New input event: type=2
12-11 19:07:38.743 29649 29764 V threaded_app: New input event: type=2
12-11 19:07:38.759 29649 29764 V threaded_app: New input event: type=2
12-11 19:07:38.776 29649 29764 V threaded_app: New input event: type=2
12-11 19:07:38.793 29649 29764 V threaded_app: New input event: type=2
12-11 19:07:38.809 29649 29764 V threaded_app: New input event: type=2
12-11 19:07:38.825 29649 29764 V threaded_app: New input event: type=2
12-11 19:07:38.843 29649 29764 V threaded_app: New input event: type=2
12-11 19:07:38.859 29649 29764 V threaded_app: New input event: type=2
12-11 19:07:38.876 29649 29764 V threaded_app: New input event: type=2
12-11 19:07:38.892 29649 29764 V threaded_app: New input event: type=2
12-11 19:07:38.909 29649 29764 V threaded_app: New input event: type=2
12-11 19:07:38.926 29649 29764 V threaded_app: New input event: type=2
12-11 19:07:38.942 29649 29764 V threaded_app: New input event: type=2
12-11 19:07:38.959 29649 29764 V threaded_app: New input event: type=2
12-11 19:07:38.973 29649 29954 D AudioManager: isBluetoothScoOn()=false, calling
application:com.game.loader
12-11 19:07:38.975 29649 29764 V threaded_app: New input event: type=2
12-11 19:07:38.992 29649 29764 V threaded_app: New input event: type=2
12-11 19:07:39.008 29649 29764 V threaded_app: New input event: type=2
12-11 19:07:39.026 29649 29764 V threaded_app: New input event: type=2
12-11 19:07:39.043 29649 29764 V threaded_app: New input event: type=2
12-11 19:07:39.058 29649 29764 V threaded_app: New input event: type=2
12-11 19:07:39.075 29649 29764 V threaded_app: New input event: type=2
12-11 19:07:39.095 29649 29764 V threaded_app: New input event: type=2
12-11 19:07:39.108 29649 29764 V threaded_app: New input event: type=2
12-11 19:07:39.125 29649 29764 V threaded_app: New input event: type=2
12-11 19:07:39.141 29649 29764 V threaded_app: New input event: type=2
12-11 19:07:39.158 29649 29764 V threaded_app: New input event: type=2
12-11 19:07:39.175 29649 29764 V threaded_app: New input event: type=2
12-11 19:07:39.191 29649 29764 V threaded_app: New input event: type=2
12-11 19:07:39.208 29649 29764 V threaded_app: New input event: type=2
12-11 19:07:39.225 29649 29764 V threaded_app: New input event: type=2
12-11 19:07:39.241 29649 29764 V threaded_app: New input event: type=2
12-11 19:07:39.258 29649 29764 V threaded_app: New input event: type=2
12-11 19:07:39.274 29649 29764 V threaded_app: New input event: type=2
12-11 19:07:39.291 29649 29764 V threaded_app: New input event: type=2
12-11 19:07:39.308 29649 29764 V threaded_app: New input event: type=2
12-11 19:07:39.323 29649 29764 V threaded_app: New input event: type=2
12-11 19:07:39.340 29649 29764 V threaded_app: New input event: type=2
12-11 19:07:39.357 29649 29764 V threaded_app: New input event: type=2
12-11 19:07:39.373 29649 29764 V threaded_app: New input event: type=2
12-11 19:07:39.390 29649 29764 V threaded_app: New input event: type=2
12-11 19:07:39.407 29649 29764 V threaded_app: New input event: type=2
12-11 19:07:39.423 29649 29764 V threaded_app: New input event: type=2
12-11 19:07:39.440 29649 29764 V threaded_app: New input event: type=2
12-11 19:07:39.457 29649 29764 V threaded_app: New input event: type=2
12-11 19:07:39.473 29649 29764 V threaded_app: New input event: type=2
12-11 19:07:39.490 29649 29764 V threaded_app: New input event: type=2
12-11 19:07:39.508 29649 29764 V threaded_app: New input event: type=2
12-11 19:07:39.523 29649 29764 V threaded_app: New input event: type=2
12-11 19:07:39.539 29649 29764 V threaded_app: New input event: type=2
12-11 19:07:39.557 29649 29764 V threaded_app: New input event: type=2
12-11 19:07:39.573 29649 29764 V threaded_app: New input event: type=2
12-11 19:07:39.590 29649 29764 V threaded_app: New input event: type=2
12-11 19:07:39.606 29649 29764 V threaded_app: New input event: type=2
12-11 19:07:39.623 29649 29764 V threaded_app: New input event: type=2
12-11 19:07:39.639 29649 29764 V threaded_app: New input event: type=2
12-11 19:07:39.656 29649 29764 V threaded_app: New input event: type=2
12-11 19:07:39.673 29649 29764 V threaded_app: New input event: type=2
12-11 19:07:39.690 29649 29764 V threaded_app: New input event: type=2
12-11 19:07:39.706 29649 29764 V threaded_app: New input event: type=2
12-11 19:07:39.722 29649 29764 V threaded_app: New input event: type=2
12-11 19:07:39.740 29649 29764 V threaded_app: New input event: type=2
12-11 19:07:39.756 29649 29764 V threaded_app: New input event: type=2
12-11 19:07:39.772 29649 29764 V threaded_app: New input event: type=2
12-11 19:07:39.789 29649 29764 V threaded_app: New input event: type=2
12-11 19:07:39.806 29649 29764 V threaded_app: New input event: type=2
12-11 19:07:39.822 29649 29764 V threaded_app: New input event: type=2
12-11 19:07:39.838 29649 29764 V threaded_app: New input event: type=2
12-11 19:07:39.855 29649 29764 V threaded_app: New input event: type=2
12-11 19:07:39.872 29649 29764 V threaded_app: New input event: type=2
12-11 19:07:39.888 29649 29764 V threaded_app: New input event: type=2
12-11 19:07:39.906 29649 29764 V threaded_app: New input event: type=2
12-11 19:07:39.921 29649 29764 V threaded_app: New input event: type=2
12-11 19:07:39.939 29649 29764 V threaded_app: New input event: type=2
12-11 19:07:39.955 29649 29764 V threaded_app: New input event: type=2
12-11 19:07:39.972 29649 29764 V threaded_app: New input event: type=2
12-11 19:07:39.988 29649 29764 V threaded_app: New input event: type=2
12-11 19:07:40.004 29649 29764 V threaded_app: New input event: type=2
12-11 19:07:40.021 29649 29764 V threaded_app: New input event: type=2
12-11 19:07:40.038 29649 29764 V threaded_app: New input event: type=2
12-11 19:07:40.055 29649 29764 V threaded_app: New input event: type=2
12-11 19:07:40.071 29649 29764 V threaded_app: New input event: type=2
12-11 19:07:40.088 29649 29764 V threaded_app: New input event: type=2
12-11 19:07:40.104 29649 29764 V threaded_app: New input event: type=2
12-11 19:07:40.121 29649 29764 V threaded_app: New input event: type=2
12-11 19:07:40.139 29649 29764 V threaded_app: New input event: type=2
12-11 19:07:40.154 29649 29764 V threaded_app: New input event: type=2
12-11 19:07:40.155 29649 29764 V threaded_app: New input event: type=2
12-11 19:07:40.156 29649 29764 V threaded_app: New input event: type=2
12-11 19:07:40.170 29649 29764 V threaded_app: New input event: type=2
12-11 19:07:40.187 29649 29764 V threaded_app: New input event: type=2
12-11 19:07:40.203 29649 29764 V threaded_app: New input event: type=2
12-11 19:07:40.221 29649 29764 V threaded_app: New input event: type=2
12-11 19:07:40.237 29649 29764 V threaded_app: New input event: type=2
12-11 19:07:40.253 29649 29764 V threaded_app: New input event: type=2
12-11 19:07:40.271 29649 29764 V threaded_app: New input event: type=2
12-11 19:07:40.288 29649 29764 V threaded_app: New input event: type=2
12-11 19:07:40.304 29649 29764 V threaded_app: New input event: type=2
12-11 19:07:40.321 29649 29764 V threaded_app: New input event: type=2
12-11 19:07:40.337 29649 29954 D AudioManager: isBluetoothScoOn()=false, calling
application:com.game.loader
12-11 19:07:40.338 29649 29764 V threaded_app: New input event: type=2
12-11 19:07:40.354 29649 29764 V threaded_app: New input event: type=2
12-11 19:07:40.371 29649 29764 V threaded_app: New input event: type=2
12-11 19:07:40.386 29649 29764 V threaded_app: New input event: type=2
12-11 19:07:40.404 29649 29764 V threaded_app: New input event: type=2
12-11 19:07:40.420 29649 29764 V threaded_app: New input event: type=2
12-11 19:07:40.437 29649 29764 V threaded_app: New input event: type=2
12-11 19:07:40.454 29649 29764 V threaded_app: New input event: type=2
12-11 19:07:40.470 29649 29764 V threaded_app: New input event: type=2
12-11 19:07:40.487 29649 29764 V threaded_app: New input event: type=2
12-11 19:07:40.503 29649 29764 V threaded_app: New input event: type=2
12-11 19:07:40.519 29649 29764 V threaded_app: New input event: type=2
12-11 19:07:40.532 29649 29764 V threaded_app: New input event: type=2
12-11 19:07:40.533 29649 29764 V threaded_app: New input event: type=2
12-11 19:07:40.553 29649 29764 V threaded_app: New input event: type=2
12-11 19:07:40.569 29649 29764 V threaded_app: New input event: type=2
12-11 19:07:40.586 29649 29764 V threaded_app: New input event: type=2
12-11 19:07:40.602 29649 29764 V threaded_app: New input event: type=2
12-11 19:07:40.620 29649 29764 V threaded_app: New input event: type=2
12-11 19:07:40.636 29649 29764 V threaded_app: New input event: type=2
12-11 19:07:40.653 29649 29764 V threaded_app: New input event: type=2
12-11 19:07:40.657 29649 29764 V threaded_app: New input event: type=2
12-11 19:07:40.669 29649 29764 V threaded_app: New input event: type=2
12-11 19:07:40.685 29649 29764 V threaded_app: New input event: type=2
12-11 19:07:40.702 29649 29764 V threaded_app: New input event: type=2
12-11 19:07:40.719 29649 29764 V threaded_app: New input event: type=2
12-11 19:07:40.737 29649 29764 V threaded_app: New input event: type=2
12-11 19:07:40.752 29649 29764 V threaded_app: New input event: type=2
12-11 19:07:40.769 29649 29764 V threaded_app: New input event: type=2
12-11 19:07:40.785 29649 29764 V threaded_app: New input event: type=2
12-11 19:07:40.801 29649 29764 V threaded_app: New input event: type=2
12-11 19:07:40.818 29649 29764 V threaded_app: New input event: type=2
12-11 19:07:40.835 29649 29764 V threaded_app: New input event: type=2
12-11 19:07:40.851 29649 29764 V threaded_app: New input event: type=2
12-11 19:07:40.868 29649 29764 V threaded_app: New input event: type=2
12-11 19:07:40.884 29649 29764 V threaded_app: New input event: type=2
12-11 19:07:40.901 29649 29764 V threaded_app: New input event: type=2
12-11 19:07:40.918 29649 29764 V threaded_app: New input event: type=2
12-11 19:07:40.935 29649 29764 V threaded_app: New input event: type=2
12-11 19:07:40.950 29649 29764 V threaded_app: New input event: type=2
12-11 19:07:40.967 29649 29764 V threaded_app: New input event: type=2
12-11 19:07:40.984 29649 29764 V threaded_app: New input event: type=2
12-11 19:07:40.998 29649 29917 E LoadedApk: performReceive() called targeting raw
IIntentReceiver for Intent { act=android.intent.action.BATTERY_CHANGED
flg=0x70000010 (has extras) }
12-11 19:07:41.001 29649 29764 V threaded_app: New input event: type=2
12-11 19:07:41.018 29649 29764 V threaded_app: New input event: type=2
12-11 19:07:41.035 29649 29764 V threaded_app: New input event: type=2
12-11 19:07:41.050 29649 29764 V threaded_app: New input event: type=2
12-11 19:07:41.067 29649 29764 V threaded_app: New input event: type=2
12-11 19:07:41.084 29649 29764 V threaded_app: New input event: type=2
12-11 19:07:41.101 29649 29764 V threaded_app: New input event: type=2
12-11 19:07:41.118 29649 29764 V threaded_app: New input event: type=2
12-11 19:07:41.134 29649 29764 V threaded_app: New input event: type=2
12-11 19:07:41.151 29649 29764 V threaded_app: New input event: type=2
12-11 19:07:41.166 29649 29764 V threaded_app: New input event: type=2
12-11 19:07:41.184 29649 29764 V threaded_app: New input event: type=2
12-11 19:07:41.200 29649 29764 V threaded_app: New input event: type=2
12-11 19:07:41.217 29649 29764 V threaded_app: New input event: type=2
12-11 19:07:41.233 29649 29764 V threaded_app: New input event: type=2
12-11 19:07:41.283 29649 29764 V threaded_app: New input event: type=2
12-11 19:07:41.301 29649 29764 V threaded_app: New input event: type=2
12-11 19:07:41.316 29649 29764 V threaded_app: New input event: type=2
12-11 19:07:41.349 29649 29764 V threaded_app: New input event: type=2
12-11 19:07:41.366 29649 29764 V threaded_app: New input event: type=2
12-11 19:07:41.382 29649 29764 V threaded_app: New input event: type=2
12-11 19:07:41.399 29649 29764 V threaded_app: New input event: type=2
12-11 19:07:41.416 29649 29764 V threaded_app: New input event: type=2
12-11 19:07:41.701 29649 29954 D AudioManager: isBluetoothScoOn()=false, calling
application:com.game.loader
12-11 19:07:41.714 29649 29764 V threaded_app: New input event: type=2
12-11 19:07:41.745 29649 29764 V threaded_app: New input event: type=2
12-11 19:07:42.362 29649 29649 D callGcSupression: java.lang.NullPointerException:
Attempt to invoke virtual method 'java.lang.Object
java.lang.reflect.Method.invoke(java.lang.Object, java.lang.Object[])' on a null
object reference
12-11 19:07:42.398 29649 29649 D VRI[GameActivity]: onFocusEvent false
12-11 19:07:42.398 29649 29649 V threaded_app: WindowFocusChanged: 0x756b90e380 --
0
12-11 19:07:42.399 29649 29764 D UE4 : Case APP_CMD_LOST_FOCUS
12-11 19:07:42.406 29649 29649 W VRI[GameActivity]: handleResized abandoned!
12-11 19:07:42.515 29649 29649 W VRI[GameActivity]: handleResized abandoned!
12-11 19:07:43.070 29649 29954 D AudioManager: isBluetoothScoOn()=false, calling
application:com.game.loader
12-11 19:07:43.299 29649 29779 E HDmpve : [2024-12-11 19:07:43 299] | Error |
[HDmpve] |0x74329bfcb0| Connector+Update.cpp:197|innerUpdate|
[Connector:0x739d8f8c00]: tgcpapi_update networkState:1, ret:-9, network exception,
tcp://in-lobby.globh.com:17500(20.212.22.90), openid:14687228475606442, netstate:1
12-11 19:07:43.401 29649 29765 D OplusScrollToTopManager:
com.pubg.imobile/com.epicgames.ue4.GameActivity,This
DecorView@c922988[GameActivity] change focus to false
12-11 19:07:43.652 29649 29917 E LoadedApk: performReceive() called targeting raw
IIntentReceiver for Intent { act=android.net.conn.CONNECTIVITY_CHANGE flg=0x4200010
(has extras) }
12-11 19:07:43.654 29649 29764 V threaded_app: New input event: type=2
12-11 19:07:43.666 29649 29917 E LoadedApk: performReceive() called targeting raw
IIntentReceiver for Intent { act=android.net.conn.CONNECTIVITY_CHANGE flg=0x4200010
(has extras) }
12-11 19:07:43.669 29649 29917 E LoadedApk: performReceive() called targeting raw
IIntentReceiver for Intent { act=android.net.conn.CONNECTIVITY_CHANGE flg=0x4200010
(has extras) }
12-11 19:07:43.673 29649 29658 E LoadedApk: performReceive() called targeting raw
IIntentReceiver for Intent { act=android.net.conn.CONNECTIVITY_CHANGE flg=0x4200010
(has extras) }
12-11 19:07:43.673 29649 29764 V threaded_app: New input event: type=2
12-11 19:07:43.687 29649 29649 D callGcSupression: java.lang.NullPointerException:
Attempt to invoke virtual method 'java.lang.Object
java.lang.reflect.Method.invoke(java.lang.Object, java.lang.Object[])' on a null
object reference
12-11 19:07:43.687 29649 29649 D ResourcesManagerExtImpl:
applyConfigurationToAppResourcesLocked app.getDisplayId() return
callback.displayId:0
12-11 19:07:43.689 29649 29649 D InsetsController: setRequestedVisibleTypes,
mRequestedVisibleTypes: captionBar systemGestures mandatorySystemGestures
tappableElement displayCutout windowDecor systemOverlays, requestedVisibleTypes:
captionBar systemGestures mandatorySystemGestures tappableElement displayCutout
windowDecor systemOverlays, visibleTypes: , type: 2, call:
android.view.InsetsController.controlAnimationUnchecked:1380
android.view.InsetsController.applyAnimation:1927
android.view.InsetsController.applyAnimation:1903
android.view.InsetsController.onControlsChanged:1136
android.view.ViewRootImpl$ViewRootHandler.handleMessageImpl:6681
android.view.ViewRootImpl$ViewRootHandler.handleMessage:6631
android.os.Handler.dispatchMessage:106 android.os.Looper.loopOnce:255
android.os.Looper.loop:364 android.app.ActivityThread.main:8979
12-11 19:07:43.691 29649 29764 V threaded_app: New input event: type=2
12-11 19:07:43.694 29649 29649 D VRI[GameActivity]: onFocusEvent true
12-11 19:07:43.698 29649 29649 V threaded_app: WindowFocusChanged: 0x756b90e380 --
1
12-11 19:07:43.699 29649 29764 D UE4 : Case APP_CMD_GAINED_FOCUS
12-11 19:07:43.708 29649 29764 V threaded_app: New input event: type=2
12-11 19:07:43.708 29649 29649 W VRI[GameActivity]: handleResized abandoned!
12-11 19:07:43.724 29649 29764 V threaded_app: New input event: type=2
12-11 19:07:43.730 29649 29649 D callGcSupression: java.lang.NullPointerException:
Attempt to invoke virtual method 'java.lang.Object
java.lang.reflect.Method.invoke(java.lang.Object, java.lang.Object[])' on a null
object reference
12-11 19:07:43.814 29649 29764 V threaded_app: New input event: type=2
12-11 19:07:43.815 29649 29764 V threaded_app: New input event: type=2
12-11 19:07:43.816 29649 29649 D callGcSupression: java.lang.NullPointerException:
Attempt to invoke virtual method 'java.lang.Object
java.lang.reflect.Method.invoke(java.lang.Object, java.lang.Object[])' on a null
object reference
12-11 19:07:43.817 29649 29649 D ResourcesManagerExtImpl:
applyConfigurationToAppResourcesLocked app.getDisplayId() return
callback.displayId:0
12-11 19:07:43.900 29649 29649 D InsetsController: setRequestedVisibleTypes,
mRequestedVisibleTypes: captionBar systemGestures mandatorySystemGestures
tappableElement displayCutout windowDecor systemOverlays, requestedVisibleTypes:
captionBar systemGestures mandatorySystemGestures tappableElement displayCutout
windowDecor systemOverlays, visibleTypes: , type: 2, call:
android.view.InsetsController.notifyFinished:1678
android.view.InsetsAnimationThreadControlRunner$1.lambda$notifyFinished$0:86
android.view.InsetsAnimationThreadControlRunner$1.$r8$lambda$RAf1SfIREsj9-
wH5FOigMy6eLkM:0 android.view.InsetsAnimationThreadControlRunner$1$
$ExternalSyntheticLambda1.run:4 android.os.Handler.handleCallback:958
android.os.Handler.dispatchMessage:99 android.os.Looper.loopOnce:255
android.os.Looper.loop:364 android.app.ActivityThread.main:8979
java.lang.reflect.Method.invoke:-2
12-11 19:07:43.983 29649 30025 W System.err: java.lang.IllegalArgumentException:
Invalid path: /storage/emulated/0/SdCard
12-11 19:07:43.984 29649 30025 W System.err: at
android.os.StatFs.doStat(StatFs.java:53)
12-11 19:07:43.984 29649 30025 W System.err: at
android.os.StatFs.<init>(StatFs.java:43)
12-11 19:07:43.984 29649 30025 W System.err: at
com.uqm.crashkit.crashreport.common.info.e.l(Unknown Source:19)
12-11 19:07:43.984 29649 30025 W System.err: at
com.uqm.crashkit.crashreport.common.info.a.u(Unknown Source:8)
12-11 19:07:43.984 29649 30025 W System.err: at
com.uqm.crashkit.proguard.g.a(SourceFile:4)
12-11 19:07:43.984 29649 30025 W System.err: at
com.uqm.crashkit.crashreport.biz.a.c(Unknown Source:274)
12-11 19:07:43.984 29649 30025 W System.err: at
com.uqm.crashkit.crashreport.biz.a.a(SourceFile:6)
12-11 19:07:43.984 29649 30025 W System.err: at
com.uqm.crashkit.crashreport.biz.a$b.run(Unknown Source:2)
12-11 19:07:43.984 29649 30025 W System.err: at
java.util.concurrent.Executors$RunnableAdapter.call(Executors.java:487)
12-11 19:07:43.984 29649 30025 W System.err: at
java.util.concurrent.FutureTask.run(FutureTask.java:264)
12-11 19:07:43.984 29649 30025 W System.err: at
java.util.concurrent.ScheduledThreadPoolExecutor$ScheduledFutureTask.run(ScheduledT
hreadPoolExecutor.java:307)
12-11 19:07:43.984 29649 30025 W System.err: at
java.util.concurrent.ThreadPoolExecutor.runWorker(ThreadPoolExecutor.java:1145)
12-11 19:07:43.984 29649 30025 W System.err: at
java.util.concurrent.ThreadPoolExecutor$Worker.run(ThreadPoolExecutor.java:644)
12-11 19:07:43.984 29649 30025 W System.err: at
java.lang.Thread.run(Thread.java:1012)
12-11 19:07:43.984 29649 30025 W System.err: Caused by:
android.system.ErrnoException: statvfs failed: ENOENT (No such file or directory)
12-11 19:07:43.984 29649 30025 W System.err: at libcore.io.Linux.statvfs(Native
Method)
12-11 19:07:43.984 29649 30025 W System.err: at
libcore.io.ForwardingOs.statvfs(ForwardingOs.java:852)
12-11 19:07:43.984 29649 30025 W System.err: at
libcore.io.BlockGuardOs.statvfs(BlockGuardOs.java:428)
12-11 19:07:43.984 29649 30025 W System.err: at
libcore.io.ForwardingOs.statvfs(ForwardingOs.java:852)
12-11 19:07:43.984 29649 30025 W System.err: at
java.lang.reflect.Method.invoke(Native Method)
12-11 19:07:43.984 29649 30025 W System.err: at
com.gbox.fake.hook.ClassInvocationStub.invoke(SourceFile:44)
12-11 19:07:43.984 29649 30025 W System.err: at
com.gbox.fake.service.libcore.OsProxy.invoke(SourceFile:43)
12-11 19:07:43.984 29649 30025 W System.err: at
java.lang.reflect.Proxy.invoke(Proxy.java:1006)
12-11 19:07:43.984 29649 30025 W System.err: at $Proxy61.statvfs(Unknown Source)
12-11 19:07:43.984 29649 30025 W System.err: at
android.system.Os.statvfs(Os.java:909)
12-11 19:07:43.984 29649 30025 W System.err: at
android.os.StatFs.doStat(StatFs.java:51)
12-11 19:07:43.984 29649 30025 W System.err: ... 13 more
12-11 19:07:44.438 29649 29954 D AudioManager: isBluetoothScoOn()=false, calling
application:com.game.loader
12-11 19:07:44.655 29649 31270 D TrafficStats: tagSocket(548) with statsTag=0x2710,
statsUid=-1
12-11 19:07:44.704 29649 29765 D OplusScrollToTopManager:
com.pubg.imobile/com.epicgames.ue4.GameActivity,This
DecorView@c922988[GameActivity] change focus to true
12-11 19:07:44.823 29649 29764 V threaded_app: New input event: type=2
12-11 19:07:44.938 29649 29764 V threaded_app: New input event: type=2
12-11 19:07:45.799 29649 29954 D AudioManager: isBluetoothScoOn()=false, calling
application:com.game.loader
12-11 19:07:46.053 29649 29764 V threaded_app: New input event: type=2
12-11 19:07:46.146 29649 29764 V threaded_app: New input event: type=2
12-11 19:07:46.587 29649 29764 V threaded_app: New input event: type=2
12-11 19:07:46.680 29649 29764 V threaded_app: New input event: type=2
12-11 19:07:47.083 29649 29764 V threaded_app: New input event: type=2
12-11 19:07:47.164 29649 29954 D AudioManager: isBluetoothScoOn()=false, calling
application:com.game.loader
12-11 19:07:47.210 29649 29764 V threaded_app: New input event: type=2
12-11 19:07:47.570 29649 29764 V threaded_app: New input event: type=2
12-11 19:07:47.650 29649 29764 V threaded_app: New input event: type=2
12-11 19:07:47.667 29649 29764 V threaded_app: New input event: type=2
12-11 19:07:47.684 29649 29764 V threaded_app: New input event: type=2
12-11 19:07:47.701 29649 29764 V threaded_app: New input event: type=2
12-11 19:07:47.716 29649 29764 V threaded_app: New input event: type=2
12-11 19:07:47.732 29649 29764 V threaded_app: New input event: type=2
12-11 19:07:47.749 29649 29764 V threaded_app: New input event: type=2
12-11 19:07:47.766 29649 29764 V threaded_app: New input event: type=2
12-11 19:07:47.782 29649 29764 V threaded_app: New input event: type=2
12-11 19:07:47.799 29649 29764 V threaded_app: New input event: type=2
12-11 19:07:47.816 29649 29764 V threaded_app: New input event: type=2
12-11 19:07:47.833 29649 29764 V threaded_app: New input event: type=2
12-11 19:07:47.850 29649 29764 V threaded_app: New input event: type=2
12-11 19:07:47.865 29649 29764 V threaded_app: New input event: type=2
12-11 19:07:47.882 29649 29764 V threaded_app: New input event: type=2
12-11 19:07:47.900 29649 29764 V threaded_app: New input event: type=2
12-11 19:07:47.915 29649 29764 V threaded_app: New input event: type=2
12-11 19:07:47.936 29649 29764 V threaded_app: New input event: type=2
12-11 19:07:47.948 29649 29764 V threaded_app: New input event: type=2
12-11 19:07:47.965 29649 29764 V threaded_app: New input event: type=2
12-11 19:07:47.982 29649 29764 V threaded_app: New input event: type=2
12-11 19:07:48.002 29649 29764 V threaded_app: New input event: type=2
12-11 19:07:48.015 29649 29764 V threaded_app: New input event: type=2
12-11 19:07:48.027 29649 29764 V threaded_app: New input event: type=2
12-11 19:07:48.027 29649 29764 V threaded_app: New input event: type=2
12-11 19:07:48.053 29649 29764 V threaded_app: New input event: type=2
12-11 19:07:48.065 29649 29764 V threaded_app: New input event: type=2
12-11 19:07:48.082 29649 29764 V threaded_app: New input event: type=2
12-11 19:07:48.098 29649 29764 V threaded_app: New input event: type=2
12-11 19:07:48.119 29649 29764 V threaded_app: New input event: type=2
12-11 19:07:48.132 29649 29764 V threaded_app: New input event: type=2
12-11 19:07:48.150 29649 29764 V threaded_app: New input event: type=2
12-11 19:07:48.166 29649 29764 V threaded_app: New input event: type=2
12-11 19:07:48.179 29649 29764 V threaded_app: New input event: type=2
12-11 19:07:48.179 29649 29764 V threaded_app: New input event: type=2
12-11 19:07:48.197 29649 29764 V threaded_app: New input event: type=2
12-11 19:07:48.215 29649 29764 V threaded_app: New input event: type=2
12-11 19:07:48.238 29649 29764 V threaded_app: New input event: type=2
12-11 19:07:48.333 29649 29764 V threaded_app: New input event: type=2
12-11 19:07:48.347 29649 29764 V threaded_app: New input event: type=2
12-11 19:07:48.365 29649 29764 V threaded_app: New input event: type=2
12-11 19:07:48.380 29649 29764 V threaded_app: New input event: type=2
12-11 19:07:48.397 29649 29764 V threaded_app: New input event: type=2
12-11 19:07:48.413 29649 29764 V threaded_app: New input event: type=2
12-11 19:07:48.431 29649 29764 V threaded_app: New input event: type=2
12-11 19:07:48.459 29649 29764 V threaded_app: New input event: type=2
12-11 19:07:48.529 29649 29954 D AudioManager: isBluetoothScoOn()=false, calling
application:com.game.loader
12-11 19:07:48.774 29649 29764 V threaded_app: New input event: type=2
12-11 19:07:48.912 29649 29764 V threaded_app: New input event: type=2
12-11 19:07:48.929 29649 29764 V threaded_app: New input event: type=2
12-11 19:07:48.944 29649 29764 V threaded_app: New input event: type=2
12-11 19:07:48.962 29649 29764 V threaded_app: New input event: type=2
12-11 19:07:48.983 29649 29764 V threaded_app: New input event: type=2
12-11 19:07:49.003 29649 29764 V threaded_app: New input event: type=2
12-11 19:07:49.022 29649 29764 V threaded_app: New input event: type=2
12-11 19:07:49.027 29649 29764 V threaded_app: New input event: type=2
12-11 19:07:49.044 29649 29764 V threaded_app: New input event: type=2
12-11 19:07:49.061 29649 29764 V threaded_app: New input event: type=2
12-11 19:07:49.077 29649 29764 V threaded_app: New input event: type=2
12-11 19:07:49.094 29649 29764 V threaded_app: New input event: type=2
12-11 19:07:49.113 29649 29764 V threaded_app: New input event: type=2
12-11 19:07:49.131 29649 29764 V threaded_app: New input event: type=2
12-11 19:07:49.144 29649 29764 V threaded_app: New input event: type=2
12-11 19:07:49.162 29649 29764 V threaded_app: New input event: type=2
12-11 19:07:49.177 29649 29764 V threaded_app: New input event: type=2
12-11 19:07:49.209 29649 29764 V threaded_app: New input event: type=2
12-11 19:07:49.211 29649 29764 V threaded_app: New input event: type=2
12-11 19:07:49.233 29649 29764 V threaded_app: New input event: type=2
12-11 19:07:49.243 29649 29764 V threaded_app: New input event: type=2
12-11 19:07:49.272 29649 29764 V threaded_app: New input event: type=2
12-11 19:07:49.276 29649 29764 V threaded_app: New input event: type=2
12-11 19:07:49.293 29649 29764 V threaded_app: New input event: type=2
12-11 19:07:49.311 29649 29764 V threaded_app: New input event: type=2
12-11 19:07:49.326 29649 29764 V threaded_app: New input event: type=2
12-11 19:07:49.345 29649 29764 V threaded_app: New input event: type=2
12-11 19:07:49.359 29649 29764 V threaded_app: New input event: type=2
12-11 19:07:49.376 29649 29764 V threaded_app: New input event: type=2
12-11 19:07:49.393 29649 29764 V threaded_app: New input event: type=2
12-11 19:07:49.409 29649 29764 V threaded_app: New input event: type=2
12-11 19:07:49.410 29649 29764 V threaded_app: New input event: type=2
12-11 19:07:49.429 29649 29764 V threaded_app: New input event: type=2
12-11 19:07:49.443 29649 29764 V threaded_app: New input event: type=2
12-11 19:07:49.460 29649 29764 V threaded_app: New input event: type=2
12-11 19:07:49.479 29649 29764 V threaded_app: New input event: type=2
12-11 19:07:49.493 29649 29764 V threaded_app: New input event: type=2
12-11 19:07:49.509 29649 29764 V threaded_app: New input event: type=2
12-11 19:07:49.526 29649 29764 V threaded_app: New input event: type=2
12-11 19:07:49.544 29649 29764 V threaded_app: New input event: type=2
12-11 19:07:49.560 29649 29764 V threaded_app: New input event: type=2
12-11 19:07:49.576 29649 29764 V threaded_app: New input event: type=2
12-11 19:07:49.596 29649 29764 V threaded_app: New input event: type=2
12-11 19:07:49.609 29649 29764 V threaded_app: New input event: type=2
12-11 19:07:49.625 29649 29764 V threaded_app: New input event: type=2
12-11 19:07:49.644 29649 29764 V threaded_app: New input event: type=2
12-11 19:07:49.659 29649 29764 V threaded_app: New input event: type=2
12-11 19:07:49.674 29649 29764 V threaded_app: New input event: type=2
12-11 19:07:49.674 29649 29764 V threaded_app: New input event: type=2
12-11 19:07:49.893 29649 29954 D AudioManager: isBluetoothScoOn()=false, calling
application:com.game.loader
12-11 19:07:51.259 29649 29954 D AudioManager: isBluetoothScoOn()=false, calling
application:com.game.loader
12-11 19:07:51.411 29649 29764 V threaded_app: New input event: type=2
12-11 19:07:51.452 29649 29764 V threaded_app: New input event: type=2
12-11 19:07:52.624 29649 29954 D AudioManager: isBluetoothScoOn()=false, calling
application:com.game.loader
12-11 19:07:53.472 29649 29764 V threaded_app: New input event: type=2
12-11 19:07:53.551 29649 29764 V threaded_app: New input event: type=2
12-11 19:07:53.566 29649 29764 V threaded_app: New input event: type=2
12-11 19:07:53.582 29649 29764 V threaded_app: New input event: type=2
12-11 19:07:53.595 29649 29764 V threaded_app: New input event: type=2
12-11 19:07:53.611 29649 29764 V threaded_app: New input event: type=2
12-11 19:07:53.635 29649 29764 V threaded_app: New input event: type=2
12-11 19:07:53.644 29649 29764 V threaded_app: New input event: type=2
12-11 19:07:53.660 29649 29764 V threaded_app: New input event: type=2
12-11 19:07:53.677 29649 29764 V threaded_app: New input event: type=2
12-11 19:07:53.694 29649 29764 V threaded_app: New input event: type=2
12-11 19:07:53.710 29649 29764 V threaded_app: New input event: type=2
12-11 19:07:53.728 29649 29764 V threaded_app: New input event: type=2
12-11 19:07:53.744 29649 29764 V threaded_app: New input event: type=2
12-11 19:07:53.761 29649 29764 V threaded_app: New input event: type=2
12-11 19:07:53.778 29649 29764 V threaded_app: New input event: type=2
12-11 19:07:53.793 29649 29764 V threaded_app: New input event: type=2
12-11 19:07:53.810 29649 29764 V threaded_app: New input event: type=2
12-11 19:07:53.832 29649 29764 V threaded_app: New input event: type=2
12-11 19:07:53.842 29649 29764 V threaded_app: New input event: type=2
12-11 19:07:53.859 29649 29764 V threaded_app: New input event: type=2
12-11 19:07:53.875 29649 29764 V threaded_app: New input event: type=2
12-11 19:07:53.892 29649 29764 V threaded_app: New input event: type=2
12-11 19:07:53.968 29649 29764 V threaded_app: New input event: type=2
12-11 19:07:53.992 29649 29954 D AudioManager: isBluetoothScoOn()=false, calling
application:com.game.loader
12-11 19:07:54.009 29649 29764 V threaded_app: New input event: type=2
12-11 19:07:54.043 29649 29764 V threaded_app: New input event: type=2
12-11 19:07:54.058 29649 29764 V threaded_app: New input event: type=2
12-11 19:07:54.075 29649 29764 V threaded_app: New input event: type=2
12-11 19:07:54.091 29649 29764 V threaded_app: New input event: type=2
12-11 19:07:54.108 29649 29764 V threaded_app: New input event: type=2
12-11 19:07:54.124 29649 29764 V threaded_app: New input event: type=2
12-11 19:07:54.141 29649 29764 V threaded_app: New input event: type=2
12-11 19:07:54.158 29649 29764 V threaded_app: New input event: type=2
12-11 19:07:54.160 29649 29764 V threaded_app: New input event: type=2
12-11 19:07:54.176 29649 29764 V threaded_app: New input event: type=2
12-11 19:07:54.191 29649 29764 V threaded_app: New input event: type=2
12-11 19:07:54.208 29649 29764 V threaded_app: New input event: type=2
12-11 19:07:54.224 29649 29764 V threaded_app: New input event: type=2
12-11 19:07:54.241 29649 29764 V threaded_app: New input event: type=2
12-11 19:07:54.258 29649 29764 V threaded_app: New input event: type=2
12-11 19:07:54.275 29649 29764 V threaded_app: New input event: type=2
12-11 19:07:54.290 29649 29764 V threaded_app: New input event: type=2
12-11 19:07:54.307 29649 29764 V threaded_app: New input event: type=2
12-11 19:07:54.324 29649 29764 V threaded_app: New input event: type=2
12-11 19:07:54.341 29649 29764 V threaded_app: New input event: type=2
12-11 19:07:54.357 29649 29764 V threaded_app: New input event: type=2
12-11 19:07:54.374 29649 29764 V threaded_app: New input event: type=2
12-11 19:07:54.392 29649 29764 V threaded_app: New input event: type=2
12-11 19:07:54.408 29649 29764 V threaded_app: New input event: type=2
12-11 19:07:54.424 29649 29764 V threaded_app: New input event: type=2
12-11 19:07:54.440 29649 29764 V threaded_app: New input event: type=2
12-11 19:07:54.456 29649 29764 V threaded_app: New input event: type=2
12-11 19:07:54.473 29649 29764 V threaded_app: New input event: type=2
12-11 19:07:54.490 29649 29764 V threaded_app: New input event: type=2
12-11 19:07:54.507 29649 29764 V threaded_app: New input event: type=2
12-11 19:07:54.513 29649 29764 V threaded_app: New input event: type=2
12-11 19:07:54.514 29649 29764 V threaded_app: New input event: type=2
12-11 19:07:54.522 29649 29764 V threaded_app: New input event: type=2
12-11 19:07:54.539 29649 29764 V threaded_app: New input event: type=2
12-11 19:07:54.556 29649 29764 V threaded_app: New input event: type=2
12-11 19:07:54.572 29649 29764 V threaded_app: New input event: type=2
12-11 19:07:54.590 29649 29764 V threaded_app: New input event: type=2
12-11 19:07:54.606 29649 29764 V threaded_app: New input event: type=2
12-11 19:07:54.623 29649 29764 V threaded_app: New input event: type=2
12-11 19:07:54.640 29649 29764 V threaded_app: New input event: type=2
12-11 19:07:54.656 29649 29764 V threaded_app: New input event: type=2
12-11 19:07:54.674 29649 29764 V threaded_app: New input event: type=2
12-11 19:07:54.689 29649 29764 V threaded_app: New input event: type=2
12-11 19:07:54.705 29649 29764 V threaded_app: New input event: type=2
12-11 19:07:54.724 29649 29764 V threaded_app: New input event: type=2
12-11 19:07:54.740 29649 29764 V threaded_app: New input event: type=2
12-11 19:07:54.756 29649 29764 V threaded_app: New input event: type=2
12-11 19:07:54.772 29649 29764 V threaded_app: New input event: type=2
12-11 19:07:54.789 29649 29764 V threaded_app: New input event: type=2
12-11 19:07:54.805 29649 29764 V threaded_app: New input event: type=2
12-11 19:07:54.822 29649 29764 V threaded_app: New input event: type=2
12-11 19:07:54.838 29649 29764 V threaded_app: New input event: type=2
12-11 19:07:54.855 29649 29764 V threaded_app: New input event: type=2
12-11 19:07:54.871 29649 29764 V threaded_app: New input event: type=2
12-11 19:07:54.889 29649 29764 V threaded_app: New input event: type=2
12-11 19:07:54.906 29649 29764 V threaded_app: New input event: type=2
12-11 19:07:54.921 29649 29764 V threaded_app: New input event: type=2
12-11 19:07:54.938 29649 29764 V threaded_app: New input event: type=2
12-11 19:07:54.955 29649 29764 V threaded_app: New input event: type=2
12-11 19:07:54.972 29649 29764 V threaded_app: New input event: type=2
12-11 19:07:54.988 29649 29764 V threaded_app: New input event: type=2
12-11 19:07:55.004 29649 29764 V threaded_app: New input event: type=2
12-11 19:07:55.022 29649 29764 V threaded_app: New input event: type=2
12-11 19:07:55.038 29649 29764 V threaded_app: New input event: type=2
12-11 19:07:55.055 29649 29764 V threaded_app: New input event: type=2
12-11 19:07:55.071 29649 29764 V threaded_app: New input event: type=2
12-11 19:07:55.088 29649 29764 V threaded_app: New input event: type=2
12-11 19:07:55.105 29649 29764 V threaded_app: New input event: type=2
12-11 19:07:55.121 29649 29764 V threaded_app: New input event: type=2
12-11 19:07:55.138 29649 29764 V threaded_app: New input event: type=2
12-11 19:07:55.153 29649 29764 V threaded_app: New input event: type=2
12-11 19:07:55.170 29649 29764 V threaded_app: New input event: type=2
12-11 19:07:55.186 29649 29764 V threaded_app: New input event: type=2
12-11 19:07:55.204 29649 29764 V threaded_app: New input event: type=2
12-11 19:07:55.221 29649 29764 V threaded_app: New input event: type=2
12-11 19:07:55.236 29649 29764 V threaded_app: New input event: type=2
12-11 19:07:55.253 29649 29764 V threaded_app: New input event: type=2
12-11 19:07:55.272 29649 29764 V threaded_app: New input event: type=2
12-11 19:07:55.286 29649 29764 V threaded_app: New input event: type=2
12-11 19:07:55.303 29649 29764 V threaded_app: New input event: type=2
12-11 19:07:55.320 29649 29764 V threaded_app: New input event: type=2
12-11 19:07:55.336 29649 29764 V threaded_app: New input event: type=2
12-11 19:07:55.353 29649 29764 V threaded_app: New input event: type=2
12-11 19:07:55.355 29649 29954 D AudioManager: isBluetoothScoOn()=false, calling
application:com.game.loader
12-11 19:07:55.370 29649 29764 V threaded_app: New input event: type=2
12-11 19:07:55.386 29649 29764 V threaded_app: New input event: type=2
12-11 19:07:55.402 29649 29764 V threaded_app: New input event: type=2
12-11 19:07:55.419 29649 29764 V threaded_app: New input event: type=2
12-11 19:07:55.436 29649 29764 V threaded_app: New input event: type=2
12-11 19:07:55.452 29649 29764 V threaded_app: New input event: type=2
12-11 19:07:55.469 29649 29764 V threaded_app: New input event: type=2
12-11 19:07:55.472 29649 29764 V threaded_app: New input event: type=2
12-11 19:07:55.485 29649 29764 V threaded_app: New input event: type=2
12-11 19:07:55.503 29649 29764 V threaded_app: New input event: type=2
12-11 19:07:55.518 29649 29764 V threaded_app: New input event: type=2
12-11 19:07:55.536 29649 29764 V threaded_app: New input event: type=2
12-11 19:07:55.552 29649 29764 V threaded_app: New input event: type=2
12-11 19:07:55.569 29649 29764 V threaded_app: New input event: type=2
12-11 19:07:55.585 29649 29764 V threaded_app: New input event: type=2
12-11 19:07:55.601 29649 29764 V threaded_app: New input event: type=2
12-11 19:07:55.618 29649 29764 V threaded_app: New input event: type=2
12-11 19:07:55.637 29649 29764 V threaded_app: New input event: type=2
12-11 19:07:55.651 29649 29764 V threaded_app: New input event: type=2
12-11 19:07:55.668 29649 29764 V threaded_app: New input event: type=2
12-11 19:07:55.686 29649 29764 V threaded_app: New input event: type=2
12-11 19:07:55.736 29649 29764 V threaded_app: New input event: type=2
12-11 19:07:55.751 29649 29764 V threaded_app: New input event: type=2
12-11 19:07:55.768 29649 29764 V threaded_app: New input event: type=2
12-11 19:07:55.785 29649 29764 V threaded_app: New input event: type=2
12-11 19:07:55.793 29649 29764 V threaded_app: New input event: type=2
12-11 19:07:55.793 29649 29764 V threaded_app: New input event: type=2
12-11 19:07:55.801 29649 29764 V threaded_app: New input event: type=2
12-11 19:07:55.819 29649 29764 V threaded_app: New input event: type=2
12-11 19:07:55.834 29649 29764 V threaded_app: New input event: type=2
12-11 19:07:55.851 29649 29764 V threaded_app: New input event: type=2
12-11 19:07:55.868 29649 29764 V threaded_app: New input event: type=2
12-11 19:07:55.884 29649 29764 V threaded_app: New input event: type=2
12-11 19:07:55.900 29649 29764 V threaded_app: New input event: type=2
12-11 19:07:55.918 29649 29764 V threaded_app: New input event: type=2
12-11 19:07:55.934 29649 29764 V threaded_app: New input event: type=2
12-11 19:07:55.952 29649 29764 V threaded_app: New input event: type=2
12-11 19:07:55.968 29649 29764 V threaded_app: New input event: type=2
12-11 19:07:55.984 29649 29764 V threaded_app: New input event: type=2
12-11 19:07:56.001 29649 29764 V threaded_app: New input event: type=2
12-11 19:07:56.017 29649 29764 V threaded_app: New input event: type=2
12-11 19:07:56.033 29649 29764 V threaded_app: New input event: type=2
12-11 19:07:56.052 29649 29764 V threaded_app: New input event: type=2
12-11 19:07:56.067 29649 29764 V threaded_app: New input event: type=2
12-11 19:07:56.084 29649 29764 V threaded_app: New input event: type=2
12-11 19:07:56.100 29649 29764 V threaded_app: New input event: type=2
12-11 19:07:56.116 29649 29764 V threaded_app: New input event: type=2
12-11 19:07:56.133 29649 29764 V threaded_app: New input event: type=2
12-11 19:07:56.150 29649 29764 V threaded_app: New input event: type=2
12-11 19:07:56.167 29649 29764 V threaded_app: New input event: type=2
12-11 19:07:56.183 29649 29764 V threaded_app: New input event: type=2
12-11 19:07:56.199 29649 29764 V threaded_app: New input event: type=2
12-11 19:07:56.216 29649 29764 V threaded_app: New input event: type=2
12-11 19:07:56.233 29649 29764 V threaded_app: New input event: type=2
12-11 19:07:56.250 29649 29764 V threaded_app: New input event: type=2
12-11 19:07:56.300 29649 29764 V threaded_app: New input event: type=2
12-11 19:07:56.316 29649 29764 V threaded_app: New input event: type=2
12-11 19:07:56.332 29649 29764 V threaded_app: New input event: type=2
12-11 19:07:56.350 29649 29764 V threaded_app: New input event: type=2
12-11 19:07:56.366 29649 29764 V threaded_app: New input event: type=2
12-11 19:07:56.384 29649 29764 V threaded_app: New input event: type=2
12-11 19:07:56.403 29649 29764 V threaded_app: New input event: type=2
12-11 19:07:56.416 29649 29764 V threaded_app: New input event: type=2
12-11 19:07:56.434 29649 29764 V threaded_app: New input event: type=2
12-11 19:07:56.450 29649 29764 V threaded_app: New input event: type=2
12-11 19:07:56.465 29649 29764 V threaded_app: New input event: type=2
12-11 19:07:56.482 29649 29764 V threaded_app: New input event: type=2
12-11 19:07:56.498 29649 29764 V threaded_app: New input event: type=2
12-11 19:07:56.515 29649 29764 V threaded_app: New input event: type=2
12-11 19:07:56.532 29649 29764 V threaded_app: New input event: type=2
12-11 19:07:56.549 29649 29764 V threaded_app: New input event: type=2
12-11 19:07:56.565 29649 29764 V threaded_app: New input event: type=2
12-11 19:07:56.581 29649 29764 V threaded_app: New input event: type=2
12-11 19:07:56.598 29649 29764 V threaded_app: New input event: type=2
12-11 19:07:56.615 29649 29764 V threaded_app: New input event: type=2
