05-17 00:39:21.986 18661 18661 D EditableInputConnectionExtImpl: handleSendKeyEvent
05-17 00:39:21.986 18661 18661 D EditableInputConnectionExtImpl: handleKeyCodeDel
05-17 00:39:21.986 18661 18661 D EditableInputConnectionExtImpl: handleKeyCodeDelUp
05-17 00:39:21.993 18661 18661 D CursorFeedback: getExtraCursorWidth
05-17 00:39:21.993 18661 18661 D CursorFeedback: getExtraLeftOffset
05-17 00:39:22.004 18661 18661 D CursorFeedback: getExtraCursorWidth
05-17 00:39:22.004 18661 18661 D CursorFeedback: getExtraLeftOffset
05-17 00:39:22.015 18661 18661 D CursorFeedback: getExtraCursorWidth
05-17 00:39:22.015 18661 18661 D CursorFeedback: getExtraLeftOffset
05-17 00:39:22.026 18661 18661 D CursorFeedback: getExtraCursorWidth
05-17 00:39:22.026 18661 18661 D CursorFeedback: getExtraLeftOffset
05-17 00:39:22.037 18661 18661 D CursorFeedback: getExtraCursorWidth
05-17 00:39:22.037 18661 18661 D CursorFeedback: getExtraLeftOffset
05-17 00:39:22.043 18661 18661 D EditableInputConnectionExtImpl: handleSendKeyEvent
05-17 00:39:22.043 18661 18661 D EditableInputConnectionExtImpl: handleKeyCodeDel
05-17 00:39:22.043 18661 18661 D EditableInputConnectionExtImpl:
handleKeyCodeDelDown
05-17 00:39:22.043 18661 18661 D CursorFeedback: handleKeyCodeDelDown
05-17 00:39:22.043 18661 18661 D EditableInputConnectionExtImpl: handleSendKeyEvent
05-17 00:39:22.044 18661 18661 D EditableInputConnectionExtImpl: handleKeyCodeDel
05-17 00:39:22.044 18661 18661 D EditableInputConnectionExtImpl: handleKeyCodeDelUp
05-17 00:39:22.048 18661 18661 D CursorFeedback: getExtraCursorWidth
05-17 00:39:22.048 18661 18661 D CursorFeedback: getExtraLeftOffset
05-17 00:39:22.059 18661 18661 D CursorFeedback: getExtraCursorWidth
05-17 00:39:22.059 18661 18661 D CursorFeedback: getExtraLeftOffset
05-17 00:39:22.070 18661 18661 D CursorFeedback: getExtraCursorWidth
05-17 00:39:22.070 18661 18661 D CursorFeedback: getExtraLeftOffset
05-17 00:39:22.082 18661 18661 D CursorFeedback: getExtraCursorWidth
05-17 00:39:22.082 18661 18661 D CursorFeedback: getExtraLeftOffset
05-17 00:39:22.093 18661 18661 D CursorFeedback: getExtraCursorWidth
05-17 00:39:22.093 18661 18661 D CursorFeedback: getExtraLeftOffset
05-17 00:39:22.096 18661 18661 D EditableInputConnectionExtImpl: handleSendKeyEvent
05-17 00:39:22.096 18661 18661 D EditableInputConnectionExtImpl: handleKeyCodeDel
05-17 00:39:22.096 18661 18661 D EditableInputConnectionExtImpl:
handleKeyCodeDelDown
05-17 00:39:22.096 18661 18661 D CursorFeedback: handleKeyCodeDelDown
05-17 00:39:22.096 18661 18661 D EditableInputConnectionExtImpl: handleSendKeyEvent
05-17 00:39:22.096 18661 18661 D EditableInputConnectionExtImpl: handleKeyCodeDel
05-17 00:39:22.096 18661 18661 D EditableInputConnectionExtImpl: handleKeyCodeDelUp
05-17 00:39:22.104 18661 18661 D CursorFeedback: getExtraCursorWidth
05-17 00:39:22.104 18661 18661 D CursorFeedback: getExtraLeftOffset
05-17 00:39:22.115 18661 18661 D CursorFeedback: getExtraCursorWidth
05-17 00:39:22.115 18661 18661 D CursorFeedback: getExtraLeftOffset
05-17 00:39:22.126 18661 18661 D CursorFeedback: getExtraCursorWidth
05-17 00:39:22.126 18661 18661 D CursorFeedback: getExtraLeftOffset
05-17 00:39:22.127 18661 18661 D CursorFeedback: getExtraCursorWidth
05-17 00:39:22.127 18661 18661 D CursorFeedback: getExtraLeftOffset
05-17 00:39:22.137 18661 18661 D CursorFeedback: getExtraCursorWidth
05-17 00:39:22.137 18661 18661 D CursorFeedback: getExtraLeftOffset
05-17 00:39:22.147 18661 18661 D EditableInputConnectionExtImpl: handleSendKeyEvent
05-17 00:39:22.147 18661 18661 D EditableInputConnectionExtImpl: handleKeyCodeDel
05-17 00:39:22.147 18661 18661 D EditableInputConnectionExtImpl:
handleKeyCodeDelDown
05-17 00:39:22.147 18661 18661 D CursorFeedback: handleKeyCodeDelDown
05-17 00:39:22.147 18661 18661 D EditableInputConnectionExtImpl: handleSendKeyEvent
05-17 00:39:22.147 18661 18661 D EditableInputConnectionExtImpl: handleKeyCodeDel
05-17 00:39:22.148 18661 18661 D EditableInputConnectionExtImpl: handleKeyCodeDelUp
05-17 00:39:22.150 18661 18661 D CursorFeedback: getExtraCursorWidth
05-17 00:39:22.150 18661 18661 D CursorFeedback: getExtraLeftOffset
05-17 00:39:22.160 18661 18661 D CursorFeedback: getExtraCursorWidth
05-17 00:39:22.160 18661 18661 D CursorFeedback: getExtraLeftOffset
05-17 00:39:22.171 18661 18661 D CursorFeedback: getExtraCursorWidth
05-17 00:39:22.171 18661 18661 D CursorFeedback: getExtraLeftOffset
05-17 00:39:22.182 18661 18661 D CursorFeedback: getExtraCursorWidth
05-17 00:39:22.182 18661 18661 D CursorFeedback: getExtraLeftOffset
05-17 00:39:22.193 18661 18661 D CursorFeedback: getExtraCursorWidth
05-17 00:39:22.194 18661 18661 D CursorFeedback: getExtraLeftOffset
05-17 00:39:22.204 18661 18661 D CursorFeedback: getExtraCursorWidth
05-17 00:39:22.204 18661 18661 D CursorFeedback: getExtraLeftOffset
05-17 00:39:22.218 18661 18661 D CursorFeedback: getExtraCursorWidth
05-17 00:39:22.219 18661 18661 D CursorFeedback: getExtraLeftOffset
05-17 00:39:22.227 18661 18661 D CursorFeedback: getExtraCursorWidth
05-17 00:39:22.227 18661 18661 D CursorFeedback: getExtraLeftOffset
05-17 00:39:22.238 18661 18661 D CursorFeedback: getExtraCursorWidth
05-17 00:39:22.238 18661 18661 D CursorFeedback: getExtraLeftOffset
05-17 00:39:22.249 18661 18661 D CursorFeedback: getExtraCursorWidth
05-17 00:39:22.249 18661 18661 D CursorFeedback: getExtraLeftOffset
05-17 00:39:22.260 18661 18661 D CursorFeedback: getExtraCursorWidth
05-17 00:39:22.260 18661 18661 D CursorFeedback: getExtraLeftOffset
05-17 00:39:22.271 18661 18661 D CursorFeedback: getExtraCursorWidth
05-17 00:39:22.271 18661 18661 D CursorFeedback: getExtraLeftOffset
05-17 00:39:22.282 18661 18661 D CursorFeedback: getExtraCursorWidth
05-17 00:39:22.282 18661 18661 D CursorFeedback: getExtraLeftOffset
05-17 00:39:22.294 18661 18661 D CursorFeedback: getExtraCursorWidth
05-17 00:39:22.294 18661 18661 D CursorFeedback: getExtraLeftOffset
05-17 00:39:22.306 18661 18661 D CursorFeedback: getExtraCursorWidth
05-17 00:39:22.306 18661 18661 D CursorFeedback: getExtraLeftOffset
05-17 00:39:22.316 18661 18661 D CursorFeedback: getExtraCursorWidth
05-17 00:39:22.316 18661 18661 D CursorFeedback: getExtraLeftOffset
05-17 00:39:22.317 18661 18661 D CursorFeedback: getExtraCursorWidth
05-17 00:39:22.317 18661 18661 D CursorFeedback: getExtraLeftOffset
05-17 00:39:22.328 18661 18661 D CursorFeedback: getExtraCursorWidth
05-17 00:39:22.328 18661 18661 D CursorFeedback: getExtraLeftOffset
05-17 00:39:22.338 18661 18661 D CursorFeedback: getExtraCursorWidth
05-17 00:39:22.338 18661 18661 D CursorFeedback: getExtraLeftOffset
05-17 00:39:22.350 18661 18661 D CursorFeedback: getExtraCursorWidth
05-17 00:39:22.350 18661 18661 D CursorFeedback: getExtraLeftOffset
05-17 00:39:22.361 18661 18661 D CursorFeedback: getExtraCursorWidth
05-17 00:39:22.361 18661 18661 D CursorFeedback: getExtraLeftOffset
05-17 00:39:22.373 18661 18661 D CursorFeedback: getExtraCursorWidth
05-17 00:39:22.373 18661 18661 D CursorFeedback: getExtraLeftOffset
05-17 00:39:22.384 18661 18661 D CursorFeedback: getExtraCursorWidth
05-17 00:39:22.384 18661 18661 D CursorFeedback: getExtraLeftOffset
05-17 00:39:22.395 18661 18661 D CursorFeedback: getExtraCursorWidth
05-17 00:39:22.395 18661 18661 D CursorFeedback: getExtraLeftOffset
05-17 00:39:22.406 18661 18661 D CursorFeedback: getExtraCursorWidth
05-17 00:39:22.406 18661 18661 D CursorFeedback: getExtraLeftOffset
05-17 00:39:22.417 18661 18661 D CursorFeedback: getExtraCursorWidth
05-17 00:39:22.417 18661 18661 D CursorFeedback: getExtraLeftOffset
05-17 00:39:22.429 18661 18661 D CursorFeedback: getExtraCursorWidth
05-17 00:39:22.429 18661 18661 D CursorFeedback: getExtraLeftOffset
05-17 00:39:22.439 18661 18661 D CursorFeedback: getExtraCursorWidth
05-17 00:39:22.439 18661 18661 D CursorFeedback: getExtraLeftOffset
05-17 00:39:22.450 18661 18661 D CursorFeedback: getExtraCursorWidth
05-17 00:39:22.450 18661 18661 D CursorFeedback: getExtraLeftOffset
05-17 00:39:22.461 18661 18661 D CursorFeedback: getExtraCursorWidth
05-17 00:39:22.461 18661 18661 D CursorFeedback: getExtraLeftOffset
05-17 00:39:22.472 18661 18661 D CursorFeedback: getExtraCursorWidth
05-17 00:39:22.472 18661 18661 D CursorFeedback: getExtraLeftOffset
05-17 00:39:22.483 18661 18661 D CursorFeedback: getExtraCursorWidth
05-17 00:39:22.483 18661 18661 D CursorFeedback: getExtraLeftOffset
05-17 00:39:22.494 18661 18661 D CursorFeedback: getExtraCursorWidth
05-17 00:39:22.494 18661 18661 D CursorFeedback: getExtraLeftOffset
05-17 00:39:22.494 18661 18661 D CursorFeedback: getExtraCursorWidth
05-17 00:39:22.494 18661 18661 D CursorFeedback: getExtraLeftOffset
05-17 00:39:22.505 18661 18661 D CursorFeedback: getExtraCursorWidth
05-17 00:39:22.505 18661 18661 D CursorFeedback: getExtraLeftOffset
05-17 00:39:22.516 18661 18661 D CursorFeedback: getExtraCursorWidth
05-17 00:39:22.516 18661 18661 D CursorFeedback: getExtraLeftOffset
05-17 00:39:22.528 18661 18661 D CursorFeedback: getExtraCursorWidth
05-17 00:39:22.528 18661 18661 D CursorFeedback: getExtraLeftOffset
05-17 00:39:22.539 18661 18661 D CursorFeedback: getExtraCursorWidth
05-17 00:39:22.539 18661 18661 D CursorFeedback: getExtraLeftOffset
05-17 00:39:22.550 18661 18661 D CursorFeedback: getExtraCursorWidth
05-17 00:39:22.550 18661 18661 D CursorFeedback: getExtraLeftOffset
05-17 00:39:22.562 18661 18661 D CursorFeedback: getExtraCursorWidth
05-17 00:39:22.562 18661 18661 D CursorFeedback: getExtraLeftOffset
05-17 00:39:22.572 18661 18661 D CursorFeedback: getExtraCursorWidth
05-17 00:39:22.572 18661 18661 D CursorFeedback: getExtraLeftOffset
05-17 00:39:22.614 18661 18661 I Quality : Skipped: true 2 cost 31.883398
refreshRate 11135194 bit true processName com.loader
05-17 00:39:22.614 18661 18661 D CursorFeedback: getExtraCursorWidth
05-17 00:39:22.614 18661 18661 D CursorFeedback: getExtraLeftOffset
05-17 00:39:22.619 18661 18661 D CursorFeedback: getExtraCursorWidth
05-17 00:39:22.619 18661 18661 D CursorFeedback: getExtraLeftOffset
05-17 00:39:22.627 18661 18661 D CursorFeedback: getExtraCursorWidth
05-17 00:39:22.627 18661 18661 D CursorFeedback: getExtraLeftOffset
05-17 00:39:22.639 18661 18661 D CursorFeedback: getExtraCursorWidth
05-17 00:39:22.639 18661 18661 D CursorFeedback: getExtraLeftOffset
05-17 00:39:22.650 18661 18661 D CursorFeedback: getExtraCursorWidth
05-17 00:39:22.650 18661 18661 D CursorFeedback: getExtraLeftOffset
05-17 00:39:22.661 18661 18661 D CursorFeedback: getExtraCursorWidth
05-17 00:39:22.661 18661 18661 D CursorFeedback: getExtraLeftOffset
05-17 00:39:22.672 18661 18661 D CursorFeedback: getExtraCursorWidth
05-17 00:39:22.672 18661 18661 D CursorFeedback: getExtraLeftOffset
05-17 00:39:22.684 18661 18661 D CursorFeedback: getExtraCursorWidth
05-17 00:39:22.684 18661 18661 D CursorFeedback: getExtraLeftOffset
05-17 00:39:22.695 18661 18661 D CursorFeedback: getExtraCursorWidth
05-17 00:39:22.695 18661 18661 D CursorFeedback: getExtraLeftOffset
05-17 00:39:22.706 18661 18661 D CursorFeedback: getExtraCursorWidth
05-17 00:39:22.706 18661 18661 D CursorFeedback: getExtraLeftOffset
05-17 00:39:22.718 18661 18661 D CursorFeedback: getExtraCursorWidth
05-17 00:39:22.718 18661 18661 D CursorFeedback: getExtraLeftOffset
05-17 00:39:22.729 18661 18661 D CursorFeedback: getExtraCursorWidth
05-17 00:39:22.729 18661 18661 D CursorFeedback: getExtraLeftOffset
05-17 00:39:22.740 18661 18661 D CursorFeedback: getExtraCursorWidth
05-17 00:39:22.740 18661 18661 D CursorFeedback: getExtraLeftOffset
05-17 00:39:22.750 18661 18661 D CursorFeedback: getExtraCursorWidth
05-17 00:39:22.751 18661 18661 D CursorFeedback: getExtraLeftOffset
05-17 00:39:22.762 18661 18661 D CursorFeedback: getExtraCursorWidth
05-17 00:39:22.762 18661 18661 D CursorFeedback: getExtraLeftOffset
05-17 00:39:22.774 18661 18661 D CursorFeedback: getExtraCursorWidth
05-17 00:39:22.774 18661 18661 D CursorFeedback: getExtraLeftOffset
05-17 00:39:22.784 18661 18661 D CursorFeedback: getExtraCursorWidth
05-17 00:39:22.785 18661 18661 D CursorFeedback: getExtraLeftOffset
05-17 00:39:22.789 18661 18661 D CursorFeedback: stopCursorAnimator
05-17 00:39:22.790 18661 18661 D CursorFeedback: getExtraCursorWidth
05-17 00:39:22.790 18661 18661 D CursorFeedback: getExtraLeftOffset
05-17 00:39:22.790 18661 18661 D CursorFeedback: getExtraCursorWidth
05-17 00:39:22.790 18661 18661 D CursorFeedback: getExtraLeftOffset
05-17 00:39:23.203 18661 18661 I Quality : Skipped: false 1 cost 18.941032
refreshRate 11139409 bit true processName com.loader
05-17 00:39:23.833 18661 18661 D WindowManager: Add to mViews:
com.oplus.internal.widget.OplusToastLayout{62a180e V.E...... ......I. 0,0-0,0
#c020084 oplus:id/oplus_toast_layout},pkg= com.loader
05-17 00:39:23.841 18661 18661 D InputEventReceiver: Input log is disabled
05-17 00:39:23.844 18661 18661 I Quality : Skipped: false 1 cost 14.337993
refreshRate 11139273 bit true processName com.loader
05-17 00:39:23.852 18661 18661 D BufferQueueConsumer: [](id:48e500000006,api:0,p:-
1,c:18661) connect: controlledByApp=false
05-17 00:39:23.852 18661 18661 E IPCThreadState: attemptIncStrongHandle(96): Not
supported
05-17 00:39:23.854 18661 19862 D BufferQueueProducer: [VRI[Toast]#6(BLAST
Consumer)6](id:48e500000006,api:1,p:18661,c:18661) connect: api=1
producerControlledByApp=true
05-17 00:39:23.855 18661 18661 D VRI[Toast]: registerCallbacksForSync
syncBuffer=false
05-17 00:39:23.859 18661 19862 D VRI[Toast]: Received frameCommittedCallback
lastAttemptedDrawFrameNum=1 didProduceBuffer=true syncBuffer=false
05-17 00:39:23.860 18661 19862 W Parcel : Expecting binder but got null!
05-17 00:39:23.861 18661 18661 D VRI[Toast]: draw finished.
05-17 00:39:23.864 18661 18661 I Quality : Skipped: false 1 cost 12.223296
refreshRate 11139514 bit true processName com.loader
05-17 00:39:23.866 18661 18661 D VRI[Toast]: registerCallbacksForSync
syncBuffer=false
05-17 00:39:23.867 18661 19862 D VRI[Toast]: Received frameCommittedCallback
lastAttemptedDrawFrameNum=2 didProduceBuffer=true syncBuffer=false
05-17 00:39:23.868 18661 18661 D VRI[Toast]: draw finished.
05-17 00:39:25.829 18661 18661 D OplusScrollToTopManager:
unregisterGuidePopupDismissReceiverInSystemUI
05-17 00:39:25.830 18661 18661 D OplusScrollToTopManager: Receiver not registered:
android.view.OplusScrollToTopManager$1@9951ae6
05-17 00:39:25.830 18661 18661 D OplusScrollToTopManager:
unregisterSystemUIBroadcastReceiver
05-17 00:39:25.830 18661 18661 D OplusScrollToTopManager:
java.lang.IllegalArgumentException: Receiver not registered:
android.view.OplusScrollToTopManager$2@692b827
05-17 00:39:25.831 18661 18661 V ZoomWindowDecorView: removeZoomView
05-17 00:39:25.837 18661 19862 D BufferQueueProducer: [VRI[Toast]#6(BLAST
Consumer)6](id:48e500000006,api:1,p:18661,c:18661) disconnect: api 1
05-17 00:39:25.841 18661 18661 D BufferQueueConsumer: [VRI[Toast]#6(BLAST
Consumer)6](id:48e500000006,api:0,p:-1,c:18661) disconnect
05-17 00:39:25.863 18661 18661 I Quality : Skipped: false 2 cost 27.047647
refreshRate 11147281 bit true processName com.loader
05-17 00:39:26.550 18661 18661 D OplusReorderActionMenuManager:
loadScanTextMenuProperty failed Attempt to invoke virtual method 'int
java.lang.String.length()' on a null object reference
05-17 00:39:26.562 18661 18661 D WindowManager: Add to mViews:
android.widget.PopupWindow$PopupDecorView{9325d00 V.E...... R.....I. 0,0-0,0},pkg=
com.loader
05-17 00:39:26.568 18661 18661 D InputEventReceiver: Input log is disabled
05-17 00:39:26.573 18661 18661 D WindowManager: Add to mViews:
android.widget.PopupWindow$PopupDecorView{db6918a V.E...... R.....I. 0,0-0,0},pkg=
com.loader
05-17 00:39:26.578 18661 18661 D InputEventReceiver: Input log is disabled
05-17 00:39:26.587 18661 18661 D BufferQueueConsumer: [](id:48e500000007,api:0,p:-
1,c:18661) connect: controlledByApp=false
05-17 00:39:26.587 18661 18661 E IPCThreadState: attemptIncStrongHandle(102): Not
supported
05-17 00:39:26.589 18661 19862 D BufferQueueProducer:
[VRI[PopupWindow:db55783]#7(BLAST Consumer)7]
(id:48e500000007,api:1,p:18661,c:18661) connect: api=1 producerControlledByApp=true
05-17 00:39:26.596 18661 18661 D VRI[PopupWindow:db55783]: registerCallbacksForSync
syncBuffer=false
05-17 00:39:26.599 18661 19862 D VRI[PopupWindow:db55783]: Received
frameCommittedCallback lastAttemptedDrawFrameNum=1 didProduceBuffer=true
syncBuffer=false
05-17 00:39:26.600 18661 19862 W Parcel : Expecting binder but got null!
05-17 00:39:26.600 18661 18661 D VRI[PopupWindow:db55783]: draw finished.
05-17 00:39:26.601 18661 18661 I Quality : Skipped: false 2 cost 29.842236
refreshRate 11143616 bit true processName com.loader
05-17 00:39:26.608 18661 18661 D BufferQueueConsumer: [](id:48e500000008,api:0,p:-
1,c:18661) connect: controlledByApp=false
05-17 00:39:26.610 18661 19862 D BufferQueueProducer:
[VRI[PopupWindow:f322033]#8(BLAST Consumer)8]
(id:48e500000008,api:1,p:18661,c:18661) connect: api=1 producerControlledByApp=true
05-17 00:39:26.612 18661 18661 D VRI[PopupWindow:f322033]: registerCallbacksForSync
syncBuffer=false
05-17 00:39:26.614 18661 19862 D VRI[PopupWindow:f322033]: Received
frameCommittedCallback lastAttemptedDrawFrameNum=1 didProduceBuffer=true
syncBuffer=false
05-17 00:39:26.615 18661 19862 W Parcel : Expecting binder but got null!
05-17 00:39:26.615 18661 18661 D VRI[PopupWindow:f322033]: draw finished.
05-17 00:39:26.640 18661 18661 I Quality : Skipped: false 3 cost 35.27033
refreshRate 11138515 bit true processName com.loader
05-17 00:39:26.642 18661 18661 D VRI[PopupWindow:db55783]: registerCallbacksForSync
syncBuffer=false
05-17 00:39:26.644 18661 19862 D VRI[PopupWindow:db55783]: Received
frameCommittedCallback lastAttemptedDrawFrameNum=3 didProduceBuffer=true
syncBuffer=false
05-17 00:39:26.644 18661 18661 D VRI[PopupWindow:db55783]: draw finished.
05-17 00:39:26.651 18661 18661 D VRI[PopupWindow:f322033]: registerCallbacksForSync
syncBuffer=false
05-17 00:39:26.653 18661 19862 D VRI[PopupWindow:f322033]: Received
frameCommittedCallback lastAttemptedDrawFrameNum=2 didProduceBuffer=true
syncBuffer=false
05-17 00:39:26.653 18661 18661 D VRI[PopupWindow:f322033]: draw finished.
05-17 00:39:27.131 18661 18661 I Quality : Skipped: true 3 cost 36.27474
refreshRate 11140010 bit true processName com.loader
05-17 00:39:27.145 18661 18661 D OplusScrollToTopManager:
unregisterGuidePopupDismissReceiverInSystemUI
05-17 00:39:27.145 18661 18661 D OplusScrollToTopManager: Receiver not registered:
android.view.OplusScrollToTopManager$1@b149065
05-17 00:39:27.145 18661 18661 D OplusScrollToTopManager:
unregisterSystemUIBroadcastReceiver
05-17 00:39:27.145 18661 18661 D OplusScrollToTopManager:
java.lang.IllegalArgumentException: Receiver not registered:
android.view.OplusScrollToTopManager$2@ede713a
05-17 00:39:27.146 18661 18661 V ZoomWindowDecorView: removeZoomView
05-17 00:39:27.146 18661 19862 D BufferQueueProducer:
[VRI[PopupWindow:f322033]#8(BLAST Consumer)8]
(id:48e500000008,api:1,p:18661,c:18661) disconnect: api 1
05-17 00:39:27.147 18661 18661 D BufferQueueConsumer:
[VRI[PopupWindow:f322033]#8(BLAST Consumer)8](id:48e500000008,api:0,p:-1,c:18661)
disconnect
05-17 00:39:27.155 18661 18661 I Quality : Skipped: false 1 cost 16.303139
refreshRate 11140010 bit true processName com.loader
05-17 00:39:27.158 18661 18661 D CursorFeedback: getExtraCursorWidth
05-17 00:39:27.158 18661 18661 D CursorFeedback: getExtraLeftOffset
05-17 00:39:27.346 18661 18661 I Quality : Skipped: true 1 cost 17.533556
refreshRate 11144400 bit true processName com.loader
05-17 00:39:27.408 18661 18661 D OplusScrollToTopManager:
unregisterGuidePopupDismissReceiverInSystemUI
05-17 00:39:27.408 18661 18661 D OplusScrollToTopManager: Receiver not registered:
android.view.OplusScrollToTopManager$1@b26706
05-17 00:39:27.408 18661 18661 D OplusScrollToTopManager:
unregisterSystemUIBroadcastReceiver
05-17 00:39:27.409 18661 18661 D OplusScrollToTopManager:
java.lang.IllegalArgumentException: Receiver not registered:
android.view.OplusScrollToTopManager$2@bfde1c7
05-17 00:39:27.411 18661 18661 V ZoomWindowDecorView: removeZoomView
05-17 00:39:27.412 18661 19862 D BufferQueueProducer:
[VRI[PopupWindow:db55783]#7(BLAST Consumer)7]
(id:48e500000007,api:1,p:18661,c:18661) disconnect: api 1
05-17 00:39:27.412 18661 19862 D OpenGLRenderer: endAllActiveAnimators on
0x6f1e82de00 (RippleDrawable) with handle 0x6f2255ca20
05-17 00:39:27.441 18661 19939 D BufferQueueConsumer:
[VRI[PopupWindow:db55783]#7(BLAST Consumer)7](id:48e500000007,api:0,p:-1,c:18661)
disconnect
05-17 00:39:27.709 18661 18661 I oplus.android.OplusFrameworkFactoryImpl: get
feature:IOplusDynamicVsyncFeature
05-17 00:39:27.709 18661 18661 I oplus.android.OplusFrameworkFactoryImpl: get
feature:IOplusDynamicVsyncFeature
05-17 00:39:27.709 18661 18661 I oplus.android.OplusFrameworkFactoryImpl: get
feature:IOplusDynamicVsyncFeature
05-17 00:39:27.712 18661 18661 I oplus.android.OplusFrameworkFactoryImpl: get
feature:IOplusDynamicVsyncFeature
05-17 00:39:27.712 18661 18661 I oplus.android.OplusFrameworkFactoryImpl: get
feature:IOplusDynamicVsyncFeature
05-17 00:39:27.712 18661 18661 I oplus.android.OplusFrameworkFactoryImpl: get
feature:IOplusDynamicVsyncFeature
05-17 00:39:27.723 18661 18661 D WindowManager: Add to mViews:
DecorView@4723678[MainActivity],pkg= com.loader
05-17 00:39:27.730 18661 18661 D InputEventReceiver: Input log is disabled
05-17 00:39:27.731 18661 18661 I Quality : Skipped: false 3 cost 34.57071
refreshRate 11144899 bit true processName com.loader
05-17 00:39:27.741 18661 18661 D BufferQueueConsumer: [](id:48e500000009,api:0,p:-
1,c:18661) connect: controlledByApp=false
05-17 00:39:27.742 18661 18661 E IPCThreadState: attemptIncStrongHandle(102): Not
supported
05-17 00:39:27.742 18661 18661 E IPCThreadState: attemptIncStrongHandle(106): Not
supported
05-17 00:39:27.743 18661 18661 V ZoomWindowDecorView:
setLastReportedMergedConfiguration mZoomDisplayHeight: 2400 getDecorView.74593912
05-17 00:39:27.744 18661 19862 D BufferQueueProducer: [VRI[MainActivity]#9(BLAST
Consumer)9](id:48e500000009,api:1,p:18661,c:18661) connect: api=1
producerControlledByApp=true
05-17 00:39:27.745 18661 18661 D VRI[MainActivity]: registerCallbacksForSync
syncBuffer=false
05-17 00:39:27.749 18661 19862 D VRI[MainActivity]: Received frameCommittedCallback
lastAttemptedDrawFrameNum=1 didProduceBuffer=true syncBuffer=false
05-17 00:39:27.749 18661 19862 W Parcel : Expecting binder but got null!
05-17 00:39:27.750 18661 18661 D VRI[MainActivity]: draw finished.
05-17 00:39:27.752 18661 18661 D VRI[MainActivity]: registerCallbacksForSync
syncBuffer=false
05-17 00:39:27.753 18661 19862 D VRI[MainActivity]: Received frameCommittedCallback
lastAttemptedDrawFrameNum=2 didProduceBuffer=false syncBuffer=false
05-17 00:39:27.753 18661 18661 D VRI[MainActivity]: draw finished.
05-17 00:39:27.764 18661 18661 D VRI[MainActivity]: onFocusEvent false
05-17 00:39:27.783 18661 18661 D VRI[MainActivity]: onFocusEvent true
05-17 00:39:28.549 18661 18661 D OplusScrollToTopManager:
unregisterGuidePopupDismissReceiverInSystemUI
05-17 00:39:28.550 18661 18661 D OplusScrollToTopManager: Receiver not registered:
android.view.OplusScrollToTopManager$1@3887989
05-17 00:39:28.550 18661 18661 D OplusScrollToTopManager:
unregisterSystemUIBroadcastReceiver
05-17 00:39:28.550 18661 18661 D OplusScrollToTopManager:
java.lang.IllegalArgumentException: Receiver not registered:
android.view.OplusScrollToTopManager$2@f19ad8e
05-17 00:39:28.552 18661 18661 V ZoomWindowDecorView: removeZoomView
05-17 00:39:28.554 18661 19862 D BufferQueueProducer: [VRI[MainActivity]#9(BLAST
Consumer)9](id:48e500000009,api:1,p:18661,c:18661) disconnect: api 1
05-17 00:39:28.562 18661 18661 D BufferQueueConsumer: [VRI[MainActivity]#9(BLAST
Consumer)9](id:48e500000009,api:0,p:-1,c:18661) disconnect
05-17 00:39:28.597 18661 18661 I Quality : Skipped: false 3 cost 42.274433
refreshRate 11149232 bit true processName com.loader
05-17 00:39:28.601 18661 18661 D WindowManager: Add to mViews:
com.oplus.internal.widget.OplusToastLayout{7a7b1bc V.E...... ......I. 0,0-0,0
#c020084 oplus:id/oplus_toast_layout},pkg= com.loader
05-17 00:39:28.610 18661 18661 D InputEventReceiver: Input log is disabled
05-17 00:39:28.628 18661 18661 D BufferQueueConsumer: [](id:48e50000000a,api:0,p:-
1,c:18661) connect: controlledByApp=false
05-17 00:39:28.629 18661 18661 E IPCThreadState: attemptIncStrongHandle(109): Not
supported
05-17 00:39:28.632 18661 19862 D BufferQueueProducer: [VRI[Toast]#10(BLAST
Consumer)10](id:48e50000000a,api:1,p:18661,c:18661) connect: api=1
producerControlledByApp=true
05-17 00:39:28.633 18661 18661 D VRI[Toast]: registerCallbacksForSync
syncBuffer=false
05-17 00:39:28.638 18661 19862 D VRI[Toast]: Received frameCommittedCallback
lastAttemptedDrawFrameNum=1 didProduceBuffer=true syncBuffer=false
05-17 00:39:28.639 18661 19862 W Parcel : Expecting binder but got null!
05-17 00:39:28.641 18661 18661 D VRI[Toast]: draw finished.
05

You might also like

pFad - Phonifier reborn

Pfad - The Proxy pFad of © 2024 Garber Painting. All rights reserved.

Note: This service is not intended for secure transactions such as banking, social media, email, or purchasing. Use at your own risk. We assume no liability whatsoever for broken pages.


Alternative Proxies:

Alternative Proxy

pFad Proxy

pFad v3 Proxy

pFad v4 Proxy