The log file contains performance monitoring data for an Android application. It records details about frame drawing times, activity lifecycles, and slow operations. Several activities from the com.mbwhatsapp package are monitored, including the HomeActivity. Frame drawing times frequently exceed 300ms and in some cases are over 500ms. Slow operations are also noted, such as an activity destruction taking over 100ms and a binder transaction taking 788ms.
We take content rights seriously. If you suspect this is your content, claim it here.
Available Formats
Download as TXT, PDF, TXT or read online on Scribd
0 ratings0% found this document useful (0 votes)
79 views10,252 pages
Logcat
The log file contains performance monitoring data for an Android application. It records details about frame drawing times, activity lifecycles, and slow operations. Several activities from the com.mbwhatsapp package are monitored, including the HomeActivity. Frame drawing times frequently exceed 300ms and in some cases are over 500ms. Slow operations are also noted, such as an activity destruction taking over 100ms and a binder transaction taking 788ms.
We take content rights seriously. If you suspect this is your content, claim it here.
Available Formats
Download as TXT, PDF, TXT or read online on Scribd
You are on page 1/ 10252
--------- beginning of system
01-20 21:48:03.355 9003 9003 W Looper : PerfMonitor looperActivity :
package=com.mbwhatsapp/.Icon0 time=0ms latency=404ms running=0ms procState=-1 historyMsgCount=3 (msgIndex=2 wall=272ms seq=2 running=162ms runnable=19ms io=36ms binder=22ms late=16ms h=android.app.ActivityThread$H w=110) (msgIndex=3 wall=126ms seq=3 running=63ms runnable=3ms io=4ms binder=55ms late=278ms h=android.app.ActivityThread$H w=159)
01-20 21:48:03.835 9003 9003 W Looper : PerfMonitor looperActivity : package=com.mbwhatsapp/.HomeActivity time=1ms latency=459ms running=0ms procState=-1 historyMsgCount=5 (msgIndex=5 wall=445ms seq=13 running=303ms runnable=2ms io=18ms binder=90ms late=14ms h=android.app.ActivityThread$H w=159)
01-20 21:48:04.562 9003 9003 W Looper : PerfMonitor doFrame : time=679ms vsyncFrame=0 latency=47ms procState=-1 historyMsgCount=26
01-20 21:48:04.613 9003 9003 W Looper : PerfMonitor doFrame : time=42ms vsyncFrame=0 latency=669ms procState=-1 historyMsgCount=9 (msgIndex=1 wall=679ms seq=42 running=483ms runnable=31ms io=32ms binder=48ms late=47ms h=android.view.Choreographer$FrameHandler c=android.view.Choreographer$FrameDisplayEventReceiver)
01-20 21:48:04.636 9003 9003 W Looper : PerfMonitor looperActivity : package=com.mbwhatsapp/mbmodsd.mbmodsw.mbsettings.yo.PauseActivity time=19ms latency=476ms running=9ms procState=-1 historyMsgCount=32 (msgIndex=1 wall=679ms seq=42 running=483ms runnable=31ms io=32ms binder=48ms late=47ms h=android.view.Choreographer$FrameHandler c=android.view.Choreographer$FrameDisplayEventReceiver)
01-20 21:48:04.636 9003 9003 W Looper : PerfMonitor looperActivity : package=com.mbwhatsapp/mbmodsd.mbmodsw.mbsettings.yo.PauseActivity time=0ms latency=495ms running=0ms procState=-1 historyMsgCount=33 (msgIndex=1 wall=679ms seq=42 running=483ms runnable=31ms io=32ms binder=48ms late=47ms h=android.view.Choreographer$FrameHandler c=android.view.Choreographer$FrameDisplayEventReceiver)
01-20 21:48:39.382 9003 10581 W BpBinder: Slow Binder: BpBinder transact took 226 ms, interface=android.media.IAudioTrack, code=2 oneway=false
01-20 21:48:47.522 9003 9003 W Activity: PerfMonitor: Slow Operation: Activity com.mbwhatsapp/.HomeActivity onDestroy took 102ms
01-20 21:49:27.751 9003 9003 W Looper : PerfMonitor doFrame : time=475ms vsyncFrame=0 latency=10ms procState=-1 historyMsgCount=14
01-20 21:49:27.777 9003 9003 W Looper : PerfMonitor doFrame : time=25ms vsyncFrame=0 latency=469ms procState=-1 historyMsgCount=5 (msgIndex=1 wall=475ms seq=5873 running=390ms runnable=11ms io=5ms binder=46ms late=10ms h=android.view.Choreographer$FrameHandler c=android.view.Choreographer$FrameDisplayEventReceiver)
01-20 21:49:27.785 9003 9003 W Looper : PerfMonitor looperActivity : package=com.mbwhatsapp/.HomeActivity time=6ms latency=337ms running=1ms procState=-1 historyMsgCount=30 (msgIndex=1 wall=475ms seq=5873 running=390ms runnable=11ms io=5ms binder=46ms late=10ms h=android.view.Choreographer$FrameHandler c=android.view.Choreographer$FrameDisplayEventReceiver)
01-20 21:49:27.800 9003 9003 W Looper : PerfMonitor looperActivity : package=com.mbwhatsapp/mbmodsd.mbmodsw.mbsettings.yo.PauseActivity time=14ms latency=304ms running=5ms procState=-1 historyMsgCount=36 (msgIndex=1 wall=475ms seq=5873 running=390ms runnable=11ms io=5ms binder=46ms late=10ms h=android.view.Choreographer$FrameHandler c=android.view.Choreographer$FrameDisplayEventReceiver)
01-20 21:49:27.800 9003 9003 W Looper : PerfMonitor looperActivity : package=com.mbwhatsapp/mbmodsd.mbmodsw.mbsettings.yo.PauseActivity time=0ms latency=318ms running=0ms procState=-1 historyMsgCount=37 (msgIndex=1 wall=475ms seq=5873 running=390ms runnable=11ms io=5ms binder=46ms late=10ms h=android.view.Choreographer$FrameHandler c=android.view.Choreographer$FrameDisplayEventReceiver)
01-20 22:06:38.449 15847 15847 W Looper : PerfMonitor doFrame : time=360ms vsyncFrame=0 latency=288ms procState=-1 historyMsgCount=2 (msgIndex=1 wall=294ms seq=371 running=216ms runnable=6ms io=11ms binder=60ms late=3ms h=android.app.ActivityThread$H w=159)
01-20 22:06:38.452 15847 15847 W Looper : PerfMonitor looperActivity : package=com.mbwhatsapp/.HomeActivity time=1ms latency=449ms running=1ms procState=-1 historyMsgCount=12 (msgIndex=1 wall=294ms seq=371 running=216ms runnable=6ms io=11ms binder=60ms late=3ms h=android.app.ActivityThread$H w=159) (msgIndex=3 wall=360ms seq=373 running=313ms runnable=1ms io=10ms binder=7ms late=288ms h=android.view.Choreographer$FrameHandler c=android.view.Choreographer$FrameDisplayEventReceiver)
01-20 22:06:38.467 15847 15847 W Looper : PerfMonitor looperActivity : package=com.mbwhatsapp/.HomeActivity time=15ms latency=450ms running=3ms procState=-1 historyMsgCount=13 (msgIndex=1 wall=294ms seq=371 running=216ms runnable=6ms io=11ms binder=60ms late=3ms h=android.app.ActivityThread$H w=159) (msgIndex=3 wall=360ms seq=373 running=313ms runnable=1ms io=10ms binder=7ms late=288ms h=android.view.Choreographer$FrameHandler c=android.view.Choreographer$FrameDisplayEventReceiver)
01-20 22:06:38.507 15847 15847 W Looper : PerfMonitor doFrame : time=38ms vsyncFrame=0 latency=371ms procState=-1 historyMsgCount=28 (msgIndex=1 wall=360ms seq=373 running=313ms runnable=1ms io=10ms binder=7ms late=288ms h=android.view.Choreographer$FrameHandler c=android.view.Choreographer$FrameDisplayEventReceiver)
01-20 22:06:47.049 15847 15847 W Looper : PerfMonitor doFrame : time=304ms vsyncFrame=0 latency=2ms procState=-1 historyMsgCount=14
01-20 22:10:47.251 20446 20446 W Looper : PerfMonitor looperActivity : package=com.mbwhatsapp/.HomeActivity time=0ms latency=306ms running=0ms procState=-1 historyMsgCount=4 (msgIndex=4 wall=298ms seq=662 running=202ms runnable=6ms io=2ms binder=85ms late=7ms h=android.app.ActivityThread$H w=159)
01-20 22:10:47.613 20446 20446 W Looper : PerfMonitor doFrame : time=361ms vsyncFrame=0 latency=292ms procState=-1 historyMsgCount=3 (msgIndex=1 wall=298ms seq=662 running=202ms runnable=6ms io=2ms binder=85ms late=7ms h=android.app.ActivityThread$H w=159)
01-20 22:10:47.617 20446 20446 W Looper : PerfMonitor looperActivity : package=com.mbwhatsapp/.HomeActivity time=2ms latency=458ms running=0ms procState=-1 historyMsgCount=15 (msgIndex=1 wall=298ms seq=662 running=202ms runnable=6ms io=2ms binder=85ms late=7ms h=android.app.ActivityThread$H w=159) (msgIndex=4 wall=361ms seq=665 running=311ms runnable=7ms io=8ms binder=11ms late=292ms h=android.view.Choreographer$FrameHandler c=android.view.Choreographer$FrameDisplayEventReceiver)
01-20 22:10:47.633 20446 20446 W Looper : PerfMonitor looperActivity : package=com.mbwhatsapp/.HomeActivity time=16ms latency=460ms running=4ms procState=-1 historyMsgCount=16 (msgIndex=1 wall=298ms seq=662 running=202ms runnable=6ms io=2ms binder=85ms late=7ms h=android.app.ActivityThread$H w=159) (msgIndex=4 wall=361ms seq=665 running=311ms runnable=7ms io=8ms binder=11ms late=292ms h=android.view.Choreographer$FrameHandler c=android.view.Choreographer$FrameDisplayEventReceiver)
01-20 22:10:47.674 20446 20446 W Looper : PerfMonitor doFrame : time=37ms vsyncFrame=0 latency=380ms procState=-1 historyMsgCount=29 (msgIndex=1 wall=361ms seq=665 running=311ms runnable=7ms io=8ms binder=11ms late=292ms h=android.view.Choreographer$FrameHandler c=android.view.Choreographer$FrameDisplayEventReceiver)
01-21 01:43:02.988 5656 25999 E ActivityThread: Failed to find provider info for androidx.car.app.connection
01-21 01:43:27.678 5656 25999 E ActivityThread: Failed to find provider info for androidx.car.app.connection
01-21 01:43:52.001 5656 5656 W Looper : PerfMonitor looperActivity : package=com.mbwhatsapp/.HomeActivity time=1ms latency=381ms running=0ms procState=-1 historyMsgCount=1 (msgIndex=1 wall=381ms seq=2024 running=253ms runnable=13ms io=28ms binder=82ms h=android.app.ActivityThread$H w=159)
01-21 01:43:52.594 5656 5656 W Looper : PerfMonitor doFrame : time=571ms vsyncFrame=0 latency=13ms procState=-1 historyMsgCount=14
01-21 01:43:52.627 5656 5656 W Looper : PerfMonitor doFrame : time=32ms vsyncFrame=0 latency=568ms procState=-1 historyMsgCount=6 (msgIndex=1 wall=571ms seq=2050 running=455ms runnable=12ms io=32ms binder=12ms late=13ms h=android.view.Choreographer$FrameHandler c=android.view.Choreographer$FrameDisplayEventReceiver)
01-21 01:43:52.634 5656 5656 W Looper : PerfMonitor looperActivity : package=com.mbwhatsapp/.HomeActivity time=3ms latency=422ms running=1ms procState=-1 historyMsgCount=50 (msgIndex=1 wall=571ms seq=2050 running=455ms runnable=12ms io=32ms binder=12ms late=13ms h=android.view.Choreographer$FrameHandler c=android.view.Choreographer$FrameDisplayEventReceiver)
01-21 01:44:28.148 5656 25999 E ActivityThread: Failed to find provider info for androidx.car.app.connection
01-21 03:53:22.470 5656 5656 W Looper : PerfMonitor doFrame : time=353ms vsyncFrame=0 latency=9ms procState=-1 historyMsgCount=15
01-21 03:53:22.506 5656 5656 W Looper : PerfMonitor doFrame : time=35ms vsyncFrame=0 latency=345ms procState=-1 historyMsgCount=6 (msgIndex=1 wall=353ms seq=5955 running=250ms runnable=62ms io=14ms binder=9ms late=9ms h=android.view.Choreographer$FrameHandler c=android.view.Choreographer$FrameDisplayEventReceiver)
01-21 03:54:05.287 5656 5656 W Activity: PerfMonitor: Slow Operation: Activity com.mbwhatsapp/.HomeActivity onDestroy took 106ms
01-21 03:55:11.793 5656 5656 W Looper : PerfMonitor doFrame : time=323ms vsyncFrame=0 latency=10ms procState=-1 historyMsgCount=17
01-21 03:55:11.812 5656 5656 W Looper : PerfMonitor doFrame : time=19ms vsyncFrame=0 latency=317ms procState=-1 historyMsgCount=6 (msgIndex=1 wall=323ms seq=11897 running=260ms runnable=8ms io=7ms binder=26ms late=10ms h=android.view.Choreographer$FrameHandler c=android.view.Choreographer$FrameDisplayEventReceiver)
01-21 03:57:01.885 5656 27580 W BpBinder: Slow Binder: BpBinder transact took 788 ms, interface=android.media.IMediaMetadataRetriever, code=5 oneway=false
01-21 04:06:43.482 5656 5656 W Looper : PerfMonitor doFrame : time=319ms vsyncFrame=0 latency=16ms procState=-1 historyMsgCount=17
01-21 04:06:43.503 5656 5656 W Looper : PerfMonitor doFrame : time=20ms vsyncFrame=0 latency=318ms procState=-1 historyMsgCount=6 (msgIndex=1 wall=319ms seq=34804 running=260ms runnable=7ms io=7ms binder=22ms late=16ms h=android.view.Choreographer$FrameHandler c=android.view.Choreographer$FrameDisplayEventReceiver)
01-21 04:14:15.621 5656 5656 W Looper : PerfMonitor doFrame : time=307ms vsyncFrame=0 latency=20ms procState=-1 historyMsgCount=25 (msgIndex=1 wall=217ms seq=36278 running=155ms runnable=7ms io=8ms binder=46ms late=4ms h=android.app.ActivityThread$H w=159)
01-21 04:14:40.307 5656 27580 W BpBinder: Slow Binder: BpBinder transact took 206 ms, interface=android.media.IMediaMetadataRetriever, code=5 oneway=false --------- beginning of main
01-21 04:21:04.498 20566 20566 E com.mbwhatsapp: Not starting debugger since process cannot load the jdwp agent.
01-21 04:21:04.526 20566 20566 W ziparchive: Unable to open '/system/framework/org.apache.http.legacy.dm': No such file or directory
01-21 04:21:04.526 20566 20566 W ziparchive: Unable to open '/system/framework/org.apache.http.legacy.dm': No such file or directory
01-21 04:21:04.562 20566 20566 W ResourceType: CREATING STRING CACHE OF 192 bytes
01-21 04:21:04.568 20566 20566 W System.err: java.lang.ClassNotFoundException: mbmodsd.mbmodsw.ui.views.btn.BtnBK
01-21 04:21:04.568 20566 20566 W System.err: at java.lang.Runtime.nativeLoad(Native Method)
01-21 04:21:04.568 20566 20566 W System.err: at java.lang.Runtime.nativeLoad(Runtime.java:1126)
01-21 04:21:04.568 20566 20566 W System.err: at java.lang.Runtime.loadLibrary0(Runtime.java:1080)
01-21 04:21:04.568 20566 20566 W System.err: at java.lang.Runtime.loadLibrary0(Runtime.java:1003)
01-21 04:21:04.568 20566 20566 W System.err: at java.lang.System.loadLibrary(System.java:1661)
01-21 04:21:04.568 20566 20566 W System.err: at arm.EpicVm.<clinit>(Unknown Source:2)
01-21 04:21:04.568 20566 20566 W System.err: at java.lang.Class.newInstance(Native Method)
01-21 04:21:04.568 20566 20566 W System.err: at android.app.AppComponentFactory.instantiateApplication(Unknown Source:4)
01-21 04:21:04.568 20566 20566 W System.err: at androidx.core.app.CoreComponentFactory.instantiateApplication(Unknown Source:0)
01-21 04:21:04.568 20566 20566 W System.err: at android.app.Instrumentation.newApplication(Instrumentation.java:1191)
01-21 04:21:04.568 20566 20566 W System.err: at android.app.LoadedApk.makeApplication(Unknown Source:104)
01-21 04:21:04.568 20566 20566 W System.err: at android.app.ActivityThread.handleBindApplication(Unknown Source:789)
01-21 04:21:04.568 20566 20566 W System.err: at android.app.ActivityThread.access$1600(Unknown Source:0)
01-21 04:21:04.568 20566 20566 W System.err: at android.app.ActivityThread$H.handleMessage(Unknown Source:774)
01-21 04:21:04.568 20566 20566 W System.err: at android.os.Handler.dispatchMessage(Unknown Source:19)
01-21 04:21:04.568 20566 20566 W System.err: at android.os.Looper.loopOnce(Unknown Source:176)
01-21 04:21:04.568 20566 20566 W System.err: at android.os.Looper.loop(Unknown Source:76)
01-21 04:21:04.568 20566 20566 W System.err: at android.app.ActivityThread.main(Unknown Source:138)
01-21 04:21:04.568 20566 20566 W System.err: at java.lang.reflect.Method.invoke(Native Method)
01-21 04:21:04.568 20566 20566 W System.err: at com.android.internal.os.RuntimeInit$MethodAndArgsCaller.run(Unknown Source:11)
01-21 04:21:04.568 20566 20566 W System.err: at com.android.internal.os.ZygoteInit.main(Unknown Source:306)
01-21 04:21:04.571 20566 20566 E CustomActivityOnCrash: IMPORTANT WARNING! You already have an UncaughtExceptionHandler, are you sure this is correct? If you use a custom UncaughtExceptionHandler, you must initialize it AFTER CustomActivityOnCrash! Installing anyway, but your original handler will not be called.
01-21 04:21:04.684 20566 20566 W com.mbwhatsapp: type=1400 audit(0.0:11867): avc: granted { execute } for path="/data/data/com.mbwhatsapp/files/decompressed/libs.spk.zst/libc++_shared.so" dev="dm-5" ino=226567 scontext=u:r:untrusted_app:s0:c80,c257,c512,c768 tcontext=u:object_r:app_data_file:s0:c80,c257,c512,c768 tclass=file app=com.mbwhatsapp
01-21 04:21:04.684 20566 20566 W com.mbwhatsapp: type=1400 audit(0.0:11868): avc: granted { execute } for path="/data/data/com.mbwhatsapp/files/decompressed/libs.spk.zst/libvlc.so" dev="dm- 5" ino=515596 scontext=u:r:untrusted_app:s0:c80,c257,c512,c768 tcontext=u:object_r:app_data_file:s0:c80,c257,c512,c768 tclass=file app=com.mbwhatsapp
01-21 04:21:04.729 20566 20619 W com.mbwhatsapp: Method void X.2rL.A03(java.lang.Integer) failed lock verification and will run slower.
01-21 04:21:04.729 20566 20619 W com.mbwhatsapp: Common causes for lock verification issues are non-optimized dex code
01-21 04:21:04.729 20566 20619 W com.mbwhatsapp: and incorrect proguard optimizations.
01-21 04:21:04.729 20566 20566 W com.mbwhatsapp: Method void X.0eU.A0h(X.0tK, boolean) failed lock verification and will run slower.
01-21 04:21:04.946 20566 20566 E ArmVmp : Match on catch block at 0x0a in for 0x70aa449031
01-21 04:21:04.958 20566 20566 E ArmVmp : Match on catch block at 0x0a in for 0x70aa44904d
01-21 04:21:05.126 20566 20632 E ion : ioctl c0044901 failed with code -1: Inappropriate ioctl for device
01-21 04:21:05.126 20566 20632 E DMABUFHEAPS: No ion heap of name ion_system_heap exists
01-21 04:21:05.126 20566 20632 E DMABUFHEAPS: No ion heap of name ion_system_heap exists
01-21 04:21:05.376 20566 20566 E RecyclerView: No adapter attached; skipping layout
01-21 04:21:05.409 20566 20566 W Looper : PerfMonitor doFrame : time=366ms vsyncFrame=0 latency=5ms procState=-1 historyMsgCount=15
01-21 04:21:05.430 20566 20566 E RecyclerView: No adapter attached; skipping layout
01-21 04:21:05.430 20566 20566 W View : requestLayout() improperly called by androidx.appcompat.view.menu.ActionMenuItemView{a668d97 VFED..C.. ......ID 243,0- 363,0 #7f0b0f8a app:id/menuitem_search} during layout: running second layout pass
01-21 04:21:05.430 20566 20566 W View : requestLayout() improperly called by androidx.appcompat.widget.ActionMenuView{d3c8131 V.E...... ......ID 530,313- 1123,313} during layout: running second layout pass
01-21 04:21:05.436 20566 20566 W Looper : PerfMonitor doFrame : time=24ms vsyncFrame=0 latency=358ms procState=-1 historyMsgCount=7 (msgIndex=1 wall=366ms seq=38 running=300ms runnable=3ms io=23ms binder=17ms late=5ms h=android.view.Choreographer$FrameHandler c=android.view.Choreographer$FrameDisplayEventReceiver)
01-21 04:21:05.440 20566 20566 E ArmVmp : Match on catch block at 0x0a in for 0x70aa449035
01-21 04:21:05.509 20566 20566 W View : requestLayout() improperly called by DecorView@65cb04f[HomeActivity] during second layout pass: posting in next frame
01-21 04:21:05.527 20566 20677 W LOTTIE : Animation contains merge paths. Merge paths are only supported on KitKat+ and must be manually enabled by calling enableMergePathsForKitKatAndAbove().
01-21 04:21:05.616 20566 20566 W LOTTIE : Animation contains merge paths but they are disabled.
01-21 04:21:05.703 20566 20566 E ArmVmp : Match on catch block at 0x5b in for 0x70aa44901d
01-21 04:21:06.085 20566 20593 W LibraryVersion: Failed to get app version for libraryName: firebase-iid
01-21 04:21:06.449 20566 20566 W MirrorManager: this model don't Support
01-21 04:21:09.287 20566 20575 W com.mbwhatsapp: Cleared Reference was only reachable from finalizer (only reported once)
01-21 04:21:21.048 20566 20575 W com.mbwhatsapp: Suspending all threads took: 13.681ms
01-21 04:29:56.225 20566 20566 E ArmVmp : Match on catch block at 0x0a in for 0x70aa449031
01-21 04:29:56.237 20566 20566 E ArmVmp : Match on catch block at 0x0a in for 0x70aa44904d
01-21 04:29:56.664 20566 20566 E RecyclerView: No adapter attached; skipping layout
01-21 04:29:56.690 20566 20566 W Looper : PerfMonitor doFrame : time=353ms vsyncFrame=0 latency=9ms procState=-1 historyMsgCount=15
01-21 04:29:56.704 20566 20566 E RecyclerView: No adapter attached; skipping layout
01-21 04:29:56.704 20566 20566 W View : requestLayout() improperly called by androidx.appcompat.view.menu.ActionMenuItemView{cd27dd8 VFED..C.. ......ID 243,0- 363,0 #7f0b0f8a app:id/menuitem_search} during layout: running second layout pass
01-21 04:29:56.704 20566 20566 W View : requestLayout() improperly called by androidx.appcompat.widget.ActionMenuView{4fcfd4a V.E...... ......ID 530,313- 1123,313} during layout: running second layout pass
01-21 04:29:56.710 20566 20566 W Looper : PerfMonitor doFrame : time=19ms vsyncFrame=0 latency=347ms procState=-1 historyMsgCount=6 (msgIndex=1 wall=353ms seq=1166 running=309ms runnable=11ms io=5ms binder=5ms late=9ms h=android.view.Choreographer$FrameHandler c=android.view.Choreographer$FrameDisplayEventReceiver)
01-21 04:29:56.722 20566 20566 E ArmVmp : Match on catch block at 0x0a in for 0x70aa449035
01-21 04:29:56.773 20566 20566 W View : requestLayout() improperly called by DecorView@715455[HomeActivity] during second layout pass: posting in next frame
01-21 04:29:57.036 20566 20566 E ArmVmp : Match on catch block at 0x5b in for 0x70aa44901d
01-21 04:30:25.567 20566 20575 W com.mbwhatsapp: Suspending all threads took: 6.246ms
01-21 06:03:19.723 28697 28697 E com.mbwhatsapp: Not starting debugger since process cannot load the jdwp agent.
01-21 06:03:19.747 28697 28697 W ziparchive: Unable to open '/system/framework/org.apache.http.legacy.dm': No such file or directory
01-21 06:03:19.748 28697 28697 W ziparchive: Unable to open '/system/framework/org.apache.http.legacy.dm': No such file or directory
01-21 06:03:19.763 28697 28697 W ResourceType: CREATING STRING CACHE OF 192 bytes
01-21 06:03:19.771 28697 28697 W System.err: java.lang.ClassNotFoundException: mbmodsd.mbmodsw.ui.views.btn.BtnBK
01-21 06:03:19.771 28697 28697 W System.err: at java.lang.Runtime.nativeLoad(Native Method)
01-21 06:03:19.771 28697 28697 W System.err: at java.lang.Runtime.nativeLoad(Runtime.java:1126)
01-21 06:03:19.771 28697 28697 W System.err: at java.lang.Runtime.loadLibrary0(Runtime.java:1080)
01-21 06:03:19.771 28697 28697 W System.err: at java.lang.Runtime.loadLibrary0(Runtime.java:1003)
01-21 06:03:19.771 28697 28697 W System.err: at java.lang.System.loadLibrary(System.java:1661)
01-21 06:03:19.771 28697 28697 W System.err: at arm.EpicVm.<clinit>(Unknown Source:2)
01-21 06:03:19.771 28697 28697 W System.err: at java.lang.Class.newInstance(Native Method)
01-21 06:03:19.771 28697 28697 W System.err: at android.app.AppComponentFactory.instantiateApplication(Unknown Source:4)
01-21 06:03:19.771 28697 28697 W System.err: at androidx.core.app.CoreComponentFactory.instantiateApplication(Unknown Source:0)
01-21 06:03:19.771 28697 28697 W System.err: at android.app.Instrumentation.newApplication(Instrumentation.java:1191)
01-21 06:03:19.771 28697 28697 W System.err: at android.app.LoadedApk.makeApplication(Unknown Source:104)
01-21 06:03:19.771 28697 28697 W System.err: at android.app.ActivityThread.handleBindApplication(Unknown Source:789)
01-21 06:03:19.771 28697 28697 W System.err: at android.app.ActivityThread.access$1600(Unknown Source:0)
01-21 06:03:19.771 28697 28697 W System.err: at android.app.ActivityThread$H.handleMessage(Unknown Source:774)
01-21 06:03:19.771 28697 28697 W System.err: at android.os.Handler.dispatchMessage(Unknown Source:19)
01-21 06:03:19.771 28697 28697 W System.err: at android.os.Looper.loopOnce(Unknown Source:176)
01-21 06:03:19.771 28697 28697 W System.err: at android.os.Looper.loop(Unknown Source:76)
01-21 06:03:19.771 28697 28697 W System.err: at android.app.ActivityThread.main(Unknown Source:138)
01-21 06:03:19.771 28697 28697 W System.err: at java.lang.reflect.Method.invoke(Native Method)
01-21 06:03:19.771 28697 28697 W System.err: at com.android.internal.os.RuntimeInit$MethodAndArgsCaller.run(Unknown Source:11)
01-21 06:03:19.771 28697 28697 W System.err: at com.android.internal.os.ZygoteInit.main(Unknown Source:306)
01-21 06:03:19.784 28697 28697 E CustomActivityOnCrash: IMPORTANT WARNING! You already have an UncaughtExceptionHandler, are you sure this is correct? If you use a custom UncaughtExceptionHandler, you must initialize it AFTER CustomActivityOnCrash! Installing anyway, but your original handler will not be called.
01-21 06:03:20.284 28697 28697 W com.mbwhatsapp: type=1400 audit(0.0:12956): avc: granted { execute } for path="/data/data/com.mbwhatsapp/files/decompressed/libs.spk.zst/libc++_shared.so" dev="dm-5" ino=226567 scontext=u:r:untrusted_app:s0:c80,c257,c512,c768 tcontext=u:object_r:app_data_file:s0:c80,c257,c512,c768 tclass=file app=com.mbwhatsapp
01-21 06:03:20.284 28697 28697 W com.mbwhatsapp: type=1400 audit(0.0:12957): avc: granted { execute } for path="/data/data/com.mbwhatsapp/files/decompressed/libs.spk.zst/libvlc.so" dev="dm- 5" ino=515596 scontext=u:r:untrusted_app:s0:c80,c257,c512,c768 tcontext=u:object_r:app_data_file:s0:c80,c257,c512,c768 tclass=file app=com.mbwhatsapp
01-21 06:03:20.284 28697 28697 W com.mbwhatsapp: type=1400 audit(0.0:12958): avc: granted { execute } for path="/data/data/com.mbwhatsapp/files/decompressed/libs.spk.zst/libwhatsapp.so" dev="dm-5" ino=492075 scontext=u:r:untrusted_app:s0:c80,c257,c512,c768 tcontext=u:object_r:app_data_file:s0:c80,c257,c512,c768 tclass=file app=com.mbwhatsapp
01-21 06:03:20.292 28697 28697 W com.mbwhatsapp: type=1400 audit(0.0:12959): avc: granted { execute } for path="/data/data/com.mbwhatsapp/files/decompressed/libs.spk.zst/libcurve25519.so" dev="dm-5" ino=401620 scontext=u:r:untrusted_app:s0:c80,c257,c512,c768 tcontext=u:object_r:app_data_file:s0:c80,c257,c512,c768 tclass=file app=com.mbwhatsapp
01-21 06:03:20.330 28697 28697 W com.mbwhatsapp: Method void X.0eU.A0h(X.0tK, boolean) failed lock verification and will run slower.
01-21 06:03:20.330 28697 28697 W com.mbwhatsapp: Common causes for lock verification issues are non-optimized dex code
01-21 06:03:20.330 28697 28697 W com.mbwhatsapp: and incorrect proguard optimizations.
01-21 06:03:20.330 28697 28755 W com.mbwhatsapp: Method void X.2rL.A03(java.lang.Integer) failed lock verification and will run slower.
01-21 06:03:20.396 28697 28697 W Looper : PerfMonitor looperActivity : package=com.mbwhatsapp/.Icon0 time=71ms latency=587ms running=49ms procState=-1 historyMsgCount=2 (msgIndex=2 wall=584ms seq=2 running=460ms runnable=6ms io=75ms binder=13ms late=4ms h=android.app.ActivityThread$H w=110)
01-21 06:03:20.396 28697 28697 W Looper : PerfMonitor looperActivity : package=com.mbwhatsapp/.Icon0 time=0ms latency=658ms running=0ms procState=-1 historyMsgCount=3 (msgIndex=2 wall=584ms seq=2 running=460ms runnable=6ms io=75ms binder=13ms late=4ms h=android.app.ActivityThread$H w=110) (msgIndex=3 wall=71ms seq=3 running=49ms binder=15ms late=587ms h=android.app.ActivityThread$H w=159)
01-21 06:03:20.421 28697 28697 W com.mbwhatsapp: Method void com.mbwhatsapp.HomeActivity.A6e() failed lock verification and will run slower.
01-21 06:03:20.577 28697 28697 E ArmVmp : Match on catch block at 0x0a in for 0x70aa449031
01-21 06:03:20.588 28697 28697 E ArmVmp : Match on catch block at 0x0a in for 0x70aa44904d
01-21 06:03:20.790 28697 28774 E ion : ioctl c0044901 failed with code -1: Inappropriate ioctl for device
01-21 06:03:20.790 28697 28774 E DMABUFHEAPS: No ion heap of name ion_system_heap exists
01-21 06:03:20.790 28697 28774 E DMABUFHEAPS: No ion heap of name ion_system_heap exists
01-21 06:03:21.079 28697 28697 E RecyclerView: No adapter attached; skipping layout
01-21 06:03:21.157 28697 28697 W Looper : PerfMonitor doFrame : time=460ms vsyncFrame=0 latency=14ms procState=-1 historyMsgCount=14
01-21 06:03:21.180 28697 28697 E RecyclerView: No adapter attached; skipping layout
01-21 06:03:21.181 28697 28697 W View : requestLayout() improperly called by androidx.appcompat.view.menu.ActionMenuItemView{dd17b81 VFED..C.. ......ID 243,0- 363,0 #7f0b0f8a app:id/menuitem_search} during layout: running second layout pass
01-21 06:03:21.181 28697 28697 W View : requestLayout() improperly called by androidx.appcompat.widget.ActionMenuView{6115e8b V.E...... ......ID 530,313- 1123,313} during layout: running second layout pass
01-21 06:03:21.186 28697 28697 W Looper : PerfMonitor doFrame : time=27ms vsyncFrame=0 latency=443ms procState=-1 historyMsgCount=8 (msgIndex=1 wall=460ms seq=48 running=348ms runnable=3ms io=15ms binder=25ms late=14ms h=android.view.Choreographer$FrameHandler c=android.view.Choreographer$FrameDisplayEventReceiver)
01-21 06:03:21.191 28697 28697 E ArmVmp : Match on catch block at 0x0a in for 0x70aa449035
01-21 06:03:21.199 28697 28697 W Looper : PerfMonitor looperActivity : package=com.mbwhatsapp/mbmodsd.mbmodsw.mbsettings.yo.PauseActivity time=11ms latency=346ms running=6ms procState=-1 historyMsgCount=29 (msgIndex=1 wall=460ms seq=48 running=348ms runnable=3ms io=15ms binder=25ms late=14ms h=android.view.Choreographer$FrameHandler c=android.view.Choreographer$FrameDisplayEventReceiver)
01-21 06:03:21.199 28697 28697 W Looper : PerfMonitor looperActivity : package=com.mbwhatsapp/mbmodsd.mbmodsw.mbsettings.yo.PauseActivity time=0ms latency=357ms running=0ms procState=-1 historyMsgCount=30 (msgIndex=1 wall=460ms seq=48 running=348ms runnable=3ms io=15ms binder=25ms late=14ms h=android.view.Choreographer$FrameHandler c=android.view.Choreographer$FrameDisplayEventReceiver)
01-21 06:03:21.289 28697 28697 W View : requestLayout() improperly called by DecorView@9d8822f[HomeActivity] during second layout pass: posting in next frame
01-21 06:03:21.336 28697 28839 W LOTTIE : Animation contains merge paths. Merge paths are only supported on KitKat+ and must be manually enabled by calling enableMergePathsForKitKatAndAbove().
01-21 06:03:21.478 28697 28697 W LOTTIE : Animation contains merge paths but they are disabled.
01-21 06:03:21.598 28697 28697 E ArmVmp : Match on catch block at 0x5b in for 0x70aa44901d
01-21 06:03:21.870 28697 28708 W com.mbwhatsapp: Cleared Reference was only reachable from finalizer (only reported once)
01-21 06:03:21.915 28697 28720 W LibraryVersion: Failed to get app version for libraryName: firebase-iid
01-21 06:03:26.518 28697 28697 W MirrorManager: this model don't Support
01-21 06:03:27.477 28697 28697 W InputEventReceiver: Attempted to finish an input event but the input event receiver has already been disposed.
01-21 06:03:30.322 28697 28697 W InputEventReceiver: Attempted to finish an input event but the input event receiver has already been disposed.
01-21 06:03:38.721 28697 28697 E ArmVmp : Match on catch block at 0x0a in for 0x70aa449039
01-21 06:03:38.729 28697 28697 E ArmVmp : Match on catch block at 0x0a in for 0x70aa449039
01-21 06:03:38.779 28697 28697 E ArmVmp : Match on catch block at 0x0a in for 0x70aa44902d
01-21 06:03:38.789 28697 28697 E ArmVmp : Match on catch block at 0x0a in for 0x70aa449031
01-21 06:03:42.635 28697 28697 E ArmVmp : Match on catch block at 0x0a in for 0x70aa449035
01-21 06:03:42.641 28697 28697 E ArmVmp : Match on catch block at 0x0a in for 0x70aa449035
01-21 06:03:42.674 28697 28697 E com.mbwhatsapp: Invalid ID 0x00000000.
01-21 06:03:42.674 28697 28697 W System.err: android.content.res.Resources$NotFoundException: Array resource ID #0x0
01-21 06:03:42.674 28697 28697 W System.err: at android.content.res.Resources.obtainTypedArray(Unknown Source:61)
01-21 06:03:42.674 28697 28697 W System.err: at mbmodsd.mbmodsw.ui.views.settings.utils.ImLi_v2.<init>(Unknown Source:32)
01-21 06:03:42.674 28697 28697 W System.err: at java.lang.reflect.Constructor.newInstance0(Native Method)
01-21 06:03:42.674 28697 28697 W System.err: at java.lang.reflect.Constructor.newInstance(Constructor.java:343)
01-21 06:03:42.674 28697 28697 W System.err: at android.preference.GenericInflater.createItem(Unknown Source:59)
01-21 06:03:42.674 28697 28697 W System.err: at android.preference.GenericInflater.createItemFromTag(Unknown Source:32)
01-21 06:03:42.674 28697 28697 W System.err: at android.preference.GenericInflater.rInflate(Unknown Source:36)
01-21 06:03:42.674 28697 28697 W System.err: at android.preference.GenericInflater.rInflate(Unknown Source:46)
01-21 06:03:42.674 28697 28697 W System.err: at android.preference.GenericInflater.inflate(Unknown Source:45)
01-21 06:03:42.674 28697 28697 W System.err: at android.preference.GenericInflater.inflate(Unknown Source:12)
01-21 06:03:42.674 28697 28697 W System.err: at android.preference.PreferenceManager.inflateFromResource(Unknown Source:9)
01-21 06:03:42.674 28697 28697 W System.err: at android.preference.PreferenceActivity.addPreferencesFromResource(Unknown Source:9)
01-21 06:03:42.674 28697 28697 W System.err: at mbmodsd.mbmodsw.mbsettings.others.OnlineNotifyActivity.onCreate(Native Method)
01-21 06:03:42.674 28697 28697 W System.err: at android.app.Activity.performCreate(Unknown Source:115)
01-21 06:03:42.674 28697 28697 W System.err: at android.app.Activity.performCreate(Unknown Source:1)
01-21 06:03:42.674 28697 28697 W System.err: at android.app.Instrumentation.callActivityOnCreate(Instrumentation.java:1349)
01-21 06:03:42.674 28697 28697 W System.err: at android.app.ActivityThread.performLaunchActivity(Unknown Source:433)
01-21 06:03:42.675 28697 28697 W System.err: at android.app.ActivityThread.handleLaunchActivity(Unknown Source:94)
01-21 06:03:42.675 28697 28697 W System.err: at android.app.servertransaction.LaunchActivityItem.execute(Unknown Source:12)
01-21 06:03:42.675 28697 28697 W System.err: at android.app.servertransaction.TransactionExecutor.executeCallbacks(Unknown Source:77)
01-21 06:03:42.675 28697 28697 W System.err: at android.app.servertransaction.TransactionExecutor.execute(Unknown Source:73)
01-21 06:03:42.675 28697 28697 W System.err: at android.app.ActivityThread$H.handleMessage(Unknown Source:127)
01-21 06:03:42.675 28697 28697 W System.err: at android.os.Handler.dispatchMessage(Unknown Source:19)
01-21 06:03:42.675 28697 28697 W System.err: at android.os.Looper.loopOnce(Unknown Source:176)
01-21 06:03:42.675 28697 28697 W System.err: at android.os.Looper.loop(Unknown Source:76)
01-21 06:03:42.675 28697 28697 W System.err: at android.app.ActivityThread.main(Unknown Source:138)
01-21 06:03:42.675 28697 28697 W System.err: at java.lang.reflect.Method.invoke(Native Method)
01-21 06:03:42.675 28697 28697 W System.err: at com.android.internal.os.RuntimeInit$MethodAndArgsCaller.run(Unknown Source:11)
01-21 06:03:42.675 28697 28697 W System.err: at com.android.internal.os.ZygoteInit.main(Unknown Source:306)
01-21 06:03:42.675 28697 28697 E com.mbwhatsapp: Invalid ID 0x00000000.
01-21 06:03:42.675 28697 28697 W System.err: android.content.res.Resources$NotFoundException: Array resource ID #0x0
01-21 06:03:42.675 28697 28697 W System.err: at android.content.res.Resources.obtainTypedArray(Unknown Source:61)
01-21 06:03:42.675 28697 28697 W System.err: at mbmodsd.mbmodsw.ui.views.settings.utils.ImLi_v2.<init>(Unknown Source:32)
01-21 06:03:42.675 28697 28697 W System.err: at java.lang.reflect.Constructor.newInstance0(Native Method)
01-21 06:03:42.675 28697 28697 W System.err: at java.lang.reflect.Constructor.newInstance(Constructor.java:343)
01-21 06:03:42.675 28697 28697 W System.err: at android.preference.GenericInflater.createItem(Unknown Source:59)
01-21 06:03:42.675 28697 28697 W System.err: at android.preference.GenericInflater.createItemFromTag(Unknown Source:32)
01-21 06:03:42.675 28697 28697 W System.err: at android.preference.GenericInflater.rInflate(Unknown Source:36)
01-21 06:03:42.675 28697 28697 W System.err: at android.preference.GenericInflater.rInflate(Unknown Source:46)
01-21 06:03:42.675 28697 28697 W System.err: at android.preference.GenericInflater.inflate(Unknown Source:45)
01-21 06:03:42.675 28697 28697 W System.err: at android.preference.GenericInflater.inflate(Unknown Source:12)
01-21 06:03:42.675 28697 28697 W System.err: at android.preference.PreferenceManager.inflateFromResource(Unknown Source:9)
01-21 06:03:42.675 28697 28697 W System.err: at android.preference.PreferenceActivity.addPreferencesFromResource(Unknown Source:9)
01-21 06:03:42.675 28697 28697 W System.err: at mbmodsd.mbmodsw.mbsettings.others.OnlineNotifyActivity.onCreate(Native Method)
01-21 06:03:42.675 28697 28697 W System.err: at android.app.Activity.performCreate(Unknown Source:115)
01-21 06:03:42.675 28697 28697 W System.err: at android.app.Activity.performCreate(Unknown Source:1)
01-21 06:03:42.675 28697 28697 W System.err: at android.app.Instrumentation.callActivityOnCreate(Instrumentation.java:1349)
01-21 06:03:42.675 28697 28697 W System.err: at android.app.ActivityThread.performLaunchActivity(Unknown Source:433)
01-21 06:03:42.675 28697 28697 W System.err: at android.app.ActivityThread.handleLaunchActivity(Unknown Source:94)
01-21 06:03:42.675 28697 28697 W System.err: at android.app.servertransaction.LaunchActivityItem.execute(Unknown Source:12)
01-21 06:03:42.676 28697 28697 W System.err: at android.app.servertransaction.TransactionExecutor.executeCallbacks(Unknown Source:77)
01-21 06:03:42.676 28697 28697 W System.err: at android.app.servertransaction.TransactionExecutor.execute(Unknown Source:73)
01-21 06:03:42.676 28697 28697 W System.err: at android.app.ActivityThread$H.handleMessage(Unknown Source:127)
01-21 06:03:42.676 28697 28697 W System.err: at android.os.Handler.dispatchMessage(Unknown Source:19)
01-21 06:03:42.676 28697 28697 W System.err: at android.os.Looper.loopOnce(Unknown Source:176)
01-21 06:03:42.676 28697 28697 W System.err: at android.os.Looper.loop(Unknown Source:76)
01-21 06:03:42.676 28697 28697 W System.err: at android.app.ActivityThread.main(Unknown Source:138)
01-21 06:03:42.676 28697 28697 W System.err: at java.lang.reflect.Method.invoke(Native Method)
01-21 06:03:42.676 28697 28697 W System.err: at com.android.internal.os.RuntimeInit$MethodAndArgsCaller.run(Unknown Source:11)
01-21 06:03:42.676 28697 28697 W System.err: at com.android.internal.os.ZygoteInit.main(Unknown Source:306)
01-21 06:03:42.687 28697 28697 E ArmVmp : Match on catch block at 0x0a in for 0x70aa449031
01-21 06:03:46.150 28697 28697 E ArmVmp : Match on catch block at 0x0a in for 0x70aa449039
01-21 06:03:46.157 28697 28697 E ArmVmp : Match on catch block at 0x0a in for 0x70aa449039
01-21 06:03:46.193 28697 28697 E ArmVmp : Match on catch block at 0x0a in for 0x70aa44902d
01-21 06:03:46.201 28697 28697 E ArmVmp : Match on catch block at 0x0a in for 0x70aa449031
01-21 06:03:51.081 28697 28697 E ArmVmp : Match on catch block at 0x0a in for 0x70aa449039
01-21 06:03:51.088 28697 28697 E ArmVmp : Match on catch block at 0x0a in for 0x70aa449039
01-21 06:03:51.130 28697 28697 E ArmVmp : Match on catch block at 0x0a in for 0x70aa44902d
01-21 06:03:51.139 28697 28697 E ArmVmp : Match on catch block at 0x0a in for 0x70aa449031
01-21 06:04:10.646 28697 28697 E ArmVmp : Match on catch block at 0x0a in for 0x70aa449031
01-21 06:04:38.449 28697 28697 W InputEventReceiver: Attempted to finish an input event but the input event receiver has already been disposed.
01-21 06:05:02.499 28697 28697 E ArmVmp : Match on catch block at 0x0a in for 0x70aa449039
01-21 06:05:02.506 28697 28697 E ArmVmp : Match on catch block at 0x0a in for 0x70aa449039
01-21 06:05:02.547 28697 28697 E ArmVmp : Match on catch block at 0x0a in for 0x70aa449031
01-21 06:05:02.554 28697 28697 E ArmVmp : Match on catch block at 0x0a in for 0x70aa449031
01-21 06:05:37.931 28697 28697 E ArmVmp : Match on catch block at 0x0a in for 0x70aa449039
01-21 06:05:37.940 28697 28697 E ArmVmp : Match on catch block at 0x0a in for 0x70aa449039
01-21 06:05:37.981 28697 28697 E ArmVmp : Match on catch block at 0x0a in for 0x70aa449031
01-21 06:05:37.988 28697 28697 E ArmVmp : Match on catch block at 0x0a in for 0x70aa449031
01-21 06:05:41.514 28697 28697 E ArmVmp : Match on catch block at 0x0a in for 0x70aa449039
01-21 06:05:41.521 28697 28697 E ArmVmp : Match on catch block at 0x0a in for 0x70aa449039
01-21 06:05:41.554 28697 28697 E ArmVmp : Match on catch block at 0x0a in for 0x70aa44902d
01-21 06:05:41.562 28697 28697 E ArmVmp : Match on catch block at 0x0a in for 0x70aa449035
01-21 06:05:43.987 28697 28697 E ArmVmp : Match on catch block at 0x0a in for 0x70aa449039
01-21 06:05:43.995 28697 28697 E ArmVmp : Match on catch block at 0x0a in for 0x70aa449039
01-21 06:05:44.036 28697 28697 E ArmVmp : Match on catch block at 0x0a in for 0x70aa44902d
01-21 06:05:44.043 28697 28697 E ArmVmp : Match on catch block at 0x0a in for 0x70aa449031
01-21 06:05:45.791 28697 28697 E ArmVmp : Match on catch block at 0x0a in for 0x70aa449039
01-21 06:05:45.797 28697 28697 E ArmVmp : Match on catch block at 0x0a in for 0x70aa449039
01-21 06:05:45.828 28697 28697 E ArmVmp : Match on catch block at 0x0a in for 0x70aa44902d
01-21 06:05:45.835 28697 28697 E ArmVmp : Match on catch block at 0x0a in for 0x70aa449035
01-21 06:05:59.771 28697 28697 E ArmVmp : Match on catch block at 0x0a in for 0x70aa449039
01-21 06:05:59.778 28697 28697 E ArmVmp : Match on catch block at 0x0a in for 0x70aa449039
01-21 06:05:59.820 28697 28697 E ArmVmp : Match on catch block at 0x0a in for 0x70aa44902d
01-21 06:05:59.828 28697 28697 E ArmVmp : Match on catch block at 0x0a in for 0x70aa449035
01-21 06:06:00.662 28697 28697 E ArmVmp : Match on catch block at 0x0a in for 0x70aa449039
01-21 06:06:00.668 28697 28697 E ArmVmp : Match on catch block at 0x0a in for 0x70aa449039
01-21 06:06:00.698 28697 28697 E ArmVmp : Match on catch block at 0x0a in for 0x70aa44902d
01-21 06:06:00.710 28697 28697 E ArmVmp : Match on catch block at 0x0a in for 0x70aa449031
01-21 06:06:14.268 28697 28697 E ArmVmp : Match on catch block at 0x0a in for 0x70aa449035
01-21 06:06:16.916 28697 28697 E ArmVmp : Match on catch block at 0x0a in for 0x70aa449039
01-21 06:06:16.922 28697 28697 E ArmVmp : Match on catch block at 0x0a in for 0x70aa449039
01-21 06:06:16.968 28697 28697 E ArmVmp : Match on catch block at 0x0a in for 0x70aa44902d
01-21 06:06:16.975 28697 28697 E ArmVmp : Match on catch block at 0x0a in for 0x70aa449031
01-21 06:06:48.133 28697 28697 E ArmVmp : Match on catch block at 0x0a in for 0x70aa449035
01-21 06:06:58.655 28697 28697 W InputEventReceiver: Attempted to finish an input event but the input event receiver has already been disposed.
01-21 06:07:55.287 28697 28708 W com.mbwhatsapp: Suspending all threads took: 5.118ms
01-21 06:08:17.745 28697 28697 E ArmVmp : Match on catch block at 0x0a in for 0x70aa449039
01-21 06:08:17.814 28697 28697 E ArmVmp : Match on catch block at 0x0a in for 0x70aa449031
01-21 06:08:41.585 28697 28697 W View : requestLayout() improperly called by androidx.appcompat.view.menu.ActionMenuItemView{43b5e45 VFED..C.. ......ID 0,10- 120,130 #7f0b0f8a app:id/menuitem_search} during layout: running second layout pass
01-21 06:08:41.585 28697 28697 W View : requestLayout() improperly called by androidx.appcompat.widget.ActionMenuView{25e599a V.E...... ......ID 960,0-1080,140} during layout: running second layout pass --------- beginning of main
01-21 06:08:43.715 30657 30657 E com.mbwhatsapp: Not starting debugger since process cannot load the jdwp agent.
01-21 06:08:43.733 30657 30657 W ziparchive: Unable to open '/system/framework/org.apache.http.legacy.dm': No such file or directory
01-21 06:08:43.733 30657 30657 W ziparchive: Unable to open '/system/framework/org.apache.http.legacy.dm': No such file or directory
01-21 06:08:43.747 30657 30657 W ResourceType: CREATING STRING CACHE OF 192 bytes
01-21 06:08:43.755 30657 30657 W System.err: java.lang.ClassNotFoundException: mbmodsd.mbmodsw.ui.views.btn.BtnBK
01-21 06:08:43.755 30657 30657 W System.err: at java.lang.Runtime.nativeLoad(Native Method)
01-21 06:08:43.755 30657 30657 W System.err: at java.lang.Runtime.nativeLoad(Runtime.java:1126)
01-21 06:08:43.755 30657 30657 W System.err: at java.lang.Runtime.loadLibrary0(Runtime.java:1080)
01-21 06:08:43.755 30657 30657 W System.err: at java.lang.Runtime.loadLibrary0(Runtime.java:1003)
01-21 06:08:43.755 30657 30657 W System.err: at java.lang.System.loadLibrary(System.java:1661)
01-21 06:08:43.755 30657 30657 W System.err: at arm.EpicVm.<clinit>(Unknown Source:2)
01-21 06:08:43.755 30657 30657 W System.err: at java.lang.Class.newInstance(Native Method)
01-21 06:08:43.755 30657 30657 W System.err: at android.app.AppComponentFactory.instantiateApplication(Unknown Source:4)
01-21 06:08:43.755 30657 30657 W System.err: at androidx.core.app.CoreComponentFactory.instantiateApplication(Unknown Source:0)
01-21 06:08:43.755 30657 30657 W System.err: at android.app.Instrumentation.newApplication(Instrumentation.java:1191)
01-21 06:08:43.755 30657 30657 W System.err: at android.app.LoadedApk.makeApplication(Unknown Source:104)
01-21 06:08:43.755 30657 30657 W System.err: at android.app.ActivityThread.handleBindApplication(Unknown Source:789)
01-21 06:08:43.755 30657 30657 W System.err: at android.app.ActivityThread.access$1600(Unknown Source:0)
01-21 06:08:43.755 30657 30657 W System.err: at android.app.ActivityThread$H.handleMessage(Unknown Source:774)
01-21 06:08:43.755 30657 30657 W System.err: at android.os.Handler.dispatchMessage(Unknown Source:19)
01-21 06:08:43.755 30657 30657 W System.err: at android.os.Looper.loopOnce(Unknown Source:176)
01-21 06:08:43.755 30657 30657 W System.err: at android.os.Looper.loop(Unknown Source:76)
01-21 06:08:43.755 30657 30657 W System.err: at android.app.ActivityThread.main(Unknown Source:138)
01-21 06:08:43.755 30657 30657 W System.err: at java.lang.reflect.Method.invoke(Native Method)
01-21 06:08:43.755 30657 30657 W System.err: at com.android.internal.os.RuntimeInit$MethodAndArgsCaller.run(Unknown Source:11)
01-21 06:08:43.755 30657 30657 W System.err: at com.android.internal.os.ZygoteInit.main(Unknown Source:306)
01-21 06:08:43.767 30657 30657 E CustomActivityOnCrash: IMPORTANT WARNING! You already have an UncaughtExceptionHandler, are you sure this is correct? If you use a custom UncaughtExceptionHandler, you must initialize it AFTER CustomActivityOnCrash! Installing anyway, but your original handler will not be called.
01-21 06:08:43.828 30657 30657 W com.mbwhatsapp: type=1400 audit(0.0:13151): avc: granted { execute } for path="/data/data/com.mbwhatsapp/files/decompressed/libs.spk.zst/libc++_shared.so" dev="dm-5" ino=226567 scontext=u:r:untrusted_app:s0:c80,c257,c512,c768 tcontext=u:object_r:app_data_file:s0:c80,c257,c512,c768 tclass=file app=com.mbwhatsapp
01-21 06:08:43.828 30657 30657 W com.mbwhatsapp: type=1400 audit(0.0:13152): avc: granted { execute } for path="/data/data/com.mbwhatsapp/files/decompressed/libs.spk.zst/libvlc.so" dev="dm- 5" ino=515596 scontext=u:r:untrusted_app:s0:c80,c257,c512,c768 tcontext=u:object_r:app_data_file:s0:c80,c257,c512,c768 tclass=file app=com.mbwhatsapp
01-21 06:08:43.832 30657 30657 W com.mbwhatsapp: type=1400 audit(0.0:13153): avc: granted { execute } for path="/data/data/com.mbwhatsapp/files/decompressed/libs.spk.zst/libwhatsapp.so" dev="dm-5" ino=492075 scontext=u:r:untrusted_app:s0:c80,c257,c512,c768 tcontext=u:object_r:app_data_file:s0:c80,c257,c512,c768 tclass=file app=com.mbwhatsapp
01-21 06:08:43.836 30657 30657 W com.mbwhatsapp: type=1400 audit(0.0:13154): avc: granted { execute } for path="/data/data/com.mbwhatsapp/files/decompressed/libs.spk.zst/libcurve25519.so" dev="dm-5" ino=401620 scontext=u:r:untrusted_app:s0:c80,c257,c512,c768 tcontext=u:object_r:app_data_file:s0:c80,c257,c512,c768 tclass=file app=com.mbwhatsapp
01-21 06:08:43.840 30657 30657 W com.mbwhatsapp: type=1400 audit(0.0:13155): avc: granted { execute } for path="/data/data/com.mbwhatsapp/files/decompressed/libs.spk.zst/libwhatsapp.so" dev="dm-5" ino=492075 scontext=u:r:untrusted_app:s0:c80,c257,c512,c768 tcontext=u:object_r:app_data_file:s0:c80,c257,c512,c768 tclass=file app=com.mbwhatsapp
01-21 06:08:43.840 30657 30657 W com.mbwhatsapp: type=1400 audit(0.0:13156): avc: granted { execute } for path="/data/data/com.mbwhatsapp/files/decompressed/libs.spk.zst/libwhatsapp.so" dev="dm-5" ino=492075 scontext=u:r:untrusted_app:s0:c80,c257,c512,c768 tcontext=u:object_r:app_data_file:s0:c80,c257,c512,c768 tclass=file app=com.mbwhatsapp
01-21 06:08:43.840 30657 30657 W com.mbwhatsapp: type=1400 audit(0.0:13157): avc: granted { execute } for path="/data/data/com.mbwhatsapp/files/decompressed/libs.spk.zst/libwhatsapp.so" dev="dm-5" ino=492075 scontext=u:r:untrusted_app:s0:c80,c257,c512,c768 tcontext=u:object_r:app_data_file:s0:c80,c257,c512,c768 tclass=file app=com.mbwhatsapp
01-21 06:08:43.864 30657 30703 W com.mbwhatsapp: Method void X.2rL.A03(java.lang.Integer) failed lock verification and will run slower.
01-21 06:08:43.864 30657 30703 W com.mbwhatsapp: Common causes for lock verification issues are non-optimized dex code
01-21 06:08:43.864 30657 30703 W com.mbwhatsapp: and incorrect proguard optimizations.
01-21 06:08:43.867 30657 30657 W com.mbwhatsapp: Method void X.0eU.A0h(X.0tK, boolean) failed lock verification and will run slower.
01-21 06:08:43.942 30657 30657 W com.mbwhatsapp: Method void com.mbwhatsapp.HomeActivity.A6e() failed lock verification and will run slower.
01-21 06:08:44.097 30657 30657 E ArmVmp : Match on catch block at 0x0a in for 0x70aa449031
01-21 06:08:44.110 30657 30657 E ArmVmp : Match on catch block at 0x0a in for 0x70aa44904d
01-21 06:08:44.316 30657 30719 E ion : ioctl c0044901 failed with code -1: Inappropriate ioctl for device
01-21 06:08:44.316 30657 30719 E DMABUFHEAPS: No ion heap of name ion_system_heap exists
01-21 06:08:44.316 30657 30719 E DMABUFHEAPS: No ion heap of name ion_system_heap exists --------- beginning of system
01-21 06:08:44.571 30657 30657 W Looper : PerfMonitor doFrame : time=362ms vsyncFrame=0 latency=12ms procState=-1 historyMsgCount=15
01-21 06:08:44.597 30657 30657 W Looper : PerfMonitor doFrame : time=24ms vsyncFrame=0 latency=359ms procState=-1 historyMsgCount=8 (msgIndex=1 wall=362ms seq=34 running=317ms runnable=7ms io=1ms binder=17ms late=12ms h=android.view.Choreographer$FrameHandler c=android.view.Choreographer$FrameDisplayEventReceiver)
01-21 06:08:44.602 30657 30657 E ArmVmp : Match on catch block at 0x0a in for 0x70aa449035
01-21 06:08:44.704 30657 30758 W LOTTIE : Animation contains merge paths. Merge paths are only supported on KitKat+ and must be manually enabled by calling enableMergePathsForKitKatAndAbove().
01-21 06:08:44.854 30657 30657 W LOTTIE : Animation contains merge paths but they are disabled.
01-21 06:08:47.974 30657 30676 W LibraryVersion: Failed to get app version for libraryName: firebase-iid
