01-21 19:34:46.218 32248 32248 E ArmVmp : Match on catch block at 0xc3 in for 0x77dbcce025
01-21 19:34:46.221 32248 32248 E ArmVmp : Match on catch block at 0xc3 in for 0x77dbcce025
01-21 19:34:46.231 32248 32248 E ArmVmp : Match on catch block at 0xc3 in for 0x77dbcce025
01-21 19:34:46.233 32248 32248 E ArmVmp : Match on catch block at 0xc3 in for 0x77dbcce025
01-21 19:34:46.248 32248 32248 E ArmVmp : Match on catch block at 0xc3 in for 0x77dbcce025
01-21 19:34:46.250 32248 32248 E ArmVmp : Match on catch block at 0xc3 in for 0x77dbcce025
01-21 19:34:46.266 32248 32248 E ArmVmp : Match on catch block at 0xc3 in for 0x77dbcce025
01-21 19:34:46.269 32248 32248 E ArmVmp : Match on catch block at 0xc3 in for 0x77dbcce025
01-21 19:34:46.281 32248 32248 E ArmVmp : Match on catch block at 0xc3 in for 0x77dbcce025
01-21 19:34:46.283 32248 32248 E ArmVmp : Match on catch block at 0xc3 in for 0x77dbcce025
01-21 19:34:46.305 32248 32248 E ArmVmp : Match on catch block at 0xc3 in for 0x77dbcce025
01-21 19:34:46.307 32248 32248 E ArmVmp : Match on catch block at 0xc3 in for 0x77dbcce025
01-21 19:34:46.314 32248 32248 E ArmVmp : Match on catch block at 0xc3 in for 0x77dbcce025
01-21 19:34:46.316 32248 32248 E ArmVmp : Match on catch block at 0xc3 in for 0x77dbcce025
01-21 19:34:46.330 32248 32248 E ArmVmp : Match on catch block at 0xc3 in for 0x77dbcce025
01-21 19:34:46.333 32248 32248 E ArmVmp : Match on catch block at 0xc3 in for 0x77dbcce025
01-21 19:34:46.347 32248 32248 E ArmVmp : Match on catch block at 0xc3 in for 0x77dbcce025
01-21 19:34:46.349 32248 32248 E ArmVmp : Match on catch block at 0xc3 in for 0x77dbcce025
01-21 19:34:46.364 32248 32248 E ArmVmp : Match on catch block at 0xc3 in for 0x77dbcce025
01-21 19:34:46.366 32248 32248 E ArmVmp : Match on catch block at 0xc3 in for 0x77dbcce025
01-21 19:34:46.380 32248 32248 E ArmVmp : Match on catch block at 0xc3 in for 0x77dbcce025
01-21 19:34:46.383 32248 32248 E ArmVmp : Match on catch block at 0xc3 in for 0x77dbcce025
01-21 19:34:46.397 32248 32248 E ArmVmp : Match on catch block at 0xc3 in for 0x77dbcce025
01-21 19:34:46.400 32248 32248 E ArmVmp : Match on catch block at 0xc3 in for 0x77dbcce025
01-21 19:34:46.413 32248 32248 E ArmVmp : Match on catch block at 0xc3 in for 0x77dbcce025
01-21 19:34:46.417 32248 32248 E ArmVmp : Match on catch block at 0xc3 in for 0x77dbcce025
01-21 19:34:46.432 32248 32248 E ArmVmp : Match on catch block at 0xc3 in for 0x77dbcce025
01-21 19:34:46.435 32248 32248 E ArmVmp : Match on catch block at 0xc3 in for 0x77dbcce025
01-21 19:34:46.447 32248 32248 E ArmVmp : Match on catch block at 0xc3 in for 0x77dbcce025
01-21 19:34:46.449 32248 32248 E ArmVmp : Match on catch block at 0xc3 in for 0x77dbcce025
01-21 19:34:46.462 32248 32248 E ArmVmp : Match on catch block at 0xc3 in for 0x77dbcce025
01-21 19:34:46.464 32248 32248 E ArmVmp : Match on catch block at 0xc3 in for 0x77dbcce025
01-21 19:34:46.478 32248 32248 E ArmVmp : Match on catch block at 0xc3 in for 0x77dbcce025
01-21 19:34:46.481 32248 32248 E ArmVmp : Match on catch block at 0xc3 in for 0x77dbcce025
01-21 19:34:47.440 32248 32248 W InputEventReceiver: Attempted to finish an input event but the input event receiver has already been disposed.
01-21 19:34:47.458 32248 17311 E ActivityThread: Failed to find provider info for androidx.car.app.connection
01-21 19:34:47.465 32248 32248 W CarApp.Conn: Null response from content provider when checking connection to the car, treating as disconnected
01-21 19:34:47.473 32248 32248 W com.mbwhatsapp: type=1400 audit(0.0:6641): avc: granted { execute } for comm=486967682050726920576F726B6572 path="/data/data/com.mbwhatsapp/files/decompressed/libs.spk.zst/libaom.so" dev="dm- 5" ino=401328 scontext=u:r:untrusted_app:s0:c80,c257,c512,c768 tcontext=u:object_r:app_data_file:s0:c80,c257,c512,c768 tclass=file app=com.mbwhatsapp
01-21 19:34:47.492 32248 32248 E ArmVmp : Match on catch block at 0xc3 in for 0x77dbcce025
01-21 19:34:47.493 32248 32248 E ArmVmp : Match on catch block at 0xc3 in for 0x77dbcce025
01-21 19:34:47.511 32248 17320 W AudioManager: Use of stream types is deprecated for operations other than volume control
01-21 19:34:47.511 32248 17320 W AudioManager: See the documentation of requestAudioFocus() for what to use instead with android.media.AudioAttributes to qualify your playback use case
01-21 19:34:47.512 32248 32248 W SoundPool: Use of stream types is deprecated for operations other than volume control
01-21 19:34:47.512 32248 32248 W SoundPool: See the documentation of SoundPool() for what to use instead with android.media.AudioAttributes to qualify your playback use case
01-21 19:34:47.537 32248 17328 W Codec2Client: query -- param skipped: index = 1107298332.
01-21 19:34:47.538 32248 17328 W Codec2Client: query -- param skipped: index = 1342179345.
01-21 19:34:47.538 32248 17328 W Codec2Client: query -- param skipped: index = 2415921170.
01-21 19:34:47.538 32248 17329 W Codec2Client: query -- param skipped: index = 1107298332.
01-21 19:34:47.538 32248 17329 W Codec2Client: query -- param skipped: index = 1342179345.
01-21 19:34:47.538 32248 17329 W Codec2Client: query -- param skipped: index = 2415921170.
01-21 19:34:47.565 32248 17329 W MediaCodec: onQueueInputBuffer,timeUs:-1 is invalid, changed to 0!
01-21 19:34:47.582 32248 32248 E ArmVmp : Match on catch block at 0xc3 in for 0x77dbcce025
01-21 19:34:47.583 32248 32248 E ArmVmp : Match on catch block at 0xc3 in for 0x77dbcce025
01-21 19:34:47.595 32248 17342 W Codec2Client: query -- param skipped: index = 1107298332.
01-21 19:34:47.596 32248 17342 W Codec2Client: query -- param skipped: index = 1342179345.
01-21 19:34:47.596 32248 17342 W Codec2Client: query -- param skipped: index = 2415921170.
01-21 19:34:47.608 32248 17328 W MediaCodec: onQueueInputBuffer,timeUs:-1 is invalid, changed to 0!
01-21 19:34:47.614 32248 17342 W MediaCodec: onQueueInputBuffer,timeUs:-1 is invalid, changed to 0!
01-21 19:34:47.620 32248 17347 W Codec2Client: query -- param skipped: index = 1107298332.
01-21 19:34:47.621 32248 17347 W Codec2Client: query -- param skipped: index = 1342179345.
01-21 19:34:47.621 32248 17347 W Codec2Client: query -- param skipped: index = 2415921170.
01-21 19:34:47.625 32248 17350 W Codec2Client: query -- param skipped: index = 1107298332.
01-21 19:34:47.625 32248 17350 W Codec2Client: query -- param skipped: index = 1342179345.
01-21 19:34:47.625 32248 17350 W Codec2Client: query -- param skipped: index = 2415921170.
01-21 19:34:47.635 32248 17347 W MediaCodec: onQueueInputBuffer,timeUs:-1 is invalid, changed to 0!
01-21 19:34:47.641 32248 17350 W MediaCodec: onQueueInputBuffer,timeUs:-1 is invalid, changed to 0!
01-21 19:34:47.729 32248 32248 E ArmVmp : Match on catch block at 0xc3 in for 0x77dbcce025
01-21 19:34:47.731 32248 32248 E ArmVmp : Match on catch block at 0xc3 in for 0x77dbcce025
01-21 19:34:47.901 32248 32248 E ArmVmp : Match on catch block at 0xc3 in for 0x77dbcce025
01-21 19:34:47.902 32248 32248 E ArmVmp : Match on catch block at 0xc3 in for 0x77dbcce025
01-21 19:34:47.946 32248 32248 W BottomSheetBehavior: BottomSheetBehavior now supports multiple callbacks. `setBottomSheetCallback()` removes all existing callbacks, including ones set internally by library authors, which may result in unintended behavior. This may change in the future. Please use `addBottomSheetCallback()` and `removeBottomSheetCallback()` instead to set your own callbacks.
01-21 19:34:48.003 32248 32248 E ArmVmp : Match on catch block at 0xc3 in for 0x77dbcce025
01-21 19:34:48.004 32248 32248 E ArmVmp : Match on catch block at 0xc3 in for 0x77dbcce025
01-21 19:34:48.015 32248 32248 E ArmVmp : Match on catch block at 0xc3 in for 0x77dbcce025
01-21 19:34:48.018 32248 32248 E ArmVmp : Match on catch block at 0xc3 in for 0x77dbcce025
01-21 19:34:48.036 32248 32248 E ArmVmp : Match on catch block at 0xc3 in for 0x77dbcce025
01-21 19:34:48.039 32248 32248 E ArmVmp : Match on catch block at 0xc3 in for 0x77dbcce025
01-21 19:34:48.052 32248 32248 E ArmVmp : Match on catch block at 0xc3 in for 0x77dbcce025
01-21 19:34:48.053 32248 32248 E ArmVmp : Match on catch block at 0xc3 in for 0x77dbcce025
01-21 19:34:48.074 32248 32248 E ArmVmp : Match on catch block at 0xc3 in for 0x77dbcce025
01-21 19:34:48.075 32248 32248 E ArmVmp : Match on catch block at 0xc3 in for 0x77dbcce025
01-21 19:34:48.255 32248 16730 W com.mbwhatsapp: PlayerBase::setVolume() error -19
01-21 19:34:48.256 32248 17333 W libOpenSLES: Conversion from OpenSL ES positional channel mask 0x4 to Android mask 0 loses channels
01-21 19:34:57.479 32248 32248 W Choreographer: Frame time is 0.21218699 ms in the future! Check that graphics HAL is generating vsync timestamps using the correct timebase.
01-21 19:36:11.104 32248 32248 E ArmVmp : Match on catch block at 0x0a in for 0x77dbcce035
01-21 19:36:11.106 32248 32248 E ArmVmp : Match on catch block at 0x0a in for 0x77dbcce035
01-21 19:36:11.139 32248 32248 E ArmVmp : Match on catch block at 0xc3 in for 0x77dbcce025
01-21 19:36:11.141 32248 32248 E ArmVmp : Match on catch block at 0xc3 in for 0x77dbcce025
01-21 19:36:11.157 32248 32248 E ArmVmp : Match on catch block at 0xc3 in for 0x77dbcce025
01-21 19:36:11.158 32248 32248 E ArmVmp : Match on catch block at 0xc3 in for 0x77dbcce025
01-21 19:36:11.161 32248 32248 E ArmVmp : Match on catch block at 0xc3 in for 0x77dbcce025
01-21 19:36:11.162 32248 32248 E ArmVmp : Match on catch block at 0xc3 in for 0x77dbcce025
01-21 19:36:11.180 32248 32248 E ArmVmp : Match on catch block at 0xc3 in for 0x77dbcce025
01-21 19:36:11.182 32248 32248 E ArmVmp : Match on catch block at 0xc3 in for 0x77dbcce025
01-21 19:36:11.254 32248 14615 W BpBinder: Slow Binder: BpBinder transact took 203 ms, interface=android.media.IAudioFlingerService, code=22 oneway=false
01-21 19:36:11.267 32248 32248 E ArmVmp : Match on catch block at 0xc3 in for 0x77dbcce025
01-21 19:36:11.270 32248 32248 E ArmVmp : Match on catch block at 0xc3 in for 0x77dbcce025
01-21 19:36:11.295 32248 32248 E ArmVmp : Match on catch block at 0xc3 in for 0x77dbcce025
01-21 19:36:11.301 32248 32248 E ArmVmp : Match on catch block at 0xc3 in for 0x77dbcce025
01-21 19:36:11.310 32248 32248 E ArmVmp : Match on catch block at 0xc3 in for 0x77dbcce025
01-21 19:36:11.311 32248 32248 E ArmVmp : Match on catch block at 0xc3 in for 0x77dbcce025
01-21 19:36:11.326 32248 32248 E ArmVmp : Match on catch block at 0xc3 in for 0x77dbcce025
01-21 19:36:11.327 32248 32248 E ArmVmp : Match on catch block at 0xc3 in for 0x77dbcce025
01-21 19:36:11.342 32248 32248 E ArmVmp : Match on catch block at 0xc3 in for 0x77dbcce025
01-21 19:36:11.343 32248 32248 E ArmVmp : Match on catch block at 0xc3 in for 0x77dbcce025
01-21 19:36:11.414 32248 32248 E ArmVmp : Match on catch block at 0xc3 in for 0x77dbcce025
01-21 19:36:11.415 32248 32248 E ArmVmp : Match on catch block at 0xc3 in for 0x77dbcce025
01-21 19:36:11.795 32248 32248 E ArmVmp : Match on catch block at 0xc3 in for 0x77dbcce025
01-21 19:36:11.798 32248 32248 E ArmVmp : Match on catch block at 0xc3 in for 0x77dbcce025
01-21 19:36:11.926 32248 32248 E ArmVmp : Match on catch block at 0xc3 in for 0x77dbcce025
01-21 19:36:11.929 32248 32248 E ArmVmp : Match on catch block at 0xc3 in for 0x77dbcce025
01-21 19:36:11.943 32248 32248 E ArmVmp : Match on catch block at 0xc3 in for 0x77dbcce025
01-21 19:36:11.948 32248 32248 E ArmVmp : Match on catch block at 0xc3 in for 0x77dbcce025
01-21 19:36:11.960 32248 32248 E ArmVmp : Match on catch block at 0xc3 in for 0x77dbcce025
01-21 19:36:11.963 32248 32248 E ArmVmp : Match on catch block at 0xc3 in for 0x77dbcce025
01-21 19:36:11.976 32248 32248 E ArmVmp : Match on catch block at 0xc3 in for 0x77dbcce025
01-21 19:36:11.979 32248 32248 E ArmVmp : Match on catch block at 0xc3 in for 0x77dbcce025
01-21 19:36:11.994 32248 32248 E ArmVmp : Match on catch block at 0xc3 in for 0x77dbcce025
01-21 19:36:11.997 32248 32248 E ArmVmp : Match on catch block at 0xc3 in for 0x77dbcce025
01-21 19:36:12.009 32248 32248 E ArmVmp : Match on catch block at 0xc3 in for 0x77dbcce025
01-21 19:36:12.012 32248 32248 E ArmVmp : Match on catch block at 0xc3 in for 0x77dbcce025
01-21 19:36:12.026 32248 32248 E ArmVmp : Match on catch block at 0xc3 in for 0x77dbcce025
01-21 19:36:12.029 32248 32248 E ArmVmp : Match on catch block at 0xc3 in for 0x77dbcce025
01-21 19:36:12.042 32248 32248 E ArmVmp : Match on catch block at 0xc3 in for 0x77dbcce025
01-21 19:36:12.045 32248 32248 E ArmVmp : Match on catch block at 0xc3 in for 0x77dbcce025
01-21 19:36:12.059 32248 32248 E ArmVmp : Match on catch block at 0xc3 in for 0x77dbcce025
01-21 19:36:12.061 32248 32248 E ArmVmp : Match on catch block at 0xc3 in for 0x77dbcce025
01-21 19:36:12.075 32248 32248 E ArmVmp : Match on catch block at 0xc3 in for 0x77dbcce025
01-21 19:36:12.078 32248 32248 E ArmVmp : Match on catch block at 0xc3 in for 0x77dbcce025
01-21 19:36:12.092 32248 32248 E ArmVmp : Match on catch block at 0xc3 in for 0x77dbcce025
01-21 19:36:12.094 32248 32248 E ArmVmp : Match on catch block at 0xc3 in for 0x77dbcce025
01-21 19:36:12.108 32248 32248 E ArmVmp : Match on catch block at 0xc3 in for 0x77dbcce025
01-21 19:36:12.111 32248 32248 E ArmVmp : Match on catch block at 0xc3 in for 0x77dbcce025
01-21 19:36:12.125 32248 32248 E ArmVmp : Match on catch block at 0xc3 in for 0x77dbcce025
01-21 19:36:12.128 32248 32248 E ArmVmp : Match on catch block at 0xc3 in for 0x77dbcce025
01-21 19:36:12.141 32248 32248 E ArmVmp : Match on catch block at 0xc3 in for 0x77dbcce025
01-21 19:36:12.144 32248 32248 E ArmVmp : Match on catch block at 0xc3 in for 0x77dbcce025
01-21 19:36:12.158 32248 32248 E ArmVmp : Match on catch block at 0xc3 in for 0x77dbcce025
01-21 19:36:12.161 32248 32248 E ArmVmp : Match on catch block at 0xc3 in for 0x77dbcce025
01-21 19:36:12.174 32248 32248 E ArmVmp : Match on catch block at 0xc3 in for 0x77dbcce025
01-21 19:36:12.178 32248 32248 E ArmVmp : Match on catch block at 0xc3 in for 0x77dbcce025
01-21 19:36:12.191 32248 32248 E ArmVmp : Match on catch block at 0xc3 in for 0x77dbcce025
01-21 19:36:12.194 32248 32248 E ArmVmp : Match on catch block at 0xc3 in for 0x77dbcce025
01-21 19:36:12.207 32248 32248 E ArmVmp : Match on catch block at 0xc3 in for 0x77dbcce025
01-21 19:36:12.210 32248 32248 E ArmVmp : Match on catch block at 0xc3 in for 0x77dbcce025
01-21 19:36:12.224 32248 32248 E ArmVmp : Match on catch block at 0xc3 in for 0x77dbcce025
01-21 19:36:12.227 32248 32248 E ArmVmp : Match on catch block at 0xc3 in for 0x77dbcce025
01-21 19:36:12.240 32248 32248 E ArmVmp : Match on catch block at 0xc3 in for 0x77dbcce025
01-21 19:36:12.242 32248 32248 E ArmVmp : Match on catch block at 0xc3 in for 0x77dbcce025
01-21 19:36:12.289 32248 32248 E ArmVmp : Match on catch block at 0xc3 in for 0x77dbcce025
01-21 19:36:12.291 32248 32248 E ArmVmp : Match on catch block at 0xc3 in for 0x77dbcce025
01-21 19:36:12.801 32248 32248 E ArmVmp : Match on catch block at 0xc3 in for 0x77dbcce025
01-21 19:36:12.804 32248 32248 E ArmVmp : Match on catch block at 0xc3 in for 0x77dbcce025
01-21 19:36:12.868 32248 32248 E ArmVmp : Match on catch block at 0xc3 in for 0x77dbcce025
01-21 19:36:12.870 32248 32248 E ArmVmp : Match on catch block at 0xc3 in for 0x77dbcce025
01-21 19:36:12.883 32248 32248 E ArmVmp : Match on catch block at 0xc3 in for 0x77dbcce025
01-21 19:36:12.885 32248 32248 E ArmVmp : Match on catch block at 0xc3 in for 0x77dbcce025
01-21 19:36:12.900 32248 32248 E ArmVmp : Match on catch block at 0xc3 in for 0x77dbcce025
01-21 19:36:12.903 32248 32248 E ArmVmp : Match on catch block at 0xc3 in for 0x77dbcce025
01-21 19:36:12.917 32248 32248 E ArmVmp : Match on catch block at 0xc3 in for 0x77dbcce025
01-21 19:36:12.919 32248 32248 E ArmVmp : Match on catch block at 0xc3 in for 0x77dbcce025
01-21 19:36:12.940 32248 32248 E ArmVmp : Match on catch block at 0xc3 in for 0x77dbcce025
01-21 19:36:12.944 32248 32248 E ArmVmp : Match on catch block at 0xc3 in for 0x77dbcce025
01-21 19:36:12.953 32248 32248 E ArmVmp : Match on catch block at 0xc3 in for 0x77dbcce025
01-21 19:36:12.956 32248 32248 E ArmVmp : Match on catch block at 0xc3 in for 0x77dbcce025
01-21 19:36:12.968 32248 32248 E ArmVmp : Match on catch block at 0xc3 in for 0x77dbcce025
01-21 19:36:12.976 32248 32248 E ArmVmp : Match on catch block at 0xc3 in for 0x77dbcce025
01-21 19:36:12.985 32248 32248 E ArmVmp : Match on catch block at 0xc3 in for 0x77dbcce025
01-21 19:36:12.987 32248 32248 E ArmVmp : Match on catch block at 0xc3 in for 0x77dbcce025
01-21 19:36:13.000 32248 32248 E ArmVmp : Match on catch block at 0xc3 in for 0x77dbcce025
01-21 19:36:13.002 32248 32248 E ArmVmp : Match on catch block at 0xc3 in for 0x77dbcce025
01-21 19:36:13.017 32248 32248 E ArmVmp : Match on catch block at 0xc3 in for 0x77dbcce025
01-21 19:36:13.019 32248 32248 E ArmVmp : Match on catch block at 0xc3 in for 0x77dbcce025
01-21 19:36:13.036 32248 32248 E ArmVmp : Match on catch block at 0xc3 in for 0x77dbcce025
01-21 19:36:13.042 32248 32248 E ArmVmp : Match on catch block at 0xc3 in for 0x77dbcce025
01-21 19:36:13.073 32248 32248 E ArmVmp : Match on catch block at 0xc3 in for 0x77dbcce025
01-21 19:36:13.078 32248 32248 E ArmVmp : Match on catch block at 0xc3 in for 0x77dbcce025
01-21 19:38:18.354 32248 32248 E ArmVmp : Match on catch block at 0x0a in for 0x77dbcce035
01-21 19:38:18.362 32248 32248 E ArmVmp : Match on catch block at 0x0a in for 0x77dbcce035
01-21 19:38:18.436 32248 32248 E ArmVmp : Match on catch block at 0xc3 in for 0x77dbcce025
01-21 19:38:18.439 32248 32248 E ArmVmp : Match on catch block at 0xc3 in for 0x77dbcce025
01-21 19:38:18.474 32248 32248 E ArmVmp : Match on catch block at 0xc3 in for 0x77dbcce025
01-21 19:38:18.476 32248 32248 E ArmVmp : Match on catch block at 0xc3 in for 0x77dbcce025
01-21 19:38:18.484 32248 32248 E ArmVmp : Match on catch block at 0xc3 in for 0x77dbcce025
01-21 19:38:18.485 32248 32248 E ArmVmp : Match on catch block at 0xc3 in for 0x77dbcce025
01-21 19:38:18.501 32248 32248 E ArmVmp : Match on catch block at 0xc3 in for 0x77dbcce025
01-21 19:38:18.502 32248 32248 E ArmVmp : Match on catch block at 0xc3 in for 0x77dbcce025
01-21 19:38:18.517 32248 32248 E ArmVmp : Match on catch block at 0xc3 in for 0x77dbcce025
01-21 19:38:18.519 32248 32248 E ArmVmp : Match on catch block at 0xc3 in for 0x77dbcce025
01-21 19:38:18.530 32248 32248 E ArmVmp : Match on catch block at 0xc3 in for 0x77dbcce025
01-21 19:38:18.532 32248 32248 E ArmVmp : Match on catch block at 0xc3 in for 0x77dbcce025
01-21 19:38:18.546 32248 32248 E ArmVmp : Match on catch block at 0xc3 in for 0x77dbcce025
01-21 19:38:18.549 32248 32248 E ArmVmp : Match on catch block at 0xc3 in for 0x77dbcce025
01-21 19:38:18.564 32248 32248 E ArmVmp : Match on catch block at 0xc3 in for 0x77dbcce025
01-21 19:38:18.565 32248 32248 E ArmVmp : Match on catch block at 0xc3 in for 0x77dbcce025
01-21 19:38:18.585 32248 32248 E ArmVmp : Match on catch block at 0xc3 in for 0x77dbcce025
01-21 19:38:18.587 32248 32248 E ArmVmp : Match on catch block at 0xc3 in for 0x77dbcce025
01-21 19:38:18.595 32248 32248 E ArmVmp : Match on catch block at 0xc3 in for 0x77dbcce025
01-21 19:38:18.597 32248 32248 E ArmVmp : Match on catch block at 0xc3 in for 0x77dbcce025
01-21 19:38:19.009 32248 32248 E ArmVmp : Match on catch block at 0xc3 in for 0x77dbcce025
01-21 19:38:19.011 32248 32248 E ArmVmp : Match on catch block at 0xc3 in for 0x77dbcce025
01-21 19:38:19.258 32248 32248 E ArmVmp : Match on catch block at 0xc3 in for 0x77dbcce025
01-21 19:38:19.262 32248 32248 E ArmVmp : Match on catch block at 0xc3 in for 0x77dbcce025
01-21 19:38:19.274 32248 32248 E ArmVmp : Match on catch block at 0xc3 in for 0x77dbcce025
01-21 19:38:19.278 32248 32248 E ArmVmp : Match on catch block at 0xc3 in for 0x77dbcce025
01-21 19:38:19.292 32248 32248 E ArmVmp : Match on catch block at 0xc3 in for 0x77dbcce025
01-21 19:38:19.295 32248 32248 E ArmVmp : Match on catch block at 0xc3 in for 0x77dbcce025
01-21 19:38:19.307 32248 32248 E ArmVmp : Match on catch block at 0xc3 in for 0x77dbcce025
01-21 19:38:19.310 32248 32248 E ArmVmp : Match on catch block at 0xc3 in for 0x77dbcce025
01-21 19:38:19.324 32248 32248 E ArmVmp : Match on catch block at 0xc3 in for 0x77dbcce025
01-21 19:38:19.327 32248 32248 E ArmVmp : Match on catch block at 0xc3 in for 0x77dbcce025
01-21 19:38:19.341 32248 32248 E ArmVmp : Match on catch block at 0xc3 in for 0x77dbcce025
01-21 19:38:19.344 32248 32248 E ArmVmp : Match on catch block at 0xc3 in for 0x77dbcce025
01-21 19:38:19.357 32248 32248 E ArmVmp : Match on catch block at 0xc3 in for 0x77dbcce025
01-21 19:38:19.360 32248 32248 E ArmVmp : Match on catch block at 0xc3 in for 0x77dbcce025
01-21 19:38:19.374 32248 32248 E ArmVmp : Match on catch block at 0xc3 in for 0x77dbcce025
01-21 19:38:19.378 32248 32248 E ArmVmp : Match on catch block at 0xc3 in for 0x77dbcce025
01-21 19:38:19.402 32248 32248 E ArmVmp : Match on catch block at 0xc3 in for 0x77dbcce025
01-21 19:38:19.403 32248 32248 E ArmVmp : Match on catch block at 0xc3 in for 0x77dbcce025
01-21 19:38:19.410 32248 32248 E ArmVmp : Match on catch block at 0xc3 in for 0x77dbcce025
01-21 19:38:19.411 32248 32248 E ArmVmp : Match on catch block at 0xc3 in for 0x77dbcce025
01-21 19:38:19.421 32248 32248 E ArmVmp : Match on catch block at 0xc3 in for 0x77dbcce025
01-21 19:38:19.423 32248 32248 E ArmVmp : Match on catch block at 0xc3 in for 0x77dbcce025
01-21 19:38:19.439 32248 32248 E ArmVmp : Match on catch block at 0xc3 in for 0x77dbcce025
01-21 19:38:19.442 32248 32248 E ArmVmp : Match on catch block at 0xc3 in for 0x77dbcce025
01-21 19:38:19.456 32248 32248 E ArmVmp : Match on catch block at 0xc3 in for 0x77dbcce025
01-21 19:38:19.459 32248 32248 E ArmVmp : Match on catch block at 0xc3 in for 0x77dbcce025
01-21 19:38:19.472 32248 32248 E ArmVmp : Match on catch block at 0xc3 in for 0x77dbcce025
01-21 19:38:19.475 32248 32248 E ArmVmp : Match on catch block at 0xc3 in for 0x77dbcce025
01-21 19:38:19.489 32248 32248 E ArmVmp : Match on catch block at 0xc3 in for 0x77dbcce025
01-21 19:38:19.492 32248 32248 E ArmVmp : Match on catch block at 0xc3 in for 0x77dbcce025
01-21 19:38:19.505 32248 32248 E ArmVmp : Match on catch block at 0xc3 in for 0x77dbcce025
01-21 19:38:19.508 32248 32248 E ArmVmp : Match on catch block at 0xc3 in for 0x77dbcce025
01-21 19:38:19.522 32248 32248 E ArmVmp : Match on catch block at 0xc3 in for 0x77dbcce025
01-21 19:38:19.525 32248 32248 E ArmVmp : Match on catch block at 0xc3 in for 0x77dbcce025
01-21 19:38:19.539 32248 32248 E ArmVmp : Match on catch block at 0xc3 in for 0x77dbcce025
01-21 19:38:19.542 32248 32248 E ArmVmp : Match on catch block at 0xc3 in for 0x77dbcce025
01-21 19:38:19.555 32248 32248 E ArmVmp : Match on catch block at 0xc3 in for 0x77dbcce025
01-21 19:38:19.559 32248 32248 E ArmVmp : Match on catch block at 0xc3 in for 0x77dbcce025
01-21 19:38:19.572 32248 32248 E ArmVmp : Match on catch block at 0xc3 in for 0x77dbcce025
01-21 19:38:19.575 32248 32248 E ArmVmp : Match on catch block at 0xc3 in for 0x77dbcce025
01-21 19:38:20.008 32248 32248 E ArmVmp : Match on catch block at 0xc3 in for 0x77dbcce025
01-21 19:38:20.016 32248 32248 E ArmVmp : Match on catch block at 0xc3 in for 0x77dbcce025
01-21 19:38:20.522 32248 32248 E ArmVmp : Match on catch block at 0xc3 in for 0x77dbcce025
01-21 19:38:20.529 32248 32248 E ArmVmp : Match on catch block at 0xc3 in for 0x77dbcce025
01-21 19:38:20.999 32248 32248 E ArmVmp : Match on catch block at 0xc3 in for 0x77dbcce025
01-21 19:38:21.007 32248 32248 E ArmVmp : Match on catch block at 0xc3 in for 0x77dbcce025
01-21 19:38:21.018 32248 32248 E ArmVmp : Match on catch block at 0xc3 in for 0x77dbcce025
01-21 19:38:21.023 32248 32248 E ArmVmp : Match on catch block at 0xc3 in for 0x77dbcce025
01-21 19:38:21.030 32248 32248 E ArmVmp : Match on catch block at 0xc3 in for 0x77dbcce025
01-21 19:38:21.035 32248 32248 E ArmVmp : Match on catch block at 0xc3 in for 0x77dbcce025
01-21 19:38:21.044 32248 32248 E ArmVmp : Match on catch block at 0xc3 in for 0x77dbcce025
01-21 19:38:21.047 32248 32248 E ArmVmp : Match on catch block at 0xc3 in for 0x77dbcce025
01-21 19:38:21.062 32248 32248 E ArmVmp : Match on catch block at 0xc3 in for 0x77dbcce025
01-21 19:38:21.066 32248 32248 E ArmVmp : Match on catch block at 0xc3 in for 0x77dbcce025
01-21 19:38:21.076 32248 32248 E ArmVmp : Match on catch block at 0xc3 in for 0x77dbcce025
01-21 19:38:21.079 32248 32248 E ArmVmp : Match on catch block at 0xc3 in for 0x77dbcce025
01-21 19:38:21.093 32248 32248 E ArmVmp : Match on catch block at 0xc3 in for 0x77dbcce025
01-21 19:38:21.096 32248 32248 E ArmVmp : Match on catch block at 0xc3 in for 0x77dbcce025
01-21 19:38:21.109 32248 32248 E ArmVmp : Match on catch block at 0xc3 in for 0x77dbcce025
01-21 19:38:21.113 32248 32248 E ArmVmp : Match on catch block at 0xc3 in for 0x77dbcce025
01-21 19:38:21.126 32248 32248 E ArmVmp : Match on catch block at 0xc3 in for 0x77dbcce025
01-21 19:38:21.129 32248 32248 E ArmVmp : Match on catch block at 0xc3 in for 0x77dbcce025
01-21 19:38:21.143 32248 32248 E ArmVmp : Match on catch block at 0xc3 in for 0x77dbcce025
01-21 19:38:21.146 32248 32248 E ArmVmp : Match on catch block at 0xc3 in for 0x77dbcce025
01-21 19:38:21.159 32248 32248 E ArmVmp : Match on catch block at 0xc3 in for 0x77dbcce025
01-21 19:38:21.162 32248 32248 E ArmVmp : Match on catch block at 0xc3 in for 0x77dbcce025
01-21 19:38:21.176 32248 32248 E ArmVmp : Match on catch block at 0xc3 in for 0x77dbcce025
01-21 19:38:21.179 32248 32248 E ArmVmp : Match on catch block at 0xc3 in for 0x77dbcce025
01-21 19:38:21.192 32248 32248 E ArmVmp : Match on catch block at 0xc3 in for 0x77dbcce025
01-21 19:38:21.196 32248 32248 E ArmVmp : Match on catch block at 0xc3 in for 0x77dbcce025
01-21 19:38:21.209 32248 32248 E ArmVmp : Match on catch block at 0xc3 in for 0x77dbcce025
01-21 19:38:21.211 32248 32248 E ArmVmp : Match on catch block at 0xc3 in for 0x77dbcce025
01-21 19:38:21.225 32248 32248 E ArmVmp : Match on catch block at 0xc3 in for 0x77dbcce025
01-21 19:38:21.228 32248 32248 E ArmVmp : Match on catch block at 0xc3 in for 0x77dbcce025
01-21 19:38:21.242 32248 32248 E ArmVmp : Match on catch block at 0xc3 in for 0x77dbcce025
01-21 19:38:21.245 32248 32248 E ArmVmp : Match on catch block at 0xc3 in for 0x77dbcce025
01-21 19:38:21.258 32248 32248 E ArmVmp : Match on catch block at 0xc3 in for 0x77dbcce025
01-21 19:38:21.261 32248 32248 E ArmVmp : Match on catch block at 0xc3 in for 0x77dbcce025
01-21 19:38:21.523 32248 32248 E ArmVmp : Match on catch block at 0xc3 in for 0x77dbcce025
01-21 19:38:21.528 32248 32248 E ArmVmp : Match on catch block at 0xc3 in for 0x77dbcce025
01-21 19:38:22.043 32248 32248 E ArmVmp : Match on catch block at 0xc3 in for 0x77dbcce025
01-21 19:38:22.050 32248 32248 E ArmVmp : Match on catch block at 0xc3 in for 0x77dbcce025
01-21 19:38:22.540 32248 32248 E ArmVmp : Match on catch block at 0xc3 in for 0x77dbcce025
01-21 19:38:22.548 32248 32248 E ArmVmp : Match on catch block at 0xc3 in for 0x77dbcce025
01-21 19:38:23.035 32248 32248 E ArmVmp : Match on catch block at 0xc3 in for 0x77dbcce025
01-21 19:38:23.044 32248 32248 E ArmVmp : Match on catch block at 0xc3 in for 0x77dbcce025
01-21 19:38:23.548 32248 32248 E ArmVmp : Match on catch block at 0xc3 in for 0x77dbcce025
01-21 19:38:23.557 32248 32248 E ArmVmp : Match on catch block at 0xc3 in for 0x77dbcce025
01-21 19:38:24.037 32248 32248 E ArmVmp : Match on catch block at 0xc3 in for 0x77dbcce025
01-21 19:38:24.042 32248 32248 E ArmVmp : Match on catch block at 0xc3 in for 0x77dbcce025
01-21 19:38:24.557 32248 32248 E ArmVmp : Match on catch block at 0xc3 in for 0x77dbcce025
01-21 19:38:24.565 32248 32248 E ArmVmp : Match on catch block at 0xc3 in for 0x77dbcce025
01-21 19:38:25.053 32248 32248 E ArmVmp : Match on catch block at 0xc3 in for 0x77dbcce025
01-21 19:38:25.061 32248 32248 E ArmVmp : Match on catch block at 0xc3 in for 0x77dbcce025
01-21 19:38:25.546 32248 32248 E ArmVmp : Match on catch block at 0xc3 in for 0x77dbcce025
01-21 19:38:25.554 32248 32248 E ArmVmp : Match on catch block at 0xc3 in for 0x77dbcce025
01-21 19:38:26.064 32248 32248 E ArmVmp : Match on catch block at 0xc3 in for 0x77dbcce025
01-21 19:38:26.072 32248 32248 E ArmVmp : Match on catch block at 0xc3 in for 0x77dbcce025
01-21 19:38:26.557 32248 32248 E ArmVmp : Match on catch block at 0xc3 in for 0x77dbcce025
01-21 19:38:26.566 32248 32248 E ArmVmp : Match on catch block at 0xc3 in for 0x77dbcce025
01-21 19:38:27.052 32248 32248 E ArmVmp : Match on catch block at 0xc3 in for 0x77dbcce025
01-21 19:38:27.060 32248 32248 E ArmVmp : Match on catch block at 0xc3 in for 0x77dbcce025
01-21 19:38:27.566 32248 32248 E ArmVmp : Match on catch block at 0xc3 in for 0x77dbcce025
01-21 19:38:27.574 32248 32248 E ArmVmp : Match on catch block at 0xc3 in for 0x77dbcce025
01-21 19:38:28.024 32248 32248 E ArmVmp : Match on catch block at 0xc3 in for 0x77dbcce025
01-21 19:38:28.028 32248 32248 E ArmVmp : Match on catch block at 0xc3 in for 0x77dbcce025
01-21 19:38:28.044 32248 32248 E ArmVmp : Match on catch block at 0xc3 in for 0x77dbcce025
01-21 19:38:28.048 32248 32248 E ArmVmp : Match on catch block at 0xc3 in for 0x77dbcce025
01-21 19:38:28.096 32248 32248 E ArmVmp : Match on catch block at 0xc3 in for 0x77dbcce025
01-21 19:38:28.099 32248 32248 E ArmVmp : Match on catch block at 0xc3 in for 0x77dbcce025
01-21 19:38:28.160 32248 32248 E ArmVmp : Match on catch block at 0xc3 in for 0x77dbcce025
01-21 19:38:28.163 32248 32248 E ArmVmp : Match on catch block at 0xc3 in for 0x77dbcce025
01-21 19:38:28.169 32248 32248 E ArmVmp : Match on catch block at 0xc3 in for 0x77dbcce025
01-21 19:38:28.171 32248 32248 E ArmVmp : Match on catch block at 0xc3 in for 0x77dbcce025
01-21 19:38:28.189 32248 32248 E ArmVmp : Match on catch block at 0xc3 in for 0x77dbcce025
01-21 19:38:28.193 32248 32248 E ArmVmp : Match on catch block at 0xc3 in for 0x77dbcce025
01-21 19:38:28.203 32248 32248 E ArmVmp : Match on catch block at 0xc3 in for 0x77dbcce025
01-21 19:38:28.206 32248 32248 E ArmVmp : Match on catch block at 0xc3 in for 0x77dbcce025
01-21 19:38:28.221 32248 32248 E ArmVmp : Match on catch block at 0xc3 in for 0x77dbcce025
01-21 19:38:28.224 32248 32248 E ArmVmp : Match on catch block at 0xc3 in for 0x77dbcce025
01-21 19:38:28.238 32248 32248 E ArmVmp : Match on catch block at 0xc3 in for 0x77dbcce025
01-21 19:38:28.241 32248 32248 E ArmVmp : Match on catch block at 0xc3 in for 0x77dbcce025
01-21 19:38:28.270 32248 32248 E ArmVmp : Match on catch block at 0xc3 in for 0x77dbcce025
01-21 19:38:28.273 32248 32248 E ArmVmp : Match on catch block at 0xc3 in for 0x77dbcce025
01-21 19:38:28.516 32248 32248 E ArmVmp : Match on catch block at 0xc3 in for 0x77dbcce025
01-21 19:38:28.520 32248 32248 E ArmVmp : Match on catch block at 0xc3 in for 0x77dbcce025
01-21 19:38:28.532 32248 32248 E ArmVmp : Match on catch block at 0xc3 in for 0x77dbcce025
01-21 19:38:28.535 32248 32248 E ArmVmp : Match on catch block at 0xc3 in for 0x77dbcce025
01-21 19:38:29.715 32248 32248 E ArmVmp : Match on catch block at 0xc3 in for 0x77dbcce025
01-21 19:38:29.724 32248 32248 E ArmVmp : Match on catch block at 0xc3 in for 0x77dbcce025
01-21 19:38:29.744 32248 32248 E ArmVmp : Match on catch block at 0xc3 in for 0x77dbcce025
01-21 19:38:29.752 32248 32248 E ArmVmp : Match on catch block at 0xc3 in for 0x77dbcce025
01-21 19:38:29.761 32248 32248 E ArmVmp : Match on catch block at 0xc3 in for 0x77dbcce025
01-21 19:38:29.767 32248 32248 E ArmVmp : Match on catch block at 0xc3 in for 0x77dbcce025
01-21 19:38:29.774 32248 32248 E ArmVmp : Match on catch block at 0xc3 in for 0x77dbcce025
01-21 19:38:29.778 32248 32248 E ArmVmp : Match on catch block at 0xc3 in for 0x77dbcce025
01-21 19:38:29.791 32248 32248 E ArmVmp : Match on catch block at 0xc3 in for 0x77dbcce025
01-21 19:38:29.795 32248 32248 E ArmVmp : Match on catch block at 0xc3 in for 0x77dbcce025
01-21 19:38:29.808 32248 32248 E ArmVmp : Match on catch block at 0xc3 in for 0x77dbcce025
01-21 19:38:29.813 32248 32248 E ArmVmp : Match on catch block at 0xc3 in for 0x77dbcce025
01-21 19:38:29.825 32248 32248 E ArmVmp : Match on catch block at 0xc3 in for 0x77dbcce025
01-21 19:38:29.832 32248 32248 E ArmVmp : Match on catch block at 0xc3 in for 0x77dbcce025
01-21 19:38:29.842 32248 32248 E ArmVmp : Match on catch block at 0xc3 in for 0x77dbcce025
01-21 19:38:29.846 32248 32248 E ArmVmp : Match on catch block at 0xc3 in for 0x77dbcce025
01-21 19:38:29.854 32248 32248 E ArmVmp : Match on catch block at 0xc3 in for 0x77dbcce025
01-21 19:38:29.857 32248 32248 E ArmVmp : Match on catch block at 0xc3 in for 0x77dbcce025
01-21 19:38:29.870 32248 32248 E ArmVmp : Match on catch block at 0xc3 in for 0x77dbcce025
01-21 19:38:29.872 32248 32248 E ArmVmp : Match on catch block at 0xc3 in for 0x77dbcce025
01-21 19:38:29.887 32248 32248 E ArmVmp : Match on catch block at 0xc3 in for 0x77dbcce025
01-21 19:38:29.890 32248 32248 E ArmVmp : Match on catch block at 0xc3 in for 0x77dbcce025
01-21 19:38:29.903 32248 32248 E ArmVmp : Match on catch block at 0xc3 in for 0x77dbcce025
01-21 19:38:29.906 32248 32248 E ArmVmp : Match on catch block at 0xc3 in for 0x77dbcce025
01-21 19:38:29.920 32248 32248 E ArmVmp : Match on catch block at 0xc3 in for 0x77dbcce025
01-21 19:38:29.923 32248 32248 E ArmVmp : Match on catch block at 0xc3 in for 0x77dbcce025
01-21 19:38:29.936 32248 32248 E ArmVmp : Match on catch block at 0xc3 in for 0x77dbcce025
01-21 19:38:29.941 32248 32248 E ArmVmp : Match on catch block at 0xc3 in for 0x77dbcce025
01-21 19:38:29.953 32248 32248 E ArmVmp : Match on catch block at 0xc3 in for 0x77dbcce025
01-21 19:38:29.956 32248 32248 E ArmVmp : Match on catch block at 0xc3 in for 0x77dbcce025
01-21 19:38:30.070 32248 17311 E ActivityThread: Failed to find provider info for androidx.car.app.connection
01-21 19:38:30.073 32248 32248 W CarApp.Conn: Null response from content provider when checking connection to the car, treating as disconnected
01-21 19:38:30.095 32248 17317 W AudioManager: Use of stream types is deprecated for operations other than volume control
01-21 19:38:30.095 32248 17317 W AudioManager: See the documentation of requestAudioFocus() for what to use instead with android.media.AudioAttributes to qualify your playback use case
01-21 19:38:30.097 32248 32248 W SoundPool: Use of stream types is deprecated for operations other than volume control
01-21 19:38:30.097 32248 32248 W SoundPool: See the documentation of SoundPool() for what to use instead with android.media.AudioAttributes to qualify your playback use case
01-21 19:38:30.112 32248 17873 W Codec2Client: query -- param skipped: index = 1107298332.
01-21 19:38:30.113 32248 17873 W Codec2Client: query -- param skipped: index = 1342179345.
01-21 19:38:30.113 32248 17873 W Codec2Client: query -- param skipped: index = 2415921170.
01-21 19:38:30.120 32248 17874 W Codec2Client: query -- param skipped: index = 1107298332.
01-21 19:38:30.121 32248 17874 W Codec2Client: query -- param skipped: index = 1342179345.
01-21 19:38:30.121 32248 17874 W Codec2Client: query -- param skipped: index = 2415921170.
01-21 19:38:30.160 32248 17874 W MediaCodec: onQueueInputBuffer,timeUs:-1 is invalid, changed to 0!
01-21 19:38:30.178 32248 17889 W Codec2Client: query -- param skipped: index = 1107298332.
01-21 19:38:30.179 32248 17889 W Codec2Client: query -- param skipped: index = 1342179345.
01-21 19:38:30.179 32248 17889 W Codec2Client: query -- param skipped: index = 2415921170.
01-21 19:38:30.186 32248 17873 W MediaCodec: onQueueInputBuffer,timeUs:-1 is invalid, changed to 0!
01-21 19:38:30.194 32248 17889 W MediaCodec: onQueueInputBuffer,timeUs:-1 is invalid, changed to 0!
01-21 19:38:30.198 32248 17893 W Codec2Client: query -- param skipped: index = 1107298332.
01-21 19:38:30.199 32248 17893 W Codec2Client: query -- param skipped: index = 1342179345.
01-21 19:38:30.199 32248 17893 W Codec2Client: query -- param skipped: index = 2415921170.
01-21 19:38:30.204 32248 17896 W Codec2Client: query -- param skipped: index = 1107298332.
01-21 19:38:30.205 32248 17896 W Codec2Client: query -- param skipped: index = 1342179345.
01-21 19:38:30.205 32248 17896 W Codec2Client: query -- param skipped: index = 2415921170.
01-21 19:38:30.213 32248 17893 W MediaCodec: onQueueInputBuffer,timeUs:-1 is invalid, changed to 0!
01-21 19:38:30.230 32248 17896 W MediaCodec: onQueueInputBuffer,timeUs:-1 is invalid, changed to 0!
01-21 19:38:30.323 32248 32248 E ArmVmp : Match on catch block at 0xc3 in for 0x77dbcce025
01-21 19:38:30.324 32248 32248 E ArmVmp : Match on catch block at 0xc3 in for 0x77dbcce025
01-21 19:38:30.464 32248 32248 E ArmVmp : Match on catch block at 0xc3 in for 0x77dbcce025
01-21 19:38:30.465 32248 32248 E ArmVmp : Match on catch block at 0xc3 in for 0x77dbcce025
01-21 19:38:30.497 32248 32248 W BottomSheetBehavior: BottomSheetBehavior now supports multiple callbacks. `setBottomSheetCallback()` removes all existing callbacks, including ones set internally by library authors, which may result in unintended behavior. This may change in the future. Please use `addBottomSheetCallback()` and `removeBottomSheetCallback()` instead to set your own callbacks.
01-21 19:38:30.533 32248 32248 E ArmVmp : Match on catch block at 0xc3 in for 0x77dbcce025
01-21 19:38:30.534 32248 32248 E ArmVmp : Match on catch block at 0xc3 in for 0x77dbcce025
01-21 19:38:30.556 32248 32248 E ArmVmp : Match on catch block at 0xc3 in for 0x77dbcce025
01-21 19:38:30.557 32248 32248 E ArmVmp : Match on catch block at 0xc3 in for 0x77dbcce025
01-21 19:38:30.569 32248 32248 E ArmVmp : Match on catch block at 0xc3 in for 0x77dbcce025
01-21 19:38:30.570 32248 32248 E ArmVmp : Match on catch block at 0xc3 in for 0x77dbcce025
01-21 19:38:30.585 32248 32248 E ArmVmp : Match on catch block at 0xc3 in for 0x77dbcce025
01-21 19:38:30.585 32248 32248 E ArmVmp : Match on catch block at 0xc3 in for 0x77dbcce025
01-21 19:38:30.597 32248 32248 E ArmVmp : Match on catch block at 0xc3 in for 0x77dbcce025
01-21 19:38:30.599 32248 32248 E ArmVmp : Match on catch block at 0xc3 in for 0x77dbcce025
01-21 19:38:30.635 32248 32248 E ArmVmp : Match on catch block at 0xc3 in for 0x77dbcce025
01-21 19:38:30.636 32248 32248 E ArmVmp : Match on catch block at 0xc3 in for 0x77dbcce025
01-21 19:38:30.795 32248 15193 W com.mbwhatsapp: PlayerBase::setVolume() error -19
01-21 19:38:30.796 32248 17878 W libOpenSLES: Conversion from OpenSL ES positional channel mask 0x4 to Android mask 0 loses channels
01-21 19:40:00.492 32248 32248 E ArmVmp : Match on catch block at 0x0a in for 0x77dbcce035
01-21 19:40:00.494 32248 32248 E ArmVmp : Match on catch block at 0x0a in for 0x77dbcce035
01-21 19:40:00.526 32248 32248 E ArmVmp : Match on catch block at 0xc3 in for 0x77dbcce025
01-21 19:40:00.527 32248 32248 E ArmVmp : Match on catch block at 0xc3 in for 0x77dbcce025
01-21 19:40:00.546 32248 32248 E ArmVmp : Match on catch block at 0xc3 in for 0x77dbcce025
01-21 19:40:00.547 32248 32248 E ArmVmp : Match on catch block at 0xc3 in for 0x77dbcce025
01-21 19:40:00.548 32248 32248 E ArmVmp : Match on catch block at 0xc3 in for 0x77dbcce025
01-21 19:40:00.549 32248 32248 E ArmVmp : Match on catch block at 0xc3 in for 0x77dbcce025
01-21 19:40:00.570 32248 32248 E ArmVmp : Match on catch block at 0xc3 in for 0x77dbcce025
01-21 19:40:00.571 32248 32248 E ArmVmp : Match on catch block at 0xc3 in for 0x77dbcce025
01-21 19:40:00.641 32248 32248 E ArmVmp : Match on catch block at 0xc3 in for 0x77dbcce025
01-21 19:40:00.644 32248 32248 E ArmVmp : Match on catch block at 0xc3 in for 0x77dbcce025
01-21 19:40:00.646 32248 16494 W BpBinder: Slow Binder: BpBinder transact took 201 ms, interface=android.media.IAudioFlingerService, code=22 oneway=false
01-21 19:40:00.657 32248 32248 E ArmVmp : Match on catch block at 0xc3 in for 0x77dbcce025
01-21 19:40:00.664 32248 32248 E ArmVmp : Match on catch block at 0xc3 in for 0x77dbcce025
01-21 19:40:00.681 32248 32248 E ArmVmp : Match on catch block at 0xc3 in for 0x77dbcce025
01-21 19:40:00.684 32248 32248 E ArmVmp : Match on catch block at 0xc3 in for 0x77dbcce025
01-21 19:40:00.696 32248 32248 E ArmVmp : Match on catch block at 0xc3 in for 0x77dbcce025
01-21 19:40:00.697 32248 32248 E ArmVmp : Match on catch block at 0xc3 in for 0x77dbcce025
01-21 19:40:00.712 32248 32248 E ArmVmp : Match on catch block at 0xc3 in for 0x77dbcce025
01-21 19:40:00.713 32248 32248 E ArmVmp : Match on catch block at 0xc3 in for 0x77dbcce025
01-21 19:40:00.728 32248 32248 E ArmVmp : Match on catch block at 0xc3 in for 0x77dbcce025
01-21 19:40:00.729 32248 32248 E ArmVmp : Match on catch block at 0xc3 in for 0x77dbcce025
01-21 19:40:00.812 32248 32248 E ArmVmp : Match on catch block at 0xc3 in for 0x77dbcce025
01-21 19:40:00.813 32248 32248 E ArmVmp : Match on catch block at 0xc3 in for 0x77dbcce025
01-21 19:40:01.175 32248 32248 E ArmVmp : Match on catch block at 0xc3 in for 0x77dbcce025
01-21 19:40:01.178 32248 32248 E ArmVmp : Match on catch block at 0xc3 in for 0x77dbcce025
01-21 19:40:01.325 32248 32248 E ArmVmp : Match on catch block at 0xc3 in for 0x77dbcce025
01-21 19:40:01.329 32248 32248 E ArmVmp : Match on catch block at 0xc3 in for 0x77dbcce025
01-21 19:40:01.341 32248 32248 E ArmVmp : Match on catch block at 0xc3 in for 0x77dbcce025
01-21 19:40:01.345 32248 32248 E ArmVmp : Match on catch block at 0xc3 in for 0x77dbcce025
01-21 19:40:01.357 32248 32248 E ArmVmp : Match on catch block at 0xc3 in for 0x77dbcce025
01-21 19:40:01.360 32248 32248 E ArmVmp : Match on catch block at 0xc3 in for 0x77dbcce025
01-21 19:40:01.374 32248 32248 E ArmVmp : Match on catch block at 0xc3 in for 0x77dbcce025
01-21 19:40:01.377 32248 32248 E ArmVmp : Match on catch block at 0xc3 in for 0x77dbcce025
01-21 19:40:01.392 32248 32248 E ArmVmp : Match on catch block at 0xc3 in for 0x77dbcce025
01-21 19:40:01.396 32248 32248 E ArmVmp : Match on catch block at 0xc3 in for 0x77dbcce025
01-21 19:40:01.407 32248 32248 E ArmVmp : Match on catch block at 0xc3 in for 0x77dbcce025
01-21 19:40:01.410 32248 32248 E ArmVmp : Match on catch block at 0xc3 in for 0x77dbcce025
01-21 19:40:01.423 32248 32248 E ArmVmp : Match on catch block at 0xc3 in for 0x77dbcce025
01-21 19:40:01.426 32248 32248 E ArmVmp : Match on catch block at 0xc3 in for 0x77dbcce025
01-21 19:40:01.440 32248 32248 E ArmVmp : Match on catch block at 0xc3 in for 0x77dbcce025
01-21 19:40:01.445 32248 32248 E ArmVmp : Match on catch block at 0xc3 in for 0x77dbcce025
01-21 19:40:01.457 32248 32248 E ArmVmp : Match on catch block at 0xc3 in for 0x77dbcce025
01-21 19:40:01.460 32248 32248 E ArmVmp : Match on catch block at 0xc3 in for 0x77dbcce025
01-21 19:40:01.473 32248 32248 E ArmVmp : Match on catch block at 0xc3 in for 0x77dbcce025
01-21 19:40:01.476 32248 32248 E ArmVmp : Match on catch block at 0xc3 in for 0x77dbcce025
01-21 19:40:01.489 32248 32248 E ArmVmp : Match on catch block at 0xc3 in for 0x77dbcce025
01-21 19:40:01.492 32248 32248 E ArmVmp : Match on catch block at 0xc3 in for 0x77dbcce025
01-21 19:40:01.506 32248 32248 E ArmVmp : Match on catch block at 0xc3 in for 0x77dbcce025
01-21 19:40:01.509 32248 32248 E ArmVmp : Match on catch block at 0xc3 in for 0x77dbcce025
01-21 19:40:01.522 32248 32248 E ArmVmp : Match on catch block at 0xc3 in for 0x77dbcce025
01-21 19:40:01.524 32248 32248 E ArmVmp : Match on catch block at 0xc3 in for 0x77dbcce025
01-21 19:40:01.538 32248 32248 E ArmVmp : Match on catch block at 0xc3 in for 0x77dbcce025
01-21 19:40:01.539 32248 32248 E ArmVmp : Match on catch block at 0xc3 in for 0x77dbcce025
01-21 19:40:01.555 32248 32248 E ArmVmp : Match on catch block at 0xc3 in for 0x77dbcce025
01-21 19:40:01.558 32248 32248 E ArmVmp : Match on catch block at 0xc3 in for 0x77dbcce025
01-21 19:40:01.572 32248 32248 E ArmVmp : Match on catch block at 0xc3 in for 0x77dbcce025
01-21 19:40:01.575 32248 32248 E ArmVmp : Match on catch block at 0xc3 in for 0x77dbcce025
01-21 19:40:01.589 32248 32248 E ArmVmp : Match on catch block at 0xc3 in for 0x77dbcce025
01-21 19:40:01.592 32248 32248 E ArmVmp : Match on catch block at 0xc3 in for 0x77dbcce025
01-21 19:40:01.605 32248 32248 E ArmVmp : Match on catch block at 0xc3 in for 0x77dbcce025
01-21 19:40:01.608 32248 32248 E ArmVmp : Match on catch block at 0xc3 in for 0x77dbcce025
01-21 19:40:01.622 32248 32248 E ArmVmp : Match on catch block at 0xc3 in for 0x77dbcce025
01-21 19:40:01.625 32248 32248 E ArmVmp : Match on catch block at 0xc3 in for 0x77dbcce025
01-21 19:40:01.638 32248 32248 E ArmVmp : Match on catch block at 0xc3 in for 0x77dbcce025
01-21 19:40:01.641 32248 32248 E ArmVmp : Match on catch block at 0xc3 in for 0x77dbcce025
01-21 19:40:01.671 32248 32248 E ArmVmp : Match on catch block at 0xc3 in for 0x77dbcce025
01-21 19:40:01.674 32248 32248 E ArmVmp : Match on catch block at 0xc3 in for 0x77dbcce025
01-21 19:40:01.852 32248 32248 E ArmVmp : Match on catch block at 0xc3 in for 0x77dbcce025
01-21 19:40:01.855 32248 32248 E ArmVmp : Match on catch block at 0xc3 in for 0x77dbcce025
01-21 19:40:01.870 32248 32248 E ArmVmp : Match on catch block at 0xc3 in for 0x77dbcce025
01-21 19:40:01.872 32248 32248 E ArmVmp : Match on catch block at 0xc3 in for 0x77dbcce025
01-21 19:40:01.885 32248 32248 E ArmVmp : Match on catch block at 0xc3 in for 0x77dbcce025
01-21 19:40:01.887 32248 32248 E ArmVmp : Match on catch block at 0xc3 in for 0x77dbcce025
01-21 19:40:01.902 32248 32248 E ArmVmp : Match on catch block at 0xc3 in for 0x77dbcce025
01-21 19:40:01.906 32248 32248 E ArmVmp : Match on catch block at 0xc3 in for 0x77dbcce025
01-21 19:40:01.919 32248 32248 E ArmVmp : Match on catch block at 0xc3 in for 0x77dbcce025
01-21 19:40:01.922 32248 32248 E ArmVmp : Match on catch block at 0xc3 in for 0x77dbcce025
01-21 19:40:01.936 32248 32248 E ArmVmp : Match on catch block at 0xc3 in for 0x77dbcce025
01-21 19:40:01.939 32248 32248 E ArmVmp : Match on catch block at 0xc3 in for 0x77dbcce025
01-21 19:40:01.956 32248 32248 E ArmVmp : Match on catch block at 0xc3 in for 0x77dbcce025
01-21 19:40:01.959 32248 32248 E ArmVmp : Match on catch block at 0xc3 in for 0x77dbcce025
01-21 19:40:01.969 32248 32248 E ArmVmp : Match on catch block at 0xc3 in for 0x77dbcce025
01-21 19:40:01.974 32248 32248 E ArmVmp : Match on catch block at 0xc3 in for 0x77dbcce025
01-21 19:40:01.985 32248 32248 E ArmVmp : Match on catch block at 0xc3 in for 0x77dbcce025
01-21 19:40:01.988 32248 32248 E ArmVmp : Match on catch block at 0xc3 in for 0x77dbcce025
01-21 19:40:02.002 32248 32248 E ArmVmp : Match on catch block at 0xc3 in for 0x77dbcce025
01-21 19:40:02.005 32248 32248 E ArmVmp : Match on catch block at 0xc3 in for 0x77dbcce025
01-21 19:40:02.018 32248 32248 E ArmVmp : Match on catch block at 0xc3 in for 0x77dbcce025
01-21 19:40:02.022 32248 32248 E ArmVmp : Match on catch block at 0xc3 in for 0x77dbcce025
01-21 19:40:02.035 32248 32248 E ArmVmp : Match on catch block at 0xc3 in for 0x77dbcce025
01-21 19:40:02.038 32248 32248 E ArmVmp : Match on catch block at 0xc3 in for 0x77dbcce025
01-21 19:40:02.250 32248 32248 E ArmVmp : Match on catch block at 0xc3 in for 0x77dbcce025
01-21 19:40:02.255 32248 32248 E ArmVmp : Match on catch block at 0xc3 in for 0x77dbcce025
01-21 19:40:02.267 32248 32248 E ArmVmp : Match on catch block at 0xc3 in for 0x77dbcce025
01-21 19:40:02.270 32248 32248 E ArmVmp : Match on catch block at 0xc3 in for 0x77dbcce025
01-21 19:40:02.283 32248 32248 E ArmVmp : Match on catch block at 0xc3 in for 0x77dbcce025
01-21 19:40:02.286 32248 32248 E ArmVmp : Match on catch block at 0xc3 in for 0x77dbcce025
01-21 19:40:02.300 32248 32248 E ArmVmp : Match on catch block at 0xc3 in for 0x77dbcce025
01-21 19:40:02.303 32248 32248 E ArmVmp : Match on catch block at 0xc3 in for 0x77dbcce025
01-21 19:40:02.316 32248 32248 E ArmVmp : Match on catch block at 0xc3 in for 0x77dbcce025
01-21 19:40:02.320 32248 32248 E ArmVmp : Match on catch block at 0xc3 in for 0x77dbcce025
01-21 19:40:02.333 32248 32248 E ArmVmp : Match on catch block at 0xc3 in for 0x77dbcce025
01-21 19:40:02.336 32248 32248 E ArmVmp : Match on catch block at 0xc3 in for 0x77dbcce025
01-21 19:40:02.349 32248 32248 E ArmVmp : Match on catch block at 0xc3 in for 0x77dbcce025
01-21 19:40:02.353 32248 32248 E ArmVmp : Match on catch block at 0xc3 in for 0x77dbcce025
01-21 19:40:02.366 32248 32248 E ArmVmp : Match on catch block at 0xc3 in for 0x77dbcce025
01-21 19:40:02.370 32248 32248 E ArmVmp : Match on catch block at 0xc3 in for 0x77dbcce025
01-21 19:40:02.382 32248 32248 E ArmVmp : Match on catch block at 0xc3 in for 0x77dbcce025
01-21 19:40:02.386 32248 32248 E ArmVmp : Match on catch block at 0xc3 in for 0x77dbcce025
01-21 19:40:02.399 32248 32248 E ArmVmp : Match on catch block at 0xc3 in for 0x77dbcce025
01-21 19:40:02.402 32248 32248 E ArmVmp : Match on catch block at 0xc3 in for 0x77dbcce025
01-21 19:40:02.416 32248 32248 E ArmVmp : Match on catch block at 0xc3 in for 0x77dbcce025
01-21 19:40:02.420 32248 32248 E ArmVmp : Match on catch block at 0xc3 in for 0x77dbcce025
01-21 19:40:02.432 32248 32248 E ArmVmp : Match on catch block at 0xc3 in for 0x77dbcce025
01-21 19:40:02.436 32248 32248 E ArmVmp : Match on catch block at 0xc3 in for 0x77dbcce025
01-21 19:40:02.448 32248 32248 E ArmVmp : Match on catch block at 0xc3 in for 0x77dbcce025
01-21 19:40:02.451 32248 32248 E ArmVmp : Match on catch block at 0xc3 in for 0x77dbcce025
01-21 19:40:02.465 32248 32248 E ArmVmp : Match on catch block at 0xc3 in for 0x77dbcce025
01-21 19:40:02.468 32248 32248 E ArmVmp : Match on catch block at 0xc3 in for 0x77dbcce025
01-21 19:40:02.481 32248 32248 E ArmVmp : Match on catch block at 0xc3 in for 0x77dbcce025
01-21 19:40:02.484 32248 32248 E ArmVmp : Match on catch block at 0xc3 in for 0x77dbcce025
01-21 19:40:02.498 32248 32248 E ArmVmp : Match on catch block at 0xc3 in for 0x77dbcce025
