01-22 09:51:12.625 8287 8287 W BottomSheetBehavior: BottomSheetBehavior now supports multiple callbacks. `setBottomSheetCallback()` removes all existing callbacks, including ones set internally by library authors, which may result in unintended behavior. This may change in the future. Please use `addBottomSheetCallback()` and `removeBottomSheetCallback()` instead to set your own callbacks.
01-22 09:51:12.638 8287 8287 W BottomSheetBehavior: BottomSheetBehavior now supports multiple callbacks. `setBottomSheetCallback()` removes all existing callbacks, including ones set internally by library authors, which may result in unintended behavior. This may change in the future. Please use `addBottomSheetCallback()` and `removeBottomSheetCallback()` instead to set your own callbacks.
01-22 09:51:12.638 8287 8287 W BottomSheetBehavior: BottomSheetBehavior now supports multiple callbacks. `setBottomSheetCallback()` removes all existing callbacks, including ones set internally by library authors, which may result in unintended behavior. This may change in the future. Please use `addBottomSheetCallback()` and `removeBottomSheetCallback()` instead to set your own callbacks.
01-22 09:51:12.658 8287 8287 E RecyclerView: No adapter attached; skipping layout
01-22 09:51:12.888 8287 14389 W ExtendedACodec: Failed to set frame packing format on component
01-22 09:51:12.923 8287 14394 W Codec2Client: query -- param skipped: index = 1107298332.
01-22 09:51:12.923 8287 14394 W CCodec : This behavior is subject to change. It is recommended that app developers double check whether the requested max input size is in reasonable range.
01-22 09:51:12.927 8287 14394 W Codec2Client: query -- param skipped: index = 1342179345.
01-22 09:51:12.927 8287 14394 W Codec2Client: query -- param skipped: index = 2415921170.
01-22 09:51:12.927 8287 14394 W Codec2Client: query -- param skipped: index = 1610614798.
01-22 09:51:12.933 8287 14388 W MediaCodec: mapFormat: no mediaType information
01-22 09:51:13.202 8287 14338 W AudioTrack: getTimestamp_l(46): retrograde timestamp time corrected, 191169599143 < 191172968622
01-22 09:51:14.923 8287 14394 W Codec2Client: query -- param skipped: index = 1342179345.
01-22 09:51:14.923 8287 14394 W Codec2Client: query -- param skipped: index = 2415921170.
01-22 09:51:14.923 8287 14394 W Codec2Client: query -- param skipped: index = 1610614798.
01-22 09:51:14.928 8287 14388 E Surface : freeAllBuffers: 14 buffers were freed while being dequeued!
01-22 09:51:14.934 8287 8287 E RecyclerView: No adapter attached; skipping layout
01-22 09:51:14.947 8287 8488 E SQLiteDatabase: Error inserting transferred=0 media_job_uuid=cf58dce2-d781-4e5d-b105-78d099307650 transcoded=0 gif_attribution=0 first_scan_length=0 direct_path=/v/t62.7161- 24/13814219_1193342184959253_3256789681603973777_n.enc?ccb=11- 4&oh=01_AdQi8YOSATglxePDOf9nf2x3IRMesWaM0VOTkXaS1D9txw&oe=65D4ABC8&_nc_sid=5e03e0 thumbnail_height_width_ratio=1.7777778 is_animated_sticker=0 file_hash=IDoRMdrP3JVpIej7n+s2XWs+IFuLTxfpCamVkorDvVA= file_path=null file_size=0 partial_media_hash=null face_x=0 face_y=0 height=656 trim_to=0 media_key_timestamp=1705858749000 message_url=https://mmg.whatsapp.net/v/t62.7161- 24/13814219_1193342184959253_3256789681603973777_n.enc?ccb=11- 4&oh=01_AdQi8YOSATglxePDOf9nf2x3IRMesWaM0VOTkXaS1D9txw&oe=65D4ABC8&_nc_sid=5e03e0&m ms3=true media_caption=null trim_from=0 mime_type=video/mp4 partial_media_enc_hash=null width=368 original_file_hash=null has_streaming_sidecar=1 autotransfer_retry_enabled=0 media_upload_handle=null message_row_id=16752 multicast_id=null enc_file_hash=BM4HmpFt7X+vG1YzMs0AzJPnSddx76vK24sPgzY3/U8= mute_video=0 page_count=0 first_scan_sidecar=null suspicious_content=0 file_length=3974410 media_name=null media_duration=28 chat_row_id=292 media_key=[B@fb433cd
01-22 09:51:14.947 8287 8488 E SQLiteDatabase: android.database.sqlite.SQLiteConstraintException: UNIQUE constraint failed: message_media.message_row_id (code 1555 SQLITE_CONSTRAINT_PRIMARYKEY)
01-22 09:51:14.947 8287 8488 E SQLiteDatabase: at android.database.sqlite.SQLiteConnection.nativeExecuteForLastInsertedRowId(Native Method)
01-22 09:51:14.947 8287 8488 E SQLiteDatabase: at android.database.sqlite.SQLiteConnection.executeForLastInsertedRowId(Unknown Source:30)
01-22 09:51:14.947 8287 8488 E SQLiteDatabase: at android.database.sqlite.SQLiteSession.executeForLastInsertedRowId(Unknown Source:16)
01-22 09:51:14.947 8287 8488 E SQLiteDatabase: at android.database.sqlite.SQLiteStatement.executeInsert(Unknown Source:20)
01-22 09:51:14.947 8287 8488 E SQLiteDatabase: at android.database.sqlite.SQLiteDatabase.insertWithOnConflict(Unknown Source:144)
01-22 09:51:14.947 8287 8488 E SQLiteDatabase: at android.database.sqlite.SQLiteDatabase.insert(Unknown Source:1)
01-22 09:51:14.947 8287 8488 E SQLiteDatabase: at X.2tm.A08(Unknown Source:6)
01-22 09:51:14.947 8287 8488 E SQLiteDatabase: at X.35Y.A07(Unknown Source:212)
01-22 09:51:14.947 8287 8488 E SQLiteDatabase: at X.3QF.A14(Unknown Source:470)
01-22 09:51:14.947 8287 8488 E SQLiteDatabase: at X.3gU.run(Unknown Source:982)
01-22 09:51:14.947 8287 8488 E SQLiteDatabase: at android.os.Handler.handleCallback(Unknown Source:2)
01-22 09:51:14.947 8287 8488 E SQLiteDatabase: at android.os.Handler.dispatchMessage(Unknown Source:4)
01-22 09:51:14.947 8287 8488 E SQLiteDatabase: at X.0zq.dispatchMessage(Unknown Source:4)
01-22 09:51:14.947 8287 8488 E SQLiteDatabase: at android.os.Looper.loopOnce(Unknown Source:176)
01-22 09:51:14.947 8287 8488 E SQLiteDatabase: at android.os.Looper.loop(Unknown Source:76)
01-22 09:51:14.947 8287 8488 E SQLiteDatabase: at android.os.HandlerThread.run(Unknown Source:28)
01-22 09:51:14.955 8287 8488 E SQLiteDatabase: Error inserting transferred=0 media_job_uuid=cf58dce2-d781-4e5d-b105-78d099307650 transcoded=0 gif_attribution=0 first_scan_length=0 direct_path=/v/t62.7161- 24/13814219_1193342184959253_3256789681603973777_n.enc?ccb=11- 4&oh=01_AdQi8YOSATglxePDOf9nf2x3IRMesWaM0VOTkXaS1D9txw&oe=65D4ABC8&_nc_sid=5e03e0 thumbnail_height_width_ratio=1.7777778 is_animated_sticker=0 file_hash=IDoRMdrP3JVpIej7n+s2XWs+IFuLTxfpCamVkorDvVA= file_path=null file_size=0 partial_media_hash=null face_x=0 face_y=0 height=656 trim_to=0 media_key_timestamp=1705858749000 message_url=https://mmg.whatsapp.net/v/t62.7161- 24/13814219_1193342184959253_3256789681603973777_n.enc?ccb=11- 4&oh=01_AdQi8YOSATglxePDOf9nf2x3IRMesWaM0VOTkXaS1D9txw&oe=65D4ABC8&_nc_sid=5e03e0&m ms3=true media_caption=null trim_from=0 mime_type=video/mp4 partial_media_enc_hash=null width=368 original_file_hash=null has_streaming_sidecar=1 autotransfer_retry_enabled=0 media_upload_handle=null message_row_id=16752 multicast_id=null enc_file_hash=BM4HmpFt7X+vG1YzMs0AzJPnSddx76vK24sPgzY3/U8= mute_video=0 page_count=0 first_scan_sidecar=null suspicious_content=0 file_length=3974410 media_name=null media_duration=28 chat_row_id=292 media_key=[B@fb433cd
01-22 09:51:14.955 8287 8488 E SQLiteDatabase: android.database.sqlite.SQLiteConstraintException: UNIQUE constraint failed: message_media.message_row_id (code 1555 SQLITE_CONSTRAINT_PRIMARYKEY)
01-22 09:51:14.955 8287 8488 E SQLiteDatabase: at android.database.sqlite.SQLiteConnection.nativeExecuteForLastInsertedRowId(Native Method)
01-22 09:51:14.955 8287 8488 E SQLiteDatabase: at android.database.sqlite.SQLiteConnection.executeForLastInsertedRowId(Unknown Source:30)
01-22 09:51:14.955 8287 8488 E SQLiteDatabase: at android.database.sqlite.SQLiteSession.executeForLastInsertedRowId(Unknown Source:16)
01-22 09:51:14.955 8287 8488 E SQLiteDatabase: at android.database.sqlite.SQLiteStatement.executeInsert(Unknown Source:20)
01-22 09:51:14.955 8287 8488 E SQLiteDatabase: at android.database.sqlite.SQLiteDatabase.insertWithOnConflict(Unknown Source:144)
01-22 09:51:14.955 8287 8488 E SQLiteDatabase: at android.database.sqlite.SQLiteDatabase.insert(Unknown Source:1)
01-22 09:51:14.955 8287 8488 E SQLiteDatabase: at X.2tm.A08(Unknown Source:6)
01-22 09:51:14.955 8287 8488 E SQLiteDatabase: at X.35Y.A07(Unknown Source:212)
01-22 09:51:14.955 8287 8488 E SQLiteDatabase: at X.3QF.A14(Unknown Source:470)
01-22 09:51:14.955 8287 8488 E SQLiteDatabase: at X.3gU.run(Unknown Source:982)
01-22 09:51:14.955 8287 8488 E SQLiteDatabase: at android.os.Handler.handleCallback(Unknown Source:2)
01-22 09:51:14.955 8287 8488 E SQLiteDatabase: at android.os.Handler.dispatchMessage(Unknown Source:4)
01-22 09:51:14.955 8287 8488 E SQLiteDatabase: at X.0zq.dispatchMessage(Unknown Source:4)
01-22 09:51:14.955 8287 8488 E SQLiteDatabase: at android.os.Looper.loopOnce(Unknown Source:176)
01-22 09:51:14.955 8287 8488 E SQLiteDatabase: at android.os.Looper.loop(Unknown Source:76)
01-22 09:51:14.955 8287 8488 E SQLiteDatabase: at android.os.HandlerThread.run(Unknown Source:28)
01-22 09:51:15.211 8287 14442 W ExtendedACodec: Failed to set frame packing format on component
01-22 09:51:15.235 8287 14448 W Codec2Client: query -- param skipped: index = 1107298332.
01-22 09:51:15.235 8287 14448 W CCodec : This behavior is subject to change. It is recommended that app developers double check whether the requested max input size is in reasonable range.
01-22 09:51:15.236 8287 14448 W Codec2Client: query -- param skipped: index = 1342179345.
01-22 09:51:15.236 8287 14448 W Codec2Client: query -- param skipped: index = 2415921170.
01-22 09:51:15.236 8287 14448 W Codec2Client: query -- param skipped: index = 1610614798.
01-22 09:51:15.242 8287 14441 W MediaCodec: mapFormat: no mediaType information
01-22 09:51:15.398 8287 14338 W AudioTrack: getTimestamp_l(47): retrograde timestamp time corrected, 193368055653 < 193368695913
01-22 09:51:16.912 8287 8488 E SQLiteDatabase: Error inserting transferred=1 media_job_uuid=ded32fb9-63d4-448b-8ef3-559747ce901e transcoded=0 gif_attribution=0 first_scan_length=0 direct_path=/v/t62.7161- 24/29118296_1482695009255445_3245552620126223880_n.enc?ccb=11- 4&oh=01_AdQ5Ann3pLKcFsYFJsvlRhH--0KbKGv7rnT-xUvY9Uz6ZA&oe=65D52D8F&_nc_sid=5e03e0 thumbnail_height_width_ratio=0.5729167 is_animated_sticker=0 file_hash=GcRZTPYtjqrh9sf1TUppUqc46u8z6E/2Vyrnk5ezWcA= file_path=Media/.Statuses/5da6346f261c40fb98bb339451f3e8d2.mp4 file_size=2111428 partial_media_hash=null face_x=0 face_y=0 height=368 trim_to=0 media_key_timestamp=1705879629000 message_url=https://mmg.whatsapp.net/v/t62.7161- 24/29118296_1482695009255445_3245552620126223880_n.enc?ccb=11- 4&oh=01_AdQ5Ann3pLKcFsYFJsvlRhH--0KbKGv7rnT- xUvY9Uz6ZA&oe=65D52D8F&_nc_sid=5e03e0&mms3=true media_caption=null trim_from=0 mime_type=video/mp4 partial_media_enc_hash=null width=640 original_file_hash=null has_streaming_sidecar=1 autotransfer_retry_enabled=1 media_upload_handle=null message_row_id=16760 multicast_id=null enc_file_hash=VZBzLAypGE4icTJgGA9fDS9b1fi8KeFNsTxjvyWZjhY= mute_video=0 page_count=0 first_scan_sidecar=null suspicious_content=0 file_length=2111428 media_name=null media_duration=17 chat_row_id=292 media_key=[B@32e35ec
01-22 09:51:16.912 8287 8488 E SQLiteDatabase: android.database.sqlite.SQLiteConstraintException: UNIQUE constraint failed: message_media.message_row_id (code 1555 SQLITE_CONSTRAINT_PRIMARYKEY)
01-22 09:51:16.912 8287 8488 E SQLiteDatabase: at android.database.sqlite.SQLiteConnection.nativeExecuteForLastInsertedRowId(Native Method)
01-22 09:51:16.912 8287 8488 E SQLiteDatabase: at android.database.sqlite.SQLiteConnection.executeForLastInsertedRowId(Unknown Source:30)
01-22 09:51:16.912 8287 8488 E SQLiteDatabase: at android.database.sqlite.SQLiteSession.executeForLastInsertedRowId(Unknown Source:16)
01-22 09:51:16.912 8287 8488 E SQLiteDatabase: at android.database.sqlite.SQLiteStatement.executeInsert(Unknown Source:20)
01-22 09:51:16.912 8287 8488 E SQLiteDatabase: at android.database.sqlite.SQLiteDatabase.insertWithOnConflict(Unknown Source:144)
01-22 09:51:16.912 8287 8488 E SQLiteDatabase: at android.database.sqlite.SQLiteDatabase.insert(Unknown Source:1)
01-22 09:51:16.912 8287 8488 E SQLiteDatabase: at X.2tm.A08(Unknown Source:6)
01-22 09:51:16.912 8287 8488 E SQLiteDatabase: at X.35Y.A07(Unknown Source:212)
01-22 09:51:16.912 8287 8488 E SQLiteDatabase: at X.3QF.A14(Unknown Source:470)
01-22 09:51:16.912 8287 8488 E SQLiteDatabase: at X.3gU.run(Unknown Source:982)
01-22 09:51:16.912 8287 8488 E SQLiteDatabase: at android.os.Handler.handleCallback(Unknown Source:2)
01-22 09:51:16.912 8287 8488 E SQLiteDatabase: at android.os.Handler.dispatchMessage(Unknown Source:4)
01-22 09:51:16.912 8287 8488 E SQLiteDatabase: at X.0zq.dispatchMessage(Unknown Source:4)
01-22 09:51:16.912 8287 8488 E SQLiteDatabase: at android.os.Looper.loopOnce(Unknown Source:176)
01-22 09:51:16.912 8287 8488 E SQLiteDatabase: at android.os.Looper.loop(Unknown Source:76)
01-22 09:51:16.912 8287 8488 E SQLiteDatabase: at android.os.HandlerThread.run(Unknown Source:28)
01-22 09:51:16.947 8287 8488 E SQLiteDatabase: Error inserting transferred=0 media_job_uuid=cf58dce2-d781-4e5d-b105-78d099307650 transcoded=0 gif_attribution=0 first_scan_length=0 direct_path=/v/t62.7161- 24/13814219_1193342184959253_3256789681603973777_n.enc?ccb=11- 4&oh=01_AdQi8YOSATglxePDOf9nf2x3IRMesWaM0VOTkXaS1D9txw&oe=65D4ABC8&_nc_sid=5e03e0 thumbnail_height_width_ratio=1.7777778 is_animated_sticker=0 file_hash=IDoRMdrP3JVpIej7n+s2XWs+IFuLTxfpCamVkorDvVA= file_path=null file_size=0 partial_media_hash=null face_x=0 face_y=0 height=656 trim_to=0 media_key_timestamp=1705858749000 message_url=https://mmg.whatsapp.net/v/t62.7161- 24/13814219_1193342184959253_3256789681603973777_n.enc?ccb=11- 4&oh=01_AdQi8YOSATglxePDOf9nf2x3IRMesWaM0VOTkXaS1D9txw&oe=65D4ABC8&_nc_sid=5e03e0&m ms3=true media_caption=null trim_from=0 mime_type=video/mp4 partial_media_enc_hash=null width=368 original_file_hash=null has_streaming_sidecar=1 autotransfer_retry_enabled=1 media_upload_handle=null message_row_id=16752 multicast_id=null enc_file_hash=BM4HmpFt7X+vG1YzMs0AzJPnSddx76vK24sPgzY3/U8= mute_video=0 page_count=0 first_scan_sidecar=null suspicious_content=0 file_length=3974410 media_name=null media_duration=28 chat_row_id=292 media_key=[B@fb433cd
01-22 09:51:16.947 8287 8488 E SQLiteDatabase: android.database.sqlite.SQLiteConstraintException: UNIQUE constraint failed: message_media.message_row_id (code 1555 SQLITE_CONSTRAINT_PRIMARYKEY)
01-22 09:51:16.947 8287 8488 E SQLiteDatabase: at android.database.sqlite.SQLiteConnection.nativeExecuteForLastInsertedRowId(Native Method)
01-22 09:51:16.947 8287 8488 E SQLiteDatabase: at android.database.sqlite.SQLiteConnection.executeForLastInsertedRowId(Unknown Source:30)
01-22 09:51:16.947 8287 8488 E SQLiteDatabase: at android.database.sqlite.SQLiteSession.executeForLastInsertedRowId(Unknown Source:16)
01-22 09:51:16.947 8287 8488 E SQLiteDatabase: at android.database.sqlite.SQLiteStatement.executeInsert(Unknown Source:20)
01-22 09:51:16.947 8287 8488 E SQLiteDatabase: at android.database.sqlite.SQLiteDatabase.insertWithOnConflict(Unknown Source:144)
01-22 09:51:16.947 8287 8488 E SQLiteDatabase: at android.database.sqlite.SQLiteDatabase.insert(Unknown Source:1)
01-22 09:51:16.947 8287 8488 E SQLiteDatabase: at X.2tm.A08(Unknown Source:6)
01-22 09:51:16.947 8287 8488 E SQLiteDatabase: at X.35Y.A07(Unknown Source:212)
01-22 09:51:16.947 8287 8488 E SQLiteDatabase: at X.3QF.A14(Unknown Source:470)
01-22 09:51:16.947 8287 8488 E SQLiteDatabase: at X.3gU.run(Unknown Source:982)
01-22 09:51:16.947 8287 8488 E SQLiteDatabase: at android.os.Handler.handleCallback(Unknown Source:2)
01-22 09:51:16.947 8287 8488 E SQLiteDatabase: at android.os.Handler.dispatchMessage(Unknown Source:4)
01-22 09:51:16.947 8287 8488 E SQLiteDatabase: at X.0zq.dispatchMessage(Unknown Source:4)
01-22 09:51:16.947 8287 8488 E SQLiteDatabase: at android.os.Looper.loopOnce(Unknown Source:176)
01-22 09:51:16.947 8287 8488 E SQLiteDatabase: at android.os.Looper.loop(Unknown Source:76)
01-22 09:51:16.947 8287 8488 E SQLiteDatabase: at android.os.HandlerThread.run(Unknown Source:28)
01-22 09:51:22.432 8287 14448 W Codec2Client: query -- param skipped: index = 1342179345.
01-22 09:51:22.432 8287 14448 W Codec2Client: query -- param skipped: index = 2415921170.
01-22 09:51:22.432 8287 14448 W Codec2Client: query -- param skipped: index = 1610614798.
01-22 09:51:22.433 8287 14441 E Surface : freeAllBuffers: 14 buffers were freed while being dequeued!
01-22 09:51:28.288 8287 8287 E ArmVmp : Match on catch block at 0x0a in for 0x7d41f36031
01-22 09:51:28.298 8287 8287 E ArmVmp : Match on catch block at 0x0a in for 0x7d41f3604d
01-22 09:51:28.661 8287 8287 E ArmVmp : Match on catch block at 0x0a in for 0x7d41f36035
01-22 09:51:32.533 8287 8514 W WM-Processor: Didn't find WorkSpec for id WorkGenerationalId(workSpecId=bc9e3df8-7703-41ec-99a4-7ee8d173e711, generation=0)
01-22 09:51:42.749 8287 8305 W com.mbwhatsapp: Suspending all threads took: 12.570ms --------- beginning of main
01-22 10:07:34.323 20717 20717 E com.mbwhatsapp: Not starting debugger since process cannot load the jdwp agent.
01-22 10:07:34.360 20717 20717 W ziparchive: Unable to open '/system/framework/org.apache.http.legacy.dm': No such file or directory
01-22 10:07:34.360 20717 20717 W ziparchive: Unable to open '/system/framework/org.apache.http.legacy.dm': No such file or directory
01-22 10:07:34.461 20717 20717 W ResourceType: CREATING STRING CACHE OF 192 bytes
01-22 10:07:34.468 20717 20717 W System.err: java.lang.ClassNotFoundException: mbmodsd.mbmodsw.ui.views.btn.BtnBK
01-22 10:07:34.469 20717 20717 W System.err: at java.lang.Runtime.nativeLoad(Native Method)
01-22 10:07:34.469 20717 20717 W System.err: at java.lang.Runtime.nativeLoad(Runtime.java:1126)
01-22 10:07:34.469 20717 20717 W System.err: at java.lang.Runtime.loadLibrary0(Runtime.java:1080)
01-22 10:07:34.469 20717 20717 W System.err: at java.lang.Runtime.loadLibrary0(Runtime.java:1003)
01-22 10:07:34.469 20717 20717 W System.err: at java.lang.System.loadLibrary(System.java:1661)
01-22 10:07:34.469 20717 20717 W System.err: at arm.EpicVm.<clinit>(Unknown Source:2)
01-22 10:07:34.469 20717 20717 W System.err: at java.lang.Class.newInstance(Native Method)
01-22 10:07:34.469 20717 20717 W System.err: at android.app.AppComponentFactory.instantiateApplication(Unknown Source:4)
01-22 10:07:34.469 20717 20717 W System.err: at androidx.core.app.CoreComponentFactory.instantiateApplication(Unknown Source:0)
01-22 10:07:34.469 20717 20717 W System.err: at android.app.Instrumentation.newApplication(Instrumentation.java:1191)
01-22 10:07:34.469 20717 20717 W System.err: at android.app.LoadedApk.makeApplication(Unknown Source:104)
01-22 10:07:34.469 20717 20717 W System.err: at android.app.ActivityThread.handleBindApplication(Unknown Source:789)
01-22 10:07:34.469 20717 20717 W System.err: at android.app.ActivityThread.access$1600(Unknown Source:0)
01-22 10:07:34.469 20717 20717 W System.err: at android.app.ActivityThread$H.handleMessage(Unknown Source:774)
01-22 10:07:34.469 20717 20717 W System.err: at android.os.Handler.dispatchMessage(Unknown Source:19)
01-22 10:07:34.469 20717 20717 W System.err: at android.os.Looper.loopOnce(Unknown Source:176)
01-22 10:07:34.469 20717 20717 W System.err: at android.os.Looper.loop(Unknown Source:76)
01-22 10:07:34.469 20717 20717 W System.err: at android.app.ActivityThread.main(Unknown Source:138)
01-22 10:07:34.469 20717 20717 W System.err: at java.lang.reflect.Method.invoke(Native Method)
01-22 10:07:34.469 20717 20717 W System.err: at com.android.internal.os.RuntimeInit$MethodAndArgsCaller.run(Unknown Source:11)
01-22 10:07:34.469 20717 20717 W System.err: at com.android.internal.os.ZygoteInit.main(Unknown Source:306)
01-22 10:07:34.474 20717 20717 E CustomActivityOnCrash: IMPORTANT WARNING! You already have an UncaughtExceptionHandler, are you sure this is correct? If you use a custom UncaughtExceptionHandler, you must initialize it AFTER CustomActivityOnCrash! Installing anyway, but your original handler will not be called.
01-22 10:07:34.512 20717 20734 W LibraryVersion: Failed to get app version for libraryName: firebase-iid
01-22 10:07:34.739 20717 20717 W com.mbwhatsapp: type=1400 audit(0.0:2204): avc: granted { execute } for path="/data/data/com.mbwhatsapp/files/decompressed/libs.spk.zst/libc++_shared.so" dev="dm-5" ino=226567 scontext=u:r:untrusted_app:s0:c80,c257,c512,c768 tcontext=u:object_r:app_data_file:s0:c80,c257,c512,c768 tclass=file app=com.mbwhatsapp
01-22 10:07:34.743 20717 20717 W com.mbwhatsapp: type=1400 audit(0.0:2205): avc: granted { execute } for path="/data/data/com.mbwhatsapp/files/decompressed/libs.spk.zst/libvlc.so" dev="dm- 5" ino=515596 scontext=u:r:untrusted_app:s0:c80,c257,c512,c768 tcontext=u:object_r:app_data_file:s0:c80,c257,c512,c768 tclass=file app=com.mbwhatsapp
01-22 10:07:34.751 20717 20717 W com.mbwhatsapp: type=1400 audit(0.0:2206): avc: granted { execute } for path="/data/data/com.mbwhatsapp/files/decompressed/libs.spk.zst/libwhatsapp.so" dev="dm-5" ino=492075 scontext=u:r:untrusted_app:s0:c80,c257,c512,c768 tcontext=u:object_r:app_data_file:s0:c80,c257,c512,c768 tclass=file app=com.mbwhatsapp
01-22 10:07:34.791 20717 20717 W com.mbwhatsapp: type=1400 audit(0.0:2207): avc: granted { execute } for path="/data/data/com.mbwhatsapp/files/decompressed/libs.spk.zst/libcurve25519.so" dev="dm-5" ino=401620 scontext=u:r:untrusted_app:s0:c80,c257,c512,c768 tcontext=u:object_r:app_data_file:s0:c80,c257,c512,c768 tclass=file app=com.mbwhatsapp
01-22 10:07:34.795 20717 20717 W com.mbwhatsapp: type=1400 audit(0.0:2208): avc: granted { execute } for path="/data/data/com.mbwhatsapp/files/decompressed/libs.spk.zst/libwhatsapp.so" dev="dm-5" ino=492075 scontext=u:r:untrusted_app:s0:c80,c257,c512,c768 tcontext=u:object_r:app_data_file:s0:c80,c257,c512,c768 tclass=file app=com.mbwhatsapp
01-22 10:07:34.931 20717 20766 W com.mbwhatsapp: Method void X.2rL.A03(java.lang.Integer) failed lock verification and will run slower.
01-22 10:07:34.931 20717 20766 W com.mbwhatsapp: Common causes for lock verification issues are non-optimized dex code
01-22 10:07:34.931 20717 20766 W com.mbwhatsapp: and incorrect proguard optimizations. --------- beginning of main
01-22 10:23:54.542 11872 11872 E com.mbwhatsapp: Not starting debugger since process cannot load the jdwp agent.
01-22 10:23:54.564 11872 11872 W ziparchive: Unable to open '/system/framework/org.apache.http.legacy.dm': No such file or directory
01-22 10:23:54.564 11872 11872 W ziparchive: Unable to open '/system/framework/org.apache.http.legacy.dm': No such file or directory
01-22 10:23:54.588 11872 11872 W ResourceType: CREATING STRING CACHE OF 192 bytes
01-22 10:23:54.593 11872 11872 W System.err: java.lang.ClassNotFoundException: mbmodsd.mbmodsw.ui.views.btn.BtnBK
01-22 10:23:54.593 11872 11872 W System.err: at java.lang.Runtime.nativeLoad(Native Method)
01-22 10:23:54.593 11872 11872 W System.err: at java.lang.Runtime.nativeLoad(Runtime.java:1126)
01-22 10:23:54.594 11872 11872 W System.err: at java.lang.Runtime.loadLibrary0(Runtime.java:1080)
01-22 10:23:54.594 11872 11872 W System.err: at java.lang.Runtime.loadLibrary0(Runtime.java:1003)
01-22 10:23:54.594 11872 11872 W System.err: at java.lang.System.loadLibrary(System.java:1661)
01-22 10:23:54.594 11872 11872 W System.err: at arm.EpicVm.<clinit>(Unknown Source:2)
01-22 10:23:54.594 11872 11872 W System.err: at java.lang.Class.newInstance(Native Method)
01-22 10:23:54.594 11872 11872 W System.err: at android.app.AppComponentFactory.instantiateApplication(Unknown Source:4)
01-22 10:23:54.594 11872 11872 W System.err: at androidx.core.app.CoreComponentFactory.instantiateApplication(Unknown Source:0)
01-22 10:23:54.594 11872 11872 W System.err: at android.app.Instrumentation.newApplication(Instrumentation.java:1191)
01-22 10:23:54.594 11872 11872 W System.err: at android.app.LoadedApk.makeApplication(Unknown Source:104)
01-22 10:23:54.594 11872 11872 W System.err: at android.app.ActivityThread.handleBindApplication(Unknown Source:789)
01-22 10:23:54.594 11872 11872 W System.err: at android.app.ActivityThread.access$1600(Unknown Source:0)
01-22 10:23:54.594 11872 11872 W System.err: at android.app.ActivityThread$H.handleMessage(Unknown Source:774)
01-22 10:23:54.594 11872 11872 W System.err: at android.os.Handler.dispatchMessage(Unknown Source:19)
01-22 10:23:54.594 11872 11872 W System.err: at android.os.Looper.loopOnce(Unknown Source:176)
01-22 10:23:54.594 11872 11872 W System.err: at android.os.Looper.loop(Unknown Source:76)
01-22 10:23:54.594 11872 11872 W System.err: at android.app.ActivityThread.main(Unknown Source:138)
01-22 10:23:54.594 11872 11872 W System.err: at java.lang.reflect.Method.invoke(Native Method)
01-22 10:23:54.594 11872 11872 W System.err: at com.android.internal.os.RuntimeInit$MethodAndArgsCaller.run(Unknown Source:11)
01-22 10:23:54.594 11872 11872 W System.err: at com.android.internal.os.ZygoteInit.main(Unknown Source:306)
01-22 10:23:54.597 11872 11872 E CustomActivityOnCrash: IMPORTANT WARNING! You already have an UncaughtExceptionHandler, are you sure this is correct? If you use a custom UncaughtExceptionHandler, you must initialize it AFTER CustomActivityOnCrash! Installing anyway, but your original handler will not be called.
01-22 10:23:54.690 11872 11872 W com.mbwhatsapp: type=1400 audit(0.0:2217): avc: granted { execute } for path="/data/data/com.mbwhatsapp/files/decompressed/libs.spk.zst/libc++_shared.so" dev="dm-5" ino=226567 scontext=u:r:untrusted_app:s0:c80,c257,c512,c768 tcontext=u:object_r:app_data_file:s0:c80,c257,c512,c768 tclass=file app=com.mbwhatsapp
01-22 10:23:54.694 11872 11872 W com.mbwhatsapp: type=1400 audit(0.0:2218): avc: granted { execute } for path="/data/data/com.mbwhatsapp/files/decompressed/libs.spk.zst/libvlc.so" dev="dm- 5" ino=515596 scontext=u:r:untrusted_app:s0:c80,c257,c512,c768 tcontext=u:object_r:app_data_file:s0:c80,c257,c512,c768 tclass=file app=com.mbwhatsapp
01-22 10:23:54.739 11872 11872 W com.mbwhatsapp: Method void X.0eU.A0h(X.0tK, boolean) failed lock verification and will run slower.
01-22 10:23:54.739 11872 11872 W com.mbwhatsapp: Common causes for lock verification issues are non-optimized dex code
01-22 10:23:54.739 11872 11872 W com.mbwhatsapp: and incorrect proguard optimizations.
01-22 10:23:54.740 11872 11921 W com.mbwhatsapp: Method void X.2rL.A03(java.lang.Integer) failed lock verification and will run slower.
01-22 10:23:54.818 11872 11872 W com.mbwhatsapp: Method void com.mbwhatsapp.HomeActivity.A6e() failed lock verification and will run slower.
01-22 10:23:54.964 11872 11872 E ArmVmp : Match on catch block at 0x0a in for 0x7435ef8031
01-22 10:23:54.978 11872 11872 E ArmVmp : Match on catch block at 0x0a in for 0x7435ef804d
01-22 10:23:55.162 11872 11934 E ion : ioctl c0044901 failed with code -1: Inappropriate ioctl for device
01-22 10:23:55.162 11872 11934 E DMABUFHEAPS: No ion heap of name ion_system_heap exists
01-22 10:23:55.162 11872 11934 E DMABUFHEAPS: No ion heap of name ion_system_heap exists --------- beginning of system
01-22 10:23:55.437 11872 11872 W Looper : PerfMonitor doFrame : time=363ms vsyncFrame=0 latency=14ms procState=-1 historyMsgCount=17
01-22 10:23:55.469 11872 11872 W Looper : PerfMonitor doFrame : time=27ms vsyncFrame=0 latency=365ms procState=-1 historyMsgCount=7 (msgIndex=1 wall=363ms seq=37 running=296ms runnable=3ms io=23ms binder=13ms late=14ms h=android.view.Choreographer$FrameHandler c=android.view.Choreographer$FrameDisplayEventReceiver)
01-22 10:23:55.480 11872 11872 E ArmVmp : Match on catch block at 0x0a in for 0x7435ef8035
01-22 10:23:55.612 11872 11999 W LOTTIE : Animation contains merge paths. Merge paths are only supported on KitKat+ and must be manually enabled by calling enableMergePathsForKitKatAndAbove().
01-22 10:23:55.699 11872 11872 W LOTTIE : Animation contains merge paths but they are disabled.
01-22 10:23:56.173 11872 11893 W LibraryVersion: Failed to get app version for libraryName: firebase-iid
01-22 10:23:58.170 11872 11872 W MirrorManager: this model don't Support
01-22 10:23:58.926 11872 11999 W LOTTIE : Unknown shape type rd
01-22 10:23:58.967 11872 11872 E ArmVmp : Match on catch block at 0x0a in for 0x7435ef8035
01-22 10:23:58.969 11872 11872 E ArmVmp : Match on catch block at 0x0a in for 0x7435ef8035
01-22 10:23:59.106 11872 11872 E ArmVmp : Match on catch block at 0xc3 in for 0x7435ef8021
01-22 10:23:59.109 11872 11872 E ArmVmp : Match on catch block at 0xc3 in for 0x7435ef8021
01-22 10:23:59.139 11872 11872 E ArmVmp : Match on catch block at 0xc3 in for 0x7435ef8025
01-22 10:23:59.142 11872 11872 E ArmVmp : Match on catch block at 0xc3 in for 0x7435ef8025
01-22 10:23:59.175 11872 11872 E ArmVmp : Match on catch block at 0xc3 in for 0x7435ef8025
01-22 10:23:59.176 11872 11872 E ArmVmp : Match on catch block at 0xc3 in for 0x7435ef8025
01-22 10:23:59.208 11872 11872 E ArmVmp : Match on catch block at 0xc3 in for 0x7435ef8025
01-22 10:23:59.209 11872 11872 E ArmVmp : Match on catch block at 0xc3 in for 0x7435ef8025
01-22 10:23:59.216 11872 11872 E ArmVmp : Match on catch block at 0xc3 in for 0x7435ef8025
01-22 10:23:59.217 11872 11872 E ArmVmp : Match on catch block at 0xc3 in for 0x7435ef8025
01-22 10:23:59.222 11872 11872 E ArmVmp : Match on catch block at 0xc3 in for 0x7435ef8025
01-22 10:23:59.225 11872 11872 E ArmVmp : Match on catch block at 0xc3 in for 0x7435ef8025
01-22 10:23:59.239 11872 11872 E ArmVmp : Match on catch block at 0xc3 in for 0x7435ef8025
01-22 10:23:59.241 11872 11872 E ArmVmp : Match on catch block at 0xc3 in for 0x7435ef8025
01-22 10:23:59.256 11872 11872 E ArmVmp : Match on catch block at 0xc3 in for 0x7435ef8025
01-22 10:23:59.257 11872 11872 E ArmVmp : Match on catch block at 0xc3 in for 0x7435ef8025
01-22 10:23:59.442 11872 11872 E ArmVmp : Match on catch block at 0xc3 in for 0x7435ef8025
01-22 10:23:59.444 11872 11872 E ArmVmp : Match on catch block at 0xc3 in for 0x7435ef8025
01-22 10:23:59.454 11872 11872 E ArmVmp : Match on catch block at 0xc3 in for 0x7435ef8025
01-22 10:23:59.456 11872 11872 E ArmVmp : Match on catch block at 0xc3 in for 0x7435ef8025
01-22 10:23:59.492 11872 11872 E ArmVmp : Match on catch block at 0xc3 in for 0x7435ef8025
01-22 10:23:59.494 11872 11872 E ArmVmp : Match on catch block at 0xc3 in for 0x7435ef8025
01-22 10:23:59.503 11872 11872 E ArmVmp : Match on catch block at 0xc3 in for 0x7435ef8025
01-22 10:23:59.505 11872 11872 E ArmVmp : Match on catch block at 0xc3 in for 0x7435ef8025
01-22 10:23:59.701 11872 11872 E ArmVmp : Match on catch block at 0xc3 in for 0x7435ef8025
01-22 10:23:59.703 11872 11872 E ArmVmp : Match on catch block at 0xc3 in for 0x7435ef8025
01-22 10:23:59.800 11872 11872 E ArmVmp : Match on catch block at 0xc3 in for 0x7435ef8025
01-22 10:23:59.802 11872 11872 E ArmVmp : Match on catch block at 0xc3 in for 0x7435ef8025
01-22 10:23:59.817 11872 11872 E ArmVmp : Match on catch block at 0xc3 in for 0x7435ef8025
01-22 10:23:59.819 11872 11872 E ArmVmp : Match on catch block at 0xc3 in for 0x7435ef8025
01-22 10:23:59.833 11872 11872 E ArmVmp : Match on catch block at 0xc3 in for 0x7435ef8025
01-22 10:23:59.835 11872 11872 E ArmVmp : Match on catch block at 0xc3 in for 0x7435ef8025
01-22 10:23:59.850 11872 11872 E ArmVmp : Match on catch block at 0xc3 in for 0x7435ef8025
01-22 10:23:59.852 11872 11872 E ArmVmp : Match on catch block at 0xc3 in for 0x7435ef8025
01-22 10:23:59.866 11872 11872 E ArmVmp : Match on catch block at 0xc3 in for 0x7435ef8025
01-22 10:23:59.868 11872 11872 E ArmVmp : Match on catch block at 0xc3 in for 0x7435ef8025
01-22 10:23:59.883 11872 11872 E ArmVmp : Match on catch block at 0xc3 in for 0x7435ef8025
01-22 10:23:59.884 11872 11872 E ArmVmp : Match on catch block at 0xc3 in for 0x7435ef8025
01-22 10:23:59.899 11872 11872 E ArmVmp : Match on catch block at 0xc3 in for 0x7435ef8025
01-22 10:23:59.900 11872 11872 E ArmVmp : Match on catch block at 0xc3 in for 0x7435ef8025
01-22 10:23:59.916 11872 11872 E ArmVmp : Match on catch block at 0xc3 in for 0x7435ef8025
01-22 10:23:59.917 11872 11872 E ArmVmp : Match on catch block at 0xc3 in for 0x7435ef8025
01-22 10:23:59.932 11872 11872 E ArmVmp : Match on catch block at 0xc3 in for 0x7435ef8025
01-22 10:23:59.933 11872 11872 E ArmVmp : Match on catch block at 0xc3 in for 0x7435ef8025
01-22 10:23:59.949 11872 11872 E ArmVmp : Match on catch block at 0xc3 in for 0x7435ef8025
01-22 10:23:59.950 11872 11872 E ArmVmp : Match on catch block at 0xc3 in for 0x7435ef8025
01-22 10:23:59.965 11872 11872 E ArmVmp : Match on catch block at 0xc3 in for 0x7435ef8025
01-22 10:23:59.967 11872 11872 E ArmVmp : Match on catch block at 0xc3 in for 0x7435ef8025
01-22 10:23:59.982 11872 11872 E ArmVmp : Match on catch block at 0xc3 in for 0x7435ef8025
01-22 10:23:59.984 11872 11872 E ArmVmp : Match on catch block at 0xc3 in for 0x7435ef8025
01-22 10:23:59.998 11872 11872 E ArmVmp : Match on catch block at 0xc3 in for 0x7435ef8025
01-22 10:23:59.999 11872 11872 E ArmVmp : Match on catch block at 0xc3 in for 0x7435ef8025
01-22 10:24:00.015 11872 11872 E ArmVmp : Match on catch block at 0xc3 in for 0x7435ef8025
01-22 10:24:00.016 11872 11872 E ArmVmp : Match on catch block at 0xc3 in for 0x7435ef8025
01-22 10:24:00.032 11872 11872 E ArmVmp : Match on catch block at 0xc3 in for 0x7435ef8025
01-22 10:24:00.033 11872 11872 E ArmVmp : Match on catch block at 0xc3 in for 0x7435ef8025
01-22 10:24:00.048 11872 11872 E ArmVmp : Match on catch block at 0xc3 in for 0x7435ef8025
01-22 10:24:00.049 11872 11872 E ArmVmp : Match on catch block at 0xc3 in for 0x7435ef8025
01-22 10:24:00.066 11872 11872 E ArmVmp : Match on catch block at 0xc3 in for 0x7435ef8025
01-22 10:24:00.067 11872 11872 E ArmVmp : Match on catch block at 0xc3 in for 0x7435ef8025
01-22 10:24:00.081 11872 11872 E ArmVmp : Match on catch block at 0xc3 in for 0x7435ef8025
01-22 10:24:00.083 11872 11872 E ArmVmp : Match on catch block at 0xc3 in for 0x7435ef8025
01-22 10:24:00.098 11872 11872 E ArmVmp : Match on catch block at 0xc3 in for 0x7435ef8025
01-22 10:24:00.100 11872 11872 E ArmVmp : Match on catch block at 0xc3 in for 0x7435ef8025
01-22 10:24:00.114 11872 11872 E ArmVmp : Match on catch block at 0xc3 in for 0x7435ef8025
01-22 10:24:00.116 11872 11872 E ArmVmp : Match on catch block at 0xc3 in for 0x7435ef8025
01-22 10:24:00.131 11872 11872 E ArmVmp : Match on catch block at 0xc3 in for 0x7435ef8025
01-22 10:24:00.132 11872 11872 E ArmVmp : Match on catch block at 0xc3 in for 0x7435ef8025
01-22 10:24:00.147 11872 11872 E ArmVmp : Match on catch block at 0xc3 in for 0x7435ef8025
01-22 10:24:00.149 11872 11872 E ArmVmp : Match on catch block at 0xc3 in for 0x7435ef8025
01-22 10:24:00.164 11872 11872 E ArmVmp : Match on catch block at 0xc3 in for 0x7435ef8025
01-22 10:24:00.165 11872 11872 E ArmVmp : Match on catch block at 0xc3 in for 0x7435ef8025
01-22 10:24:00.180 11872 11872 E ArmVmp : Match on catch block at 0xc3 in for 0x7435ef8025
01-22 10:24:00.182 11872 11872 E ArmVmp : Match on catch block at 0xc3 in for 0x7435ef8025
01-22 10:24:00.198 11872 11872 E ArmVmp : Match on catch block at 0xc3 in for 0x7435ef8025
01-22 10:24:00.201 11872 11872 E ArmVmp : Match on catch block at 0xc3 in for 0x7435ef8025
01-22 10:24:00.213 11872 11872 E ArmVmp : Match on catch block at 0xc3 in for 0x7435ef8025
01-22 10:24:00.216 11872 11872 E ArmVmp : Match on catch block at 0xc3 in for 0x7435ef8025
01-22 10:24:00.230 11872 11872 E ArmVmp : Match on catch block at 0xc3 in for 0x7435ef8025
01-22 10:24:00.232 11872 11872 E ArmVmp : Match on catch block at 0xc3 in for 0x7435ef8025
01-22 10:24:00.246 11872 11872 E ArmVmp : Match on catch block at 0xc3 in for 0x7435ef8025
01-22 10:24:00.249 11872 11872 E ArmVmp : Match on catch block at 0xc3 in for 0x7435ef8025
01-22 10:24:00.263 11872 11872 E ArmVmp : Match on catch block at 0xc3 in for 0x7435ef8025
01-22 10:24:00.264 11872 11872 E ArmVmp : Match on catch block at 0xc3 in for 0x7435ef8025
01-22 10:24:00.279 11872 11872 E ArmVmp : Match on catch block at 0xc3 in for 0x7435ef8025
01-22 10:24:00.282 11872 11872 E ArmVmp : Match on catch block at 0xc3 in for 0x7435ef8025
01-22 10:24:00.527 11872 11872 E ArmVmp : Match on catch block at 0xc3 in for 0x7435ef8025
01-22 10:24:00.528 11872 11872 E ArmVmp : Match on catch block at 0xc3 in for 0x7435ef8025
01-22 10:24:00.626 11872 11872 E ArmVmp : Match on catch block at 0xc3 in for 0x7435ef8025
01-22 10:24:00.627 11872 11872 E ArmVmp : Match on catch block at 0xc3 in for 0x7435ef8025
01-22 10:24:00.758 11872 11872 E ArmVmp : Match on catch block at 0xc3 in for 0x7435ef8025
01-22 10:24:00.761 11872 11872 E ArmVmp : Match on catch block at 0xc3 in for 0x7435ef8025
01-22 10:24:01.090 11872 11872 E ArmVmp : Match on catch block at 0xc3 in for 0x7435ef8025
01-22 10:24:01.095 11872 11872 E ArmVmp : Match on catch block at 0xc3 in for 0x7435ef8025
01-22 10:24:01.110 11872 11872 E ArmVmp : Match on catch block at 0xc3 in for 0x7435ef8025
01-22 10:24:01.112 11872 11872 E ArmVmp : Match on catch block at 0xc3 in for 0x7435ef8025
01-22 10:24:01.122 11872 11872 E ArmVmp : Match on catch block at 0xc3 in for 0x7435ef8025
01-22 10:24:01.125 11872 11872 E ArmVmp : Match on catch block at 0xc3 in for 0x7435ef8025
01-22 10:24:01.138 11872 11872 E ArmVmp : Match on catch block at 0xc3 in for 0x7435ef8025
01-22 10:24:01.140 11872 11872 E ArmVmp : Match on catch block at 0xc3 in for 0x7435ef8025
01-22 10:24:01.154 11872 11872 E ArmVmp : Match on catch block at 0xc3 in for 0x7435ef8025
01-22 10:24:01.157 11872 11872 E ArmVmp : Match on catch block at 0xc3 in for 0x7435ef8025
01-22 10:24:01.171 11872 11872 E ArmVmp : Match on catch block at 0xc3 in for 0x7435ef8025
01-22 10:24:01.176 11872 11872 E ArmVmp : Match on catch block at 0xc3 in for 0x7435ef8025
01-22 10:24:01.188 11872 11872 E ArmVmp : Match on catch block at 0xc3 in for 0x7435ef8025
01-22 10:24:01.191 11872 11872 E ArmVmp : Match on catch block at 0xc3 in for 0x7435ef8025
01-22 10:24:01.204 11872 11872 E ArmVmp : Match on catch block at 0xc3 in for 0x7435ef8025
01-22 10:24:01.207 11872 11872 E ArmVmp : Match on catch block at 0xc3 in for 0x7435ef8025
01-22 10:24:01.221 11872 11872 E ArmVmp : Match on catch block at 0xc3 in for 0x7435ef8025
01-22 10:24:01.224 11872 11872 E ArmVmp : Match on catch block at 0xc3 in for 0x7435ef8025
01-22 10:24:01.238 11872 11872 E ArmVmp : Match on catch block at 0xc3 in for 0x7435ef8025
01-22 10:24:01.242 11872 11872 E ArmVmp : Match on catch block at 0xc3 in for 0x7435ef8025
01-22 10:24:01.254 11872 11872 E ArmVmp : Match on catch block at 0xc3 in for 0x7435ef8025
01-22 10:24:01.256 11872 11872 E ArmVmp : Match on catch block at 0xc3 in for 0x7435ef8025
01-22 10:24:01.271 11872 11872 E ArmVmp : Match on catch block at 0xc3 in for 0x7435ef8025
01-22 10:24:01.274 11872 11872 E ArmVmp : Match on catch block at 0xc3 in for 0x7435ef8025
01-22 10:24:01.287 11872 11872 E ArmVmp : Match on catch block at 0xc3 in for 0x7435ef8025
01-22 10:24:01.292 11872 11872 E ArmVmp : Match on catch block at 0xc3 in for 0x7435ef8025
01-22 10:24:01.303 11872 11872 E ArmVmp : Match on catch block at 0xc3 in for 0x7435ef8025
01-22 10:24:01.308 11872 11872 E ArmVmp : Match on catch block at 0xc3 in for 0x7435ef8025
01-22 10:24:01.320 11872 11872 E ArmVmp : Match on catch block at 0xc3 in for 0x7435ef8025
01-22 10:24:01.323 11872 11872 E ArmVmp : Match on catch block at 0xc3 in for 0x7435ef8025
01-22 10:24:01.337 11872 11872 E ArmVmp : Match on catch block at 0xc3 in for 0x7435ef8025
01-22 10:24:01.340 11872 11872 E ArmVmp : Match on catch block at 0xc3 in for 0x7435ef8025
01-22 10:24:01.353 11872 11872 E ArmVmp : Match on catch block at 0xc3 in for 0x7435ef8025
01-22 10:24:01.356 11872 11872 E ArmVmp : Match on catch block at 0xc3 in for 0x7435ef8025
01-22 10:24:01.436 11872 11872 E ArmVmp : Match on catch block at 0xc3 in for 0x7435ef8025
01-22 10:24:01.439 11872 11872 E ArmVmp : Match on catch block at 0xc3 in for 0x7435ef8025
01-22 10:24:01.617 11872 11872 E ArmVmp : Match on catch block at 0xc3 in for 0x7435ef8025
01-22 10:24:01.621 11872 11872 E ArmVmp : Match on catch block at 0xc3 in for 0x7435ef8025
01-22 10:24:01.684 11872 11872 E ArmVmp : Match on catch block at 0xc3 in for 0x7435ef8025
01-22 10:24:01.688 11872 11872 E ArmVmp : Match on catch block at 0xc3 in for 0x7435ef8025
01-22 10:24:01.884 11872 11872 E ArmVmp : Match on catch block at 0xc3 in for 0x7435ef8025
01-22 10:24:01.886 11872 11872 E ArmVmp : Match on catch block at 0xc3 in for 0x7435ef8025
01-22 10:24:01.964 11872 11872 E ArmVmp : Match on catch block at 0xc3 in for 0x7435ef8025
01-22 10:24:01.969 11872 11872 E ArmVmp : Match on catch block at 0xc3 in for 0x7435ef8025
01-22 10:24:02.163 11872 11872 E ArmVmp : Match on catch block at 0xc3 in for 0x7435ef8025
01-22 10:24:02.170 11872 11872 E ArmVmp : Match on catch block at 0xc3 in for 0x7435ef8025
01-22 10:24:02.377 11872 11872 E ArmVmp : Match on catch block at 0xc3 in for 0x7435ef8025
01-22 10:24:02.380 11872 11872 E ArmVmp : Match on catch block at 0xc3 in for 0x7435ef8025
01-22 10:24:02.399 11872 11872 E ArmVmp : Match on catch block at 0xc3 in for 0x7435ef8025
01-22 10:24:02.401 11872 11872 E ArmVmp : Match on catch block at 0xc3 in for 0x7435ef8025
01-22 10:24:02.418 11872 11872 E ArmVmp : Match on catch block at 0xc3 in for 0x7435ef8025
01-22 10:24:02.420 11872 11872 E ArmVmp : Match on catch block at 0xc3 in for 0x7435ef8025
01-22 10:24:02.445 11872 11872 E ArmVmp : Match on catch block at 0xc3 in for 0x7435ef8025
01-22 10:24:02.448 11872 11872 E ArmVmp : Match on catch block at 0xc3 in for 0x7435ef8025
01-22 10:24:02.464 11872 11872 E ArmVmp : Match on catch block at 0xc3 in for 0x7435ef8025
01-22 10:24:02.466 11872 11872 E ArmVmp : Match on catch block at 0xc3 in for 0x7435ef8025
01-22 10:24:02.475 11872 11872 E ArmVmp : Match on catch block at 0xc3 in for 0x7435ef8025
01-22 10:24:02.477 11872 11872 E ArmVmp : Match on catch block at 0xc3 in for 0x7435ef8025
01-22 10:24:02.493 11872 11872 E ArmVmp : Match on catch block at 0xc3 in for 0x7435ef8025
01-22 10:24:02.496 11872 11872 E ArmVmp : Match on catch block at 0xc3 in for 0x7435ef8025
01-22 10:24:02.510 11872 11872 E ArmVmp : Match on catch block at 0xc3 in for 0x7435ef8025
01-22 10:24:02.514 11872 11872 E ArmVmp : Match on catch block at 0xc3 in for 0x7435ef8025
01-22 10:24:02.526 11872 11872 E ArmVmp : Match on catch block at 0xc3 in for 0x7435ef8025
01-22 10:24:02.530 11872 11872 E ArmVmp : Match on catch block at 0xc3 in for 0x7435ef8025
01-22 10:24:02.542 11872 11872 E ArmVmp : Match on catch block at 0xc3 in for 0x7435ef8025
01-22 10:24:02.547 11872 11872 E ArmVmp : Match on catch block at 0xc3 in for 0x7435ef8025
01-22 10:24:02.560 11872 11872 E ArmVmp : Match on catch block at 0xc3 in for 0x7435ef8025
01-22 10:24:02.564 11872 11872 E ArmVmp : Match on catch block at 0xc3 in for 0x7435ef8025
01-22 10:24:02.575 11872 11872 E ArmVmp : Match on catch block at 0xc3 in for 0x7435ef8025
01-22 10:24:02.578 11872 11872 E ArmVmp : Match on catch block at 0xc3 in for 0x7435ef8025
01-22 10:24:02.592 11872 11872 E ArmVmp : Match on catch block at 0xc3 in for 0x7435ef8025
01-22 10:24:02.595 11872 11872 E ArmVmp : Match on catch block at 0xc3 in for 0x7435ef8025
01-22 10:24:02.763 11872 11872 E ArmVmp : Match on catch block at 0xc3 in for 0x7435ef8025
01-22 10:24:02.766 11872 11872 E ArmVmp : Match on catch block at 0xc3 in for 0x7435ef8025
01-22 10:24:02.794 11872 11872 E ArmVmp : Match on catch block at 0xc3 in for 0x7435ef8025
01-22 10:24:02.797 11872 11872 E ArmVmp : Match on catch block at 0xc3 in for 0x7435ef8025
01-22 10:24:02.800 11872 11951 W MediaPlayer: Use of stream types is deprecated for operations other than volume control
01-22 10:24:02.800 11872 11951 W MediaPlayer: See the documentation of setAudioStreamType() for what to use instead with android.media.AudioAttributes to qualify your playback use case
01-22 10:24:02.808 11872 11872 E ArmVmp : Match on catch block at 0xc3 in for 0x7435ef8025
01-22 10:24:02.812 11872 11872 E ArmVmp : Match on catch block at 0xc3 in for 0x7435ef8025
01-22 10:24:02.906 11872 11872 E ArmVmp : Match on catch block at 0xc3 in for 0x7435ef8025
01-22 10:24:02.911 11872 11872 E ArmVmp : Match on catch block at 0xc3 in for 0x7435ef8025
01-22 10:24:03.073 11872 11872 E ArmVmp : Match on catch block at 0xc3 in for 0x7435ef8025
01-22 10:24:03.077 11872 11872 E ArmVmp : Match on catch block at 0xc3 in for 0x7435ef8025
01-22 10:24:03.106 11872 11872 E ArmVmp : Match on catch block at 0xc3 in for 0x7435ef8025
01-22 10:24:03.109 11872 11872 E ArmVmp : Match on catch block at 0xc3 in for 0x7435ef8025
01-22 10:24:03.133 11872 11872 E ArmVmp : Match on catch block at 0xc3 in for 0x7435ef8025
01-22 10:24:03.135 11872 11872 E ArmVmp : Match on catch block at 0xc3 in for 0x7435ef8025
01-22 10:24:03.208 11872 11872 E ArmVmp : Match on catch block at 0xc3 in for 0x7435ef8025
01-22 10:24:03.210 11872 11872 E ArmVmp : Match on catch block at 0xc3 in for 0x7435ef8025
01-22 10:24:03.238 11872 11872 E ArmVmp : Match on catch block at 0xc3 in for 0x7435ef8025
01-22 10:24:03.240 11872 11872 E ArmVmp : Match on catch block at 0xc3 in for 0x7435ef8025
01-22 10:24:03.274 11872 11872 E ArmVmp : Match on catch block at 0xc3 in for 0x7435ef8025
01-22 10:24:03.276 11872 11872 E ArmVmp : Match on catch block at 0xc3 in for 0x7435ef8025
01-22 10:24:04.640 11872 11882 W com.mbwhatsapp: Cleared Reference was only reachable from finalizer (only reported once)
01-22 10:25:24.271 11872 11882 W com.mbwhatsapp: Suspending all threads took: 10.009ms
01-22 11:11:15.066 11872 11882 W com.mbwhatsapp: Reducing the number of considered missed Gc histogram windows from 211 to 100 --------- beginning of main
01-22 11:26:05.062 23132 23132 E com.mbwhatsapp: Not starting debugger since process cannot load the jdwp agent.
01-22 11:26:05.088 23132 23132 W ziparchive: Unable to open '/system/framework/org.apache.http.legacy.dm': No such file or directory
01-22 11:26:05.088 23132 23132 W ziparchive: Unable to open '/system/framework/org.apache.http.legacy.dm': No such file or directory
01-22 11:26:05.118 23132 23132 W ResourceType: CREATING STRING CACHE OF 192 bytes
01-22 11:26:05.125 23132 23132 W System.err: java.lang.ClassNotFoundException: mbmodsd.mbmodsw.ui.views.btn.BtnBK
01-22 11:26:05.125 23132 23132 W System.err: at java.lang.Runtime.nativeLoad(Native Method)
01-22 11:26:05.125 23132 23132 W System.err: at java.lang.Runtime.nativeLoad(Runtime.java:1126)
01-22 11:26:05.125 23132 23132 W System.err: at java.lang.Runtime.loadLibrary0(Runtime.java:1080)
01-22 11:26:05.125 23132 23132 W System.err: at java.lang.Runtime.loadLibrary0(Runtime.java:1003)
01-22 11:26:05.125 23132 23132 W System.err: at java.lang.System.loadLibrary(System.java:1661)
01-22 11:26:05.125 23132 23132 W System.err: at arm.EpicVm.<clinit>(Unknown Source:2)
01-22 11:26:05.125 23132 23132 W System.err: at java.lang.Class.newInstance(Native Method)
01-22 11:26:05.125 23132 23132 W System.err: at android.app.AppComponentFactory.instantiateApplication(Unknown Source:4)
01-22 11:26:05.125 23132 23132 W System.err: at androidx.core.app.CoreComponentFactory.instantiateApplication(Unknown Source:0)
01-22 11:26:05.125 23132 23132 W System.err: at android.app.Instrumentation.newApplication(Instrumentation.java:1191)
01-22 11:26:05.125 23132 23132 W System.err: at android.app.LoadedApk.makeApplication(Unknown Source:104)
01-22 11:26:05.126 23132 23132 W System.err: at android.app.ActivityThread.handleBindApplication(Unknown Source:789)
01-22 11:26:05.126 23132 23132 W System.err: at android.app.ActivityThread.access$1600(Unknown Source:0)
01-22 11:26:05.126 23132 23132 W System.err: at android.app.ActivityThread$H.handleMessage(Unknown Source:774)
01-22 11:26:05.126 23132 23132 W System.err: at android.os.Handler.dispatchMessage(Unknown Source:19)
01-22 11:26:05.126 23132 23132 W System.err: at android.os.Looper.loopOnce(Unknown Source:176)
01-22 11:26:05.126 23132 23132 W System.err: at android.os.Looper.loop(Unknown Source:76)
01-22 11:26:05.126 23132 23132 W System.err: at android.app.ActivityThread.main(Unknown Source:138)
01-22 11:26:05.126 23132 23132 W System.err: at java.lang.reflect.Method.invoke(Native Method)
01-22 11:26:05.126 23132 23132 W System.err: at com.android.internal.os.RuntimeInit$MethodAndArgsCaller.run(Unknown Source:11)
01-22 11:26:05.126 23132 23132 W System.err: at com.android.internal.os.ZygoteInit.main(Unknown Source:306)
01-22 11:26:05.129 23132 23132 E CustomActivityOnCrash: IMPORTANT WARNING! You already have an UncaughtExceptionHandler, are you sure this is correct? If you use a custom UncaughtExceptionHandler, you must initialize it AFTER CustomActivityOnCrash! Installing anyway, but your original handler will not be called.
01-22 11:26:05.250 23132 23132 W com.mbwhatsapp: type=1400 audit(0.0:3802): avc: granted { execute } for path="/data/data/com.mbwhatsapp/files/decompressed/libs.spk.zst/libc++_shared.so" dev="dm-5" ino=226567 scontext=u:r:untrusted_app:s0:c80,c257,c512,c768 tcontext=u:object_r:app_data_file:s0:c80,c257,c512,c768 tclass=file app=com.mbwhatsapp
01-22 11:26:05.250 23132 23132 W com.mbwhatsapp: type=1400 audit(0.0:3803): avc: granted { execute } for path="/data/data/com.mbwhatsapp/files/decompressed/libs.spk.zst/libvlc.so" dev="dm- 5" ino=515596 scontext=u:r:untrusted_app:s0:c80,c257,c512,c768 tcontext=u:object_r:app_data_file:s0:c80,c257,c512,c768 tclass=file app=com.mbwhatsapp
01-22 11:26:05.258 23132 23132 W com.mbwhatsapp: type=1400 audit(0.0:3804): avc: granted { execute } for path="/data/data/com.mbwhatsapp/files/decompressed/libs.spk.zst/libwhatsapp.so" dev="dm-5" ino=492075 scontext=u:r:untrusted_app:s0:c80,c257,c512,c768 tcontext=u:object_r:app_data_file:s0:c80,c257,c512,c768 tclass=file app=com.mbwhatsapp
