01-21 11:13:32.409 5465 5465 E ArmVmp : Match on catch block at 0xc3 in for 0x70aa449025
01-21 11:13:32.412 5465 5465 E ArmVmp : Match on catch block at 0xc3 in for 0x70aa449025
01-21 11:13:32.437 5465 5465 E ArmVmp : Match on catch block at 0xc3 in for 0x70aa449025
01-21 11:13:32.440 5465 5465 E ArmVmp : Match on catch block at 0xc3 in for 0x70aa449025
01-21 11:13:32.449 5465 5465 E ArmVmp : Match on catch block at 0xc3 in for 0x70aa449025
01-21 11:13:32.451 5465 5465 E ArmVmp : Match on catch block at 0xc3 in for 0x70aa449025
01-21 11:13:32.455 5465 5465 E ArmVmp : Match on catch block at 0xc3 in for 0x70aa449025
01-21 11:13:32.457 5465 5465 E ArmVmp : Match on catch block at 0xc3 in for 0x70aa449025
01-21 11:13:32.472 5465 5465 E ArmVmp : Match on catch block at 0xc3 in for 0x70aa449025
01-21 11:13:32.474 5465 5465 E ArmVmp : Match on catch block at 0xc3 in for 0x70aa449025
01-21 11:13:32.496 5465 5465 E ArmVmp : Match on catch block at 0xc3 in for 0x70aa449025
01-21 11:13:32.497 5465 5465 E ArmVmp : Match on catch block at 0xc3 in for 0x70aa449025
01-21 11:13:32.510 5465 5465 E ArmVmp : Match on catch block at 0xc3 in for 0x70aa449025
01-21 11:13:32.512 5465 5465 E ArmVmp : Match on catch block at 0xc3 in for 0x70aa449025
01-21 11:13:32.522 5465 5465 E ArmVmp : Match on catch block at 0xc3 in for 0x70aa449025
01-21 11:13:32.524 5465 5465 E ArmVmp : Match on catch block at 0xc3 in for 0x70aa449025
01-21 11:13:32.538 5465 5465 E ArmVmp : Match on catch block at 0xc3 in for 0x70aa449025
01-21 11:13:32.541 5465 5465 E ArmVmp : Match on catch block at 0xc3 in for 0x70aa449025
01-21 11:13:32.555 5465 5465 E ArmVmp : Match on catch block at 0xc3 in for 0x70aa449025
01-21 11:13:32.558 5465 5465 E ArmVmp : Match on catch block at 0xc3 in for 0x70aa449025
01-21 11:13:32.571 5465 5465 E ArmVmp : Match on catch block at 0xc3 in for 0x70aa449025
01-21 11:13:32.574 5465 5465 E ArmVmp : Match on catch block at 0xc3 in for 0x70aa449025
01-21 11:13:32.587 5465 5465 E ArmVmp : Match on catch block at 0xc3 in for 0x70aa449025
01-21 11:13:32.591 5465 5465 E ArmVmp : Match on catch block at 0xc3 in for 0x70aa449025
01-21 11:13:32.604 5465 5465 E ArmVmp : Match on catch block at 0xc3 in for 0x70aa449025
01-21 11:13:32.607 5465 5465 E ArmVmp : Match on catch block at 0xc3 in for 0x70aa449025
01-21 11:13:32.621 5465 5465 E ArmVmp : Match on catch block at 0xc3 in for 0x70aa449025
01-21 11:13:32.625 5465 5465 E ArmVmp : Match on catch block at 0xc3 in for 0x70aa449025
01-21 11:13:32.757 5465 5465 E ArmVmp : Match on catch block at 0xc3 in for 0x70aa449025
01-21 11:13:32.759 5465 5465 E ArmVmp : Match on catch block at 0xc3 in for 0x70aa449025
01-21 11:13:32.767 5465 5560 W MediaPlayer: Use of stream types is deprecated for operations other than volume control
01-21 11:13:32.767 5465 5560 W MediaPlayer: See the documentation of setAudioStreamType() for what to use instead with android.media.AudioAttributes to qualify your playback use case
01-21 11:13:32.770 5465 5465 E ArmVmp : Match on catch block at 0xc3 in for 0x70aa449025
01-21 11:13:32.773 5465 5465 E ArmVmp : Match on catch block at 0xc3 in for 0x70aa449025
01-21 11:13:32.937 5465 5465 E ArmVmp : Match on catch block at 0xc3 in for 0x70aa449025
01-21 11:13:32.940 5465 5465 E ArmVmp : Match on catch block at 0xc3 in for 0x70aa449025
01-21 11:13:33.259 5465 5465 E ArmVmp : Match on catch block at 0xc3 in for 0x70aa449025
01-21 11:13:33.266 5465 5465 E ArmVmp : Match on catch block at 0xc3 in for 0x70aa449025
01-21 11:13:33.374 5465 5465 E ArmVmp : Match on catch block at 0xc3 in for 0x70aa449025
01-21 11:13:33.376 5465 5465 E ArmVmp : Match on catch block at 0xc3 in for 0x70aa449025
01-21 11:13:33.389 5465 5465 E ArmVmp : Match on catch block at 0xc3 in for 0x70aa449025
01-21 11:13:33.390 5465 5465 E ArmVmp : Match on catch block at 0xc3 in for 0x70aa449025
01-21 11:13:33.402 5465 5465 E ArmVmp : Match on catch block at 0xc3 in for 0x70aa449025
01-21 11:13:33.403 5465 5465 E ArmVmp : Match on catch block at 0xc3 in for 0x70aa449025
01-21 11:13:33.416 5465 5465 E ArmVmp : Match on catch block at 0xc3 in for 0x70aa449025
01-21 11:13:33.418 5465 5465 E ArmVmp : Match on catch block at 0xc3 in for 0x70aa449025
01-21 11:13:33.422 5465 5465 E ArmVmp : Match on catch block at 0xc3 in for 0x70aa449025
01-21 11:13:33.423 5465 5465 E ArmVmp : Match on catch block at 0xc3 in for 0x70aa449025
01-21 12:10:16.193 5465 5478 W com.mbwhatsapp: Reducing the number of considered missed Gc histogram windows from 241 to 100
01-21 12:17:11.113 5465 5465 E ArmVmp : Match on catch block at 0x0a in for 0x70aa449035
01-21 12:17:11.115 5465 5465 E ArmVmp : Match on catch block at 0x0a in for 0x70aa449035
01-21 12:17:11.265 5465 5465 E ArmVmp : Match on catch block at 0xc3 in for 0x70aa449021
01-21 12:17:11.267 5465 5465 E ArmVmp : Match on catch block at 0xc3 in for 0x70aa449021
01-21 12:17:11.269 5465 5465 E ArmVmp : Match on catch block at 0xc3 in for 0x70aa449021
01-21 12:17:11.301 5465 5465 E ArmVmp : Match on catch block at 0xc3 in for 0x70aa449025
01-21 12:17:11.303 5465 5465 E ArmVmp : Match on catch block at 0xc3 in for 0x70aa449025
01-21 12:17:11.304 5465 5465 E ArmVmp : Match on catch block at 0xc3 in for 0x70aa449025
01-21 12:17:11.314 5465 5465 E ArmVmp : Match on catch block at 0xc3 in for 0x70aa449025
01-21 12:17:11.315 5465 5465 E ArmVmp : Match on catch block at 0xc3 in for 0x70aa449025
01-21 12:17:11.316 5465 5465 E ArmVmp : Match on catch block at 0xc3 in for 0x70aa449025
01-21 12:17:11.333 5465 5465 E ArmVmp : Match on catch block at 0xc3 in for 0x70aa449025
01-21 12:17:11.336 5465 5465 E ArmVmp : Match on catch block at 0xc3 in for 0x70aa449025
01-21 12:17:11.337 5465 5465 E ArmVmp : Match on catch block at 0xc3 in for 0x70aa449025
01-21 12:17:11.356 5465 5465 E ArmVmp : Match on catch block at 0xc3 in for 0x70aa449025
01-21 12:17:11.357 5465 5465 E ArmVmp : Match on catch block at 0xc3 in for 0x70aa449025
01-21 12:17:11.358 5465 5465 E ArmVmp : Match on catch block at 0xc3 in for 0x70aa449025
01-21 12:17:11.372 5465 5465 E ArmVmp : Match on catch block at 0xc3 in for 0x70aa449025
01-21 12:17:11.374 5465 5465 E ArmVmp : Match on catch block at 0xc3 in for 0x70aa449025
01-21 12:17:11.375 5465 5465 E ArmVmp : Match on catch block at 0xc3 in for 0x70aa449025
01-21 12:17:11.389 5465 5465 E ArmVmp : Match on catch block at 0xc3 in for 0x70aa449025
01-21 12:17:11.390 5465 5465 E ArmVmp : Match on catch block at 0xc3 in for 0x70aa449025
01-21 12:17:11.391 5465 5465 E ArmVmp : Match on catch block at 0xc3 in for 0x70aa449025
01-21 12:17:11.404 5465 5465 E ArmVmp : Match on catch block at 0xc3 in for 0x70aa449025
01-21 12:17:11.407 5465 5465 E ArmVmp : Match on catch block at 0xc3 in for 0x70aa449025
01-21 12:17:11.407 5465 5465 E ArmVmp : Match on catch block at 0xc3 in for 0x70aa449025
01-21 12:17:11.851 5465 5465 E ArmVmp : Match on catch block at 0xc3 in for 0x70aa449025
01-21 12:17:11.852 5465 5465 E ArmVmp : Match on catch block at 0xc3 in for 0x70aa449025
01-21 12:17:11.853 5465 5465 E ArmVmp : Match on catch block at 0xc3 in for 0x70aa449025
01-21 12:17:11.941 5465 5465 E ArmVmp : Match on catch block at 0xc3 in for 0x70aa449025
01-21 12:17:11.943 5465 5465 E ArmVmp : Match on catch block at 0xc3 in for 0x70aa449025
01-21 12:17:11.946 5465 5465 E ArmVmp : Match on catch block at 0xc3 in for 0x70aa449025
01-21 12:17:11.966 5465 5465 E ArmVmp : Match on catch block at 0xc3 in for 0x70aa449025
01-21 12:17:11.969 5465 5465 E ArmVmp : Match on catch block at 0xc3 in for 0x70aa449025
01-21 12:17:11.975 5465 5465 E ArmVmp : Match on catch block at 0xc3 in for 0x70aa449025
01-21 12:17:12.104 5465 5465 E ArmVmp : Match on catch block at 0x0a in for 0x70aa449031
01-21 12:17:12.114 5465 5465 E ArmVmp : Match on catch block at 0x0a in for 0x70aa44904d
01-21 12:17:12.179 5465 5465 E ArmVmp : Match on catch block at 0xc3 in for 0x70aa449025
01-21 12:17:12.182 5465 5465 E ArmVmp : Match on catch block at 0xc3 in for 0x70aa449025
01-21 12:17:12.183 5465 5465 E ArmVmp : Match on catch block at 0xc3 in for 0x70aa449025
01-21 12:17:12.440 5465 5465 W Looper : PerfMonitor looperActivity : package=com.mbwhatsapp/.HomeActivity time=0ms latency=320ms running=0ms procState=-1 historyMsgCount=17 (msgIndex=1 wall=196ms seq=1773 running=142ms runnable=5ms io=10ms binder=38ms late=17ms h=android.app.ActivityThread$H w=159) (msgIndex=3 wall=264ms seq=1775 running=238ms runnable=2ms io=4ms binder=9ms late=210ms h=android.view.Choreographer$FrameHandler c=android.view.Choreographer$FrameDisplayEventReceiver)
01-21 12:17:12.453 5465 5465 W Looper : PerfMonitor looperActivity : package=com.mbwhatsapp/.HomeActivity time=12ms latency=320ms running=5ms procState=-1 historyMsgCount=18 (msgIndex=1 wall=196ms seq=1773 running=142ms runnable=5ms io=10ms binder=38ms late=17ms h=android.app.ActivityThread$H w=159) (msgIndex=3 wall=264ms seq=1775 running=238ms runnable=2ms io=4ms binder=9ms late=210ms h=android.view.Choreographer$FrameHandler c=android.view.Choreographer$FrameDisplayEventReceiver)
01-21 12:17:12.480 5465 5465 E ArmVmp : Match on catch block at 0xc3 in for 0x70aa449025
01-21 12:17:12.482 5465 5465 E ArmVmp : Match on catch block at 0xc3 in for 0x70aa449025
01-21 12:17:12.483 5465 5465 E ArmVmp : Match on catch block at 0xc3 in for 0x70aa449025
01-21 12:17:12.649 5465 5465 E ArmVmp : Match on catch block at 0x0a in for 0x70aa449035
01-21 12:17:18.750 5465 5465 W InputEventReceiver: Attempted to finish an input event but the input event receiver has already been disposed.
01-21 12:17:31.098 5465 5478 W com.mbwhatsapp: Suspending all threads took: 13.101ms --------- beginning of main
01-21 13:54:30.599 6931 6931 E com.mbwhatsapp: Not starting debugger since process cannot load the jdwp agent.
01-21 13:54:30.630 6931 6931 W ziparchive: Unable to open '/system/framework/org.apache.http.legacy.dm': No such file or directory
01-21 13:54:30.630 6931 6931 W ziparchive: Unable to open '/system/framework/org.apache.http.legacy.dm': No such file or directory
01-21 13:54:30.668 6931 6931 W ResourceType: CREATING STRING CACHE OF 192 bytes
01-21 13:54:30.676 6931 6931 W System.err: java.lang.ClassNotFoundException: mbmodsd.mbmodsw.ui.views.btn.BtnBK
01-21 13:54:30.676 6931 6931 W System.err: at java.lang.Runtime.nativeLoad(Native Method)
01-21 13:54:30.676 6931 6931 W System.err: at java.lang.Runtime.nativeLoad(Runtime.java:1126)
01-21 13:54:30.676 6931 6931 W System.err: at java.lang.Runtime.loadLibrary0(Runtime.java:1080)
01-21 13:54:30.676 6931 6931 W System.err: at java.lang.Runtime.loadLibrary0(Runtime.java:1003)
01-21 13:54:30.676 6931 6931 W System.err: at java.lang.System.loadLibrary(System.java:1661)
01-21 13:54:30.676 6931 6931 W System.err: at arm.EpicVm.<clinit>(Unknown Source:2)
01-21 13:54:30.676 6931 6931 W System.err: at java.lang.Class.newInstance(Native Method)
01-21 13:54:30.676 6931 6931 W System.err: at android.app.AppComponentFactory.instantiateApplication(Unknown Source:4)
01-21 13:54:30.676 6931 6931 W System.err: at androidx.core.app.CoreComponentFactory.instantiateApplication(Unknown Source:0)
01-21 13:54:30.676 6931 6931 W System.err: at android.app.Instrumentation.newApplication(Instrumentation.java:1191)
01-21 13:54:30.676 6931 6931 W System.err: at android.app.LoadedApk.makeApplication(Unknown Source:104)
01-21 13:54:30.676 6931 6931 W System.err: at android.app.ActivityThread.handleBindApplication(Unknown Source:789)
01-21 13:54:30.676 6931 6931 W System.err: at android.app.ActivityThread.access$1600(Unknown Source:0)
01-21 13:54:30.676 6931 6931 W System.err: at android.app.ActivityThread$H.handleMessage(Unknown Source:774)
01-21 13:54:30.676 6931 6931 W System.err: at android.os.Handler.dispatchMessage(Unknown Source:19)
01-21 13:54:30.676 6931 6931 W System.err: at android.os.Looper.loopOnce(Unknown Source:176)
01-21 13:54:30.676 6931 6931 W System.err: at android.os.Looper.loop(Unknown Source:76)
01-21 13:54:30.676 6931 6931 W System.err: at android.app.ActivityThread.main(Unknown Source:138)
01-21 13:54:30.676 6931 6931 W System.err: at java.lang.reflect.Method.invoke(Native Method)
01-21 13:54:30.676 6931 6931 W System.err: at com.android.internal.os.RuntimeInit$MethodAndArgsCaller.run(Unknown Source:11)
01-21 13:54:30.676 6931 6931 W System.err: at com.android.internal.os.ZygoteInit.main(Unknown Source:306)
01-21 13:54:30.680 6931 6931 E CustomActivityOnCrash: IMPORTANT WARNING! You already have an UncaughtExceptionHandler, are you sure this is correct? If you use a custom UncaughtExceptionHandler, you must initialize it AFTER CustomActivityOnCrash! Installing anyway, but your original handler will not be called.
01-21 13:54:30.956 6931 6931 W com.mbwhatsapp: Method void X.0eU.A0h(X.0tK, boolean) failed lock verification and will run slower.
01-21 13:54:30.956 6931 6931 W com.mbwhatsapp: Common causes for lock verification issues are non-optimized dex code
01-21 13:54:30.956 6931 6931 W com.mbwhatsapp: and incorrect proguard optimizations.
01-21 13:54:30.966 6931 7038 W com.mbwhatsapp: Method void X.2rL.A03(java.lang.Integer) failed lock verification and will run slower. --------- beginning of system
01-21 13:54:31.056 6931 6931 W Looper : PerfMonitor looperActivity : package=com.mbwhatsapp/.Icon0 time=106ms latency=329ms running=45ms procState=-1 historyMsgCount=2 (msgIndex=2 wall=324ms seq=2 running=123ms runnable=15ms io=44ms binder=28ms late=10ms h=android.app.ActivityThread$H w=110)
01-21 13:54:31.056 6931 6931 W Looper : PerfMonitor looperActivity : package=com.mbwhatsapp/.Icon0 time=0ms latency=435ms running=0ms procState=-1 historyMsgCount=3 (msgIndex=2 wall=324ms seq=2 running=123ms runnable=15ms io=44ms binder=28ms late=10ms h=android.app.ActivityThread$H w=110) (msgIndex=3 wall=106ms seq=3 running=45ms runnable=4ms io=3ms binder=53ms late=329ms h=android.app.ActivityThread$H w=159)
01-21 13:54:31.092 6931 6931 W com.mbwhatsapp: Method void com.mbwhatsapp.HomeActivity.A6e() failed lock verification and will run slower.
01-21 13:54:31.280 6931 6931 E ArmVmp : Match on catch block at 0x0a in for 0x77dbcce031
01-21 13:54:31.294 6931 6931 E ArmVmp : Match on catch block at 0x0a in for 0x77dbcce04d
01-21 13:54:31.408 6931 6931 W Looper : PerfMonitor looperActivity : package=com.mbwhatsapp/.HomeActivity time=0ms latency=345ms running=0ms procState=-1 historyMsgCount=4 (msgIndex=4 wall=321ms seq=13 running=227ms runnable=2ms io=15ms binder=76ms late=24ms h=android.app.ActivityThread$H w=159)
01-21 13:54:31.570 6931 7071 E ion : ioctl c0044901 failed with code -1: Inappropriate ioctl for device
01-21 13:54:31.570 6931 7071 E DMABUFHEAPS: No ion heap of name ion_system_heap exists
01-21 13:54:31.570 6931 7071 E DMABUFHEAPS: No ion heap of name ion_system_heap exists
01-21 13:54:31.928 6931 6931 W Looper : PerfMonitor doFrame : time=474ms vsyncFrame=0 latency=39ms procState=-1 historyMsgCount=22
01-21 13:54:31.984 6931 6931 W Looper : PerfMonitor doFrame : time=47ms vsyncFrame=0 latency=473ms procState=-1 historyMsgCount=8 (msgIndex=1 wall=474ms seq=38 running=364ms runnable=11ms io=19ms binder=19ms late=39ms h=android.view.Choreographer$FrameHandler c=android.view.Choreographer$FrameDisplayEventReceiver)
01-21 13:54:32.003 6931 6931 E ArmVmp : Match on catch block at 0x0a in for 0x77dbcce035
01-21 13:54:32.237 6931 7262 W LOTTIE : Animation contains merge paths. Merge paths are only supported on KitKat+ and must be manually enabled by calling enableMergePathsForKitKatAndAbove().
01-21 13:54:32.512 6931 6931 W LOTTIE : Animation contains merge paths but they are disabled.
01-21 13:54:32.747 6931 6970 W LibraryVersion: Failed to get app version for libraryName: firebase-iid
01-21 13:54:35.382 6931 6931 W MirrorManager: this model don't Support
01-21 13:54:35.473 6931 7246 W BpBinder: Slow Binder: BpBinder transact took 300 ms, interface=android.content.IContentProvider, code=1 oneway=false
01-21 13:54:35.590 6931 6931 W BottomSheetBehavior: BottomSheetBehavior now supports multiple callbacks. `setBottomSheetCallback()` removes all existing callbacks, including ones set internally by library authors, which may result in unintended behavior. This may change in the future. Please use `addBottomSheetCallback()` and `removeBottomSheetCallback()` instead to set your own callbacks.
01-21 13:54:35.590 6931 6931 W BottomSheetBehavior: BottomSheetBehavior now supports multiple callbacks. `setBottomSheetCallback()` removes all existing callbacks, including ones set internally by library authors, which may result in unintended behavior. This may change in the future. Please use `addBottomSheetCallback()` and `removeBottomSheetCallback()` instead to set your own callbacks.
01-21 13:54:35.739 6931 6944 W com.mbwhatsapp: Cleared Reference was only reachable from finalizer (only reported once)
01-21 13:54:35.760 6931 6931 W BottomSheetBehavior: BottomSheetBehavior now supports multiple callbacks. `setBottomSheetCallback()` removes all existing callbacks, including ones set internally by library authors, which may result in unintended behavior. This may change in the future. Please use `addBottomSheetCallback()` and `removeBottomSheetCallback()` instead to set your own callbacks.
01-21 13:54:35.760 6931 6931 W BottomSheetBehavior: BottomSheetBehavior now supports multiple callbacks. `setBottomSheetCallback()` removes all existing callbacks, including ones set internally by library authors, which may result in unintended behavior. This may change in the future. Please use `addBottomSheetCallback()` and `removeBottomSheetCallback()` instead to set your own callbacks.
01-21 13:54:35.777 6931 7246 W BpBinder: Slow Binder: BpBinder transact took 230 ms, interface=android.content.IContentProvider, code=1 oneway=false
01-21 13:54:35.823 6931 6931 W pool-6-thread-1: type=1400 audit(0.0:733): avc: granted { execute } for path="/data/data/com.mbwhatsapp/files/decompressed/libs.spk.zst/libgifimage.so" dev="dm-5" ino=248295 scontext=u:r:untrusted_app:s0:c80,c257,c512,c768 tcontext=u:object_r:app_data_file:s0:c80,c257,c512,c768 tclass=file app=com.mbwhatsapp
01-21 13:54:35.830 6931 6931 E RecyclerView: No adapter attached; skipping layout
01-21 13:54:36.214 6931 7801 W VideoCapabilities: Unsupported mime image/vnd.android.heic
01-21 13:54:36.215 6931 7801 W VideoCapabilities: Unrecognized profile/level 0/3 for video/mpeg2
01-21 13:54:36.215 6931 7801 W VideoCapabilities: Unrecognized profile/level 0/3 for video/mpeg2
01-21 13:54:36.251 6931 7913 W ExtendedACodec: Failed to set frame packing format on component
01-21 13:54:36.344 6931 7924 W Codec2Client: query -- param skipped: index = 1107298332.
01-21 13:54:36.344 6931 7924 W CCodec : This behavior is subject to change. It is recommended that app developers double check whether the requested max input size is in reasonable range.
01-21 13:54:36.348 6931 7924 W Codec2Client: query -- param skipped: index = 1342179345.
01-21 13:54:36.348 6931 7924 W Codec2Client: query -- param skipped: index = 2415921170.
01-21 13:54:36.348 6931 7924 W Codec2Client: query -- param skipped: index = 1610614798.
01-21 13:54:36.353 6931 7924 E ion : ioctl c0044901 failed with code -1: Inappropriate ioctl for device
01-21 13:54:36.356 6931 7912 W MediaCodec: mapFormat: no mediaType information
01-21 13:54:42.103 6931 7035 E SQLiteDatabase: Error inserting transferred=1 media_job_uuid=56249d9a-aead-477d-ad8a-d7ec64a2a050 transcoded=0 gif_attribution=0 first_scan_length=0 direct_path=/v/t62.7161- 24/19440738_310620834778500_2831180709099782859_n.enc?ccb=11-4&oh=01_AdRFWSl- B37L253g-wPmcmF7fz7C3A3pZExkIm0VUaZ0OA&oe=65D3FB7D&_nc_sid=5e03e0 thumbnail_height_width_ratio=1.7777778 is_animated_sticker=0 file_hash=cXio+r92l8falOueIzyq5hX6rXEE6E8oV1wvnkeCYoM= file_path=Media/.Statuses/36b30b915b4e4891b0c748d3296cfca6.mp4 file_size=2026361 partial_media_hash=null face_x=0 face_y=0 height=656 trim_to=0 media_key_timestamp=1705811163000 message_url=https://mmg.whatsapp.net/v/t62.7161- 24/19440738_310620834778500_2831180709099782859_n.enc?ccb=11-4&oh=01_AdRFWSl- B37L253g-wPmcmF7fz7C3A3pZExkIm0VUaZ0OA&oe=65D3FB7D&_nc_sid=5e03e0&mms3=true media_caption=null trim_from=0 mime_type=video/mp4 partial_media_enc_hash=null width=368 original_file_hash=null has_streaming_sidecar=1 autotransfer_retry_enabled=1 media_upload_handle=null message_row_id=16600 multicast_id=null enc_file_hash=deONyh7R1x3/8zkThfn/hIOcc+ScivHFl8IA94GGHj4= mute_video=0 page_count=0 first_scan_sidecar=null suspicious_content=0 file_length=2026361 media_name=null media_duration=15 chat_row_id=292 media_key=[B@48467c2
01-21 13:54:42.103 6931 7035 E SQLiteDatabase: android.database.sqlite.SQLiteConstraintException: UNIQUE constraint failed: message_media.message_row_id (code 1555 SQLITE_CONSTRAINT_PRIMARYKEY)
01-21 13:54:42.103 6931 7035 E SQLiteDatabase: at android.database.sqlite.SQLiteConnection.nativeExecuteForLastInsertedRowId(Native Method)
01-21 13:54:42.103 6931 7035 E SQLiteDatabase: at android.database.sqlite.SQLiteConnection.executeForLastInsertedRowId(Unknown Source:30)
01-21 13:54:42.103 6931 7035 E SQLiteDatabase: at android.database.sqlite.SQLiteSession.executeForLastInsertedRowId(Unknown Source:16)
01-21 13:54:42.103 6931 7035 E SQLiteDatabase: at android.database.sqlite.SQLiteStatement.executeInsert(Unknown Source:20)
01-21 13:54:42.103 6931 7035 E SQLiteDatabase: at android.database.sqlite.SQLiteDatabase.insertWithOnConflict(Unknown Source:144)
01-21 13:54:42.103 6931 7035 E SQLiteDatabase: at android.database.sqlite.SQLiteDatabase.insert(Unknown Source:1)
01-21 13:54:42.103 6931 7035 E SQLiteDatabase: at X.2tm.A08(Unknown Source:6)
01-21 13:54:42.103 6931 7035 E SQLiteDatabase: at X.35Y.A07(Unknown Source:212)
01-21 13:54:42.103 6931 7035 E SQLiteDatabase: at X.3QF.A14(Unknown Source:470)
01-21 13:54:42.103 6931 7035 E SQLiteDatabase: at X.3gU.run(Unknown Source:982)
01-21 13:54:42.103 6931 7035 E SQLiteDatabase: at android.os.Handler.handleCallback(Unknown Source:2)
01-21 13:54:42.103 6931 7035 E SQLiteDatabase: at android.os.Handler.dispatchMessage(Unknown Source:4)
01-21 13:54:42.103 6931 7035 E SQLiteDatabase: at X.0zq.dispatchMessage(Unknown Source:4)
01-21 13:54:42.103 6931 7035 E SQLiteDatabase: at android.os.Looper.loopOnce(Unknown Source:176)
01-21 13:54:42.103 6931 7035 E SQLiteDatabase: at android.os.Looper.loop(Unknown Source:76)
01-21 13:54:42.103 6931 7035 E SQLiteDatabase: at android.os.HandlerThread.run(Unknown Source:28)
01-21 13:54:46.501 6931 7924 W Codec2Client: query -- param skipped: index = 1342179345.
01-21 13:54:46.501 6931 7924 W Codec2Client: query -- param skipped: index = 2415921170.
01-21 13:54:46.501 6931 7924 W Codec2Client: query -- param skipped: index = 1610614798.
01-21 13:54:46.502 6931 7912 E Surface : freeAllBuffers: 14 buffers were freed while being dequeued!
01-21 13:54:50.209 6931 6931 W BottomSheetBehavior: BottomSheetBehavior now supports multiple callbacks. `setBottomSheetCallback()` removes all existing callbacks, including ones set internally by library authors, which may result in unintended behavior. This may change in the future. Please use `addBottomSheetCallback()` and `removeBottomSheetCallback()` instead to set your own callbacks.
01-21 13:54:50.209 6931 6931 W BottomSheetBehavior: BottomSheetBehavior now supports multiple callbacks. `setBottomSheetCallback()` removes all existing callbacks, including ones set internally by library authors, which may result in unintended behavior. This may change in the future. Please use `addBottomSheetCallback()` and `removeBottomSheetCallback()` instead to set your own callbacks.
01-21 13:54:50.241 6931 6931 W BottomSheetBehavior: BottomSheetBehavior now supports multiple callbacks. `setBottomSheetCallback()` removes all existing callbacks, including ones set internally by library authors, which may result in unintended behavior. This may change in the future. Please use `addBottomSheetCallback()` and `removeBottomSheetCallback()` instead to set your own callbacks.
01-21 13:54:50.241 6931 6931 W BottomSheetBehavior: BottomSheetBehavior now supports multiple callbacks. `setBottomSheetCallback()` removes all existing callbacks, including ones set internally by library authors, which may result in unintended behavior. This may change in the future. Please use `addBottomSheetCallback()` and `removeBottomSheetCallback()` instead to set your own callbacks.
01-21 13:54:50.285 6931 6931 W BottomSheetBehavior: BottomSheetBehavior now supports multiple callbacks. `setBottomSheetCallback()` removes all existing callbacks, including ones set internally by library authors, which may result in unintended behavior. This may change in the future. Please use `addBottomSheetCallback()` and `removeBottomSheetCallback()` instead to set your own callbacks.
01-21 13:54:50.285 6931 6931 W BottomSheetBehavior: BottomSheetBehavior now supports multiple callbacks. `setBottomSheetCallback()` removes all existing callbacks, including ones set internally by library authors, which may result in unintended behavior. This may change in the future. Please use `addBottomSheetCallback()` and `removeBottomSheetCallback()` instead to set your own callbacks.
01-21 13:54:50.304 6931 6931 E RecyclerView: No adapter attached; skipping layout
01-21 13:54:50.305 6931 6931 E RecyclerView: No adapter attached; skipping layout
01-21 13:54:50.305 6931 6931 E RecyclerView: No adapter attached; skipping layout
01-21 13:54:50.953 6931 9675 W ExtendedACodec: Failed to set frame packing format on component
01-21 13:54:51.012 6931 9680 W Codec2Client: query -- param skipped: index = 1107298332.
01-21 13:54:51.012 6931 9680 W CCodec : This behavior is subject to change. It is recommended that app developers double check whether the requested max input size is in reasonable range.
01-21 13:54:51.013 6931 9680 W Codec2Client: query -- param skipped: index = 1342179345.
01-21 13:54:51.013 6931 9680 W Codec2Client: query -- param skipped: index = 2415921170.
01-21 13:54:51.013 6931 9680 W Codec2Client: query -- param skipped: index = 1610614798.
01-21 13:54:51.029 6931 9674 W MediaCodec: mapFormat: no mediaType information
01-21 13:54:51.438 6931 9573 W AudioTrack: getTimestamp_l(37): retrograde timestamp time corrected, 59772727319 < 59776657788
01-21 13:54:53.574 6931 9680 W Codec2Client: query -- param skipped: index = 1342179345.
01-21 13:54:53.574 6931 9680 W Codec2Client: query -- param skipped: index = 2415921170.
01-21 13:54:53.574 6931 9680 W Codec2Client: query -- param skipped: index = 1610614798.
01-21 13:54:53.577 6931 9674 E Surface : freeAllBuffers: 14 buffers were freed while being dequeued!
01-21 13:54:53.609 6931 7035 E SQLiteDatabase: Error inserting transferred=0 media_job_uuid=45509edf-2229-4804-b24e-e84eb30eda6c transcoded=0 gif_attribution=0 first_scan_length=0 direct_path=/v/t62.7161- 24/18925021_1493015861598778_3057575793857022519_n.enc?ccb=11-4&oh=01_AdSn- tTFseN0_2Rok4SKz91AmjECAst9TpoQOVn-eHbq7A&oe=65D42264&_nc_sid=5e03e0 thumbnail_height_width_ratio=1.7777778 is_animated_sticker=0 file_hash=GDFXo0t3Z8cmLDhgr6SaOlAX0UXcMp+dVzRQPy/7Adw= file_path=null file_size=0 partial_media_hash=null face_x=0 face_y=0 height=656 trim_to=0 media_key_timestamp=1705818047000 message_url=https://mmg.whatsapp.net/v/t62.7161- 24/18925021_1493015861598778_3057575793857022519_n.enc?ccb=11-4&oh=01_AdSn- tTFseN0_2Rok4SKz91AmjECAst9TpoQOVn-eHbq7A&oe=65D42264&_nc_sid=5e03e0&mms3=true media_caption=null trim_from=0 mime_type=video/mp4 partial_media_enc_hash=null width=368 original_file_hash=null has_streaming_sidecar=1 autotransfer_retry_enabled=0 media_upload_handle=null message_row_id=16613 multicast_id=null enc_file_hash=zp+hK708YuRJ+Od+4fVOeEhCNQso54gWQjq3EAqgoJI= mute_video=0 page_count=0 first_scan_sidecar=null suspicious_content=0 file_length=3620254 media_name=null media_duration=28 chat_row_id=292 media_key=[B@e5e144e
01-21 13:54:53.609 6931 7035 E SQLiteDatabase: android.database.sqlite.SQLiteConstraintException: UNIQUE constraint failed: message_media.message_row_id (code 1555 SQLITE_CONSTRAINT_PRIMARYKEY)
01-21 13:54:53.609 6931 7035 E SQLiteDatabase: at android.database.sqlite.SQLiteConnection.nativeExecuteForLastInsertedRowId(Native Method)
01-21 13:54:53.609 6931 7035 E SQLiteDatabase: at android.database.sqlite.SQLiteConnection.executeForLastInsertedRowId(Unknown Source:30)
01-21 13:54:53.609 6931 7035 E SQLiteDatabase: at android.database.sqlite.SQLiteSession.executeForLastInsertedRowId(Unknown Source:16)
01-21 13:54:53.609 6931 7035 E SQLiteDatabase: at android.database.sqlite.SQLiteStatement.executeInsert(Unknown Source:20)
01-21 13:54:53.609 6931 7035 E SQLiteDatabase: at android.database.sqlite.SQLiteDatabase.insertWithOnConflict(Unknown Source:144)
01-21 13:54:53.609 6931 7035 E SQLiteDatabase: at android.database.sqlite.SQLiteDatabase.insert(Unknown Source:1)
01-21 13:54:53.609 6931 7035 E SQLiteDatabase: at X.2tm.A08(Unknown Source:6)
01-21 13:54:53.609 6931 7035 E SQLiteDatabase: at X.35Y.A07(Unknown Source:212)
01-21 13:54:53.609 6931 7035 E SQLiteDatabase: at X.3QF.A14(Unknown Source:470)
01-21 13:54:53.609 6931 7035 E SQLiteDatabase: at X.3gU.run(Unknown Source:982)
01-21 13:54:53.609 6931 7035 E SQLiteDatabase: at android.os.Handler.handleCallback(Unknown Source:2)
01-21 13:54:53.609 6931 7035 E SQLiteDatabase: at android.os.Handler.dispatchMessage(Unknown Source:4)
01-21 13:54:53.609 6931 7035 E SQLiteDatabase: at X.0zq.dispatchMessage(Unknown Source:4)
01-21 13:54:53.609 6931 7035 E SQLiteDatabase: at android.os.Looper.loopOnce(Unknown Source:176)
01-21 13:54:53.609 6931 7035 E SQLiteDatabase: at android.os.Looper.loop(Unknown Source:76)
01-21 13:54:53.609 6931 7035 E SQLiteDatabase: at android.os.HandlerThread.run(Unknown Source:28)
01-21 13:54:53.642 6931 7035 E SQLiteDatabase: Error inserting transferred=0 media_job_uuid=45509edf-2229-4804-b24e-e84eb30eda6c transcoded=0 gif_attribution=0 first_scan_length=0 direct_path=/v/t62.7161- 24/18925021_1493015861598778_3057575793857022519_n.enc?ccb=11-4&oh=01_AdSn- tTFseN0_2Rok4SKz91AmjECAst9TpoQOVn-eHbq7A&oe=65D42264&_nc_sid=5e03e0 thumbnail_height_width_ratio=1.7777778 is_animated_sticker=0 file_hash=GDFXo0t3Z8cmLDhgr6SaOlAX0UXcMp+dVzRQPy/7Adw= file_path=null file_size=0 partial_media_hash=null face_x=0 face_y=0 height=656 trim_to=0 media_key_timestamp=1705818047000 message_url=https://mmg.whatsapp.net/v/t62.7161- 24/18925021_1493015861598778_3057575793857022519_n.enc?ccb=11-4&oh=01_AdSn- tTFseN0_2Rok4SKz91AmjECAst9TpoQOVn-eHbq7A&oe=65D42264&_nc_sid=5e03e0&mms3=true media_caption=null trim_from=0 mime_type=video/mp4 partial_media_enc_hash=null width=368 original_file_hash=null has_streaming_sidecar=1 autotransfer_retry_enabled=0 media_upload_handle=null message_row_id=16613 multicast_id=null enc_file_hash=zp+hK708YuRJ+Od+4fVOeEhCNQso54gWQjq3EAqgoJI= mute_video=0 page_count=0 first_scan_sidecar=null suspicious_content=0 file_length=3620254 media_name=null media_duration=28 chat_row_id=292 media_key=[B@e5e144e
01-21 13:54:53.642 6931 7035 E SQLiteDatabase: android.database.sqlite.SQLiteConstraintException: UNIQUE constraint failed: message_media.message_row_id (code 1555 SQLITE_CONSTRAINT_PRIMARYKEY)
01-21 13:54:53.642 6931 7035 E SQLiteDatabase: at android.database.sqlite.SQLiteConnection.nativeExecuteForLastInsertedRowId(Native Method)
01-21 13:54:53.642 6931 7035 E SQLiteDatabase: at android.database.sqlite.SQLiteConnection.executeForLastInsertedRowId(Unknown Source:30)
01-21 13:54:53.642 6931 7035 E SQLiteDatabase: at android.database.sqlite.SQLiteSession.executeForLastInsertedRowId(Unknown Source:16)
01-21 13:54:53.642 6931 7035 E SQLiteDatabase: at android.database.sqlite.SQLiteStatement.executeInsert(Unknown Source:20)
01-21 13:54:53.642 6931 7035 E SQLiteDatabase: at android.database.sqlite.SQLiteDatabase.insertWithOnConflict(Unknown Source:144)
01-21 13:54:53.642 6931 7035 E SQLiteDatabase: at android.database.sqlite.SQLiteDatabase.insert(Unknown Source:1)
01-21 13:54:53.642 6931 7035 E SQLiteDatabase: at X.2tm.A08(Unknown Source:6)
01-21 13:54:53.642 6931 7035 E SQLiteDatabase: at X.35Y.A07(Unknown Source:212)
01-21 13:54:53.642 6931 7035 E SQLiteDatabase: at X.3QF.A14(Unknown Source:470)
01-21 13:54:53.642 6931 7035 E SQLiteDatabase: at X.3gU.run(Unknown Source:982)
01-21 13:54:53.642 6931 7035 E SQLiteDatabase: at android.os.Handler.handleCallback(Unknown Source:2)
01-21 13:54:53.642 6931 7035 E SQLiteDatabase: at android.os.Handler.dispatchMessage(Unknown Source:4)
01-21 13:54:53.642 6931 7035 E SQLiteDatabase: at X.0zq.dispatchMessage(Unknown Source:4)
01-21 13:54:53.642 6931 7035 E SQLiteDatabase: at android.os.Looper.loopOnce(Unknown Source:176)
01-21 13:54:53.642 6931 7035 E SQLiteDatabase: at android.os.Looper.loop(Unknown Source:76)
01-21 13:54:53.642 6931 7035 E SQLiteDatabase: at android.os.HandlerThread.run(Unknown Source:28)
01-21 13:54:57.857 6931 6931 W BottomSheetBehavior: BottomSheetBehavior now supports multiple callbacks. `setBottomSheetCallback()` removes all existing callbacks, including ones set internally by library authors, which may result in unintended behavior. This may change in the future. Please use `addBottomSheetCallback()` and `removeBottomSheetCallback()` instead to set your own callbacks.
01-21 13:54:57.857 6931 6931 W BottomSheetBehavior: BottomSheetBehavior now supports multiple callbacks. `setBottomSheetCallback()` removes all existing callbacks, including ones set internally by library authors, which may result in unintended behavior. This may change in the future. Please use `addBottomSheetCallback()` and `removeBottomSheetCallback()` instead to set your own callbacks.
01-21 13:54:57.872 6931 6931 W BottomSheetBehavior: BottomSheetBehavior now supports multiple callbacks. `setBottomSheetCallback()` removes all existing callbacks, including ones set internally by library authors, which may result in unintended behavior. This may change in the future. Please use `addBottomSheetCallback()` and `removeBottomSheetCallback()` instead to set your own callbacks.
01-21 13:54:57.872 6931 6931 W BottomSheetBehavior: BottomSheetBehavior now supports multiple callbacks. `setBottomSheetCallback()` removes all existing callbacks, including ones set internally by library authors, which may result in unintended behavior. This may change in the future. Please use `addBottomSheetCallback()` and `removeBottomSheetCallback()` instead to set your own callbacks.
01-21 13:54:57.907 6931 6931 W BottomSheetBehavior: BottomSheetBehavior now supports multiple callbacks. `setBottomSheetCallback()` removes all existing callbacks, including ones set internally by library authors, which may result in unintended behavior. This may change in the future. Please use `addBottomSheetCallback()` and `removeBottomSheetCallback()` instead to set your own callbacks.
01-21 13:54:57.907 6931 6931 W BottomSheetBehavior: BottomSheetBehavior now supports multiple callbacks. `setBottomSheetCallback()` removes all existing callbacks, including ones set internally by library authors, which may result in unintended behavior. This may change in the future. Please use `addBottomSheetCallback()` and `removeBottomSheetCallback()` instead to set your own callbacks.
01-21 13:54:57.919 6931 6931 W BottomSheetBehavior: BottomSheetBehavior now supports multiple callbacks. `setBottomSheetCallback()` removes all existing callbacks, including ones set internally by library authors, which may result in unintended behavior. This may change in the future. Please use `addBottomSheetCallback()` and `removeBottomSheetCallback()` instead to set your own callbacks.
01-21 13:54:57.919 6931 6931 W BottomSheetBehavior: BottomSheetBehavior now supports multiple callbacks. `setBottomSheetCallback()` removes all existing callbacks, including ones set internally by library authors, which may result in unintended behavior. This may change in the future. Please use `addBottomSheetCallback()` and `removeBottomSheetCallback()` instead to set your own callbacks.
01-21 13:54:57.931 6931 6931 W BottomSheetBehavior: BottomSheetBehavior now supports multiple callbacks. `setBottomSheetCallback()` removes all existing callbacks, including ones set internally by library authors, which may result in unintended behavior. This may change in the future. Please use `addBottomSheetCallback()` and `removeBottomSheetCallback()` instead to set your own callbacks.
01-21 13:54:57.931 6931 6931 W BottomSheetBehavior: BottomSheetBehavior now supports multiple callbacks. `setBottomSheetCallback()` removes all existing callbacks, including ones set internally by library authors, which may result in unintended behavior. This may change in the future. Please use `addBottomSheetCallback()` and `removeBottomSheetCallback()` instead to set your own callbacks.
01-21 13:54:57.936 6931 6931 E RecyclerView: No adapter attached; skipping layout
01-21 13:54:57.937 6931 6931 E RecyclerView: No adapter attached; skipping layout
01-21 13:54:57.937 6931 6931 E RecyclerView: No adapter attached; skipping layout
01-21 13:54:58.762 6931 6946 W System : A resource failed to call close.
01-21 13:54:58.762 6931 6946 W System : A resource failed to call close.
01-21 13:54:58.762 6931 6946 W System : A resource failed to call close.
01-21 13:54:58.762 6931 6946 W System : A resource failed to call close.
01-21 13:54:58.762 6931 6946 W System : A resource failed to call close.
01-21 13:54:58.762 6931 6946 W System : A resource failed to call close.
01-21 13:54:58.762 6931 6946 W System : A resource failed to call close.
01-21 13:54:58.763 6931 6946 W System : A resource failed to call close.
01-21 13:54:58.763 6931 6946 W System : A resource failed to call close.
01-21 13:54:58.763 6931 6946 W System : A resource failed to call close.
01-21 13:54:58.763 6931 6946 W System : A resource failed to call close.
01-21 13:54:58.763 6931 6946 W System : A resource failed to call close.
01-21 13:54:58.763 6931 6946 W System : A resource failed to call close.
01-21 13:54:58.763 6931 6946 W System : A resource failed to call close.
01-21 13:54:58.763 6931 6946 W System : A resource failed to call close.
01-21 13:54:58.763 6931 6946 W System : A resource failed to call close.
01-21 13:54:58.763 6931 6946 W System : A resource failed to call close.
01-21 13:54:58.763 6931 6946 W System : A resource failed to call close.
01-21 13:54:58.763 6931 6946 W System : A resource failed to call close.
01-21 13:54:58.763 6931 6946 W System : A resource failed to call close.
01-21 13:54:58.763 6931 6946 W System : A resource failed to call close.
01-21 13:54:58.763 6931 6946 W System : A resource failed to call close.
01-21 13:54:58.763 6931 6946 W System : A resource failed to call close.
01-21 13:54:58.763 6931 6946 W System : A resource failed to call close.
01-21 13:54:58.763 6931 6946 W System : A resource failed to call close.
01-21 13:54:58.763 6931 6946 W System : A resource failed to call close.
01-21 13:54:58.763 6931 6946 W System : A resource failed to call close.
01-21 13:54:58.763 6931 6946 W System : A resource failed to call close.
01-21 13:54:58.763 6931 6946 W System : A resource failed to call close.
01-21 13:54:58.763 6931 6946 W System : A resource failed to call close.
01-21 13:54:58.763 6931 6946 W System : A resource failed to call close.
01-21 13:54:58.763 6931 6946 W System : A resource failed to call close.
01-21 13:54:58.763 6931 6946 W System : A resource failed to call close.
01-21 13:54:58.763 6931 6946 W System : A resource failed to call close.
01-21 13:54:58.763 6931 6946 W System : A resource failed to call close.
01-21 13:54:58.763 6931 6946 W System : A resource failed to call close.
01-21 13:54:58.763 6931 6946 W System : A resource failed to call close.
01-21 13:54:58.763 6931 6946 W System : A resource failed to call close.
01-21 13:54:58.763 6931 6946 W System : A resource failed to call close.
01-21 13:54:58.763 6931 6946 W System : A resource failed to call close.
01-21 13:54:58.763 6931 6946 W System : A resource failed to call close.
01-21 13:54:58.763 6931 6946 W System : A resource failed to call close.
01-21 13:54:58.763 6931 6946 W System : A resource failed to call close.
01-21 13:54:58.763 6931 6946 W System : A resource failed to call close.
01-21 13:54:58.763 6931 6946 W System : A resource failed to call close.
01-21 13:54:58.763 6931 6946 W System : A resource failed to call close.
01-21 13:54:58.763 6931 6946 W System : A resource failed to call close.
01-21 13:54:58.763 6931 6946 W System : A resource failed to call close.
01-21 13:54:58.763 6931 6946 W System : A resource failed to call close.
01-21 13:54:58.763 6931 6946 W System : A resource failed to call close.
01-21 13:54:58.763 6931 6946 W System : A resource failed to call close.
01-21 13:54:58.763 6931 6946 W System : A resource failed to call close.
01-21 13:54:58.763 6931 6946 W System : A resource failed to call close.
01-21 13:54:58.763 6931 6946 W System : A resource failed to call close.
01-21 13:54:58.763 6931 6946 W System : A resource failed to call close.
01-21 13:54:58.763 6931 6946 W System : A resource failed to call close.
01-21 13:54:58.763 6931 6946 W System : A resource failed to call close.
01-21 13:54:58.763 6931 6946 W System : A resource failed to call close.
01-21 13:54:58.763 6931 6946 W System : A resource failed to call close.
01-21 13:54:58.763 6931 6946 W System : A resource failed to call close.
01-21 13:54:58.763 6931 6946 W System : A resource failed to call close.
01-21 13:54:58.763 6931 6946 W System : A resource failed to call close.
01-21 13:54:58.763 6931 6946 W System : A resource failed to call close.
01-21 13:54:58.763 6931 6946 W System : A resource failed to call close.
01-21 13:54:58.763 6931 6946 W System : A resource failed to call close.
01-21 13:54:58.763 6931 6946 W System : A resource failed to call close.
01-21 13:54:58.763 6931 6946 W System : A resource failed to call close.
01-21 13:54:58.763 6931 6946 W System : A resource failed to call close.
01-21 13:54:58.763 6931 6946 W System : A resource failed to call close.
01-21 13:54:58.763 6931 6946 W System : A resource failed to call close.
01-21 13:54:58.763 6931 6946 W System : A resource failed to call close.
01-21 13:54:58.763 6931 6946 W System : A resource failed to call close.
01-21 13:54:58.763 6931 6946 W System : A resource failed to call close.
01-21 13:54:58.763 6931 6946 W System : A resource failed to call close.
01-21 13:54:58.763 6931 6946 W System : A resource failed to call close.
01-21 13:54:58.763 6931 6946 W System : A resource failed to call close.
01-21 13:54:58.763 6931 6946 W System : A resource failed to call close.
01-21 13:54:58.763 6931 6946 W System : A resource failed to call close.
01-21 13:54:58.763 6931 6946 W System : A resource failed to call close.
01-21 13:54:58.763 6931 6946 W System : A resource failed to call close.
01-21 13:54:58.763 6931 6946 W System : A resource failed to call close.
01-21 13:54:58.763 6931 6946 W System : A resource failed to call close.
01-21 13:54:58.763 6931 6946 W System : A resource failed to call close.
01-21 13:54:58.763 6931 6946 W System : A resource failed to call close.
01-21 13:54:58.763 6931 6946 W System : A resource failed to call close.
01-21 13:54:58.764 6931 6946 W System : A resource failed to call close.
01-21 13:54:58.764 6931 6946 W System : A resource failed to call close.
01-21 13:54:58.764 6931 6946 W System : A resource failed to call close.
01-21 13:54:58.764 6931 6946 W System : A resource failed to call close.
01-21 13:54:58.764 6931 6946 W System : A resource failed to call close.
01-21 13:54:58.764 6931 6946 W System : A resource failed to call close.
01-21 13:54:58.764 6931 6946 W System : A resource failed to call close.
01-21 13:54:58.764 6931 6946 W System : A resource failed to call close.
01-21 13:54:58.764 6931 6946 W System : A resource failed to call close.
01-21 13:54:58.764 6931 6946 W System : A resource failed to call close.
01-21 13:54:58.764 6931 6946 W System : A resource failed to call close.
01-21 13:54:58.764 6931 6946 W System : A resource failed to call close.
01-21 13:54:58.764 6931 6946 W System : A resource failed to call close.
01-21 13:54:58.764 6931 6946 W System : A resource failed to call close.
01-21 13:54:58.764 6931 6946 W System : A resource failed to call close.
01-21 13:54:58.764 6931 6946 W System : A resource failed to call close.
01-21 13:54:58.764 6931 6946 W System : A resource failed to call close.
01-21 13:54:58.764 6931 6946 W System : A resource failed to call close.
01-21 13:54:58.764 6931 6946 W System : A resource failed to call close.
01-21 13:54:58.764 6931 6946 W System : A resource failed to call close.
01-21 13:54:58.764 6931 6946 W System : A resource failed to call close.
01-21 13:54:58.764 6931 6946 W System : A resource failed to call close.
01-21 13:54:58.764 6931 6946 W System : A resource failed to call close.
01-21 13:54:58.764 6931 6946 W System : A resource failed to call close.
01-21 13:54:58.764 6931 6946 W System : A resource failed to call close.
01-21 13:54:58.764 6931 6946 W System : A resource failed to call close.
01-21 13:54:58.764 6931 6946 W System : A resource failed to call close.
01-21 13:54:58.764 6931 6946 W System : A resource failed to call close.
01-21 13:54:58.764 6931 6946 W System : A resource failed to call close.
01-21 13:54:58.764 6931 6946 W System : A resource failed to call close.
01-21 13:54:58.764 6931 6946 W System : A resource failed to call close.
01-21 13:54:58.764 6931 6946 W System : A resource failed to call close.
01-21 13:54:58.764 6931 6946 W System : A resource failed to call close.
01-21 13:54:58.764 6931 6946 W System : A resource failed to call close.
01-21 13:54:58.764 6931 6946 W System : A resource failed to call close.
01-21 13:54:58.764 6931 6946 W System : A resource failed to call close.
01-21 13:54:58.764 6931 6946 W System : A resource failed to call close.
01-21 13:54:58.764 6931 6946 W System : A resource failed to call close.
01-21 13:54:58.764 6931 6946 W System : A resource failed to call close.
01-21 13:54:58.764 6931 6946 W System : A resource failed to call close.
01-21 13:54:58.764 6931 6946 W System : A resource failed to call close.
01-21 13:54:58.764 6931 6946 W System : A resource failed to call close.
01-21 13:54:58.764 6931 6946 W System : A resource failed to call close.
01-21 13:54:58.764 6931 6946 W System : A resource failed to call close.
01-21 13:54:58.764 6931 6946 W System : A resource failed to call close.
01-21 13:54:58.764 6931 6946 W System : A resource failed to call close.
01-21 13:54:58.764 6931 6946 W System : A resource failed to call close.
01-21 13:54:58.764 6931 6946 W System : A resource failed to call close.
01-21 13:54:58.764 6931 6946 W System : A resource failed to call close.
01-21 13:54:58.764 6931 6946 W System : A resource failed to call close.
01-21 13:54:58.764 6931 6946 W System : A resource failed to call close.
01-21 13:54:58.764 6931 6946 W System : A resource failed to call close.
01-21 13:54:58.764 6931 6946 W System : A resource failed to call close.
01-21 13:54:58.764 6931 6946 W System : A resource failed to call close.
01-21 13:54:58.764 6931 6946 W System : A resource failed to call close.
01-21 13:54:58.764 6931 6946 W System : A resource failed to call close.
01-21 13:54:58.764 6931 6946 W System : A resource failed to call close.
01-21 13:54:58.764 6931 6946 W System : A resource failed to call close.
01-21 13:54:58.765 6931 6946 W System : A resource failed to call close.
01-21 13:54:58.765 6931 6946 W System : A resource failed to call close.
01-21 13:54:58.765 6931 6946 W System : A resource failed to call close.
01-21 13:54:58.765 6931 6946 W System : A resource failed to call close.
01-21 13:54:58.765 6931 6946 W System : A resource failed to call close.
01-21 13:54:58.765 6931 6946 W System : A resource failed to call close.
01-21 13:54:58.765 6931 6946 W System : A resource failed to call close.
01-21 13:54:58.765 6931 6946 W System : A resource failed to call close.
01-21 13:54:58.765 6931 6946 W System : A resource failed to call close.
01-21 13:54:58.765 6931 6946 W System : A resource failed to call close.
01-21 13:54:58.765 6931 6946 W System : A resource failed to call close.
01-21 13:54:58.765 6931 6946 W System : A resource failed to call close.
01-21 13:54:58.765 6931 6946 W System : A resource failed to call close.
01-21 13:54:58.765 6931 6946 W System : A resource failed to call close.
01-21 13:54:58.765 6931 6946 W System : A resource failed to call close.
01-21 13:54:58.765 6931 6946 W System : A resource failed to call close.
01-21 13:54:58.765 6931 6946 W System : A resource failed to call close.
01-21 13:54:58.765 6931 6946 W System : A resource failed to call close.
01-21 13:54:58.765 6931 6946 W System : A resource failed to call close.
01-21 13:54:58.765 6931 6946 W System : A resource failed to call close.
01-21 13:54:58.765 6931 6946 W System : A resource failed to call close.
01-21 13:54:58.765 6931 6946 W System : A resource failed to call close.
01-21 13:54:58.765 6931 6946 W System : A resource failed to call close.
01-21 13:54:58.765 6931 6946 W System : A resource failed to call close.
01-21 13:54:58.765 6931 6946 W System : A resource failed to call close.
01-21 13:54:58.765 6931 6946 W System : A resource failed to call close.
01-21 13:54:58.765 6931 6946 W System : A resource failed to call close.
01-21 13:54:58.765 6931 6946 W System : A resource failed to call close.
01-21 13:54:58.765 6931 6946 W System : A resource failed to call close.
01-21 13:54:58.765 6931 6946 W System : A resource failed to call close.
01-21 13:54:58.765 6931 6946 W System : A resource failed to call close.
01-21 13:54:58.765 6931 6946 W System : A resource failed to call close.
01-21 13:54:58.765 6931 6946 W System : A resource failed to call close.
01-21 13:54:58.765 6931 6946 W System : A resource failed to call close.
