01-21 13:55:16.779 6931 10804 W BpBinder: Slow Binder: BpBinder transact took 227 ms, interface=android.media.IMediaMetadataRetriever, code=5 oneway=false
01-21 13:55:16.867 6931 10799 W BpBinder: Slow Binder: BpBinder transact took 315 ms, interface=android.media.IMediaMetadataRetriever, code=5 oneway=false
01-21 13:55:17.116 6931 10805 W BpBinder: Slow Binder: BpBinder transact took 421 ms, interface=android.media.IMediaMetadataRetriever, code=3 oneway=false
01-21 13:55:17.123 6931 10799 W BpBinder: Slow Binder: BpBinder transact took 242 ms, interface=android.media.IMediaMetadataRetriever, code=3 oneway=false
01-21 13:55:17.418 6931 10805 W BpBinder: Slow Binder: BpBinder transact took 223 ms, interface=android.media.IMediaMetadataRetriever, code=3 oneway=false
01-21 13:55:21.705 6931 10902 W CameraDevice-JV-0: Device error received, code 4, frame number 80, request ID 1, subseq ID 0
01-21 13:55:21.882 6931 10909 W libc : Access denied finding property "vendor.camera.aux.packagelist"
01-21 13:55:21.882 6931 10909 W CameraManagerGlobal: ignore the torch status update of camera: 2
01-21 13:55:21.882 6931 10909 W libc : Access denied finding property "vendor.camera.aux.packagelist"
01-21 13:55:21.883 6931 10909 W CameraManagerGlobal: ignore the torch status update of camera: 3
01-21 13:55:21.883 6931 10909 W libc : Access denied finding property "vendor.camera.aux.packagelist"
01-21 13:55:21.883 6931 10909 W CameraManagerGlobal: ignore the torch status update of camera: 4
01-21 13:55:21.883 6931 10909 W libc : Access denied finding property "vendor.camera.aux.packagelist"
01-21 13:55:21.883 6931 10909 W CameraManagerGlobal: ignore the torch status update of camera: 5
01-21 13:55:21.883 6931 10909 W libc : Access denied finding property "vendor.camera.aux.packagelist"
01-21 13:55:21.883 6931 10909 W CameraManagerGlobal: ignore the torch status update of camera: 6
01-21 13:55:21.884 6931 8206 E CameraManagerGlobal: Camera 4 is not available. Ignore physical camera status change
01-21 13:55:21.884 6931 8206 E CameraManagerGlobal: Camera 5 is not available. Ignore physical camera status change
01-21 13:55:21.887 6931 10902 W com.mbwhatsapp: Long monitor contention with owner Optic-Task-Handler-Thread (10793) at void android.hardware.camera2.impl.CameraDeviceImpl.close()(CameraDeviceImpl.java:-1) waiters=0 in void android.hardware.camera2.impl.CameraDeviceImpl.onDeviceError(int, android.hardware.camera2.impl.CaptureResultExtras) for 181ms
01-21 13:55:21.887 6931 10902 W CameraDevice-JV-0: Device error received, code 4, frame number 78, request ID 1, subseq ID 0
01-21 13:55:21.887 6931 10902 W CameraDevice-JV-0: Device error received, code 5, frame number 80, request ID 1, subseq ID 0
01-21 13:55:21.887 6931 10902 W CameraDevice-JV-0: Device error received, code 5, frame number 76, request ID 1, subseq ID 0
01-21 13:55:21.888 6931 10902 W CameraDevice-JV-0: Device error received, code 4, frame number 76, request ID 1, subseq ID 0
01-21 13:55:21.888 6931 10902 W CameraDevice-JV-0: Device error received, code 5, frame number 77, request ID 1, subseq ID 0
01-21 13:55:21.888 6931 10902 W CameraDevice-JV-0: Device error received, code 4, frame number 77, request ID 1, subseq ID 0
01-21 13:55:21.888 6931 10902 W CameraDevice-JV-0: Device error received, code 5, frame number 78, request ID 1, subseq ID 0
01-21 13:55:21.888 6931 10902 W CameraDevice-JV-0: Device error received, code 4, frame number 79, request ID 1, subseq ID 0
01-21 13:55:21.888 6931 10902 W CameraDevice-JV-0: Device error received, code 5, frame number 79, request ID 1, subseq ID 0
01-21 13:55:22.033 6931 11088 W ExtendedACodec: Failed to set frame packing format on component
01-21 13:55:22.055 6931 11093 W Codec2Client: query -- param skipped: index = 1107298332.
01-21 13:55:22.055 6931 11093 W CCodec : This behavior is subject to change. It is recommended that app developers double check whether the requested max input size is in reasonable range.
01-21 13:55:22.055 6931 11093 W Codec2Client: query -- param skipped: index = 1342179345.
01-21 13:55:22.055 6931 11093 W Codec2Client: query -- param skipped: index = 2415921170.
01-21 13:55:22.055 6931 11093 W Codec2Client: query -- param skipped: index = 1610614798.
01-21 13:55:22.098 6931 11093 W Codec2Client: query -- param skipped: index = 1342179345.
01-21 13:55:22.098 6931 11093 W Codec2Client: query -- param skipped: index = 2415921170.
01-21 13:55:22.098 6931 11093 W Codec2Client: query -- param skipped: index = 1610614798.
01-21 13:55:22.100 6931 11093 W Codec2Client: query -- param skipped: index = 1342179345.
01-21 13:55:22.100 6931 11093 W Codec2Client: query -- param skipped: index = 2415921170.
01-21 13:55:22.100 6931 11093 W Codec2Client: query -- param skipped: index = 1610614798.
01-21 13:55:22.102 6931 11093 W Codec2Client: query -- param skipped: index = 1342179345.
01-21 13:55:22.102 6931 11093 W Codec2Client: query -- param skipped: index = 2415921170.
01-21 13:55:22.102 6931 11093 W Codec2Client: query -- param skipped: index = 1610614798.
01-21 13:55:22.107 6931 11087 E Surface : freeAllBuffers: 9 buffers were freed while being dequeued!
01-21 13:55:22.121 6931 11087 W MediaCodec: mapFormat: no mediaType information
01-21 13:55:30.741 6931 10794 W libc : Access denied finding property "persist.vendor.camera.privapp.list"
01-21 13:55:30.746 6931 8107 E CameraManagerGlobal: Camera 4 is not available. Ignore physical camera status change
01-21 13:55:30.746 6931 8107 E CameraManagerGlobal: Camera 5 is not available. Ignore physical camera status change
01-21 13:55:30.747 6931 7761 W libc : Access denied finding property "vendor.camera.aux.packagelist"
01-21 13:55:30.747 6931 7761 W CameraManagerGlobal: ignore the torch status update of camera: 2
01-21 13:55:30.747 6931 7761 W libc : Access denied finding property "vendor.camera.aux.packagelist"
01-21 13:55:30.747 6931 7761 W CameraManagerGlobal: ignore the torch status update of camera: 3
01-21 13:55:30.747 6931 7761 W libc : Access denied finding property "vendor.camera.aux.packagelist"
01-21 13:55:30.747 6931 7761 W CameraManagerGlobal: ignore the torch status update of camera: 4
01-21 13:55:30.748 6931 7761 W libc : Access denied finding property "vendor.camera.aux.packagelist"
01-21 13:55:30.748 6931 7761 W CameraManagerGlobal: ignore the torch status update of camera: 5
01-21 13:55:30.749 6931 11084 W libc : Access denied finding property "vendor.camera.aux.packagelist"
01-21 13:55:30.749 6931 11084 W CameraManagerGlobal: ignore the torch status update of camera: 6
01-21 13:55:31.003 6931 11087 E Surface : freeAllBuffers: 9 buffers were freed while being dequeued!
01-21 13:55:31.006 6931 11093 W Codec2Client: query -- param skipped: index = 1342179345.
01-21 13:55:31.006 6931 11093 W Codec2Client: query -- param skipped: index = 2415921170.
01-21 13:55:31.006 6931 11093 W Codec2Client: query -- param skipped: index = 1610614798.
01-21 13:55:31.007 6931 11087 E Surface : freeAllBuffers: 9 buffers were freed while being dequeued!
01-21 13:55:31.809 6931 8107 W CameraDevice-JV-0: Device error received, code 4, frame number 12, request ID 1, subseq ID 0
01-21 13:55:31.962 6931 6948 W libc : Access denied finding property "vendor.camera.aux.packagelist"
01-21 13:55:31.964 6931 6948 W CameraManagerGlobal: ignore the torch status update of camera: 2
01-21 13:55:31.964 6931 6948 W libc : Access denied finding property "vendor.camera.aux.packagelist"
01-21 13:55:31.964 6931 6948 W CameraManagerGlobal: ignore the torch status update of camera: 3
01-21 13:55:31.964 6931 6948 W libc : Access denied finding property "vendor.camera.aux.packagelist"
01-21 13:55:31.964 6931 6948 W CameraManagerGlobal: ignore the torch status update of camera: 4
01-21 13:55:31.965 6931 6948 W libc : Access denied finding property "vendor.camera.aux.packagelist"
01-21 13:55:31.965 6931 6948 W CameraManagerGlobal: ignore the torch status update of camera: 5
01-21 13:55:31.965 6931 6948 W libc : Access denied finding property "vendor.camera.aux.packagelist"
01-21 13:55:31.965 6931 6948 W CameraManagerGlobal: ignore the torch status update of camera: 6
01-21 13:55:31.965 6931 6948 E CameraManagerGlobal: Camera 4 is not available. Ignore physical camera status change
01-21 13:55:31.965 6931 6948 E CameraManagerGlobal: Camera 5 is not available. Ignore physical camera status change
01-21 13:55:31.967 6931 8107 W CameraDevice-JV-0: Device error received, code 4, frame number 11, request ID 1, subseq ID 0
01-21 13:55:31.967 6931 8107 W CameraDevice-JV-0: Device error received, code 4, frame number 13, request ID 1, subseq ID 0
01-21 13:55:31.967 6931 8107 W CameraDevice-JV-0: Device error received, code 5, frame number 10, request ID 1, subseq ID 0
01-21 13:55:31.967 6931 8107 W CameraDevice-JV-0: Device error received, code 4, frame number 10, request ID 1, subseq ID 0
01-21 13:55:31.967 6931 8107 W CameraDevice-JV-0: Device error received, code 5, frame number 11, request ID 1, subseq ID 0
01-21 13:55:31.968 6931 8107 W CameraDevice-JV-0: Device error received, code 5, frame number 12, request ID 1, subseq ID 0
01-21 13:55:31.968 6931 8107 W CameraDevice-JV-0: Device error received, code 5, frame number 13, request ID 1, subseq ID 0
01-21 13:55:31.968 6931 8107 W CameraDevice-JV-0: Device error received, code 5, frame number 14, request ID 1, subseq ID 0
01-21 13:55:31.968 6931 8107 W CameraDevice-JV-0: Device error received, code 4, frame number 14, request ID 1, subseq ID 0
01-21 13:55:31.968 6931 10902 W CameraDevice-JV-0: Device error received, code 3, frame number 15, request ID 1, subseq ID 0
01-21 13:55:43.817 6931 6944 W com.mbwhatsapp: Suspending all threads took: 15.632ms
01-21 14:02:30.075 6931 6931 E ArmVmp : Match on catch block at 0x0a in for 0x77dbcce031
01-21 14:02:30.089 6931 6931 E ArmVmp : Match on catch block at 0x0a in for 0x77dbcce04d
01-21 14:02:30.494 6931 6931 E ArmVmp : Match on catch block at 0x0a in for 0x77dbcce035
01-21 14:02:35.347 6931 13194 W LOTTIE : Unknown shape type rd
01-21 14:02:35.382 6931 6931 E ArmVmp : Match on catch block at 0x0a in for 0x77dbcce035
01-21 14:02:35.384 6931 6931 E ArmVmp : Match on catch block at 0x0a in for 0x77dbcce035
01-21 14:02:35.501 6931 6931 W View : requestLayout() improperly called by X.4rg{833d4b8 V.E....L. ......ID 0,920-1080,1901} during layout: running second layout pass
01-21 14:02:35.501 6931 6931 W View : requestLayout() improperly called by android.widget.LinearLayout{1b8adf7 V.E...... ......ID 37,3-739,978 #7f0b0e50 app:id/main_layout} during layout: running second layout pass
01-21 14:02:35.501 6931 6931 W View : requestLayout() improperly called by com.mbwhatsapp.conversation.conversationrow.ConversationRowImage$RowImageView{731d2 91 VFED..CL. ......ID 10,10-692,965 #7f0b0c84 app:id/image} during layout: running second layout pass
01-21 14:02:35.503 6931 6931 E ArmVmp : Match on catch block at 0xc3 in for 0x77dbcce021
01-21 14:02:35.507 6931 6931 E ArmVmp : Match on catch block at 0xc3 in for 0x77dbcce021
01-21 14:02:35.544 6931 6931 E ArmVmp : Match on catch block at 0xc3 in for 0x77dbcce025
01-21 14:02:35.545 6931 6931 E ArmVmp : Match on catch block at 0xc3 in for 0x77dbcce025
01-21 14:02:35.562 6931 6931 W View : requestLayout() improperly called by X.4rg{833d4b8 V.E....L. .......D 0,920-1080,1901} during second layout pass: posting in next frame
01-21 14:02:35.562 6931 6931 W View : requestLayout() improperly called by android.widget.LinearLayout{1b8adf7 V.E...... .......D 37,3-739,978 #7f0b0e50 app:id/main_layout} during second layout pass: posting in next frame
01-21 14:02:35.594 6931 6931 E ArmVmp : Match on catch block at 0xc3 in for 0x77dbcce025
01-21 14:02:35.595 6931 6931 E ArmVmp : Match on catch block at 0xc3 in for 0x77dbcce025
01-21 14:02:35.603 6931 6931 E ArmVmp : Match on catch block at 0xc3 in for 0x77dbcce025
01-21 14:02:35.606 6931 6931 E ArmVmp : Match on catch block at 0xc3 in for 0x77dbcce025
01-21 14:02:35.616 6931 6931 E ArmVmp : Match on catch block at 0xc3 in for 0x77dbcce025
01-21 14:02:35.618 6931 6931 E ArmVmp : Match on catch block at 0xc3 in for 0x77dbcce025
01-21 14:02:35.635 6931 6931 E ArmVmp : Match on catch block at 0xc3 in for 0x77dbcce025
01-21 14:02:35.636 6931 6931 E ArmVmp : Match on catch block at 0xc3 in for 0x77dbcce025
01-21 14:02:35.649 6931 6931 E ArmVmp : Match on catch block at 0xc3 in for 0x77dbcce025
01-21 14:02:35.651 6931 6931 E ArmVmp : Match on catch block at 0xc3 in for 0x77dbcce025
01-21 14:02:36.079 6931 6931 E ArmVmp : Match on catch block at 0xc3 in for 0x77dbcce025
01-21 14:02:36.080 6931 6931 E ArmVmp : Match on catch block at 0xc3 in for 0x77dbcce025
01-21 14:02:36.211 6931 6931 E ArmVmp : Match on catch block at 0xc3 in for 0x77dbcce025
01-21 14:02:36.212 6931 6931 E ArmVmp : Match on catch block at 0xc3 in for 0x77dbcce025
01-21 14:02:36.228 6931 6931 E ArmVmp : Match on catch block at 0xc3 in for 0x77dbcce025
01-21 14:02:36.230 6931 6931 E ArmVmp : Match on catch block at 0xc3 in for 0x77dbcce025
01-21 14:02:36.244 6931 6931 E ArmVmp : Match on catch block at 0xc3 in for 0x77dbcce025
01-21 14:02:36.246 6931 6931 E ArmVmp : Match on catch block at 0xc3 in for 0x77dbcce025
01-21 14:02:36.261 6931 6931 E ArmVmp : Match on catch block at 0xc3 in for 0x77dbcce025
01-21 14:02:36.262 6931 6931 E ArmVmp : Match on catch block at 0xc3 in for 0x77dbcce025
01-21 14:02:36.277 6931 6931 E ArmVmp : Match on catch block at 0xc3 in for 0x77dbcce025
01-21 14:02:36.279 6931 6931 E ArmVmp : Match on catch block at 0xc3 in for 0x77dbcce025
01-21 14:02:36.294 6931 6931 E ArmVmp : Match on catch block at 0xc3 in for 0x77dbcce025
01-21 14:02:36.295 6931 6931 E ArmVmp : Match on catch block at 0xc3 in for 0x77dbcce025
01-21 14:02:36.310 6931 6931 E ArmVmp : Match on catch block at 0xc3 in for 0x77dbcce025
01-21 14:02:36.311 6931 6931 E ArmVmp : Match on catch block at 0xc3 in for 0x77dbcce025
01-21 14:02:36.327 6931 6931 E ArmVmp : Match on catch block at 0xc3 in for 0x77dbcce025
01-21 14:02:36.328 6931 6931 E ArmVmp : Match on catch block at 0xc3 in for 0x77dbcce025
01-21 14:02:36.343 6931 6931 E ArmVmp : Match on catch block at 0xc3 in for 0x77dbcce025
01-21 14:02:36.344 6931 6931 E ArmVmp : Match on catch block at 0xc3 in for 0x77dbcce025
01-21 14:02:36.360 6931 6931 E ArmVmp : Match on catch block at 0xc3 in for 0x77dbcce025
01-21 14:02:36.361 6931 6931 E ArmVmp : Match on catch block at 0xc3 in for 0x77dbcce025
01-21 14:02:36.377 6931 6931 E ArmVmp : Match on catch block at 0xc3 in for 0x77dbcce025
01-21 14:02:36.378 6931 6931 E ArmVmp : Match on catch block at 0xc3 in for 0x77dbcce025
01-21 14:02:36.397 6931 6931 E ArmVmp : Match on catch block at 0xc3 in for 0x77dbcce025
01-21 14:02:36.398 6931 6931 E ArmVmp : Match on catch block at 0xc3 in for 0x77dbcce025
01-21 14:02:36.410 6931 6931 E ArmVmp : Match on catch block at 0xc3 in for 0x77dbcce025
01-21 14:02:36.411 6931 6931 E ArmVmp : Match on catch block at 0xc3 in for 0x77dbcce025
01-21 14:02:36.426 6931 6931 E ArmVmp : Match on catch block at 0xc3 in for 0x77dbcce025
01-21 14:02:36.428 6931 6931 E ArmVmp : Match on catch block at 0xc3 in for 0x77dbcce025
01-21 14:02:36.443 6931 6931 E ArmVmp : Match on catch block at 0xc3 in for 0x77dbcce025
01-21 14:02:36.445 6931 6931 E ArmVmp : Match on catch block at 0xc3 in for 0x77dbcce025
01-21 14:02:36.459 6931 6931 E ArmVmp : Match on catch block at 0xc3 in for 0x77dbcce025
01-21 14:02:36.461 6931 6931 E ArmVmp : Match on catch block at 0xc3 in for 0x77dbcce025
01-21 14:02:36.476 6931 6931 E ArmVmp : Match on catch block at 0xc3 in for 0x77dbcce025
01-21 14:02:36.478 6931 6931 E ArmVmp : Match on catch block at 0xc3 in for 0x77dbcce025
01-21 14:02:36.493 6931 6931 E ArmVmp : Match on catch block at 0xc3 in for 0x77dbcce025
01-21 14:02:36.494 6931 6931 E ArmVmp : Match on catch block at 0xc3 in for 0x77dbcce025
01-21 14:02:36.509 6931 6931 E ArmVmp : Match on catch block at 0xc3 in for 0x77dbcce025
01-21 14:02:36.512 6931 6931 E ArmVmp : Match on catch block at 0xc3 in for 0x77dbcce025
01-21 14:02:36.525 6931 6931 E ArmVmp : Match on catch block at 0xc3 in for 0x77dbcce025
01-21 14:02:36.527 6931 6931 E ArmVmp : Match on catch block at 0xc3 in for 0x77dbcce025
01-21 14:02:36.575 6931 6931 E ArmVmp : Match on catch block at 0xc3 in for 0x77dbcce025
01-21 14:02:36.576 6931 6931 E ArmVmp : Match on catch block at 0xc3 in for 0x77dbcce025
01-21 14:02:36.595 6931 6931 E ArmVmp : Match on catch block at 0xc3 in for 0x77dbcce025
01-21 14:02:36.597 6931 6931 E ArmVmp : Match on catch block at 0xc3 in for 0x77dbcce025
01-21 14:02:36.608 6931 6931 E ArmVmp : Match on catch block at 0xc3 in for 0x77dbcce025
01-21 14:02:36.609 6931 6931 E ArmVmp : Match on catch block at 0xc3 in for 0x77dbcce025
01-21 14:02:37.071 6931 6931 E ArmVmp : Match on catch block at 0xc3 in for 0x77dbcce025
01-21 14:02:37.072 6931 6931 E ArmVmp : Match on catch block at 0xc3 in for 0x77dbcce025
01-21 14:02:37.155 6931 6931 E ArmVmp : Match on catch block at 0xc3 in for 0x77dbcce025
01-21 14:02:37.156 6931 6931 E ArmVmp : Match on catch block at 0xc3 in for 0x77dbcce025
01-21 14:02:37.171 6931 6931 E ArmVmp : Match on catch block at 0xc3 in for 0x77dbcce025
01-21 14:02:37.172 6931 6931 E ArmVmp : Match on catch block at 0xc3 in for 0x77dbcce025
01-21 14:02:37.188 6931 6931 E ArmVmp : Match on catch block at 0xc3 in for 0x77dbcce025
01-21 14:02:37.189 6931 6931 E ArmVmp : Match on catch block at 0xc3 in for 0x77dbcce025
01-21 14:02:37.204 6931 6931 E ArmVmp : Match on catch block at 0xc3 in for 0x77dbcce025
01-21 14:02:37.205 6931 6931 E ArmVmp : Match on catch block at 0xc3 in for 0x77dbcce025
01-21 14:02:37.220 6931 6931 E ArmVmp : Match on catch block at 0xc3 in for 0x77dbcce025
01-21 14:02:37.221 6931 6931 E ArmVmp : Match on catch block at 0xc3 in for 0x77dbcce025
01-21 14:02:37.237 6931 6931 E ArmVmp : Match on catch block at 0xc3 in for 0x77dbcce025
01-21 14:02:37.239 6931 6931 E ArmVmp : Match on catch block at 0xc3 in for 0x77dbcce025
01-21 14:02:37.254 6931 6931 E ArmVmp : Match on catch block at 0xc3 in for 0x77dbcce025
01-21 14:02:37.256 6931 6931 E ArmVmp : Match on catch block at 0xc3 in for 0x77dbcce025
01-21 14:02:37.273 6931 6931 E ArmVmp : Match on catch block at 0xc3 in for 0x77dbcce025
01-21 14:02:37.276 6931 6931 E ArmVmp : Match on catch block at 0xc3 in for 0x77dbcce025
01-21 14:02:37.288 6931 6931 E ArmVmp : Match on catch block at 0xc3 in for 0x77dbcce025
01-21 14:02:37.291 6931 6931 E ArmVmp : Match on catch block at 0xc3 in for 0x77dbcce025
01-21 14:02:37.303 6931 6931 E ArmVmp : Match on catch block at 0xc3 in for 0x77dbcce025
01-21 14:02:37.305 6931 6931 E ArmVmp : Match on catch block at 0xc3 in for 0x77dbcce025
01-21 14:02:37.320 6931 6931 E ArmVmp : Match on catch block at 0xc3 in for 0x77dbcce025
01-21 14:02:37.322 6931 6931 E ArmVmp : Match on catch block at 0xc3 in for 0x77dbcce025
01-21 14:02:37.337 6931 6931 E ArmVmp : Match on catch block at 0xc3 in for 0x77dbcce025
01-21 14:02:37.341 6931 6931 E ArmVmp : Match on catch block at 0xc3 in for 0x77dbcce025
01-21 14:02:37.353 6931 6931 E ArmVmp : Match on catch block at 0xc3 in for 0x77dbcce025
01-21 14:02:37.355 6931 6931 E ArmVmp : Match on catch block at 0xc3 in for 0x77dbcce025
01-21 14:02:37.370 6931 6931 E ArmVmp : Match on catch block at 0xc3 in for 0x77dbcce025
01-21 14:02:37.373 6931 6931 E ArmVmp : Match on catch block at 0xc3 in for 0x77dbcce025
01-21 14:02:37.436 6931 6931 E ArmVmp : Match on catch block at 0xc3 in for 0x77dbcce025
01-21 14:02:37.439 6931 6931 E ArmVmp : Match on catch block at 0xc3 in for 0x77dbcce025
01-21 14:02:37.700 6931 6931 E ArmVmp : Match on catch block at 0xc3 in for 0x77dbcce025
01-21 14:02:37.704 6931 6931 E ArmVmp : Match on catch block at 0xc3 in for 0x77dbcce025
01-21 14:02:37.751 6931 6931 E ArmVmp : Match on catch block at 0xc3 in for 0x77dbcce025
01-21 14:02:37.755 6931 6931 E ArmVmp : Match on catch block at 0xc3 in for 0x77dbcce025
01-21 14:02:37.982 6931 6931 E ArmVmp : Match on catch block at 0xc3 in for 0x77dbcce025
01-21 14:02:37.987 6931 6931 E ArmVmp : Match on catch block at 0xc3 in for 0x77dbcce025
01-21 14:02:38.180 6931 6931 E ArmVmp : Match on catch block at 0xc3 in for 0x77dbcce025
01-21 14:02:38.182 6931 6931 E ArmVmp : Match on catch block at 0xc3 in for 0x77dbcce025
01-21 14:02:38.197 6931 6931 E ArmVmp : Match on catch block at 0xc3 in for 0x77dbcce025
01-21 14:02:38.200 6931 6931 E ArmVmp : Match on catch block at 0xc3 in for 0x77dbcce025
01-21 14:02:38.215 6931 6931 E ArmVmp : Match on catch block at 0xc3 in for 0x77dbcce025
01-21 14:02:38.219 6931 6931 E ArmVmp : Match on catch block at 0xc3 in for 0x77dbcce025
01-21 14:02:38.231 6931 6931 E ArmVmp : Match on catch block at 0xc3 in for 0x77dbcce025
01-21 14:02:38.234 6931 6931 E ArmVmp : Match on catch block at 0xc3 in for 0x77dbcce025
01-21 14:02:38.246 6931 6931 E ArmVmp : Match on catch block at 0xc3 in for 0x77dbcce025
01-21 14:02:38.250 6931 6931 E ArmVmp : Match on catch block at 0xc3 in for 0x77dbcce025
01-21 14:02:38.263 6931 6931 E ArmVmp : Match on catch block at 0xc3 in for 0x77dbcce025
01-21 14:02:38.267 6931 6931 E ArmVmp : Match on catch block at 0xc3 in for 0x77dbcce025
01-21 14:02:38.280 6931 6931 E ArmVmp : Match on catch block at 0xc3 in for 0x77dbcce025
01-21 14:02:38.285 6931 6931 E ArmVmp : Match on catch block at 0xc3 in for 0x77dbcce025
01-21 14:02:38.297 6931 6931 E ArmVmp : Match on catch block at 0xc3 in for 0x77dbcce025
01-21 14:02:38.303 6931 6931 E ArmVmp : Match on catch block at 0xc3 in for 0x77dbcce025
01-21 14:02:38.312 6931 6931 E ArmVmp : Match on catch block at 0xc3 in for 0x77dbcce025
01-21 14:02:38.315 6931 6931 E ArmVmp : Match on catch block at 0xc3 in for 0x77dbcce025
01-21 14:02:38.329 6931 6931 E ArmVmp : Match on catch block at 0xc3 in for 0x77dbcce025
01-21 14:02:38.333 6931 6931 E ArmVmp : Match on catch block at 0xc3 in for 0x77dbcce025
01-21 14:02:38.346 6931 6931 E ArmVmp : Match on catch block at 0xc3 in for 0x77dbcce025
01-21 14:02:38.349 6931 6931 E ArmVmp : Match on catch block at 0xc3 in for 0x77dbcce025
01-21 14:02:38.363 6931 6931 E ArmVmp : Match on catch block at 0xc3 in for 0x77dbcce025
01-21 14:02:38.369 6931 6931 E ArmVmp : Match on catch block at 0xc3 in for 0x77dbcce025
01-21 14:02:38.378 6931 6931 E ArmVmp : Match on catch block at 0xc3 in for 0x77dbcce025
01-21 14:02:38.381 6931 6931 E ArmVmp : Match on catch block at 0xc3 in for 0x77dbcce025
01-21 14:02:38.395 6931 6931 E ArmVmp : Match on catch block at 0xc3 in for 0x77dbcce025
01-21 14:02:38.397 6931 6931 E ArmVmp : Match on catch block at 0xc3 in for 0x77dbcce025
01-21 14:02:38.411 6931 6931 E ArmVmp : Match on catch block at 0xc3 in for 0x77dbcce025
01-21 14:02:38.413 6931 6931 E ArmVmp : Match on catch block at 0xc3 in for 0x77dbcce025
01-21 14:02:38.428 6931 6931 E ArmVmp : Match on catch block at 0xc3 in for 0x77dbcce025
01-21 14:02:38.430 6931 6931 E ArmVmp : Match on catch block at 0xc3 in for 0x77dbcce025
01-21 14:02:38.444 6931 6931 E ArmVmp : Match on catch block at 0xc3 in for 0x77dbcce025
01-21 14:02:38.447 6931 6931 E ArmVmp : Match on catch block at 0xc3 in for 0x77dbcce025
01-21 14:02:38.461 6931 6931 E ArmVmp : Match on catch block at 0xc3 in for 0x77dbcce025
01-21 14:02:38.464 6931 6931 E ArmVmp : Match on catch block at 0xc3 in for 0x77dbcce025
01-21 14:02:38.577 6931 6931 E ArmVmp : Match on catch block at 0xc3 in for 0x77dbcce025
01-21 14:02:38.582 6931 6931 E ArmVmp : Match on catch block at 0xc3 in for 0x77dbcce025
01-21 14:02:38.776 6931 6931 E ArmVmp : Match on catch block at 0xc3 in for 0x77dbcce025
01-21 14:02:38.779 6931 6931 E ArmVmp : Match on catch block at 0xc3 in for 0x77dbcce025
01-21 14:02:39.007 6931 6931 E ArmVmp : Match on catch block at 0xc3 in for 0x77dbcce025
01-21 14:02:39.012 6931 6931 E ArmVmp : Match on catch block at 0xc3 in for 0x77dbcce025
01-21 14:02:39.057 6931 6931 E ArmVmp : Match on catch block at 0xc3 in for 0x77dbcce025
01-21 14:02:39.062 6931 6931 E ArmVmp : Match on catch block at 0xc3 in for 0x77dbcce025
01-21 14:02:39.504 6931 6931 E ArmVmp : Match on catch block at 0xc3 in for 0x77dbcce025
01-21 14:02:39.509 6931 6931 E ArmVmp : Match on catch block at 0xc3 in for 0x77dbcce025
01-21 14:02:39.834 6931 6931 E ArmVmp : Match on catch block at 0xc3 in for 0x77dbcce025
01-21 14:02:39.839 6931 6931 E ArmVmp : Match on catch block at 0xc3 in for 0x77dbcce025
01-21 14:02:40.132 6931 6931 E ArmVmp : Match on catch block at 0xc3 in for 0x77dbcce025
01-21 14:02:40.137 6931 6931 E ArmVmp : Match on catch block at 0xc3 in for 0x77dbcce025
01-21 14:02:40.281 6931 6931 E ArmVmp : Match on catch block at 0xc3 in for 0x77dbcce025
01-21 14:02:40.284 6931 6931 E ArmVmp : Match on catch block at 0xc3 in for 0x77dbcce025
01-21 14:02:40.296 6931 6931 E ArmVmp : Match on catch block at 0xc3 in for 0x77dbcce025
01-21 14:02:40.299 6931 6931 E ArmVmp : Match on catch block at 0xc3 in for 0x77dbcce025
01-21 14:02:40.345 6931 6931 E ArmVmp : Match on catch block at 0xc3 in for 0x77dbcce025
01-21 14:02:40.348 6931 6931 E ArmVmp : Match on catch block at 0xc3 in for 0x77dbcce025
01-21 14:02:40.560 6931 6931 E ArmVmp : Match on catch block at 0xc3 in for 0x77dbcce025
01-21 14:02:40.563 6931 6931 E ArmVmp : Match on catch block at 0xc3 in for 0x77dbcce025
01-21 14:02:40.577 6931 6931 E ArmVmp : Match on catch block at 0xc3 in for 0x77dbcce025
01-21 14:02:40.580 6931 6931 E ArmVmp : Match on catch block at 0xc3 in for 0x77dbcce025
01-21 14:02:40.628 6931 6931 E ArmVmp : Match on catch block at 0xc3 in for 0x77dbcce025
01-21 14:02:40.632 6931 6931 E ArmVmp : Match on catch block at 0xc3 in for 0x77dbcce025
01-21 14:02:40.776 6931 6931 E ArmVmp : Match on catch block at 0xc3 in for 0x77dbcce025
01-21 14:02:40.780 6931 6931 E ArmVmp : Match on catch block at 0xc3 in for 0x77dbcce025
01-21 14:02:40.974 6931 6931 E ArmVmp : Match on catch block at 0xc3 in for 0x77dbcce025
01-21 14:02:40.976 6931 6931 E ArmVmp : Match on catch block at 0xc3 in for 0x77dbcce025
01-21 14:02:41.074 6931 6931 E ArmVmp : Match on catch block at 0xc3 in for 0x77dbcce025
01-21 14:02:41.076 6931 6931 E ArmVmp : Match on catch block at 0xc3 in for 0x77dbcce025
01-21 14:02:41.223 6931 6931 E ArmVmp : Match on catch block at 0xc3 in for 0x77dbcce025
01-21 14:02:41.227 6931 6931 E ArmVmp : Match on catch block at 0xc3 in for 0x77dbcce025
01-21 14:02:41.253 6931 6931 E ArmVmp : Match on catch block at 0xc3 in for 0x77dbcce025
01-21 14:02:41.256 6931 6931 E ArmVmp : Match on catch block at 0xc3 in for 0x77dbcce025
01-21 14:02:41.275 6931 6931 E ArmVmp : Match on catch block at 0xc3 in for 0x77dbcce025
01-21 14:02:41.277 6931 6931 E ArmVmp : Match on catch block at 0xc3 in for 0x77dbcce025
01-21 14:02:41.300 6931 6931 E ArmVmp : Match on catch block at 0xc3 in for 0x77dbcce025
01-21 14:02:41.302 6931 6931 E ArmVmp : Match on catch block at 0xc3 in for 0x77dbcce025
01-21 14:02:41.314 6931 6931 E ArmVmp : Match on catch block at 0xc3 in for 0x77dbcce025
01-21 14:02:41.316 6931 6931 E ArmVmp : Match on catch block at 0xc3 in for 0x77dbcce025
01-21 14:02:41.322 6931 6931 E ArmVmp : Match on catch block at 0xc3 in for 0x77dbcce025
01-21 14:02:41.324 6931 6931 E ArmVmp : Match on catch block at 0xc3 in for 0x77dbcce025
01-21 14:02:41.338 6931 6931 E ArmVmp : Match on catch block at 0xc3 in for 0x77dbcce025
01-21 14:02:41.340 6931 6931 E ArmVmp : Match on catch block at 0xc3 in for 0x77dbcce025
01-21 14:02:41.355 6931 6931 E ArmVmp : Match on catch block at 0xc3 in for 0x77dbcce025
01-21 14:02:41.358 6931 6931 E ArmVmp : Match on catch block at 0xc3 in for 0x77dbcce025
01-21 14:02:41.371 6931 6931 E ArmVmp : Match on catch block at 0xc3 in for 0x77dbcce025
01-21 14:02:41.375 6931 6931 E ArmVmp : Match on catch block at 0xc3 in for 0x77dbcce025
01-21 14:02:41.388 6931 6931 E ArmVmp : Match on catch block at 0xc3 in for 0x77dbcce025
01-21 14:02:41.391 6931 6931 E ArmVmp : Match on catch block at 0xc3 in for 0x77dbcce025
01-21 14:02:41.404 6931 6931 E ArmVmp : Match on catch block at 0xc3 in for 0x77dbcce025
01-21 14:02:41.408 6931 6931 E ArmVmp : Match on catch block at 0xc3 in for 0x77dbcce025
01-21 14:02:41.421 6931 6931 E ArmVmp : Match on catch block at 0xc3 in for 0x77dbcce025
01-21 14:02:41.424 6931 6931 E ArmVmp : Match on catch block at 0xc3 in for 0x77dbcce025
01-21 14:02:41.437 6931 6931 E ArmVmp : Match on catch block at 0xc3 in for 0x77dbcce025
01-21 14:02:41.441 6931 6931 E ArmVmp : Match on catch block at 0xc3 in for 0x77dbcce025
01-21 14:02:41.521 6931 6931 E ArmVmp : Match on catch block at 0xc3 in for 0x77dbcce025
01-21 14:02:41.525 6931 6931 E ArmVmp : Match on catch block at 0xc3 in for 0x77dbcce025
01-21 14:02:41.531 6931 6931 E ArmVmp : Match on catch block at 0xc3 in for 0x77dbcce025
01-21 14:02:41.537 6931 6931 E ArmVmp : Match on catch block at 0xc3 in for 0x77dbcce025
01-21 14:02:41.671 6931 6931 E ArmVmp : Match on catch block at 0xc3 in for 0x77dbcce025
01-21 14:02:41.673 6931 6931 E ArmVmp : Match on catch block at 0xc3 in for 0x77dbcce025
01-21 14:02:41.679 6931 13165 W MediaPlayer: Use of stream types is deprecated for operations other than volume control
01-21 14:02:41.680 6931 13165 W MediaPlayer: See the documentation of setAudioStreamType() for what to use instead with android.media.AudioAttributes to qualify your playback use case
01-21 14:02:41.685 6931 6931 E ArmVmp : Match on catch block at 0xc3 in for 0x77dbcce025
01-21 14:02:41.686 6931 6931 E ArmVmp : Match on catch block at 0xc3 in for 0x77dbcce025
01-21 14:02:41.752 6931 6931 E ArmVmp : Match on catch block at 0xc3 in for 0x77dbcce025
01-21 14:02:41.756 6931 6931 E ArmVmp : Match on catch block at 0xc3 in for 0x77dbcce025
01-21 14:02:41.807 6931 6931 E ArmVmp : Match on catch block at 0xc3 in for 0x77dbcce025
01-21 14:02:41.809 6931 6931 E ArmVmp : Match on catch block at 0xc3 in for 0x77dbcce025
01-21 14:02:41.824 6931 6931 E ArmVmp : Match on catch block at 0xc3 in for 0x77dbcce025
01-21 14:02:41.827 6931 6931 E ArmVmp : Match on catch block at 0xc3 in for 0x77dbcce025
01-21 14:02:41.923 6931 6931 E ArmVmp : Match on catch block at 0xc3 in for 0x77dbcce025
01-21 14:02:41.925 6931 6931 E ArmVmp : Match on catch block at 0xc3 in for 0x77dbcce025
01-21 14:02:41.936 6931 6931 E ArmVmp : Match on catch block at 0xc3 in for 0x77dbcce025
01-21 14:02:41.937 6931 6931 E ArmVmp : Match on catch block at 0xc3 in for 0x77dbcce025
01-21 14:02:41.952 6931 6931 E ArmVmp : Match on catch block at 0xc3 in for 0x77dbcce025
01-21 14:02:41.954 6931 6931 E ArmVmp : Match on catch block at 0xc3 in for 0x77dbcce025
01-21 14:02:41.959 6931 6931 E ArmVmp : Match on catch block at 0xc3 in for 0x77dbcce025
01-21 14:02:41.961 6931 6931 E ArmVmp : Match on catch block at 0xc3 in for 0x77dbcce025
01-21 14:02:41.971 6931 6931 E ArmVmp : Match on catch block at 0xc3 in for 0x77dbcce025
01-21 14:02:41.972 6931 6931 E ArmVmp : Match on catch block at 0xc3 in for 0x77dbcce025
01-21 14:02:42.067 6931 6931 E ArmVmp : Match on catch block at 0xc3 in for 0x77dbcce025
01-21 14:02:42.069 6931 6931 E ArmVmp : Match on catch block at 0xc3 in for 0x77dbcce025
01-21 14:02:42.087 6931 6931 E ArmVmp : Match on catch block at 0xc3 in for 0x77dbcce025
01-21 14:02:42.088 6931 6931 E ArmVmp : Match on catch block at 0xc3 in for 0x77dbcce025
01-21 14:02:42.186 6931 6931 E ArmVmp : Match on catch block at 0xc3 in for 0x77dbcce025
01-21 14:02:42.188 6931 6931 E ArmVmp : Match on catch block at 0xc3 in for 0x77dbcce025
01-21 14:02:50.846 6931 6931 W BottomSheetBehavior: BottomSheetBehavior now supports multiple callbacks. `setBottomSheetCallback()` removes all existing callbacks, including ones set internally by library authors, which may result in unintended behavior. This may change in the future. Please use `addBottomSheetCallback()` and `removeBottomSheetCallback()` instead to set your own callbacks.
01-21 14:02:50.846 6931 6931 W BottomSheetBehavior: BottomSheetBehavior now supports multiple callbacks. `setBottomSheetCallback()` removes all existing callbacks, including ones set internally by library authors, which may result in unintended behavior. This may change in the future. Please use `addBottomSheetCallback()` and `removeBottomSheetCallback()` instead to set your own callbacks.
01-21 14:02:50.859 6931 6931 W BottomSheetBehavior: BottomSheetBehavior now supports multiple callbacks. `setBottomSheetCallback()` removes all existing callbacks, including ones set internally by library authors, which may result in unintended behavior. This may change in the future. Please use `addBottomSheetCallback()` and `removeBottomSheetCallback()` instead to set your own callbacks.
01-21 14:02:50.859 6931 6931 W BottomSheetBehavior: BottomSheetBehavior now supports multiple callbacks. `setBottomSheetCallback()` removes all existing callbacks, including ones set internally by library authors, which may result in unintended behavior. This may change in the future. Please use `addBottomSheetCallback()` and `removeBottomSheetCallback()` instead to set your own callbacks.
01-21 14:02:50.869 6931 6931 W BottomSheetBehavior: BottomSheetBehavior now supports multiple callbacks. `setBottomSheetCallback()` removes all existing callbacks, including ones set internally by library authors, which may result in unintended behavior. This may change in the future. Please use `addBottomSheetCallback()` and `removeBottomSheetCallback()` instead to set your own callbacks.
01-21 14:02:50.869 6931 6931 W BottomSheetBehavior: BottomSheetBehavior now supports multiple callbacks. `setBottomSheetCallback()` removes all existing callbacks, including ones set internally by library authors, which may result in unintended behavior. This may change in the future. Please use `addBottomSheetCallback()` and `removeBottomSheetCallback()` instead to set your own callbacks.
01-21 14:02:50.878 6931 6931 W BottomSheetBehavior: BottomSheetBehavior now supports multiple callbacks. `setBottomSheetCallback()` removes all existing callbacks, including ones set internally by library authors, which may result in unintended behavior. This may change in the future. Please use `addBottomSheetCallback()` and `removeBottomSheetCallback()` instead to set your own callbacks.
01-21 14:02:50.878 6931 6931 W BottomSheetBehavior: BottomSheetBehavior now supports multiple callbacks. `setBottomSheetCallback()` removes all existing callbacks, including ones set internally by library authors, which may result in unintended behavior. This may change in the future. Please use `addBottomSheetCallback()` and `removeBottomSheetCallback()` instead to set your own callbacks.
01-21 14:02:50.891 6931 6931 W BottomSheetBehavior: BottomSheetBehavior now supports multiple callbacks. `setBottomSheetCallback()` removes all existing callbacks, including ones set internally by library authors, which may result in unintended behavior. This may change in the future. Please use `addBottomSheetCallback()` and `removeBottomSheetCallback()` instead to set your own callbacks.
01-21 14:02:50.891 6931 6931 W BottomSheetBehavior: BottomSheetBehavior now supports multiple callbacks. `setBottomSheetCallback()` removes all existing callbacks, including ones set internally by library authors, which may result in unintended behavior. This may change in the future. Please use `addBottomSheetCallback()` and `removeBottomSheetCallback()` instead to set your own callbacks.
01-21 14:02:50.897 6931 6931 E RecyclerView: No adapter attached; skipping layout
01-21 14:02:50.898 6931 6931 E RecyclerView: No adapter attached; skipping layout
01-21 14:02:50.898 6931 6931 E RecyclerView: No adapter attached; skipping layout
01-21 14:02:51.224 6931 7035 E SQLiteDatabase: Error inserting transferred=1 media_job_uuid=900b3f5e-bff4-4a1b-a42f-c84fbc9660e3 transcoded=0 gif_attribution=0 first_scan_length=3731 direct_path=/o1/v/t62.7118-24/f1/m238/up-oil-image-16ff21ef- 5faf-4778-abc4-2952c0d36c76?ccb=9- 4&oh=01_AdSIhdn3uQc9rQtiNSkOVyHd8JYOPg0PTRZqsvHRUK4Cng&oe=65D4181A&_nc_sid=000000 thumbnail_height_width_ratio=2.2325583 is_animated_sticker=0 file_hash=Tmv71wtrJ3J9QzMrSWx33iu8DlIH2JccFaQ1q4WRpXw= file_path=Media/.Statuses/623b387204784556a4e3f98fcec1d607.jpg file_size=40466 partial_media_hash=oYVoBQI2Fz8ZVao6afm182C5MOC+iJwzAxnWgQDSisk= face_x=0 face_y=0 height=960 trim_to=0 media_key_timestamp=1705811843000 message_url=https://mmg.whatsapp.net/o1/v/t62.7118-24/f1/m238/up-oil-image- 16ff21ef-5faf-4778-abc4-2952c0d36c76?ccb=9- 4&oh=01_AdSIhdn3uQc9rQtiNSkOVyHd8JYOPg0PTRZqsvHRUK4Cng&oe=65D4181A&_nc_sid=000000&m ms3=true media_caption=null trim_from=0 mime_type=image/jpeg partial_media_enc_hash=null width=432 original_file_hash=null has_streaming_sidecar=1 autotransfer_retry_enabled=1 media_upload_handle=null message_row_id=16602 multicast_id=null enc_file_hash=4HV22WSo436TGjcDf6yXphIXRRw+arQVg3J3vS9xWQs= mute_video=0 page_count=0 first_scan_sidecar=[B@b0272d8 suspicious_content=0 file_length=40466 media_name=null media_duration=0 chat_row_id=292 media_key=[B@a18e631
01-21 14:02:51.224 6931 7035 E SQLiteDatabase: android.database.sqlite.SQLiteConstraintException: UNIQUE constraint failed: message_media.message_row_id (code 1555 SQLITE_CONSTRAINT_PRIMARYKEY)
01-21 14:02:51.224 6931 7035 E SQLiteDatabase: at android.database.sqlite.SQLiteConnection.nativeExecuteForLastInsertedRowId(Native Method)
01-21 14:02:51.224 6931 7035 E SQLiteDatabase: at android.database.sqlite.SQLiteConnection.executeForLastInsertedRowId(Unknown Source:30)
01-21 14:02:51.224 6931 7035 E SQLiteDatabase: at android.database.sqlite.SQLiteSession.executeForLastInsertedRowId(Unknown Source:16)
01-21 14:02:51.224 6931 7035 E SQLiteDatabase: at android.database.sqlite.SQLiteStatement.executeInsert(Unknown Source:20)
01-21 14:02:51.224 6931 7035 E SQLiteDatabase: at android.database.sqlite.SQLiteDatabase.insertWithOnConflict(Unknown Source:144)
01-21 14:02:51.224 6931 7035 E SQLiteDatabase: at android.database.sqlite.SQLiteDatabase.insert(Unknown Source:1)
01-21 14:02:51.224 6931 7035 E SQLiteDatabase: at X.2tm.A08(Unknown Source:6)
01-21 14:02:51.224 6931 7035 E SQLiteDatabase: at X.35Y.A07(Unknown Source:212)
01-21 14:02:51.224 6931 7035 E SQLiteDatabase: at X.3QF.A14(Unknown Source:470)
01-21 14:02:51.224 6931 7035 E SQLiteDatabase: at X.3gU.run(Unknown Source:982)
01-21 14:02:51.224 6931 7035 E SQLiteDatabase: at android.os.Handler.handleCallback(Unknown Source:2)
01-21 14:02:51.224 6931 7035 E SQLiteDatabase: at android.os.Handler.dispatchMessage(Unknown Source:4)
01-21 14:02:51.224 6931 7035 E SQLiteDatabase: at X.0zq.dispatchMessage(Unknown Source:4)
01-21 14:02:51.224 6931 7035 E SQLiteDatabase: at android.os.Looper.loopOnce(Unknown Source:176)
01-21 14:02:51.224 6931 7035 E SQLiteDatabase: at android.os.Looper.loop(Unknown Source:76)
01-21 14:02:51.224 6931 7035 E SQLiteDatabase: at android.os.HandlerThread.run(Unknown Source:28)
01-21 14:02:52.048 6931 7035 E SQLiteDatabase: Error inserting transferred=0 media_job_uuid=b8edf921-9b47-4474-b984-da48f3707d08 transcoded=0 gif_attribution=0 first_scan_length=0 direct_path=/v/t62.7161- 24/32102734_1025994338488268_685242358756007_n.enc?ccb=11-4&oh=01_AdTjGqTI5sdla- Yo4rT1CQlSi7HtW4aqfu2YyO3Vd062lQ&oe=65D40559&_nc_sid=5e03e0 thumbnail_height_width_ratio=2.2857144 is_animated_sticker=0 file_hash=6ZV65eDU4jXuihnFc3fBqh1mmO3hgppCn9Pzsjq5Yho= file_path=null file_size=0 partial_media_hash=null face_x=0 face_y=0 height=656 trim_to=0 media_key_timestamp=1705812248000 message_url=https://mmg.whatsapp.net/v/t62.7161- 24/32102734_1025994338488268_685242358756007_n.enc?ccb=11-4&oh=01_AdTjGqTI5sdla- Yo4rT1CQlSi7HtW4aqfu2YyO3Vd062lQ&oe=65D40559&_nc_sid=5e03e0&mms3=true media_caption=null trim_from=0 mime_type=video/mp4 partial_media_enc_hash=null width=288 original_file_hash=null has_streaming_sidecar=1 autotransfer_retry_enabled=1 media_upload_handle=null message_row_id=16603 multicast_id=null enc_file_hash=8yTMtTSgfRKmld5NWMbhjFLSbpvNIgC9+YRuP+H9cDo= mute_video=0 page_count=0 first_scan_sidecar=null suspicious_content=0 file_length=1460342 media_name=null media_duration=11 chat_row_id=292 media_key=[B@c525880
01-21 14:02:52.048 6931 7035 E SQLiteDatabase: android.database.sqlite.SQLiteConstraintException: UNIQUE constraint failed: message_media.message_row_id (code 1555 SQLITE_CONSTRAINT_PRIMARYKEY)
01-21 14:02:52.048 6931 7035 E SQLiteDatabase: at android.database.sqlite.SQLiteConnection.nativeExecuteForLastInsertedRowId(Native Method)
01-21 14:02:52.048 6931 7035 E SQLiteDatabase: at android.database.sqlite.SQLiteConnection.executeForLastInsertedRowId(Unknown Source:30)
01-21 14:02:52.048 6931 7035 E SQLiteDatabase: at android.database.sqlite.SQLiteSession.executeForLastInsertedRowId(Unknown Source:16)
01-21 14:02:52.048 6931 7035 E SQLiteDatabase: at android.database.sqlite.SQLiteStatement.executeInsert(Unknown Source:20)
01-21 14:02:52.048 6931 7035 E SQLiteDatabase: at android.database.sqlite.SQLiteDatabase.insertWithOnConflict(Unknown Source:144)
01-21 14:02:52.048 6931 7035 E SQLiteDatabase: at android.database.sqlite.SQLiteDatabase.insert(Unknown Source:1)
01-21 14:02:52.048 6931 7035 E SQLiteDatabase: at X.2tm.A08(Unknown Source:6)
01-21 14:02:52.048 6931 7035 E SQLiteDatabase: at X.35Y.A07(Unknown Source:212)
01-21 14:02:52.048 6931 7035 E SQLiteDatabase: at X.3QF.A14(Unknown Source:470)
01-21 14:02:52.048 6931 7035 E SQLiteDatabase: at X.3gU.run(Unknown Source:982)
01-21 14:02:52.048 6931 7035 E SQLiteDatabase: at android.os.Handler.handleCallback(Unknown Source:2)
01-21 14:02:52.048 6931 7035 E SQLiteDatabase: at android.os.Handler.dispatchMessage(Unknown Source:4)
01-21 14:02:52.048 6931 7035 E SQLiteDatabase: at X.0zq.dispatchMessage(Unknown Source:4)
01-21 14:02:52.048 6931 7035 E SQLiteDatabase: at android.os.Looper.loopOnce(Unknown Source:176)
01-21 14:02:52.048 6931 7035 E SQLiteDatabase: at android.os.Looper.loop(Unknown Source:76)
01-21 14:02:52.048 6931 7035 E SQLiteDatabase: at android.os.HandlerThread.run(Unknown Source:28)
01-21 14:02:52.091 6931 7035 E SQLiteDatabase: Error inserting transferred=0 media_job_uuid=d1a2ea53-0691-44cd-83f9-830ea3f102b0 transcoded=0 gif_attribution=0 first_scan_length=0 direct_path=/v/t62.7161- 24/31602212_3610508032559706_6407320407857165617_n.enc?ccb=11- 4&oh=01_AdQvHnV_HETX8gtHmq8poAdzxpLLvkONCvFlp71Xd3ECYw&oe=65D33158&_nc_sid=5e03e0 thumbnail_height_width_ratio=1.7777778 is_animated_sticker=0 file_hash=9tNWY78EoxxE+eJfe/ruX2hYKuJqFI4BPhFWweeq2oc= file_path=null file_size=0 partial_media_hash=null face_x=0 face_y=0 height=656 trim_to=0 media_key_timestamp=1705756527000 message_url=https://mmg.whatsapp.net/v/t62.7161- 24/31602212_3610508032559706_6407320407857165617_n.enc?ccb=11- 4&oh=01_AdQvHnV_HETX8gtHmq8poAdzxpLLvkONCvFlp71Xd3ECYw&oe=65D33158&_nc_sid=5e03e0&m ms3=true media_caption=null trim_from=0 mime_type=video/mp4 partial_media_enc_hash=null width=368 original_file_hash=null has_streaming_sidecar=1 autotransfer_retry_enabled=1 media_upload_handle=null message_row_id=16404 multicast_id=null enc_file_hash=zJE3SHJIO1Ryd3GbhOGP26UGFupK5o2rpfwi0RYjHnU= mute_video=0 page_count=0 first_scan_sidecar=null suspicious_content=0 file_length=1590049 media_name=null media_duration=12 chat_row_id=292 media_key=[B@552b798
01-21 14:02:52.091 6931 7035 E SQLiteDatabase: android.database.sqlite.SQLiteConstraintException: UNIQUE constraint failed: message_media.message_row_id (code 1555 SQLITE_CONSTRAINT_PRIMARYKEY)
01-21 14:02:52.091 6931 7035 E SQLiteDatabase: at android.database.sqlite.SQLiteConnection.nativeExecuteForLastInsertedRowId(Native Method)
01-21 14:02:52.091 6931 7035 E SQLiteDatabase: at android.database.sqlite.SQLiteConnection.executeForLastInsertedRowId(Unknown Source:30)
01-21 14:02:52.091 6931 7035 E SQLiteDatabase: at android.database.sqlite.SQLiteSession.executeForLastInsertedRowId(Unknown Source:16)
01-21 14:02:52.091 6931 7035 E SQLiteDatabase: at android.database.sqlite.SQLiteStatement.executeInsert(Unknown Source:20)
01-21 14:02:52.091 6931 7035 E SQLiteDatabase: at android.database.sqlite.SQLiteDatabase.insertWithOnConflict(Unknown Source:144)
01-21 14:02:52.091 6931 7035 E SQLiteDatabase: at android.database.sqlite.SQLiteDatabase.insert(Unknown Source:1)
01-21 14:02:52.091 6931 7035 E SQLiteDatabase: at X.2tm.A08(Unknown Source:6)
01-21 14:02:52.091 6931 7035 E SQLiteDatabase: at X.35Y.A07(Unknown Source:212)
01-21 14:02:52.091 6931 7035 E SQLiteDatabase: at X.3QF.A14(Unknown Source:470)
01-21 14:02:52.091 6931 7035 E SQLiteDatabase: at X.3gU.run(Unknown Source:982)
01-21 14:02:52.091 6931 7035 E SQLiteDatabase: at android.os.Handler.handleCallback(Unknown Source:2)
01-21 14:02:52.091 6931 7035 E SQLiteDatabase: at android.os.Handler.dispatchMessage(Unknown Source:4)
01-21 14:02:52.091 6931 7035 E SQLiteDatabase: at X.0zq.dispatchMessage(Unknown Source:4)
01-21 14:02:52.091 6931 7035 E SQLiteDatabase: at android.os.Looper.loopOnce(Unknown Source:176)
01-21 14:02:52.091 6931 7035 E SQLiteDatabase: at android.os.Looper.loop(Unknown Source:76)
01-21 14:02:52.091 6931 7035 E SQLiteDatabase: at android.os.HandlerThread.run(Unknown Source:28)
01-21 14:02:52.769 6931 7035 E SQLiteDatabase: Error inserting transferred=0 media_job_uuid=bb5a5647-f579-4570-8653-8efafdcf1a64 transcoded=0 gif_attribution=0 first_scan_length=0 direct_path=/v/t62.7161- 24/30632828_1569846150459510_7230614291985719970_n.enc?ccb=11- 4&oh=01_AdQjRttvUQyma59KIW48TaaGrombJl9tSwGCXZIJhbd6-Q&oe=65D3C81C&_nc_sid=5e03e0 thumbnail_height_width_ratio=1.7777778 is_animated_sticker=0 file_hash=HsOb4hkG3qjE7IPt324ldmjxWmHWAxFZ1RfR0RKdaEM= file_path=null file_size=0 partial_media_hash=null face_x=0 face_y=0 height=1280 trim_to=0 media_key_timestamp=1705794898000 message_url=https://mmg.whatsapp.net/v/t62.7161- 24/30632828_1569846150459510_7230614291985719970_n.enc?ccb=11- 4&oh=01_AdQjRttvUQyma59KIW48TaaGrombJl9tSwGCXZIJhbd6- Q&oe=65D3C81C&_nc_sid=5e03e0&mms3=true media_caption=null trim_from=0 mime_type=video/mp4 partial_media_enc_hash=null width=720 original_file_hash=null has_streaming_sidecar=1 autotransfer_retry_enabled=0 media_upload_handle=null message_row_id=16524 multicast_id=null enc_file_hash=aJteMDoz4uH8i4hsiC2bc8sIpXhH5E+J/dkEnHmktG4= mute_video=0 page_count=0 first_scan_sidecar=null suspicious_content=0 file_length=9247501 media_name=null media_duration=24 chat_row_id=292 media_key=[B@7388146
01-21 14:02:52.769 6931 7035 E SQLiteDatabase: android.database.sqlite.SQLiteConstraintException: UNIQUE constraint failed: message_media.message_row_id (code 1555 SQLITE_CONSTRAINT_PRIMARYKEY)
01-21 14:02:52.769 6931 7035 E SQLiteDatabase: at android.database.sqlite.SQLiteConnection.nativeExecuteForLastInsertedRowId(Native Method)
01-21 14:02:52.769 6931 7035 E SQLiteDatabase: at android.database.sqlite.SQLiteConnection.executeForLastInsertedRowId(Unknown Source:30)
01-21 14:02:52.769 6931 7035 E SQLiteDatabase: at android.database.sqlite.SQLiteSession.executeForLastInsertedRowId(Unknown Source:16)
01-21 14:02:52.769 6931 7035 E SQLiteDatabase: at android.database.sqlite.SQLiteStatement.executeInsert(Unknown Source:20)
01-21 14:02:52.769 6931 7035 E SQLiteDatabase: at android.database.sqlite.SQLiteDatabase.insertWithOnConflict(Unknown Source:144)
01-21 14:02:52.769 6931 7035 E SQLiteDatabase: at android.database.sqlite.SQLiteDatabase.insert(Unknown Source:1)
01-21 14:02:52.769 6931 7035 E SQLiteDatabase: at X.2tm.A08(Unknown Source:6)
01-21 14:02:52.769 6931 7035 E SQLiteDatabase: at X.35Y.A07(Unknown Source:212)
01-21 14:02:52.769 6931 7035 E SQLiteDatabase: at X.3QF.A14(Unknown Source:470)
01-21 14:02:52.769 6931 7035 E SQLiteDatabase: at X.3gU.run(Unknown Source:982)
01-21 14:02:52.769 6931 7035 E SQLiteDatabase: at android.os.Handler.handleCallback(Unknown Source:2)
01-21 14:02:52.769 6931 7035 E SQLiteDatabase: at android.os.Handler.dispatchMessage(Unknown Source:4)
01-21 14:02:52.769 6931 7035 E SQLiteDatabase: at X.0zq.dispatchMessage(Unknown Source:4)
01-21 14:02:52.769 6931 7035 E SQLiteDatabase: at android.os.Looper.loopOnce(Unknown Source:176)
01-21 14:02:52.769 6931 7035 E SQLiteDatabase: at android.os.Looper.loop(Unknown Source:76)
01-21 14:02:52.769 6931 7035 E SQLiteDatabase: at android.os.HandlerThread.run(Unknown Source:28)
01-21 14:02:52.798 6931 7035 E SQLiteDatabase: Error inserting transferred=0 media_job_uuid=bb5a5647-f579-4570-8653-8efafdcf1a64 transcoded=0 gif_attribution=0 first_scan_length=0 direct_path=/v/t62.7161- 24/30632828_1569846150459510_7230614291985719970_n.enc?ccb=11- 4&oh=01_AdQjRttvUQyma59KIW48TaaGrombJl9tSwGCXZIJhbd6-Q&oe=65D3C81C&_nc_sid=5e03e0 thumbnail_height_width_ratio=1.7777778 is_animated_sticker=0 file_hash=HsOb4hkG3qjE7IPt324ldmjxWmHWAxFZ1RfR0RKdaEM= file_path=null file_size=0 partial_media_hash=null face_x=0 face_y=0 height=1280 trim_to=0 media_key_timestamp=1705794898000 message_url=https://mmg.whatsapp.net/v/t62.7161- 24/30632828_1569846150459510_7230614291985719970_n.enc?ccb=11- 4&oh=01_AdQjRttvUQyma59KIW48TaaGrombJl9tSwGCXZIJhbd6- Q&oe=65D3C81C&_nc_sid=5e03e0&mms3=true media_caption=null trim_from=0 mime_type=video/mp4 partial_media_enc_hash=null width=720 original_file_hash=null has_streaming_sidecar=1 autotransfer_retry_enabled=0 media_upload_handle=null message_row_id=16524 multicast_id=null enc_file_hash=aJteMDoz4uH8i4hsiC2bc8sIpXhH5E+J/dkEnHmktG4= mute_video=0 page_count=0 first_scan_sidecar=null suspicious_content=0 file_length=9247501 media_name=null media_duration=24 chat_row_id=292 media_key=[B@7388146
01-21 14:02:52.798 6931 7035 E SQLiteDatabase: android.database.sqlite.SQLiteConstraintException: UNIQUE constraint failed: message_media.message_row_id (code 1555 SQLITE_CONSTRAINT_PRIMARYKEY)
01-21 14:02:52.798 6931 7035 E SQLiteDatabase: at android.database.sqlite.SQLiteConnection.nativeExecuteForLastInsertedRowId(Native Method)
01-21 14:02:52.798 6931 7035 E SQLiteDatabase: at android.database.sqlite.SQLiteConnection.executeForLastInsertedRowId(Unknown Source:30)
