02-23 11:11:44.605 21486 3426 W BpBinder: Slow Binder: BpBinder transact took 366 ms, interface=android.media.IMediaMetadataRetriever, code=5 oneway=false
02-23 11:11:44.747 21486 3580 W BpBinder: Slow Binder: BpBinder transact took 408 ms, interface=android.media.IMediaMetadataRetriever, code=5 oneway=false
02-23 11:11:44.844 21486 28997 W BpBinder: Slow Binder: BpBinder transact took 335 ms, interface=android.media.IMediaMetadataRetriever, code=5 oneway=false
02-23 11:11:45.145 21486 3580 W BpBinder: Slow Binder: BpBinder transact took 202 ms, interface=android.media.IMediaMetadataRetriever, code=5 oneway=false
02-23 11:11:45.268 21486 28997 W BpBinder: Slow Binder: BpBinder transact took 219 ms, interface=android.media.IMediaMetadataRetriever, code=5 oneway=false
02-23 11:11:45.358 21486 3580 W BpBinder: Slow Binder: BpBinder transact took 208 ms, interface=android.media.IMediaMetadataRetriever, code=5 oneway=false
02-23 11:11:45.477 21486 28997 W BpBinder: Slow Binder: BpBinder transact took 205 ms, interface=android.media.IMediaMetadataRetriever, code=5 oneway=false
02-23 11:11:45.579 21486 3580 W BpBinder: Slow Binder: BpBinder transact took 215 ms, interface=android.media.IMediaMetadataRetriever, code=5 oneway=false
02-23 11:11:45.699 21486 28997 W BpBinder: Slow Binder: BpBinder transact took 218 ms, interface=android.media.IMediaMetadataRetriever, code=5 oneway=false
02-23 11:11:45.838 21486 3580 W BpBinder: Slow Binder: BpBinder transact took 255 ms, interface=android.media.IMediaMetadataRetriever, code=5 oneway=false
02-23 11:11:45.959 21486 28997 W BpBinder: Slow Binder: BpBinder transact took 256 ms, interface=android.media.IMediaMetadataRetriever, code=5 oneway=false
02-23 11:11:50.743 21486 22547 W BpBinder: Slow Binder: BpBinder transact took 406 ms, interface=android.hardware.camera2.ICameraDeviceUser, code=6 oneway=false
02-23 11:11:55.918 21486 3580 W BpBinder: Slow Binder: BpBinder transact took 239 ms, interface=android.media.IMediaMetadataRetriever, code=5 oneway=false
02-23 11:11:56.077 21486 29086 W BpBinder: Slow Binder: BpBinder transact took 207 ms, interface=android.media.IMediaMetadataRetriever, code=5 oneway=false
02-23 11:11:56.189 21486 3580 W BpBinder: Slow Binder: BpBinder transact took 267 ms, interface=android.media.IMediaMetadataRetriever, code=5 oneway=false
02-23 11:11:56.375 21486 29086 W BpBinder: Slow Binder: BpBinder transact took 235 ms, interface=android.media.IMediaMetadataRetriever, code=5 oneway=false
02-23 11:11:56.524 21486 3580 W BpBinder: Slow Binder: BpBinder transact took 331 ms, interface=android.media.IMediaMetadataRetriever, code=5 oneway=false
02-23 11:12:29.372 21486 22546 W BpBinder: Slow Binder: BpBinder transact took 202 ms, interface=android.hardware.camera2.ICameraDeviceUser, code=1 oneway=false
02-23 11:12:30.285 21486 3428 W BpBinder: Slow Binder: BpBinder transact took 260 ms, interface=android.media.IMediaMetadataRetriever, code=5 oneway=false
02-23 11:12:30.407 21486 6625 W BpBinder: Slow Binder: BpBinder transact took 264 ms, interface=android.media.IMediaMetadataRetriever, code=5 oneway=false
02-23 11:12:30.546 21486 28997 W BpBinder: Slow Binder: BpBinder transact took 344 ms, interface=android.media.IMediaMetadataRetriever, code=5 oneway=false
02-23 11:12:30.697 21486 3428 W BpBinder: Slow Binder: BpBinder transact took 410 ms, interface=android.media.IMediaMetadataRetriever, code=5 oneway=false
02-23 11:12:30.884 21486 6625 W BpBinder: Slow Binder: BpBinder transact took 429 ms, interface=android.media.IMediaMetadataRetriever, code=5 oneway=false
02-23 11:12:31.010 21486 28997 W BpBinder: Slow Binder: BpBinder transact took 459 ms, interface=android.media.IMediaMetadataRetriever, code=5 oneway=false
02-23 11:12:31.100 21486 3428 W BpBinder: Slow Binder: BpBinder transact took 398 ms, interface=android.media.IMediaMetadataRetriever, code=5 oneway=false
02-23 11:12:31.205 21486 6625 W BpBinder: Slow Binder: BpBinder transact took 263 ms, interface=android.media.IMediaMetadataRetriever, code=5 oneway=false
02-23 11:12:31.315 21486 28997 W BpBinder: Slow Binder: BpBinder transact took 302 ms, interface=android.media.IMediaMetadataRetriever, code=5 oneway=false
02-23 11:12:31.449 21486 3428 W BpBinder: Slow Binder: BpBinder transact took 344 ms, interface=android.media.IMediaMetadataRetriever, code=5 oneway=false
02-23 11:12:31.607 21486 6625 W BpBinder: Slow Binder: BpBinder transact took 362 ms, interface=android.media.IMediaMetadataRetriever, code=5 oneway=false
02-23 11:12:31.735 21486 28997 W BpBinder: Slow Binder: BpBinder transact took 416 ms, interface=android.media.IMediaMetadataRetriever, code=5 oneway=false
02-23 11:12:31.850 21486 3428 W BpBinder: Slow Binder: BpBinder transact took 395 ms, interface=android.media.IMediaMetadataRetriever, code=5 oneway=false
02-23 11:12:32.037 21486 6625 W BpBinder: Slow Binder: BpBinder transact took 381 ms, interface=android.media.IMediaMetadataRetriever, code=5 oneway=false
02-23 11:12:32.180 21486 28997 W BpBinder: Slow Binder: BpBinder transact took 442 ms, interface=android.media.IMediaMetadataRetriever, code=5 oneway=false
02-23 11:12:32.320 21486 3428 W BpBinder: Slow Binder: BpBinder transact took 466 ms, interface=android.media.IMediaMetadataRetriever, code=5 oneway=false
02-23 11:12:32.432 21486 6625 W BpBinder: Slow Binder: BpBinder transact took 342 ms, interface=android.media.IMediaMetadataRetriever, code=5 oneway=false
02-23 11:12:32.529 21486 28997 W BpBinder: Slow Binder: BpBinder transact took 344 ms, interface=android.media.IMediaMetadataRetriever, code=5 oneway=false
02-23 11:12:32.613 21486 3428 W BpBinder: Slow Binder: BpBinder transact took 289 ms, interface=android.media.IMediaMetadataRetriever, code=5 oneway=false
02-23 11:12:32.700 21486 6625 W BpBinder: Slow Binder: BpBinder transact took 231 ms, interface=android.media.IMediaMetadataRetriever, code=5 oneway=false
02-23 11:12:32.776 21486 28997 W BpBinder: Slow Binder: BpBinder transact took 243 ms, interface=android.media.IMediaMetadataRetriever, code=5 oneway=false
02-23 11:12:32.874 21486 3428 W BpBinder: Slow Binder: BpBinder transact took 234 ms, interface=android.media.IMediaMetadataRetriever, code=5 oneway=false
02-23 11:12:32.984 21486 28997 W BpBinder: Slow Binder: BpBinder transact took 204 ms, interface=android.media.IMediaMetadataRetriever, code=5 oneway=false
02-23 11:12:33.112 21486 3428 W BpBinder: Slow Binder: BpBinder transact took 233 ms, interface=android.media.IMediaMetadataRetriever, code=5 oneway=false
02-23 11:12:33.278 21486 28997 W BpBinder: Slow Binder: BpBinder transact took 289 ms, interface=android.media.IMediaMetadataRetriever, code=5 oneway=false
02-23 11:12:33.502 21486 21486 W BpBinder: Slow Binder: BpBinder transact took 243 ms, interface=android.view.IWindowSession, code=5 oneway=false
02-23 11:14:38.516 21486 21486 W InputEventReceiver: App Input: Dispatching InputEvent took 477ms in main thread! (MotionEvent: event_seq=5694, seq=6120030, action=ACTION_DOWN)
02-23 11:14:38.517 21486 21486 W InputEventReceiver: App Input: 396ms before dispatchInputEvent (MotionEvent: event_seq=5699, seq=6120039, action=ACTION_UP)
02-23 11:14:38.553 21486 21486 W Looper : PerfMonitor doFrame : time=34ms vsyncFrame=0 latency=467ms procState=2 historyMsgCount=1
02-23 11:14:39.184 21486 21486 W InputEventReceiver: App Input: Dispatching InputEvent took 276ms in main thread! (MotionEvent: event_seq=5711, seq=6120062, action=ACTION_DOWN)
02-23 11:14:39.583 21486 3436 W BpBinder: Slow Binder: BpBinder transact took 277 ms, interface=android.media.IMediaMetadataRetriever, code=5 oneway=false
02-23 11:14:39.683 21486 3580 W BpBinder: Slow Binder: BpBinder transact took 214 ms, interface=android.media.IMediaMetadataRetriever, code=5 oneway=false
02-23 11:14:39.800 21486 3436 W BpBinder: Slow Binder: BpBinder transact took 216 ms, interface=android.media.IMediaMetadataRetriever, code=5 oneway=false
02-23 11:14:40.294 21486 3436 W BpBinder: Slow Binder: BpBinder transact took 202 ms, interface=android.media.IMediaMetadataRetriever, code=5 oneway=false
02-23 11:14:40.346 21486 21486 W InputEventReceiver: App Input: Dispatching InputEvent took 223ms in main thread! (MotionEvent: event_seq=5737, seq=6120113, action=ACTION_DOWN)
02-23 11:14:40.720 21486 28997 W BpBinder: Slow Binder: BpBinder transact took 248 ms, interface=android.media.IMediaMetadataRetriever, code=5 oneway=false
02-23 11:14:40.866 21486 3436 W BpBinder: Slow Binder: BpBinder transact took 271 ms, interface=android.media.IMediaMetadataRetriever, code=5 oneway=false
02-23 11:14:40.946 21486 28997 W BpBinder: Slow Binder: BpBinder transact took 220 ms, interface=android.media.IMediaMetadataRetriever, code=5 oneway=false
02-23 11:14:41.467 21486 21486 W InputEventReceiver: App Input: Dispatching InputEvent took 202ms in main thread! (MotionEvent: event_seq=5754, seq=6120145, action=ACTION_DOWN)
02-23 11:14:41.819 21486 28997 W BpBinder: Slow Binder: BpBinder transact took 234 ms, interface=android.media.IMediaMetadataRetriever, code=5 oneway=false
02-23 11:14:41.924 21486 3580 W BpBinder: Slow Binder: BpBinder transact took 219 ms, interface=android.media.IMediaMetadataRetriever, code=5 oneway=false
02-23 11:14:42.078 21486 28997 W BpBinder: Slow Binder: BpBinder transact took 254 ms, interface=android.media.IMediaMetadataRetriever, code=5 oneway=false
02-23 11:14:42.195 21486 3580 W BpBinder: Slow Binder: BpBinder transact took 266 ms, interface=android.media.IMediaMetadataRetriever, code=5 oneway=false
02-23 11:14:42.344 21486 28997 W BpBinder: Slow Binder: BpBinder transact took 261 ms, interface=android.media.IMediaMetadataRetriever, code=5 oneway=false
02-23 11:14:42.457 21486 3580 W BpBinder: Slow Binder: BpBinder transact took 257 ms, interface=android.media.IMediaMetadataRetriever, code=5 oneway=false
02-23 11:14:53.509 21486 22547 W BpBinder: Slow Binder: BpBinder transact took 479 ms, interface=android.hardware.camera2.ICameraDeviceUser, code=6 oneway=false
02-23 11:14:54.365 21486 29086 W BpBinder: Slow Binder: BpBinder transact took 208 ms, interface=android.media.IMediaMetadataRetriever, code=5 oneway=false
02-23 11:14:54.741 21486 22546 W BpBinder: Slow Binder: BpBinder transact took 203 ms, interface=android.hardware.camera2.ICameraDeviceUser, code=1 oneway=false
02-23 12:22:47.835 21486 11939 W BpBinder: Slow Binder: BpBinder transact took 306 ms, interface=android.app.IActivityManager, code=22 oneway=false
02-23 12:22:48.203 21486 11957 W BpBinder: Slow Binder: BpBinder transact took 396 ms, interface=android.app.IActivityManager, code=22 oneway=false
02-23 12:40:03.943 21486 21486 W Looper : PerfMonitor doFrame : time=414ms vsyncFrame=0 latency=1ms procState=15
02-23 12:40:11.106 21486 21486 W Looper : PerfMonitor doFrame : time=4ms vsyncFrame=0 latency=805ms procState=10 historyMsgCount=3 (msgIndex=1 wall=647ms seq=59137 running=31ms runnable=4ms io=492ms h=android.os.Handler c=X.3fv) (msgIndex=2 wall=230ms seq=59138 running=2ms io=217ms late=622ms h=android.os.Handler c=X.3ds)
02-23 12:40:16.793 21486 27671 W BpBinder: Slow Binder: BpBinder transact took 697 ms, interface=android.app.IActivityManager, code=55 oneway=false
02-23 12:40:16.794 21486 14104 W BpBinder: Slow Binder: BpBinder transact took 829 ms, interface=android.net.IConnectivityManager, code=3 oneway=false
02-23 12:40:16.798 21486 21486 W BpBinder: Slow Binder: BpBinder transact took 614 ms, interface=android.app.IActivityManager, code=55 oneway=false
02-23 13:22:35.411 21486 21486 W Activity: Slow Operation: Activity com.whatsapp/.camera.CameraActivity onStart took 252ms
02-23 13:22:35.594 21486 21486 W Activity: Slow Operation: Activity com.whatsapp/.camera.CameraActivity onResume took 165ms
02-23 13:22:35.862 21486 22547 W BpBinder: Slow Binder: BpBinder transact took 258 ms, interface=android.hardware.ICameraService, code=4 oneway=false
02-23 13:22:36.029 21486 29086 W BpBinder: Slow Binder: BpBinder transact took 218 ms, interface=android.media.IMediaMetadataRetriever, code=3 oneway=false
02-23 13:22:36.109 21486 21486 W Looper : PerfMonitor doFrame : time=488ms vsyncFrame=0 latency=467ms procState=2 historyMsgCount=1 (msgIndex=1 wall=477ms seq=59544 running=45ms runnable=8ms io=349ms reclaim=6ms late=99ms h=android.app.ActivityThread$H w=159)
02-23 13:22:36.112 21486 21486 W Looper : PerfMonitor doFrame : time=0ms vsyncFrame=0 latency=458ms procState=2 historyMsgCount=6 (msgIndex=1 wall=488ms seq=59545 running=47ms runnable=3ms io=20ms late=467ms h=android.view.Choreographer$FrameHandler c=android.view.Choreographer$FrameDisplayEventReceiver)
02-23 13:22:36.511 21486 29086 W BpBinder: Slow Binder: BpBinder transact took 482 ms, interface=android.media.IMediaMetadataRetriever, code=5 oneway=false
02-23 13:22:36.667 21486 22547 W BpBinder: Slow Binder: BpBinder transact took 681 ms, interface=android.hardware.camera2.ICameraDeviceUser, code=6 oneway=false
02-23 13:22:37.589 21486 29086 W BpBinder: Slow Binder: BpBinder transact took 451 ms, interface=android.media.IMediaMetadataRetriever, code=5 oneway=false
02-23 13:22:38.163 21486 22546 W BpBinder: Slow Binder: BpBinder transact took 326 ms, interface=android.hardware.camera2.ICameraDeviceUser, code=1 oneway=false
02-23 13:22:38.226 21486 29080 W BpBinder: Slow Binder: BpBinder transact took 247 ms, interface=android.media.IMediaMetadataRetriever, code=5 oneway=false
02-23 13:22:38.440 21486 21486 W Looper : PerfMonitor doFrame : time=394ms vsyncFrame=0 latency=175ms procState=2 historyMsgCount=2 (msgIndex=1 wall=183ms seq=59651 running=33ms io=103ms late=8ms h=android.app.ActivityThread$H w=159)
02-23 13:22:38.542 21486 21486 W Looper : PerfMonitor doFrame : time=67ms vsyncFrame=0 latency=420ms procState=2 historyMsgCount=11 (msgIndex=1 wall=394ms seq=59653 running=159ms io=131ms late=175ms h=android.view.Choreographer$FrameHandler c=android.view.Choreographer$FrameDisplayEventReceiver)
02-23 13:22:38.671 21486 29086 W BpBinder: Slow Binder: BpBinder transact took 207 ms, interface=android.media.IMediaMetadataRetriever, code=5 oneway=false
02-23 13:23:13.548 21486 28865 W BpBinder: Slow Binder: BpBinder transact took 379 ms, interface=android.media.IMediaMetadataRetriever, code=5 oneway=false
02-23 13:40:26.643 21486 21486 W Looper : PerfMonitor looperActivity : package=com.whatsapp/.Conversation time=0ms latency=379ms running=0ms procState=2 ClientTransaction{ callbacks=[android.app.servertransaction.TopResumedActivityChang eItem] } historyMsgCount=3 (msgIndex=3 wall=378ms seq=65243 running=233ms io=88ms late=1ms h=android.app.ActivityThread$H w=159)
02-23 13:40:26.853 21486 21486 W Looper : PerfMonitor doFrame : time=210ms vsyncFrame=0 latency=366ms procState=2 historyMsgCount=2 (msgIndex=1 wall=378ms seq=65243 running=233ms io=88ms late=1ms h=android.app.ActivityThread$H w=159)
02-23 13:41:08.280 21486 28865 W BpBinder: Slow Binder: BpBinder transact took 236 ms, interface=android.media.IMediaMetadataRetriever, code=5 oneway=false
02-23 13:41:36.235 21486 21486 W Activity: Slow Operation: Activity com.whatsapp/.status.playback.StatusPlaybackActivity onDestroy took 155ms
02-23 13:41:46.342 21486 21486 W Looper : PerfMonitor looperActivity : package=com.whatsapp/.Conversation time=0ms latency=322ms running=0ms procState=2 ClientTransaction{ callbacks=[android.app.servertransaction.TopResumedActivityChang eItem] } historyMsgCount=3 (msgIndex=3 wall=311ms seq=70058 running=170ms io=109ms late=10ms h=android.app.ActivityThread$H w=159)
02-23 13:41:46.928 21486 21486 W Looper : PerfMonitor doFrame : time=16ms vsyncFrame=0 latency=544ms procState=2 historyMsgCount=11 (msgIndex=1 wall=281ms seq=70094 running=147ms io=41ms h=android.view.Choreographer$FrameHandler c=android.view.Choreographer$FrameDisplayEventReceiver) (msgIndex=10 wall=275ms seq=70103 running=238ms runnable=1ms io=7ms late=283ms h=android.view.ViewRootImpl$ViewRootHandler c=X.0jO)
02-23 13:41:50.968 21486 21486 W Activity: Slow Operation: Activity com.whatsapp/.contact.picker.ContactPicker onStart took 125ms
02-23 13:42:24.100 21486 21486 W Looper : PerfMonitor doFrame : time=349ms vsyncFrame=0 latency=238ms procState=2 historyMsgCount=1 (msgIndex=1 wall=252ms seq=71544 running=55ms io=178ms late=9ms h=android.app.ActivityThread$H w=159)
02-23 13:42:24.134 21486 21486 W Looper : PerfMonitor doFrame : time=17ms vsyncFrame=0 latency=305ms procState=2 historyMsgCount=25 (msgIndex=1 wall=349ms seq=71545 running=127ms io=164ms late=238ms h=android.view.Choreographer$FrameHandler c=android.view.Choreographer$FrameDisplayEventReceiver)
02-23 13:42:30.518 21486 21486 W Activity: Slow Operation: Activity com.whatsapp/.contact.picker.ContactPicker onStart took 128ms
02-23 13:42:37.195 21486 21486 W Looper : PerfMonitor looperActivity : package=com.whatsapp/.Conversation time=0ms latency=382ms running=0ms procState=2 ClientTransaction{ callbacks=[android.app.servertransaction.TopResumedActivityChang eItem] } historyMsgCount=18 (msgIndex=18 wall=358ms seq=72346 running=166ms io=148ms late=24ms h=android.app.ActivityThread$H w=159)
02-23 13:42:37.267 21486 21486 W Looper : PerfMonitor doFrame : time=71ms vsyncFrame=0 latency=346ms procState=2 historyMsgCount=4 (msgIndex=1 wall=358ms seq=72346 running=166ms io=148ms late=24ms h=android.app.ActivityThread$H w=159)
02-23 13:44:15.854 21486 21486 W Looper : PerfMonitor looperActivity : package=com.whatsapp/.Conversation time=0ms latency=641ms running=0ms procState=2 ClientTransaction{ callbacks=[android.app.servertransaction.TopResumedActivityChang eItem] } historyMsgCount=2 (msgIndex=1 wall=643ms seq=73088 running=256ms runnable=68ms io=233ms late=2ms h=android.app.ActivityThread$H w=159)
02-23 13:44:15.855 21486 21486 W Looper : PerfMonitor looperActivity : package=com.whatsapp/.Conversation time=0ms latency=633ms running=0ms procState=2 ClientTransaction{ callbacks=[android.app.servertransaction.TopResumedActivityChang eItem] } historyMsgCount=3 (msgIndex=1 wall=643ms seq=73088 running=256ms runnable=68ms io=233ms late=2ms h=android.app.ActivityThread$H w=159)
02-23 13:44:15.858 21486 21486 W Looper : PerfMonitor looperActivity : package=com.whatsapp/.Conversation time=3ms latency=633ms running=2ms procState=2 ClientTransaction{ lifecycleRequest=android.app.servertransaction.PauseActivityItem } historyMsgCount=4 (msgIndex=1 wall=643ms seq=73088 running=256ms runnable=68ms io=233ms late=2ms h=android.app.ActivityThread$H w=159)
02-23 13:44:15.872 21486 21486 W Looper : PerfMonitor looperActivity : package=com.whatsapp/.Conversation time=14ms latency=476ms running=9ms procState=2 ClientTransaction{ lifecycleRequest=android.app.servertransaction.ResumeActivityIte m } historyMsgCount=5 (msgIndex=1 wall=643ms seq=73088 running=256ms runnable=68ms io=233ms late=2ms h=android.app.ActivityThread$H w=159)
02-23 13:44:16.204 21486 21486 W Looper : PerfMonitor doFrame : time=329ms vsyncFrame=0 latency=15ms procState=2 historyMsgCount=38
02-23 13:44:16.533 21486 21486 W Looper : PerfMonitor doFrame : time=310ms vsyncFrame=0 latency=346ms procState=2 historyMsgCount=14 (msgIndex=1 wall=329ms seq=73131 running=110ms runnable=48ms io=49ms late=15ms h=android.view.Choreographer$FrameHandler c=android.view.Choreographer$FrameDisplayEventReceiver)
02-23 13:44:17.296 21486 21486 W InputEventReceiver: App Input: Dispatching InputEvent took 423ms in main thread! (MotionEvent: event_seq=6454, seq=6133006, action=ACTION_DOWN)
02-23 13:44:17.333 21486 21486 W Looper : PerfMonitor doFrame : time=36ms vsyncFrame=0 latency=420ms procState=2
02-23 13:44:18.016 21486 21486 W Looper : PerfMonitor doFrame : time=31ms vsyncFrame=0 latency=541ms procState=2 historyMsgCount=10 (msgIndex=1 wall=246ms seq=73214 running=16ms io=26ms h=android.view.Choreographer$FrameHandler c=android.view.Choreographer$FrameDisplayEventReceiver) (msgIndex=6 wall=327ms seq=73219 running=6ms io=15ms late=234ms h=android.view.ViewRootImpl$ViewRootHandler c=X.3eT)
02-23 13:44:34.777 21486 21486 W Looper : PerfMonitor looperActivity : package=com.whatsapp/.HomeActivity time=0ms latency=393ms running=0ms procState=2 ClientTransaction{ callbacks=[android.app.servertransaction.TopResumedActivityChang eItem] } historyMsgCount=6 (msgIndex=6 wall=382ms seq=74247 running=198ms io=49ms late=13ms h=android.app.ActivityThread$H w=159)
02-23 13:44:35.520 21486 21486 W Looper : PerfMonitor doFrame : time=715ms vsyncFrame=0 latency=40ms procState=2 historyMsgCount=24 (msgIndex=1 wall=382ms seq=74247 running=198ms io=49ms late=13ms h=android.app.ActivityThread$H w=159)
02-23 13:44:35.579 21486 21486 W Looper : PerfMonitor doFrame : time=57ms vsyncFrame=0 latency=707ms procState=2 historyMsgCount=5 (msgIndex=1 wall=715ms seq=74271 running=572ms io=16ms late=40ms h=android.view.Choreographer$FrameHandler c=android.view.Choreographer$FrameDisplayEventReceiver)
02-23 13:44:36.430 21486 28865 W BpBinder: Slow Binder: BpBinder transact took 271 ms, interface=android.media.IMediaMetadataRetriever, code=5 oneway=false
02-23 13:44:42.030 21486 21486 W BpBinder: Slow Binder: BpBinder transact took 227 ms, interface=android.view.IWindowSession, code=5 oneway=false
02-23 13:46:39.354 21486 21486 W Activity: Slow Operation: Activity com.whatsapp/.HomeActivity onPause took 70ms
02-23 13:47:22.650 21486 21486 W Looper : PerfMonitor looperActivity : package=com.whatsapp/.Conversation time=0ms latency=541ms running=0ms procState=2 ClientTransaction{ callbacks=[android.app.servertransaction.TopResumedActivityChang eItem] } historyMsgCount=1 (msgIndex=1 wall=541ms seq=75166 running=213ms runnable=27ms io=256ms late=1ms h=android.app.ActivityThread$H w=159)
02-23 13:47:54.384 21486 21486 W InputEventReceiver: App Input: Dispatching InputEvent took 344ms in main thread! (MotionEvent: event_seq=6524, seq=6136137, action=ACTION_DOWN) --------- beginning of main
02-23 13:50:23.812 11983 11983 E com.whatsapp: Unknown bits set in runtime_flags: 0x800000
02-23 13:50:23.823 11983 11983 E com.whatsapp: Not starting debugger since process cannot load the jdwp agent.
02-23 13:50:24.126 11983 11983 W ResourceType: CREATING STRING CACHE OF 192 bytes
02-23 13:50:24.196 11983 11983 W System.err: java.lang.ClassNotFoundException: mbmodsd.mbmodsw.ui.views.btn.BtnBK
02-23 13:50:24.197 11983 11983 W System.err: at java.lang.Runtime.nativeLoad(Native Method)
02-23 13:50:24.197 11983 11983 W System.err: at java.lang.Runtime.nativeLoad(Runtime.java:1131)
02-23 13:50:24.197 11983 11983 W System.err: at java.lang.Runtime.loadLibrary0(Runtime.java:1085)
02-23 13:50:24.197 11983 11983 W System.err: at java.lang.Runtime.loadLibrary0(Runtime.java:1008)
02-23 13:50:24.197 11983 11983 W System.err: at java.lang.System.loadLibrary(System.java:1664)
02-23 13:50:24.197 11983 11983 W System.err: at arm.EpicVm.<clinit>(Unknown Source:2)
02-23 13:50:24.197 11983 11983 W System.err: at java.lang.Class.newInstance(Native Method)
02-23 13:50:24.197 11983 11983 W System.err: at android.app.AppComponentFactory.instantiateApplication(AppComponentFactory.java:76)
02-23 13:50:24.197 11983 11983 W System.err: at androidx.core.app.CoreComponentFactory.instantiateApplication(Unknown Source:0)
02-23 13:50:24.197 11983 11983 W System.err: at android.app.Instrumentation.newApplication(Instrumentation.java:1158)
02-23 13:50:24.197 11983 11983 W System.err: at android.app.LoadedApk.makeApplication(LoadedApk.java:1240)
02-23 13:50:24.197 11983 11983 W System.err: at android.app.ActivityThread.handleBindApplication(ActivityThread.java:6928)
02-23 13:50:24.197 11983 11983 W System.err: at android.app.ActivityThread.access$1500(ActivityThread.java:255)
02-23 13:50:24.197 11983 11983 W System.err: at android.app.ActivityThread$H.handleMessage(ActivityThread.java:1978)
02-23 13:50:24.198 11983 11983 W System.err: at android.os.Handler.dispatchMessage(Handler.java:106)
02-23 13:50:24.198 11983 11983 W System.err: at android.os.Looper.loop(Looper.java:236)
02-23 13:50:24.198 11983 11983 W System.err: at android.app.ActivityThread.main(ActivityThread.java:8019)
02-23 13:50:24.198 11983 11983 W System.err: at java.lang.reflect.Method.invoke(Native Method)
02-23 13:50:24.198 11983 11983 W System.err: at com.android.internal.os.RuntimeInit$MethodAndArgsCaller.run(RuntimeInit.java:600)
02-23 13:50:24.198 11983 11983 W System.err: at com.android.internal.os.ZygoteInit.main(ZygoteInit.java:967)
02-23 13:50:24.241 11983 11983 E CustomActivityOnCrash: IMPORTANT WARNING! You already have an UncaughtExceptionHandler, are you sure this is correct? If you use a custom UncaughtExceptionHandler, you must initialize it AFTER CustomActivityOnCrash! Installing anyway, but your original handler will not be called.
02-23 13:50:24.275 11983 12015 E libc : Access denied finding property "ro.vendor.df.effect.conflict"
02-23 13:50:24.275 11983 12015 E libc : Access denied finding property "ro.vendor.knock.type"
02-23 13:50:24.260 11983 11983 W firebase-iid-ex: type=1400 audit(0.0:574843): avc: denied { read } for name="u:object_r:vendor_displayfeature_prop:s0" dev="tmpfs" ino=1232 scontext=u:r:untrusted_app:s0:c213,c257,c512,c768 tcontext=u:object_r:vendor_displayfeature_prop:s0 tclass=file permissive=0 app=com.whatsapp
02-23 13:50:24.607 11983 12015 W com.whatsapp: Long monitor contention with owner main (11983) at java.io.File[] android.app.ContextImpl.getExternalMediaDirs() (ContextImpl.java:843) waiters=0 in java.io.File android.app.ContextImpl.getNoBackupFilesDir() for 303ms
02-23 13:50:24.622 11983 12015 W LibraryVersion: Failed to get app version for libraryName: firebase-iid
02-23 13:50:24.957 11983 11983 W com.whatsapp: Accessing hidden method Lcom/android/org/conscrypt/OpenSSLSocketImpl;->setUseSessionTickets(Z)V (greylist- max-q,test-api, reflection, denied)
02-23 13:50:24.958 11983 11983 W com.whatsapp: Accessing hidden method Lcom/android/org/conscrypt/AbstractConscryptSocket;->setUseSessionTickets(Z)V (greylist-max-q, reflection, denied)
02-23 13:50:25.010 11983 11983 W linker : Warning: "/data/data/com.whatsapp/files/decompressed/libs.spk.zst/libc++_shared.so" unused DT entry: unknown processor-specific (type 0x70000001 arg 0x0) (ignoring)
02-23 13:50:25.000 11983 11983 W com.whatsapp: type=1400 audit(0.0:574844): avc: granted { execute } for path="/data/data/com.whatsapp/files/decompressed/libs.spk.zst/libc++_shared.so" dev="dm-10" ino=372071 scontext=u:r:untrusted_app:s0:c213,c257,c512,c768 tcontext=u:object_r:app_data_file:s0:c213,c257,c512,c768 tclass=file app=com.whatsapp
02-23 13:50:25.000 11983 11983 W com.whatsapp: type=1400 audit(0.0:574845): avc: granted { execute } for path="/data/data/com.whatsapp/files/decompressed/libs.spk.zst/libvlc.so" dev="dm- 10" ino=335014 scontext=u:r:untrusted_app:s0:c213,c257,c512,c768 tcontext=u:object_r:app_data_file:s0:c213,c257,c512,c768 tclass=file app=com.whatsapp
02-23 13:50:25.010 11983 11983 W com.whatsapp: type=1400 audit(0.0:574846): avc: granted { execute } for path="/data/data/com.whatsapp/files/decompressed/libs.spk.zst/libwhatsapp.so" dev="dm-10" ino=335273 scontext=u:r:untrusted_app:s0:c213,c257,c512,c768 tcontext=u:object_r:app_data_file:s0:c213,c257,c512,c768 tclass=file app=com.whatsapp
02-23 13:50:25.050 11983 11983 W com.whatsapp: type=1400 audit(0.0:574847): avc: granted { execute } for path="/data/data/com.whatsapp/files/decompressed/libs.spk.zst/libcurve25519.so" dev="dm-10" ino=372156 scontext=u:r:untrusted_app:s0:c213,c257,c512,c768 tcontext=u:object_r:app_data_file:s0:c213,c257,c512,c768 tclass=file app=com.whatsapp
02-23 13:50:25.060 11983 11983 W com.whatsapp: type=1400 audit(0.0:574848): avc: granted { execute } for path="/data/data/com.whatsapp/files/decompressed/libs.spk.zst/libwhatsapp.so" dev="dm-10" ino=335273 scontext=u:r:untrusted_app:s0:c213,c257,c512,c768 tcontext=u:object_r:app_data_file:s0:c213,c257,c512,c768 tclass=file app=com.whatsapp
02-23 13:50:25.060 11983 11983 W com.whatsapp: type=1400 audit(0.0:574849): avc: granted { execute } for path="/data/data/com.whatsapp/files/decompressed/libs.spk.zst/libwhatsapp.so" dev="dm-10" ino=335273 scontext=u:r:untrusted_app:s0:c213,c257,c512,c768 tcontext=u:object_r:app_data_file:s0:c213,c257,c512,c768 tclass=file app=com.whatsapp
02-23 13:50:25.060 11983 11983 W com.whatsapp: type=1400 audit(0.0:574850): avc: granted { execute } for path="/data/data/com.whatsapp/files/decompressed/libs.spk.zst/libwhatsapp.so" dev="dm-10" ino=335273 scontext=u:r:untrusted_app:s0:c213,c257,c512,c768 tcontext=u:object_r:app_data_file:s0:c213,c257,c512,c768 tclass=file app=com.whatsapp
02-23 13:50:25.127 11983 12055 W com.whatsapp: Class X.2rL failed lock verification and will run slower.
02-23 13:50:25.127 11983 12055 W com.whatsapp: Common causes for lock verification issues are non-optimized dex code
02-23 13:50:25.127 11983 12055 W com.whatsapp: and incorrect proguard optimizations.
02-23 13:50:25.187 11983 11983 W Looper : PerfMonitor longMsg : seq=2 plan=13:50:23.860 late=19ms wall=1242ms running=306ms runnable=67ms io=417ms h=android.app.ActivityThread$H w=110 procState=2
02-23 13:50:25.201 11983 11983 W com.whatsapp: Class X.0eU failed lock verification and will run slower.
02-23 13:50:25.411 11983 12065 E linker : library "" ("/apex/com.android.vndk.v30/lib64") needed or dlopened by "/apex/com.android.vndk.v30/lib64/libRS_internal.so" is not accessible for the namespace: [name="rs", ld_library_paths="", default_library_paths="/apex/com.android.vndk.v30/lib64:/vendor/lib64", permitted_paths="/odm/lib64:/vendor/lib64:/system/vendor/lib64:/data"]
02-23 13:50:25.411 11983 12065 E RenderScript: Failed loading RS driver: dlopen failed: library "" needed or dlopened by "/apex/com.android.vndk.v30/lib64/libRS_internal.so" is not accessible for the namespace "rs"
02-23 13:50:25.411 11983 12065 E RenderScript: Failed to load runtime , loading default
02-23 13:50:25.610 11983 11983 E ArmVmp : Match on catch block at 0xb0 in for 0xe1
02-23 13:50:25.613 11983 11983 E ArmVmp : Match on catch block at 0xb0 in for 0xe5
02-23 13:50:25.682 11983 11983 E ArmVmp : Match on catch block at 0x0a in for 0xc9
02-23 13:50:25.685 11983 11983 E ArmVmp : Match on catch block at 0x0a in for 0xc1
02-23 13:50:25.745 11983 11983 W Looper : PerfMonitor looperActivity : package=com.whatsapp/.Conversation time=558ms latency=1298ms running=328ms procState=2 ClientTransaction{ callbacks=[android.app.servertransaction.LaunchActivityItem] lifecycleRequest=android.app.servertransaction.ResumeActivityItem } historyMsgCount=1 (msgIndex=1 wall=1242ms seq=2 running=306ms runnable=67ms io=417ms late=19ms h=android.app.ActivityThread$H w=110)
02-23 13:50:25.746 11983 11983 W Looper : PerfMonitor looperActivity : package=com.whatsapp/.Conversation time=0ms latency=1856ms running=0ms procState=2 ClientTransaction{ callbacks=[android.app.servertransaction.TopResumedActivityChang eItem] } historyMsgCount=2 (msgIndex=1 wall=1242ms seq=2 running=306ms runnable=67ms io=417ms late=19ms h=android.app.ActivityThread$H w=110) (msgIndex=2 wall=558ms seq=3 running=328ms runnable=17ms io=142ms late=1298ms h=android.app.ActivityThread$H w=159)
02-23 13:50:25.953 11983 11983 W View : requestLayout() improperly called by X.4rg{44930bf V.E....L. ......ID 0,513-1080,1457} during layout: running second layout pass
02-23 13:50:25.953 11983 11983 W View : requestLayout() improperly called by android.widget.LinearLayout{2be238c V.E...... ......ID 108,12-810,941 #7f0b0e50 app:id/main_layout} during layout: running second layout pass
02-23 13:50:25.953 11983 11983 W View : requestLayout() improperly called by com.whatsapp.conversation.conversationrow.ConversationRowImage$RowImageView{411fad5 VFED..CL. ......ID 10,10-692,854 #7f0b0c84 app:id/image} during layout: running second layout pass
02-23 13:50:25.959 11983 11983 E ArmVmp : Match on catch block at 0xc3 in for 0xb1
02-23 13:50:25.972 11983 11983 E ArmVmp : Match on catch block at 0xc3 in for 0xb1
02-23 13:50:25.976 11983 11983 E ArmVmp : Match on catch block at 0xc3 in for 0xb1
02-23 13:50:26.077 11983 11983 E ArmVmp : Match on catch block at 0xc3 in for 0xa9
02-23 13:50:26.085 11983 11983 E ArmVmp : Match on catch block at 0xc3 in for 0xa5
02-23 13:50:26.093 11983 11983 W Looper : PerfMonitor doFrame : time=19ms vsyncFrame=0 latency=311ms procState=2 historyMsgCount=11 (msgIndex=1 wall=271ms seq=51 running=135ms runnable=11ms io=64ms late=8ms h=android.view.Choreographer$FrameHandler c=android.view.Choreographer$FrameDisplayEventReceiver)
02-23 13:50:26.087 11983 11983 E ArmVmp : Match on catch block at 0xc3 in for 0xa5
02-23 13:50:26.118 11983 11983 W View : requestLayout() improperly called by X.4rg{44930bf V.E....L. ......ID 0,513-1080,1457} during second layout pass: posting in next frame
02-23 13:50:26.118 11983 11983 W View : requestLayout() improperly called by android.widget.LinearLayout{2be238c V.E...... ......ID 108,12-810,941 #7f0b0e50 app:id/main_layout} during second layout pass: posting in next frame
02-23 13:50:26.134 11983 11983 E ArmVmp : Match on catch block at 0xc3 in for 0xa9
02-23 13:50:26.137 11983 11983 E ArmVmp : Match on catch block at 0xc3 in for 0xa1
02-23 13:50:26.140 11983 11983 E ArmVmp : Match on catch block at 0xc3 in for 0xa1
02-23 13:50:26.172 11983 11983 E ArmVmp : Match on catch block at 0xc3 in for 0xa5
02-23 13:50:26.175 11983 11983 E ArmVmp : Match on catch block at 0xc3 in for 0xa9
02-23 13:50:26.178 11983 11983 E ArmVmp : Match on catch block at 0xc3 in for 0xa9
02-23 13:50:26.182 11983 11983 E ArmVmp : Match on catch block at 0xc3 in for 0xa1
02-23 13:50:26.184 11983 11983 E ArmVmp : Match on catch block at 0xc3 in for 0xa5
02-23 13:50:26.187 11983 11983 E ArmVmp : Match on catch block at 0xc3 in for 0xa5
02-23 13:50:26.546 11983 11983 E ArmVmp : Match on catch block at 0xc3 in for 0xa5
02-23 13:50:26.548 11983 11983 E ArmVmp : Match on catch block at 0xc3 in for 0xa9
02-23 13:50:26.550 11983 11983 E ArmVmp : Match on catch block at 0xc3 in for 0xa9
02-23 13:50:26.563 11983 11983 E ArmVmp : Match on catch block at 0xc3 in for 0xa1
02-23 13:50:26.566 11983 11983 E ArmVmp : Match on catch block at 0xc3 in for 0xa5
02-23 13:50:26.569 11983 11983 E ArmVmp : Match on catch block at 0xc3 in for 0xa5
02-23 13:50:26.580 11983 11983 E ArmVmp : Match on catch block at 0xc3 in for 0xa9
02-23 13:50:26.584 11983 11983 E ArmVmp : Match on catch block at 0xc3 in for 0xa1
02-23 13:50:26.586 11983 11983 E ArmVmp : Match on catch block at 0xc3 in for 0xa1
02-23 13:50:26.596 11983 11983 E ArmVmp : Match on catch block at 0xc3 in for 0xa5
02-23 13:50:26.599 11983 11983 E ArmVmp : Match on catch block at 0xc3 in for 0xa9
02-23 13:50:26.601 11983 11983 E ArmVmp : Match on catch block at 0xc3 in for 0xa9
02-23 13:50:26.613 11983 11983 E ArmVmp : Match on catch block at 0xc3 in for 0xa1
02-23 13:50:26.615 11983 11983 E ArmVmp : Match on catch block at 0xc3 in for 0xa5
02-23 13:50:26.617 11983 11983 E ArmVmp : Match on catch block at 0xc3 in for 0xa5
02-23 13:50:26.629 11983 11983 E ArmVmp : Match on catch block at 0xc3 in for 0xa1
02-23 13:50:26.632 11983 11983 E ArmVmp : Match on catch block at 0xc3 in for 0xa5
02-23 13:50:26.634 11983 11983 E ArmVmp : Match on catch block at 0xc3 in for 0xa5
02-23 13:50:26.646 11983 11983 E ArmVmp : Match on catch block at 0xc3 in for 0xa9
02-23 13:50:26.649 11983 11983 E ArmVmp : Match on catch block at 0xc3 in for 0xa1
02-23 13:50:26.651 11983 11983 E ArmVmp : Match on catch block at 0xc3 in for 0xa1
02-23 13:50:26.663 11983 11983 E ArmVmp : Match on catch block at 0xc3 in for 0xa5
02-23 13:50:26.666 11983 11983 E ArmVmp : Match on catch block at 0xc3 in for 0xa9
02-23 13:50:26.680 11983 11983 E ArmVmp : Match on catch block at 0xc3 in for 0xa9
02-23 13:50:26.683 11983 11983 E ArmVmp : Match on catch block at 0xc3 in for 0xa1
02-23 13:50:26.687 11983 11983 E ArmVmp : Match on catch block at 0xc3 in for 0xa1
02-23 13:50:26.696 11983 11983 E ArmVmp : Match on catch block at 0xc3 in for 0xa9
02-23 13:50:26.699 11983 11983 E ArmVmp : Match on catch block at 0xc3 in for 0xa1
02-23 13:50:26.701 11983 11983 E ArmVmp : Match on catch block at 0xc3 in for 0xa1
02-23 13:50:26.716 11983 11983 E ArmVmp : Match on catch block at 0xc3 in for 0xa9
02-23 13:50:26.719 11983 11983 E ArmVmp : Match on catch block at 0xc3 in for 0xa1
02-23 13:50:26.721 11983 11983 E ArmVmp : Match on catch block at 0xc3 in for 0xa1
02-23 13:50:26.738 11983 11983 E ArmVmp : Match on catch block at 0xc3 in for 0xa1
02-23 13:50:26.740 11983 11983 E ArmVmp : Match on catch block at 0xc3 in for 0xa5
02-23 13:50:26.742 11983 11983 E ArmVmp : Match on catch block at 0xc3 in for 0xa5
02-23 13:50:26.749 11983 11983 E ArmVmp : Match on catch block at 0xc3 in for 0xa9
02-23 13:50:26.753 11983 11983 E ArmVmp : Match on catch block at 0xc3 in for 0xa1
02-23 13:50:26.755 11983 11983 E ArmVmp : Match on catch block at 0xc3 in for 0xa1
02-23 13:50:26.763 11983 11983 E ArmVmp : Match on catch block at 0xc3 in for 0xa5
02-23 13:50:26.767 11983 11983 E ArmVmp : Match on catch block at 0xc3 in for 0xa9
02-23 13:50:26.769 11983 11983 E ArmVmp : Match on catch block at 0xc3 in for 0xa9
02-23 13:50:26.779 11983 11983 E ArmVmp : Match on catch block at 0xc3 in for 0xa1
02-23 13:50:26.782 11983 11983 E ArmVmp : Match on catch block at 0xc3 in for 0xa5
02-23 13:50:26.785 11983 11983 E ArmVmp : Match on catch block at 0xc3 in for 0xa5
02-23 13:50:26.796 11983 11983 E ArmVmp : Match on catch block at 0xc3 in for 0xa9
02-23 13:50:26.800 11983 11983 E ArmVmp : Match on catch block at 0xc3 in for 0xa1
02-23 13:50:26.802 11983 11983 E ArmVmp : Match on catch block at 0xc3 in for 0xa1
02-23 13:50:26.813 11983 11983 E ArmVmp : Match on catch block at 0xc3 in for 0xa5
02-23 13:50:26.818 11983 11983 E ArmVmp : Match on catch block at 0xc3 in for 0xa9
02-23 13:50:26.820 11983 11983 E ArmVmp : Match on catch block at 0xc3 in for 0xa9
02-23 13:50:26.829 11983 11983 E ArmVmp : Match on catch block at 0xc3 in for 0xa1
02-23 13:50:26.833 11983 11983 E ArmVmp : Match on catch block at 0xc3 in for 0xa5
02-23 13:50:26.836 11983 11983 E ArmVmp : Match on catch block at 0xc3 in for 0xa5
02-23 13:50:26.846 11983 11983 E ArmVmp : Match on catch block at 0xc3 in for 0xa9
02-23 13:50:26.850 11983 11983 E ArmVmp : Match on catch block at 0xc3 in for 0xa1
02-23 13:50:26.851 11983 11983 E ArmVmp : Match on catch block at 0xc3 in for 0xa1
02-23 13:50:26.863 11983 11983 E ArmVmp : Match on catch block at 0xc3 in for 0xa5
02-23 13:50:26.866 11983 11983 E ArmVmp : Match on catch block at 0xc3 in for 0xa9
02-23 13:50:26.869 11983 11983 E ArmVmp : Match on catch block at 0xc3 in for 0xa9
02-23 13:50:26.880 11983 11983 E ArmVmp : Match on catch block at 0xc3 in for 0xa1
02-23 13:50:26.883 11983 11983 E ArmVmp : Match on catch block at 0xc3 in for 0xa5
02-23 13:50:26.884 11983 11983 E ArmVmp : Match on catch block at 0xc3 in for 0xa5
02-23 13:50:26.896 11983 11983 E ArmVmp : Match on catch block at 0xc3 in for 0xa9
02-23 13:50:26.900 11983 11983 E ArmVmp : Match on catch block at 0xc3 in for 0xa1
02-23 13:50:26.902 11983 11983 E ArmVmp : Match on catch block at 0xc3 in for 0xa1
02-23 13:50:26.913 11983 11983 E ArmVmp : Match on catch block at 0xc3 in for 0xa5
02-23 13:50:26.916 11983 11983 E ArmVmp : Match on catch block at 0xc3 in for 0xa9
02-23 13:50:26.918 11983 11983 E ArmVmp : Match on catch block at 0xc3 in for 0xa9
02-23 13:50:26.929 11983 11983 E ArmVmp : Match on catch block at 0xc3 in for 0xa1
02-23 13:50:26.932 11983 11983 E ArmVmp : Match on catch block at 0xc3 in for 0xa5
02-23 13:50:26.934 11983 11983 E ArmVmp : Match on catch block at 0xc3 in for 0xa5
02-23 13:50:26.946 11983 11983 E ArmVmp : Match on catch block at 0xc3 in for 0xa9
02-23 13:50:26.949 11983 11983 E ArmVmp : Match on catch block at 0xc3 in for 0xa1
02-23 13:50:26.952 11983 11983 E ArmVmp : Match on catch block at 0xc3 in for 0xa1
02-23 13:50:26.964 11983 11983 E ArmVmp : Match on catch block at 0xc3 in for 0xa1
02-23 13:50:26.967 11983 11983 E ArmVmp : Match on catch block at 0xc3 in for 0xa5
02-23 13:50:26.969 11983 11983 E ArmVmp : Match on catch block at 0xc3 in for 0xa5
02-23 13:50:26.980 11983 11983 E ArmVmp : Match on catch block at 0xc3 in for 0xa5
02-23 13:50:26.983 11983 11983 E ArmVmp : Match on catch block at 0xc3 in for 0xa9
02-23 13:50:26.984 11983 11983 E ArmVmp : Match on catch block at 0xc3 in for 0xa9
02-23 13:50:26.996 11983 11983 E ArmVmp : Match on catch block at 0xc3 in for 0xa5
02-23 13:50:26.999 11983 11983 E ArmVmp : Match on catch block at 0xc3 in for 0xa9
02-23 13:50:27.000 11983 11983 E ArmVmp : Match on catch block at 0xc3 in for 0xa9
02-23 13:50:27.015 11983 11983 E ArmVmp : Match on catch block at 0xc3 in for 0xa5
02-23 13:50:27.017 11983 11983 E ArmVmp : Match on catch block at 0xc3 in for 0xa9
02-23 13:50:27.021 11983 11983 E ArmVmp : Match on catch block at 0xc3 in for 0xa9
02-23 13:50:27.030 11983 11983 E ArmVmp : Match on catch block at 0xc3 in for 0xa1
02-23 13:50:27.034 11983 11983 E ArmVmp : Match on catch block at 0xc3 in for 0xa5
02-23 13:50:27.036 11983 11983 E ArmVmp : Match on catch block at 0xc3 in for 0xa5
02-23 13:50:27.053 11983 11983 E ArmVmp : Match on catch block at 0xc3 in for 0xa1
02-23 13:50:27.056 11983 11983 E ArmVmp : Match on catch block at 0xc3 in for 0xa5
02-23 13:50:27.058 11983 11983 E ArmVmp : Match on catch block at 0xc3 in for 0xa5
02-23 13:50:27.063 11983 11983 E ArmVmp : Match on catch block at 0xc3 in for 0xa9
02-23 13:50:27.066 11983 11983 E ArmVmp : Match on catch block at 0xc3 in for 0xa1
02-23 13:50:27.068 11983 11983 E ArmVmp : Match on catch block at 0xc3 in for 0xa1
02-23 13:50:27.086 11983 11983 E ArmVmp : Match on catch block at 0xc3 in for 0xa5
02-23 13:50:27.089 11983 11983 E ArmVmp : Match on catch block at 0xc3 in for 0xa9
02-23 13:50:27.091 11983 11983 E ArmVmp : Match on catch block at 0xc3 in for 0xa9
02-23 13:50:27.103 11983 11983 E ArmVmp : Match on catch block at 0xc3 in for 0xa1
02-23 13:50:27.106 11983 11983 E ArmVmp : Match on catch block at 0xc3 in for 0xa5
02-23 13:50:27.108 11983 11983 E ArmVmp : Match on catch block at 0xc3 in for 0xa5
02-23 13:50:27.113 11983 11983 E ArmVmp : Match on catch block at 0xc3 in for 0xa9
02-23 13:50:27.117 11983 11983 E ArmVmp : Match on catch block at 0xc3 in for 0xa1
02-23 13:50:27.120 11983 11983 E ArmVmp : Match on catch block at 0xc3 in for 0xa1
02-23 13:50:27.129 11983 11983 E ArmVmp : Match on catch block at 0xc3 in for 0xa5
02-23 13:50:27.133 11983 11983 E ArmVmp : Match on catch block at 0xc3 in for 0xa9
02-23 13:50:27.134 11983 11983 E ArmVmp : Match on catch block at 0xc3 in for 0xa9
02-23 13:50:27.146 11983 11983 E ArmVmp : Match on catch block at 0xc3 in for 0xa1
02-23 13:50:27.150 11983 11983 E ArmVmp : Match on catch block at 0xc3 in for 0xa5
02-23 13:50:27.152 11983 11983 E ArmVmp : Match on catch block at 0xc3 in for 0xa5
02-23 13:50:27.163 11983 11983 E ArmVmp : Match on catch block at 0xc3 in for 0xa9
02-23 13:50:27.166 11983 11983 E ArmVmp : Match on catch block at 0xc3 in for 0xa1
02-23 13:50:27.169 11983 11983 E ArmVmp : Match on catch block at 0xc3 in for 0xa1
02-23 13:50:27.180 11983 11983 E ArmVmp : Match on catch block at 0xc3 in for 0xa5
02-23 13:50:27.183 11983 11983 E ArmVmp : Match on catch block at 0xc3 in for 0xa9
02-23 13:50:27.185 11983 11983 E ArmVmp : Match on catch block at 0xc3 in for 0xa9
02-23 13:50:27.196 11983 11983 E ArmVmp : Match on catch block at 0xc3 in for 0xa1
02-23 13:50:27.200 11983 11983 E ArmVmp : Match on catch block at 0xc3 in for 0xa5
02-23 13:50:27.202 11983 11983 E ArmVmp : Match on catch block at 0xc3 in for 0xa5
02-23 13:50:27.213 11983 11983 E ArmVmp : Match on catch block at 0xc3 in for 0xa9
02-23 13:50:27.216 11983 11983 E ArmVmp : Match on catch block at 0xc3 in for 0xa1
02-23 13:50:27.218 11983 11983 E ArmVmp : Match on catch block at 0xc3 in for 0xa1
02-23 13:50:27.229 11983 11983 E ArmVmp : Match on catch block at 0xc3 in for 0xa5
02-23 13:50:27.232 11983 11983 E ArmVmp : Match on catch block at 0xc3 in for 0xa9
02-23 13:50:27.234 11983 11983 E ArmVmp : Match on catch block at 0xc3 in for 0xa9
02-23 13:50:27.246 11983 11983 E ArmVmp : Match on catch block at 0xc3 in for 0xa1
02-23 13:50:27.249 11983 11983 E ArmVmp : Match on catch block at 0xc3 in for 0xa5
02-23 13:50:27.251 11983 11983 E ArmVmp : Match on catch block at 0xc3 in for 0xa5
02-23 13:50:27.264 11983 11983 E ArmVmp : Match on catch block at 0xc3 in for 0xa9
02-23 13:50:27.267 11983 11983 E ArmVmp : Match on catch block at 0xc3 in for 0xa1
02-23 13:50:27.271 11983 11983 E ArmVmp : Match on catch block at 0xc3 in for 0xa1
02-23 13:50:27.281 11983 11983 E ArmVmp : Match on catch block at 0xc3 in for 0xa9
02-23 13:50:27.284 11983 11983 E ArmVmp : Match on catch block at 0xc3 in for 0xa1
02-23 13:50:27.286 11983 11983 E ArmVmp : Match on catch block at 0xc3 in for 0xa1
02-23 13:50:27.300 11983 11983 E ArmVmp : Match on catch block at 0xc3 in for 0xa1
02-23 13:50:27.304 11983 11983 E ArmVmp : Match on catch block at 0xc3 in for 0xa5
02-23 13:50:27.305 11983 11983 E ArmVmp : Match on catch block at 0xc3 in for 0xa5
02-23 13:50:27.336 11983 11983 E ArmVmp : Match on catch block at 0xc3 in for 0xa1
02-23 13:50:27.339 11983 11983 E ArmVmp : Match on catch block at 0xc3 in for 0xa5
02-23 13:50:27.342 11983 11983 E ArmVmp : Match on catch block at 0xc3 in for 0xa5
02-23 13:50:27.349 11983 11983 E ArmVmp : Match on catch block at 0xc3 in for 0xa1
02-23 13:50:27.353 11983 11983 E ArmVmp : Match on catch block at 0xc3 in for 0xa5
02-23 13:50:27.355 11983 11983 E ArmVmp : Match on catch block at 0xc3 in for 0xa5
02-23 13:50:27.366 11983 11983 E ArmVmp : Match on catch block at 0xc3 in for 0xa9
02-23 13:50:27.369 11983 11983 E ArmVmp : Match on catch block at 0xc3 in for 0xa1
02-23 13:50:27.371 11983 11983 E ArmVmp : Match on catch block at 0xc3 in for 0xa1
02-23 13:50:27.380 11983 11983 E ArmVmp : Match on catch block at 0xc3 in for 0xa5
02-23 13:50:27.384 11983 11983 E ArmVmp : Match on catch block at 0xc3 in for 0xa9
02-23 13:50:27.397 11983 11983 E ArmVmp : Match on catch block at 0xc3 in for 0xa9
02-23 13:50:27.400 11983 11983 E ArmVmp : Match on catch block at 0xc3 in for 0xa1
02-23 13:50:27.413 11983 11983 E ArmVmp : Match on catch block at 0xc3 in for 0xa1
02-23 13:50:27.417 11983 11983 E ArmVmp : Match on catch block at 0xc3 in for 0xa5
02-23 13:50:27.421 11983 11983 E ArmVmp : Match on catch block at 0xc3 in for 0xa5
02-23 13:50:27.430 11983 11983 E ArmVmp : Match on catch block at 0xc3 in for 0xa1
02-23 13:50:27.435 11983 11983 E ArmVmp : Match on catch block at 0xc3 in for 0xa5
02-23 13:50:27.447 11983 11983 E ArmVmp : Match on catch block at 0xc3 in for 0xa5
02-23 13:50:27.450 11983 11983 E ArmVmp : Match on catch block at 0xc3 in for 0xa9
02-23 13:50:27.454 11983 11983 E ArmVmp : Match on catch block at 0xc3 in for 0xa9
02-23 13:50:27.529 11983 11983 E ArmVmp : Match on catch block at 0xc3 in for 0xa1
02-23 13:50:27.532 11983 11983 E ArmVmp : Match on catch block at 0xc3 in for 0xa5
02-23 13:50:27.535 11983 11983 E ArmVmp : Match on catch block at 0xc3 in for 0xa5
02-23 13:50:27.562 11983 11983 E ArmVmp : Match on catch block at 0xc3 in for 0xa1
02-23 13:50:27.566 11983 11983 E ArmVmp : Match on catch block at 0xc3 in for 0xa5
02-23 13:50:27.568 11983 11983 E ArmVmp : Match on catch block at 0xc3 in for 0xa5
02-23 13:50:27.596 11983 11983 E ArmVmp : Match on catch block at 0xc3 in for 0xa1
02-23 13:50:27.599 11983 11983 E ArmVmp : Match on catch block at 0xc3 in for 0xa5
02-23 13:50:27.614 11983 11983 E ArmVmp : Match on catch block at 0xc3 in for 0xa9
02-23 13:50:27.619 11983 11983 E ArmVmp : Match on catch block at 0xc3 in for 0xa1
02-23 13:50:27.646 11983 11983 E ArmVmp : Match on catch block at 0xc3 in for 0xa1
02-23 13:50:27.654 11983 11983 E ArmVmp : Match on catch block at 0xc3 in for 0xa5
02-23 13:50:27.664 11983 11983 E ArmVmp : Match on catch block at 0xc3 in for 0xa5
02-23 13:50:27.668 11983 11983 E ArmVmp : Match on catch block at 0xc3 in for 0xa9
02-23 13:50:27.681 11983 11983 E ArmVmp : Match on catch block at 0xc3 in for 0xa9
02-23 13:50:27.684 11983 11983 E ArmVmp : Match on catch block at 0xc3 in for 0xa1
02-23 13:50:27.697 11983 11983 E ArmVmp : Match on catch block at 0xc3 in for 0xa1
02-23 13:50:27.703 11983 11983 E ArmVmp : Match on catch block at 0xc3 in for 0xa5
02-23 13:50:27.714 11983 11983 E ArmVmp : Match on catch block at 0xc3 in for 0xa5
02-23 13:50:27.717 11983 11983 E ArmVmp : Match on catch block at 0xc3 in for 0xa9
02-23 13:50:27.730 11983 11983 E ArmVmp : Match on catch block at 0xc3 in for 0xa9
02-23 13:50:27.734 11983 11983 E ArmVmp : Match on catch block at 0xc3 in for 0xa1
02-23 13:50:27.747 11983 11983 E ArmVmp : Match on catch block at 0xc3 in for 0xa1
02-23 13:50:27.750 11983 11983 E ArmVmp : Match on catch block at 0xc3 in for 0xa5
02-23 13:50:27.764 11983 11983 E ArmVmp : Match on catch block at 0xc3 in for 0xa5
02-23 13:50:27.766 11983 11983 E ArmVmp : Match on catch block at 0xc3 in for 0xa9
02-23 13:50:27.780 11983 11983 E ArmVmp : Match on catch block at 0xc3 in for 0xa5
02-23 13:50:27.782 11983 11983 E ArmVmp : Match on catch block at 0xc3 in for 0xa9
02-23 13:50:27.797 11983 11983 E ArmVmp : Match on catch block at 0xc3 in for 0xa9
02-23 13:50:27.800 11983 11983 E ArmVmp : Match on catch block at 0xc3 in for 0xa1
02-23 13:50:27.813 11983 11983 E ArmVmp : Match on catch block at 0xc3 in for 0xa1
02-23 13:50:27.816 11983 11983 E ArmVmp : Match on catch block at 0xc3 in for 0xa5
02-23 13:50:27.830 11983 11983 E ArmVmp : Match on catch block at 0xc3 in for 0xa9
02-23 13:50:27.833 11983 11983 E ArmVmp : Match on catch block at 0xc3 in for 0xa1
02-23 13:50:27.847 11983 11983 E ArmVmp : Match on catch block at 0xc3 in for 0xa1
02-23 13:50:27.850 11983 11983 E ArmVmp : Match on catch block at 0xc3 in for 0xa5
02-23 13:50:27.863 11983 11983 E ArmVmp : Match on catch block at 0xc3 in for 0xa5
