02-22 22:54:13.177 14210 14210 W com.whatsapp: Accessing hidden method Lcom/android/org/conscrypt/OpenSSLSocketImpl;->setUseSessionTickets(Z)V (greylist- max-q,test-api, reflection, denied)
02-22 22:54:13.177 14210 14210 W com.whatsapp: Accessing hidden method Lcom/android/org/conscrypt/AbstractConscryptSocket;->setUseSessionTickets(Z)V (greylist-max-q, reflection, denied)
02-22 22:54:13.263 14210 14210 W linker : Warning: "/data/data/com.whatsapp/files/decompressed/libs.spk.zst/libc++_shared.so" unused DT entry: unknown processor-specific (type 0x70000001 arg 0x0) (ignoring)
02-22 22:54:13.248 14210 14210 W com.whatsapp: type=1400 audit(0.0:482112): avc: granted { execute } for path="/data/data/com.whatsapp/files/decompressed/libs.spk.zst/libc++_shared.so" dev="dm-10" ino=372071 scontext=u:r:untrusted_app:s0:c213,c257,c512,c768 tcontext=u:object_r:app_data_file:s0:c213,c257,c512,c768 tclass=file app=com.whatsapp
02-22 22:54:13.258 14210 14210 W com.whatsapp: type=1400 audit(0.0:482113): avc: granted { execute } for path="/data/data/com.whatsapp/files/decompressed/libs.spk.zst/libvlc.so" dev="dm- 10" ino=335014 scontext=u:r:untrusted_app:s0:c213,c257,c512,c768 tcontext=u:object_r:app_data_file:s0:c213,c257,c512,c768 tclass=file app=com.whatsapp
02-22 22:54:13.268 14210 14210 W com.whatsapp: type=1400 audit(0.0:482114): avc: granted { execute } for path="/data/data/com.whatsapp/files/decompressed/libs.spk.zst/libwhatsapp.so" dev="dm-10" ino=335273 scontext=u:r:untrusted_app:s0:c213,c257,c512,c768 tcontext=u:object_r:app_data_file:s0:c213,c257,c512,c768 tclass=file app=com.whatsapp
02-22 22:54:13.328 14210 14210 W com.whatsapp: type=1400 audit(0.0:482115): avc: granted { execute } for path="/data/data/com.whatsapp/files/decompressed/libs.spk.zst/libcurve25519.so" dev="dm-10" ino=372156 scontext=u:r:untrusted_app:s0:c213,c257,c512,c768 tcontext=u:object_r:app_data_file:s0:c213,c257,c512,c768 tclass=file app=com.whatsapp
02-22 22:54:13.338 14210 14210 W com.whatsapp: type=1400 audit(0.0:482116): avc: granted { execute } for path="/data/data/com.whatsapp/files/decompressed/libs.spk.zst/libwhatsapp.so" dev="dm-10" ino=335273 scontext=u:r:untrusted_app:s0:c213,c257,c512,c768 tcontext=u:object_r:app_data_file:s0:c213,c257,c512,c768 tclass=file app=com.whatsapp
02-22 22:54:13.338 14210 14210 W com.whatsapp: type=1400 audit(0.0:482118): avc: granted { execute } for path="/data/data/com.whatsapp/files/decompressed/libs.spk.zst/libwhatsapp.so" dev="dm-10" ino=335273 scontext=u:r:untrusted_app:s0:c213,c257,c512,c768 tcontext=u:object_r:app_data_file:s0:c213,c257,c512,c768 tclass=file app=com.whatsapp
02-22 22:54:13.449 14210 14262 W com.whatsapp: Class X.2rL failed lock verification and will run slower.
02-22 22:54:13.449 14210 14262 W com.whatsapp: Common causes for lock verification issues are non-optimized dex code
02-22 22:54:13.449 14210 14262 W com.whatsapp: and incorrect proguard optimizations. --------- beginning of system
02-22 22:54:13.493 14210 14210 W Looper : PerfMonitor longMsg : seq=2 plan=22:54:12.180 late=3ms wall=1261ms running=610ms runnable=32ms io=454ms h=android.app.ActivityThread$H w=110 procState=10
02-22 22:54:13.545 14210 14210 E libc : Access denied finding property "ro.vendor.df.effect.conflict"
02-22 22:54:13.538 14210 14210 W com.whatsapp: type=1400 audit(0.0:482119): avc: denied { read } for name="u:object_r:vendor_displayfeature_prop:s0" dev="tmpfs" ino=1232 scontext=u:r:untrusted_app:s0:c213,c257,c512,c768 tcontext=u:object_r:vendor_displayfeature_prop:s0 tclass=file permissive=0 app=com.whatsapp
02-22 22:54:13.546 14210 14210 E libc : Access denied finding property "ro.vendor.knock.type"
02-22 22:55:01.846 14210 14258 E SQLiteDatabase: Error inserting transferred=0 media_job_uuid=d08a8f56-08f3-4477-a5f7-37cf2e0ecec0 transcoded=0 gif_attribution=0 first_scan_length=0 direct_path=/v/t62.7161- 24/35500127_838539834701384_4806818936824482293_n.enc?ccb=11-4&oh=01_AdRqam- LvIuUtAV0mKI0ba42kA-uE-E2U5tDXi135IZZaw&oe=65FF669A&_nc_sid=5e03e0 thumbnail_height_width_ratio=1.7777778 is_animated_sticker=0 file_hash=/J9iEI1/X6YWBlpQ7e+pliFTT13RHrI9uBCxqMDNIwA= file_path=null file_size=0 partial_media_hash=null face_x=0 face_y=0 height=1024 trim_to=0 media_key_timestamp=1708656897000 message_url=https://mmg.whatsapp.net/v/t62.7161- 24/35500127_838539834701384_4806818936824482293_n.enc?ccb=11-4&oh=01_AdRqam- LvIuUtAV0mKI0ba42kA-uE-E2U5tDXi135IZZaw&oe=65FF669A&_nc_sid=5e03e0&mms3=true media_caption=null trim_from=0 mime_type=video/mp4 partial_media_enc_hash=null width=576 original_file_hash=null has_streaming_sidecar=1 autotransfer_retry_enabled=1 media_upload_handle=null message_row_id=510 multicast_id=null enc_file_hash=noqwSTSxhe6hDohHcwqoeLrtmgMVUPNRNm4no4fvIQo= mute_video=0 page_count=0 first_scan_sidecar=null suspicious_content=0 file_length=806307 media_name=null media_duration=14 chat_row_id=89 media_key=[B@c7a4137
02-22 22:55:01.846 14210 14258 E SQLiteDatabase: android.database.sqlite.SQLiteConstraintException: UNIQUE constraint failed: message_media.message_row_id (code 1555 SQLITE_CONSTRAINT_PRIMARYKEY)
02-22 22:55:01.846 14210 14258 E SQLiteDatabase: at android.database.sqlite.SQLiteConnection.nativeExecuteForLastInsertedRowId(Native Method)
02-22 22:55:01.846 14210 14258 E SQLiteDatabase: at android.database.sqlite.SQLiteConnection.executeForLastInsertedRowId(SQLiteConnecti on.java:938)
02-22 22:55:01.846 14210 14258 E SQLiteDatabase: at android.database.sqlite.SQLiteSession.executeForLastInsertedRowId(SQLiteSession.jav a:790)
02-22 22:55:01.846 14210 14258 E SQLiteDatabase: at android.database.sqlite.SQLiteStatement.executeInsert(SQLiteStatement.java:88)
02-22 22:55:01.846 14210 14258 E SQLiteDatabase: at android.database.sqlite.SQLiteDatabase.insertWithOnConflict(SQLiteDatabase.java:170 1)
02-22 22:55:01.846 14210 14258 E SQLiteDatabase: at android.database.sqlite.SQLiteDatabase.insert(SQLiteDatabase.java:1570)
02-22 22:55:01.846 14210 14258 E SQLiteDatabase: at X.2tm.A08(Unknown Source:6)
02-22 22:55:01.846 14210 14258 E SQLiteDatabase: at X.35Y.A07(Unknown Source:212)
02-22 22:55:01.846 14210 14258 E SQLiteDatabase: at X.3QF.A14(Unknown Source:470)
02-22 22:55:01.846 14210 14258 E SQLiteDatabase: at X.3gU.run(Unknown Source:982)
02-22 22:55:01.846 14210 14258 E SQLiteDatabase: at android.os.Handler.handleCallback(Handler.java:938)
02-22 22:55:01.846 14210 14258 E SQLiteDatabase: at android.os.Handler.dispatchMessage(Handler.java:99)
02-22 22:55:01.846 14210 14258 E SQLiteDatabase: at X.0zq.dispatchMessage(Unknown Source:4)
02-22 22:55:01.846 14210 14258 E SQLiteDatabase: at android.os.Looper.loop(Looper.java:236)
02-22 22:55:01.846 14210 14258 E SQLiteDatabase: at android.os.HandlerThread.run(HandlerThread.java:67) --------- beginning of main
02-22 22:56:15.937 15762 15762 E com.whatsapp: Unknown bits set in runtime_flags: 0x800000
02-22 22:56:15.943 15762 15762 E com.whatsapp: Not starting debugger since process cannot load the jdwp agent.
02-22 22:56:16.235 15762 15762 W ResourceType: CREATING STRING CACHE OF 192 bytes
02-22 22:56:16.294 15762 15762 W System.err: java.lang.ClassNotFoundException: mbmodsd.mbmodsw.ui.views.btn.BtnBK
02-22 22:56:16.296 15762 15762 W System.err: at java.lang.Runtime.nativeLoad(Native Method)
02-22 22:56:16.296 15762 15762 W System.err: at java.lang.Runtime.nativeLoad(Runtime.java:1131)
02-22 22:56:16.296 15762 15762 W System.err: at java.lang.Runtime.loadLibrary0(Runtime.java:1085)
02-22 22:56:16.296 15762 15762 W System.err: at java.lang.Runtime.loadLibrary0(Runtime.java:1008)
02-22 22:56:16.296 15762 15762 W System.err: at java.lang.System.loadLibrary(System.java:1664)
02-22 22:56:16.296 15762 15762 W System.err: at arm.EpicVm.<clinit>(Unknown Source:2)
02-22 22:56:16.296 15762 15762 W System.err: at java.lang.Class.newInstance(Native Method)
02-22 22:56:16.296 15762 15762 W System.err: at android.app.AppComponentFactory.instantiateApplication(AppComponentFactory.java:76)
02-22 22:56:16.296 15762 15762 W System.err: at androidx.core.app.CoreComponentFactory.instantiateApplication(Unknown Source:0)
02-22 22:56:16.296 15762 15762 W System.err: at android.app.Instrumentation.newApplication(Instrumentation.java:1158)
02-22 22:56:16.296 15762 15762 W System.err: at android.app.LoadedApk.makeApplication(LoadedApk.java:1240)
02-22 22:56:16.296 15762 15762 W System.err: at android.app.ActivityThread.handleBindApplication(ActivityThread.java:6928)
02-22 22:56:16.296 15762 15762 W System.err: at android.app.ActivityThread.access$1500(ActivityThread.java:255)
02-22 22:56:16.296 15762 15762 W System.err: at android.app.ActivityThread$H.handleMessage(ActivityThread.java:1978)
02-22 22:56:16.296 15762 15762 W System.err: at android.os.Handler.dispatchMessage(Handler.java:106)
02-22 22:56:16.296 15762 15762 W System.err: at android.os.Looper.loop(Looper.java:236)
02-22 22:56:16.296 15762 15762 W System.err: at android.app.ActivityThread.main(ActivityThread.java:8019)
02-22 22:56:16.297 15762 15762 W System.err: at java.lang.reflect.Method.invoke(Native Method)
02-22 22:56:16.297 15762 15762 W System.err: at com.android.internal.os.RuntimeInit$MethodAndArgsCaller.run(RuntimeInit.java:600)
02-22 22:56:16.297 15762 15762 W System.err: at com.android.internal.os.ZygoteInit.main(ZygoteInit.java:967)
02-22 22:56:16.315 15762 15762 E CustomActivityOnCrash: IMPORTANT WARNING! You already have an UncaughtExceptionHandler, are you sure this is correct? If you use a custom UncaughtExceptionHandler, you must initialize it AFTER CustomActivityOnCrash! Installing anyway, but your original handler will not be called.
02-22 22:56:16.890 15762 15762 W com.whatsapp: Accessing hidden method Lcom/android/org/conscrypt/OpenSSLSocketImpl;->setUseSessionTickets(Z)V (greylist- max-q,test-api, reflection, denied)
02-22 22:56:16.891 15762 15762 W com.whatsapp: Accessing hidden method Lcom/android/org/conscrypt/AbstractConscryptSocket;->setUseSessionTickets(Z)V (greylist-max-q, reflection, denied)
02-22 22:56:16.973 15762 15762 W linker : Warning: "/data/data/com.whatsapp/files/decompressed/libs.spk.zst/libc++_shared.so" unused DT entry: unknown processor-specific (type 0x70000001 arg 0x0) (ignoring)
02-22 22:56:16.958 15762 15762 W com.whatsapp: type=1400 audit(0.0:482404): avc: granted { execute } for path="/data/data/com.whatsapp/files/decompressed/libs.spk.zst/libc++_shared.so" dev="dm-10" ino=372071 scontext=u:r:untrusted_app:s0:c213,c257,c512,c768 tcontext=u:object_r:app_data_file:s0:c213,c257,c512,c768 tclass=file app=com.whatsapp
02-22 22:56:16.968 15762 15762 W com.whatsapp: type=1400 audit(0.0:482405): avc: granted { execute } for path="/data/data/com.whatsapp/files/decompressed/libs.spk.zst/libvlc.so" dev="dm- 10" ino=335014 scontext=u:r:untrusted_app:s0:c213,c257,c512,c768 tcontext=u:object_r:app_data_file:s0:c213,c257,c512,c768 tclass=file app=com.whatsapp
02-22 22:56:16.978 15762 15762 W com.whatsapp: type=1400 audit(0.0:482406): avc: granted { execute } for path="/data/data/com.whatsapp/files/decompressed/libs.spk.zst/libwhatsapp.so" dev="dm-10" ino=335273 scontext=u:r:untrusted_app:s0:c213,c257,c512,c768 tcontext=u:object_r:app_data_file:s0:c213,c257,c512,c768 tclass=file app=com.whatsapp
02-22 22:56:17.038 15762 15762 W com.whatsapp: type=1400 audit(0.0:482407): avc: granted { execute } for path="/data/data/com.whatsapp/files/decompressed/libs.spk.zst/libcurve25519.so" dev="dm-10" ino=372156 scontext=u:r:untrusted_app:s0:c213,c257,c512,c768 tcontext=u:object_r:app_data_file:s0:c213,c257,c512,c768 tclass=file app=com.whatsapp
02-22 22:56:17.048 15762 15762 W com.whatsapp: type=1400 audit(0.0:482408): avc: granted { execute } for path="/data/data/com.whatsapp/files/decompressed/libs.spk.zst/libwhatsapp.so" dev="dm-10" ino=335273 scontext=u:r:untrusted_app:s0:c213,c257,c512,c768 tcontext=u:object_r:app_data_file:s0:c213,c257,c512,c768 tclass=file app=com.whatsapp
02-22 22:56:17.048 15762 15762 W com.whatsapp: type=1400 audit(0.0:482410): avc: granted { execute } for path="/data/data/com.whatsapp/files/decompressed/libs.spk.zst/libwhatsapp.so" dev="dm-10" ino=335273 scontext=u:r:untrusted_app:s0:c213,c257,c512,c768 tcontext=u:object_r:app_data_file:s0:c213,c257,c512,c768 tclass=file app=com.whatsapp
02-22 22:56:17.172 15762 15811 W com.whatsapp: Class X.2rL failed lock verification and will run slower.
02-22 22:56:17.172 15762 15811 W com.whatsapp: Common causes for lock verification issues are non-optimized dex code
02-22 22:56:17.172 15762 15811 W com.whatsapp: and incorrect proguard optimizations. --------- beginning of system
02-22 22:56:17.231 15762 15762 W Looper : PerfMonitor longMsg : seq=2 plan=22:56:15.967 late=1ms wall=1198ms running=632ms runnable=18ms io=412ms h=android.app.ActivityThread$H w=110 procState=10
02-22 22:56:17.279 15762 15762 E libc : Access denied finding property "ro.vendor.df.effect.conflict"
02-22 22:56:17.280 15762 15762 E libc : Access denied finding property "ro.vendor.knock.type"
02-22 22:56:17.268 15762 15762 W com.whatsapp: type=1400 audit(0.0:482411): avc: denied { read } for name="u:object_r:vendor_displayfeature_prop:s0" dev="tmpfs" ino=1232 scontext=u:r:untrusted_app:s0:c213,c257,c512,c768 tcontext=u:object_r:vendor_displayfeature_prop:s0 tclass=file permissive=0 app=com.whatsapp --------- beginning of system
02-22 22:57:53.192 15762 18649 W BpBinder: Slow Binder: BpBinder transact took 1172 ms, interface=android.app.IActivityManager, code=22 oneway=false
02-22 22:57:53.553 15762 18649 W BpBinder: Slow Binder: BpBinder transact took 360 ms, interface=android.content.IContentProvider, code=1 oneway=false
02-22 22:59:40.424 15762 15762 W Activity: Slow Operation: Activity com.whatsapp/.Conversation onCreate took 1523ms
02-22 22:59:40.691 15762 15762 W Activity: Slow Operation: Activity com.whatsapp/.Conversation onStart took 262ms
02-22 22:59:40.849 15762 15762 W Looper : PerfMonitor longMsg : seq=144 plan=22:59:38.730 late=0ms wall=2118ms running=905ms runnable=138ms io=708ms reclaim=5ms h=android.app.ActivityThread$H w=159 procState=2
02-22 22:59:40.849 15762 15762 W Looper : PerfMonitor looperActivity : package=com.whatsapp/.Conversation time=0ms latency=2118ms running=0ms procState=2 ClientTransaction{ callbacks=[android.app.servertransaction.TopResumedActivityChang eItem] } historyMsgCount=1 (msgIndex=1 wall=2118ms seq=144 running=905ms runnable=138ms io=708ms reclaim=5ms h=android.app.ActivityThread$H w=159)
02-22 22:59:41.897 15762 15762 W Looper : PerfMonitor longMsg : seq=191 plan=22:59:40.854 late=35ms wall=1006ms running=507ms runnable=102ms io=176ms h=android.view.Choreographer$FrameHandler c=android.view.Choreographer$FrameDisplayEventReceiver procState=2
02-22 22:59:41.897 15762 15762 W Looper : PerfMonitor doFrame : time=1006ms vsyncFrame=0 latency=35ms procState=2 historyMsgCount=20
02-22 22:59:42.003 15762 15762 W Looper : PerfMonitor doFrame : time=59ms vsyncFrame=0 latency=1039ms procState=2 historyMsgCount=11 (msgIndex=1 wall=1006ms seq=191 running=507ms runnable=102ms io=176ms late=35ms h=android.view.Choreographer$FrameHandler c=android.view.Choreographer$FrameDisplayEventReceiver)
02-22 22:59:59.792 15762 15762 W Activity: Slow Operation: Activity com.whatsapp/.HomeActivity onCreate took 557ms
02-22 22:59:59.912 15762 15762 W Looper : PerfMonitor looperActivity : package=com.whatsapp/.HomeActivity time=0ms latency=730ms running=0ms procState=2 ClientTransaction{ callbacks=[android.app.servertransaction.TopResumedActivityChang eItem] } historyMsgCount=5 (msgIndex=5 wall=723ms seq=904 running=528ms io=76ms late=7ms h=android.app.ActivityThread$H w=159)
02-22 23:00:00.845 15762 15762 W Looper : PerfMonitor doFrame : time=931ms vsyncFrame=0 latency=719ms procState=2 historyMsgCount=2 (msgIndex=1 wall=723ms seq=904 running=528ms io=76ms late=7ms h=android.app.ActivityThread$H w=159)
02-22 23:00:00.852 15762 15762 W Looper : PerfMonitor looperActivity : package=com.whatsapp/.HomeActivity time=2ms latency=1220ms running=3ms procState=2 ClientTransaction{ callbacks=[android.app.servertransaction.TopResumedActivityChang eItem] } historyMsgCount=14 (msgIndex=1 wall=723ms seq=904 running=528ms io=76ms late=7ms h=android.app.ActivityThread$H w=159) (msgIndex=3 wall=931ms seq=906 running=750ms io=49ms late=719ms h=android.view.Choreographer$FrameHandler c=android.view.Choreographer$FrameDisplayEventReceiver)
02-22 23:00:00.868 15762 15762 W Looper : PerfMonitor looperActivity : package=com.whatsapp/.HomeActivity time=15ms latency=1222ms running=9ms procState=2 ClientTransaction{ lifecycleRequest=android.app.servertransaction.PauseActivityItem } historyMsgCount=15 (msgIndex=1 wall=723ms seq=904 running=528ms io=76ms late=7ms h=android.app.ActivityThread$H w=159) (msgIndex=3 wall=931ms seq=906 running=750ms io=49ms late=719ms h=android.view.Choreographer$FrameHandler c=android.view.Choreographer$FrameDisplayEventReceiver)
02-22 23:00:00.954 15762 15762 W Looper : PerfMonitor doFrame : time=66ms vsyncFrame=0 latency=960ms procState=2 historyMsgCount=46 (msgIndex=1 wall=931ms seq=906 running=750ms io=49ms late=719ms h=android.view.Choreographer$FrameHandler c=android.view.Choreographer$FrameDisplayEventReceiver)
02-22 23:00:00.983 15762 15762 W Looper : PerfMonitor looperActivity : package=com.whatsapp/mbmodsd.mbmodsw.mbsettings.yo.PauseActivity time=22ms latency=822ms running=8ms procState=2 ClientTransaction{ callbacks=[android.app.servertransaction.LaunchActivityItem] lifecycleRequest=android.app.servertransaction.PauseActivityItem } historyMsgCount=76 (msgIndex=1 wall=931ms seq=906 running=750ms io=49ms late=719ms h=android.view.Choreographer$FrameHandler c=android.view.Choreographer$FrameDisplayEventReceiver) (msgIndex=47 wall=66ms seq=952 running=58ms io=1ms late=960ms h=android.view.Choreographer$FrameHandler c=android.view.Choreographer$FrameDisplayEventReceiver)
02-22 23:00:01.034 15762 15762 W Looper : PerfMonitor looperActivity : package=com.whatsapp/mbmodsd.mbmodsw.mbsettings.yo.PauseActivity time=0ms latency=347ms running=0ms procState=2 ClientTransaction{ callbacks=[android.app.servertransaction.TopResumedActivityChang eItem] } historyMsgCount=219 (msgIndex=1 wall=931ms seq=906 running=750ms io=49ms late=719ms h=android.view.Choreographer$FrameHandler c=android.view.Choreographer$FrameDisplayEventReceiver) (msgIndex=47 wall=66ms seq=952 running=58ms io=1ms late=960ms h=android.view.Choreographer$FrameHandler c=android.view.Choreographer$FrameDisplayEventReceiver)
02-22 23:00:01.035 15762 15762 W Looper : PerfMonitor looperActivity : package=com.whatsapp/mbmodsd.mbmodsw.mbsettings.yo.PauseActivity time=1ms latency=343ms running=0ms procState=2 ClientTransaction{ lifecycleRequest=android.app.servertransaction.ResumeActivityIte m } historyMsgCount=220 (msgIndex=1 wall=931ms seq=906 running=750ms io=49ms late=719ms h=android.view.Choreographer$FrameHandler c=android.view.Choreographer$FrameDisplayEventReceiver) (msgIndex=47 wall=66ms seq=952 running=58ms io=1ms late=960ms h=android.view.Choreographer$FrameHandler c=android.view.Choreographer$FrameDisplayEventReceiver)
02-22 23:00:01.988 15762 15762 W Looper : PerfMonitor doFrame : time=483ms vsyncFrame=0 latency=77ms procState=10 historyMsgCount=47 (msgIndex=1 wall=103ms seq=1236 running=89ms io=1ms late=71ms h=android.view.Choreographer$FrameHandler c=android.view.Choreographer$FrameDisplayEventReceiver)
02-22 23:00:02.029 15762 15762 W Looper : PerfMonitor doFrame : time=30ms vsyncFrame=0 latency=487ms procState=10 historyMsgCount=26 (msgIndex=1 wall=483ms seq=1283 running=401ms io=27ms late=77ms h=android.view.Choreographer$FrameHandler c=android.view.Choreographer$FrameDisplayEventReceiver)
02-22 23:00:02.817 15762 15762 W Looper : PerfMonitor looperActivity : package=com.whatsapp/.HomeActivity time=0ms latency=384ms running=0ms procState=2 ClientTransaction{ callbacks=[android.app.servertransaction.TopResumedActivityChang eItem] } historyMsgCount=2 (msgIndex=2 wall=378ms seq=1398 running=261ms io=3ms late=6ms h=android.app.ActivityThread$H w=159)
02-22 23:00:03.588 15762 15762 W Looper : PerfMonitor doFrame : time=746ms vsyncFrame=0 latency=30ms procState=2 historyMsgCount=26 (msgIndex=1 wall=378ms seq=1398 running=261ms io=3ms late=6ms h=android.app.ActivityThread$H w=159)
02-22 23:00:03.628 15762 15762 W Looper : PerfMonitor doFrame : time=40ms vsyncFrame=0 latency=742ms procState=2 historyMsgCount=5 (msgIndex=1 wall=746ms seq=1424 running=622ms io=2ms late=30ms h=android.view.Choreographer$FrameHandler c=android.view.Choreographer$FrameDisplayEventReceiver)
02-22 23:00:03.641 15762 15762 W Looper : PerfMonitor looperActivity : package=com.whatsapp/.HomeActivity time=7ms latency=604ms running=1ms procState=2 ClientTransaction{ lifecycleRequest=android.app.servertransaction.StopActivityItem } historyMsgCount=32 (msgIndex=1 wall=746ms seq=1424 running=622ms io=2ms late=30ms h=android.view.Choreographer$FrameHandler c=android.view.Choreographer$FrameDisplayEventReceiver)
02-22 23:00:03.665 15762 15762 W Looper : PerfMonitor looperActivity : package=com.whatsapp/mbmodsd.mbmodsw.mbsettings.yo.PauseActivity time=23ms latency=542ms running=12ms procState=2 ClientTransaction{ callbacks=[android.app.servertransaction.LaunchActivityItem] lifecycleRequest=android.app.servertransaction.ResumeActivityItem } historyMsgCount=66 (msgIndex=1 wall=746ms seq=1424 running=622ms io=2ms late=30ms h=android.view.Choreographer$FrameHandler c=android.view.Choreographer$FrameDisplayEventReceiver)
02-22 23:00:03.665 15762 15762 W Looper : PerfMonitor looperActivity : package=com.whatsapp/mbmodsd.mbmodsw.mbsettings.yo.PauseActivity time=0ms latency=565ms running=0ms procState=2 ClientTransaction{ callbacks=[android.app.servertransaction.TopResumedActivityChang eItem] } historyMsgCount=67 (msgIndex=1 wall=746ms seq=1424 running=622ms io=2ms late=30ms h=android.view.Choreographer$FrameHandler c=android.view.Choreographer$FrameDisplayEventReceiver)
02-22 23:00:09.729 15762 20718 W BpBinder: Slow Binder: BpBinder transact took 451 ms, interface=android.media.IMediaMetadataRetriever, code=5 oneway=false
02-22 23:00:40.128 15762 21424 W BpBinder: Slow Binder: BpBinder transact took 840 ms, interface=android.hardware.camera2.ICameraDeviceUser, code=6 oneway=false
02-22 23:00:40.363 15762 21435 W BpBinder: Slow Binder: BpBinder transact took 226 ms, interface=android.media.IMediaMetadataRetriever, code=5 oneway=false
02-22 23:00:40.930 15762 21435 W BpBinder: Slow Binder: BpBinder transact took 368 ms, interface=android.media.IMediaMetadataRetriever, code=5 oneway=false
02-22 23:00:47.252 15762 15762 W Activity: Slow Operation: Activity com.whatsapp/.camera.CameraActivity onPause took 92ms
02-22 23:00:47.515 15762 21423 W BpBinder: Slow Binder: BpBinder transact took 242 ms, interface=android.hardware.camera2.ICameraDeviceUser, code=1 oneway=false
02-22 23:17:51.355 15762 20621 W BpBinder: Slow Binder: BpBinder transact took 526 ms, interface=android.app.IActivityManager, code=22 oneway=false
02-22 23:19:19.192 15762 15762 W Looper : PerfMonitor looperActivity : package=com.whatsapp/.Conversation time=0ms latency=489ms running=0ms procState=2 ClientTransaction{ callbacks=[android.app.servertransaction.TopResumedActivityChang eItem] } historyMsgCount=2 (msgIndex=1 wall=489ms seq=8467 running=255ms runnable=28ms io=153ms h=android.app.ActivityThread$H w=159)
02-22 23:19:19.192 15762 15762 W Looper : PerfMonitor looperActivity : package=com.whatsapp/.Conversation time=0ms latency=485ms running=1ms procState=2 ClientTransaction{ callbacks=[android.app.servertransaction.TopResumedActivityChang eItem] } historyMsgCount=3 (msgIndex=1 wall=489ms seq=8467 running=255ms runnable=28ms io=153ms h=android.app.ActivityThread$H w=159)
02-22 23:19:19.194 15762 15762 W Looper : PerfMonitor looperActivity : package=com.whatsapp/.Conversation time=2ms latency=485ms running=1ms procState=2 ClientTransaction{ lifecycleRequest=android.app.servertransaction.PauseActivityItem } historyMsgCount=4 (msgIndex=1 wall=489ms seq=8467 running=255ms runnable=28ms io=153ms h=android.app.ActivityThread$H w=159)
02-22 23:19:19.202 15762 15762 W Looper : PerfMonitor looperActivity : package=com.whatsapp/.Conversation time=8ms latency=336ms running=6ms procState=2 ClientTransaction{ lifecycleRequest=android.app.servertransaction.ResumeActivityIte m } historyMsgCount=5 (msgIndex=1 wall=489ms seq=8467 running=255ms runnable=28ms io=153ms h=android.app.ActivityThread$H w=159)
02-22 23:19:25.700 15762 21435 W BpBinder: Slow Binder: BpBinder transact took 267 ms, interface=android.media.IMediaMetadataRetriever, code=5 oneway=false
02-22 23:19:25.795 15762 21424 W BpBinder: Slow Binder: BpBinder transact took 458 ms, interface=android.hardware.camera2.ICameraDeviceUser, code=6 oneway=false
02-22 23:19:26.353 15762 21435 W BpBinder: Slow Binder: BpBinder transact took 322 ms, interface=android.media.IMediaMetadataRetriever, code=5 oneway=false
02-22 23:19:27.779 15762 21423 W BpBinder: Slow Binder: BpBinder transact took 241 ms, interface=android.hardware.camera2.ICameraDeviceUser, code=1 oneway=false
02-22 23:19:35.003 15762 21423 W BpBinder: Slow Binder: BpBinder transact took 369 ms, interface=android.hardware.camera2.ICameraDeviceUser, code=1 oneway=false
02-22 23:19:35.023 15762 15762 W Activity: Slow Operation: Activity com.whatsapp/.camera.CameraActivity onDestroy took 115ms
02-22 23:22:01.231 15762 15762 W Looper : PerfMonitor looperActivity : package=com.whatsapp/.Conversation time=0ms latency=404ms running=0ms procState=2 ClientTransaction{ callbacks=[android.app.servertransaction.TopResumedActivityChang eItem] } historyMsgCount=3 (msgIndex=2 wall=399ms seq=10848 running=184ms io=163ms late=6ms h=android.app.ActivityThread$H w=159) --------- beginning of main
02-22 23:46:10.240 5102 5102 E com.whatsapp: Unknown bits set in runtime_flags: 0x800000
02-22 23:46:10.247 5102 5102 E com.whatsapp: Not starting debugger since process cannot load the jdwp agent.
02-22 23:46:10.664 5102 5102 W ResourceType: CREATING STRING CACHE OF 192 bytes
02-22 23:46:10.768 5102 5102 W System.err: java.lang.ClassNotFoundException: mbmodsd.mbmodsw.ui.views.btn.BtnBK
02-22 23:46:10.775 5102 5102 W System.err: at java.lang.Runtime.nativeLoad(Native Method)
02-22 23:46:10.775 5102 5102 W System.err: at java.lang.Runtime.nativeLoad(Runtime.java:1131)
02-22 23:46:10.775 5102 5102 W System.err: at java.lang.Runtime.loadLibrary0(Runtime.java:1085)
02-22 23:46:10.775 5102 5102 W System.err: at java.lang.Runtime.loadLibrary0(Runtime.java:1008)
02-22 23:46:10.775 5102 5102 W System.err: at java.lang.System.loadLibrary(System.java:1664)
02-22 23:46:10.775 5102 5102 W System.err: at arm.EpicVm.<clinit>(Unknown Source:2)
02-22 23:46:10.775 5102 5102 W System.err: at java.lang.Class.newInstance(Native Method)
02-22 23:46:10.775 5102 5102 W System.err: at android.app.AppComponentFactory.instantiateApplication(AppComponentFactory.java:76)
02-22 23:46:10.775 5102 5102 W System.err: at androidx.core.app.CoreComponentFactory.instantiateApplication(Unknown Source:0)
02-22 23:46:10.775 5102 5102 W System.err: at android.app.Instrumentation.newApplication(Instrumentation.java:1158)
02-22 23:46:10.775 5102 5102 W System.err: at android.app.LoadedApk.makeApplication(LoadedApk.java:1240)
02-22 23:46:10.775 5102 5102 W System.err: at android.app.ActivityThread.handleBindApplication(ActivityThread.java:6928)
02-22 23:46:10.775 5102 5102 W System.err: at android.app.ActivityThread.access$1500(ActivityThread.java:255)
02-22 23:46:10.775 5102 5102 W System.err: at android.app.ActivityThread$H.handleMessage(ActivityThread.java:1978)
02-22 23:46:10.775 5102 5102 W System.err: at android.os.Handler.dispatchMessage(Handler.java:106)
02-22 23:46:10.775 5102 5102 W System.err: at android.os.Looper.loop(Looper.java:236)
02-22 23:46:10.775 5102 5102 W System.err: at android.app.ActivityThread.main(ActivityThread.java:8019)
02-22 23:46:10.775 5102 5102 W System.err: at java.lang.reflect.Method.invoke(Native Method)
02-22 23:46:10.775 5102 5102 W System.err: at com.android.internal.os.RuntimeInit$MethodAndArgsCaller.run(RuntimeInit.java:600)
02-22 23:46:10.775 5102 5102 W System.err: at com.android.internal.os.ZygoteInit.main(ZygoteInit.java:967)
02-22 23:46:10.792 5102 5102 E CustomActivityOnCrash: IMPORTANT WARNING! You already have an UncaughtExceptionHandler, are you sure this is correct? If you use a custom UncaughtExceptionHandler, you must initialize it AFTER CustomActivityOnCrash! Installing anyway, but your original handler will not be called.
02-22 23:46:11.700 5102 5102 W com.whatsapp: Accessing hidden method Lcom/android/org/conscrypt/OpenSSLSocketImpl;->setUseSessionTickets(Z)V (greylist- max-q,test-api, reflection, denied)
02-22 23:46:11.700 5102 5102 W com.whatsapp: Accessing hidden method Lcom/android/org/conscrypt/AbstractConscryptSocket;->setUseSessionTickets(Z)V (greylist-max-q, reflection, denied)
02-22 23:46:11.788 5102 5102 W com.whatsapp: type=1400 audit(0.0:491594): avc: granted { execute } for path="/data/data/com.whatsapp/files/decompressed/libs.spk.zst/libc++_shared.so" dev="dm-10" ino=372071 scontext=u:r:untrusted_app:s0:c213,c257,c512,c768 tcontext=u:object_r:app_data_file:s0:c213,c257,c512,c768 tclass=file app=com.whatsapp
02-22 23:46:11.798 5102 5102 W com.whatsapp: type=1400 audit(0.0:491595): avc: granted { execute } for path="/data/data/com.whatsapp/files/decompressed/libs.spk.zst/libvlc.so" dev="dm- 10" ino=335014 scontext=u:r:untrusted_app:s0:c213,c257,c512,c768 tcontext=u:object_r:app_data_file:s0:c213,c257,c512,c768 tclass=file app=com.whatsapp
02-22 23:46:11.799 5102 5102 W linker : Warning: "/data/data/com.whatsapp/files/decompressed/libs.spk.zst/libc++_shared.so" unused DT entry: unknown processor-specific (type 0x70000001 arg 0x0) (ignoring)
02-22 23:46:11.818 5102 5102 W com.whatsapp: type=1400 audit(0.0:491596): avc: granted { execute } for path="/data/data/com.whatsapp/files/decompressed/libs.spk.zst/libwhatsapp.so" dev="dm-10" ino=335273 scontext=u:r:untrusted_app:s0:c213,c257,c512,c768 tcontext=u:object_r:app_data_file:s0:c213,c257,c512,c768 tclass=file app=com.whatsapp
02-22 23:46:12.047 5102 5241 W com.whatsapp: Class X.2rL failed lock verification and will run slower.
02-22 23:46:12.047 5102 5241 W com.whatsapp: Common causes for lock verification issues are non-optimized dex code
02-22 23:46:12.047 5102 5241 W com.whatsapp: and incorrect proguard optimizations.
02-22 23:46:12.154 5102 5102 W Looper : PerfMonitor longMsg : seq=2 plan=23:46:10.319 late=11ms wall=1702ms running=406ms runnable=119ms io=803ms h=android.app.ActivityThread$H w=110 procState=2
02-22 23:46:12.178 5102 5102 W com.whatsapp: Class X.0eU failed lock verification and will run slower.
02-22 23:46:12.488 5102 5255 E linker : library "" ("/apex/com.android.vndk.v30/lib64") needed or dlopened by "/apex/com.android.vndk.v30/lib64/libRS_internal.so" is not accessible for the namespace: [name="rs", ld_library_paths="", default_library_paths="/apex/com.android.vndk.v30/lib64:/vendor/lib64", permitted_paths="/odm/lib64:/vendor/lib64:/system/vendor/lib64:/data"]
02-22 23:46:12.488 5102 5255 E RenderScript: Failed loading RS driver: dlopen failed: library "" needed or dlopened by "/apex/com.android.vndk.v30/lib64/libRS_internal.so" is not accessible for the namespace "rs"
02-22 23:46:12.488 5102 5255 E RenderScript: Failed to load runtime , loading default
02-22 23:46:12.704 5102 5265 W LOTTIE : Unknown shape type rd
02-22 23:46:12.735 5102 5102 E ArmVmp : Match on catch block at 0xb0 in for 0xe1
02-22 23:46:12.739 5102 5102 E ArmVmp : Match on catch block at 0xb0 in for 0xe5
02-22 23:46:12.760 5102 5102 W Activity: Slow Operation: Activity com.whatsapp/.Conversation onCreate took 569ms
02-22 23:46:12.861 5102 5102 E ArmVmp : Match on catch block at 0x0a in for 0xc9
02-22 23:46:12.864 5102 5102 E ArmVmp : Match on catch block at 0x0a in for 0xc1
02-22 23:46:12.888 5102 5102 W Activity: Slow Operation: Activity com.whatsapp/.Conversation onStart took 124ms
02-22 23:46:12.939 5102 5102 W Looper : PerfMonitor looperActivity : package=com.whatsapp/.Conversation time=784ms latency=1832ms running=481ms procState=2 ClientTransaction{ callbacks=[android.app.servertransaction.LaunchActivityItem] lifecycleRequest=android.app.servertransaction.ResumeActivityItem } historyMsgCount=2 (msgIndex=2 wall=1702ms seq=2 running=406ms runnable=119ms io=803ms late=11ms h=android.app.ActivityThread$H w=110)
02-22 23:46:12.940 5102 5102 W Looper : PerfMonitor looperActivity : package=com.whatsapp/.Conversation time=0ms latency=2615ms running=0ms procState=2 ClientTransaction{ callbacks=[android.app.servertransaction.TopResumedActivityChang eItem] } historyMsgCount=3 (msgIndex=2 wall=1702ms seq=2 running=406ms runnable=119ms io=803ms late=11ms h=android.app.ActivityThread$H w=110) (msgIndex=3 wall=784ms seq=3 running=481ms runnable=29ms io=131ms late=1832ms h=android.app.ActivityThread$H w=159)
02-22 23:46:13.298 5102 5102 E ArmVmp : Match on catch block at 0xc3 in for 0xb9
02-22 23:46:13.360 5102 5102 W Looper : PerfMonitor doFrame : time=392ms vsyncFrame=0 latency=23ms procState=2 historyMsgCount=43
02-22 23:46:13.307 5102 5102 E ArmVmp : Match on catch block at 0xc3 in for 0xb9
02-22 23:46:13.393 5102 5102 E ArmVmp : Match on catch block at 0xc3 in for 0xa9
02-22 23:46:13.396 5102 5102 E ArmVmp : Match on catch block at 0xc3 in for 0xa5
02-22 23:46:13.398 5102 5102 E ArmVmp : Match on catch block at 0xc3 in for 0xa5
02-22 23:46:13.405 5102 5102 W Looper : PerfMonitor doFrame : time=16ms vsyncFrame=0 latency=410ms procState=2 historyMsgCount=11 (msgIndex=1 wall=392ms seq=54 running=286ms runnable=10ms io=22ms late=23ms h=android.view.Choreographer$FrameHandler c=android.view.Choreographer$FrameDisplayEventReceiver)
02-22 23:46:13.433 5102 5102 E ArmVmp : Match on catch block at 0xc3 in for 0xa1
02-22 23:46:13.437 5102 5102 E ArmVmp : Match on catch block at 0xc3 in for 0xa5
02-22 23:46:13.438 5102 5102 E ArmVmp : Match on catch block at 0xc3 in for 0xa5
02-22 23:46:13.459 5102 5102 E ArmVmp : Match on catch block at 0xc3 in for 0xa9
02-22 23:46:13.461 5102 5102 E ArmVmp : Match on catch block at 0xc3 in for 0xa1
02-22 23:46:13.463 5102 5102 E ArmVmp : Match on catch block at 0xc3 in for 0xa1
02-22 23:46:13.458 5102 5102 W com.whatsapp: type=1400 audit(0.0:491601): avc: denied { read } for name="u:object_r:vendor_displayfeature_prop:s0" dev="tmpfs" ino=1232 scontext=u:r:untrusted_app:s0:c213,c257,c512,c768 tcontext=u:object_r:vendor_displayfeature_prop:s0 tclass=file permissive=0 app=com.whatsapp
02-22 23:46:13.470 5102 5102 E libc : Access denied finding property "ro.vendor.df.effect.conflict"
02-22 23:46:13.470 5102 5102 E libc : Access denied finding property "ro.vendor.knock.type"
02-22 23:46:13.780 5102 5102 E ArmVmp : Match on catch block at 0xc3 in for 0xa1
02-22 23:46:13.782 5102 5102 E ArmVmp : Match on catch block at 0xc3 in for 0xa5
02-22 23:46:13.785 5102 5102 E ArmVmp : Match on catch block at 0xc3 in for 0xa5
02-22 23:46:13.797 5102 5102 E ArmVmp : Match on catch block at 0xc3 in for 0xa9
02-22 23:46:13.801 5102 5102 E ArmVmp : Match on catch block at 0xc3 in for 0xa1
02-22 23:46:13.803 5102 5102 E ArmVmp : Match on catch block at 0xc3 in for 0xa1
02-22 23:46:13.813 5102 5102 E ArmVmp : Match on catch block at 0xc3 in for 0xa5
02-22 23:46:13.816 5102 5102 E ArmVmp : Match on catch block at 0xc3 in for 0xa9
02-22 23:46:13.818 5102 5102 E ArmVmp : Match on catch block at 0xc3 in for 0xa9
02-22 23:46:13.830 5102 5102 E ArmVmp : Match on catch block at 0xc3 in for 0xa1
02-22 23:46:13.833 5102 5102 E ArmVmp : Match on catch block at 0xc3 in for 0xa5
02-22 23:46:13.835 5102 5102 E ArmVmp : Match on catch block at 0xc3 in for 0xa5
02-22 23:46:13.847 5102 5102 E ArmVmp : Match on catch block at 0xc3 in for 0xa9
02-22 23:46:13.849 5102 5102 E ArmVmp : Match on catch block at 0xc3 in for 0xa1
02-22 23:46:13.851 5102 5102 E ArmVmp : Match on catch block at 0xc3 in for 0xa1
02-22 23:46:13.863 5102 5102 E ArmVmp : Match on catch block at 0xc3 in for 0xa5
02-22 23:46:13.866 5102 5102 E ArmVmp : Match on catch block at 0xc3 in for 0xa9
02-22 23:46:13.868 5102 5102 E ArmVmp : Match on catch block at 0xc3 in for 0xa9
02-22 23:46:13.880 5102 5102 E ArmVmp : Match on catch block at 0xc3 in for 0xa1
02-22 23:46:13.882 5102 5102 E ArmVmp : Match on catch block at 0xc3 in for 0xa5
02-22 23:46:13.884 5102 5102 E ArmVmp : Match on catch block at 0xc3 in for 0xa5
02-22 23:46:13.897 5102 5102 E ArmVmp : Match on catch block at 0xc3 in for 0xa9
02-22 23:46:13.901 5102 5102 E ArmVmp : Match on catch block at 0xc3 in for 0xa1
02-22 23:46:13.906 5102 5102 E ArmVmp : Match on catch block at 0xc3 in for 0xa1
02-22 23:46:13.930 5102 5102 E ArmVmp : Match on catch block at 0xc3 in for 0xa5
02-22 23:46:13.932 5102 5102 E ArmVmp : Match on catch block at 0xc3 in for 0xa9
02-22 23:46:13.934 5102 5102 E ArmVmp : Match on catch block at 0xc3 in for 0xa9
02-22 23:46:13.947 5102 5102 E ArmVmp : Match on catch block at 0xc3 in for 0xa1
02-22 23:46:13.949 5102 5102 E ArmVmp : Match on catch block at 0xc3 in for 0xa5
02-22 23:46:13.951 5102 5102 E ArmVmp : Match on catch block at 0xc3 in for 0xa5
02-22 23:46:13.963 5102 5102 E ArmVmp : Match on catch block at 0xc3 in for 0xa9
02-22 23:46:13.966 5102 5102 E ArmVmp : Match on catch block at 0xc3 in for 0xa1
02-22 23:46:13.968 5102 5102 E ArmVmp : Match on catch block at 0xc3 in for 0xa1
02-22 23:46:13.980 5102 5102 E ArmVmp : Match on catch block at 0xc3 in for 0xa5
02-22 23:46:13.983 5102 5102 E ArmVmp : Match on catch block at 0xc3 in for 0xa9
02-22 23:46:13.986 5102 5102 E ArmVmp : Match on catch block at 0xc3 in for 0xa9
02-22 23:46:13.997 5102 5102 E ArmVmp : Match on catch block at 0xc3 in for 0xa1
02-22 23:46:14.000 5102 5102 E ArmVmp : Match on catch block at 0xc3 in for 0xa5
02-22 23:46:14.002 5102 5102 E ArmVmp : Match on catch block at 0xc3 in for 0xa5
02-22 23:46:14.013 5102 5102 E ArmVmp : Match on catch block at 0xc3 in for 0xa9
02-22 23:46:14.016 5102 5102 E ArmVmp : Match on catch block at 0xc3 in for 0xa1
02-22 23:46:14.018 5102 5102 E ArmVmp : Match on catch block at 0xc3 in for 0xa1
02-22 23:46:14.030 5102 5102 E ArmVmp : Match on catch block at 0xc3 in for 0xa5
02-22 23:46:14.033 5102 5102 E ArmVmp : Match on catch block at 0xc3 in for 0xa9
02-22 23:46:14.035 5102 5102 E ArmVmp : Match on catch block at 0xc3 in for 0xa9
02-22 23:46:14.047 5102 5102 E ArmVmp : Match on catch block at 0xc3 in for 0xa1
02-22 23:46:14.050 5102 5102 E ArmVmp : Match on catch block at 0xc3 in for 0xa5
02-22 23:46:14.052 5102 5102 E ArmVmp : Match on catch block at 0xc3 in for 0xa5
02-22 23:46:14.063 5102 5102 E ArmVmp : Match on catch block at 0xc3 in for 0xa9
02-22 23:46:14.066 5102 5102 E ArmVmp : Match on catch block at 0xc3 in for 0xa1
02-22 23:46:14.067 5102 5102 E ArmVmp : Match on catch block at 0xc3 in for 0xa1
02-22 23:46:14.080 5102 5102 E ArmVmp : Match on catch block at 0xc3 in for 0xa5
02-22 23:46:14.083 5102 5102 E ArmVmp : Match on catch block at 0xc3 in for 0xa9
02-22 23:46:14.085 5102 5102 E ArmVmp : Match on catch block at 0xc3 in for 0xa9
02-22 23:46:14.281 5102 5102 E ArmVmp : Match on catch block at 0xc3 in for 0xa1
02-22 23:46:14.284 5102 5102 E ArmVmp : Match on catch block at 0xc3 in for 0xa5
02-22 23:46:14.286 5102 5102 E ArmVmp : Match on catch block at 0xc3 in for 0xa5
02-22 23:46:14.300 5102 5102 E ArmVmp : Match on catch block at 0xc3 in for 0xa5
02-22 23:46:14.305 5102 5102 E ArmVmp : Match on catch block at 0xc3 in for 0xa9
02-22 23:46:14.308 5102 5102 E ArmVmp : Match on catch block at 0xc3 in for 0xa9
02-22 23:46:14.314 5102 5102 E ArmVmp : Match on catch block at 0xc3 in for 0xa9
02-22 23:46:14.317 5102 5102 E ArmVmp : Match on catch block at 0xc3 in for 0xa1
02-22 23:46:14.319 5102 5102 E ArmVmp : Match on catch block at 0xc3 in for 0xa1
02-22 23:46:14.330 5102 5102 E ArmVmp : Match on catch block at 0xc3 in for 0xa5
02-22 23:46:14.332 5102 5102 E ArmVmp : Match on catch block at 0xc3 in for 0xa9
02-22 23:46:14.334 5102 5102 E ArmVmp : Match on catch block at 0xc3 in for 0xa9
02-22 23:46:14.434 5102 5318 E WM-WorkerWrapper: Work [ id=0e0d2e8b-d691-484a- a920-77db326f5195, tags={ com.whatsapp.privacy.protocol.xmpp.DisclosureGetStageByIdsWorker, tag.whatsapp.privacy.GetDisclosureStageByIds } ] failed because it threw an exception/error
02-22 23:46:14.434 5102 5318 E WM-WorkerWrapper: java.util.concurrent.ExecutionException: X.0pD: The completer object was garbage collected - this future would otherwise never complete. The tag was: Failure {mOutputData=Data {}}
02-22 23:46:14.434 5102 5318 E WM-WorkerWrapper: at X.0i9.A02(Unknown Source:20)
02-22 23:46:14.434 5102 5318 E WM-WorkerWrapper: at X.0i9.get(Unknown Source:47)
02-22 23:46:14.434 5102 5318 E WM-WorkerWrapper: at X.0lz.run(Unknown Source:4)
02-22 23:46:14.434 5102 5318 E WM-WorkerWrapper: at X.0m4.run(Unknown Source:2)
02-22 23:46:14.434 5102 5318 E WM-WorkerWrapper: at java.util.concurrent.ThreadPoolExecutor.runWorker(ThreadPoolExecutor.java:1167)
02-22 23:46:14.434 5102 5318 E WM-WorkerWrapper: at java.util.concurrent.ThreadPoolExecutor$Worker.run(ThreadPoolExecutor.java:641)
02-22 23:46:14.434 5102 5318 E WM-WorkerWrapper: at java.lang.Thread.run(Thread.java:923)
02-22 23:46:14.434 5102 5318 E WM-WorkerWrapper: Caused by: X.0pD: The completer object was garbage collected - this future would otherwise never complete. The tag was: Failure {mOutputData=Data {}}
02-22 23:46:14.446 5102 5102 E ArmVmp : Match on catch block at 0xc3 in for 0xa1
02-22 23:46:14.451 5102 5102 E ArmVmp : Match on catch block at 0xc3 in for 0xa5
02-22 23:46:14.453 5102 5102 E ArmVmp : Match on catch block at 0xc3 in for 0xa5
02-22 23:46:14.706 5102 5102 E ArmVmp : Match on catch block at 0xc3 in for 0xa5
02-22 23:46:14.711 5102 5102 E ArmVmp : Match on catch block at 0xc3 in for 0xa9
02-22 23:46:14.717 5102 5102 E ArmVmp : Match on catch block at 0xc3 in for 0xa9
02-22 23:46:14.726 5102 5102 E ArmVmp : Match on catch block at 0xc3 in for 0xa1
02-22 23:46:14.730 5102 5102 E ArmVmp : Match on catch block at 0xc3 in for 0xa5
02-22 23:46:14.732 5102 5102 E ArmVmp : Match on catch block at 0xc3 in for 0xa5
02-22 23:46:14.751 5102 5102 E ArmVmp : Match on catch block at 0xc3 in for 0xa5
02-22 23:46:14.753 5102 5102 E ArmVmp : Match on catch block at 0xc3 in for 0xa9
02-22 23:46:14.757 5102 5102 E ArmVmp : Match on catch block at 0xc3 in for 0xa9
02-22 23:46:14.820 5102 5102 W com.whatsapp: Class com.whatsapp.HomeActivity failed lock verification and will run slower.
02-22 23:46:14.881 5102 5102 E ArmVmp : Match on catch block at 0xb0 in for 0xe9
02-22 23:46:14.921 5102 5102 E ArmVmp : Match on catch block at 0xb0 in for 0xe1
02-22 23:46:15.016 5102 5345 W BpBinder: Slow Binder: BpBinder transact took 462 ms, interface=android.app.IActivityManager, code=22 oneway=false
02-22 23:46:15.068 5102 5102 E ArmVmp : Match on catch block at 0x0a in for 0xc1
02-22 23:46:15.082 5102 5102 E ArmVmp : Match on catch block at 0x0a in for 0x139
02-22 23:46:15.296 5102 5384 W com.whatsapp: Accessing hidden method Lcom/android/org/conscrypt/ConscryptEngineSocket;->setUseSessionTickets(Z)V (greylist-max-q,test-api, reflection, denied)
02-22 23:46:15.296 5102 5384 W com.whatsapp: Accessing hidden method Lcom/android/org/conscrypt/OpenSSLSocketImpl;->setUseSessionTickets(Z)V (greylist- max-q,test-api, reflection, denied)
02-22 23:46:15.296 5102 5384 W com.whatsapp: Accessing hidden method Lcom/android/org/conscrypt/AbstractConscryptSocket;->setUseSessionTickets(Z)V (greylist-max-q, reflection, denied)
02-22 23:46:15.296 5102 5384 W com.whatsapp: Accessing hidden method Lcom/android/org/conscrypt/ConscryptEngineSocket;->setHostname(Ljava/lang/String;)V (greylist-max-q,test-api, reflection, denied)
02-22 23:46:15.296 5102 5384 W com.whatsapp: Accessing hidden method Lcom/android/org/conscrypt/OpenSSLSocketImpl;->setHostname(Ljava/lang/String;)V (greylist-max-q,test-api, reflection, denied)
02-22 23:46:15.296 5102 5384 W com.whatsapp: Accessing hidden method Lcom/android/org/conscrypt/AbstractConscryptSocket;->setHostname(Ljava/lang/ String;)V (greylist-max-q, reflection, denied)
02-22 23:46:15.296 5102 5384 W com.whatsapp: Accessing hidden method Lcom/android/org/conscrypt/OpenSSLSocketImpl;->setAlpnProtocols([B)V (greylist-max- q,test-api, reflection, denied)
02-22 23:46:15.296 5102 5384 W com.whatsapp: Accessing hidden method Lcom/android/org/conscrypt/AbstractConscryptSocket;->setAlpnProtocols([B)V (greylist-max-q, reflection, denied)
02-22 23:46:15.366 5102 5102 W Looper : PerfMonitor looperActivity : package=com.whatsapp/.HomeActivity time=0ms latency=592ms running=0ms procState=2 ClientTransaction{ callbacks=[android.app.servertransaction.TopResumedActivityChang eItem] } historyMsgCount=4 (msgIndex=4 wall=587ms seq=250 running=411ms io=22ms late=5ms h=android.app.ActivityThread$H w=159)
02-22 23:46:15.367 5102 5264 W LOTTIE : Animation contains merge paths. Merge paths are only supported on KitKat+ and must be manually enabled by calling enableMergePathsForKitKatAndAbove().
02-22 23:46:15.454 5102 5384 W com.whatsapp: Accessing hidden method Lcom/android/org/conscrypt/OpenSSLSocketImpl;->getAlpnSelectedProtocol()[B (greylist-max-q,test-api, reflection, denied)
02-22 23:46:15.454 5102 5384 W com.whatsapp: Accessing hidden method Lcom/android/org/conscrypt/AbstractConscryptSocket;->getAlpnSelectedProtocol()[B (greylist-max-q, reflection, denied)
02-22 23:46:15.504 5102 5102 E ArmVmp : Match on catch block at 0xb0 in for 0x121
02-22 23:46:15.508 5102 5102 E ArmVmp : Match on catch block at 0xb0 in for 0x121
02-22 23:46:15.513 5102 5102 E ArmVmp : Match on catch block at 0xb0 in for 0x121
02-22 23:46:15.517 5102 5102 E ArmVmp : Match on catch block at 0xb0 in for 0x121
02-22 23:46:15.535 5102 5102 E ArmVmp : Match on catch block at 0xb0 in for 0xf9
02-22 23:46:15.605 5102 5102 E ArmVmp : Match on catch block at 0xb0 in for 0xf5
02-22 23:46:15.650 5102 5102 E ArmVmp : Match on catch block at 0xb0 in for 0xf1
02-22 23:46:15.691 5102 5102 E ArmVmp : Match on catch block at 0xb0 in for 0xf5
02-22 23:46:15.740 5102 5102 E ArmVmp : Match on catch block at 0xb0 in for 0x129
02-22 23:46:15.760 5102 5102 E ArmVmp : Match on catch block at 0xb0 in for 0x129
02-22 23:46:15.771 5102 5102 E ArmVmp : Match on catch block at 0xb0 in for 0xf5
02-22 23:46:15.851 5102 5102 E ArmVmp : Match on catch block at 0xb0 in for 0xf9
02-22 23:46:15.892 5102 5102 E ArmVmp : Match on catch block at 0xb0 in for 0xf1
02-22 23:46:15.929 5102 5102 E ArmVmp : Match on catch block at 0xb0 in for 0xf5
02-22 23:46:15.971 5102 5102 E ArmVmp : Match on catch block at 0xb0 in for 0xf9
02-22 23:46:16.008 5102 5102 E ArmVmp : Match on catch block at 0xb0 in for 0xf1
02-22 23:46:16.045 5102 5102 E ArmVmp : Match on catch block at 0xb0 in for 0xf5
02-22 23:46:16.080 5102 5102 E ArmVmp : Match on catch block at 0xb0 in for 0xf9
02-22 23:46:16.121 5102 5102 E ArmVmp : Match on catch block at 0xb0 in for 0xf1
02-22 23:46:16.154 5102 5102 E ArmVmp : Match on catch block at 0xb0 in for 0xf5
02-22 23:46:16.186 5102 5102 E ArmVmp : Match on catch block at 0xb0 in for 0xf9
02-22 23:46:16.213 5102 5102 E RecyclerView: No adapter attached; skipping layout
02-22 23:46:16.258 5102 5102 E ArmVmp : Match on catch block at 0xc3 in for 0xa1
02-22 23:46:16.260 5102 5102 E ArmVmp : Match on catch block at 0xc3 in for 0xa5
02-22 23:46:16.264 5102 5102 W Looper : PerfMonitor doFrame : time=841ms vsyncFrame=0 latency=61ms procState=2 historyMsgCount=43 (msgIndex=1 wall=587ms seq=250 running=411ms io=22ms late=5ms h=android.app.ActivityThread$H w=159)
02-22 23:46:16.262 5102 5102 E ArmVmp : Match on catch block at 0xc3 in for 0xa5
02-22 23:46:16.268 5102 5102 W LOTTIE : Animation contains merge paths but they are disabled.
02-22 23:46:16.274 5102 5102 E ArmVmp : Match on catch block at 0x0a in for 0xd9
02-22 23:46:16.305 5102 5102 W Looper : PerfMonitor looperActivity : package=com.whatsapp/mbmodsd.mbmodsw.mbsettings.yo.PauseActivity time=35ms latency=868ms running=7ms procState=2 ClientTransaction{ callbacks=[android.app.servertransaction.LaunchActivityItem] lifecycleRequest=android.app.servertransaction.PauseActivityItem } historyMsgCount=37 (msgIndex=31 wall=841ms seq=293 running=640ms io=35ms late=61ms h=android.view.Choreographer$FrameHandler c=android.view.Choreographer$FrameDisplayEventReceiver)
02-22 23:46:16.340 5102 5102 E RecyclerView: No adapter attached; skipping layout
02-22 23:46:16.347 5102 5102 W Looper : PerfMonitor doFrame : time=41ms vsyncFrame=0 latency=876ms procState=2 historyMsgCount=10 (msgIndex=1 wall=841ms seq=293 running=640ms io=35ms late=61ms h=android.view.Choreographer$FrameHandler c=android.view.Choreographer$FrameDisplayEventReceiver)
02-22 23:46:16.394 5102 5102 W Looper : PerfMonitor looperActivity : package=com.whatsapp/mbmodsd.mbmodsw.mbsettings.yo.PauseActivity time=0ms latency=312ms running=0ms procState=2 ClientTransaction{ callbacks=[android.app.servertransaction.TopResumedActivityChang eItem] } historyMsgCount=193 (msgIndex=1 wall=841ms seq=293 running=640ms io=35ms late=61ms h=android.view.Choreographer$FrameHandler c=android.view.Choreographer$FrameDisplayEventReceiver)
02-22 23:46:16.395 5102 5102 W Looper : PerfMonitor looperActivity : package=com.whatsapp/mbmodsd.mbmodsw.mbsettings.yo.PauseActivity time=1ms latency=309ms running=1ms procState=2 ClientTransaction{ lifecycleRequest=android.app.servertransaction.ResumeActivityIte m } historyMsgCount=196 (msgIndex=1 wall=841ms seq=293 running=640ms io=35ms late=61ms h=android.view.Choreographer$FrameHandler c=android.view.Choreographer$FrameDisplayEventReceiver)
02-22 23:46:16.551 5102 5102 E ArmVmp : Match on catch block at 0xc3 in for 0xa5
02-22 23:46:16.554 5102 5102 E ArmVmp : Match on catch block at 0xc3 in for 0xa9
