02-22 22:23:15.055 15880 15880 W BottomSheetBehavior: BottomSheetBehavior now supports multiple callbacks. `setBottomSheetCallback()` removes all existing callbacks, including ones set internally by library authors, which may result in unintended behavior. This may change in the future. Please use `addBottomSheetCallback()` and `removeBottomSheetCallback()` instead to set your own callbacks.
02-22 22:23:15.055 15880 15880 W BottomSheetBehavior: BottomSheetBehavior now supports multiple callbacks. `setBottomSheetCallback()` removes all existing callbacks, including ones set internally by library authors, which may result in unintended behavior. This may change in the future. Please use `addBottomSheetCallback()` and `removeBottomSheetCallback()` instead to set your own callbacks.
02-22 22:23:15.093 15880 16051 W BpBinder: Slow Binder: BpBinder transact took 527 ms, interface=android.app.IActivityManager, code=22 oneway=false
02-22 22:23:15.098 15880 15880 W pool-6-thread-1: type=1400 audit(0.0:477441): avc: granted { execute } for path="/data/data/com.whatsapp/files/decompressed/libs.spk.zst/libgifimage.so" dev="dm-10" ino=371810 scontext=u:r:untrusted_app:s0:c213,c257,c512,c768 tcontext=u:object_r:app_data_file:s0:c213,c257,c512,c768 tclass=file app=com.whatsapp
02-22 22:23:15.294 15880 15880 E RecyclerView: No adapter attached; skipping layout
02-22 22:23:15.295 15880 15880 E RecyclerView: No adapter attached; skipping layout
02-22 22:23:15.358 15880 15950 E SQLiteDatabase: Error inserting transferred=0 media_job_uuid=c6db24b0-323a-4410-bff2-75add3bc55f1 transcoded=0 gif_attribution=0 first_scan_length=0 direct_path=/v/t62.7161- 24/30428939_379211144869496_8452540332825345360_n.enc?ccb=11- 4&oh=01_AdSBsfGYolUcKFt1flsQMJDRe1KuTkG2S3c8F5PQN5Hw-Q&oe=65FF5690&_nc_sid=5e03e0 thumbnail_height_width_ratio=1.7777778 is_animated_sticker=0 file_hash=LOynv+GV/oSnvSMdLf8VqsNTAuCVj5B3YEHREVspgOw= file_path=null file_size=0 partial_media_hash=null face_x=0 face_y=0 height=1024 trim_to=0 media_key_timestamp=1708653899000 message_url=https://mmg.whatsapp.net/v/t62.7161- 24/30428939_379211144869496_8452540332825345360_n.enc?ccb=11- 4&oh=01_AdSBsfGYolUcKFt1flsQMJDRe1KuTkG2S3c8F5PQN5Hw- Q&oe=65FF5690&_nc_sid=5e03e0&mms3=true media_caption=null trim_from=0 mime_type=video/mp4 partial_media_enc_hash=null width=576 original_file_hash=null has_streaming_sidecar=1 autotransfer_retry_enabled=0 media_upload_handle=null message_row_id=494 multicast_id=null enc_file_hash=aSX4W9HY1mhlrE/oNGdkCCuzCkQh9yDMxCtq7LvRFbg= mute_video=0 page_count=0 first_scan_sidecar=null suspicious_content=0 file_length=1082124 media_name=null media_duration=10 chat_row_id=89 media_key=[B@34e1e88
02-22 22:23:15.358 15880 15950 E SQLiteDatabase: android.database.sqlite.SQLiteConstraintException: UNIQUE constraint failed: message_media.message_row_id (code 1555 SQLITE_CONSTRAINT_PRIMARYKEY)
02-22 22:23:15.358 15880 15950 E SQLiteDatabase: at android.database.sqlite.SQLiteConnection.nativeExecuteForLastInsertedRowId(Native Method)
02-22 22:23:15.358 15880 15950 E SQLiteDatabase: at android.database.sqlite.SQLiteConnection.executeForLastInsertedRowId(SQLiteConnecti on.java:938)
02-22 22:23:15.358 15880 15950 E SQLiteDatabase: at android.database.sqlite.SQLiteSession.executeForLastInsertedRowId(SQLiteSession.jav a:790)
02-22 22:23:15.358 15880 15950 E SQLiteDatabase: at android.database.sqlite.SQLiteStatement.executeInsert(SQLiteStatement.java:88)
02-22 22:23:15.358 15880 15950 E SQLiteDatabase: at android.database.sqlite.SQLiteDatabase.insertWithOnConflict(SQLiteDatabase.java:170 1)
02-22 22:23:15.358 15880 15950 E SQLiteDatabase: at android.database.sqlite.SQLiteDatabase.insert(SQLiteDatabase.java:1570)
02-22 22:23:15.358 15880 15950 E SQLiteDatabase: at X.2tm.A08(Unknown Source:6)
02-22 22:23:15.358 15880 15950 E SQLiteDatabase: at X.35Y.A07(Unknown Source:212)
02-22 22:23:15.358 15880 15950 E SQLiteDatabase: at X.3QF.A14(Unknown Source:470)
02-22 22:23:15.358 15880 15950 E SQLiteDatabase: at X.3gU.run(Unknown Source:982)
02-22 22:23:15.358 15880 15950 E SQLiteDatabase: at android.os.Handler.handleCallback(Handler.java:938)
02-22 22:23:15.358 15880 15950 E SQLiteDatabase: at android.os.Handler.dispatchMessage(Handler.java:99)
02-22 22:23:15.358 15880 15950 E SQLiteDatabase: at X.0zq.dispatchMessage(Unknown Source:4)
02-22 22:23:15.358 15880 15950 E SQLiteDatabase: at android.os.Looper.loop(Looper.java:236)
02-22 22:23:15.358 15880 15950 E SQLiteDatabase: at android.os.HandlerThread.run(HandlerThread.java:67)
02-22 22:23:15.369 15880 15950 E SQLiteDatabase: Error inserting transferred=0 media_job_uuid=c6db24b0-323a-4410-bff2-75add3bc55f1 transcoded=0 gif_attribution=0 first_scan_length=0 direct_path=/v/t62.7161- 24/30428939_379211144869496_8452540332825345360_n.enc?ccb=11- 4&oh=01_AdSBsfGYolUcKFt1flsQMJDRe1KuTkG2S3c8F5PQN5Hw-Q&oe=65FF5690&_nc_sid=5e03e0 thumbnail_height_width_ratio=1.7777778 is_animated_sticker=0 file_hash=LOynv+GV/oSnvSMdLf8VqsNTAuCVj5B3YEHREVspgOw= file_path=null file_size=0 partial_media_hash=null face_x=0 face_y=0 height=1024 trim_to=0 media_key_timestamp=1708653899000 message_url=https://mmg.whatsapp.net/v/t62.7161- 24/30428939_379211144869496_8452540332825345360_n.enc?ccb=11- 4&oh=01_AdSBsfGYolUcKFt1flsQMJDRe1KuTkG2S3c8F5PQN5Hw- Q&oe=65FF5690&_nc_sid=5e03e0&mms3=true media_caption=null trim_from=0 mime_type=video/mp4 partial_media_enc_hash=null width=576 original_file_hash=null has_streaming_sidecar=1 autotransfer_retry_enabled=0 media_upload_handle=null message_row_id=494 multicast_id=null enc_file_hash=aSX4W9HY1mhlrE/oNGdkCCuzCkQh9yDMxCtq7LvRFbg= mute_video=0 page_count=0 first_scan_sidecar=null suspicious_content=0 file_length=1082124 media_name=null media_duration=10 chat_row_id=89 media_key=[B@34e1e88
02-22 22:23:15.369 15880 15950 E SQLiteDatabase: android.database.sqlite.SQLiteConstraintException: UNIQUE constraint failed: message_media.message_row_id (code 1555 SQLITE_CONSTRAINT_PRIMARYKEY)
02-22 22:23:15.369 15880 15950 E SQLiteDatabase: at android.database.sqlite.SQLiteConnection.nativeExecuteForLastInsertedRowId(Native Method)
02-22 22:23:15.369 15880 15950 E SQLiteDatabase: at android.database.sqlite.SQLiteConnection.executeForLastInsertedRowId(SQLiteConnecti on.java:938)
02-22 22:23:15.369 15880 15950 E SQLiteDatabase: at android.database.sqlite.SQLiteSession.executeForLastInsertedRowId(SQLiteSession.jav a:790)
02-22 22:23:15.369 15880 15950 E SQLiteDatabase: at android.database.sqlite.SQLiteStatement.executeInsert(SQLiteStatement.java:88)
02-22 22:23:15.369 15880 15950 E SQLiteDatabase: at android.database.sqlite.SQLiteDatabase.insertWithOnConflict(SQLiteDatabase.java:170 1)
02-22 22:23:15.369 15880 15950 E SQLiteDatabase: at android.database.sqlite.SQLiteDatabase.insert(SQLiteDatabase.java:1570)
02-22 22:23:15.369 15880 15950 E SQLiteDatabase: at X.2tm.A08(Unknown Source:6)
02-22 22:23:15.369 15880 15950 E SQLiteDatabase: at X.35Y.A07(Unknown Source:212)
02-22 22:23:15.369 15880 15950 E SQLiteDatabase: at X.3QF.A14(Unknown Source:470)
02-22 22:23:15.369 15880 15950 E SQLiteDatabase: at X.3gU.run(Unknown Source:982)
02-22 22:23:15.369 15880 15950 E SQLiteDatabase: at android.os.Handler.handleCallback(Handler.java:938)
02-22 22:23:15.369 15880 15950 E SQLiteDatabase: at android.os.Handler.dispatchMessage(Handler.java:99)
02-22 22:23:15.369 15880 15950 E SQLiteDatabase: at X.0zq.dispatchMessage(Unknown Source:4)
02-22 22:23:15.369 15880 15950 E SQLiteDatabase: at android.os.Looper.loop(Looper.java:236)
02-22 22:23:15.369 15880 15950 E SQLiteDatabase: at android.os.HandlerThread.run(HandlerThread.java:67)
02-22 22:23:15.404 15880 16101 W VideoCapabilities: Unrecognized profile/level 0/3 for video/mpeg2
02-22 22:23:15.404 15880 16101 W VideoCapabilities: Unrecognized profile/level 0/3 for video/mpeg2
02-22 22:23:15.573 15880 16051 W BpBinder: Slow Binder: BpBinder transact took 479 ms, interface=android.content.IContentProvider, code=1 oneway=false
02-22 22:23:15.848 15880 16043 W BpBinder: Slow Binder: BpBinder transact took 660 ms, interface=android.media.IMediaMetadataRetriever, code=3 oneway=false
02-22 22:23:16.490 15880 16162 W Codec2Client: query -- param skipped: index = 1107298332.
02-22 22:23:16.490 15880 16162 W CCodec : This behavior is subject to change. It is recommended that app developers double check whether the requested max input size is in reasonable range.
02-22 22:23:16.505 15880 16043 W BpBinder: Slow Binder: BpBinder transact took 656 ms, interface=android.media.IMediaMetadataRetriever, code=5 oneway=false
02-22 22:23:16.517 15880 16162 W Codec2Client: query -- param skipped: index = 1342179345.
02-22 22:23:16.517 15880 16162 W Codec2Client: query -- param skipped: index = 2415921170.
02-22 22:23:16.517 15880 16162 W Codec2Client: query -- param skipped: index = 1610614798.
02-22 22:23:16.522 15880 16162 E FMQ : grantorIdx must be less than 3
02-22 22:23:16.522 15880 16162 E FMQ : grantorIdx must be less than 3
02-22 22:23:16.550 15880 16162 E ion : ioctl c0044901 failed with code -1: Inappropriate ioctl for device
02-22 22:23:16.554 15880 16162 E FMQ : grantorIdx must be less than 3
02-22 22:23:16.576 15880 16128 E FMQ : grantorIdx must be less than 3
02-22 22:23:16.949 15880 16043 W BpBinder: Slow Binder: BpBinder transact took 218 ms, interface=android.media.IMediaMetadataRetriever, code=5 oneway=false
02-22 22:23:19.585 15880 15950 E SQLiteDatabase: Error inserting transferred=1 media_job_uuid=5c1c914a-a2c7-40e0-b6b5-645e39316c3b transcoded=0 gif_attribution=0 first_scan_length=0 direct_path=/v/t62.7161- 24/19969571_889100052955875_3328247125120029360_n.enc?ccb=11- 4&oh=01_AdTeLYVjS2sD68fwliHymc5cB0KDAym3V6RKNoKB0rmOPA&oe=65FF5A67&_nc_sid=5e03e0 thumbnail_height_width_ratio=1.7777778 is_animated_sticker=0 file_hash=pKlhuxpeaN6SJLu+QYR4osiAcm6YN5u6XSRgpaXh/vc= file_path=Media/.Statuses/79f6da50f814422287f209910143c946.mp4 file_size=1288246 partial_media_hash=null face_x=0 face_y=0 height=642 trim_to=0 media_key_timestamp=1708654322000 message_url=https://mmg.whatsapp.net/v/t62.7161- 24/19969571_889100052955875_3328247125120029360_n.enc?ccb=11- 4&oh=01_AdTeLYVjS2sD68fwliHymc5cB0KDAym3V6RKNoKB0rmOPA&oe=65FF5A67&_nc_sid=5e03e0&m ms3=true media_caption=null trim_from=0 mime_type=video/mp4 partial_media_enc_hash=null width=360 original_file_hash=null has_streaming_sidecar=1 autotransfer_retry_enabled=1 media_upload_handle=null message_row_id=495 multicast_id=null enc_file_hash=BmBBaK0VMSUke2r1LK7PMwduZQAPnDOPDnFipiKKEKM= mute_video=0 page_count=0 first_scan_sidecar=null suspicious_content=0 file_length=1288246 media_name=null media_duration=11 chat_row_id=89 media_key=[B@6f3a38f
02-22 22:23:19.585 15880 15950 E SQLiteDatabase: android.database.sqlite.SQLiteConstraintException: UNIQUE constraint failed: message_media.message_row_id (code 1555 SQLITE_CONSTRAINT_PRIMARYKEY)
02-22 22:23:19.585 15880 15950 E SQLiteDatabase: at android.database.sqlite.SQLiteConnection.nativeExecuteForLastInsertedRowId(Native Method)
02-22 22:23:19.585 15880 15950 E SQLiteDatabase: at android.database.sqlite.SQLiteConnection.executeForLastInsertedRowId(SQLiteConnecti on.java:938)
02-22 22:23:19.585 15880 15950 E SQLiteDatabase: at android.database.sqlite.SQLiteSession.executeForLastInsertedRowId(SQLiteSession.jav a:790)
02-22 22:23:19.585 15880 15950 E SQLiteDatabase: at android.database.sqlite.SQLiteStatement.executeInsert(SQLiteStatement.java:88)
02-22 22:23:19.585 15880 15950 E SQLiteDatabase: at android.database.sqlite.SQLiteDatabase.insertWithOnConflict(SQLiteDatabase.java:170 1)
02-22 22:23:19.585 15880 15950 E SQLiteDatabase: at android.database.sqlite.SQLiteDatabase.insert(SQLiteDatabase.java:1570)
02-22 22:23:19.585 15880 15950 E SQLiteDatabase: at X.2tm.A08(Unknown Source:6)
02-22 22:23:19.585 15880 15950 E SQLiteDatabase: at X.35Y.A07(Unknown Source:212)
02-22 22:23:19.585 15880 15950 E SQLiteDatabase: at X.3QF.A14(Unknown Source:470)
02-22 22:23:19.585 15880 15950 E SQLiteDatabase: at X.3gU.run(Unknown Source:982)
02-22 22:23:19.585 15880 15950 E SQLiteDatabase: at android.os.Handler.handleCallback(Handler.java:938)
02-22 22:23:19.585 15880 15950 E SQLiteDatabase: at android.os.Handler.dispatchMessage(Handler.java:99)
02-22 22:23:19.585 15880 15950 E SQLiteDatabase: at X.0zq.dispatchMessage(Unknown Source:4)
02-22 22:23:19.585 15880 15950 E SQLiteDatabase: at android.os.Looper.loop(Looper.java:236)
02-22 22:23:19.585 15880 15950 E SQLiteDatabase: at android.os.HandlerThread.run(HandlerThread.java:67)
02-22 22:23:21.570 15880 15950 E SQLiteDatabase: Error inserting transferred=0 media_job_uuid=c6db24b0-323a-4410-bff2-75add3bc55f1 transcoded=0 gif_attribution=0 first_scan_length=0 direct_path=/v/t62.7161- 24/30428939_379211144869496_8452540332825345360_n.enc?ccb=11- 4&oh=01_AdSBsfGYolUcKFt1flsQMJDRe1KuTkG2S3c8F5PQN5Hw-Q&oe=65FF5690&_nc_sid=5e03e0 thumbnail_height_width_ratio=1.7777778 is_animated_sticker=0 file_hash=LOynv+GV/oSnvSMdLf8VqsNTAuCVj5B3YEHREVspgOw= file_path=null file_size=0 partial_media_hash=null face_x=0 face_y=0 height=1024 trim_to=0 media_key_timestamp=1708653899000 message_url=https://mmg.whatsapp.net/v/t62.7161- 24/30428939_379211144869496_8452540332825345360_n.enc?ccb=11- 4&oh=01_AdSBsfGYolUcKFt1flsQMJDRe1KuTkG2S3c8F5PQN5Hw- Q&oe=65FF5690&_nc_sid=5e03e0&mms3=true media_caption=null trim_from=0 mime_type=video/mp4 partial_media_enc_hash=null width=576 original_file_hash=null has_streaming_sidecar=1 autotransfer_retry_enabled=1 media_upload_handle=null message_row_id=494 multicast_id=null enc_file_hash=aSX4W9HY1mhlrE/oNGdkCCuzCkQh9yDMxCtq7LvRFbg= mute_video=0 page_count=0 first_scan_sidecar=null suspicious_content=0 file_length=1082124 media_name=null media_duration=10 chat_row_id=89 media_key=[B@34e1e88
02-22 22:23:21.570 15880 15950 E SQLiteDatabase: android.database.sqlite.SQLiteConstraintException: UNIQUE constraint failed: message_media.message_row_id (code 1555 SQLITE_CONSTRAINT_PRIMARYKEY)
02-22 22:23:21.570 15880 15950 E SQLiteDatabase: at android.database.sqlite.SQLiteConnection.nativeExecuteForLastInsertedRowId(Native Method)
02-22 22:23:21.570 15880 15950 E SQLiteDatabase: at android.database.sqlite.SQLiteConnection.executeForLastInsertedRowId(SQLiteConnecti on.java:938)
02-22 22:23:21.570 15880 15950 E SQLiteDatabase: at android.database.sqlite.SQLiteSession.executeForLastInsertedRowId(SQLiteSession.jav a:790)
02-22 22:23:21.570 15880 15950 E SQLiteDatabase: at android.database.sqlite.SQLiteStatement.executeInsert(SQLiteStatement.java:88)
02-22 22:23:21.570 15880 15950 E SQLiteDatabase: at android.database.sqlite.SQLiteDatabase.insertWithOnConflict(SQLiteDatabase.java:170 1)
02-22 22:23:21.570 15880 15950 E SQLiteDatabase: at android.database.sqlite.SQLiteDatabase.insert(SQLiteDatabase.java:1570)
02-22 22:23:21.570 15880 15950 E SQLiteDatabase: at X.2tm.A08(Unknown Source:6)
02-22 22:23:21.570 15880 15950 E SQLiteDatabase: at X.35Y.A07(Unknown Source:212)
02-22 22:23:21.570 15880 15950 E SQLiteDatabase: at X.3QF.A14(Unknown Source:470)
02-22 22:23:21.570 15880 15950 E SQLiteDatabase: at X.3gU.run(Unknown Source:982)
02-22 22:23:21.570 15880 15950 E SQLiteDatabase: at android.os.Handler.handleCallback(Handler.java:938)
02-22 22:23:21.570 15880 15950 E SQLiteDatabase: at android.os.Handler.dispatchMessage(Handler.java:99)
02-22 22:23:21.570 15880 15950 E SQLiteDatabase: at X.0zq.dispatchMessage(Unknown Source:4)
02-22 22:23:21.570 15880 15950 E SQLiteDatabase: at android.os.Looper.loop(Looper.java:236)
02-22 22:23:21.570 15880 15950 E SQLiteDatabase: at android.os.HandlerThread.run(HandlerThread.java:67)
02-22 22:23:21.972 15880 16043 W BpBinder: Slow Binder: BpBinder transact took 238 ms, interface=android.media.IMediaMetadataRetriever, code=5 oneway=false
02-22 22:23:23.345 15880 15880 W Activity: Slow Operation: Activity com.whatsapp/.HomeActivity onResume took 117ms
02-22 22:23:23.395 15880 16162 W Codec2Client: query -- param skipped: index = 1342179345.
02-22 22:23:23.395 15880 16162 W Codec2Client: query -- param skipped: index = 2415921170.
02-22 22:23:23.395 15880 16162 W Codec2Client: query -- param skipped: index = 1610614798.
02-22 22:23:27.354 15880 15880 E ArmVmp : Match on catch block at 0x38 in for 0xb5
02-22 22:23:27.356 15880 15880 W System.err: java.lang.NumberFormatException: For input string: ""
02-22 22:23:27.356 15880 15880 W System.err:
02-22 22:23:27.363 15880 15880 W System.err: at java.lang.Integer.parseInt(Integer.java:627)
02-22 22:23:27.363 15880 15880 W System.err:
02-22 22:23:27.363 15880 15880 W System.err: at java.lang.Integer.parseInt(Integer.java:650)
02-22 22:23:27.363 15880 15880 W System.err:
02-22 22:23:27.363 15880 15880 W System.err: at mbmodsd.mbmodsw.home.HomeActivity.mbcRe(Native Method)
02-22 22:23:27.363 15880 15880 W System.err:
02-22 22:23:27.364 15880 15880 W System.err: at com.whatsapp.HomeActivity.onPause(Unknown Source:9)
02-22 22:23:27.364 15880 15880 W System.err:
02-22 22:23:27.364 15880 15880 W System.err: at android.app.Activity.performPause(Activity.java:8343)
02-22 22:23:27.364 15880 15880 W System.err:
02-22 22:23:27.364 15880 15880 W System.err: at android.app.Instrumentation.callActivityOnPause(Instrumentation.java:1510)
02-22 22:23:27.364 15880 15880 W System.err:
02-22 22:23:27.364 15880 15880 W System.err: at android.app.ActivityThread.performPauseActivityIfNeeded(ActivityThread.java:4842)
02-22 22:23:27.364 15880 15880 W System.err:
02-22 22:23:27.364 15880 15880 W System.err: at android.app.ActivityThread.performPauseActivity(ActivityThread.java:4803)
02-22 22:23:27.365 15880 15880 W System.err:
02-22 22:23:27.365 15880 15880 W System.err: at android.app.ActivityThread.handlePauseActivity(ActivityThread.java:4751)
02-22 22:23:27.365 15880 15880 W System.err:
02-22 22:23:27.365 15880 15880 W System.err: at android.app.servertransaction.PauseActivityItem.execute(PauseActivityItem.java:46)
02-22 22:23:27.365 15880 15880 W System.err:
02-22 22:23:27.365 15880 15880 W System.err: at android.app.servertransaction.TransactionExecutor.executeLifecycleState(Transaction Executor.java:176)
02-22 22:23:27.365 15880 15880 W System.err:
02-22 22:23:27.365 15880 15880 W System.err: at android.app.servertransaction.TransactionExecutor.execute(TransactionExecutor.java: 97)
02-22 22:23:27.365 15880 15880 W System.err:
02-22 22:23:27.365 15880 15880 W System.err: at android.app.ActivityThread$H.handleMessage(ActivityThread.java:2131)
02-22 22:23:27.365 15880 15880 W System.err:
02-22 22:23:27.365 15880 15880 W System.err: at android.os.Handler.dispatchMessage(Handler.java:106)
02-22 22:23:27.366 15880 15880 W System.err:
02-22 22:23:27.366 15880 15880 W System.err: at android.os.Looper.loop(Looper.java:236)
02-22 22:23:27.366 15880 15880 W System.err:
02-22 22:23:27.366 15880 15880 W System.err: at android.app.ActivityThread.main(ActivityThread.java:8019)
02-22 22:23:27.366 15880 15880 W System.err:
02-22 22:23:27.366 15880 15880 W System.err: at java.lang.reflect.Method.invoke(Native Method)
02-22 22:23:27.366 15880 15880 W System.err:
02-22 22:23:27.366 15880 15880 W System.err: at com.android.internal.os.RuntimeInit$MethodAndArgsCaller.run(RuntimeInit.java:600)
02-22 22:23:27.366 15880 15880 W System.err:
02-22 22:23:27.366 15880 15880 W System.err: at com.android.internal.os.ZygoteInit.main(ZygoteInit.java:967)
02-22 22:23:27.366 15880 15880 W System.err:
02-22 22:23:27.483 15880 15880 E ArmVmp : Match on catch block at 0xb0 in for 0xe5
02-22 22:23:27.490 15880 15880 E ArmVmp : Match on catch block at 0xb0 in for 0xe5
02-22 22:23:27.513 15880 15880 E ArmVmp : Match on catch block at 0xb0 in for 0xe5
02-22 22:23:27.517 15880 15880 E ArmVmp : Match on catch block at 0xb0 in for 0xe5
02-22 22:23:27.613 15880 15880 W BottomSheetBehavior: BottomSheetBehavior now supports multiple callbacks. `setBottomSheetCallback()` removes all existing callbacks, including ones set internally by library authors, which may result in unintended behavior. This may change in the future. Please use `addBottomSheetCallback()` and `removeBottomSheetCallback()` instead to set your own callbacks.
02-22 22:23:27.613 15880 15880 W BottomSheetBehavior: BottomSheetBehavior now supports multiple callbacks. `setBottomSheetCallback()` removes all existing callbacks, including ones set internally by library authors, which may result in unintended behavior. This may change in the future. Please use `addBottomSheetCallback()` and `removeBottomSheetCallback()` instead to set your own callbacks.
02-22 22:23:27.668 15880 15880 W BottomSheetBehavior: BottomSheetBehavior now supports multiple callbacks. `setBottomSheetCallback()` removes all existing callbacks, including ones set internally by library authors, which may result in unintended behavior. This may change in the future. Please use `addBottomSheetCallback()` and `removeBottomSheetCallback()` instead to set your own callbacks.
02-22 22:23:27.668 15880 15880 W BottomSheetBehavior: BottomSheetBehavior now supports multiple callbacks. `setBottomSheetCallback()` removes all existing callbacks, including ones set internally by library authors, which may result in unintended behavior. This may change in the future. Please use `addBottomSheetCallback()` and `removeBottomSheetCallback()` instead to set your own callbacks.
02-22 22:23:27.690 15880 15880 W BottomSheetBehavior: BottomSheetBehavior now supports multiple callbacks. `setBottomSheetCallback()` removes all existing callbacks, including ones set internally by library authors, which may result in unintended behavior. This may change in the future. Please use `addBottomSheetCallback()` and `removeBottomSheetCallback()` instead to set your own callbacks.
02-22 22:23:27.690 15880 15880 W BottomSheetBehavior: BottomSheetBehavior now supports multiple callbacks. `setBottomSheetCallback()` removes all existing callbacks, including ones set internally by library authors, which may result in unintended behavior. This may change in the future. Please use `addBottomSheetCallback()` and `removeBottomSheetCallback()` instead to set your own callbacks.
02-22 22:23:27.710 15880 15880 E RecyclerView: No adapter attached; skipping layout
02-22 22:23:27.710 15880 15880 E RecyclerView: No adapter attached; skipping layout
02-22 22:23:27.842 15880 16837 W Codec2Client: query -- param skipped: index = 1107298332.
02-22 22:23:27.842 15880 16837 W CCodec : This behavior is subject to change. It is recommended that app developers double check whether the requested max input size is in reasonable range.
02-22 22:23:27.844 15880 16837 W Codec2Client: query -- param skipped: index = 1342179345.
02-22 22:23:27.844 15880 16837 W Codec2Client: query -- param skipped: index = 2415921170.
02-22 22:23:27.844 15880 16837 W Codec2Client: query -- param skipped: index = 1610614798.
02-22 22:23:27.847 15880 16837 E FMQ : grantorIdx must be less than 3
02-22 22:23:27.847 15880 16837 E FMQ : grantorIdx must be less than 3
02-22 22:23:27.856 15880 16837 E FMQ : grantorIdx must be less than 3
02-22 22:23:27.869 15880 16128 E FMQ : grantorIdx must be less than 3
02-22 22:23:28.083 15880 16043 W BpBinder: Slow Binder: BpBinder transact took 235 ms, interface=android.media.IMediaMetadataRetriever, code=5 oneway=false
02-22 22:23:32.293 15880 15950 E SQLiteDatabase: Error inserting transferred=1 media_job_uuid=c6db24b0-323a-4410-bff2-75add3bc55f1 transcoded=0 gif_attribution=0 first_scan_length=0 direct_path=/v/t62.7161- 24/30428939_379211144869496_8452540332825345360_n.enc?ccb=11- 4&oh=01_AdSBsfGYolUcKFt1flsQMJDRe1KuTkG2S3c8F5PQN5Hw-Q&oe=65FF5690&_nc_sid=5e03e0 thumbnail_height_width_ratio=1.7777778 is_animated_sticker=0 file_hash=LOynv+GV/oSnvSMdLf8VqsNTAuCVj5B3YEHREVspgOw= file_path=Media/.Statuses/55b0655eaafe4413986d155facd73d4c.mp4 file_size=1082124 partial_media_hash=null face_x=0 face_y=0 height=1024 trim_to=0 media_key_timestamp=1708653899000 message_url=https://mmg.whatsapp.net/v/t62.7161- 24/30428939_379211144869496_8452540332825345360_n.enc?ccb=11- 4&oh=01_AdSBsfGYolUcKFt1flsQMJDRe1KuTkG2S3c8F5PQN5Hw- Q&oe=65FF5690&_nc_sid=5e03e0&mms3=true media_caption=null trim_from=0 mime_type=video/mp4 partial_media_enc_hash=null width=576 original_file_hash=null has_streaming_sidecar=1 autotransfer_retry_enabled=1 media_upload_handle=null message_row_id=494 multicast_id=null enc_file_hash=aSX4W9HY1mhlrE/oNGdkCCuzCkQh9yDMxCtq7LvRFbg= mute_video=0 page_count=0 first_scan_sidecar=null suspicious_content=0 file_length=1082124 media_name=null media_duration=10 chat_row_id=89 media_key=[B@34e1e88
02-22 22:23:32.293 15880 15950 E SQLiteDatabase: android.database.sqlite.SQLiteConstraintException: UNIQUE constraint failed: message_media.message_row_id (code 1555 SQLITE_CONSTRAINT_PRIMARYKEY)
02-22 22:23:32.293 15880 15950 E SQLiteDatabase: at android.database.sqlite.SQLiteConnection.nativeExecuteForLastInsertedRowId(Native Method)
02-22 22:23:32.293 15880 15950 E SQLiteDatabase: at android.database.sqlite.SQLiteConnection.executeForLastInsertedRowId(SQLiteConnecti on.java:938)
02-22 22:23:32.293 15880 15950 E SQLiteDatabase: at android.database.sqlite.SQLiteSession.executeForLastInsertedRowId(SQLiteSession.jav a:790)
02-22 22:23:32.293 15880 15950 E SQLiteDatabase: at android.database.sqlite.SQLiteStatement.executeInsert(SQLiteStatement.java:88)
02-22 22:23:32.293 15880 15950 E SQLiteDatabase: at android.database.sqlite.SQLiteDatabase.insertWithOnConflict(SQLiteDatabase.java:170 1)
02-22 22:23:32.293 15880 15950 E SQLiteDatabase: at android.database.sqlite.SQLiteDatabase.insert(SQLiteDatabase.java:1570)
02-22 22:23:32.293 15880 15950 E SQLiteDatabase: at X.2tm.A08(Unknown Source:6)
02-22 22:23:32.293 15880 15950 E SQLiteDatabase: at X.35Y.A07(Unknown Source:212)
02-22 22:23:32.293 15880 15950 E SQLiteDatabase: at X.3QF.A14(Unknown Source:470)
02-22 22:23:32.293 15880 15950 E SQLiteDatabase: at X.3gU.run(Unknown Source:982)
02-22 22:23:32.293 15880 15950 E SQLiteDatabase: at android.os.Handler.handleCallback(Handler.java:938)
02-22 22:23:32.293 15880 15950 E SQLiteDatabase: at android.os.Handler.dispatchMessage(Handler.java:99)
02-22 22:23:32.293 15880 15950 E SQLiteDatabase: at X.0zq.dispatchMessage(Unknown Source:4)
02-22 22:23:32.293 15880 15950 E SQLiteDatabase: at android.os.Looper.loop(Looper.java:236)
02-22 22:23:32.293 15880 15950 E SQLiteDatabase: at android.os.HandlerThread.run(HandlerThread.java:67)
02-22 22:23:32.775 15880 16837 W Codec2Client: query -- param skipped: index = 1342179345.
02-22 22:23:32.775 15880 16837 W Codec2Client: query -- param skipped: index = 2415921170.
02-22 22:23:32.775 15880 16837 W Codec2Client: query -- param skipped: index = 1610614798.
02-22 22:23:33.275 15880 15880 E ArmVmp : Match on catch block at 0x38 in for 0xb9
02-22 22:23:33.276 15880 15880 W System.err: java.lang.NumberFormatException: For input string: ""
02-22 22:23:33.276 15880 15880 W System.err:
02-22 22:23:33.276 15880 15880 W System.err: at java.lang.Integer.parseInt(Integer.java:627)
02-22 22:23:33.276 15880 15880 W System.err:
02-22 22:23:33.276 15880 15880 W System.err: at java.lang.Integer.parseInt(Integer.java:650)
02-22 22:23:33.276 15880 15880 W System.err:
02-22 22:23:33.276 15880 15880 W System.err: at mbmodsd.mbmodsw.home.HomeActivity.mbcRe(Native Method)
02-22 22:23:33.276 15880 15880 W System.err:
02-22 22:23:33.276 15880 15880 W System.err: at com.whatsapp.HomeActivity.onPause(Unknown Source:9)
02-22 22:23:33.276 15880 15880 W System.err:
02-22 22:23:33.276 15880 15880 W System.err: at android.app.Activity.performPause(Activity.java:8343)
02-22 22:23:33.276 15880 15880 W System.err:
02-22 22:23:33.277 15880 15880 W System.err: at android.app.Instrumentation.callActivityOnPause(Instrumentation.java:1510)
02-22 22:23:33.277 15880 15880 W System.err:
02-22 22:23:33.277 15880 15880 W System.err: at android.app.ActivityThread.performPauseActivityIfNeeded(ActivityThread.java:4842)
02-22 22:23:33.277 15880 15880 W System.err:
02-22 22:23:33.277 15880 15880 W System.err: at android.app.ActivityThread.performPauseActivity(ActivityThread.java:4803)
02-22 22:23:33.277 15880 15880 W System.err:
02-22 22:23:33.277 15880 15880 W System.err: at android.app.ActivityThread.handlePauseActivity(ActivityThread.java:4751)
02-22 22:23:33.277 15880 15880 W System.err:
02-22 22:23:33.277 15880 15880 W System.err: at android.app.servertransaction.PauseActivityItem.execute(PauseActivityItem.java:46)
02-22 22:23:33.277 15880 15880 W System.err:
02-22 22:23:33.277 15880 15880 W System.err: at android.app.servertransaction.TransactionExecutor.executeLifecycleState(Transaction Executor.java:176)
02-22 22:23:33.277 15880 15880 W System.err:
02-22 22:23:33.278 15880 15880 W System.err: at android.app.servertransaction.TransactionExecutor.execute(TransactionExecutor.java: 97)
02-22 22:23:33.278 15880 15880 W System.err:
02-22 22:23:33.278 15880 15880 W System.err: at android.app.ActivityThread$H.handleMessage(ActivityThread.java:2131)
02-22 22:23:33.278 15880 15880 W System.err:
02-22 22:23:33.278 15880 15880 W System.err: at android.os.Handler.dispatchMessage(Handler.java:106)
02-22 22:23:33.278 15880 15880 W System.err:
02-22 22:23:33.278 15880 15880 W System.err: at android.os.Looper.loop(Looper.java:236)
02-22 22:23:33.278 15880 15880 W System.err:
02-22 22:23:33.278 15880 15880 W System.err: at android.app.ActivityThread.main(ActivityThread.java:8019)
02-22 22:23:33.278 15880 15880 W System.err:
02-22 22:23:33.278 15880 15880 W System.err: at java.lang.reflect.Method.invoke(Native Method)
02-22 22:23:33.278 15880 15880 W System.err:
02-22 22:23:33.278 15880 15880 W System.err: at com.android.internal.os.RuntimeInit$MethodAndArgsCaller.run(RuntimeInit.java:600)
02-22 22:23:33.278 15880 15880 W System.err:
02-22 22:23:33.279 15880 15880 W System.err: at com.android.internal.os.ZygoteInit.main(ZygoteInit.java:967)
02-22 22:23:33.279 15880 15880 W System.err:
02-22 22:23:34.365 15880 15880 E ArmVmp : Match on catch block at 0xb0 in for 0xe5
02-22 22:23:34.370 15880 15880 E ArmVmp : Match on catch block at 0xb0 in for 0xe5
02-22 22:23:34.477 15880 15880 W BottomSheetBehavior: BottomSheetBehavior now supports multiple callbacks. `setBottomSheetCallback()` removes all existing callbacks, including ones set internally by library authors, which may result in unintended behavior. This may change in the future. Please use `addBottomSheetCallback()` and `removeBottomSheetCallback()` instead to set your own callbacks.
02-22 22:23:34.477 15880 15880 W BottomSheetBehavior: BottomSheetBehavior now supports multiple callbacks. `setBottomSheetCallback()` removes all existing callbacks, including ones set internally by library authors, which may result in unintended behavior. This may change in the future. Please use `addBottomSheetCallback()` and `removeBottomSheetCallback()` instead to set your own callbacks.
02-22 22:23:34.490 15880 15894 W System : A resource failed to call release.
02-22 22:23:34.728 15880 16900 W Codec2Client: query -- param skipped: index = 1107298332.
02-22 22:23:34.728 15880 16900 W CCodec : This behavior is subject to change. It is recommended that app developers double check whether the requested max input size is in reasonable range.
02-22 22:23:34.729 15880 16900 W Codec2Client: query -- param skipped: index = 1342179345.
02-22 22:23:34.729 15880 16900 W Codec2Client: query -- param skipped: index = 2415921170.
02-22 22:23:34.729 15880 16900 W Codec2Client: query -- param skipped: index = 1610614798.
02-22 22:23:34.730 15880 16900 E FMQ : grantorIdx must be less than 3
02-22 22:23:34.730 15880 16900 E FMQ : grantorIdx must be less than 3
02-22 22:23:34.734 15880 16900 E FMQ : grantorIdx must be less than 3
02-22 22:23:34.754 15880 16128 E FMQ : grantorIdx must be less than 3
02-22 22:23:47.411 15880 16900 W Codec2Client: query -- param skipped: index = 1342179345.
02-22 22:23:47.411 15880 16900 W Codec2Client: query -- param skipped: index = 2415921170.
02-22 22:23:47.411 15880 16900 W Codec2Client: query -- param skipped: index = 1610614798.
02-22 22:23:50.507 15880 17137 W AudioManager: Use of stream types is deprecated for operations other than volume control
02-22 22:23:50.507 15880 17137 W AudioManager: See the documentation of requestAudioFocus() for what to use instead with android.media.AudioAttributes to qualify your playback use case
02-22 22:23:50.511 15880 15880 W SoundPool: Use of stream types is deprecated for operations other than volume control
02-22 22:23:50.511 15880 15880 W SoundPool: See the documentation of SoundPool() for what to use instead with android.media.AudioAttributes to qualify your playback use case
02-22 22:23:50.874 15880 17160 W Codec2Client: query -- param skipped: index = 1107298332.
02-22 22:23:50.876 15880 17161 W Codec2Client: query -- param skipped: index = 1107298332.
02-22 22:23:50.877 15880 17160 W Codec2Client: query -- param skipped: index = 1342179345.
02-22 22:23:50.877 15880 17160 W Codec2Client: query -- param skipped: index = 2415921170.
02-22 22:23:50.878 15880 17160 E FMQ : grantorIdx must be less than 3
02-22 22:23:50.878 15880 17160 E FMQ : grantorIdx must be less than 3
02-22 22:23:50.881 15880 17161 W Codec2Client: query -- param skipped: index = 1342179345.
02-22 22:23:50.881 15880 17161 W Codec2Client: query -- param skipped: index = 2415921170.
02-22 22:23:50.887 15880 17161 E FMQ : grantorIdx must be less than 3
02-22 22:23:50.889 15880 17161 E FMQ : grantorIdx must be less than 3
02-22 22:23:50.889 15880 17160 E FMQ : grantorIdx must be less than 3
02-22 22:23:50.894 15880 17161 E FMQ : grantorIdx must be less than 3
02-22 22:23:50.911 15880 16128 E FMQ : grantorIdx must be less than 3
02-22 22:23:50.913 15880 17119 W BpBinder: Slow Binder: BpBinder transact took 560 ms, interface=android.app.IActivityManager, code=22 oneway=false
02-22 22:23:50.926 15880 16128 E FMQ : grantorIdx must be less than 3
02-22 22:23:51.064 15880 17203 W Codec2Client: query -- param skipped: index = 1107298332.
02-22 22:23:51.071 15880 17203 W Codec2Client: query -- param skipped: index = 1342179345.
02-22 22:23:51.071 15880 17203 W Codec2Client: query -- param skipped: index = 2415921170.
02-22 22:23:51.072 15880 17203 E FMQ : grantorIdx must be less than 3
02-22 22:23:51.072 15880 17203 E FMQ : grantorIdx must be less than 3
02-22 22:23:51.097 15880 17203 E FMQ : grantorIdx must be less than 3
02-22 22:23:51.115 15880 16128 E FMQ : grantorIdx must be less than 3
02-22 22:23:51.155 15880 17210 W Codec2Client: query -- param skipped: index = 1107298332.
02-22 22:23:51.164 15880 17210 W Codec2Client: query -- param skipped: index = 1342179345.
02-22 22:23:51.164 15880 17210 W Codec2Client: query -- param skipped: index = 2415921170.
02-22 22:23:51.165 15880 17210 E FMQ : grantorIdx must be less than 3
02-22 22:23:51.165 15880 17210 E FMQ : grantorIdx must be less than 3
02-22 22:23:51.168 15880 17210 E FMQ : grantorIdx must be less than 3
02-22 22:23:51.188 15880 16128 E FMQ : grantorIdx must be less than 3
02-22 22:23:51.267 15880 17214 W Codec2Client: query -- param skipped: index = 1107298332.
02-22 22:23:51.268 15880 17214 W Codec2Client: query -- param skipped: index = 1342179345.
02-22 22:23:51.268 15880 17214 W Codec2Client: query -- param skipped: index = 2415921170.
02-22 22:23:51.269 15880 17214 E FMQ : grantorIdx must be less than 3
02-22 22:23:51.269 15880 17214 E FMQ : grantorIdx must be less than 3
02-22 22:23:51.272 15880 17214 E FMQ : grantorIdx must be less than 3
02-22 22:23:51.282 15880 16128 E FMQ : grantorIdx must be less than 3
02-22 22:23:51.302 15880 15880 W Activity: Slow Operation: Activity com.whatsapp/.voipcalling.VoipActivityV2 onStart took 125ms
02-22 22:23:51.349 15880 15880 W Looper : PerfMonitor looperActivity : package=com.whatsapp/.voipcalling.VoipActivityV2 time=0ms latency=492ms running=0ms procState=2 ClientTransaction{ callbacks=[android.app.servertransaction.TopResumedActivityChang eItem] } historyMsgCount=18 (msgIndex=18 wall=392ms seq=4490 running=251ms io=44ms late=100ms h=android.app.ActivityThread$H w=159)
02-22 22:23:51.369 15880 15880 W Looper : PerfMonitor looperActivity : package=com.whatsapp/.HomeActivity time=14ms latency=449ms running=5ms procState=2 ClientTransaction{ lifecycleRequest=android.app.servertransaction.StopActivityItem } historyMsgCount=18 (msgIndex=13 wall=392ms seq=4490 running=251ms io=44ms late=100ms h=android.app.ActivityThread$H w=159)
02-22 22:23:51.477 15880 15880 W Looper : PerfMonitor doFrame : time=107ms vsyncFrame=0 latency=448ms procState=2 historyMsgCount=19 (msgIndex=9 wall=392ms seq=4490 running=251ms io=44ms late=100ms h=android.app.ActivityThread$H w=159)
02-22 22:23:51.489 15880 15880 W BottomSheetBehavior: BottomSheetBehavior now supports multiple callbacks. `setBottomSheetCallback()` removes all existing callbacks, including ones set internally by library authors, which may result in unintended behavior. This may change in the future. Please use `addBottomSheetCallback()` and `removeBottomSheetCallback()` instead to set your own callbacks.
02-22 22:23:51.588 15880 15880 W com.whatsapp: type=1400 audit(0.0:477598): avc: granted { execute } for comm=576861747341707020576F726B6572 path="/data/data/com.whatsapp/files/decompressed/libs.spk.zst/libfbjni.so" dev="dm- 10" ino=371793 scontext=u:r:untrusted_app:s0:c213,c257,c512,c768 tcontext=u:object_r:app_data_file:s0:c213,c257,c512,c768 tclass=file app=com.whatsapp
02-22 22:23:51.598 15880 15880 W com.whatsapp: type=1400 audit(0.0:477599): avc: granted { execute } for comm=576861747341707020576F726B6572 path="/data/data/com.whatsapp/files/decompressed/libs.spk.zst/libglog.so" dev="dm- 10" ino=351315 scontext=u:r:untrusted_app:s0:c213,c257,c512,c768 tcontext=u:object_r:app_data_file:s0:c213,c257,c512,c768 tclass=file app=com.whatsapp
02-22 22:23:51.608 15880 15880 W com.whatsapp: type=1400 audit(0.0:477601): avc: granted { execute } for comm=576861747341707020576F726B6572 path="/data/data/com.whatsapp/files/decompressed/libs.spk.zst/libpytorch.so" dev="dm-10" ino=356776 scontext=u:r:untrusted_app:s0:c213,c257,c512,c768 tcontext=u:object_r:app_data_file:s0:c213,c257,c512,c768 tclass=file app=com.whatsapp
02-22 22:23:51.648 15880 15880 W com.whatsapp: type=1400 audit(0.0:477602): avc: granted { execute } for comm=576861747341707020576F726B6572 path="/data/data/com.whatsapp/files/decompressed/libs.spk.zst/libtorch-code-gen.so" dev="dm-10" ino=343293 scontext=u:r:untrusted_app:s0:c213,c257,c512,c768 tcontext=u:object_r:app_data_file:s0:c213,c257,c512,c768 tclass=file app=com.whatsapp
02-22 22:23:51.752 15880 17163 W BpBinder: Slow Binder: BpBinder transact took 201 ms, interface=android.media.IAudioService, code=40 oneway=false
02-22 22:23:51.901 15880 17163 W libOpenSLES: Conversion from OpenSL ES positional channel mask 0x4 to Android mask 0 loses channels
02-22 22:23:52.521 15880 15894 W System : A resource failed to call close.
02-22 22:23:52.523 15880 15894 W System : A resource failed to call close.
02-22 22:23:52.528 15880 15880 W Looper : PerfMonitor doFrame : time=50ms vsyncFrame=0 latency=1090ms procState=2 historyMsgCount=37 (msgIndex=1 wall=107ms seq=4501 running=41ms io=2ms late=448ms h=android.view.Choreographer$FrameHandler c=android.view.Choreographer$FrameDisplayEventReceiver) (msgIndex=26 wall=751ms seq=4526 running=56ms io=12ms late=263ms h=android.app.Dialog$ListenersHandler w=69) (msgIndex=28 wall=228ms seq=4528 running=10ms runnable=2ms io=16ms late=938ms h=X.10C w=4)
02-22 22:23:53.912 15880 17156 W BpBinder: Slow Binder: BpBinder transact took 778 ms, interface=android.media.IAudioPolicyService, code=39 oneway=false
02-22 22:23:54.308 15880 17156 W BpBinder: Slow Binder: BpBinder transact took 285 ms, interface=android.media.IAudioPolicyService, code=35 oneway=false
02-22 22:24:19.440 15880 15894 W System : A resource failed to call release.
02-22 22:24:19.441 15880 15894 W System : A resource failed to call release.
02-22 22:25:18.594 15880 15894 W System : A resource failed to call dispose.
02-22 22:25:18.595 15880 15894 W System : A resource failed to call release.
02-22 22:25:54.611 15880 15880 W Looper : PerfMonitor looperActivity : package=com.whatsapp/.Icon0 time=0ms latency=386ms running=0ms procState=2 ClientTransaction{ callbacks=[android.app.servertransaction.TopResumedActivityChang eItem] } historyMsgCount=1 (msgIndex=1 wall=386ms seq=5865 running=108ms runnable=30ms io=167ms h=android.app.ActivityThread$H w=159)
02-22 22:25:54.767 15880 15880 E ArmVmp : Match on catch block at 0xb0 in for 0xe5
02-22 22:25:54.829 15880 15880 E ArmVmp : Match on catch block at 0xb0 in for 0xe9
02-22 22:25:55.004 15880 15880 E ArmVmp : Match on catch block at 0x0a in for 0xc1
02-22 22:25:55.021 15880 15880 E ArmVmp : Match on catch block at 0x0a in for 0x139
02-22 22:25:55.193 15880 15880 W Activity: Slow Operation: Activity com.whatsapp/.HomeActivity onCreate took 528ms
02-22 22:25:55.233 15880 15880 W Looper : PerfMonitor looperActivity : package=com.whatsapp/.HomeActivity time=0ms latency=610ms running=0ms procState=2 ClientTransaction{ callbacks=[android.app.servertransaction.TopResumedActivityChang eItem] } historyMsgCount=2 (msgIndex=2 wall=597ms seq=5872 running=365ms runnable=8ms io=107ms late=13ms h=android.app.ActivityThread$H w=159)
02-22 22:25:55.514 15880 15880 E ArmVmp : Match on catch block at 0xb0 in for 0xf5
02-22 22:25:55.588 15880 15880 E ArmVmp : Match on catch block at 0xb0 in for 0xf1
02-22 22:25:55.630 15880 15880 E ArmVmp : Match on catch block at 0xb0 in for 0xf5
02-22 22:25:55.675 15880 15880 E ArmVmp : Match on catch block at 0xb0 in for 0xf1
02-22 22:25:55.724 15880 15880 E ArmVmp : Match on catch block at 0xb0 in for 0xf5
02-22 22:25:55.765 15880 15880 E ArmVmp : Match on catch block at 0xb0 in for 0xf9
02-22 22:25:55.808 15880 15880 E ArmVmp : Match on catch block at 0xb0 in for 0xf1
02-22 22:25:55.848 15880 15880 E ArmVmp : Match on catch block at 0xb0 in for 0xf5
02-22 22:25:55.888 15880 15880 E ArmVmp : Match on catch block at 0xb0 in for 0xf9
02-22 22:25:55.929 15880 15880 E ArmVmp : Match on catch block at 0xb0 in for 0xf1
02-22 22:25:55.969 15880 15880 E ArmVmp : Match on catch block at 0xb0 in for 0xf5
02-22 22:25:56.030 15880 15880 E ArmVmp : Match on catch block at 0xb0 in for 0xf9
02-22 22:25:56.071 15880 15880 E ArmVmp : Match on catch block at 0xb0 in for 0xf1
02-22 22:25:56.099 15880 15880 E RecyclerView: No adapter attached; skipping layout
02-22 22:25:56.155 15880 15880 W Looper : PerfMonitor doFrame : time=892ms vsyncFrame=0 latency=35ms procState=2 historyMsgCount=28 (msgIndex=1 wall=597ms seq=5872 running=365ms runnable=8ms io=107ms late=13ms h=android.app.ActivityThread$H w=159)
02-22 22:25:56.229 15880 15880 E RecyclerView: No adapter attached; skipping layout
02-22 22:25:56.236 15880 15880 W Looper : PerfMonitor doFrame : time=79ms vsyncFrame=0 latency=880ms procState=2 historyMsgCount=8 (msgIndex=1 wall=892ms seq=5900 running=706ms io=40ms late=35ms h=android.view.Choreographer$FrameHandler c=android.view.Choreographer$FrameDisplayEventReceiver)
02-22 22:25:56.432 15880 15880 E ArmVmp : Match on catch block at 0x0a in for 0xd9
02-22 22:25:56.654 15880 15880 E ArmVmp : Match on catch block at 0xb0 in for 0x121
02-22 22:25:56.698 15880 15880 E ArmVmp : Match on catch block at 0xb0 in for 0x121
02-22 22:25:56.705 15880 15880 E ArmVmp : Match on catch block at 0xb0 in for 0x121
02-22 22:25:56.710 15880 15880 E ArmVmp : Match on catch block at 0xb0 in for 0x121
02-22 22:25:56.832 15880 15880 E ArmVmp : Match on catch block at 0xb0 in for 0xf1
02-22 22:25:56.873 15880 15880 E ArmVmp : Match on catch block at 0xb0 in for 0xf5
02-22 22:25:56.929 15880 15880 E ArmVmp : Match on catch block at 0xb0 in for 0xe9
02-22 22:25:56.942 15880 15880 E ArmVmp : Match on catch block at 0xb0 in for 0xe1
02-22 22:25:56.952 15880 15880 E ArmVmp : Match on catch block at 0x5b in for 0x89
02-22 22:25:56.973 15880 15880 E ArmVmp : Match on catch block at 0x5b in for 0x85
02-22 22:25:56.980 15880 15880 E ArmVmp : Match on catch block at 0x5b in for 0x89
02-22 22:25:56.988 15880 15880 E ArmVmp : Match on catch block at 0x5b in for 0x85
02-22 22:26:29.517 15880 15880 W com.whatsapp: Verification of void X.5pH.A1Z(android.os.Bundle) took 123.868ms (81804.74 bytecodes/s) (247928B approximate peak alloc)
02-22 22:26:29.680 15880 19345 E linker : library "" ("/apex/com.android.vndk.v30/lib64") needed or dlopened by "/apex/com.android.vndk.v30/lib64/libRS_internal.so" is not accessible for the namespace: [name="rs", ld_library_paths="", default_library_paths="/apex/com.android.vndk.v30/lib64:/vendor/lib64", permitted_paths="/odm/lib64:/vendor/lib64:/system/vendor/lib64:/data"]
02-22 22:26:29.680 15880 19345 E RenderScript: Failed loading RS driver: dlopen failed: library "" needed or dlopened by "/apex/com.android.vndk.v30/lib64/libRS_internal.so" is not accessible for the namespace "rs"
02-22 22:26:29.680 15880 19345 E RenderScript: Failed to load runtime , loading default
02-22 22:26:29.829 15880 19175 W LOTTIE : Unknown shape type rd
02-22 22:26:29.857 15880 15880 E ArmVmp : Match on catch block at 0xb0 in for 0xe1
02-22 22:26:29.860 15880 15880 E ArmVmp : Match on catch block at 0xb0 in for 0xe5
02-22 22:26:29.872 15880 15880 W Activity: Slow Operation: Activity com.whatsapp/.Conversation onCreate took 528ms
02-22 22:26:29.898 15880 15880 E ArmVmp : Match on catch block at 0x0a in for 0xc1
02-22 22:26:29.900 15880 15880 E ArmVmp : Match on catch block at 0x0a in for 0xc1
02-22 22:26:29.955 15880 15880 W Looper : PerfMonitor looperActivity : package=com.whatsapp/.Conversation time=0ms latency=628ms running=0ms procState=2 ClientTransaction{ callbacks=[android.app.servertransaction.TopResumedActivityChang eItem] } historyMsgCount=3 (msgIndex=3 wall=625ms seq=6625 running=339ms io=159ms late=4ms h=android.app.ActivityThread$H w=159)
02-22 22:26:30.233 15880 15880 E ArmVmp : Match on catch block at 0xc3 in for 0xb9
02-22 22:26:30.241 15880 15880 E ArmVmp : Match on catch block at 0xc3 in for 0xb5
02-22 22:26:30.243 15880 15880 E ArmVmp : Match on catch block at 0xc3 in for 0xb5
02-22 22:26:30.286 15880 15880 W Looper : PerfMonitor doFrame : time=330ms vsyncFrame=0 latency=618ms procState=2 historyMsgCount=2 (msgIndex=1 wall=625ms seq=6625 running=339ms io=159ms late=4ms h=android.app.ActivityThread$H w=159)
02-22 22:26:30.323 15880 15880 E ArmVmp : Match on catch block at 0xc3 in for 0xa9
02-22 22:26:30.325 15880 15880 E ArmVmp : Match on catch block at 0xc3 in for 0xa5
02-22 22:26:30.350 15880 15880 W Looper : PerfMonitor doFrame : time=43ms vsyncFrame=0 latency=335ms procState=2 historyMsgCount=52 (msgIndex=1 wall=330ms seq=6627 running=239ms io=26ms late=618ms h=android.view.Choreographer$FrameHandler c=android.view.Choreographer$FrameDisplayEventReceiver)
02-22 22:26:30.329 15880 15880 E ArmVmp : Match on catch block at 0xc3 in for 0xa5
02-22 22:26:30.385 15880 15880 E ArmVmp : Match on catch block at 0xc3 in for 0xa5
02-22 22:26:30.388 15880 15880 E ArmVmp : Match on catch block at 0xc3 in for 0xa9
02-22 22:26:30.390 15880 15880 E ArmVmp : Match on catch block at 0xc3 in for 0xa9
02-22 22:26:30.478 15880 15880 E ArmVmp : Match on catch block at 0xc3 in for 0xa5
02-22 22:26:30.481 15880 15880 E ArmVmp : Match on catch block at 0xc3 in for 0xa9
02-22 22:26:30.483 15880 15880 E ArmVmp : Match on catch block at 0xc3 in for 0xa9
02-22 22:26:30.503 15880 15880 E ArmVmp : Match on catch block at 0xc3 in for 0xa5
02-22 22:26:30.507 15880 15880 E ArmVmp : Match on catch block at 0xc3 in for 0xa9
02-22 22:26:30.510 15880 15880 E ArmVmp : Match on catch block at 0xc3 in for 0xa9
02-22 22:26:30.548 15880 15880 E ArmVmp : Match on catch block at 0xc3 in for 0xa5
02-22 22:26:30.551 15880 15880 E ArmVmp : Match on catch block at 0xc3 in for 0xa9
02-22 22:26:30.556 15880 15880 E ArmVmp : Match on catch block at 0xc3 in for 0xa9
02-22 22:26:30.559 15880 15880 E ArmVmp : Match on catch block at 0xc3 in for 0xa1
02-22 22:26:30.562 15880 15880 E ArmVmp : Match on catch block at 0xc3 in for 0xa1
02-22 22:26:30.572 15880 15880 E ArmVmp : Match on catch block at 0xc3 in for 0xa9
02-22 22:26:30.575 15880 15880 E ArmVmp : Match on catch block at 0xc3 in for 0xa1
02-22 22:26:30.577 15880 15880 E ArmVmp : Match on catch block at 0xc3 in for 0xa1
02-22 22:26:30.756 15880 15880 E ArmVmp : Match on catch block at 0xc3 in for 0xa5
02-22 22:26:30.763 15880 15880 E ArmVmp : Match on catch block at 0xc3 in for 0xa9
02-22 22:26:30.765 15880 15880 E ArmVmp : Match on catch block at 0xc3 in for 0xa9
02-22 22:26:30.773 15880 15880 E ArmVmp : Match on catch block at 0xc3 in for 0xa1
02-22 22:26:30.777 15880 15880 E ArmVmp : Match on catch block at 0xc3 in for 0xa5
02-22 22:26:30.779 15880 15880 E ArmVmp : Match on catch block at 0xc3 in for 0xa5
02-22 22:26:30.789 15880 15880 E ArmVmp : Match on catch block at 0xc3 in for 0xa9
02-22 22:26:30.793 15880 15880 E ArmVmp : Match on catch block at 0xc3 in for 0xa1
02-22 22:26:30.794 15880 15880 E ArmVmp : Match on catch block at 0xc3 in for 0xa1
02-22 22:26:30.806 15880 15880 E ArmVmp : Match on catch block at 0xc3 in for 0xa5
02-22 22:26:30.809 15880 15880 E ArmVmp : Match on catch block at 0xc3 in for 0xa9
02-22 22:26:30.811 15880 15880 E ArmVmp : Match on catch block at 0xc3 in for 0xa9
02-22 22:26:30.823 15880 15880 E ArmVmp : Match on catch block at 0xc3 in for 0xa1
02-22 22:26:30.826 15880 15880 E ArmVmp : Match on catch block at 0xc3 in for 0xa5
02-22 22:26:30.828 15880 15880 E ArmVmp : Match on catch block at 0xc3 in for 0xa5
02-22 22:26:30.839 15880 15880 E ArmVmp : Match on catch block at 0xc3 in for 0xa9
02-22 22:26:30.842 15880 15880 E ArmVmp : Match on catch block at 0xc3 in for 0xa1
02-22 22:26:30.844 15880 15880 E ArmVmp : Match on catch block at 0xc3 in for 0xa1
02-22 22:26:30.856 15880 15880 E ArmVmp : Match on catch block at 0xc3 in for 0xa5
