02-22 21:16:47.620 9454 9454 E ArmVmp : Match on catch block at 0xc3 in for 0xa9
02-22 21:16:47.684 9454 9454 E ArmVmp : Match on catch block at 0xc3 in for 0xa9
02-22 21:16:47.686 9454 9454 E ArmVmp : Match on catch block at 0xc3 in for 0xa1
02-22 21:16:47.818 9454 9454 E ArmVmp : Match on catch block at 0xc3 in for 0xa1
02-22 21:16:47.821 9454 9454 E ArmVmp : Match on catch block at 0xc3 in for 0xa5
02-22 21:16:47.918 9454 9454 E ArmVmp : Match on catch block at 0xc3 in for 0xa5
02-22 21:16:47.920 9454 9454 E ArmVmp : Match on catch block at 0xc3 in for 0xa9
02-22 21:16:48.001 9454 9454 E ArmVmp : Match on catch block at 0xc3 in for 0xa9
02-22 21:16:48.003 9454 9454 E ArmVmp : Match on catch block at 0xc3 in for 0xa1
02-22 21:16:48.018 9454 9454 E ArmVmp : Match on catch block at 0xc3 in for 0xa1
02-22 21:16:48.020 9454 9454 E ArmVmp : Match on catch block at 0xc3 in for 0xa5
02-22 21:16:48.035 9454 9454 E ArmVmp : Match on catch block at 0xc3 in for 0xa5
02-22 21:16:48.039 9454 9454 E ArmVmp : Match on catch block at 0xc3 in for 0xa9
02-22 21:16:48.052 9454 9454 E ArmVmp : Match on catch block at 0xc3 in for 0xa9
02-22 21:16:48.054 9454 9454 E ArmVmp : Match on catch block at 0xc3 in for 0xa1
02-22 21:16:48.068 9454 9454 E ArmVmp : Match on catch block at 0xc3 in for 0xa1
02-22 21:16:48.070 9454 9454 E ArmVmp : Match on catch block at 0xc3 in for 0xa5
02-22 21:16:48.084 9454 9454 E ArmVmp : Match on catch block at 0xc3 in for 0xa5
02-22 21:16:48.087 9454 9454 E ArmVmp : Match on catch block at 0xc3 in for 0xa9
02-22 21:16:48.105 9454 9454 E ArmVmp : Match on catch block at 0xc3 in for 0xa9
02-22 21:16:48.108 9454 9454 E ArmVmp : Match on catch block at 0xc3 in for 0xa1
02-22 21:16:48.118 9454 9454 E ArmVmp : Match on catch block at 0xc3 in for 0xa1
02-22 21:16:48.120 9454 9454 E ArmVmp : Match on catch block at 0xc3 in for 0xa5
02-22 21:16:48.135 9454 9454 E ArmVmp : Match on catch block at 0xc3 in for 0xa5
02-22 21:16:48.137 9454 9454 E ArmVmp : Match on catch block at 0xc3 in for 0xa9
02-22 21:16:48.152 9454 9454 E ArmVmp : Match on catch block at 0xc3 in for 0xa1
02-22 21:16:48.154 9454 9454 E ArmVmp : Match on catch block at 0xc3 in for 0xa5
02-22 21:16:48.168 9454 9454 E ArmVmp : Match on catch block at 0xc3 in for 0xa5
02-22 21:16:48.171 9454 9454 E ArmVmp : Match on catch block at 0xc3 in for 0xa9
02-22 21:16:48.185 9454 9454 E ArmVmp : Match on catch block at 0xc3 in for 0xa9
02-22 21:16:48.191 9454 9454 E ArmVmp : Match on catch block at 0xc3 in for 0xa1
02-22 21:16:48.202 9454 9454 E ArmVmp : Match on catch block at 0xc3 in for 0xa1
02-22 21:16:48.204 9454 9454 E ArmVmp : Match on catch block at 0xc3 in for 0xa5
02-22 21:16:48.218 9454 9454 E ArmVmp : Match on catch block at 0xc3 in for 0xa5
02-22 21:16:48.220 9454 9454 E ArmVmp : Match on catch block at 0xc3 in for 0xa9
02-22 21:16:48.235 9454 9454 E ArmVmp : Match on catch block at 0xc3 in for 0xa9
02-22 21:16:48.238 9454 9454 E ArmVmp : Match on catch block at 0xc3 in for 0xa1
02-22 21:16:48.252 9454 9454 E ArmVmp : Match on catch block at 0xc3 in for 0xa1
02-22 21:16:48.254 9454 9454 E ArmVmp : Match on catch block at 0xc3 in for 0xa5
02-22 21:16:48.368 9454 9454 E ArmVmp : Match on catch block at 0xc3 in for 0xa5
02-22 21:16:48.370 9454 9454 E ArmVmp : Match on catch block at 0xc3 in for 0xa9
02-22 21:16:48.501 9454 9454 E ArmVmp : Match on catch block at 0xc3 in for 0xa9
02-22 21:16:48.503 9454 9454 E ArmVmp : Match on catch block at 0xc3 in for 0xa1
02-22 21:16:48.688 9454 9454 E ArmVmp : Match on catch block at 0xc3 in for 0xa1
02-22 21:16:48.690 9454 9454 E ArmVmp : Match on catch block at 0xc3 in for 0xa5
02-22 21:16:48.752 9454 9454 E ArmVmp : Match on catch block at 0xc3 in for 0xa5
02-22 21:16:48.759 9454 9454 E ArmVmp : Match on catch block at 0xc3 in for 0xa9
02-22 21:16:48.768 9454 9454 E ArmVmp : Match on catch block at 0xc3 in for 0xa9
02-22 21:16:48.771 9454 9454 E ArmVmp : Match on catch block at 0xc3 in for 0xa1
02-22 21:16:48.901 9454 9454 E ArmVmp : Match on catch block at 0xc3 in for 0xa1
02-22 21:16:48.904 9454 9454 E ArmVmp : Match on catch block at 0xc3 in for 0xa5
02-22 21:16:48.951 9454 9454 E ArmVmp : Match on catch block at 0xc3 in for 0xa5
02-22 21:16:48.953 9454 9454 E ArmVmp : Match on catch block at 0xc3 in for 0xa9
02-22 21:16:49.072 9454 9454 E ArmVmp : Match on catch block at 0xc3 in for 0xa9
02-22 21:16:49.074 9454 9454 E ArmVmp : Match on catch block at 0xc3 in for 0xa1
02-22 21:16:49.135 9454 9454 E ArmVmp : Match on catch block at 0xc3 in for 0xa1
02-22 21:16:49.137 9454 9454 E ArmVmp : Match on catch block at 0xc3 in for 0xa5
02-22 21:16:49.168 9454 9454 E ArmVmp : Match on catch block at 0xc3 in for 0xa5
02-22 21:16:49.171 9454 9454 E ArmVmp : Match on catch block at 0xc3 in for 0xa9
02-22 21:16:49.235 9454 9454 E ArmVmp : Match on catch block at 0xc3 in for 0xa9
02-22 21:16:49.239 9454 9454 E ArmVmp : Match on catch block at 0xc3 in for 0xa1
02-22 21:16:49.401 9454 9454 E ArmVmp : Match on catch block at 0xc3 in for 0xa9
02-22 21:16:49.403 9454 9454 E ArmVmp : Match on catch block at 0xc3 in for 0xa1
02-22 21:16:49.425 9454 9454 E ArmVmp : Match on catch block at 0xc3 in for 0xa5
02-22 21:16:49.426 9454 9454 E ArmVmp : Match on catch block at 0xc3 in for 0xa9
02-22 21:16:49.441 9454 9454 E ArmVmp : Match on catch block at 0xc3 in for 0xa1
02-22 21:16:49.443 9454 9454 E ArmVmp : Match on catch block at 0xc3 in for 0xa5
02-22 21:16:49.451 9454 9454 E ArmVmp : Match on catch block at 0xc3 in for 0xa5
02-22 21:16:49.455 9454 9454 E ArmVmp : Match on catch block at 0xc3 in for 0xa9
02-22 21:16:49.468 9454 9454 E ArmVmp : Match on catch block at 0xc3 in for 0xa9
02-22 21:16:49.471 9454 9454 E ArmVmp : Match on catch block at 0xc3 in for 0xa1
02-22 21:16:49.485 9454 9454 E ArmVmp : Match on catch block at 0xc3 in for 0xa1
02-22 21:16:49.487 9454 9454 E ArmVmp : Match on catch block at 0xc3 in for 0xa5
02-22 21:16:49.546 9454 9454 E ArmVmp : Match on catch block at 0xc3 in for 0xa5
02-22 21:16:49.548 9454 9454 E ArmVmp : Match on catch block at 0xc3 in for 0xa9
02-22 21:16:49.557 9454 9454 E ArmVmp : Match on catch block at 0xc3 in for 0xa1
02-22 21:16:49.560 9454 9454 E ArmVmp : Match on catch block at 0xc3 in for 0xa5
02-22 21:16:49.568 9454 9454 E ArmVmp : Match on catch block at 0xc3 in for 0xa9
02-22 21:16:49.573 9454 9454 E ArmVmp : Match on catch block at 0xc3 in for 0xa1
02-22 21:16:49.585 9454 9454 E ArmVmp : Match on catch block at 0xc3 in for 0xa1
02-22 21:16:49.587 9454 9454 E ArmVmp : Match on catch block at 0xc3 in for 0xa5
02-22 21:16:49.601 9454 9454 E ArmVmp : Match on catch block at 0xc3 in for 0xa5
02-22 21:16:49.605 9454 9454 E ArmVmp : Match on catch block at 0xc3 in for 0xa9
02-22 21:16:49.618 9454 9454 E ArmVmp : Match on catch block at 0xc3 in for 0xa9
02-22 21:16:49.621 9454 9454 E ArmVmp : Match on catch block at 0xc3 in for 0xa1
02-22 21:16:49.918 9454 9454 E ArmVmp : Match on catch block at 0xc3 in for 0xa5
02-22 21:16:49.920 9454 9454 E ArmVmp : Match on catch block at 0xc3 in for 0xa9
02-22 21:16:49.978 9454 9454 E ArmVmp : Match on catch block at 0xc3 in for 0xa5
02-22 21:16:49.980 9454 9454 E ArmVmp : Match on catch block at 0xc3 in for 0xa9
02-22 21:16:50.177 9454 9454 E ArmVmp : Match on catch block at 0xc3 in for 0xa9
02-22 21:16:50.179 9454 9454 E ArmVmp : Match on catch block at 0xc3 in for 0xa1
02-22 21:16:50.311 9454 9454 W IInputConnectionWrapper: requestCursorAnchorInfo on inactive InputConnection
02-22 21:16:56.208 9454 9454 W com.whatsapp: type=1400 audit(0.0:471614): avc: granted { execute } for comm=486967682050726920576F726B6572 path="/data/data/com.whatsapp/files/decompressed/libs.spk.zst/libaom.so" dev="dm- 10" ino=356799 scontext=u:r:untrusted_app:s0:c213,c257,c512,c768 tcontext=u:object_r:app_data_file:s0:c213,c257,c512,c768 tclass=file app=com.whatsapp
02-22 21:16:56.294 9454 10586 W AudioManager: Use of stream types is deprecated for operations other than volume control
02-22 21:16:56.294 9454 10586 W AudioManager: See the documentation of requestAudioFocus() for what to use instead with android.media.AudioAttributes to qualify your playback use case
02-22 21:16:56.297 9454 9454 W SoundPool: Use of stream types is deprecated for operations other than volume control
02-22 21:16:56.297 9454 9454 W SoundPool: See the documentation of SoundPool() for what to use instead with android.media.AudioAttributes to qualify your playback use case
02-22 21:16:56.696 9454 10629 W Codec2Client: query -- param skipped: index = 1107298332.
02-22 21:16:56.697 9454 10629 W Codec2Client: query -- param skipped: index = 1342179345.
02-22 21:16:56.697 9454 10629 W Codec2Client: query -- param skipped: index = 2415921170.
02-22 21:16:56.697 9454 10630 W Codec2Client: query -- param skipped: index = 1107298332.
02-22 21:16:56.698 9454 10630 W Codec2Client: query -- param skipped: index = 1342179345.
02-22 21:16:56.699 9454 10630 W Codec2Client: query -- param skipped: index = 2415921170.
02-22 21:16:56.706 9454 10629 E FMQ : grantorIdx must be less than 3
02-22 21:16:56.706 9454 10629 E FMQ : grantorIdx must be less than 3
02-22 21:16:56.706 9454 10630 E FMQ : grantorIdx must be less than 3
02-22 21:16:56.706 9454 10630 E FMQ : grantorIdx must be less than 3
02-22 21:16:56.711 9454 10630 E ion : ioctl c0044901 failed with code -1: Inappropriate ioctl for device
02-22 21:16:56.712 9454 10630 E FMQ : grantorIdx must be less than 3
02-22 21:16:56.713 9454 10629 E FMQ : grantorIdx must be less than 3
02-22 21:16:56.721 9454 10641 E FMQ : grantorIdx must be less than 3
02-22 21:16:56.729 9454 10641 E FMQ : grantorIdx must be less than 3
02-22 21:16:56.743 9454 10574 W BpBinder: Slow Binder: BpBinder transact took 585 ms, interface=android.app.IActivityManager, code=22 oneway=false
02-22 21:16:56.824 9454 10664 W Codec2Client: query -- param skipped: index = 1107298332.
02-22 21:16:56.825 9454 10662 W Codec2Client: query -- param skipped: index = 1107298332.
02-22 21:16:56.827 9454 10662 W Codec2Client: query -- param skipped: index = 1342179345.
02-22 21:16:56.827 9454 10662 W Codec2Client: query -- param skipped: index = 2415921170.
02-22 21:16:56.827 9454 10662 E FMQ : grantorIdx must be less than 3
02-22 21:16:56.827 9454 10662 E FMQ : grantorIdx must be less than 3
02-22 21:16:56.832 9454 10662 E FMQ : grantorIdx must be less than 3
02-22 21:16:56.833 9454 10664 W Codec2Client: query -- param skipped: index = 1342179345.
02-22 21:16:56.833 9454 10664 W Codec2Client: query -- param skipped: index = 2415921170.
02-22 21:16:56.833 9454 10664 E FMQ : grantorIdx must be less than 3
02-22 21:16:56.833 9454 10664 E FMQ : grantorIdx must be less than 3
02-22 21:16:56.839 9454 10664 E FMQ : grantorIdx must be less than 3
02-22 21:16:56.847 9454 10641 E FMQ : grantorIdx must be less than 3
02-22 21:16:56.861 9454 10641 E FMQ : grantorIdx must be less than 3
02-22 21:16:56.948 9454 10685 W Codec2Client: query -- param skipped: index = 1107298332.
02-22 21:16:56.949 9454 10685 W Codec2Client: query -- param skipped: index = 1342179345.
02-22 21:16:56.949 9454 10685 W Codec2Client: query -- param skipped: index = 2415921170.
02-22 21:16:56.950 9454 10685 E FMQ : grantorIdx must be less than 3
02-22 21:16:56.950 9454 10685 E FMQ : grantorIdx must be less than 3
02-22 21:16:56.953 9454 10685 E FMQ : grantorIdx must be less than 3
02-22 21:16:56.966 9454 10641 E FMQ : grantorIdx must be less than 3
02-22 21:16:57.099 9454 9454 W Activity: Slow Operation: Activity com.whatsapp/.voipcalling.VoipActivityV2 onStart took 112ms
02-22 21:16:57.140 9454 9454 W Looper : PerfMonitor looperActivity : package=com.whatsapp/.voipcalling.VoipActivityV2 time=0ms latency=484ms running=0ms procState=2 ClientTransaction{ callbacks=[android.app.servertransaction.TopResumedActivityChang eItem] } historyMsgCount=22 (msgIndex=2 wall=64ms seq=2302 running=3ms io=6ms late=247ms h=android.os.Handler c=android.app.-$ $Lambda$LoadedApk$ReceiverDispatcher$Args$_BumDX2UKsnxLVrE6UJsJZkotuA) (msgIndex=22 wall=311ms seq=2322 running=178ms io=47ms late=174ms h=android.app.ActivityThread$H w=159)
02-22 21:16:57.239 9454 9454 W Looper : PerfMonitor doFrame : time=95ms vsyncFrame=0 latency=358ms procState=2 historyMsgCount=13 (msgIndex=3 wall=311ms seq=2322 running=178ms io=47ms late=174ms h=android.app.ActivityThread$H w=159)
02-22 21:16:57.251 9454 9454 W BottomSheetBehavior: BottomSheetBehavior now supports multiple callbacks. `setBottomSheetCallback()` removes all existing callbacks, including ones set internally by library authors, which may result in unintended behavior. This may change in the future. Please use `addBottomSheetCallback()` and `removeBottomSheetCallback()` instead to set your own callbacks.
02-22 21:17:21.034 9454 9468 W System : A resource failed to call close.
02-22 21:17:21.035 9454 9468 W System : A resource failed to call close.
02-22 21:17:21.058 9454 9688 E SQLiteDatabase: Error inserting transferred=1 media_job_uuid=630c4091-a2d2-4b0c-9c03-e38537aed88d transcoded=1 gif_attribution=0 first_scan_length=0 direct_path=/v/t62.7118- 24/40126297_345253955165927_240590104343354540_n.enc?ccb=11- 4&oh=01_AdRoFz6XHkf6dvhHaszVHRj1hyL-B-KQ-oe4ENFNTvkM6Q&oe=65FF4D97&_nc_sid=5e03e0 thumbnail_height_width_ratio=1.0 is_animated_sticker=0 file_hash=teBkyEc9fr/E0CGrfQsg86C64WXrDEXZIFf0c0kPzwU= file_path=Media/WhatsApp Images/Sent/IMG-20240222-WA0010.jpg file_size=1378217 partial_media_hash=5ImfZOBiGUhTNmHx6UABGRsV0xF74j7HCTiPcRmnIis= face_x=0 face_y=0 height=2464 trim_to=0 media_key_timestamp=1708651004985 message_url=https://mmg.whatsapp.net/v/t62.7118- 24/40126297_345253955165927_240590104343354540_n.enc?ccb=11- 4&oh=01_AdRoFz6XHkf6dvhHaszVHRj1hyL-B-KQ- oe4ENFNTvkM6Q&oe=65FF4D97&_nc_sid=5e03e0&mms3=true media_caption=null trim_from=0 mime_type=null partial_media_enc_hash=null width=2464 original_file_hash=loP8YCfiVx+7wLae5e8o5vYzOk9EF2p75CnR+RASt1o= has_streaming_sidecar=1 autotransfer_retry_enabled=0 media_upload_handle=null message_row_id=466 multicast_id=null enc_file_hash=2sGxjc5r9FwLW/CpDf8Ub+VSUCypYCFpEd310cBq4d8= mute_video=0 page_count=0 first_scan_sidecar=null suspicious_content=0 file_length=1378217 media_name=b13015f7-3b40-48ae-b380-576696b8b88e.jpg media_duration=0 chat_row_id=327 media_key=[B@d3189bb
02-22 21:17:21.058 9454 9688 E SQLiteDatabase: android.database.sqlite.SQLiteConstraintException: UNIQUE constraint failed: message_media.message_row_id (code 1555 SQLITE_CONSTRAINT_PRIMARYKEY)
02-22 21:17:21.058 9454 9688 E SQLiteDatabase: at android.database.sqlite.SQLiteConnection.nativeExecuteForLastInsertedRowId(Native Method)
02-22 21:17:21.058 9454 9688 E SQLiteDatabase: at android.database.sqlite.SQLiteConnection.executeForLastInsertedRowId(SQLiteConnecti on.java:938)
02-22 21:17:21.058 9454 9688 E SQLiteDatabase: at android.database.sqlite.SQLiteSession.executeForLastInsertedRowId(SQLiteSession.jav a:790)
02-22 21:17:21.058 9454 9688 E SQLiteDatabase: at android.database.sqlite.SQLiteStatement.executeInsert(SQLiteStatement.java:88)
02-22 21:17:21.058 9454 9688 E SQLiteDatabase: at android.database.sqlite.SQLiteDatabase.insertWithOnConflict(SQLiteDatabase.java:170 1)
02-22 21:17:21.058 9454 9688 E SQLiteDatabase: at android.database.sqlite.SQLiteDatabase.insert(SQLiteDatabase.java:1570)
02-22 21:17:21.058 9454 9688 E SQLiteDatabase: at X.2tm.A08(Unknown Source:6)
02-22 21:17:21.058 9454 9688 E SQLiteDatabase: at X.35Y.A07(Unknown Source:212)
02-22 21:17:21.058 9454 9688 E SQLiteDatabase: at X.3QF.A14(Unknown Source:470)
02-22 21:17:21.058 9454 9688 E SQLiteDatabase: at X.3gU.run(Unknown Source:982)
02-22 21:17:21.058 9454 9688 E SQLiteDatabase: at android.os.Handler.handleCallback(Handler.java:938)
02-22 21:17:21.058 9454 9688 E SQLiteDatabase: at android.os.Handler.dispatchMessage(Handler.java:99)
02-22 21:17:21.058 9454 9688 E SQLiteDatabase: at X.0zq.dispatchMessage(Unknown Source:4)
02-22 21:17:21.058 9454 9688 E SQLiteDatabase: at android.os.Looper.loop(Looper.java:236)
02-22 21:17:21.058 9454 9688 E SQLiteDatabase: at android.os.HandlerThread.run(HandlerThread.java:67)
02-22 21:17:28.217 9454 11181 W AudioManager: Use of stream types is deprecated for operations other than volume control
02-22 21:17:28.217 9454 11181 W AudioManager: See the documentation of requestAudioFocus() for what to use instead with android.media.AudioAttributes to qualify your playback use case
02-22 21:17:28.223 9454 9454 W SoundPool: Use of stream types is deprecated for operations other than volume control
02-22 21:17:28.223 9454 9454 W SoundPool: See the documentation of SoundPool() for what to use instead with android.media.AudioAttributes to qualify your playback use case
02-22 21:17:28.771 9454 11262 W Codec2Client: query -- param skipped: index = 1107298332.
02-22 21:17:28.771 9454 11265 W Codec2Client: query -- param skipped: index = 1107298332.
02-22 21:17:28.772 9454 11265 W Codec2Client: query -- param skipped: index = 1342179345.
02-22 21:17:28.772 9454 11265 W Codec2Client: query -- param skipped: index = 2415921170.
02-22 21:17:28.772 9454 11262 W Codec2Client: query -- param skipped: index = 1342179345.
02-22 21:17:28.772 9454 11262 W Codec2Client: query -- param skipped: index = 2415921170.
02-22 21:17:28.781 9454 11262 E FMQ : grantorIdx must be less than 3
02-22 21:17:28.781 9454 11262 E FMQ : grantorIdx must be less than 3
02-22 21:17:28.782 9454 11265 E FMQ : grantorIdx must be less than 3
02-22 21:17:28.782 9454 11265 E FMQ : grantorIdx must be less than 3
02-22 21:17:28.789 9454 9454 W BottomSheetBehavior: BottomSheetBehavior now supports multiple callbacks. `setBottomSheetCallback()` removes all existing callbacks, including ones set internally by library authors, which may result in unintended behavior. This may change in the future. Please use `addBottomSheetCallback()` and `removeBottomSheetCallback()` instead to set your own callbacks.
02-22 21:17:28.798 9454 11262 E FMQ : grantorIdx must be less than 3
02-22 21:17:28.799 9454 11265 E FMQ : grantorIdx must be less than 3
02-22 21:17:28.807 9454 10641 E FMQ : grantorIdx must be less than 3
02-22 21:17:28.815 9454 10641 E FMQ : grantorIdx must be less than 3
02-22 21:17:28.929 9454 11274 W Codec2Client: query -- param skipped: index = 1107298332.
02-22 21:17:28.933 9454 11274 W Codec2Client: query -- param skipped: index = 1342179345.
02-22 21:17:28.933 9454 11274 W Codec2Client: query -- param skipped: index = 2415921170.
02-22 21:17:28.934 9454 11274 E FMQ : grantorIdx must be less than 3
02-22 21:17:28.934 9454 11274 E FMQ : grantorIdx must be less than 3
02-22 21:17:28.937 9454 11274 E FMQ : grantorIdx must be less than 3
02-22 21:17:28.949 9454 10641 E FMQ : grantorIdx must be less than 3
02-22 21:17:28.963 9454 11277 W Codec2Client: query -- param skipped: index = 1107298332.
02-22 21:17:28.969 9454 11277 W Codec2Client: query -- param skipped: index = 1342179345.
02-22 21:17:28.969 9454 11277 W Codec2Client: query -- param skipped: index = 2415921170.
02-22 21:17:28.970 9454 11277 E FMQ : grantorIdx must be less than 3
02-22 21:17:28.970 9454 11277 E FMQ : grantorIdx must be less than 3
02-22 21:17:28.972 9454 11277 E FMQ : grantorIdx must be less than 3
02-22 21:17:28.986 9454 10641 E FMQ : grantorIdx must be less than 3
02-22 21:17:29.025 9454 11282 W Codec2Client: query -- param skipped: index = 1107298332.
02-22 21:17:29.027 9454 11282 W Codec2Client: query -- param skipped: index = 1342179345.
02-22 21:17:29.027 9454 11282 W Codec2Client: query -- param skipped: index = 2415921170.
02-22 21:17:29.028 9454 11282 E FMQ : grantorIdx must be less than 3
02-22 21:17:29.028 9454 11282 E FMQ : grantorIdx must be less than 3
02-22 21:17:29.032 9454 11282 E FMQ : grantorIdx must be less than 3
02-22 21:17:29.040 9454 10641 E FMQ : grantorIdx must be less than 3
02-22 21:17:49.068 9454 9454 W com.whatsapp: type=1400 audit(0.0:471706): avc: granted { execute } for comm=576861747341707020576F726B6572 path="/data/data/com.whatsapp/files/decompressed/libs.spk.zst/libfbjni.so" dev="dm- 10" ino=371793 scontext=u:r:untrusted_app:s0:c213,c257,c512,c768 tcontext=u:object_r:app_data_file:s0:c213,c257,c512,c768 tclass=file app=com.whatsapp
02-22 21:17:49.078 9454 9454 W com.whatsapp: type=1400 audit(0.0:471707): avc: granted { execute } for comm=576861747341707020576F726B6572 path="/data/data/com.whatsapp/files/decompressed/libs.spk.zst/libglog.so" dev="dm- 10" ino=351315 scontext=u:r:untrusted_app:s0:c213,c257,c512,c768 tcontext=u:object_r:app_data_file:s0:c213,c257,c512,c768 tclass=file app=com.whatsapp
02-22 21:17:49.088 9454 9454 W com.whatsapp: type=1400 audit(0.0:471708): avc: granted { execute } for comm=576861747341707020576F726B6572 path="/data/data/com.whatsapp/files/decompressed/libs.spk.zst/libar-bundle3.so" dev="dm-10" ino=351273 scontext=u:r:untrusted_app:s0:c213,c257,c512,c768 tcontext=u:object_r:app_data_file:s0:c213,c257,c512,c768 tclass=file app=com.whatsapp
02-22 21:17:49.108 9454 9454 W com.whatsapp: type=1400 audit(0.0:471709): avc: granted { execute } for comm=576861747341707020576F726B6572 path="/data/data/com.whatsapp/files/decompressed/libs.spk.zst/libpytorch.so" dev="dm-10" ino=356776 scontext=u:r:untrusted_app:s0:c213,c257,c512,c768 tcontext=u:object_r:app_data_file:s0:c213,c257,c512,c768 tclass=file app=com.whatsapp
02-22 21:17:49.138 9454 9454 W com.whatsapp: type=1400 audit(0.0:471710): avc: granted { execute } for comm=576861747341707020576F726B6572 path="/data/data/com.whatsapp/files/decompressed/libs.spk.zst/libtorch-code-gen.so" dev="dm-10" ino=343293 scontext=u:r:untrusted_app:s0:c213,c257,c512,c768 tcontext=u:object_r:app_data_file:s0:c213,c257,c512,c768 tclass=file app=com.whatsapp
02-22 21:17:49.306 9454 10633 W libOpenSLES: Conversion from OpenSL ES positional channel mask 0x4 to Android mask 0 loses channels
02-22 21:17:49.576 9454 9454 W Looper : PerfMonitor doFrame : time=3ms vsyncFrame=0 latency=504ms procState=2 historyMsgCount=1 (msgIndex=1 wall=519ms seq=5412 running=4ms runnable=1ms io=2ms late=4ms h=android.os.Handler w=56)
02-22 21:18:11.851 9454 9468 W System : A resource failed to call dispose.
02-22 21:18:11.855 9454 9468 W System : A resource failed to call release.
02-22 21:18:11.860 9454 9468 W System : A resource failed to call release.
02-22 21:18:35.648 9454 10625 W BpBinder: Slow Binder: BpBinder transact took 335 ms, interface=android.media.IAudioPolicyService, code=35 oneway=false
02-22 21:18:35.737 9454 11169 W BpBinder: Slow Binder: BpBinder transact took 368 ms, interface=android.media.IAudioService, code=40 oneway=false
02-22 21:18:40.723 9454 9454 E ArmVmp : Match on catch block at 0xb0 in for 0xe5
02-22 21:18:40.761 9454 9454 E ArmVmp : Match on catch block at 0xb0 in for 0xe9
02-22 21:18:40.870 9454 9454 E ArmVmp : Match on catch block at 0x0a in for 0xc5
02-22 21:18:40.881 9454 9454 E ArmVmp : Match on catch block at 0x0a in for 0x131
02-22 21:18:40.980 9454 9454 W Looper : PerfMonitor looperActivity : package=com.whatsapp/.HomeActivity time=0ms latency=303ms running=0ms procState=2 ClientTransaction{ callbacks=[android.app.servertransaction.TopResumedActivityChang eItem] } historyMsgCount=2 (msgIndex=2 wall=299ms seq=6561 running=194ms runnable=13ms io=48ms late=5ms h=android.app.ActivityThread$H w=159)
02-22 21:18:41.138 9454 9454 E ArmVmp : Match on catch block at 0xb0 in for 0xf1
02-22 21:18:41.178 9454 9454 E ArmVmp : Match on catch block at 0xb0 in for 0xf9
02-22 21:18:41.206 9454 9454 E ArmVmp : Match on catch block at 0xb0 in for 0xf9
02-22 21:18:41.239 9454 9454 E ArmVmp : Match on catch block at 0xb0 in for 0xf1
02-22 21:18:41.282 9454 9454 E ArmVmp : Match on catch block at 0xb0 in for 0xf5
02-22 21:18:41.307 9454 9454 E ArmVmp : Match on catch block at 0xb0 in for 0xf9
02-22 21:18:41.335 9454 9454 E ArmVmp : Match on catch block at 0xb0 in for 0xf1
02-22 21:18:41.362 9454 9454 E ArmVmp : Match on catch block at 0xb0 in for 0xf5
02-22 21:18:41.389 9454 9454 E ArmVmp : Match on catch block at 0xb0 in for 0xf9
02-22 21:18:41.417 9454 9454 E ArmVmp : Match on catch block at 0xb0 in for 0xf1
02-22 21:18:41.483 9454 9454 E ArmVmp : Match on catch block at 0xb0 in for 0xf5
02-22 21:18:41.584 9454 9454 E ArmVmp : Match on catch block at 0xb0 in for 0xf9
02-22 21:18:41.629 9454 9454 E ArmVmp : Match on catch block at 0xb0 in for 0xf1
02-22 21:18:41.648 9454 9454 E RecyclerView: No adapter attached; skipping layout
02-22 21:18:41.698 9454 9454 W Looper : PerfMonitor doFrame : time=703ms vsyncFrame=0 latency=10ms procState=2 historyMsgCount=13
02-22 21:18:41.745 9454 9454 E RecyclerView: No adapter attached; skipping layout
02-22 21:18:41.751 9454 9454 W Looper : PerfMonitor doFrame : time=52ms vsyncFrame=0 latency=698ms procState=2 historyMsgCount=5 (msgIndex=1 wall=703ms seq=6585 running=551ms runnable=35ms io=31ms late=10ms h=android.view.Choreographer$FrameHandler c=android.view.Choreographer$FrameDisplayEventReceiver)
02-22 21:18:41.779 9454 9454 W Looper : PerfMonitor looperActivity : package=com.whatsapp/.HomeActivity time=7ms latency=352ms running=3ms procState=2 ClientTransaction{ lifecycleRequest=android.app.servertransaction.StopActivityItem } historyMsgCount=148 (msgIndex=1 wall=703ms seq=6585 running=551ms runnable=35ms io=31ms late=10ms h=android.view.Choreographer$FrameHandler c=android.view.Choreographer$FrameDisplayEventReceiver) (msgIndex=6 wall=52ms seq=6590 running=37ms runnable=5ms io=2ms late=698ms h=android.view.Choreographer$FrameHandler c=android.view.Choreographer$FrameDisplayEventReceiver)
02-22 21:18:41.783 9454 9454 E ArmVmp : Match on catch block at 0x0a in for 0xd9
02-22 21:18:41.810 9454 9454 W Looper : PerfMonitor looperActivity : package=com.whatsapp/mbmodsd.mbmodsw.mbsettings.yo.PauseActivity time=30ms latency=302ms running=7ms procState=2 ClientTransaction{ callbacks=[android.app.servertransaction.LaunchActivityItem] lifecycleRequest=android.app.servertransaction.ResumeActivityItem } historyMsgCount=157 (msgIndex=1 wall=703ms seq=6585 running=551ms runnable=35ms io=31ms late=10ms h=android.view.Choreographer$FrameHandler c=android.view.Choreographer$FrameDisplayEventReceiver) (msgIndex=6 wall=52ms seq=6590 running=37ms runnable=5ms io=2ms late=698ms h=android.view.Choreographer$FrameHandler c=android.view.Choreographer$FrameDisplayEventReceiver)
02-22 21:18:41.810 9454 9454 W Looper : PerfMonitor looperActivity : package=com.whatsapp/mbmodsd.mbmodsw.mbsettings.yo.PauseActivity time=0ms latency=333ms running=0ms procState=2 ClientTransaction{ callbacks=[android.app.servertransaction.TopResumedActivityChang eItem] } historyMsgCount=159 (msgIndex=1 wall=703ms seq=6585 running=551ms runnable=35ms io=31ms late=10ms h=android.view.Choreographer$FrameHandler c=android.view.Choreographer$FrameDisplayEventReceiver) (msgIndex=6 wall=52ms seq=6590 running=37ms runnable=5ms io=2ms late=698ms h=android.view.Choreographer$FrameHandler c=android.view.Choreographer$FrameDisplayEventReceiver)
02-22 21:18:41.995 9454 9454 E ArmVmp : Match on catch block at 0xb0 in for 0x121
02-22 21:18:42.008 9454 9454 E ArmVmp : Match on catch block at 0xb0 in for 0x121
02-22 21:18:42.019 9454 9454 E ArmVmp : Match on catch block at 0xb0 in for 0x121
02-22 21:18:42.030 9454 9454 E ArmVmp : Match on catch block at 0xb0 in for 0x121
02-22 21:18:42.139 9454 9454 E ArmVmp : Match on catch block at 0xb0 in for 0xf5
02-22 21:18:42.167 9454 9454 E ArmVmp : Match on catch block at 0xb0 in for 0xf9
02-22 21:18:42.227 9454 9454 E ArmVmp : Match on catch block at 0xb0 in for 0xe1
02-22 21:18:42.235 9454 9454 E ArmVmp : Match on catch block at 0xb0 in for 0xe5
02-22 21:18:42.242 9454 9454 E ArmVmp : Match on catch block at 0x5b in for 0x89
02-22 21:18:42.256 9454 9454 E ArmVmp : Match on catch block at 0x5b in for 0x85
02-22 21:18:42.261 9454 9454 E ArmVmp : Match on catch block at 0x5b in for 0x89
02-22 21:18:42.267 9454 9454 E ArmVmp : Match on catch block at 0x5b in for 0x85
02-22 21:18:43.530 9454 9454 E ArmVmp : Match on catch block at 0xb0 in for 0xe9
02-22 21:18:43.533 9454 9454 E ArmVmp : Match on catch block at 0xb0 in for 0xe1
02-22 21:18:43.559 9454 9454 E ArmVmp : Match on catch block at 0x0a in for 0xc1
02-22 21:18:43.561 9454 9454 E ArmVmp : Match on catch block at 0x0a in for 0xc9
02-22 21:18:43.768 9454 9454 W View : requestLayout() improperly called by X.4rg{4c48750 V.E....L. ......ID 0,1150-1080,2149} during layout: running second layout pass
02-22 21:18:43.768 9454 9454 W View : requestLayout() improperly called by android.widget.LinearLayout{c82d49 V.E...... ......ID 343,12-1045,987 #7f0b0e50 app:id/main_layout} during layout: running second layout pass
02-22 21:18:43.768 9454 9454 W View : requestLayout() improperly called by com.whatsapp.conversation.conversationrow.ConversationRowImage$RowImageView{27db64e VFED..CL. ......ID 10,10-692,965 #7f0b0c84 app:id/image} during layout: running second layout pass
02-22 21:18:43.787 9454 9454 E ArmVmp : Match on catch block at 0xc3 in for 0xb9
02-22 21:18:43.794 9454 9454 E ArmVmp : Match on catch block at 0xc3 in for 0xb9
02-22 21:18:43.836 9454 9454 E ArmVmp : Match on catch block at 0xc3 in for 0xa5
02-22 21:18:43.839 9454 9454 E ArmVmp : Match on catch block at 0xc3 in for 0xa9
02-22 21:18:43.856 9454 9454 W View : requestLayout() improperly called by X.4rg{4c48750 V.E....L. .......D 0,1150-1080,2149} during second layout pass: posting in next frame
02-22 21:18:43.856 9454 9454 W View : requestLayout() improperly called by android.widget.LinearLayout{c82d49 V.E...... .......D 343,12-1045,987 #7f0b0e50 app:id/main_layout} during second layout pass: posting in next frame
02-22 21:18:43.876 9454 9454 E ArmVmp : Match on catch block at 0xc3 in for 0xa1
02-22 21:18:43.878 9454 9454 E ArmVmp : Match on catch block at 0xc3 in for 0xa5
02-22 21:18:43.918 9454 9454 E ArmVmp : Match on catch block at 0xc3 in for 0xa1
02-22 21:18:43.920 9454 9454 E ArmVmp : Match on catch block at 0xc3 in for 0xa5
02-22 21:18:44.401 9454 9454 E ArmVmp : Match on catch block at 0xc3 in for 0xa9
02-22 21:18:44.405 9454 9454 E ArmVmp : Match on catch block at 0xc3 in for 0xa1
02-22 21:18:44.410 9454 9454 E ArmVmp : Match on catch block at 0xc3 in for 0xa1
02-22 21:18:44.413 9454 9454 E ArmVmp : Match on catch block at 0xc3 in for 0xa5
02-22 21:18:44.421 9454 9454 E ArmVmp : Match on catch block at 0xc3 in for 0xa5
02-22 21:18:44.424 9454 9454 E ArmVmp : Match on catch block at 0xc3 in for 0xa9
02-22 21:18:44.437 9454 9454 E ArmVmp : Match on catch block at 0xc3 in for 0xa9
02-22 21:18:44.440 9454 9454 E ArmVmp : Match on catch block at 0xc3 in for 0xa1
02-22 21:18:44.454 9454 9454 E ArmVmp : Match on catch block at 0xc3 in for 0xa1
02-22 21:18:44.457 9454 9454 E ArmVmp : Match on catch block at 0xc3 in for 0xa5
02-22 21:18:44.470 9454 9454 E ArmVmp : Match on catch block at 0xc3 in for 0xa5
02-22 21:18:44.473 9454 9454 E ArmVmp : Match on catch block at 0xc3 in for 0xa9
02-22 21:18:44.488 9454 9454 E ArmVmp : Match on catch block at 0xc3 in for 0xa9
02-22 21:18:44.490 9454 9454 E ArmVmp : Match on catch block at 0xc3 in for 0xa1
02-22 21:18:44.504 9454 9454 E ArmVmp : Match on catch block at 0xc3 in for 0xa1
02-22 21:18:44.507 9454 9454 E ArmVmp : Match on catch block at 0xc3 in for 0xa5
02-22 21:18:44.521 9454 9454 E ArmVmp : Match on catch block at 0xc3 in for 0xa5
02-22 21:18:44.524 9454 9454 E ArmVmp : Match on catch block at 0xc3 in for 0xa9
02-22 21:18:44.537 9454 9454 E ArmVmp : Match on catch block at 0xc3 in for 0xa9
02-22 21:18:44.540 9454 9454 E ArmVmp : Match on catch block at 0xc3 in for 0xa1
02-22 21:18:44.554 9454 9454 E ArmVmp : Match on catch block at 0xc3 in for 0xa1
02-22 21:18:44.556 9454 9454 E ArmVmp : Match on catch block at 0xc3 in for 0xa5
02-22 21:18:44.571 9454 9454 E ArmVmp : Match on catch block at 0xc3 in for 0xa5
02-22 21:18:44.576 9454 9454 E ArmVmp : Match on catch block at 0xc3 in for 0xa9
02-22 21:18:44.587 9454 9454 E ArmVmp : Match on catch block at 0xc3 in for 0xa9
02-22 21:18:44.591 9454 9454 E ArmVmp : Match on catch block at 0xc3 in for 0xa1
02-22 21:18:44.612 9454 9454 E ArmVmp : Match on catch block at 0xc3 in for 0xa1
02-22 21:18:44.615 9454 9454 E ArmVmp : Match on catch block at 0xc3 in for 0xa5
02-22 21:18:44.621 9454 9454 E ArmVmp : Match on catch block at 0xc3 in for 0xa5
02-22 21:18:44.625 9454 9454 E ArmVmp : Match on catch block at 0xc3 in for 0xa9
02-22 21:18:44.638 9454 9454 E ArmVmp : Match on catch block at 0xc3 in for 0xa9
02-22 21:18:44.640 9454 9454 E ArmVmp : Match on catch block at 0xc3 in for 0xa1
02-22 21:18:44.654 9454 9454 E ArmVmp : Match on catch block at 0xc3 in for 0xa1
02-22 21:18:44.658 9454 9454 E ArmVmp : Match on catch block at 0xc3 in for 0xa5
02-22 21:18:44.670 9454 9454 E ArmVmp : Match on catch block at 0xc3 in for 0xa5
02-22 21:18:44.674 9454 9454 E ArmVmp : Match on catch block at 0xc3 in for 0xa9
02-22 21:18:44.687 9454 9454 E ArmVmp : Match on catch block at 0xc3 in for 0xa9
02-22 21:18:44.690 9454 9454 E ArmVmp : Match on catch block at 0xc3 in for 0xa1
02-22 21:18:44.704 9454 9454 E ArmVmp : Match on catch block at 0xc3 in for 0xa1
02-22 21:18:44.707 9454 9454 E ArmVmp : Match on catch block at 0xc3 in for 0xa5
02-22 21:18:44.721 9454 9454 E ArmVmp : Match on catch block at 0xc3 in for 0xa5
02-22 21:18:44.723 9454 9454 E ArmVmp : Match on catch block at 0xc3 in for 0xa9
02-22 21:18:44.737 9454 9454 E ArmVmp : Match on catch block at 0xc3 in for 0xa9
02-22 21:18:44.739 9454 9454 E ArmVmp : Match on catch block at 0xc3 in for 0xa1
02-22 21:18:44.883 9454 9454 E ArmVmp : Match on catch block at 0xc3 in for 0xa5
02-22 21:18:44.898 9454 9454 E ArmVmp : Match on catch block at 0xc3 in for 0xa9
02-22 21:18:44.903 9454 9454 E ArmVmp : Match on catch block at 0xc3 in for 0xa9
02-22 21:18:44.905 9454 9454 E ArmVmp : Match on catch block at 0xc3 in for 0xa1
02-22 21:18:44.920 9454 9454 E ArmVmp : Match on catch block at 0xc3 in for 0xa1
02-22 21:18:44.923 9454 9454 E ArmVmp : Match on catch block at 0xc3 in for 0xa5
02-22 21:18:45.342 9454 9454 E ArmVmp : Match on catch block at 0xc3 in for 0xa9
02-22 21:18:45.344 9454 9454 E ArmVmp : Match on catch block at 0xc3 in for 0xa1
02-22 21:18:45.357 9454 9454 E ArmVmp : Match on catch block at 0xc3 in for 0xa9
02-22 21:18:45.359 9454 9454 E ArmVmp : Match on catch block at 0xc3 in for 0xa1
02-22 21:18:45.371 9454 9454 E ArmVmp : Match on catch block at 0xc3 in for 0xa1
02-22 21:18:45.373 9454 9454 E ArmVmp : Match on catch block at 0xc3 in for 0xa5
02-22 21:18:45.387 9454 9454 E ArmVmp : Match on catch block at 0xc3 in for 0xa5
02-22 21:18:45.390 9454 9454 E ArmVmp : Match on catch block at 0xc3 in for 0xa9
02-22 21:18:45.404 9454 9454 E ArmVmp : Match on catch block at 0xc3 in for 0xa9
02-22 21:18:45.408 9454 9454 E ArmVmp : Match on catch block at 0xc3 in for 0xa1
02-22 21:18:45.421 9454 9454 E ArmVmp : Match on catch block at 0xc3 in for 0xa1
02-22 21:18:45.423 9454 9454 E ArmVmp : Match on catch block at 0xc3 in for 0xa5
02-22 21:18:45.437 9454 9454 E ArmVmp : Match on catch block at 0xc3 in for 0xa5
02-22 21:18:45.445 9454 9454 E ArmVmp : Match on catch block at 0xc3 in for 0xa9
02-22 21:18:45.457 9454 9454 E ArmVmp : Match on catch block at 0xc3 in for 0xa9
02-22 21:18:45.459 9454 9454 E ArmVmp : Match on catch block at 0xc3 in for 0xa1
02-22 21:18:45.471 9454 9454 E ArmVmp : Match on catch block at 0xc3 in for 0xa1
02-22 21:18:45.473 9454 9454 E ArmVmp : Match on catch block at 0xc3 in for 0xa5
02-22 21:18:45.488 9454 9454 E ArmVmp : Match on catch block at 0xc3 in for 0xa5
02-22 21:18:45.490 9454 9454 E ArmVmp : Match on catch block at 0xc3 in for 0xa9
02-22 21:18:45.504 9454 9454 E ArmVmp : Match on catch block at 0xc3 in for 0xa9
02-22 21:18:45.506 9454 9454 E ArmVmp : Match on catch block at 0xc3 in for 0xa1
02-22 21:18:45.521 9454 9454 E ArmVmp : Match on catch block at 0xc3 in for 0xa1
02-22 21:18:45.523 9454 9454 E ArmVmp : Match on catch block at 0xc3 in for 0xa5
02-22 21:18:45.537 9454 9454 E ArmVmp : Match on catch block at 0xc3 in for 0xa5
02-22 21:18:45.540 9454 9454 E ArmVmp : Match on catch block at 0xc3 in for 0xa9
02-22 21:18:45.587 9454 9454 E ArmVmp : Match on catch block at 0xc3 in for 0xa9
02-22 21:18:45.590 9454 9454 E ArmVmp : Match on catch block at 0xc3 in for 0xa1
02-22 21:18:45.721 9454 9454 E ArmVmp : Match on catch block at 0xc3 in for 0xa1
02-22 21:18:45.723 9454 9454 E ArmVmp : Match on catch block at 0xc3 in for 0xa5
02-22 21:18:45.804 9454 9454 E ArmVmp : Match on catch block at 0xc3 in for 0xa5
02-22 21:18:45.809 9454 9454 E ArmVmp : Match on catch block at 0xc3 in for 0xa9
02-22 21:18:45.904 9454 9454 E ArmVmp : Match on catch block at 0xc3 in for 0xa9
02-22 21:18:45.906 9454 9454 E ArmVmp : Match on catch block at 0xc3 in for 0xa1
02-22 21:18:46.007 9454 9454 E ArmVmp : Match on catch block at 0xc3 in for 0xa5
02-22 21:18:46.009 9454 9454 E ArmVmp : Match on catch block at 0xc3 in for 0xa9
02-22 21:18:46.023 9454 9454 E ArmVmp : Match on catch block at 0xc3 in for 0xa1
02-22 21:18:46.025 9454 9454 E ArmVmp : Match on catch block at 0xc3 in for 0xa5
02-22 21:18:46.042 9454 9454 E ArmVmp : Match on catch block at 0xc3 in for 0xa1
02-22 21:18:46.045 9454 9454 E ArmVmp : Match on catch block at 0xc3 in for 0xa5
02-22 21:18:46.054 9454 9454 E ArmVmp : Match on catch block at 0xc3 in for 0xa5
02-22 21:18:46.058 9454 9454 E ArmVmp : Match on catch block at 0xc3 in for 0xa9
02-22 21:18:46.071 9454 9454 E ArmVmp : Match on catch block at 0xc3 in for 0xa9
02-22 21:18:46.073 9454 9454 E ArmVmp : Match on catch block at 0xc3 in for 0xa1
02-22 21:18:46.088 9454 9454 E ArmVmp : Match on catch block at 0xc3 in for 0xa1
02-22 21:18:46.090 9454 9454 E ArmVmp : Match on catch block at 0xc3 in for 0xa5
02-22 21:18:46.104 9454 9454 E ArmVmp : Match on catch block at 0xc3 in for 0xa5
02-22 21:18:46.107 9454 9454 E ArmVmp : Match on catch block at 0xc3 in for 0xa9
02-22 21:18:46.121 9454 9454 E ArmVmp : Match on catch block at 0xc3 in for 0xa9
02-22 21:18:46.123 9454 9454 E ArmVmp : Match on catch block at 0xc3 in for 0xa1
02-22 21:18:46.140 9454 9454 E ArmVmp : Match on catch block at 0xc3 in for 0xa1
02-22 21:18:46.143 9454 9454 E ArmVmp : Match on catch block at 0xc3 in for 0xa5
02-22 21:18:46.154 9454 9454 E ArmVmp : Match on catch block at 0xc3 in for 0xa5
02-22 21:18:46.157 9454 9454 E ArmVmp : Match on catch block at 0xc3 in for 0xa9
02-22 21:18:46.171 9454 9454 E ArmVmp : Match on catch block at 0xc3 in for 0xa9
02-22 21:18:46.176 9454 9454 E ArmVmp : Match on catch block at 0xc3 in for 0xa1
02-22 21:18:46.188 9454 9454 E ArmVmp : Match on catch block at 0xc3 in for 0xa1
02-22 21:18:46.190 9454 9454 E ArmVmp : Match on catch block at 0xc3 in for 0xa5
02-22 21:18:46.204 9454 9454 E ArmVmp : Match on catch block at 0xc3 in for 0xa5
02-22 21:18:46.207 9454 9454 E ArmVmp : Match on catch block at 0xc3 in for 0xa9
02-22 21:18:46.221 9454 9454 E ArmVmp : Match on catch block at 0xc3 in for 0xa9
02-22 21:18:46.223 9454 9454 E ArmVmp : Match on catch block at 0xc3 in for 0xa1
02-22 21:18:46.238 9454 9454 E ArmVmp : Match on catch block at 0xc3 in for 0xa1
02-22 21:18:46.240 9454 9454 E ArmVmp : Match on catch block at 0xc3 in for 0xa5
02-22 21:18:46.254 9454 9454 E ArmVmp : Match on catch block at 0xc3 in for 0xa5
02-22 21:18:46.257 9454 9454 E ArmVmp : Match on catch block at 0xc3 in for 0xa9
02-22 21:18:46.271 9454 9454 E ArmVmp : Match on catch block at 0xc3 in for 0xa9
02-22 21:18:46.274 9454 9454 E ArmVmp : Match on catch block at 0xc3 in for 0xa1
02-22 21:18:46.288 9454 9454 E ArmVmp : Match on catch block at 0xc3 in for 0xa1
02-22 21:18:46.291 9454 9454 E ArmVmp : Match on catch block at 0xc3 in for 0xa5
02-22 21:18:46.304 9454 9454 E ArmVmp : Match on catch block at 0xc3 in for 0xa5
02-22 21:18:46.307 9454 9454 E ArmVmp : Match on catch block at 0xc3 in for 0xa9
02-22 21:18:46.321 9454 9454 E ArmVmp : Match on catch block at 0xc3 in for 0xa9
02-22 21:18:46.324 9454 9454 E ArmVmp : Match on catch block at 0xc3 in for 0xa1
02-22 21:18:46.338 9454 9454 E ArmVmp : Match on catch block at 0xc3 in for 0xa1
02-22 21:18:46.340 9454 9454 E ArmVmp : Match on catch block at 0xc3 in for 0xa5
02-22 21:18:46.354 9454 9454 E ArmVmp : Match on catch block at 0xc3 in for 0xa5
02-22 21:18:46.357 9454 9454 E ArmVmp : Match on catch block at 0xc3 in for 0xa9
02-22 21:18:46.371 9454 9454 E ArmVmp : Match on catch block at 0xc3 in for 0xa9
02-22 21:18:46.373 9454 9454 E ArmVmp : Match on catch block at 0xc3 in for 0xa1
02-22 21:18:46.388 9454 9454 E ArmVmp : Match on catch block at 0xc3 in for 0xa1
02-22 21:18:46.392 9454 9454 E ArmVmp : Match on catch block at 0xc3 in for 0xa5
02-22 21:18:46.404 9454 9454 E ArmVmp : Match on catch block at 0xc3 in for 0xa5
02-22 21:18:46.407 9454 9454 E ArmVmp : Match on catch block at 0xc3 in for 0xa9
02-22 21:18:46.421 9454 9454 E ArmVmp : Match on catch block at 0xc3 in for 0xa9
02-22 21:18:46.423 9454 9454 E ArmVmp : Match on catch block at 0xc3 in for 0xa1
02-22 21:18:46.438 9454 9454 E ArmVmp : Match on catch block at 0xc3 in for 0xa1
02-22 21:18:46.440 9454 9454 E ArmVmp : Match on catch block at 0xc3 in for 0xa5
02-22 21:18:46.488 9454 9454 E ArmVmp : Match on catch block at 0xc3 in for 0xa5
02-22 21:18:46.492 9454 9454 E ArmVmp : Match on catch block at 0xc3 in for 0xa9
02-22 21:18:46.504 9454 9454 E ArmVmp : Match on catch block at 0xc3 in for 0xa9
02-22 21:18:46.507 9454 9454 E ArmVmp : Match on catch block at 0xc3 in for 0xa1
02-22 21:18:46.521 9454 9454 E ArmVmp : Match on catch block at 0xc3 in for 0xa1
02-22 21:18:46.524 9454 9454 E ArmVmp : Match on catch block at 0xc3 in for 0xa5
02-22 21:18:46.538 9454 9454 E ArmVmp : Match on catch block at 0xc3 in for 0xa5
02-22 21:18:46.540 9454 9454 E ArmVmp : Match on catch block at 0xc3 in for 0xa9
02-22 21:18:46.554 9454 9454 E ArmVmp : Match on catch block at 0xc3 in for 0xa9
02-22 21:18:46.557 9454 9454 E ArmVmp : Match on catch block at 0xc3 in for 0xa1
02-22 21:18:46.571 9454 9454 E ArmVmp : Match on catch block at 0xc3 in for 0xa1
02-22 21:18:46.573 9454 9454 E ArmVmp : Match on catch block at 0xc3 in for 0xa5
02-22 21:18:46.588 9454 9454 E ArmVmp : Match on catch block at 0xc3 in for 0xa5
02-22 21:18:46.590 9454 9454 E ArmVmp : Match on catch block at 0xc3 in for 0xa9
02-22 21:18:46.604 9454 9454 E ArmVmp : Match on catch block at 0xc3 in for 0xa1
02-22 21:18:46.606 9454 9454 E ArmVmp : Match on catch block at 0xc3 in for 0xa5
02-22 21:18:46.621 9454 9454 E ArmVmp : Match on catch block at 0xc3 in for 0xa5
02-22 21:18:46.624 9454 9454 E ArmVmp : Match on catch block at 0xc3 in for 0xa9
02-22 21:18:46.638 9454 9454 E ArmVmp : Match on catch block at 0xc3 in for 0xa9
02-22 21:18:46.640 9454 9454 E ArmVmp : Match on catch block at 0xc3 in for 0xa1
02-22 21:18:46.654 9454 9454 E ArmVmp : Match on catch block at 0xc3 in for 0xa1
02-22 21:18:46.657 9454 9454 E ArmVmp : Match on catch block at 0xc3 in for 0xa5
02-22 21:18:46.671 9454 9454 E ArmVmp : Match on catch block at 0xc3 in for 0xa5
02-22 21:18:46.673 9454 9454 E ArmVmp : Match on catch block at 0xc3 in for 0xa9
02-22 21:18:46.688 9454 9454 E ArmVmp : Match on catch block at 0xc3 in for 0xa9
02-22 21:18:46.693 9454 9454 E ArmVmp : Match on catch block at 0xc3 in for 0xa1
02-22 21:18:46.704 9454 9454 E ArmVmp : Match on catch block at 0xc3 in for 0xa1
02-22 21:18:46.707 9454 9454 E ArmVmp : Match on catch block at 0xc3 in for 0xa5
02-22 21:18:46.721 9454 9454 E ArmVmp : Match on catch block at 0xc3 in for 0xa5
02-22 21:18:46.723 9454 9454 E ArmVmp : Match on catch block at 0xc3 in for 0xa9
02-22 21:18:46.738 9454 9454 E ArmVmp : Match on catch block at 0xc3 in for 0xa9
02-22 21:18:46.740 9454 9454 E ArmVmp : Match on catch block at 0xc3 in for 0xa1
02-22 21:18:46.754 9454 9454 E ArmVmp : Match on catch block at 0xc3 in for 0xa1
02-22 21:18:46.756 9454 9454 E ArmVmp : Match on catch block at 0xc3 in for 0xa5
02-22 21:18:46.788 9454 9454 E ArmVmp : Match on catch block at 0xc3 in for 0xa5
02-22 21:18:46.794 9454 9454 E ArmVmp : Match on catch block at 0xc3 in for 0xa9
02-22 21:18:47.138 9454 9454 E ArmVmp : Match on catch block at 0xc3 in for 0xa5
02-22 21:18:47.141 9454 9454 E ArmVmp : Match on catch block at 0xc3 in for 0xa9
02-22 21:18:47.163 9454 9454 E ArmVmp : Match on catch block at 0xc3 in for 0xa1
02-22 21:18:47.165 9454 9454 E ArmVmp : Match on catch block at 0xc3 in for 0xa5
02-22 21:18:47.171 9454 9454 W IInputConnectionWrapper: getTextBeforeCursor on inactive InputConnection
02-22 21:18:47.177 9454 9454 E ArmVmp : Match on catch block at 0xc3 in for 0xa9
02-22 21:18:47.179 9454 9454 E ArmVmp : Match on catch block at 0xc3 in for 0xa1
02-22 21:18:47.182 9454 9454 W IInputConnectionWrapper: getTextAfterCursor on inactive InputConnection
02-22 21:18:47.188 9454 9454 E ArmVmp : Match on catch block at 0xc3 in for 0xa1
02-22 21:18:47.190 9454 9454 E ArmVmp : Match on catch block at 0xc3 in for 0xa5
02-22 21:18:47.192 9454 9454 W IInputConnectionWrapper: getSelectedText on inactive InputConnection
02-22 21:18:47.205 9454 9454 E ArmVmp : Match on catch block at 0xc3 in for 0xa5
02-22 21:18:47.207 9454 9454 E ArmVmp : Match on catch block at 0xc3 in for 0xa9
02-22 21:18:47.221 9454 9454 E ArmVmp : Match on catch block at 0xc3 in for 0xa9
02-22 21:18:47.223 9454 9454 E ArmVmp : Match on catch block at 0xc3 in for 0xa1
02-22 21:18:47.238 9454 9454 E ArmVmp : Match on catch block at 0xc3 in for 0xa1
02-22 21:18:47.240 9454 9454 E ArmVmp : Match on catch block at 0xc3 in for 0xa5
02-22 21:18:47.266 9454 9454 E ArmVmp : Match on catch block at 0xc3 in for 0xa1
02-22 21:18:47.269 9454 9454 E ArmVmp : Match on catch block at 0xc3 in for 0xa5
02-22 21:18:47.281 9454 9454 E ArmVmp : Match on catch block at 0xc3 in for 0xa5
02-22 21:18:47.284 9454 9454 E ArmVmp : Match on catch block at 0xc3 in for 0xa9
02-22 21:18:47.294 9454 9454 E ArmVmp : Match on catch block at 0xc3 in for 0xa1
02-22 21:18:47.296 9454 9454 E ArmVmp : Match on catch block at 0xc3 in for 0xa5
02-22 21:18:47.305 9454 9454 E ArmVmp : Match on catch block at 0xc3 in for 0xa5
02-22 21:18:47.309 9454 9454 E ArmVmp : Match on catch block at 0xc3 in for 0xa9
02-22 21:18:47.321 9454 9454 E ArmVmp : Match on catch block at 0xc3 in for 0xa9
02-22 21:18:47.324 9454 9454 E ArmVmp : Match on catch block at 0xc3 in for 0xa1
02-22 21:18:47.338 9454 9454 E ArmVmp : Match on catch block at 0xc3 in for 0xa1
02-22 21:18:47.340 9454 9454 E ArmVmp : Match on catch block at 0xc3 in for 0xa5
02-22 21:18:47.355 9454 9454 E ArmVmp : Match on catch block at 0xc3 in for 0xa5
02-22 21:18:47.357 9454 9454 E ArmVmp : Match on catch block at 0xc3 in for 0xa9
02-22 21:18:47.674 9454 9454 E ArmVmp : Match on catch block at 0xc3 in for 0xa5
02-22 21:18:47.676 9454 9454 E ArmVmp : Match on catch block at 0xc3 in for 0xa9
02-22 21:18:47.686 9454 9849 W MediaPlayer: Use of stream types is deprecated for operations other than volume control
02-22 21:18:47.686 9454 9849 W MediaPlayer: See the documentation of setAudioStreamType() for what to use instead with android.media.AudioAttributes to qualify your playback use case
02-22 21:18:47.688 9454 9454 E ArmVmp : Match on catch block at 0xc3 in for 0xa9
02-22 21:18:47.690 9454 9454 E ArmVmp : Match on catch block at 0xc3 in for 0xa1
02-22 21:18:47.967 9454 9454 E ArmVmp : Match on catch block at 0xc3 in for 0xa5
02-22 21:18:47.971 9454 9454 E ArmVmp : Match on catch block at 0xc3 in for 0xa9
02-22 21:18:47.999 9454 9454 E ArmVmp : Match on catch block at 0xc3 in for 0xa5
02-22 21:18:48.002 9454 9454 E ArmVmp : Match on catch block at 0xc3 in for 0xa9
02-22 21:18:48.005 9454 9454 E ArmVmp : Match on catch block at 0xc3 in for 0xa9
02-22 21:18:48.007 9454 9454 E ArmVmp : Match on catch block at 0xc3 in for 0xa1
02-22 21:18:48.024 9454 9454 E ArmVmp : Match on catch block at 0xc3 in for 0xa5
02-22 21:18:48.026 9454 9454 E ArmVmp : Match on catch block at 0xc3 in for 0xa9
02-22 21:18:48.042 9454 9454 E ArmVmp : Match on catch block at 0xc3 in for 0xa1
02-22 21:18:48.044 9454 9454 E ArmVmp : Match on catch block at 0xc3 in for 0xa5
02-22 21:18:48.056 9454 9454 E ArmVmp : Match on catch block at 0xc3 in for 0xa5
02-22 21:18:48.059 9454 9454 E ArmVmp : Match on catch block at 0xc3 in for 0xa9
02-22 21:18:48.073 9454 9454 E ArmVmp : Match on catch block at 0xc3 in for 0xa9
02-22 21:18:48.077 9454 9454 E ArmVmp : Match on catch block at 0xc3 in for 0xa1
02-22 21:18:48.089 9454 9454 E ArmVmp : Match on catch block at 0xc3 in for 0xa1
02-22 21:18:48.091 9454 9454 E ArmVmp : Match on catch block at 0xc3 in for 0xa5
02-22 21:18:48.106 9454 9454 E ArmVmp : Match on catch block at 0xc3 in for 0xa5
02-22 21:18:48.109 9454 9454 E ArmVmp : Match on catch block at 0xc3 in for 0xa9
02-22 21:18:48.123 9454 9454 E ArmVmp : Match on catch block at 0xc3 in for 0xa9
02-22 21:18:48.126 9454 9454 E ArmVmp : Match on catch block at 0xc3 in for 0xa1
02-22 21:18:48.139 9454 9454 E ArmVmp : Match on catch block at 0xc3 in for 0xa1
02-22 21:18:48.143 9454 9454 E ArmVmp : Match on catch block at 0xc3 in for 0xa5
02-22 21:18:48.157 9454 9454 E ArmVmp : Match on catch block at 0xc3 in for 0xa5
02-22 21:18:48.162 9454 9454 E ArmVmp : Match on catch block at 0xc3 in for 0xa9
02-22 21:18:48.423 9454 9454 E ArmVmp : Match on catch block at 0xc3 in for 0xa9
02-22 21:18:48.426 9454 9454 E ArmVmp : Match on catch block at 0xc3 in for 0xa1
02-22 21:18:48.560 9454 9454 E ArmVmp : Match on catch block at 0xc3 in for 0xa5
02-22 21:18:48.564 9454 9454 E ArmVmp : Match on catch block at 0xc3 in for 0xa9
02-22 21:18:48.576 9454 9454 E ArmVmp : Match on catch block at 0xc3 in for 0xa9
02-22 21:18:48.581 9454 9454 E ArmVmp : Match on catch block at 0xc3 in for 0xa1
02-22 21:18:48.589 9454 9454 E ArmVmp : Match on catch block at 0xc3 in for 0xa1
02-22 21:18:48.591 9454 9454 E ArmVmp : Match on catch block at 0xc3 in for 0xa5
02-22 21:18:48.607 9454 9454 E ArmVmp : Match on catch block at 0xc3 in for 0xa5
02-22 21:18:48.611 9454 9454 E ArmVmp : Match on catch block at 0xc3 in for 0xa9
