02-23 09:52:41.844 27768 27768 W Looper : PerfMonitor doFrame : time=27ms vsyncFrame=0 latency=586ms procState=2 historyMsgCount=12 (msgIndex=1 wall=133ms seq=35818 running=80ms io=7ms late=5ms h=android.view.Choreographer$FrameHandler c=android.view.Choreographer$FrameDisplayEventReceiver) (msgIndex=10 wall=461ms seq=35827 running=387ms io=1ms late=135ms h=android.view.ViewRootImpl$ViewRootHandler c=X.0jO)
02-23 09:52:41.878 27768 27768 W Looper : PerfMonitor looperActivity : package=com.whatsapp/.HomeActivity time=5ms latency=408ms running=4ms procState=2 ClientTransaction{ lifecycleRequest=android.app.servertransaction.StopActivityItem } historyMsgCount=39 (msgIndex=1 wall=461ms seq=35827 running=387ms io=1ms late=135ms h=android.view.ViewRootImpl$ViewRootHandler c=X.0jO)
02-23 10:46:45.965 27768 27768 W Activity: Slow Operation: Activity com.whatsapp/.Conversation onStart took 103ms
02-23 10:47:04.329 27768 27768 W BpBinder: Slow Binder: BpBinder transact took 221 ms, interface=android.view.IWindowSession, code=5 oneway=false
02-23 10:48:21.701 27768 20301 W BpBinder: Slow Binder: BpBinder transact took 207 ms, interface=android.media.IMediaMetadataRetriever, code=5 oneway=false
02-23 10:48:21.795 27768 29443 W BpBinder: Slow Binder: BpBinder transact took 575 ms, interface=android.hardware.camera2.ICameraDeviceUser, code=6 oneway=false
02-23 10:48:21.796 27768 20299 W BpBinder: Slow Binder: BpBinder transact took 221 ms, interface=android.media.IMediaMetadataRetriever, code=5 oneway=false
02-23 10:48:21.901 27768 20303 W BpBinder: Slow Binder: BpBinder transact took 268 ms, interface=android.media.IMediaMetadataRetriever, code=5 oneway=false
02-23 10:48:22.016 27768 20301 W BpBinder: Slow Binder: BpBinder transact took 269 ms, interface=android.media.IMediaMetadataRetriever, code=5 oneway=false
02-23 10:48:22.176 27768 20299 W BpBinder: Slow Binder: BpBinder transact took 327 ms, interface=android.media.IMediaMetadataRetriever, code=5 oneway=false
02-23 10:48:22.287 27768 20303 W BpBinder: Slow Binder: BpBinder transact took 329 ms, interface=android.media.IMediaMetadataRetriever, code=5 oneway=false
02-23 10:48:22.524 27768 20301 W BpBinder: Slow Binder: BpBinder transact took 232 ms, interface=android.media.IMediaMetadataRetriever, code=5 oneway=false
02-23 10:48:22.628 27768 20303 W BpBinder: Slow Binder: BpBinder transact took 282 ms, interface=android.media.IMediaMetadataRetriever, code=5 oneway=false
02-23 10:48:22.731 27768 20299 W BpBinder: Slow Binder: BpBinder transact took 273 ms, interface=android.media.IMediaMetadataRetriever, code=5 oneway=false
02-23 10:48:22.851 27768 20301 W BpBinder: Slow Binder: BpBinder transact took 284 ms, interface=android.media.IMediaMetadataRetriever, code=5 oneway=false
02-23 10:48:22.973 27768 20303 W BpBinder: Slow Binder: BpBinder transact took 274 ms, interface=android.media.IMediaMetadataRetriever, code=5 oneway=false
02-23 10:48:35.942 27768 29442 W BpBinder: Slow Binder: BpBinder transact took 266 ms, interface=android.hardware.camera2.ICameraDeviceUser, code=1 oneway=false
02-23 10:55:07.944 27768 29443 W BpBinder: Slow Binder: BpBinder transact took 258 ms, interface=android.hardware.camera2.ICameraDeviceUser, code=6 oneway=false
02-23 10:55:17.288 27768 16474 W BpBinder: Slow Binder: BpBinder transact took 204 ms, interface=android.media.IMediaMetadataRetriever, code=5 oneway=false
02-23 10:55:17.506 27768 16474 W BpBinder: Slow Binder: BpBinder transact took 216 ms, interface=android.media.IMediaMetadataRetriever, code=5 oneway=false
02-23 10:55:17.626 27768 16476 W BpBinder: Slow Binder: BpBinder transact took 255 ms, interface=android.media.IMediaMetadataRetriever, code=5 oneway=false
02-23 10:55:17.806 27768 20758 W BpBinder: Slow Binder: BpBinder transact took 351 ms, interface=android.media.IMediaMetadataRetriever, code=5 oneway=false
02-23 10:55:17.935 27768 16474 W BpBinder: Slow Binder: BpBinder transact took 426 ms, interface=android.media.IMediaMetadataRetriever, code=5 oneway=false
02-23 10:55:18.092 27768 16476 W BpBinder: Slow Binder: BpBinder transact took 454 ms, interface=android.media.IMediaMetadataRetriever, code=5 oneway=false
02-23 10:55:18.245 27768 16474 W BpBinder: Slow Binder: BpBinder transact took 300 ms, interface=android.media.IMediaMetadataRetriever, code=5 oneway=false
02-23 10:55:18.403 27768 16476 W BpBinder: Slow Binder: BpBinder transact took 294 ms, interface=android.media.IMediaMetadataRetriever, code=5 oneway=false
02-23 10:55:18.566 27768 16474 W BpBinder: Slow Binder: BpBinder transact took 317 ms, interface=android.media.IMediaMetadataRetriever, code=5 oneway=false
02-23 10:55:18.714 27768 16476 W BpBinder: Slow Binder: BpBinder transact took 300 ms, interface=android.media.IMediaMetadataRetriever, code=5 oneway=false
02-23 10:55:18.840 27768 16474 W BpBinder: Slow Binder: BpBinder transact took 263 ms, interface=android.media.IMediaMetadataRetriever, code=5 oneway=false
02-23 10:55:19.001 27768 16476 W BpBinder: Slow Binder: BpBinder transact took 278 ms, interface=android.media.IMediaMetadataRetriever, code=5 oneway=false
02-23 10:55:19.169 27768 16474 W BpBinder: Slow Binder: BpBinder transact took 321 ms, interface=android.media.IMediaMetadataRetriever, code=5 oneway=false
02-23 10:55:19.289 27768 16476 W BpBinder: Slow Binder: BpBinder transact took 275 ms, interface=android.media.IMediaMetadataRetriever, code=5 oneway=false
02-23 10:55:19.443 27768 16474 W BpBinder: Slow Binder: BpBinder transact took 259 ms, interface=android.media.IMediaMetadataRetriever, code=5 oneway=false
02-23 10:55:19.626 27768 16476 W BpBinder: Slow Binder: BpBinder transact took 330 ms, interface=android.media.IMediaMetadataRetriever, code=5 oneway=false
02-23 10:55:19.818 27768 16474 W BpBinder: Slow Binder: BpBinder transact took 362 ms, interface=android.media.IMediaMetadataRetriever, code=5 oneway=false
02-23 10:55:19.950 27768 16476 W BpBinder: Slow Binder: BpBinder transact took 312 ms, interface=android.media.IMediaMetadataRetriever, code=5 oneway=false
02-23 10:55:20.103 27768 16474 W BpBinder: Slow Binder: BpBinder transact took 275 ms, interface=android.media.IMediaMetadataRetriever, code=5 oneway=false
02-23 10:55:20.272 27768 16476 W BpBinder: Slow Binder: BpBinder transact took 313 ms, interface=android.media.IMediaMetadataRetriever, code=5 oneway=false
02-23 10:55:24.029 27768 27768 W BpBinder: Slow Binder: BpBinder transact took 211 ms, interface=android.view.IWindowSession, code=5 oneway=false
02-23 10:55:56.837 27768 27768 W InputEventReceiver: App Input: Dispatching InputEvent took 133ms in main thread! (MotionEvent: event_seq=1155, seq=6102157, action=ACTION_DOWN)
02-23 10:56:22.885 27768 16474 W BpBinder: Slow Binder: BpBinder transact took 227 ms, interface=android.media.IMediaMetadataRetriever, code=5 oneway=false
02-23 10:56:22.969 27768 21219 W BpBinder: Slow Binder: BpBinder transact took 224 ms, interface=android.media.IMediaMetadataRetriever, code=5 oneway=false
02-23 10:56:23.058 27768 15306 W BpBinder: Slow Binder: BpBinder transact took 247 ms, interface=android.media.IMediaMetadataRetriever, code=5 oneway=false
02-23 10:56:23.138 27768 16474 W BpBinder: Slow Binder: BpBinder transact took 247 ms, interface=android.media.IMediaMetadataRetriever, code=5 oneway=false
02-23 10:56:23.288 27768 15306 W BpBinder: Slow Binder: BpBinder transact took 227 ms, interface=android.media.IMediaMetadataRetriever, code=5 oneway=false
02-23 10:56:23.463 27768 16474 W BpBinder: Slow Binder: BpBinder transact took 320 ms, interface=android.media.IMediaMetadataRetriever, code=5 oneway=false
02-23 10:56:23.615 27768 15306 W BpBinder: Slow Binder: BpBinder transact took 322 ms, interface=android.media.IMediaMetadataRetriever, code=5 oneway=false
02-23 10:56:23.726 27768 16474 W BpBinder: Slow Binder: BpBinder transact took 251 ms, interface=android.media.IMediaMetadataRetriever, code=5 oneway=false
02-23 10:56:23.920 27768 15306 W BpBinder: Slow Binder: BpBinder transact took 298 ms, interface=android.media.IMediaMetadataRetriever, code=5 oneway=false
02-23 10:56:24.083 27768 16474 W BpBinder: Slow Binder: BpBinder transact took 353 ms, interface=android.media.IMediaMetadataRetriever, code=5 oneway=false
02-23 10:56:24.258 27768 15306 W BpBinder: Slow Binder: BpBinder transact took 333 ms, interface=android.media.IMediaMetadataRetriever, code=5 oneway=false
02-23 10:56:24.382 27768 16474 W BpBinder: Slow Binder: BpBinder transact took 287 ms, interface=android.media.IMediaMetadataRetriever, code=5 oneway=false
02-23 10:56:24.554 27768 15306 W BpBinder: Slow Binder: BpBinder transact took 291 ms, interface=android.media.IMediaMetadataRetriever, code=5 oneway=false
02-23 10:56:24.711 27768 16474 W BpBinder: Slow Binder: BpBinder transact took 317 ms, interface=android.media.IMediaMetadataRetriever, code=5 oneway=false
02-23 10:56:24.889 27768 15306 W BpBinder: Slow Binder: BpBinder transact took 329 ms, interface=android.media.IMediaMetadataRetriever, code=5 oneway=false
02-23 10:56:25.019 27768 16474 W BpBinder: Slow Binder: BpBinder transact took 298 ms, interface=android.media.IMediaMetadataRetriever, code=5 oneway=false
02-23 10:56:25.203 27768 15306 W BpBinder: Slow Binder: BpBinder transact took 310 ms, interface=android.media.IMediaMetadataRetriever, code=5 oneway=false
02-23 10:56:25.381 27768 16474 W BpBinder: Slow Binder: BpBinder transact took 354 ms, interface=android.media.IMediaMetadataRetriever, code=5 oneway=false
02-23 10:56:25.533 27768 15306 W BpBinder: Slow Binder: BpBinder transact took 323 ms, interface=android.media.IMediaMetadataRetriever, code=5 oneway=false --------- beginning of main
02-23 10:59:27.855 21486 21486 E com.whatsapp: Unknown bits set in runtime_flags: 0x800000
02-23 10:59:27.861 21486 21486 E com.whatsapp: Not starting debugger since process cannot load the jdwp agent.
02-23 10:59:28.060 21486 21486 W ResourceType: CREATING STRING CACHE OF 192 bytes
02-23 10:59:28.098 21486 21486 W System.err: java.lang.ClassNotFoundException: mbmodsd.mbmodsw.ui.views.btn.BtnBK
02-23 10:59:28.098 21486 21486 W System.err: at java.lang.Runtime.nativeLoad(Native Method)
02-23 10:59:28.099 21486 21486 W System.err: at java.lang.Runtime.nativeLoad(Runtime.java:1131)
02-23 10:59:28.099 21486 21486 W System.err: at java.lang.Runtime.loadLibrary0(Runtime.java:1085)
02-23 10:59:28.099 21486 21486 W System.err: at java.lang.Runtime.loadLibrary0(Runtime.java:1008)
02-23 10:59:28.099 21486 21486 W System.err: at java.lang.System.loadLibrary(System.java:1664)
02-23 10:59:28.099 21486 21486 W System.err: at arm.EpicVm.<clinit>(Unknown Source:2)
02-23 10:59:28.099 21486 21486 W System.err: at java.lang.Class.newInstance(Native Method)
02-23 10:59:28.099 21486 21486 W System.err: at android.app.AppComponentFactory.instantiateApplication(AppComponentFactory.java:76)
02-23 10:59:28.099 21486 21486 W System.err: at androidx.core.app.CoreComponentFactory.instantiateApplication(Unknown Source:0)
02-23 10:59:28.099 21486 21486 W System.err: at android.app.Instrumentation.newApplication(Instrumentation.java:1158)
02-23 10:59:28.099 21486 21486 W System.err: at android.app.LoadedApk.makeApplication(LoadedApk.java:1240)
02-23 10:59:28.099 21486 21486 W System.err: at android.app.ActivityThread.handleBindApplication(ActivityThread.java:6928)
02-23 10:59:28.099 21486 21486 W System.err: at android.app.ActivityThread.access$1500(ActivityThread.java:255)
02-23 10:59:28.099 21486 21486 W System.err: at android.app.ActivityThread$H.handleMessage(ActivityThread.java:1978)
02-23 10:59:28.099 21486 21486 W System.err: at android.os.Handler.dispatchMessage(Handler.java:106)
02-23 10:59:28.099 21486 21486 W System.err: at android.os.Looper.loop(Looper.java:236)
02-23 10:59:28.099 21486 21486 W System.err: at android.app.ActivityThread.main(ActivityThread.java:8019)
02-23 10:59:28.099 21486 21486 W System.err: at java.lang.reflect.Method.invoke(Native Method)
02-23 10:59:28.100 21486 21486 W System.err: at com.android.internal.os.RuntimeInit$MethodAndArgsCaller.run(RuntimeInit.java:600)
02-23 10:59:28.100 21486 21486 W System.err: at com.android.internal.os.ZygoteInit.main(ZygoteInit.java:967)
02-23 10:59:28.116 21486 21486 E CustomActivityOnCrash: IMPORTANT WARNING! You already have an UncaughtExceptionHandler, are you sure this is correct? If you use a custom UncaughtExceptionHandler, you must initialize it AFTER CustomActivityOnCrash! Installing anyway, but your original handler will not be called.
02-23 10:59:29.410 21486 21486 W com.whatsapp: Accessing hidden method Lcom/android/org/conscrypt/OpenSSLSocketImpl;->setUseSessionTickets(Z)V (greylist- max-q,test-api, reflection, denied)
02-23 10:59:29.410 21486 21486 W com.whatsapp: Accessing hidden method Lcom/android/org/conscrypt/AbstractConscryptSocket;->setUseSessionTickets(Z)V (greylist-max-q, reflection, denied)
02-23 10:59:29.562 21486 21486 W com.whatsapp: type=1400 audit(0.0:553007): avc: granted { execute } for path="/data/data/com.whatsapp/files/decompressed/libs.spk.zst/libc++_shared.so" dev="dm-10" ino=372071 scontext=u:r:untrusted_app:s0:c213,c257,c512,c768 tcontext=u:object_r:app_data_file:s0:c213,c257,c512,c768 tclass=file app=com.whatsapp
02-23 10:59:29.577 21486 21486 W linker : Warning: "/data/data/com.whatsapp/files/decompressed/libs.spk.zst/libc++_shared.so" unused DT entry: unknown processor-specific (type 0x70000001 arg 0x0) (ignoring)
02-23 10:59:29.572 21486 21486 W com.whatsapp: type=1400 audit(0.0:553008): avc: granted { execute } for path="/data/data/com.whatsapp/files/decompressed/libs.spk.zst/libvlc.so" dev="dm- 10" ino=335014 scontext=u:r:untrusted_app:s0:c213,c257,c512,c768 tcontext=u:object_r:app_data_file:s0:c213,c257,c512,c768 tclass=file app=com.whatsapp
02-23 10:59:29.602 21486 21486 W com.whatsapp: type=1400 audit(0.0:553009): avc: granted { execute } for path="/data/data/com.whatsapp/files/decompressed/libs.spk.zst/libwhatsapp.so" dev="dm-10" ino=335273 scontext=u:r:untrusted_app:s0:c213,c257,c512,c768 tcontext=u:object_r:app_data_file:s0:c213,c257,c512,c768 tclass=file app=com.whatsapp
02-23 10:59:29.752 21486 21486 W com.whatsapp: type=1400 audit(0.0:553010): avc: granted { execute } for path="/data/data/com.whatsapp/files/decompressed/libs.spk.zst/libcurve25519.so" dev="dm-10" ino=372156 scontext=u:r:untrusted_app:s0:c213,c257,c512,c768 tcontext=u:object_r:app_data_file:s0:c213,c257,c512,c768 tclass=file app=com.whatsapp
02-23 10:59:30.320 21486 21819 W com.whatsapp: Class X.2rL failed lock verification and will run slower.
02-23 10:59:30.320 21486 21819 W com.whatsapp: Common causes for lock verification issues are non-optimized dex code
02-23 10:59:30.320 21486 21819 W com.whatsapp: and incorrect proguard optimizations.
02-23 10:59:30.375 21486 21486 W Looper : PerfMonitor longMsg : seq=2 plan=10:59:27.877 late=3ms wall=2401ms running=600ms runnable=367ms io=871ms reclaim=6ms h=android.app.ActivityThread$H w=110 procState=10
02-23 10:59:30.524 21486 21486 E libc : Access denied finding property "ro.vendor.df.effect.conflict"
02-23 10:59:30.512 21486 21486 W com.whatsapp: type=1400 audit(0.0:553017): avc: denied { read } for name="u:object_r:vendor_displayfeature_prop:s0" dev="tmpfs" ino=1232 scontext=u:r:untrusted_app:s0:c213,c257,c512,c768 tcontext=u:object_r:vendor_displayfeature_prop:s0 tclass=file permissive=0 app=com.whatsapp
02-23 10:59:30.524 21486 21486 E libc : Access denied finding property "ro.vendor.knock.type"
02-23 10:59:32.429 21486 21983 W com.whatsapp: Long monitor contention with owner WhatsApp Worker #6 (21871) at android.database.sqlite.SQLiteConnection android.database.sqlite.SQLiteConnectionPool.waitForConnection(java.lang.String, int, android.os.CancellationSignal)(SQLiteConnectionPool.java:702) waiters=0 in void android.database.sqlite.SQLiteConnectionPool.releaseConnection(android.database.sql ite.SQLiteConnection) for 254ms --------- beginning of system
02-23 11:00:28.997 21486 21486 W Activity: Slow Operation: Activity com.whatsapp/.mediacomposer.MediaComposerActivity onStart took 412ms
02-23 11:00:29.040 21486 21486 W Looper : PerfMonitor looperActivity : package=com.whatsapp/.mediacomposer.MediaComposerActivity time=0ms latency=819ms running=0ms procState=2 ClientTransaction{ callbacks=[android.app.servertransaction.TopResumedActivityChang eItem] } historyMsgCount=1 (msgIndex=1 wall=819ms seq=54 running=283ms runnable=51ms io=181ms late=1ms h=android.app.ActivityThread$H w=159)
02-23 11:00:29.376 21486 22384 W BpBinder: Slow Binder: BpBinder transact took 222 ms, interface=android.media.IMediaMetadataRetriever, code=5 oneway=false
02-23 11:00:29.463 21486 21865 W BpBinder: Slow Binder: BpBinder transact took 241 ms, interface=android.media.IMediaMetadataRetriever, code=5 oneway=false
02-23 11:00:30.238 21486 21865 W BpBinder: Slow Binder: BpBinder transact took 210 ms, interface=android.media.IMediaMetadataRetriever, code=5 oneway=false
02-23 11:00:30.395 21486 21866 W BpBinder: Slow Binder: BpBinder transact took 256 ms, interface=android.media.IMediaMetadataRetriever, code=5 oneway=false
02-23 11:00:30.523 21486 21865 W BpBinder: Slow Binder: BpBinder transact took 270 ms, interface=android.media.IMediaMetadataRetriever, code=5 oneway=false
02-23 11:00:30.653 21486 21866 W BpBinder: Slow Binder: BpBinder transact took 249 ms, interface=android.media.IMediaMetadataRetriever, code=5 oneway=false
02-23 11:00:30.751 21486 21865 W BpBinder: Slow Binder: BpBinder transact took 218 ms, interface=android.media.IMediaMetadataRetriever, code=5 oneway=false
02-23 11:00:30.874 21486 21866 W BpBinder: Slow Binder: BpBinder transact took 213 ms, interface=android.media.IMediaMetadataRetriever, code=5 oneway=false
02-23 11:00:30.980 21486 21865 W BpBinder: Slow Binder: BpBinder transact took 223 ms, interface=android.media.IMediaMetadataRetriever, code=5 oneway=false
02-23 11:00:31.112 21486 21866 W BpBinder: Slow Binder: BpBinder transact took 234 ms, interface=android.media.IMediaMetadataRetriever, code=5 oneway=false
02-23 11:00:31.223 21486 21865 W BpBinder: Slow Binder: BpBinder transact took 235 ms, interface=android.media.IMediaMetadataRetriever, code=5 oneway=false
02-23 11:00:31.356 21486 21866 W BpBinder: Slow Binder: BpBinder transact took 235 ms, interface=android.media.IMediaMetadataRetriever, code=5 oneway=false
02-23 11:00:37.217 21486 22547 W BpBinder: Slow Binder: BpBinder transact took 615 ms, interface=android.hardware.camera2.ICameraDeviceUser, code=6 oneway=false
02-23 11:00:37.239 21486 22552 W BpBinder: Slow Binder: BpBinder transact took 204 ms, interface=android.media.IMediaMetadataRetriever, code=5 oneway=false
02-23 11:00:37.353 21486 22555 W BpBinder: Slow Binder: BpBinder transact took 251 ms, interface=android.media.IMediaMetadataRetriever, code=5 oneway=false
02-23 11:00:37.480 21486 22558 W BpBinder: Slow Binder: BpBinder transact took 283 ms, interface=android.media.IMediaMetadataRetriever, code=5 oneway=false
02-23 11:00:37.628 21486 22552 W BpBinder: Slow Binder: BpBinder transact took 351 ms, interface=android.media.IMediaMetadataRetriever, code=5 oneway=false
02-23 11:00:37.846 21486 22555 W BpBinder: Slow Binder: BpBinder transact took 272 ms, interface=android.media.IMediaMetadataRetriever, code=5 oneway=false
02-23 11:00:37.945 21486 22552 W BpBinder: Slow Binder: BpBinder transact took 250 ms, interface=android.media.IMediaMetadataRetriever, code=5 oneway=false
02-23 11:00:38.053 21486 22558 W BpBinder: Slow Binder: BpBinder transact took 220 ms, interface=android.media.IMediaMetadataRetriever, code=5 oneway=false
02-23 11:00:38.140 21486 22555 W BpBinder: Slow Binder: BpBinder transact took 249 ms, interface=android.media.IMediaMetadataRetriever, code=5 oneway=false
02-23 11:00:38.253 21486 22552 W BpBinder: Slow Binder: BpBinder transact took 255 ms, interface=android.media.IMediaMetadataRetriever, code=5 oneway=false
02-23 11:00:38.371 21486 22558 W BpBinder: Slow Binder: BpBinder transact took 256 ms, interface=android.media.IMediaMetadataRetriever, code=5 oneway=false
02-23 11:01:14.515 21486 22546 W BpBinder: Slow Binder: BpBinder transact took 305 ms, interface=android.hardware.camera2.ICameraDeviceUser, code=1 oneway=false
02-23 11:01:15.118 21486 21486 W Looper : PerfMonitor looperActivity : package=com.whatsapp/.HomeActivity time=0ms latency=897ms running=0ms procState=2 ClientTransaction{ callbacks=[android.app.servertransaction.TopResumedActivityChang eItem] } historyMsgCount=5 (msgIndex=1 wall=87ms seq=5161 running=8ms io=25ms late=12ms h=android.app.ActivityThread$H w=159) (msgIndex=5 wall=886ms seq=5165 running=391ms runnable=1ms io=371ms late=11ms h=android.app.ActivityThread$H w=159)
02-23 11:01:15.827 21486 21486 W Looper : PerfMonitor doFrame : time=707ms vsyncFrame=0 latency=888ms procState=2 historyMsgCount=6 (msgIndex=3 wall=886ms seq=5165 running=391ms runnable=1ms io=371ms late=11ms h=android.app.ActivityThread$H w=159)
02-23 11:01:15.838 21486 21486 W Looper : PerfMonitor looperActivity : package=com.whatsapp/.HomeActivity time=4ms latency=929ms running=1ms procState=2 ClientTransaction{ callbacks=[android.app.servertransaction.TopResumedActivityChang eItem] } historyMsgCount=23 (msgIndex=1 wall=886ms seq=5165 running=391ms runnable=1ms io=371ms late=11ms h=android.app.ActivityThread$H w=159) (msgIndex=5 wall=707ms seq=5169 running=469ms io=81ms late=888ms h=android.view.Choreographer$FrameHandler c=android.view.Choreographer$FrameDisplayEventReceiver)
02-23 11:01:15.848 21486 21486 W Looper : PerfMonitor looperActivity : package=com.whatsapp/.HomeActivity time=9ms latency=932ms running=7ms procState=2 ClientTransaction{ lifecycleRequest=android.app.servertransaction.PauseActivityItem } historyMsgCount=24 (msgIndex=1 wall=886ms seq=5165 running=391ms runnable=1ms io=371ms late=11ms h=android.app.ActivityThread$H w=159) (msgIndex=5 wall=707ms seq=5169 running=469ms io=81ms late=888ms h=android.view.Choreographer$FrameHandler c=android.view.Choreographer$FrameDisplayEventReceiver)
02-23 11:01:15.908 21486 21486 W Looper : PerfMonitor doFrame : time=57ms vsyncFrame=0 latency=720ms procState=2 historyMsgCount=53 (msgIndex=1 wall=707ms seq=5169 running=469ms io=81ms late=888ms h=android.view.Choreographer$FrameHandler c=android.view.Choreographer$FrameDisplayEventReceiver)
02-23 11:01:15.947 21486 21486 W Looper : PerfMonitor looperActivity : package=com.whatsapp/mbmodsd.mbmodsw.mbsettings.yo.PauseActivity time=26ms latency=512ms running=9ms procState=2 ClientTransaction{ callbacks=[android.app.servertransaction.LaunchActivityItem] lifecycleRequest=android.app.servertransaction.PauseActivityItem } historyMsgCount=134 (msgIndex=1 wall=707ms seq=5169 running=469ms io=81ms late=888ms h=android.view.Choreographer$FrameHandler c=android.view.Choreographer$FrameDisplayEventReceiver) (msgIndex=54 wall=57ms seq=5222 running=41ms late=720ms h=android.view.Choreographer$FrameHandler c=android.view.Choreographer$FrameDisplayEventReceiver)
02-23 11:04:56.531 21486 27639 W BpBinder: Slow Binder: BpBinder transact took 681 ms, interface=android.app.IActivityManager, code=22 oneway=false
02-23 11:04:56.739 21486 27639 W BpBinder: Slow Binder: BpBinder transact took 207 ms, interface=android.content.IContentProvider, code=1 oneway=false
02-23 11:04:59.434 21486 27639 W BpBinder: Slow Binder: BpBinder transact took 210 ms, interface=android.content.IContentProvider, code=20 oneway=false
02-23 11:05:23.320 21486 21486 W Looper : PerfMonitor looperActivity : package=com.whatsapp/.HomeActivity time=0ms latency=402ms running=0ms procState=2 ClientTransaction{ callbacks=[android.app.servertransaction.TopResumedActivityChang eItem] } historyMsgCount=2 (msgIndex=2 wall=399ms seq=5947 running=195ms runnable=20ms io=103ms late=3ms h=android.app.ActivityThread$H w=159)
02-23 11:05:24.077 21486 21486 W Looper : PerfMonitor doFrame : time=734ms vsyncFrame=0 latency=10ms procState=2 historyMsgCount=13
02-23 11:05:24.115 21486 21486 W Looper : PerfMonitor doFrame : time=37ms vsyncFrame=0 latency=733ms procState=2 historyMsgCount=5 (msgIndex=1 wall=734ms seq=5971 running=504ms runnable=36ms io=52ms late=10ms h=android.view.Choreographer$FrameHandler c=android.view.Choreographer$FrameDisplayEventReceiver)
02-23 11:05:24.131 21486 21486 W Looper : PerfMonitor looperActivity : package=com.whatsapp/.HomeActivity time=4ms latency=395ms running=2ms procState=2 ClientTransaction{ lifecycleRequest=android.app.servertransaction.StopActivityItem } historyMsgCount=122 (msgIndex=1 wall=734ms seq=5971 running=504ms runnable=36ms io=52ms late=10ms h=android.view.Choreographer$FrameHandler c=android.view.Choreographer$FrameDisplayEventReceiver)
02-23 11:05:24.153 21486 21486 W Looper : PerfMonitor looperActivity : package=com.whatsapp/mbmodsd.mbmodsw.mbsettings.yo.PauseActivity time=20ms latency=360ms running=6ms procState=2 ClientTransaction{ callbacks=[android.app.servertransaction.LaunchActivityItem] lifecycleRequest=android.app.servertransaction.ResumeActivityItem } historyMsgCount=128 (msgIndex=1 wall=734ms seq=5971 running=504ms runnable=36ms io=52ms late=10ms h=android.view.Choreographer$FrameHandler c=android.view.Choreographer$FrameDisplayEventReceiver)
02-23 11:05:24.153 21486 21486 W Looper : PerfMonitor looperActivity : package=com.whatsapp/mbmodsd.mbmodsw.mbsettings.yo.PauseActivity time=0ms latency=381ms running=0ms procState=2 ClientTransaction{ callbacks=[android.app.servertransaction.TopResumedActivityChang eItem] } historyMsgCount=129 (msgIndex=1 wall=734ms seq=5971 running=504ms runnable=36ms io=52ms late=10ms h=android.view.Choreographer$FrameHandler c=android.view.Choreographer$FrameDisplayEventReceiver)
02-23 11:05:27.675 21486 28865 W BpBinder: Slow Binder: BpBinder transact took 261 ms, interface=android.media.IMediaMetadataRetriever, code=5 oneway=false
02-23 11:05:38.497 21486 29086 W BpBinder: Slow Binder: BpBinder transact took 221 ms, interface=android.media.IMediaMetadataRetriever, code=5 oneway=false
02-23 11:05:38.539 21486 22547 W BpBinder: Slow Binder: BpBinder transact took 651 ms, interface=android.hardware.camera2.ICameraDeviceUser, code=6 oneway=false
02-23 11:05:38.610 21486 29085 W BpBinder: Slow Binder: BpBinder transact took 287 ms, interface=android.media.IMediaMetadataRetriever, code=5 oneway=false
02-23 11:05:38.929 21486 29080 W BpBinder: Slow Binder: BpBinder transact took 500 ms, interface=android.media.IMediaMetadataRetriever, code=5 oneway=false
02-23 11:05:39.182 21486 29086 W BpBinder: Slow Binder: BpBinder transact took 619 ms, interface=android.media.IMediaMetadataRetriever, code=5 oneway=false
02-23 11:05:39.386 21486 29080 W BpBinder: Slow Binder: BpBinder transact took 324 ms, interface=android.media.IMediaMetadataRetriever, code=5 oneway=false
02-23 11:05:39.569 21486 29085 W BpBinder: Slow Binder: BpBinder transact took 445 ms, interface=android.media.IMediaMetadataRetriever, code=5 oneway=false
02-23 11:05:39.704 21486 29086 W BpBinder: Slow Binder: BpBinder transact took 371 ms, interface=android.media.IMediaMetadataRetriever, code=5 oneway=false
02-23 11:05:39.856 21486 29080 W BpBinder: Slow Binder: BpBinder transact took 310 ms, interface=android.media.IMediaMetadataRetriever, code=5 oneway=false
02-23 11:05:39.991 21486 29085 W BpBinder: Slow Binder: BpBinder transact took 331 ms, interface=android.media.IMediaMetadataRetriever, code=5 oneway=false
02-23 11:05:40.141 21486 29086 W BpBinder: Slow Binder: BpBinder transact took 357 ms, interface=android.media.IMediaMetadataRetriever, code=5 oneway=false
02-23 11:05:40.428 21486 29084 W BpBinder: Slow Binder: BpBinder transact took 249 ms, interface=android.media.IMediaMetadataRetriever, code=5 oneway=false
02-23 11:05:40.616 21486 29086 W BpBinder: Slow Binder: BpBinder transact took 316 ms, interface=android.media.IMediaMetadataRetriever, code=5 oneway=false
02-23 11:05:40.797 21486 29084 W BpBinder: Slow Binder: BpBinder transact took 222 ms, interface=android.media.IMediaMetadataRetriever, code=5 oneway=false
02-23 11:05:40.945 21486 29086 W BpBinder: Slow Binder: BpBinder transact took 202 ms, interface=android.media.IMediaMetadataRetriever, code=5 oneway=false
02-23 11:05:42.568 21486 29086 W BpBinder: Slow Binder: BpBinder transact took 235 ms, interface=android.media.IMediaMetadataRetriever, code=5 oneway=false
02-23 11:05:43.231 21486 22546 W BpBinder: Slow Binder: BpBinder transact took 337 ms, interface=android.hardware.camera2.ICameraDeviceUser, code=1 oneway=false
02-23 11:05:44.190 21486 28906 W BpBinder: Slow Binder: BpBinder transact took 239 ms, interface=android.media.IMediaMetadataRetriever, code=5 oneway=false
02-23 11:05:44.360 21486 29308 W BpBinder: Slow Binder: BpBinder transact took 245 ms, interface=android.media.IMediaMetadataRetriever, code=5 oneway=false
02-23 11:05:44.475 21486 28906 W BpBinder: Slow Binder: BpBinder transact took 282 ms, interface=android.media.IMediaMetadataRetriever, code=5 oneway=false
02-23 11:05:44.569 21486 29335 W BpBinder: Slow Binder: BpBinder transact took 293 ms, interface=android.media.IMediaMetadataRetriever, code=5 oneway=false
02-23 11:05:44.693 21486 29308 W BpBinder: Slow Binder: BpBinder transact took 303 ms, interface=android.media.IMediaMetadataRetriever, code=5 oneway=false
02-23 11:05:44.810 21486 28906 W BpBinder: Slow Binder: BpBinder transact took 332 ms, interface=android.media.IMediaMetadataRetriever, code=5 oneway=false
02-23 11:05:44.904 21486 27639 W BpBinder: Slow Binder: BpBinder transact took 386 ms, interface=android.app.IActivityManager, code=22 oneway=false
02-23 11:05:44.904 21486 29335 W BpBinder: Slow Binder: BpBinder transact took 333 ms, interface=android.media.IMediaMetadataRetriever, code=5 oneway=false
02-23 11:05:45.005 21486 29308 W BpBinder: Slow Binder: BpBinder transact took 272 ms, interface=android.media.IMediaMetadataRetriever, code=5 oneway=false
02-23 11:05:45.109 21486 28906 W BpBinder: Slow Binder: BpBinder transact took 295 ms, interface=android.media.IMediaMetadataRetriever, code=5 oneway=false
02-23 11:05:45.221 21486 29335 W BpBinder: Slow Binder: BpBinder transact took 311 ms, interface=android.media.IMediaMetadataRetriever, code=5 oneway=false
02-23 11:05:45.343 21486 29308 W BpBinder: Slow Binder: BpBinder transact took 297 ms, interface=android.media.IMediaMetadataRetriever, code=5 oneway=false
02-23 11:05:45.451 21486 28906 W BpBinder: Slow Binder: BpBinder transact took 339 ms, interface=android.media.IMediaMetadataRetriever, code=5 oneway=false
02-23 11:05:45.540 21486 29335 W BpBinder: Slow Binder: BpBinder transact took 315 ms, interface=android.media.IMediaMetadataRetriever, code=5 oneway=false
02-23 11:05:45.623 21486 29308 W BpBinder: Slow Binder: BpBinder transact took 232 ms, interface=android.media.IMediaMetadataRetriever, code=5 oneway=false
02-23 11:05:45.718 21486 28906 W BpBinder: Slow Binder: BpBinder transact took 258 ms, interface=android.media.IMediaMetadataRetriever, code=5 oneway=false
02-23 11:05:45.827 21486 29335 W BpBinder: Slow Binder: BpBinder transact took 282 ms, interface=android.media.IMediaMetadataRetriever, code=5 oneway=false
02-23 11:05:45.937 21486 29308 W BpBinder: Slow Binder: BpBinder transact took 280 ms, interface=android.media.IMediaMetadataRetriever, code=5 oneway=false
02-23 11:05:46.047 21486 28906 W BpBinder: Slow Binder: BpBinder transact took 324 ms, interface=android.media.IMediaMetadataRetriever, code=5 oneway=false
02-23 11:05:46.146 21486 29335 W BpBinder: Slow Binder: BpBinder transact took 315 ms, interface=android.media.IMediaMetadataRetriever, code=5 oneway=false
02-23 11:05:46.286 21486 29308 W BpBinder: Slow Binder: BpBinder transact took 299 ms, interface=android.media.IMediaMetadataRetriever, code=5 oneway=false
02-23 11:05:46.402 21486 28906 W BpBinder: Slow Binder: BpBinder transact took 352 ms, interface=android.media.IMediaMetadataRetriever, code=5 oneway=false
02-23 11:05:46.520 21486 29335 W BpBinder: Slow Binder: BpBinder transact took 369 ms, interface=android.media.IMediaMetadataRetriever, code=5 oneway=false
02-23 11:05:46.623 21486 29308 W BpBinder: Slow Binder: BpBinder transact took 226 ms, interface=android.media.IMediaMetadataRetriever, code=5 oneway=false
02-23 11:05:46.752 21486 28906 W BpBinder: Slow Binder: BpBinder transact took 346 ms, interface=android.media.IMediaMetadataRetriever, code=5 oneway=false
02-23 11:05:46.862 21486 29335 W BpBinder: Slow Binder: BpBinder transact took 337 ms, interface=android.media.IMediaMetadataRetriever, code=5 oneway=false
02-23 11:06:19.660 21486 21486 W InputEventReceiver: App Input: Dispatching InputEvent took 263ms in main thread! (MotionEvent: event_seq=1597, seq=6109248, action=ACTION_DOWN)
02-23 11:07:01.199 21486 21486 W InputEventReceiver: App Input: Dispatching InputEvent took 144ms in main thread! (MotionEvent: event_seq=1762, seq=6109588, action=ACTION_DOWN)
02-23 11:07:22.623 21486 22547 W BpBinder: Slow Binder: BpBinder transact took 433 ms, interface=android.hardware.camera2.ICameraDeviceUser, code=6 oneway=false
02-23 11:07:29.844 21486 22546 W BpBinder: Slow Binder: BpBinder transact took 226 ms, interface=android.hardware.camera2.ICameraDeviceUser, code=1 oneway=false
02-23 11:07:30.052 21486 21486 W Looper : PerfMonitor looperActivity : package=com.whatsapp/.mediacomposer.MediaComposerActivity time=0ms latency=425ms running=0ms procState=2 ClientTransaction{ callbacks=[android.app.servertransaction.TopResumedActivityChang eItem] } historyMsgCount=5 (msgIndex=5 wall=418ms seq=18542 running=133ms runnable=2ms io=242ms late=7ms h=android.app.ActivityThread$H w=159)
02-23 11:07:30.079 21486 21486 W Looper : PerfMonitor doFrame : time=25ms vsyncFrame=0 latency=418ms procState=2 historyMsgCount=2 (msgIndex=1 wall=418ms seq=18542 running=133ms runnable=2ms io=242ms late=7ms h=android.app.ActivityThread$H w=159)
02-23 11:07:37.013 21486 29086 W BpBinder: Slow Binder: BpBinder transact took 259 ms, interface=android.media.IMediaMetadataRetriever, code=5 oneway=false
02-23 11:07:49.440 21486 28997 W BpBinder: Slow Binder: BpBinder transact took 235 ms, interface=android.media.IMediaMetadataRetriever, code=5 oneway=false
02-23 11:07:49.616 21486 29086 W BpBinder: Slow Binder: BpBinder transact took 245 ms, interface=android.media.IMediaMetadataRetriever, code=5 oneway=false
02-23 11:07:49.735 21486 28997 W BpBinder: Slow Binder: BpBinder transact took 289 ms, interface=android.media.IMediaMetadataRetriever, code=5 oneway=false
02-23 11:07:49.885 21486 29086 W BpBinder: Slow Binder: BpBinder transact took 204 ms, interface=android.media.IMediaMetadataRetriever, code=5 oneway=false
02-23 11:07:50.005 21486 28997 W BpBinder: Slow Binder: BpBinder transact took 265 ms, interface=android.media.IMediaMetadataRetriever, code=5 oneway=false
02-23 11:07:50.228 21486 28997 W BpBinder: Slow Binder: BpBinder transact took 219 ms, interface=android.media.IMediaMetadataRetriever, code=5 oneway=false
02-23 11:07:50.456 21486 28997 W BpBinder: Slow Binder: BpBinder transact took 224 ms, interface=android.media.IMediaMetadataRetriever, code=5 oneway=false
02-23 11:07:50.686 21486 28997 W BpBinder: Slow Binder: BpBinder transact took 226 ms, interface=android.media.IMediaMetadataRetriever, code=5 oneway=false
02-23 11:07:59.662 21486 22546 W BpBinder: Slow Binder: BpBinder transact took 202 ms, interface=android.hardware.camera2.ICameraDeviceUser, code=1 oneway=false
02-23 11:08:27.799 21486 29086 W BpBinder: Slow Binder: BpBinder transact took 210 ms, interface=android.media.IMediaMetadataRetriever, code=5 oneway=false
02-23 11:08:28.861 21486 22546 W BpBinder: Slow Binder: BpBinder transact took 201 ms, interface=android.hardware.camera2.ICameraDeviceUser, code=1 oneway=false
02-23 11:08:55.044 21486 21486 W Looper : PerfMonitor doFrame : time=24ms vsyncFrame=0 latency=309ms procState=2 historyMsgCount=2 (msgIndex=1 wall=311ms seq=27169 running=63ms runnable=1ms io=12ms h=android.os.Handler c=X.0jz)
02-23 11:08:55.319 21486 27847 W BpBinder: Slow Binder: BpBinder transact took 223 ms, interface=android.media.IMediaMetadataRetriever, code=5 oneway=false
02-23 11:08:55.434 21486 29577 W BpBinder: Slow Binder: BpBinder transact took 259 ms, interface=android.media.IMediaMetadataRetriever, code=5 oneway=false
02-23 11:08:55.526 21486 32698 W BpBinder: Slow Binder: BpBinder transact took 267 ms, interface=android.media.IMediaMetadataRetriever, code=5 oneway=false
02-23 11:08:55.629 21486 27847 W BpBinder: Slow Binder: BpBinder transact took 299 ms, interface=android.media.IMediaMetadataRetriever, code=5 oneway=false
02-23 11:08:55.702 21486 29577 W BpBinder: Slow Binder: BpBinder transact took 266 ms, interface=android.media.IMediaMetadataRetriever, code=5 oneway=false
02-23 11:08:55.945 21486 29577 W BpBinder: Slow Binder: BpBinder transact took 238 ms, interface=android.media.IMediaMetadataRetriever, code=5 oneway=false
02-23 11:08:56.083 21486 27847 W BpBinder: Slow Binder: BpBinder transact took 278 ms, interface=android.media.IMediaMetadataRetriever, code=5 oneway=false
02-23 11:08:56.177 21486 32698 W BpBinder: Slow Binder: BpBinder transact took 366 ms, interface=android.media.IMediaMetadataRetriever, code=5 oneway=false
02-23 11:08:56.302 21486 29577 W BpBinder: Slow Binder: BpBinder transact took 350 ms, interface=android.media.IMediaMetadataRetriever, code=5 oneway=false
02-23 11:08:56.453 21486 27847 W BpBinder: Slow Binder: BpBinder transact took 365 ms, interface=android.media.IMediaMetadataRetriever, code=5 oneway=false
02-23 11:08:56.571 21486 32698 W BpBinder: Slow Binder: BpBinder transact took 352 ms, interface=android.media.IMediaMetadataRetriever, code=5 oneway=false
02-23 11:08:56.659 21486 29577 W BpBinder: Slow Binder: BpBinder transact took 352 ms, interface=android.media.IMediaMetadataRetriever, code=5 oneway=false
02-23 11:08:56.769 21486 27847 W BpBinder: Slow Binder: BpBinder transact took 312 ms, interface=android.media.IMediaMetadataRetriever, code=5 oneway=false
02-23 11:08:56.909 21486 32698 W BpBinder: Slow Binder: BpBinder transact took 302 ms, interface=android.media.IMediaMetadataRetriever, code=5 oneway=false
02-23 11:08:56.986 21486 29577 W BpBinder: Slow Binder: BpBinder transact took 323 ms, interface=android.media.IMediaMetadataRetriever, code=5 oneway=false
02-23 11:08:57.061 21486 27847 W BpBinder: Slow Binder: BpBinder transact took 288 ms, interface=android.media.IMediaMetadataRetriever, code=5 oneway=false
02-23 11:08:57.206 21486 29577 W BpBinder: Slow Binder: BpBinder transact took 218 ms, interface=android.media.IMediaMetadataRetriever, code=5 oneway=false
02-23 11:08:57.312 21486 27847 W BpBinder: Slow Binder: BpBinder transact took 248 ms, interface=android.media.IMediaMetadataRetriever, code=5 oneway=false
02-23 11:08:57.414 21486 32698 W BpBinder: Slow Binder: BpBinder transact took 248 ms, interface=android.media.IMediaMetadataRetriever, code=5 oneway=false
02-23 11:08:57.517 21486 29577 W BpBinder: Slow Binder: BpBinder transact took 308 ms, interface=android.media.IMediaMetadataRetriever, code=5 oneway=false
02-23 11:08:57.628 21486 27847 W BpBinder: Slow Binder: BpBinder transact took 312 ms, interface=android.media.IMediaMetadataRetriever, code=5 oneway=false
02-23 11:08:57.734 21486 32698 W BpBinder: Slow Binder: BpBinder transact took 277 ms, interface=android.media.IMediaMetadataRetriever, code=5 oneway=false
02-23 11:08:57.838 21486 29577 W BpBinder: Slow Binder: BpBinder transact took 316 ms, interface=android.media.IMediaMetadataRetriever, code=5 oneway=false
02-23 11:08:57.958 21486 27847 W BpBinder: Slow Binder: BpBinder transact took 326 ms, interface=android.media.IMediaMetadataRetriever, code=5 oneway=false
02-23 11:08:58.054 21486 29577 W BpBinder: Slow Binder: BpBinder transact took 213 ms, interface=android.media.IMediaMetadataRetriever, code=5 oneway=false
02-23 11:09:31.862 21486 21486 W InputEventReceiver: App Input: Dispatching InputEvent took 217ms in main thread! (MotionEvent: event_seq=3719, seq=6114541, action=ACTION_DOWN)
02-23 11:09:32.205 21486 29577 W BpBinder: Slow Binder: BpBinder transact took 274 ms, interface=android.media.IMediaMetadataRetriever, code=5 oneway=false
02-23 11:09:32.369 21486 29335 W BpBinder: Slow Binder: BpBinder transact took 321 ms, interface=android.media.IMediaMetadataRetriever, code=5 oneway=false
02-23 11:09:32.520 21486 29577 W BpBinder: Slow Binder: BpBinder transact took 310 ms, interface=android.media.IMediaMetadataRetriever, code=5 oneway=false
02-23 11:09:43.209 21486 21486 W BpBinder: Slow Binder: BpBinder transact took 217 ms, interface=android.view.IWindowSession, code=5 oneway=false
02-23 11:10:04.424 21486 21486 W Activity: Slow Operation: Activity com.whatsapp/.mediacomposer.MediaComposerActivity onStart took 141ms
02-23 11:10:11.593 21486 21486 W Looper : PerfMonitor doFrame : time=455ms vsyncFrame=0 latency=1ms procState=2
02-23 11:10:11.594 21486 21486 W InputEventReceiver: App Input: 428ms before dispatchInputEvent (MotionEvent: event_seq=3793, seq=6114672, action=ACTION_DOWN)
02-23 11:10:11.597 21486 21486 W InputEventReceiver: App Input: 371ms before dispatchInputEvent (MotionEvent: event_seq=3798, seq=6114681, action=ACTION_UP)
02-23 11:10:25.272 21486 22547 W BpBinder: Slow Binder: BpBinder transact took 497 ms, interface=android.hardware.camera2.ICameraDeviceUser, code=6 oneway=false
02-23 11:10:25.826 21486 29086 W BpBinder: Slow Binder: BpBinder transact took 276 ms, interface=android.media.IMediaMetadataRetriever, code=5 oneway=false
02-23 11:10:27.346 21486 29086 W BpBinder: Slow Binder: BpBinder transact took 315 ms, interface=android.media.IMediaMetadataRetriever, code=5 oneway=false
02-23 11:10:27.877 21486 22546 W BpBinder: Slow Binder: BpBinder transact took 210 ms, interface=android.hardware.camera2.ICameraDeviceUser, code=1 oneway=false
02-23 11:10:30.799 21486 21486 W Looper : PerfMonitor doFrame : time=28ms vsyncFrame=0 latency=444ms procState=2 historyMsgCount=1 (msgIndex=1 wall=455ms seq=37030 running=110ms runnable=1ms io=72ms h=android.os.Handler c=X.0jz)
02-23 11:10:31.065 21486 28997 W BpBinder: Slow Binder: BpBinder transact took 222 ms, interface=android.media.IMediaMetadataRetriever, code=5 oneway=false
02-23 11:10:31.215 21486 3436 W BpBinder: Slow Binder: BpBinder transact took 263 ms, interface=android.media.IMediaMetadataRetriever, code=5 oneway=false
02-23 11:10:31.349 21486 3419 W BpBinder: Slow Binder: BpBinder transact took 296 ms, interface=android.media.IMediaMetadataRetriever, code=5 oneway=false
02-23 11:10:31.451 21486 28997 W BpBinder: Slow Binder: BpBinder transact took 383 ms, interface=android.media.IMediaMetadataRetriever, code=5 oneway=false
02-23 11:10:31.559 21486 3436 W BpBinder: Slow Binder: BpBinder transact took 338 ms, interface=android.media.IMediaMetadataRetriever, code=5 oneway=false
02-23 11:10:31.648 21486 3419 W BpBinder: Slow Binder: BpBinder transact took 258 ms, interface=android.media.IMediaMetadataRetriever, code=5 oneway=false
02-23 11:10:31.743 21486 28997 W BpBinder: Slow Binder: BpBinder transact took 288 ms, interface=android.media.IMediaMetadataRetriever, code=5 oneway=false
02-23 11:10:31.894 21486 3436 W BpBinder: Slow Binder: BpBinder transact took 325 ms, interface=android.media.IMediaMetadataRetriever, code=5 oneway=false
02-23 11:10:32.029 21486 3419 W BpBinder: Slow Binder: BpBinder transact took 340 ms, interface=android.media.IMediaMetadataRetriever, code=5 oneway=false
02-23 11:10:32.124 21486 28997 W BpBinder: Slow Binder: BpBinder transact took 374 ms, interface=android.media.IMediaMetadataRetriever, code=5 oneway=false
02-23 11:10:32.244 21486 3436 W BpBinder: Slow Binder: BpBinder transact took 340 ms, interface=android.media.IMediaMetadataRetriever, code=5 oneway=false
02-23 11:10:32.364 21486 28997 W BpBinder: Slow Binder: BpBinder transact took 237 ms, interface=android.media.IMediaMetadataRetriever, code=5 oneway=false
02-23 11:10:32.587 21486 3436 W BpBinder: Slow Binder: BpBinder transact took 333 ms, interface=android.media.IMediaMetadataRetriever, code=5 oneway=false
02-23 11:10:32.732 21486 28997 W BpBinder: Slow Binder: BpBinder transact took 364 ms, interface=android.media.IMediaMetadataRetriever, code=5 oneway=false
02-23 11:10:32.954 21486 3436 W BpBinder: Slow Binder: BpBinder transact took 357 ms, interface=android.media.IMediaMetadataRetriever, code=5 oneway=false
02-23 11:10:33.071 21486 28997 W BpBinder: Slow Binder: BpBinder transact took 334 ms, interface=android.media.IMediaMetadataRetriever, code=5 oneway=false
02-23 11:10:33.250 21486 3436 W BpBinder: Slow Binder: BpBinder transact took 286 ms, interface=android.media.IMediaMetadataRetriever, code=5 oneway=false
02-23 11:10:33.397 21486 28997 W BpBinder: Slow Binder: BpBinder transact took 322 ms, interface=android.media.IMediaMetadataRetriever, code=5 oneway=false
02-23 11:10:33.578 21486 3436 W BpBinder: Slow Binder: BpBinder transact took 318 ms, interface=android.media.IMediaMetadataRetriever, code=5 oneway=false
02-23 11:10:33.691 21486 28997 W BpBinder: Slow Binder: BpBinder transact took 288 ms, interface=android.media.IMediaMetadataRetriever, code=5 oneway=false
02-23 11:10:33.830 21486 3436 W BpBinder: Slow Binder: BpBinder transact took 240 ms, interface=android.media.IMediaMetadataRetriever, code=5 oneway=false
02-23 11:10:33.917 21486 28997 W BpBinder: Slow Binder: BpBinder transact took 222 ms, interface=android.media.IMediaMetadataRetriever, code=5 oneway=false
02-23 11:10:34.056 21486 3436 W BpBinder: Slow Binder: BpBinder transact took 217 ms, interface=android.media.IMediaMetadataRetriever, code=5 oneway=false
02-23 11:10:58.058 21486 21486 W Looper : PerfMonitor doFrame : time=439ms vsyncFrame=0 latency=1ms procState=2
02-23 11:10:58.058 21486 21486 W InputEventReceiver: App Input: 312ms before dispatchInputEvent (MotionEvent: event_seq=4070, seq=6115628, action=ACTION_DOWN)
02-23 11:10:58.075 21486 21486 W Looper : PerfMonitor doFrame : time=16ms vsyncFrame=0 latency=391ms procState=2 historyMsgCount=13 (msgIndex=1 wall=439ms seq=40031 running=177ms runnable=1ms io=83ms reclaim=1ms late=1ms h=android.view.Choreographer$FrameHandler c=android.view.Choreographer$FrameDisplayEventReceiver)
02-23 11:10:58.913 21486 3428 W BpBinder: Slow Binder: BpBinder transact took 204 ms, interface=android.media.IMediaMetadataRetriever, code=5 oneway=false
02-23 11:11:07.649 21486 22547 W BpBinder: Slow Binder: BpBinder transact took 417 ms, interface=android.hardware.camera2.ICameraDeviceUser, code=6 oneway=false
02-23 11:11:09.769 21486 29086 W BpBinder: Slow Binder: BpBinder transact took 224 ms, interface=android.media.IMediaMetadataRetriever, code=5 oneway=false
02-23 11:11:10.084 21486 29086 W BpBinder: Slow Binder: BpBinder transact took 232 ms, interface=android.media.IMediaMetadataRetriever, code=5 oneway=false
02-23 11:11:39.207 21486 29086 W BpBinder: Slow Binder: BpBinder transact took 204 ms, interface=android.media.IMediaMetadataRetriever, code=5 oneway=false
02-23 11:11:40.873 21486 29086 W BpBinder: Slow Binder: BpBinder transact took 296 ms, interface=android.media.IMediaMetadataRetriever, code=5 oneway=false
02-23 11:11:41.925 21486 22546 W BpBinder: Slow Binder: BpBinder transact took 314 ms, interface=android.hardware.camera2.ICameraDeviceUser, code=1 oneway=false
02-23 11:11:42.978 21486 3426 W BpBinder: Slow Binder: BpBinder transact took 288 ms, interface=android.media.IMediaMetadataRetriever, code=5 oneway=false
02-23 11:11:43.063 21486 3580 W BpBinder: Slow Binder: BpBinder transact took 233 ms, interface=android.media.IMediaMetadataRetriever, code=5 oneway=false
02-23 11:11:43.179 21486 29086 W BpBinder: Slow Binder: BpBinder transact took 337 ms, interface=android.media.IMediaMetadataRetriever, code=5 oneway=false
02-23 11:11:43.273 21486 5240 W BpBinder: Slow Binder: BpBinder transact took 363 ms, interface=android.media.IMediaMetadataRetriever, code=5 oneway=false
02-23 11:11:43.394 21486 3426 W BpBinder: Slow Binder: BpBinder transact took 406 ms, interface=android.media.IMediaMetadataRetriever, code=5 oneway=false
02-23 11:11:43.482 21486 3580 W BpBinder: Slow Binder: BpBinder transact took 417 ms, interface=android.media.IMediaMetadataRetriever, code=5 oneway=false
02-23 11:11:43.602 21486 29086 W BpBinder: Slow Binder: BpBinder transact took 381 ms, interface=android.media.IMediaMetadataRetriever, code=5 oneway=false
02-23 11:11:43.728 21486 5240 W BpBinder: Slow Binder: BpBinder transact took 411 ms, interface=android.media.IMediaMetadataRetriever, code=5 oneway=false
02-23 11:11:43.862 21486 3426 W BpBinder: Slow Binder: BpBinder transact took 463 ms, interface=android.media.IMediaMetadataRetriever, code=5 oneway=false
02-23 11:11:43.967 21486 3580 W BpBinder: Slow Binder: BpBinder transact took 479 ms, interface=android.media.IMediaMetadataRetriever, code=5 oneway=false
02-23 11:11:44.074 21486 29086 W BpBinder: Slow Binder: BpBinder transact took 409 ms, interface=android.media.IMediaMetadataRetriever, code=5 oneway=false
02-23 11:11:44.155 21486 28997 W BpBinder: Slow Binder: BpBinder transact took 296 ms, interface=android.media.IMediaMetadataRetriever, code=5 oneway=false
02-23 11:11:44.232 21486 3426 W BpBinder: Slow Binder: BpBinder transact took 368 ms, interface=android.media.IMediaMetadataRetriever, code=5 oneway=false
02-23 11:11:44.335 21486 3580 W BpBinder: Slow Binder: BpBinder transact took 363 ms, interface=android.media.IMediaMetadataRetriever, code=5 oneway=false
02-23 11:11:44.419 21486 29086 W BpBinder: Slow Binder: BpBinder transact took 259 ms, interface=android.media.IMediaMetadataRetriever, code=5 oneway=false
02-23 11:11:44.506 21486 28997 W BpBinder: Slow Binder: BpBinder transact took 349 ms, interface=android.media.IMediaMetadataRetriever, code=5 oneway=false
