02-22 21:07:50.111 24143 30578 W BpBinder: Slow Binder: BpBinder transact took 276 ms, interface=android.media.IMediaMetadataRetriever, code=5 oneway=false
02-22 21:07:50.232 24143 30576 W BpBinder: Slow Binder: BpBinder transact took 256 ms, interface=android.media.IMediaMetadataRetriever, code=5 oneway=false
02-22 21:07:50.311 24143 30579 W BpBinder: Slow Binder: BpBinder transact took 229 ms, interface=android.media.IMediaMetadataRetriever, code=5 oneway=false
02-22 21:07:51.746 24143 30579 W BpBinder: Slow Binder: BpBinder transact took 214 ms, interface=android.media.IMediaMetadataRetriever, code=5 oneway=false
02-22 21:07:52.192 24143 30579 W BpBinder: Slow Binder: BpBinder transact took 298 ms, interface=android.media.IMediaMetadataRetriever, code=5 oneway=false
02-22 21:07:52.278 24143 24143 W Activity: Slow Operation: Activity com.whatsapp/.camera.CameraActivity onPause took 190ms
02-22 21:07:52.540 24143 30579 W BpBinder: Slow Binder: BpBinder transact took 201 ms, interface=android.media.IMediaMetadataRetriever, code=5 oneway=false
02-22 21:07:52.798 24143 24778 W BpBinder: Slow Binder: BpBinder transact took 516 ms, interface=android.hardware.camera2.ICameraDeviceUser, code=1 oneway=false --------- beginning of main
02-22 21:08:45.166 32566 32566 E com.whatsapp: Unknown bits set in runtime_flags: 0x800000
02-22 21:08:45.186 32566 32566 E com.whatsapp: Not starting debugger since process cannot load the jdwp agent.
02-22 21:08:45.638 32566 32566 W ResourceType: CREATING STRING CACHE OF 192 bytes
02-22 21:08:45.762 32566 32566 W System.err: java.lang.ClassNotFoundException: mbmodsd.mbmodsw.ui.views.btn.BtnBK
02-22 21:08:45.788 32566 32566 W System.err: at java.lang.Runtime.nativeLoad(Native Method)
02-22 21:08:45.788 32566 32566 W System.err: at java.lang.Runtime.nativeLoad(Runtime.java:1131)
02-22 21:08:45.788 32566 32566 W System.err: at java.lang.Runtime.loadLibrary0(Runtime.java:1085)
02-22 21:08:45.788 32566 32566 W System.err: at java.lang.Runtime.loadLibrary0(Runtime.java:1008)
02-22 21:08:45.788 32566 32566 W System.err: at java.lang.System.loadLibrary(System.java:1664)
02-22 21:08:45.788 32566 32566 W System.err: at arm.EpicVm.<clinit>(Unknown Source:2)
02-22 21:08:45.788 32566 32566 W System.err: at java.lang.Class.newInstance(Native Method)
02-22 21:08:45.788 32566 32566 W System.err: at android.app.AppComponentFactory.instantiateApplication(AppComponentFactory.java:76)
02-22 21:08:45.788 32566 32566 W System.err: at androidx.core.app.CoreComponentFactory.instantiateApplication(Unknown Source:0)
02-22 21:08:45.788 32566 32566 W System.err: at android.app.Instrumentation.newApplication(Instrumentation.java:1158)
02-22 21:08:45.788 32566 32566 W System.err: at android.app.LoadedApk.makeApplication(LoadedApk.java:1240)
02-22 21:08:45.788 32566 32566 W System.err: at android.app.ActivityThread.handleBindApplication(ActivityThread.java:6928)
02-22 21:08:45.788 32566 32566 W System.err: at android.app.ActivityThread.access$1500(ActivityThread.java:255)
02-22 21:08:45.789 32566 32566 W System.err: at android.app.ActivityThread$H.handleMessage(ActivityThread.java:1978)
02-22 21:08:45.789 32566 32566 W System.err: at android.os.Handler.dispatchMessage(Handler.java:106)
02-22 21:08:45.789 32566 32566 W System.err: at android.os.Looper.loop(Looper.java:236)
02-22 21:08:45.789 32566 32566 W System.err: at android.app.ActivityThread.main(ActivityThread.java:8019)
02-22 21:08:45.789 32566 32566 W System.err: at java.lang.reflect.Method.invoke(Native Method)
02-22 21:08:45.789 32566 32566 W System.err: at com.android.internal.os.RuntimeInit$MethodAndArgsCaller.run(RuntimeInit.java:600)
02-22 21:08:45.789 32566 32566 W System.err: at com.android.internal.os.ZygoteInit.main(ZygoteInit.java:967)
02-22 21:08:45.863 32566 32566 E CustomActivityOnCrash: IMPORTANT WARNING! You already have an UncaughtExceptionHandler, are you sure this is correct? If you use a custom UncaughtExceptionHandler, you must initialize it AFTER CustomActivityOnCrash! Installing anyway, but your original handler will not be called.
02-22 21:08:46.207 32566 32604 E libc : Access denied finding property "ro.vendor.df.effect.conflict"
02-22 21:08:46.207 32566 32604 E libc : Access denied finding property "ro.vendor.knock.type"
02-22 21:08:46.198 32566 32566 W firebase-iid-ex: type=1400 audit(0.0:468035): avc: denied { read } for name="u:object_r:vendor_displayfeature_prop:s0" dev="tmpfs" ino=1232 scontext=u:r:untrusted_app:s0:c213,c257,c512,c768 tcontext=u:object_r:vendor_displayfeature_prop:s0 tclass=file permissive=0 app=com.whatsapp
02-22 21:08:46.459 32566 32604 W LibraryVersion: Failed to get app version for libraryName: firebase-iid
02-22 21:08:49.272 32566 32566 W com.whatsapp: Accessing hidden method Lcom/android/org/conscrypt/OpenSSLSocketImpl;->setUseSessionTickets(Z)V (greylist- max-q,test-api, reflection, denied)
02-22 21:08:49.272 32566 32566 W com.whatsapp: Accessing hidden method Lcom/android/org/conscrypt/AbstractConscryptSocket;->setUseSessionTickets(Z)V (greylist-max-q, reflection, denied)
02-22 21:08:49.668 32566 32566 W com.whatsapp: type=1400 audit(0.0:468048): avc: granted { execute } for path="/data/data/com.whatsapp/files/decompressed/libs.spk.zst/libc++_shared.so" dev="dm-10" ino=372071 scontext=u:r:untrusted_app:s0:c213,c257,c512,c768 tcontext=u:object_r:app_data_file:s0:c213,c257,c512,c768 tclass=file app=com.whatsapp
02-22 21:08:49.680 32566 32566 W linker : Warning: "/data/data/com.whatsapp/files/decompressed/libs.spk.zst/libc++_shared.so" unused DT entry: unknown processor-specific (type 0x70000001 arg 0x0) (ignoring)
02-22 21:08:49.678 32566 32566 W com.whatsapp: type=1400 audit(0.0:468049): avc: granted { execute } for path="/data/data/com.whatsapp/files/decompressed/libs.spk.zst/libvlc.so" dev="dm- 10" ino=335014 scontext=u:r:untrusted_app:s0:c213,c257,c512,c768 tcontext=u:object_r:app_data_file:s0:c213,c257,c512,c768 tclass=file app=com.whatsapp
02-22 21:08:49.698 32566 32566 W com.whatsapp: type=1400 audit(0.0:468050): avc: granted { execute } for path="/data/data/com.whatsapp/files/decompressed/libs.spk.zst/libwhatsapp.so" dev="dm-10" ino=335273 scontext=u:r:untrusted_app:s0:c213,c257,c512,c768 tcontext=u:object_r:app_data_file:s0:c213,c257,c512,c768 tclass=file app=com.whatsapp
02-22 21:08:49.848 32566 32566 W com.whatsapp: type=1400 audit(0.0:468052): avc: granted { execute } for path="/data/data/com.whatsapp/files/decompressed/libs.spk.zst/libcurve25519.so" dev="dm-10" ino=372156 scontext=u:r:untrusted_app:s0:c213,c257,c512,c768 tcontext=u:object_r:app_data_file:s0:c213,c257,c512,c768 tclass=file app=com.whatsapp
02-22 21:08:49.878 32566 32566 W com.whatsapp: type=1400 audit(0.0:468053): avc: granted { execute } for path="/data/data/com.whatsapp/files/decompressed/libs.spk.zst/libwhatsapp.so" dev="dm-10" ino=335273 scontext=u:r:untrusted_app:s0:c213,c257,c512,c768 tcontext=u:object_r:app_data_file:s0:c213,c257,c512,c768 tclass=file app=com.whatsapp
02-22 21:08:50.197 32566 393 W com.whatsapp: Class X.2rL failed lock verification and will run slower.
02-22 21:08:50.197 32566 393 W com.whatsapp: Common causes for lock verification issues are non-optimized dex code
02-22 21:08:50.197 32566 393 W com.whatsapp: and incorrect proguard optimizations.
02-22 21:08:50.302 32566 32566 W Looper : PerfMonitor longMsg : seq=2 plan=21:08:45.243 late=21ms wall=4893ms running=910ms runnable=303ms io=2791ms reclaim=108ms h=android.app.ActivityThread$H w=110 procState=2
02-22 21:08:50.366 32566 32566 W com.whatsapp: Class X.0eU failed lock verification and will run slower.
02-22 21:08:50.751 32566 32566 W TabLayout: MODE_SCROLLABLE + GRAVITY_FILL is not supported, GRAVITY_START will be used instead
02-22 21:08:50.813 32566 538 W CameraManagerGlobal: [soar.cts] ignore the status update of camera: 100
02-22 21:08:50.813 32566 538 W CameraManagerGlobal: [soar.cts] ignore the status update of camera: 101
02-22 21:08:50.814 32566 538 W CameraManagerGlobal: [soar.cts] ignore the status update of camera: 21
02-22 21:08:50.814 32566 538 W CameraManagerGlobal: [soar.cts] ignore the status update of camera: 22
02-22 21:08:50.814 32566 538 W CameraManagerGlobal: [soar.cts] ignore the status update of camera: 25
02-22 21:08:50.814 32566 538 W CameraManagerGlobal: [soar.cts] ignore the status update of camera: 61
02-22 21:08:50.820 32566 32593 W CameraManagerGlobal: ignore the torch status update of camera: 100
02-22 21:08:50.820 32566 32593 W CameraManagerGlobal: ignore the torch status update of camera: 21
02-22 21:08:50.820 32566 32593 W CameraManagerGlobal: ignore the torch status update of camera: 22
02-22 21:08:50.820 32566 545 W CameraManagerGlobal: ignore the torch status update of camera: 61
02-22 21:08:50.915 32566 32566 W BottomSheetBehavior: BottomSheetBehavior now supports multiple callbacks. `setBottomSheetCallback()` removes all existing callbacks, including ones set internally by library authors, which may result in unintended behavior. This may change in the future. Please use `addBottomSheetCallback()` and `removeBottomSheetCallback()` instead to set your own callbacks.
02-22 21:08:50.948 32566 32566 W Activity: Slow Operation: Activity com.whatsapp/.camera.CameraActivity onCreate took 536ms
02-22 21:08:50.953 32566 542 E libc : Access denied finding property "persist.vendor.camera.privapp.list"
02-22 21:08:50.961 32566 545 E CameraManagerGlobal: Camera 61 is not available. Ignore physical camera status change
02-22 21:08:50.938 32566 32566 W Optic-Camera-Ha: type=1400 audit(0.0:468056): avc: denied { read } for name="u:object_r:vendor_persist_camera_prop:s0" dev="tmpfs" ino=1267 scontext=u:r:untrusted_app:s0:c213,c257,c512,c768 tcontext=u:object_r:vendor_persist_camera_prop:s0 tclass=file permissive=0 app=com.whatsapp
02-22 21:08:51.243 32566 32566 W Activity: Slow Operation: Activity com.whatsapp/.camera.CameraActivity onStart took 281ms
02-22 21:08:51.320 32566 32566 W Looper : PerfMonitor longMsg : seq=3 plan=21:08:45.285 late=5017ms wall=1018ms running=491ms runnable=60ms io=204ms h=android.app.ActivityThread$H w=159 procState=2
02-22 21:08:51.323 32566 32566 W Looper : PerfMonitor looperActivity : package=com.whatsapp/.camera.CameraActivity time=1018ms latency=5017ms running=491ms procState=2 ClientTransaction{ callbacks=[android.app.servertransaction.LaunchActivityItem] lifecycleRequest=android.app.servertransaction.ResumeActivityItem } historyMsgCount=1 (msgIndex=1 wall=4893ms seq=2 running=910ms runnable=303ms io=2791ms reclaim=108ms late=21ms h=android.app.ActivityThread$H w=110)
02-22 21:08:51.507 32566 32566 W com.whatsapp: Long monitor contention with owner WhatsApp Worker #2 (404) at android.view.Display android.app.ResourcesManager.getAdjustedDisplay(int, android.view.DisplayAdjustments)(ResourcesManager.java:323) waiters=0 in android.view.Display android.app.ResourcesManager.getAdjustedDisplay(int, android.content.res.Resources) for 182ms
02-22 21:08:51.507 32566 32566 W Looper : PerfMonitor looperActivity : package=com.whatsapp/.camera.CameraActivity time=0ms latency=6221ms running=0ms procState=2 ClientTransaction{ callbacks=[android.app.servertransaction.TopResumedActivityChang eItem] } historyMsgCount=2 (msgIndex=1 wall=4893ms seq=2 running=910ms runnable=303ms io=2791ms reclaim=108ms late=21ms h=android.app.ActivityThread$H w=110) (msgIndex=2 wall=1018ms seq=3 running=491ms runnable=60ms io=204ms late=5017ms h=android.app.ActivityThread$H w=159)
02-22 21:08:51.795 32566 32566 W View : requestLayout() improperly called by androidx.appcompat.view.menu.ActionMenuItemView{21987b5 VFED..CL. ......ID 0,9- 116,124 #7f0b0fe8 app:id/more} during layout: running second layout pass
02-22 21:08:51.795 32566 32566 W View : requestLayout() improperly called by androidx.appcompat.widget.ActionMenuView{7361e4a V.E...... ......ID 964,0-1080,134} during layout: running second layout pass
02-22 21:08:51.795 32566 32566 W View : requestLayout() improperly called by com.whatsapp.WaImageView{681a1bb VF.D..CL. ......ID 0,0-154,154 #7f0b1814 app:id/shutter} during layout: running second layout pass
02-22 21:08:51.795 32566 32566 W View : requestLayout() improperly called by com.whatsapp.CircularProgressBar{61b06d8 V.ED..... ......ID 0,0-154,154 #7f0b14fc app:id/recording_progress} during layout: running second layout pass
02-22 21:08:51.795 32566 32566 W View : requestLayout() improperly called by com.whatsapp.WaImageView{8a7ea31 VF.D..C.. ......ID 0,0-115,115 #7f0b1976 app:id/switch_camera_btn} during layout: running second layout pass
02-22 21:08:51.795 32566 32566 W View : requestLayout() improperly called by com.whatsapp.WaImageView{bbfd516 VFED..C.. ......ID 0,0-115,115 #7f0b0b0d app:id/gallery_btn} during layout: running second layout pass
02-22 21:08:51.795 32566 32566 W View : requestLayout() improperly called by com.whatsapp.WaImageView{89e9e97 VF.D..C.. ......ID 0,0-115,115 #7f0b0a9c app:id/flash_btn} during layout: running second layout pass
02-22 21:08:51.795 32566 32566 W View : requestLayout() improperly called by com.whatsapp.WaImageView{fa5b884 VFED..C.. ......ID 0,0-115,115 #7f0b057f app:id/close_camera_btn} during layout: running second layout pass
02-22 21:08:51.796 32566 32566 W View : requestLayout() improperly called by X.4Ki{1dff86d V.ED..... ......ID 0,5-1080,120} during layout: running second layout pass
02-22 21:08:51.968 32566 32566 W Looper : PerfMonitor doFrame : time=416ms vsyncFrame=0 latency=241ms procState=2 historyMsgCount=40 (msgIndex=1 wall=1018ms seq=3 running=491ms runnable=60ms io=204ms late=5017ms h=android.app.ActivityThread$H w=159)
02-22 21:08:52.020 32566 32566 W View : requestLayout() improperly called by com.whatsapp.WaImageView{681a1bb VF.D..CL. ......ID 463,1726-617,1880 #7f0b1814 app:id/shutter} during layout: running second layout pass
02-22 21:08:52.020 32566 32566 W View : requestLayout() improperly called by com.whatsapp.CircularProgressBar{61b06d8 V.ED..... ......ID 463,1726-617,1880 #7f0b14fc app:id/recording_progress} during layout: running second layout pass
02-22 21:08:52.020 32566 32566 W View : requestLayout() improperly called by com.whatsapp.WaImageView{8a7ea31 VF.D..C.. ......ID 945,1745-1060,1860 #7f0b1976 app:id/switch_camera_btn} during layout: running second layout pass
02-22 21:08:52.020 32566 32566 W View : requestLayout() improperly called by com.whatsapp.WaImageView{bbfd516 VFED..C.. ......ID 20,1745-135,1860 #7f0b0b0d app:id/gallery_btn} during layout: running second layout pass
02-22 21:08:52.020 32566 32566 W View : requestLayout() improperly called by com.whatsapp.WaImageView{89e9e97 VF.D..C.. ......I. 945,20-1060,135 #7f0b0a9c app:id/flash_btn} during layout: running second layout pass
02-22 21:08:52.020 32566 32566 W View : requestLayout() improperly called by com.whatsapp.WaImageView{fa5b884 VFED..C.. ......I. 20,20-135,135 #7f0b057f app:id/close_camera_btn} during layout: running second layout pass
02-22 21:08:52.037 32566 32566 W Looper : PerfMonitor doFrame : time=62ms vsyncFrame=0 latency=412ms procState=2 historyMsgCount=7 (msgIndex=1 wall=416ms seq=43 running=116ms runnable=37ms io=64ms late=241ms h=android.view.Choreographer$FrameHandler c=android.view.Choreographer$FrameDisplayEventReceiver)
02-22 21:08:52.028 32566 32566 W pool-4-thread-1: type=1400 audit(0.0:468059): avc: granted { execute } for path="/data/data/com.whatsapp/files/decompressed/libs.spk.zst/libgifimage.so" dev="dm-10" ino=371810 scontext=u:r:untrusted_app:s0:c213,c257,c512,c768 tcontext=u:object_r:app_data_file:s0:c213,c257,c512,c768 tclass=file app=com.whatsapp
02-22 21:08:52.579 32566 546 W BpBinder: Slow Binder: BpBinder transact took 320 ms, interface=android.media.IMediaMetadataRetriever, code=3 oneway=false
02-22 21:08:52.580 32566 572 W BpBinder: Slow Binder: BpBinder transact took 459 ms, interface=android.media.IMediaMetadataRetriever, code=3 oneway=false
02-22 21:08:53.267 32566 542 W BpBinder: Slow Binder: BpBinder transact took 1231 ms, interface=android.hardware.camera2.ICameraDeviceUser, code=6 oneway=false
02-22 21:08:53.384 32566 919 E linker : library "" ("/apex/com.android.vndk.v30/lib64") needed or dlopened by "/apex/com.android.vndk.v30/lib64/libRS_internal.so" is not accessible for the namespace: [name="rs", ld_library_paths="", default_library_paths="/apex/com.android.vndk.v30/lib64:/vendor/lib64", permitted_paths="/odm/lib64:/vendor/lib64:/system/vendor/lib64:/data"]
02-22 21:08:53.385 32566 919 E RenderScript: Failed loading RS driver: dlopen failed: library "" needed or dlopened by "/apex/com.android.vndk.v30/lib64/libRS_internal.so" is not accessible for the namespace "rs"
02-22 21:08:53.385 32566 919 E RenderScript: Failed to load runtime , loading default
02-22 21:08:53.445 32566 844 E CameraManagerGlobal: Camera 61 is not available. Ignore physical camera status change
02-22 21:08:53.453 32566 572 W BpBinder: Slow Binder: BpBinder transact took 873 ms, interface=android.media.IMediaMetadataRetriever, code=5 oneway=false
02-22 21:08:53.654 32566 546 W BpBinder: Slow Binder: BpBinder transact took 1073 ms, interface=android.media.IMediaMetadataRetriever, code=5 oneway=false
02-22 21:08:53.729 32566 1164 W LOTTIE : Unknown shape type rd
02-22 21:08:53.772 32566 32566 E ArmVmp : Match on catch block at 0xb0 in for 0xe1
02-22 21:08:53.776 32566 32566 E ArmVmp : Match on catch block at 0xb0 in for 0xe5
02-22 21:08:53.817 32566 32566 W Activity: Slow Operation: Activity com.whatsapp/.Conversation onCreate took 785ms
02-22 21:08:53.871 32566 577 W BpBinder: Slow Binder: BpBinder transact took 1197 ms, interface=android.media.IMediaMetadataRetriever, code=5 oneway=false
02-22 21:08:53.883 32566 32566 E ArmVmp : Match on catch block at 0x0a in for 0xc5
02-22 21:08:53.887 32566 32566 E ArmVmp : Match on catch block at 0x0a in for 0xc9
02-22 21:08:53.951 32566 393 W com.whatsapp: Long monitor contention with owner WhatsApp Worker #7 (861) at java.io.File[] android.app.ContextImpl.getExternalCacheDirs()(ContextImpl.java:835) waiters=3 in java.io.File android.app.ContextImpl.getDatabasesDir() for 126ms
02-22 21:08:54.026 32566 32566 W Looper : PerfMonitor longMsg : seq=161 plan=21:08:53.005 late=18ms wall=1002ms running=442ms runnable=2ms io=210ms h=android.app.ActivityThread$H w=159 procState=2
02-22 21:08:54.026 32566 32566 W Looper : PerfMonitor looperActivity : package=com.whatsapp/.Conversation time=0ms latency=1020ms running=0ms procState=2 ClientTransaction{ callbacks=[android.app.servertransaction.TopResumedActivityChang eItem] } historyMsgCount=4 (msgIndex=4 wall=1002ms seq=161 running=442ms runnable=2ms io=210ms late=18ms h=android.app.ActivityThread$H w=159)
02-22 21:08:54.067 32566 572 W BpBinder: Slow Binder: BpBinder transact took 262 ms, interface=android.media.IMediaMetadataRetriever, code=3 oneway=false
02-22 21:08:54.167 32566 546 W BpBinder: Slow Binder: BpBinder transact took 251 ms, interface=android.media.IMediaMetadataRetriever, code=5 oneway=false
02-22 21:08:54.424 32566 572 W BpBinder: Slow Binder: BpBinder transact took 357 ms, interface=android.media.IMediaMetadataRetriever, code=5 oneway=false
02-22 21:08:54.462 32566 32566 E ArmVmp : Match on catch block at 0xc3 in for 0xb5
02-22 21:08:54.472 32566 32566 E ArmVmp : Match on catch block at 0xc3 in for 0xb5
02-22 21:08:54.575 32566 32566 W Looper : PerfMonitor doFrame : time=407ms vsyncFrame=0 latency=140ms procState=2 historyMsgCount=63
02-22 21:08:54.588 32566 546 W BpBinder: Slow Binder: BpBinder transact took 316 ms, interface=android.media.IMediaMetadataRetriever, code=3 oneway=false
02-22 21:08:54.688 32566 577 W BpBinder: Slow Binder: BpBinder transact took 612 ms, interface=android.media.IMediaMetadataRetriever, code=5 oneway=false
02-22 21:08:54.760 32566 32566 E ArmVmp : Match on catch block at 0xc3 in for 0xa9
02-22 21:08:54.762 32566 32566 E ArmVmp : Match on catch block at 0xc3 in for 0xa5
02-22 21:08:54.773 32566 32566 W Looper : PerfMonitor doFrame : time=22ms vsyncFrame=0 latency=573ms procState=2 historyMsgCount=21 (msgIndex=1 wall=407ms seq=227 running=158ms io=27ms late=140ms h=android.view.Choreographer$FrameHandler c=android.view.Choreographer$FrameDisplayEventReceiver) (msgIndex=10 wall=147ms seq=236 running=3ms late=523ms h=android.os.Handler c=X.3fx)
02-22 21:08:54.853 32566 546 W BpBinder: Slow Binder: BpBinder transact took 265 ms, interface=android.media.IMediaMetadataRetriever, code=5 oneway=false
02-22 21:08:54.895 32566 32566 E ArmVmp : Match on catch block at 0xc3 in for 0xa1
02-22 21:08:54.897 32566 32566 E ArmVmp : Match on catch block at 0xc3 in for 0xa5
02-22 21:08:54.914 32566 32566 E ArmVmp : Match on catch block at 0xc3 in for 0xa5
02-22 21:08:54.916 32566 32566 E ArmVmp : Match on catch block at 0xc3 in for 0xa9
02-22 21:08:54.979 32566 32566 E ArmVmp : Match on catch block at 0xc3 in for 0xa9
02-22 21:08:54.983 32566 32566 E ArmVmp : Match on catch block at 0xc3 in for 0xa1
02-22 21:08:54.996 32566 32566 E ArmVmp : Match on catch block at 0xc3 in for 0xa1
02-22 21:08:54.999 32566 32566 E ArmVmp : Match on catch block at 0xc3 in for 0xa5
02-22 21:08:55.013 32566 32566 E ArmVmp : Match on catch block at 0xc3 in for 0xa5
02-22 21:08:55.021 32566 32566 E ArmVmp : Match on catch block at 0xc3 in for 0xa9
02-22 21:08:55.029 32566 32566 E ArmVmp : Match on catch block at 0xc3 in for 0xa9
02-22 21:08:55.033 32566 32566 E ArmVmp : Match on catch block at 0xc3 in for 0xa1
02-22 21:08:55.046 32566 32566 E ArmVmp : Match on catch block at 0xc3 in for 0xa1
02-22 21:08:55.049 32566 32566 E ArmVmp : Match on catch block at 0xc3 in for 0xa5
02-22 21:08:55.060 32566 1336 W BpBinder: Slow Binder: BpBinder transact took 217 ms, interface=android.app.job.IJobCallback, code=4 oneway=false
02-22 21:08:55.063 32566 32566 E ArmVmp : Match on catch block at 0xc3 in for 0xa5
02-22 21:08:55.065 32566 32566 E ArmVmp : Match on catch block at 0xc3 in for 0xa9
02-22 21:08:55.080 32566 32566 E ArmVmp : Match on catch block at 0xc3 in for 0xa9
02-22 21:08:55.082 32566 32566 E ArmVmp : Match on catch block at 0xc3 in for 0xa1
02-22 21:08:55.096 32566 32566 E ArmVmp : Match on catch block at 0xc3 in for 0xa1
02-22 21:08:55.100 32566 32566 E ArmVmp : Match on catch block at 0xc3 in for 0xa5
02-22 21:08:55.113 32566 32566 E ArmVmp : Match on catch block at 0xc3 in for 0xa5
02-22 21:08:55.116 32566 32566 E ArmVmp : Match on catch block at 0xc3 in for 0xa9
02-22 21:08:55.129 32566 32566 E ArmVmp : Match on catch block at 0xc3 in for 0xa9
02-22 21:08:55.133 32566 32566 E ArmVmp : Match on catch block at 0xc3 in for 0xa1
02-22 21:08:55.134 32566 1237 W BpBinder: Slow Binder: BpBinder transact took 938 ms, interface=android.app.IActivityManager, code=22 oneway=false
02-22 21:08:55.146 32566 32566 E ArmVmp : Match on catch block at 0xc3 in for 0xa1
02-22 21:08:55.148 32566 32566 E ArmVmp : Match on catch block at 0xc3 in for 0xa5
02-22 21:08:55.163 32566 32566 E ArmVmp : Match on catch block at 0xc3 in for 0xa5
02-22 21:08:55.165 32566 32566 E ArmVmp : Match on catch block at 0xc3 in for 0xa9
02-22 21:08:55.180 32566 32566 E ArmVmp : Match on catch block at 0xc3 in for 0xa9
02-22 21:08:55.181 32566 32566 E ArmVmp : Match on catch block at 0xc3 in for 0xa1
02-22 21:08:55.196 32566 32566 E ArmVmp : Match on catch block at 0xc3 in for 0xa1
02-22 21:08:55.199 32566 32566 E ArmVmp : Match on catch block at 0xc3 in for 0xa5
02-22 21:08:55.213 32566 32566 E ArmVmp : Match on catch block at 0xc3 in for 0xa5
02-22 21:08:55.215 32566 32566 E ArmVmp : Match on catch block at 0xc3 in for 0xa9
02-22 21:08:55.229 32566 32566 E ArmVmp : Match on catch block at 0xc3 in for 0xa9
02-22 21:08:55.234 32566 32566 E ArmVmp : Match on catch block at 0xc3 in for 0xa1
02-22 21:08:55.246 32566 32566 E ArmVmp : Match on catch block at 0xc3 in for 0xa1
02-22 21:08:55.249 32566 32566 E ArmVmp : Match on catch block at 0xc3 in for 0xa5
02-22 21:08:55.263 32566 32566 E ArmVmp : Match on catch block at 0xc3 in for 0xa5
02-22 21:08:55.267 32566 32566 E ArmVmp : Match on catch block at 0xc3 in for 0xa9
02-22 21:08:55.280 32566 32566 E ArmVmp : Match on catch block at 0xc3 in for 0xa9
02-22 21:08:55.282 32566 32566 E ArmVmp : Match on catch block at 0xc3 in for 0xa1
02-22 21:08:55.380 32566 32566 E ArmVmp : Match on catch block at 0xc3 in for 0xa1
02-22 21:08:55.381 32566 32566 E ArmVmp : Match on catch block at 0xc3 in for 0xa5
02-22 21:08:55.480 32566 1237 W BpBinder: Slow Binder: BpBinder transact took 346 ms, interface=android.content.IContentProvider, code=1 oneway=false
02-22 21:08:55.880 32566 32566 E ArmVmp : Match on catch block at 0xc3 in for 0xa5
02-22 21:08:55.882 32566 32566 E ArmVmp : Match on catch block at 0xc3 in for 0xa9
02-22 21:08:56.147 32566 32566 E ArmVmp : Match on catch block at 0xc3 in for 0xa5
02-22 21:08:56.149 32566 32566 E ArmVmp : Match on catch block at 0xc3 in for 0xa9
02-22 21:08:56.308 32566 32566 W TabLayout: MODE_SCROLLABLE + GRAVITY_FILL is not supported, GRAVITY_START will be used instead
02-22 21:08:56.362 32566 32566 W BottomSheetBehavior: BottomSheetBehavior now supports multiple callbacks. `setBottomSheetCallback()` removes all existing callbacks, including ones set internally by library authors, which may result in unintended behavior. This may change in the future. Please use `addBottomSheetCallback()` and `removeBottomSheetCallback()` instead to set your own callbacks.
02-22 21:08:56.358 32566 32566 W Optic-Camera-Ha: type=1400 audit(0.0:468064): avc: denied { read } for name="u:object_r:vendor_persist_camera_prop:s0" dev="tmpfs" ino=1267 scontext=u:r:untrusted_app:s0:c213,c257,c512,c768 tcontext=u:object_r:vendor_persist_camera_prop:s0 tclass=file permissive=0 app=com.whatsapp
02-22 21:08:56.373 32566 542 E libc : Access denied finding property "persist.vendor.camera.privapp.list"
02-22 21:08:56.384 32566 32594 E CameraManagerGlobal: Camera 61 is not available. Ignore physical camera status change
02-22 21:08:56.436 32566 32566 E ArmVmp : Match on catch block at 0xc3 in for 0xa5
02-22 21:08:56.438 32566 32566 E ArmVmp : Match on catch block at 0xc3 in for 0xa9
02-22 21:08:56.533 32566 32566 W View : requestLayout() improperly called by androidx.appcompat.view.menu.ActionMenuItemView{45b4cf9 VFED..CL. ......ID 0,9- 116,124 #7f0b0fe8 app:id/more} during layout: running second layout pass
02-22 21:08:56.533 32566 32566 W View : requestLayout() improperly called by androidx.appcompat.widget.ActionMenuView{de9d43e V.E...... ......ID 964,0-1080,134} during layout: running second layout pass
02-22 21:08:56.533 32566 32566 W View : requestLayout() improperly called by com.whatsapp.WaImageView{12e729f VF.D..CL. ......ID 0,0-154,154 #7f0b1814 app:id/shutter} during layout: running second layout pass
02-22 21:08:56.533 32566 32566 W View : requestLayout() improperly called by com.whatsapp.CircularProgressBar{dad6fec V.ED..... ......ID 0,0-154,154 #7f0b14fc app:id/recording_progress} during layout: running second layout pass
02-22 21:08:56.533 32566 32566 W View : requestLayout() improperly called by com.whatsapp.WaImageView{77abfb5 VF.D..C.. ......ID 0,0-115,115 #7f0b1976 app:id/switch_camera_btn} during layout: running second layout pass
02-22 21:08:56.533 32566 32566 W View : requestLayout() improperly called by com.whatsapp.WaImageView{aaf64a VFED..C.. ......ID 0,0-115,115 #7f0b0b0d app:id/gallery_btn} during layout: running second layout pass
02-22 21:08:56.533 32566 32566 W View : requestLayout() improperly called by com.whatsapp.WaImageView{71199bb VF.D..C.. ......ID 0,0-115,115 #7f0b0a9c app:id/flash_btn} during layout: running second layout pass
02-22 21:08:56.533 32566 32566 W View : requestLayout() improperly called by com.whatsapp.WaImageView{f79ed8 VFED..C.. ......ID 0,0-115,115 #7f0b057f app:id/close_camera_btn} during layout: running second layout pass
02-22 21:08:56.533 32566 32566 W View : requestLayout() improperly called by X.4Ki{ee4a231 V.ED..... ......ID 0,5-1080,120} during layout: running second layout pass
02-22 21:08:56.590 32566 32566 W View : requestLayout() improperly called by com.whatsapp.WaImageView{12e729f VF.D..CL. ......ID 463,1726-617,1880 #7f0b1814 app:id/shutter} during layout: running second layout pass
02-22 21:08:56.590 32566 32566 W View : requestLayout() improperly called by com.whatsapp.CircularProgressBar{dad6fec V.ED..... ......ID 463,1726-617,1880 #7f0b14fc app:id/recording_progress} during layout: running second layout pass
02-22 21:08:56.590 32566 32566 W View : requestLayout() improperly called by com.whatsapp.WaImageView{77abfb5 VF.D..C.. ......ID 945,1745-1060,1860 #7f0b1976 app:id/switch_camera_btn} during layout: running second layout pass
02-22 21:08:56.590 32566 32566 W View : requestLayout() improperly called by com.whatsapp.WaImageView{aaf64a VFED..C.. ......ID 20,1745-135,1860 #7f0b0b0d app:id/gallery_btn} during layout: running second layout pass
02-22 21:08:56.590 32566 32566 W View : requestLayout() improperly called by com.whatsapp.WaImageView{71199bb VF.D..C.. ......I. 945,20-1060,135 #7f0b0a9c app:id/flash_btn} during layout: running second layout pass
02-22 21:08:56.590 32566 32566 W View : requestLayout() improperly called by com.whatsapp.WaImageView{f79ed8 VFED..C.. ......I. 20,20-135,135 #7f0b057f app:id/close_camera_btn} during layout: running second layout pass
02-22 21:08:56.594 32566 32566 E ArmVmp : Match on catch block at 0xc3 in for 0xa9
02-22 21:08:56.596 32566 32566 E ArmVmp : Match on catch block at 0xc3 in for 0xa1
02-22 21:08:56.670 32566 32566 E ArmVmp : Match on catch block at 0xc3 in for 0xa5
02-22 21:08:56.672 32566 32566 E ArmVmp : Match on catch block at 0xc3 in for 0xa9
02-22 21:08:56.888 32566 542 W BpBinder: Slow Binder: BpBinder transact took 298 ms, interface=android.hardware.camera2.ICameraDeviceUser, code=6 oneway=false
02-22 21:08:57.239 32566 1426 W BpBinder: Slow Binder: BpBinder transact took 392 ms, interface=android.media.IMediaMetadataRetriever, code=5 oneway=false
02-22 21:08:57.494 32566 1427 W BpBinder: Slow Binder: BpBinder transact took 260 ms, interface=android.media.IMediaMetadataRetriever, code=3 oneway=false
02-22 21:08:57.805 32566 410 W RenderInspector: DequeueBuffer time out on com.whatsapp/com.whatsapp.camera.CameraActivity, count=1, avg=19 ms, max=19 ms.
02-22 21:08:58.143 32566 1420 W BpBinder: Slow Binder: BpBinder transact took 969 ms, interface=android.media.IMediaMetadataRetriever, code=5 oneway=false
02-22 21:08:58.696 32566 1427 W BpBinder: Slow Binder: BpBinder transact took 1201 ms, interface=android.media.IMediaMetadataRetriever, code=5 oneway=false
02-22 21:08:58.757 32566 545 E CameraManagerGlobal: Camera 61 is not available. Ignore physical camera status change
02-22 21:08:58.758 32566 538 W BpBinder: Slow Binder: BpBinder transact took 398 ms, interface=android.hardware.camera2.ICameraDeviceUser, code=1 oneway=false
02-22 21:08:58.766 32566 32594 W com.whatsapp: Long monitor contention with owner Optic-Task-Handler-Thread (538) at void android.hardware.camera2.impl.CameraDeviceImpl.close()(CameraDeviceImpl.java:1360) waiters=0 in void android.hardware.camera2.impl.CameraDeviceImpl$CameraDeviceCallbacks.onCaptureStart ed(android.hardware.camera2.impl.CaptureResultExtras, long) for 344ms
02-22 21:08:58.882 32566 1426 W BpBinder: Slow Binder: BpBinder transact took 864 ms, interface=android.media.IMediaMetadataRetriever, code=5 oneway=false
02-22 21:08:58.940 32566 32566 W BottomSheetBehavior: BottomSheetBehavior now supports multiple callbacks. `setBottomSheetCallback()` removes all existing callbacks, including ones set internally by library authors, which may result in unintended behavior. This may change in the future. Please use `addBottomSheetCallback()` and `removeBottomSheetCallback()` instead to set your own callbacks.
02-22 21:08:58.965 32566 32566 E RecyclerView: No adapter attached; skipping layout
02-22 21:08:58.981 32566 32566 E RecyclerView: No adapter attached; skipping layout
02-22 21:08:59.102 32566 1420 W BpBinder: Slow Binder: BpBinder transact took 852 ms, interface=android.media.IMediaMetadataRetriever, code=5 oneway=false
02-22 21:08:59.673 32566 32590 W System : A resource failed to call release.
02-22 21:08:59.674 32566 32590 W System : A resource failed to call close.
02-22 21:09:00.368 32566 1427 W BpBinder: Slow Binder: BpBinder transact took 1516 ms, interface=android.media.IMediaMetadataRetriever, code=5 oneway=false
02-22 21:09:00.619 32566 1420 W BpBinder: Slow Binder: BpBinder transact took 1349 ms, interface=android.media.IMediaMetadataRetriever, code=5 oneway=false
02-22 21:09:00.854 32566 1427 W BpBinder: Slow Binder: BpBinder transact took 277 ms, interface=android.media.IMediaMetadataRetriever, code=5 oneway=false
02-22 21:09:01.743 32566 32566 E ArmVmp : Match on catch block at 0x0a in for 0xc5
02-22 21:09:01.746 32566 32566 E ArmVmp : Match on catch block at 0x0a in for 0xc1
02-22 21:09:01.782 32566 32566 W Activity: Slow Operation: Activity com.whatsapp/.Conversation onStart took 101ms
02-22 21:09:01.939 32566 32566 E ArmVmp : Match on catch block at 0xc3 in for 0xa9
02-22 21:09:01.961 32566 32566 E ArmVmp : Match on catch block at 0xc3 in for 0xa1
02-22 21:09:02.020 32566 32566 E ArmVmp : Match on catch block at 0xc3 in for 0xa5
02-22 21:09:02.026 32566 32566 E ArmVmp : Match on catch block at 0xc3 in for 0xa9
02-22 21:09:02.205 32566 32566 E ArmVmp : Match on catch block at 0xc3 in for 0xa1
02-22 21:09:02.208 32566 32566 E ArmVmp : Match on catch block at 0xc3 in for 0xa5
02-22 21:09:02.227 32566 1427 W BpBinder: Slow Binder: BpBinder transact took 294 ms, interface=android.media.IMediaMetadataRetriever, code=3 oneway=false
02-22 21:09:02.307 32566 32566 E ArmVmp : Match on catch block at 0xc3 in for 0xa5
02-22 21:09:02.310 32566 32566 E ArmVmp : Match on catch block at 0xc3 in for 0xa9
02-22 21:09:02.359 32566 32566 W BottomSheetBehavior: BottomSheetBehavior now supports multiple callbacks. `setBottomSheetCallback()` removes all existing callbacks, including ones set internally by library authors, which may result in unintended behavior. This may change in the future. Please use `addBottomSheetCallback()` and `removeBottomSheetCallback()` instead to set your own callbacks.
02-22 21:09:02.386 32566 32566 E ArmVmp : Match on catch block at 0xc3 in for 0xa5
02-22 21:09:02.388 32566 32566 E ArmVmp : Match on catch block at 0xc3 in for 0xa9
02-22 21:09:02.632 32566 32566 E ArmVmp : Match on catch block at 0xc3 in for 0xa9
02-22 21:09:02.634 32566 32566 E ArmVmp : Match on catch block at 0xc3 in for 0xa1
02-22 21:09:02.649 32566 32566 E ArmVmp : Match on catch block at 0xc3 in for 0xa1
02-22 21:09:02.650 32566 32566 E ArmVmp : Match on catch block at 0xc3 in for 0xa5
02-22 21:09:02.665 32566 32566 E ArmVmp : Match on catch block at 0xc3 in for 0xa5
02-22 21:09:02.667 32566 32566 E ArmVmp : Match on catch block at 0xc3 in for 0xa9
02-22 21:09:02.682 32566 32566 E ArmVmp : Match on catch block at 0xc3 in for 0xa9
02-22 21:09:02.684 32566 32566 E ArmVmp : Match on catch block at 0xc3 in for 0xa1
02-22 21:09:02.699 32566 32566 E ArmVmp : Match on catch block at 0xc3 in for 0xa1
02-22 21:09:02.701 32566 32566 E ArmVmp : Match on catch block at 0xc3 in for 0xa5
02-22 21:09:02.715 32566 32566 E ArmVmp : Match on catch block at 0xc3 in for 0xa5
02-22 21:09:02.717 32566 32566 E ArmVmp : Match on catch block at 0xc3 in for 0xa9
02-22 21:09:02.732 32566 32566 E ArmVmp : Match on catch block at 0xc3 in for 0xa9
02-22 21:09:02.734 32566 32566 E ArmVmp : Match on catch block at 0xc3 in for 0xa1
02-22 21:09:02.749 32566 32566 E ArmVmp : Match on catch block at 0xc3 in for 0xa1
02-22 21:09:02.751 32566 32566 E ArmVmp : Match on catch block at 0xc3 in for 0xa5
02-22 21:09:02.765 32566 32566 E ArmVmp : Match on catch block at 0xc3 in for 0xa5
02-22 21:09:02.768 32566 32566 E ArmVmp : Match on catch block at 0xc3 in for 0xa9
02-22 21:09:02.782 32566 32566 E ArmVmp : Match on catch block at 0xc3 in for 0xa9
02-22 21:09:02.784 32566 32566 E ArmVmp : Match on catch block at 0xc3 in for 0xa1
02-22 21:09:02.799 32566 32566 E ArmVmp : Match on catch block at 0xc3 in for 0xa1
02-22 21:09:02.801 32566 32566 E ArmVmp : Match on catch block at 0xc3 in for 0xa5
02-22 21:09:02.804 32566 390 E SQLiteDatabase: Error inserting transferred=0 media_job_uuid=f14248b7-d266-448f-89ff-466d4a91cf79 transcoded=1 gif_attribution=0 first_scan_length=0 direct_path=null thumbnail_height_width_ratio=1.0 is_animated_sticker=0 file_hash=null file_path=/data/user/0/com.whatsapp/files/.Shared/81a667de-680d-49c3-bf57- 8354ca557a0a.jpg file_size=1262080 partial_media_hash=null face_x=0 face_y=0 height=2464 trim_to=0 media_key_timestamp=0 message_url=null media_caption=null trim_from=0 mime_type=null partial_media_enc_hash=null width=2464 original_file_hash=O+myMxUVMlqYsIpM14X1MYhi71D7WYKGkfMIM9Kduxk= has_streaming_sidecar=0 autotransfer_retry_enabled=1 media_upload_handle=null message_row_id=463 multicast_id=null enc_file_hash=null mute_video=0 page_count=0 first_scan_sidecar=null suspicious_content=0 file_length=1262080 media_name=81a667de-680d-49c3-bf57-8354ca557a0a.jpg media_duration=0 chat_row_id=327 media_key=null
02-22 21:09:02.804 32566 390 E SQLiteDatabase: android.database.sqlite.SQLiteConstraintException: UNIQUE constraint failed: message_media.message_row_id (code 1555 SQLITE_CONSTRAINT_PRIMARYKEY)
02-22 21:09:02.804 32566 390 E SQLiteDatabase: at android.database.sqlite.SQLiteConnection.nativeExecuteForLastInsertedRowId(Native Method)
02-22 21:09:02.804 32566 390 E SQLiteDatabase: at android.database.sqlite.SQLiteConnection.executeForLastInsertedRowId(SQLiteConnecti on.java:938)
02-22 21:09:02.804 32566 390 E SQLiteDatabase: at android.database.sqlite.SQLiteSession.executeForLastInsertedRowId(SQLiteSession.jav a:790)
02-22 21:09:02.804 32566 390 E SQLiteDatabase: at android.database.sqlite.SQLiteStatement.executeInsert(SQLiteStatement.java:88)
02-22 21:09:02.804 32566 390 E SQLiteDatabase: at android.database.sqlite.SQLiteDatabase.insertWithOnConflict(SQLiteDatabase.java:170 1)
02-22 21:09:02.804 32566 390 E SQLiteDatabase: at android.database.sqlite.SQLiteDatabase.insert(SQLiteDatabase.java:1570)
02-22 21:09:02.804 32566 390 E SQLiteDatabase: at X.2tm.A08(Unknown Source:6)
02-22 21:09:02.804 32566 390 E SQLiteDatabase: at X.35Y.A07(Unknown Source:212)
02-22 21:09:02.804 32566 390 E SQLiteDatabase: at X.3QF.A14(Unknown Source:470)
02-22 21:09:02.804 32566 390 E SQLiteDatabase: at X.3gU.run(Unknown Source:982)
02-22 21:09:02.804 32566 390 E SQLiteDatabase: at android.os.Handler.handleCallback(Handler.java:938)
02-22 21:09:02.804 32566 390 E SQLiteDatabase: at android.os.Handler.dispatchMessage(Handler.java:99)
02-22 21:09:02.804 32566 390 E SQLiteDatabase: at X.0zq.dispatchMessage(Unknown Source:4)
02-22 21:09:02.804 32566 390 E SQLiteDatabase: at android.os.Looper.loop(Looper.java:236)
02-22 21:09:02.804 32566 390 E SQLiteDatabase: at android.os.HandlerThread.run(HandlerThread.java:67)
02-22 21:09:02.818 32566 32566 E ArmVmp : Match on catch block at 0xc3 in for 0xa1
02-22 21:09:02.819 32566 32566 E ArmVmp : Match on catch block at 0xc3 in for 0xa5
02-22 21:09:02.832 32566 32566 E ArmVmp : Match on catch block at 0xc3 in for 0xa5
02-22 21:09:02.834 32566 32566 E ArmVmp : Match on catch block at 0xc3 in for 0xa9
02-22 21:09:03.049 32566 32566 E ArmVmp : Match on catch block at 0xc3 in for 0xa9
02-22 21:09:03.051 32566 32566 E ArmVmp : Match on catch block at 0xc3 in for 0xa1
02-22 21:09:03.073 32566 32566 E ArmVmp : Match on catch block at 0xc3 in for 0xa9
02-22 21:09:03.078 32566 32566 E ArmVmp : Match on catch block at 0xc3 in for 0xa1
02-22 21:09:03.091 32566 32566 E ArmVmp : Match on catch block at 0xc3 in for 0xa9
02-22 21:09:03.093 32566 32566 E ArmVmp : Match on catch block at 0xc3 in for 0xa1
02-22 21:09:03.107 32566 32566 E ArmVmp : Match on catch block at 0xc3 in for 0xa1
02-22 21:09:03.110 32566 32566 E ArmVmp : Match on catch block at 0xc3 in for 0xa5
02-22 21:09:03.119 32566 2339 W System : ClassLoader referenced unknown path:
02-22 21:09:03.144 32566 1427 W BpBinder: Slow Binder: BpBinder transact took 901 ms, interface=android.media.IMediaMetadataRetriever, code=5 oneway=false
02-22 21:09:03.199 32566 32566 E ArmVmp : Match on catch block at 0xc3 in for 0xa5
02-22 21:09:03.201 32566 32566 E ArmVmp : Match on catch block at 0xc3 in for 0xa9
02-22 21:09:03.255 32566 2324 W linker : Warning: "/data/user_de/0/com.google.android.gms/app_chimera/m/00000255/CronetDynamite.apk!/ lib/arm64-v8a/libcronet.121.0.6167.71.so" unused DT entry: unknown processor- specific (type 0x70000001 arg 0x0) (ignoring)
02-22 21:09:03.268 32566 32566 E ArmVmp : Match on catch block at 0xc3 in for 0xa9
02-22 21:09:03.270 32566 32566 E ArmVmp : Match on catch block at 0xc3 in for 0xa1
02-22 21:09:03.354 32566 2362 E chromium: [0222/210903.354866:ERROR:cronet_context.cc(158)] Invalid QUIC hint host: .whatsapp.com
02-22 21:09:03.354 32566 2362 E chromium: [0222/210903.354979:ERROR:cronet_context.cc(158)] Invalid QUIC hint host: .cdninstagram.com
02-22 21:09:03.355 32566 2362 E chromium: [0222/210903.354995:ERROR:cronet_context.cc(158)] Invalid QUIC hint host: .fbcdn.net
02-22 21:09:03.355 32566 2362 E chromium: [0222/210903.355004:ERROR:cronet_context.cc(158)] Invalid QUIC hint host: .facebook.com
02-22 21:09:03.355 32566 2362 E chromium: [0222/210903.355014:ERROR:cronet_context.cc(158)] Invalid QUIC hint host: .instagram.com
02-22 21:09:03.355 32566 2362 E chromium: [0222/210903.355022:ERROR:cronet_context.cc(158)] Invalid QUIC hint host: .whatsapp.net
02-22 21:09:03.766 32566 32566 E ArmVmp : Match on catch block at 0xc3 in for 0xa1
02-22 21:09:03.768 32566 32566 E ArmVmp : Match on catch block at 0xc3 in for 0xa5
02-22 21:09:04.266 32566 32566 E ArmVmp : Match on catch block at 0xc3 in for 0xa9
02-22 21:09:04.275 32566 32566 E ArmVmp : Match on catch block at 0xc3 in for 0xa1
02-22 21:09:04.287 32566 32566 E ArmVmp : Match on catch block at 0xc3 in for 0xa1
02-22 21:09:04.293 32566 32566 E ArmVmp : Match on catch block at 0xc3 in for 0xa5
02-22 21:09:04.355 32566 32566 E ArmVmp : Match on catch block at 0xc3 in for 0xa1
02-22 21:09:04.357 32566 32566 E ArmVmp : Match on catch block at 0xc3 in for 0xa5
02-22 21:09:04.686 32566 32566 E ArmVmp : Match on catch block at 0xc3 in for 0xa5
02-22 21:09:04.688 32566 32566 E ArmVmp : Match on catch block at 0xc3 in for 0xa9
02-22 21:09:04.702 32566 32566 E ArmVmp : Match on catch block at 0xc3 in for 0xa9
02-22 21:09:04.706 32566 32566 E ArmVmp : Match on catch block at 0xc3 in for 0xa1
02-22 21:09:04.716 32566 32566 E ArmVmp : Match on catch block at 0xc3 in for 0xa1
02-22 21:09:04.720 32566 32566 E ArmVmp : Match on catch block at 0xc3 in for 0xa5
02-22 21:09:04.732 32566 32566 E ArmVmp : Match on catch block at 0xc3 in for 0xa5
02-22 21:09:04.734 32566 32566 E ArmVmp : Match on catch block at 0xc3 in for 0xa9
02-22 21:09:04.754 32566 32566 E ArmVmp : Match on catch block at 0xc3 in for 0xa9
02-22 21:09:04.756 32566 32566 E ArmVmp : Match on catch block at 0xc3 in for 0xa1
02-22 21:09:04.766 32566 32566 E ArmVmp : Match on catch block at 0xc3 in for 0xa1
02-22 21:09:04.770 32566 32566 E ArmVmp : Match on catch block at 0xc3 in for 0xa5
02-22 21:09:04.783 32566 32566 E ArmVmp : Match on catch block at 0xc3 in for 0xa5
02-22 21:09:04.786 32566 32566 E ArmVmp : Match on catch block at 0xc3 in for 0xa9
02-22 21:09:04.799 32566 32566 E ArmVmp : Match on catch block at 0xc3 in for 0xa9
02-22 21:09:04.801 32566 32566 E ArmVmp : Match on catch block at 0xc3 in for 0xa1
02-22 21:09:04.820 32566 32566 E ArmVmp : Match on catch block at 0xc3 in for 0xa1
02-22 21:09:04.822 32566 32566 E ArmVmp : Match on catch block at 0xc3 in for 0xa5
02-22 21:09:04.833 32566 32566 E ArmVmp : Match on catch block at 0xc3 in for 0xa9
02-22 21:09:04.835 32566 32566 E ArmVmp : Match on catch block at 0xc3 in for 0xa1
02-22 21:09:04.851 32566 32566 E ArmVmp : Match on catch block at 0xc3 in for 0xa1
02-22 21:09:04.853 32566 32566 E ArmVmp : Match on catch block at 0xc3 in for 0xa5
02-22 21:09:04.867 32566 32566 E ArmVmp : Match on catch block at 0xc3 in for 0xa5
02-22 21:09:04.869 32566 32566 E ArmVmp : Match on catch block at 0xc3 in for 0xa9
02-22 21:09:04.883 32566 32566 E ArmVmp : Match on catch block at 0xc3 in for 0xa9
02-22 21:09:04.885 32566 32566 E ArmVmp : Match on catch block at 0xc3 in for 0xa1
02-22 21:09:04.899 32566 32566 E ArmVmp : Match on catch block at 0xc3 in for 0xa1
02-22 21:09:04.902 32566 32566 E ArmVmp : Match on catch block at 0xc3 in for 0xa5
02-22 21:09:04.916 32566 32566 E ArmVmp : Match on catch block at 0xc3 in for 0xa5
02-22 21:09:04.918 32566 32566 E ArmVmp : Match on catch block at 0xc3 in for 0xa9
02-22 21:09:04.936 32566 32566 E ArmVmp : Match on catch block at 0xc3 in for 0xa9
02-22 21:09:04.939 32566 32566 E ArmVmp : Match on catch block at 0xc3 in for 0xa1
02-22 21:09:05.197 32566 1222 W MediaPlayer: Use of stream types is deprecated for operations other than volume control
02-22 21:09:05.197 32566 1222 W MediaPlayer: See the documentation of setAudioStreamType() for what to use instead with android.media.AudioAttributes to qualify your playback use case
02-22 21:09:05.283 32566 32566 E ArmVmp : Match on catch block at 0xc3 in for 0xa9
02-22 21:09:05.285 32566 32566 E ArmVmp : Match on catch block at 0xc3 in for 0xa1
02-22 21:09:05.785 32566 32566 E ArmVmp : Match on catch block at 0xc3 in for 0xa1
02-22 21:09:05.787 32566 32566 E ArmVmp : Match on catch block at 0xc3 in for 0xa5
02-22 21:09:06.283 32566 32566 E ArmVmp : Match on catch block at 0xc3 in for 0xa5
02-22 21:09:06.285 32566 32566 E ArmVmp : Match on catch block at 0xc3 in for 0xa9
02-22 21:09:06.784 32566 32566 E ArmVmp : Match on catch block at 0xc3 in for 0xa9
02-22 21:09:06.786 32566 32566 E ArmVmp : Match on catch block at 0xc3 in for 0xa1
02-22 21:09:07.284 32566 32566 E ArmVmp : Match on catch block at 0xc3 in for 0xa1
02-22 21:09:07.286 32566 32566 E ArmVmp : Match on catch block at 0xc3 in for 0xa5
02-22 21:09:07.783 32566 32566 E ArmVmp : Match on catch block at 0xc3 in for 0xa5
02-22 21:09:07.785 32566 32566 E ArmVmp : Match on catch block at 0xc3 in for 0xa9
02-22 21:09:08.284 32566 32566 E ArmVmp : Match on catch block at 0xc3 in for 0xa9
02-22 21:09:08.287 32566 32566 E ArmVmp : Match on catch block at 0xc3 in for 0xa1
02-22 21:09:08.784 32566 32566 E ArmVmp : Match on catch block at 0xc3 in for 0xa1
02-22 21:09:08.787 32566 32566 E ArmVmp : Match on catch block at 0xc3 in for 0xa5
02-22 21:09:09.286 32566 32566 E ArmVmp : Match on catch block at 0xc3 in for 0xa5
02-22 21:09:09.289 32566 32566 E ArmVmp : Match on catch block at 0xc3 in for 0xa9
02-22 21:09:09.784 32566 32566 E ArmVmp : Match on catch block at 0xc3 in for 0xa9
02-22 21:09:09.786 32566 32566 E ArmVmp : Match on catch block at 0xc3 in for 0xa1
02-22 21:09:10.284 32566 32566 E ArmVmp : Match on catch block at 0xc3 in for 0xa1
02-22 21:09:10.286 32566 32566 E ArmVmp : Match on catch block at 0xc3 in for 0xa5
02-22 21:09:10.785 32566 32566 E ArmVmp : Match on catch block at 0xc3 in for 0xa5
02-22 21:09:10.787 32566 32566 E ArmVmp : Match on catch block at 0xc3 in for 0xa9
02-22 21:09:11.301 32566 32566 E ArmVmp : Match on catch block at 0xc3 in for 0xa9
02-22 21:09:11.305 32566 32566 E ArmVmp : Match on catch block at 0xc3 in for 0xa1
02-22 21:09:11.702 32566 32566 E ArmVmp : Match on catch block at 0xc3 in for 0xa1
02-22 21:09:11.711 32566 32566 E ArmVmp : Match on catch block at 0xc3 in for 0xa5
02-22 21:09:11.787 32566 32566 E ArmVmp : Match on catch block at 0xc3 in for 0xa5
02-22 21:09:11.789 32566 32566 E ArmVmp : Match on catch block at 0xc3 in for 0xa9
02-22 21:09:12.290 32566 32566 W Activity: Slow Operation: Activity com.whatsapp/.Conversation onPause took 177ms
02-22 21:09:12.645 32566 32566 W Activity: Slow Operation: Activity com.whatsapp/.Conversation onStop took 192ms
02-22 21:09:15.854 32566 32566 W BpBinder: Slow Binder: BpBinder transact took 353 ms, interface=android.media.IMediaPlayer, code=20 oneway=false --------- beginning of system
02-22 21:10:55.428 32566 32566 W Activity: Slow Operation: Activity com.whatsapp/.Conversation onStart took 332ms
02-22 21:10:55.866 32566 32566 W Looper : PerfMonitor doFrame : time=278ms vsyncFrame=0 latency=577ms procState=2 historyMsgCount=3 (msgIndex=3 wall=551ms seq=1458 running=78ms runnable=17ms io=409ms late=36ms h=android.app.ActivityThread$H w=159)
02-22 21:11:00.118 32566 32566 W Activity: Slow Operation: Activity com.whatsapp/.HomeActivity onCreate took 512ms
02-22 21:11:00.216 32566 32566 W Looper : PerfMonitor looperActivity : package=com.whatsapp/.HomeActivity time=0ms latency=672ms running=0ms procState=2 ClientTransaction{ callbacks=[android.app.servertransaction.TopResumedActivityChang eItem] } historyMsgCount=2 (msgIndex=2 wall=666ms seq=1552 running=399ms io=149ms late=6ms h=android.app.ActivityThread$H w=159)
02-22 21:11:00.921 32566 32566 W Looper : PerfMonitor doFrame : time=673ms vsyncFrame=0 latency=23ms procState=2 historyMsgCount=29
02-22 21:11:00.955 32566 32566 W Looper : PerfMonitor looperActivity : package=com.whatsapp/mbmodsd.mbmodsw.mbsettings.yo.PauseActivity time=30ms latency=691ms running=7ms procState=2 ClientTransaction{ callbacks=[android.app.servertransaction.LaunchActivityItem] lifecycleRequest=android.app.servertransaction.PauseActivityItem } historyMsgCount=33 (msgIndex=30 wall=673ms seq=1593 running=499ms io=54ms late=23ms h=android.view.Choreographer$FrameHandler c=android.view.Choreographer$FrameDisplayEventReceiver)
02-22 21:11:01.004 32566 32566 W Looper : PerfMonitor doFrame : time=49ms vsyncFrame=0 latency=697ms procState=2 historyMsgCount=7 (msgIndex=1 wall=673ms seq=1593 running=499ms io=54ms late=23ms h=android.view.Choreographer$FrameHandler c=android.view.Choreographer$FrameDisplayEventReceiver)
