02-22 22:26:30.858 15880 15880 E ArmVmp : Match on catch block at 0xc3 in for 0xa9
02-22 22:26:30.860 15880 15880 E ArmVmp : Match on catch block at 0xc3 in for 0xa9
02-22 22:26:30.873 15880 15880 E ArmVmp : Match on catch block at 0xc3 in for 0xa1
02-22 22:26:30.877 15880 15880 E ArmVmp : Match on catch block at 0xc3 in for 0xa5
02-22 22:26:30.879 15880 15880 E ArmVmp : Match on catch block at 0xc3 in for 0xa5
02-22 22:26:30.889 15880 15880 E ArmVmp : Match on catch block at 0xc3 in for 0xa9
02-22 22:26:30.892 15880 15880 E ArmVmp : Match on catch block at 0xc3 in for 0xa1
02-22 22:26:30.893 15880 15880 E ArmVmp : Match on catch block at 0xc3 in for 0xa1
02-22 22:26:30.909 15880 15880 E ArmVmp : Match on catch block at 0xc3 in for 0xa5
02-22 22:26:30.913 15880 15880 E ArmVmp : Match on catch block at 0xc3 in for 0xa9
02-22 22:26:30.915 15880 15880 E ArmVmp : Match on catch block at 0xc3 in for 0xa9
02-22 22:26:30.923 15880 15880 E ArmVmp : Match on catch block at 0xc3 in for 0xa1
02-22 22:26:30.927 15880 15880 E ArmVmp : Match on catch block at 0xc3 in for 0xa5
02-22 22:26:30.928 15880 15880 E ArmVmp : Match on catch block at 0xc3 in for 0xa5
02-22 22:26:30.940 15880 15880 E ArmVmp : Match on catch block at 0xc3 in for 0xa9
02-22 22:26:30.946 15880 15880 E ArmVmp : Match on catch block at 0xc3 in for 0xa1
02-22 22:26:30.947 15880 15880 E ArmVmp : Match on catch block at 0xc3 in for 0xa1
02-22 22:26:30.956 15880 15880 E ArmVmp : Match on catch block at 0xc3 in for 0xa5
02-22 22:26:30.959 15880 15880 E ArmVmp : Match on catch block at 0xc3 in for 0xa9
02-22 22:26:30.960 15880 15880 E ArmVmp : Match on catch block at 0xc3 in for 0xa9
02-22 22:26:30.973 15880 15880 E ArmVmp : Match on catch block at 0xc3 in for 0xa1
02-22 22:26:30.976 15880 15880 E ArmVmp : Match on catch block at 0xc3 in for 0xa5
02-22 22:26:30.977 15880 15880 E ArmVmp : Match on catch block at 0xc3 in for 0xa5
02-22 22:26:30.990 15880 15880 E ArmVmp : Match on catch block at 0xc3 in for 0xa9
02-22 22:26:30.992 15880 15880 E ArmVmp : Match on catch block at 0xc3 in for 0xa1
02-22 22:26:30.994 15880 15880 E ArmVmp : Match on catch block at 0xc3 in for 0xa1
02-22 22:26:31.006 15880 15880 E ArmVmp : Match on catch block at 0xc3 in for 0xa5
02-22 22:26:31.009 15880 15880 E ArmVmp : Match on catch block at 0xc3 in for 0xa9
02-22 22:26:31.011 15880 15880 E ArmVmp : Match on catch block at 0xc3 in for 0xa9
02-22 22:26:31.023 15880 15880 E ArmVmp : Match on catch block at 0xc3 in for 0xa1
02-22 22:26:31.026 15880 15880 E ArmVmp : Match on catch block at 0xc3 in for 0xa5
02-22 22:26:31.031 15880 15880 E ArmVmp : Match on catch block at 0xc3 in for 0xa5
02-22 22:26:31.039 15880 15880 E ArmVmp : Match on catch block at 0xc3 in for 0xa9
02-22 22:26:31.043 15880 15880 E ArmVmp : Match on catch block at 0xc3 in for 0xa1
02-22 22:26:31.045 15880 15880 E ArmVmp : Match on catch block at 0xc3 in for 0xa1
02-22 22:26:31.057 15880 15880 E ArmVmp : Match on catch block at 0xc3 in for 0xa5
02-22 22:26:31.061 15880 15880 E ArmVmp : Match on catch block at 0xc3 in for 0xa9
02-22 22:26:31.063 15880 15880 E ArmVmp : Match on catch block at 0xc3 in for 0xa9
02-22 22:26:31.073 15880 15880 E ArmVmp : Match on catch block at 0xc3 in for 0xa1
02-22 22:26:31.078 15880 15880 E ArmVmp : Match on catch block at 0xc3 in for 0xa5
02-22 22:26:31.080 15880 15880 E ArmVmp : Match on catch block at 0xc3 in for 0xa5
02-22 22:26:31.152 15880 15880 E ArmVmp : Match on catch block at 0xc3 in for 0xa5
02-22 22:26:31.155 15880 15880 E ArmVmp : Match on catch block at 0xc3 in for 0xa9
02-22 22:26:31.157 15880 15880 E ArmVmp : Match on catch block at 0xc3 in for 0xa9
02-22 22:26:31.162 15880 15880 E ArmVmp : Match on catch block at 0xc3 in for 0xa1
02-22 22:26:31.166 15880 15880 E ArmVmp : Match on catch block at 0xc3 in for 0xa5
02-22 22:26:31.167 15880 15880 E ArmVmp : Match on catch block at 0xc3 in for 0xa5
02-22 22:26:31.187 15880 15880 E ArmVmp : Match on catch block at 0xc3 in for 0xa5
02-22 22:26:31.190 15880 15880 E ArmVmp : Match on catch block at 0xc3 in for 0xa9
02-22 22:26:31.193 15880 15880 E ArmVmp : Match on catch block at 0xc3 in for 0xa9
02-22 22:26:31.230 15880 15880 E ArmVmp : Match on catch block at 0xc3 in for 0xa9
02-22 22:26:31.233 15880 15880 E ArmVmp : Match on catch block at 0xc3 in for 0xa1
02-22 22:26:31.235 15880 15880 E ArmVmp : Match on catch block at 0xc3 in for 0xa1
02-22 22:26:31.332 15880 15880 E ArmVmp : Match on catch block at 0xc3 in for 0xa1
02-22 22:26:31.334 15880 15880 E ArmVmp : Match on catch block at 0xc3 in for 0xa5
02-22 22:26:31.336 15880 15880 E ArmVmp : Match on catch block at 0xc3 in for 0xa5
02-22 22:26:32.081 15880 15880 W BottomSheetBehavior: BottomSheetBehavior now supports multiple callbacks. `setBottomSheetCallback()` removes all existing callbacks, including ones set internally by library authors, which may result in unintended behavior. This may change in the future. Please use `addBottomSheetCallback()` and `removeBottomSheetCallback()` instead to set your own callbacks.
02-22 22:26:44.510 15880 15880 W BottomSheetBehavior: BottomSheetBehavior now supports multiple callbacks. `setBottomSheetCallback()` removes all existing callbacks, including ones set internally by library authors, which may result in unintended behavior. This may change in the future. Please use `addBottomSheetCallback()` and `removeBottomSheetCallback()` instead to set your own callbacks.
02-22 22:26:50.060 15880 15880 E ArmVmp : Match on catch block at 0xb0 in for 0xf1
02-22 22:26:50.197 15880 17156 W BpBinder: Slow Binder: BpBinder transact took 455 ms, interface=android.media.IAudioPolicyService, code=35 oneway=false
02-22 22:26:50.199 15880 16033 W BpBinder: Slow Binder: BpBinder transact took 385 ms, interface=android.media.IAudioPolicyService, code=69 oneway=false
02-22 22:26:52.171 15880 19515 W BpBinder: Slow Binder: BpBinder transact took 1682 ms, interface=android.media.IAudioService, code=40 oneway=false
02-22 22:27:00.709 15880 15894 W System : A resource failed to call release. --------- beginning of main
02-22 22:31:03.168 21803 21803 E com.whatsapp: Unknown bits set in runtime_flags: 0x800000
02-22 22:31:03.178 21803 21803 E com.whatsapp: Not starting debugger since process cannot load the jdwp agent.
02-22 22:31:03.820 21803 21803 W ResourceType: CREATING STRING CACHE OF 192 bytes
02-22 22:31:03.947 21803 21803 W System.err: java.lang.ClassNotFoundException: mbmodsd.mbmodsw.ui.views.btn.BtnBK
02-22 22:31:03.950 21803 21803 W System.err: at java.lang.Runtime.nativeLoad(Native Method)
02-22 22:31:03.950 21803 21803 W System.err: at java.lang.Runtime.nativeLoad(Runtime.java:1131)
02-22 22:31:03.950 21803 21803 W System.err: at java.lang.Runtime.loadLibrary0(Runtime.java:1085)
02-22 22:31:03.950 21803 21803 W System.err: at java.lang.Runtime.loadLibrary0(Runtime.java:1008)
02-22 22:31:03.950 21803 21803 W System.err: at java.lang.System.loadLibrary(System.java:1664)
02-22 22:31:03.950 21803 21803 W System.err: at arm.EpicVm.<clinit>(Unknown Source:2)
02-22 22:31:03.950 21803 21803 W System.err: at java.lang.Class.newInstance(Native Method)
02-22 22:31:03.951 21803 21803 W System.err: at android.app.AppComponentFactory.instantiateApplication(AppComponentFactory.java:76)
02-22 22:31:03.951 21803 21803 W System.err: at androidx.core.app.CoreComponentFactory.instantiateApplication(Unknown Source:0)
02-22 22:31:03.951 21803 21803 W System.err: at android.app.Instrumentation.newApplication(Instrumentation.java:1158)
02-22 22:31:03.951 21803 21803 W System.err: at android.app.LoadedApk.makeApplication(LoadedApk.java:1240)
02-22 22:31:03.951 21803 21803 W System.err: at android.app.ActivityThread.handleBindApplication(ActivityThread.java:6928)
02-22 22:31:03.951 21803 21803 W System.err: at android.app.ActivityThread.access$1500(ActivityThread.java:255)
02-22 22:31:03.951 21803 21803 W System.err: at android.app.ActivityThread$H.handleMessage(ActivityThread.java:1978)
02-22 22:31:03.951 21803 21803 W System.err: at android.os.Handler.dispatchMessage(Handler.java:106)
02-22 22:31:03.951 21803 21803 W System.err: at android.os.Looper.loop(Looper.java:236)
02-22 22:31:03.951 21803 21803 W System.err: at android.app.ActivityThread.main(ActivityThread.java:8019)
02-22 22:31:03.952 21803 21803 W System.err: at java.lang.reflect.Method.invoke(Native Method)
02-22 22:31:03.952 21803 21803 W System.err: at com.android.internal.os.RuntimeInit$MethodAndArgsCaller.run(RuntimeInit.java:600)
02-22 22:31:03.952 21803 21803 W System.err: at com.android.internal.os.ZygoteInit.main(ZygoteInit.java:967)
02-22 22:31:03.988 21803 21803 E CustomActivityOnCrash: IMPORTANT WARNING! You already have an UncaughtExceptionHandler, are you sure this is correct? If you use a custom UncaughtExceptionHandler, you must initialize it AFTER CustomActivityOnCrash! Installing anyway, but your original handler will not be called.
02-22 22:31:04.069 21803 21994 E libc : Access denied finding property "ro.vendor.df.effect.conflict"
02-22 22:31:04.070 21803 21994 E libc : Access denied finding property "ro.vendor.knock.type"
02-22 22:31:04.193 21803 21994 W LibraryVersion: Failed to get app version for libraryName: firebase-iid
02-22 22:31:04.889 21803 21803 W com.whatsapp: Accessing hidden method Lcom/android/org/conscrypt/OpenSSLSocketImpl;->setUseSessionTickets(Z)V (greylist- max-q,test-api, reflection, denied)
02-22 22:31:04.890 21803 21803 W com.whatsapp: Accessing hidden method Lcom/android/org/conscrypt/AbstractConscryptSocket;->setUseSessionTickets(Z)V (greylist-max-q, reflection, denied)
02-22 22:31:05.069 21803 21803 W linker : Warning: "/data/data/com.whatsapp/files/decompressed/libs.spk.zst/libc++_shared.so" unused DT entry: unknown processor-specific (type 0x70000001 arg 0x0) (ignoring) --------- beginning of system
02-22 22:31:05.311 21803 21803 W Looper : PerfMonitor longMsg : seq=2 plan=22:31:03.225 late=10ms wall=2070ms running=523ms runnable=433ms io=782ms h=android.app.ActivityThread$H w=110 procState=10
02-22 22:31:05.313 21803 22101 W com.whatsapp: Class X.2rL failed lock verification and will run slower.
02-22 22:31:05.313 21803 22101 W com.whatsapp: Common causes for lock verification issues are non-optimized dex code
02-22 22:31:05.313 21803 22101 W com.whatsapp: and incorrect proguard optimizations.
02-22 22:31:07.081 21803 22163 W BpBinder: Slow Binder: BpBinder transact took 559 ms, interface=android.app.IActivityManager, code=22 oneway=false
02-22 22:31:07.444 21803 22163 W BpBinder: Slow Binder: BpBinder transact took 362 ms, interface=android.content.IContentProvider, code=1 oneway=false --------- beginning of main
02-22 22:33:03.210 25518 25518 E com.whatsapp: Unknown bits set in runtime_flags: 0x800000
02-22 22:33:03.218 25518 25518 E com.whatsapp: Not starting debugger since process cannot load the jdwp agent.
02-22 22:33:03.626 25518 25518 W ResourceType: CREATING STRING CACHE OF 192 bytes
02-22 22:33:03.731 25518 25518 W System.err: java.lang.ClassNotFoundException: mbmodsd.mbmodsw.ui.views.btn.BtnBK
02-22 22:33:03.757 25518 25518 W System.err: at java.lang.Runtime.nativeLoad(Native Method)
02-22 22:33:03.757 25518 25518 W System.err: at java.lang.Runtime.nativeLoad(Runtime.java:1131)
02-22 22:33:03.757 25518 25518 W System.err: at java.lang.Runtime.loadLibrary0(Runtime.java:1085)
02-22 22:33:03.757 25518 25518 W System.err: at java.lang.Runtime.loadLibrary0(Runtime.java:1008)
02-22 22:33:03.757 25518 25518 W System.err: at java.lang.System.loadLibrary(System.java:1664)
02-22 22:33:03.758 25518 25518 W System.err: at arm.EpicVm.<clinit>(Unknown Source:2)
02-22 22:33:03.758 25518 25518 W System.err: at java.lang.Class.newInstance(Native Method)
02-22 22:33:03.758 25518 25518 W System.err: at android.app.AppComponentFactory.instantiateApplication(AppComponentFactory.java:76)
02-22 22:33:03.758 25518 25518 W System.err: at androidx.core.app.CoreComponentFactory.instantiateApplication(Unknown Source:0)
02-22 22:33:03.758 25518 25518 W System.err: at android.app.Instrumentation.newApplication(Instrumentation.java:1158)
02-22 22:33:03.758 25518 25518 W System.err: at android.app.LoadedApk.makeApplication(LoadedApk.java:1240)
02-22 22:33:03.758 25518 25518 W System.err: at android.app.ActivityThread.handleBindApplication(ActivityThread.java:6928)
02-22 22:33:03.758 25518 25518 W System.err: at android.app.ActivityThread.access$1500(ActivityThread.java:255)
02-22 22:33:03.758 25518 25518 W System.err: at android.app.ActivityThread$H.handleMessage(ActivityThread.java:1978)
02-22 22:33:03.758 25518 25518 W System.err: at android.os.Handler.dispatchMessage(Handler.java:106)
02-22 22:33:03.758 25518 25518 W System.err: at android.os.Looper.loop(Looper.java:236)
02-22 22:33:03.758 25518 25518 W System.err: at android.app.ActivityThread.main(ActivityThread.java:8019)
02-22 22:33:03.758 25518 25518 W System.err: at java.lang.reflect.Method.invoke(Native Method)
02-22 22:33:03.758 25518 25518 W System.err: at com.android.internal.os.RuntimeInit$MethodAndArgsCaller.run(RuntimeInit.java:600)
02-22 22:33:03.758 25518 25518 W System.err: at com.android.internal.os.ZygoteInit.main(ZygoteInit.java:967)
02-22 22:33:03.814 25518 25518 E CustomActivityOnCrash: IMPORTANT WARNING! You already have an UncaughtExceptionHandler, are you sure this is correct? If you use a custom UncaughtExceptionHandler, you must initialize it AFTER CustomActivityOnCrash! Installing anyway, but your original handler will not be called.
02-22 22:33:04.629 25518 25518 W com.whatsapp: Accessing hidden method Lcom/android/org/conscrypt/OpenSSLSocketImpl;->setUseSessionTickets(Z)V (greylist- max-q,test-api, reflection, denied)
02-22 22:33:04.629 25518 25518 W com.whatsapp: Accessing hidden method Lcom/android/org/conscrypt/AbstractConscryptSocket;->setUseSessionTickets(Z)V (greylist-max-q, reflection, denied)
02-22 22:33:04.747 25518 25518 W linker : Warning: "/data/data/com.whatsapp/files/decompressed/libs.spk.zst/libc++_shared.so" unused DT entry: unknown processor-specific (type 0x70000001 arg 0x0) (ignoring)
02-22 22:33:04.738 25518 25518 W com.whatsapp: type=1400 audit(0.0:479873): avc: granted { execute } for path="/data/data/com.whatsapp/files/decompressed/libs.spk.zst/libc++_shared.so" dev="dm-10" ino=372071 scontext=u:r:untrusted_app:s0:c213,c257,c512,c768 tcontext=u:object_r:app_data_file:s0:c213,c257,c512,c768 tclass=file app=com.whatsapp
02-22 22:33:04.738 25518 25518 W com.whatsapp: type=1400 audit(0.0:479874): avc: granted { execute } for path="/data/data/com.whatsapp/files/decompressed/libs.spk.zst/libvlc.so" dev="dm- 10" ino=335014 scontext=u:r:untrusted_app:s0:c213,c257,c512,c768 tcontext=u:object_r:app_data_file:s0:c213,c257,c512,c768 tclass=file app=com.whatsapp
02-22 22:33:04.758 25518 25518 W com.whatsapp: type=1400 audit(0.0:479875): avc: granted { execute } for path="/data/data/com.whatsapp/files/decompressed/libs.spk.zst/libwhatsapp.so" dev="dm-10" ino=335273 scontext=u:r:untrusted_app:s0:c213,c257,c512,c768 tcontext=u:object_r:app_data_file:s0:c213,c257,c512,c768 tclass=file app=com.whatsapp
02-22 22:33:04.828 25518 25518 W com.whatsapp: type=1400 audit(0.0:479876): avc: granted { execute } for path="/data/data/com.whatsapp/files/decompressed/libs.spk.zst/libcurve25519.so" dev="dm-10" ino=372156 scontext=u:r:untrusted_app:s0:c213,c257,c512,c768 tcontext=u:object_r:app_data_file:s0:c213,c257,c512,c768 tclass=file app=com.whatsapp
02-22 22:33:04.838 25518 25518 W com.whatsapp: type=1400 audit(0.0:479877): avc: granted { execute } for path="/data/data/com.whatsapp/files/decompressed/libs.spk.zst/libwhatsapp.so" dev="dm-10" ino=335273 scontext=u:r:untrusted_app:s0:c213,c257,c512,c768 tcontext=u:object_r:app_data_file:s0:c213,c257,c512,c768 tclass=file app=com.whatsapp
02-22 22:33:04.838 25518 25518 W com.whatsapp: type=1400 audit(0.0:479878): avc: granted { execute } for path="/data/data/com.whatsapp/files/decompressed/libs.spk.zst/libwhatsapp.so" dev="dm-10" ino=335273 scontext=u:r:untrusted_app:s0:c213,c257,c512,c768 tcontext=u:object_r:app_data_file:s0:c213,c257,c512,c768 tclass=file app=com.whatsapp
02-22 22:33:04.838 25518 25518 W com.whatsapp: type=1400 audit(0.0:479879): avc: granted { execute } for path="/data/data/com.whatsapp/files/decompressed/libs.spk.zst/libwhatsapp.so" dev="dm-10" ino=335273 scontext=u:r:untrusted_app:s0:c213,c257,c512,c768 tcontext=u:object_r:app_data_file:s0:c213,c257,c512,c768 tclass=file app=com.whatsapp
02-22 22:33:05.008 25518 25576 W com.whatsapp: Class X.2rL failed lock verification and will run slower.
02-22 22:33:05.008 25518 25576 W com.whatsapp: Common causes for lock verification issues are non-optimized dex code
02-22 22:33:05.008 25518 25576 W com.whatsapp: and incorrect proguard optimizations. --------- beginning of system
02-22 22:33:05.040 25518 25518 W Looper : PerfMonitor longMsg : seq=2 plan=22:33:03.250 late=9ms wall=1717ms running=702ms runnable=274ms io=543ms h=android.app.ActivityThread$H w=110 procState=10
02-22 22:33:05.145 25518 25518 E libc : Access denied finding property "ro.vendor.df.effect.conflict"
02-22 22:33:05.145 25518 25518 E libc : Access denied finding property "ro.vendor.knock.type"
02-22 22:33:05.138 25518 25518 W com.whatsapp: type=1400 audit(0.0:479880): avc: denied { read } for name="u:object_r:vendor_displayfeature_prop:s0" dev="tmpfs" ino=1232 scontext=u:r:untrusted_app:s0:c213,c257,c512,c768 tcontext=u:object_r:vendor_displayfeature_prop:s0 tclass=file permissive=0 app=com.whatsapp
02-22 22:33:07.826 25518 25615 W BpBinder: Slow Binder: BpBinder transact took 1143 ms, interface=android.app.IActivityManager, code=22 oneway=false
02-22 22:33:08.170 25518 25615 W BpBinder: Slow Binder: BpBinder transact took 331 ms, interface=android.content.IContentProvider, code=1 oneway=false --------- beginning of main
02-22 22:35:33.210 27883 27883 E com.whatsapp: Unknown bits set in runtime_flags: 0x800000
02-22 22:35:33.219 27883 27883 E com.whatsapp: Not starting debugger since process cannot load the jdwp agent.
02-22 22:35:33.490 27883 27883 W ResourceType: CREATING STRING CACHE OF 192 bytes
02-22 22:35:33.542 27883 27883 W System.err: java.lang.ClassNotFoundException: mbmodsd.mbmodsw.ui.views.btn.BtnBK
02-22 22:35:33.544 27883 27883 W System.err: at java.lang.Runtime.nativeLoad(Native Method)
02-22 22:35:33.544 27883 27883 W System.err: at java.lang.Runtime.nativeLoad(Runtime.java:1131)
02-22 22:35:33.544 27883 27883 W System.err: at java.lang.Runtime.loadLibrary0(Runtime.java:1085)
02-22 22:35:33.544 27883 27883 W System.err: at java.lang.Runtime.loadLibrary0(Runtime.java:1008)
02-22 22:35:33.544 27883 27883 W System.err: at java.lang.System.loadLibrary(System.java:1664)
02-22 22:35:33.544 27883 27883 W System.err: at arm.EpicVm.<clinit>(Unknown Source:2)
02-22 22:35:33.544 27883 27883 W System.err: at java.lang.Class.newInstance(Native Method)
02-22 22:35:33.544 27883 27883 W System.err: at android.app.AppComponentFactory.instantiateApplication(AppComponentFactory.java:76)
02-22 22:35:33.544 27883 27883 W System.err: at androidx.core.app.CoreComponentFactory.instantiateApplication(Unknown Source:0)
02-22 22:35:33.544 27883 27883 W System.err: at android.app.Instrumentation.newApplication(Instrumentation.java:1158)
02-22 22:35:33.544 27883 27883 W System.err: at android.app.LoadedApk.makeApplication(LoadedApk.java:1240)
02-22 22:35:33.545 27883 27883 W System.err: at android.app.ActivityThread.handleBindApplication(ActivityThread.java:6928)
02-22 22:35:33.545 27883 27883 W System.err: at android.app.ActivityThread.access$1500(ActivityThread.java:255)
02-22 22:35:33.545 27883 27883 W System.err: at android.app.ActivityThread$H.handleMessage(ActivityThread.java:1978)
02-22 22:35:33.545 27883 27883 W System.err: at android.os.Handler.dispatchMessage(Handler.java:106)
02-22 22:35:33.545 27883 27883 W System.err: at android.os.Looper.loop(Looper.java:236)
02-22 22:35:33.545 27883 27883 W System.err: at android.app.ActivityThread.main(ActivityThread.java:8019)
02-22 22:35:33.545 27883 27883 W System.err: at java.lang.reflect.Method.invoke(Native Method)
02-22 22:35:33.545 27883 27883 W System.err: at com.android.internal.os.RuntimeInit$MethodAndArgsCaller.run(RuntimeInit.java:600)
02-22 22:35:33.545 27883 27883 W System.err: at com.android.internal.os.ZygoteInit.main(ZygoteInit.java:967)
02-22 22:35:33.573 27883 27883 E CustomActivityOnCrash: IMPORTANT WARNING! You already have an UncaughtExceptionHandler, are you sure this is correct? If you use a custom UncaughtExceptionHandler, you must initialize it AFTER CustomActivityOnCrash! Installing anyway, but your original handler will not be called.
02-22 22:35:34.095 27883 27883 W com.whatsapp: Accessing hidden method Lcom/android/org/conscrypt/OpenSSLSocketImpl;->setUseSessionTickets(Z)V (greylist- max-q,test-api, reflection, denied)
02-22 22:35:34.096 27883 27883 W com.whatsapp: Accessing hidden method Lcom/android/org/conscrypt/AbstractConscryptSocket;->setUseSessionTickets(Z)V (greylist-max-q, reflection, denied)
02-22 22:35:34.194 27883 27883 W linker : Warning: "/data/data/com.whatsapp/files/decompressed/libs.spk.zst/libc++_shared.so" unused DT entry: unknown processor-specific (type 0x70000001 arg 0x0) (ignoring)
02-22 22:35:34.188 27883 27883 W com.whatsapp: type=1400 audit(0.0:480156): avc: granted { execute } for path="/data/data/com.whatsapp/files/decompressed/libs.spk.zst/libc++_shared.so" dev="dm-10" ino=372071 scontext=u:r:untrusted_app:s0:c213,c257,c512,c768 tcontext=u:object_r:app_data_file:s0:c213,c257,c512,c768 tclass=file app=com.whatsapp
02-22 22:35:34.188 27883 27883 W com.whatsapp: type=1400 audit(0.0:480157): avc: granted { execute } for path="/data/data/com.whatsapp/files/decompressed/libs.spk.zst/libvlc.so" dev="dm- 10" ino=335014 scontext=u:r:untrusted_app:s0:c213,c257,c512,c768 tcontext=u:object_r:app_data_file:s0:c213,c257,c512,c768 tclass=file app=com.whatsapp
02-22 22:35:34.208 27883 27883 W com.whatsapp: type=1400 audit(0.0:480158): avc: granted { execute } for path="/data/data/com.whatsapp/files/decompressed/libs.spk.zst/libwhatsapp.so" dev="dm-10" ino=335273 scontext=u:r:untrusted_app:s0:c213,c257,c512,c768 tcontext=u:object_r:app_data_file:s0:c213,c257,c512,c768 tclass=file app=com.whatsapp
02-22 22:35:34.298 27883 27883 W com.whatsapp: type=1400 audit(0.0:480159): avc: granted { execute } for path="/data/data/com.whatsapp/files/decompressed/libs.spk.zst/libcurve25519.so" dev="dm-10" ino=372156 scontext=u:r:untrusted_app:s0:c213,c257,c512,c768 tcontext=u:object_r:app_data_file:s0:c213,c257,c512,c768 tclass=file app=com.whatsapp
02-22 22:35:34.328 27883 27883 W com.whatsapp: type=1400 audit(0.0:480160): avc: granted { execute } for path="/data/data/com.whatsapp/files/decompressed/libs.spk.zst/libwhatsapp.so" dev="dm-10" ino=335273 scontext=u:r:untrusted_app:s0:c213,c257,c512,c768 tcontext=u:object_r:app_data_file:s0:c213,c257,c512,c768 tclass=file app=com.whatsapp
02-22 22:35:34.328 27883 27883 W com.whatsapp: type=1400 audit(0.0:480162): avc: granted { execute } for path="/data/data/com.whatsapp/files/decompressed/libs.spk.zst/libwhatsapp.so" dev="dm-10" ino=335273 scontext=u:r:untrusted_app:s0:c213,c257,c512,c768 tcontext=u:object_r:app_data_file:s0:c213,c257,c512,c768 tclass=file app=com.whatsapp
02-22 22:35:34.494 27883 27939 W com.whatsapp: Class X.2rL failed lock verification and will run slower.
02-22 22:35:34.494 27883 27939 W com.whatsapp: Common causes for lock verification issues are non-optimized dex code
02-22 22:35:34.494 27883 27939 W com.whatsapp: and incorrect proguard optimizations. --------- beginning of system
02-22 22:35:34.541 27883 27883 W Looper : PerfMonitor longMsg : seq=2 plan=22:35:33.238 late=2ms wall=1243ms running=608ms runnable=90ms io=343ms h=android.app.ActivityThread$H w=110 procState=10
02-22 22:35:34.604 27883 27883 E libc : Access denied finding property "ro.vendor.df.effect.conflict"
02-22 22:35:34.604 27883 27883 E libc : Access denied finding property "ro.vendor.knock.type"
02-22 22:35:37.258 27883 27972 W BpBinder: Slow Binder: BpBinder transact took 1148 ms, interface=android.app.IActivityManager, code=22 oneway=false
02-22 22:35:37.617 27883 27972 W BpBinder: Slow Binder: BpBinder transact took 358 ms, interface=android.content.IContentProvider, code=1 oneway=false
02-22 22:35:37.912 27883 27936 E SQLiteDatabase: Error inserting transferred=0 media_job_uuid=159a59c9-3cd6-44bb-9fba-f9ca34c7fed7 transcoded=0 gif_attribution=0 first_scan_length=0 direct_path=/v/t62.7161- 24/25269523_316179341443215_9096124512065302420_n.enc?ccb=11- 4&oh=01_AdQyvzrPhHUlKptSryNrOy7jeKKk2yE7k7pYbQtPN9REjw&oe=65FF6F55&_nc_sid=5e03e0 thumbnail_height_width_ratio=1.7777778 is_animated_sticker=0 file_hash=sRrPpWmlwDwBPk1f5QjzCt5xkb01CK14Gzc2vAF9DBE= file_path=null file_size=0 partial_media_hash=null face_x=0 face_y=0 height=656 trim_to=0 media_key_timestamp=1708655726000 message_url=https://mmg.whatsapp.net/v/t62.7161- 24/25269523_316179341443215_9096124512065302420_n.enc?ccb=11- 4&oh=01_AdQyvzrPhHUlKptSryNrOy7jeKKk2yE7k7pYbQtPN9REjw&oe=65FF6F55&_nc_sid=5e03e0&m ms3=true media_caption=null trim_from=0 mime_type=video/mp4 partial_media_enc_hash=null width=368 original_file_hash=null has_streaming_sidecar=1 autotransfer_retry_enabled=1 media_upload_handle=null message_row_id=502 multicast_id=null enc_file_hash=ocykOmmYviL/OxH+ceqn9jgUwLHCiQaqu08a9RCNvPI= mute_video=0 page_count=0 first_scan_sidecar=null suspicious_content=0 file_length=771131 media_name=null media_duration=9 chat_row_id=89 media_key=[B@625d603
02-22 22:35:37.912 27883 27936 E SQLiteDatabase: android.database.sqlite.SQLiteConstraintException: UNIQUE constraint failed: message_media.message_row_id (code 1555 SQLITE_CONSTRAINT_PRIMARYKEY)
02-22 22:35:37.912 27883 27936 E SQLiteDatabase: at android.database.sqlite.SQLiteConnection.nativeExecuteForLastInsertedRowId(Native Method)
02-22 22:35:37.912 27883 27936 E SQLiteDatabase: at android.database.sqlite.SQLiteConnection.executeForLastInsertedRowId(SQLiteConnecti on.java:938)
02-22 22:35:37.912 27883 27936 E SQLiteDatabase: at android.database.sqlite.SQLiteSession.executeForLastInsertedRowId(SQLiteSession.jav a:790)
02-22 22:35:37.912 27883 27936 E SQLiteDatabase: at android.database.sqlite.SQLiteStatement.executeInsert(SQLiteStatement.java:88)
02-22 22:35:37.912 27883 27936 E SQLiteDatabase: at android.database.sqlite.SQLiteDatabase.insertWithOnConflict(SQLiteDatabase.java:170 1)
02-22 22:35:37.912 27883 27936 E SQLiteDatabase: at android.database.sqlite.SQLiteDatabase.insert(SQLiteDatabase.java:1570)
02-22 22:35:37.912 27883 27936 E SQLiteDatabase: at X.2tm.A08(Unknown Source:6)
02-22 22:35:37.912 27883 27936 E SQLiteDatabase: at X.35Y.A07(Unknown Source:212)
02-22 22:35:37.912 27883 27936 E SQLiteDatabase: at X.3QF.A14(Unknown Source:470)
02-22 22:35:37.912 27883 27936 E SQLiteDatabase: at X.3gU.run(Unknown Source:982)
02-22 22:35:37.912 27883 27936 E SQLiteDatabase: at android.os.Handler.handleCallback(Handler.java:938)
02-22 22:35:37.912 27883 27936 E SQLiteDatabase: at android.os.Handler.dispatchMessage(Handler.java:99)
02-22 22:35:37.912 27883 27936 E SQLiteDatabase: at X.0zq.dispatchMessage(Unknown Source:4)
02-22 22:35:37.912 27883 27936 E SQLiteDatabase: at android.os.Looper.loop(Looper.java:236)
02-22 22:35:37.912 27883 27936 E SQLiteDatabase: at android.os.HandlerThread.run(HandlerThread.java:67) --------- beginning of system --------- beginning of main
02-22 22:40:28.442 1528 1528 E com.whatsapp: Unknown bits set in runtime_flags: 0x800000
02-22 22:40:28.456 1528 1528 E com.whatsapp: Not starting debugger since process cannot load the jdwp agent.
02-22 22:40:28.782 1528 1528 W ResourceType: CREATING STRING CACHE OF 192 bytes
02-22 22:40:28.842 1528 1528 W System.err: java.lang.ClassNotFoundException: mbmodsd.mbmodsw.ui.views.btn.BtnBK
02-22 22:40:28.842 1528 1528 W System.err: at java.lang.Runtime.nativeLoad(Native Method)
02-22 22:40:28.842 1528 1528 W System.err: at java.lang.Runtime.nativeLoad(Runtime.java:1131)
02-22 22:40:28.842 1528 1528 W System.err: at java.lang.Runtime.loadLibrary0(Runtime.java:1085)
02-22 22:40:28.842 1528 1528 W System.err: at java.lang.Runtime.loadLibrary0(Runtime.java:1008)
02-22 22:40:28.842 1528 1528 W System.err: at java.lang.System.loadLibrary(System.java:1664)
02-22 22:40:28.843 1528 1528 W System.err: at arm.EpicVm.<clinit>(Unknown Source:2)
02-22 22:40:28.843 1528 1528 W System.err: at java.lang.Class.newInstance(Native Method)
02-22 22:40:28.843 1528 1528 W System.err: at android.app.AppComponentFactory.instantiateApplication(AppComponentFactory.java:76)
02-22 22:40:28.843 1528 1528 W System.err: at androidx.core.app.CoreComponentFactory.instantiateApplication(Unknown Source:0)
02-22 22:40:28.843 1528 1528 W System.err: at android.app.Instrumentation.newApplication(Instrumentation.java:1158)
02-22 22:40:28.843 1528 1528 W System.err: at android.app.LoadedApk.makeApplication(LoadedApk.java:1240)
02-22 22:40:28.843 1528 1528 W System.err: at android.app.ActivityThread.handleBindApplication(ActivityThread.java:6928)
02-22 22:40:28.843 1528 1528 W System.err: at android.app.ActivityThread.access$1500(ActivityThread.java:255)
02-22 22:40:28.843 1528 1528 W System.err: at android.app.ActivityThread$H.handleMessage(ActivityThread.java:1978)
02-22 22:40:28.843 1528 1528 W System.err: at android.os.Handler.dispatchMessage(Handler.java:106)
02-22 22:40:28.843 1528 1528 W System.err: at android.os.Looper.loop(Looper.java:236)
02-22 22:40:28.843 1528 1528 W System.err: at android.app.ActivityThread.main(ActivityThread.java:8019)
02-22 22:40:28.843 1528 1528 W System.err: at java.lang.reflect.Method.invoke(Native Method)
02-22 22:40:28.843 1528 1528 W System.err: at com.android.internal.os.RuntimeInit$MethodAndArgsCaller.run(RuntimeInit.java:600)
02-22 22:40:28.843 1528 1528 W System.err: at com.android.internal.os.ZygoteInit.main(ZygoteInit.java:967)
02-22 22:40:28.878 1528 1528 E CustomActivityOnCrash: IMPORTANT WARNING! You already have an UncaughtExceptionHandler, are you sure this is correct? If you use a custom UncaughtExceptionHandler, you must initialize it AFTER CustomActivityOnCrash! Installing anyway, but your original handler will not be called.
02-22 22:40:29.515 1528 1528 W com.whatsapp: Accessing hidden method Lcom/android/org/conscrypt/OpenSSLSocketImpl;->setUseSessionTickets(Z)V (greylist- max-q,test-api, reflection, denied)
02-22 22:40:29.515 1528 1528 W com.whatsapp: Accessing hidden method Lcom/android/org/conscrypt/AbstractConscryptSocket;->setUseSessionTickets(Z)V (greylist-max-q, reflection, denied)
02-22 22:40:29.639 1528 1528 W linker : Warning: "/data/data/com.whatsapp/files/decompressed/libs.spk.zst/libc++_shared.so" unused DT entry: unknown processor-specific (type 0x70000001 arg 0x0) (ignoring)
02-22 22:40:29.628 1528 1528 W com.whatsapp: type=1400 audit(0.0:480779): avc: granted { execute } for path="/data/data/com.whatsapp/files/decompressed/libs.spk.zst/libc++_shared.so" dev="dm-10" ino=372071 scontext=u:r:untrusted_app:s0:c213,c257,c512,c768 tcontext=u:object_r:app_data_file:s0:c213,c257,c512,c768 tclass=file app=com.whatsapp
02-22 22:40:29.638 1528 1528 W com.whatsapp: type=1400 audit(0.0:480780): avc: granted { execute } for path="/data/data/com.whatsapp/files/decompressed/libs.spk.zst/libvlc.so" dev="dm- 10" ino=335014 scontext=u:r:untrusted_app:s0:c213,c257,c512,c768 tcontext=u:object_r:app_data_file:s0:c213,c257,c512,c768 tclass=file app=com.whatsapp
02-22 22:40:29.648 1528 1528 W com.whatsapp: type=1400 audit(0.0:480781): avc: granted { execute } for path="/data/data/com.whatsapp/files/decompressed/libs.spk.zst/libwhatsapp.so" dev="dm-10" ino=335273 scontext=u:r:untrusted_app:s0:c213,c257,c512,c768 tcontext=u:object_r:app_data_file:s0:c213,c257,c512,c768 tclass=file app=com.whatsapp
02-22 22:40:29.748 1528 1528 W com.whatsapp: type=1400 audit(0.0:480782): avc: granted { execute } for path="/data/data/com.whatsapp/files/decompressed/libs.spk.zst/libcurve25519.so" dev="dm-10" ino=372156 scontext=u:r:untrusted_app:s0:c213,c257,c512,c768 tcontext=u:object_r:app_data_file:s0:c213,c257,c512,c768 tclass=file app=com.whatsapp
02-22 22:40:29.758 1528 1528 W com.whatsapp: type=1400 audit(0.0:480783): avc: granted { execute } for path="/data/data/com.whatsapp/files/decompressed/libs.spk.zst/libwhatsapp.so" dev="dm-10" ino=335273 scontext=u:r:untrusted_app:s0:c213,c257,c512,c768 tcontext=u:object_r:app_data_file:s0:c213,c257,c512,c768 tclass=file app=com.whatsapp
02-22 22:40:29.889 1528 1668 W com.whatsapp: Class X.2rL failed lock verification and will run slower.
02-22 22:40:29.889 1528 1668 W com.whatsapp: Common causes for lock verification issues are non-optimized dex code
02-22 22:40:29.889 1528 1668 W com.whatsapp: and incorrect proguard optimizations.
02-22 22:40:30.063 1528 1528 W Looper : PerfMonitor longMsg : seq=2 plan=22:40:28.489 late=12ms wall=1373ms running=520ms runnable=210ms io=463ms reclaim=1ms h=android.app.ActivityThread$H w=110 procState=8
02-22 22:40:30.173 1528 1528 E libc : Access denied finding property "ro.vendor.df.effect.conflict"
02-22 22:40:30.173 1528 1528 E libc : Access denied finding property "ro.vendor.knock.type"
02-22 22:40:32.798 1528 1845 W BpBinder: Slow Binder: BpBinder transact took 844 ms, interface=android.app.IActivityManager, code=22 oneway=false
02-22 22:40:33.329 1528 1845 W BpBinder: Slow Binder: BpBinder transact took 530 ms, interface=, code=1 oneway=false
02-22 22:40:34.133 1528 1845 W BpBinder: Slow Binder: BpBinder transact took 784 ms, interface=android.app.IActivityManager, code=22 oneway=false --------- beginning of main
02-22 22:46:10.963 7061 7061 E com.whatsapp: Unknown bits set in runtime_flags: 0x800000
02-22 22:46:10.971 7061 7061 E com.whatsapp: Not starting debugger since process cannot load the jdwp agent.
02-22 22:46:11.285 7061 7061 W ResourceType: CREATING STRING CACHE OF 192 bytes
02-22 22:46:11.352 7061 7061 W System.err: java.lang.ClassNotFoundException: mbmodsd.mbmodsw.ui.views.btn.BtnBK
02-22 22:46:11.352 7061 7061 W System.err: at java.lang.Runtime.nativeLoad(Native Method)
02-22 22:46:11.352 7061 7061 W System.err: at java.lang.Runtime.nativeLoad(Runtime.java:1131)
02-22 22:46:11.353 7061 7061 W System.err: at java.lang.Runtime.loadLibrary0(Runtime.java:1085)
02-22 22:46:11.353 7061 7061 W System.err: at java.lang.Runtime.loadLibrary0(Runtime.java:1008)
02-22 22:46:11.353 7061 7061 W System.err: at java.lang.System.loadLibrary(System.java:1664)
02-22 22:46:11.353 7061 7061 W System.err: at arm.EpicVm.<clinit>(Unknown Source:2)
02-22 22:46:11.353 7061 7061 W System.err: at java.lang.Class.newInstance(Native Method)
02-22 22:46:11.353 7061 7061 W System.err: at android.app.AppComponentFactory.instantiateApplication(AppComponentFactory.java:76)
02-22 22:46:11.353 7061 7061 W System.err: at androidx.core.app.CoreComponentFactory.instantiateApplication(Unknown Source:0)
02-22 22:46:11.353 7061 7061 W System.err: at android.app.Instrumentation.newApplication(Instrumentation.java:1158)
02-22 22:46:11.353 7061 7061 W System.err: at android.app.LoadedApk.makeApplication(LoadedApk.java:1240)
02-22 22:46:11.353 7061 7061 W System.err: at android.app.ActivityThread.handleBindApplication(ActivityThread.java:6928)
02-22 22:46:11.353 7061 7061 W System.err: at android.app.ActivityThread.access$1500(ActivityThread.java:255)
02-22 22:46:11.353 7061 7061 W System.err: at android.app.ActivityThread$H.handleMessage(ActivityThread.java:1978)
02-22 22:46:11.353 7061 7061 W System.err: at android.os.Handler.dispatchMessage(Handler.java:106)
02-22 22:46:11.353 7061 7061 W System.err: at android.os.Looper.loop(Looper.java:236)
02-22 22:46:11.353 7061 7061 W System.err: at android.app.ActivityThread.main(ActivityThread.java:8019)
02-22 22:46:11.353 7061 7061 W System.err: at java.lang.reflect.Method.invoke(Native Method)
02-22 22:46:11.353 7061 7061 W System.err: at com.android.internal.os.RuntimeInit$MethodAndArgsCaller.run(RuntimeInit.java:600)
02-22 22:46:11.353 7061 7061 W System.err: at com.android.internal.os.ZygoteInit.main(ZygoteInit.java:967)
02-22 22:46:11.367 7061 7061 E CustomActivityOnCrash: IMPORTANT WARNING! You already have an UncaughtExceptionHandler, are you sure this is correct? If you use a custom UncaughtExceptionHandler, you must initialize it AFTER CustomActivityOnCrash! Installing anyway, but your original handler will not be called.
02-22 22:46:11.685 7061 7061 W com.whatsapp: Accessing hidden method Lcom/android/org/conscrypt/OpenSSLSocketImpl;->setUseSessionTickets(Z)V (greylist- max-q,test-api, reflection, denied)
02-22 22:46:11.685 7061 7061 W com.whatsapp: Accessing hidden method Lcom/android/org/conscrypt/AbstractConscryptSocket;->setUseSessionTickets(Z)V (greylist-max-q, reflection, denied)
02-22 22:46:11.742 7061 7061 W linker : Warning: "/data/data/com.whatsapp/files/decompressed/libs.spk.zst/libc++_shared.so" unused DT entry: unknown processor-specific (type 0x70000001 arg 0x0) (ignoring)
02-22 22:46:11.886 7061 7137 W com.whatsapp: Class X.2rL failed lock verification and will run slower.
02-22 22:46:11.886 7061 7137 W com.whatsapp: Common causes for lock verification issues are non-optimized dex code
02-22 22:46:11.886 7061 7137 W com.whatsapp: and incorrect proguard optimizations.
02-22 22:46:11.901 7061 7061 W com.whatsapp: Class X.0eU failed lock verification and will run slower. --------- beginning of system
02-22 22:46:12.054 7061 7061 W Looper : PerfMonitor looperActivity : package=com.whatsapp/.Icon0 time=162ms latency=829ms running=84ms procState=2 ClientTransaction{ callbacks=[android.app.servertransaction.LaunchActivityItem] lifecycleRequest=android.app.servertransaction.ResumeActivityItem } historyMsgCount=3 (msgIndex=2 wall=748ms seq=2 running=302ms runnable=34ms io=290ms late=90ms h=android.app.ActivityThread$H w=110)
02-22 22:46:12.054 7061 7061 W Looper : PerfMonitor looperActivity : package=com.whatsapp/.Icon0 time=0ms latency=992ms running=0ms procState=2 ClientTransaction{ callbacks=[android.app.servertransaction.TopResumedActivityChang eItem] } historyMsgCount=4 (msgIndex=2 wall=748ms seq=2 running=302ms runnable=34ms io=290ms late=90ms h=android.app.ActivityThread$H w=110) (msgIndex=4 wall=162ms seq=4 running=84ms runnable=12ms io=36ms late=829ms h=android.app.ActivityThread$H w=159)
02-22 22:46:12.135 7061 7061 W com.whatsapp: Class com.whatsapp.HomeActivity failed lock verification and will run slower.
02-22 22:46:12.188 7061 7061 E ArmVmp : Match on catch block at 0xb0 in for 0xe9
02-22 22:46:12.272 7061 7061 E ArmVmp : Match on catch block at 0xb0 in for 0xe1
02-22 22:46:12.510 7061 7061 E ArmVmp : Match on catch block at 0x0a in for 0xc9
02-22 22:46:12.530 7061 7061 E ArmVmp : Match on catch block at 0x0a in for 0x131
02-22 22:46:12.678 7061 7176 W com.whatsapp: Accessing hidden method Lcom/android/org/conscrypt/ConscryptEngineSocket;->setUseSessionTickets(Z)V (greylist-max-q,test-api, reflection, denied)
02-22 22:46:12.678 7061 7176 W com.whatsapp: Accessing hidden method Lcom/android/org/conscrypt/OpenSSLSocketImpl;->setUseSessionTickets(Z)V (greylist- max-q,test-api, reflection, denied)
02-22 22:46:12.679 7061 7176 W com.whatsapp: Accessing hidden method Lcom/android/org/conscrypt/AbstractConscryptSocket;->setUseSessionTickets(Z)V (greylist-max-q, reflection, denied)
02-22 22:46:12.679 7061 7176 W com.whatsapp: Accessing hidden method Lcom/android/org/conscrypt/ConscryptEngineSocket;->setHostname(Ljava/lang/String;)V (greylist-max-q,test-api, reflection, denied)
02-22 22:46:12.679 7061 7176 W com.whatsapp: Accessing hidden method Lcom/android/org/conscrypt/OpenSSLSocketImpl;->setHostname(Ljava/lang/String;)V (greylist-max-q,test-api, reflection, denied)
02-22 22:46:12.679 7061 7176 W com.whatsapp: Accessing hidden method Lcom/android/org/conscrypt/AbstractConscryptSocket;->setHostname(Ljava/lang/ String;)V (greylist-max-q, reflection, denied)
02-22 22:46:12.679 7061 7176 W com.whatsapp: Accessing hidden method Lcom/android/org/conscrypt/OpenSSLSocketImpl;->setAlpnProtocols([B)V (greylist-max- q,test-api, reflection, denied)
02-22 22:46:12.679 7061 7176 W com.whatsapp: Accessing hidden method Lcom/android/org/conscrypt/AbstractConscryptSocket;->setAlpnProtocols([B)V (greylist-max-q, reflection, denied)
02-22 22:46:12.782 7061 7061 W Activity: Slow Operation: Activity com.whatsapp/.HomeActivity onCreate took 640ms
02-22 22:46:12.878 7061 7061 W Looper : PerfMonitor looperActivity : package=com.whatsapp/.HomeActivity time=0ms latency=799ms running=0ms procState=2 ClientTransaction{ callbacks=[android.app.servertransaction.TopResumedActivityChang eItem] } historyMsgCount=5 (msgIndex=5 wall=776ms seq=19 running=488ms runnable=43ms io=85ms late=24ms h=android.app.ActivityThread$H w=159)
02-22 22:46:12.902 7061 7061 W Looper : PerfMonitor looperActivity : package=com.whatsapp/.HomeActivity time=5ms latency=358ms running=1ms procState=2 ClientTransaction{ callbacks=[android.app.servertransaction.TopResumedActivityChang eItem] } historyMsgCount=13 (msgIndex=1 wall=776ms seq=19 running=488ms runnable=43ms io=85ms late=24ms h=android.app.ActivityThread$H w=159)
02-22 22:46:12.907 7061 7176 W com.whatsapp: Accessing hidden method Lcom/android/org/conscrypt/OpenSSLSocketImpl;->getAlpnSelectedProtocol()[B (greylist-max-q,test-api, reflection, denied)
02-22 22:46:12.907 7061 7176 W com.whatsapp: Accessing hidden method Lcom/android/org/conscrypt/AbstractConscryptSocket;->getAlpnSelectedProtocol()[B (greylist-max-q, reflection, denied)
02-22 22:46:12.940 7061 7061 W Looper : PerfMonitor looperActivity : package=com.whatsapp/.HomeActivity time=38ms latency=362ms running=13ms procState=2 ClientTransaction{ lifecycleRequest=android.app.servertransaction.PauseActivityItem } historyMsgCount=14 (msgIndex=1 wall=776ms seq=19 running=488ms runnable=43ms io=85ms late=24ms h=android.app.ActivityThread$H w=159)
02-22 22:46:14.019 7061 7061 E ArmVmp : Match on catch block at 0xb0 in for 0xf5
02-22 22:46:14.261 7061 7061 E ArmVmp : Match on catch block at 0xb0 in for 0xf1
02-22 22:46:14.323 7061 7061 E ArmVmp : Match on catch block at 0xb0 in for 0xf5
02-22 22:46:14.397 7061 7061 E ArmVmp : Match on catch block at 0xb0 in for 0xf1
02-22 22:46:14.527 7061 7061 E ArmVmp : Match on catch block at 0xb0 in for 0xf5
02-22 22:46:14.597 7061 7061 E ArmVmp : Match on catch block at 0xb0 in for 0xf9
02-22 22:46:14.660 7061 7061 E ArmVmp : Match on catch block at 0xb0 in for 0xf1
02-22 22:46:14.746 7061 7061 E ArmVmp : Match on catch block at 0xb0 in for 0xf5
02-22 22:46:14.795 7061 7061 E ArmVmp : Match on catch block at 0xb0 in for 0xf9
02-22 22:46:14.831 7061 7061 E RecyclerView: No adapter attached; skipping layout
02-22 22:46:14.858 7061 7061 W Looper : PerfMonitor longMsg : seq=47 plan=22:46:12.875 late=67ms wall=1915ms running=1160ms runnable=304ms io=209ms reclaim=4ms h=android.view.Choreographer$FrameHandler c=android.view.Choreographer$FrameDisplayEventReceiver procState=2
02-22 22:46:14.858 7061 7061 W Looper : PerfMonitor doFrame : time=1915ms vsyncFrame=0 latency=67ms procState=2 historyMsgCount=28 (msgIndex=1 wall=776ms seq=19 running=488ms runnable=43ms io=85ms late=24ms h=android.app.ActivityThread$H w=159)
02-22 22:46:14.877 7061 7061 W Looper : PerfMonitor looperActivity : package=com.whatsapp/.HomeActivity time=16ms latency=1921ms running=10ms procState=2 ClientTransaction{ lifecycleRequest=android.app.servertransaction.StopActivityItem } historyMsgCount=18 (msgIndex=15 wall=1915ms seq=47 running=1160ms runnable=304ms io=209ms reclaim=4ms late=67ms h=android.view.Choreographer$FrameHandler c=android.view.Choreographer$FrameDisplayEventReceiver)
02-22 22:46:14.962 7061 7061 W Looper : PerfMonitor doFrame : time=85ms vsyncFrame=0 latency=1902ms procState=2 historyMsgCount=7 (msgIndex=1 wall=1915ms seq=47 running=1160ms runnable=304ms io=209ms reclaim=4ms late=67ms h=android.view.Choreographer$FrameHandler c=android.view.Choreographer$FrameDisplayEventReceiver)
02-22 22:46:14.997 7061 7061 E ArmVmp : Match on catch block at 0x0a in for 0xd1
02-22 22:46:15.022 7061 7061 W Looper : PerfMonitor looperActivity : package=com.whatsapp/mbmodsd.mbmodsw.mbsettings.yo.PauseActivity time=29ms latency=1495ms running=18ms procState=2 ClientTransaction{ callbacks=[android.app.servertransaction.LaunchActivityItem] lifecycleRequest=android.app.servertransaction.ResumeActivityItem } historyMsgCount=45 (msgIndex=1 wall=1915ms seq=47 running=1160ms runnable=304ms io=209ms reclaim=4ms late=67ms h=android.view.Choreographer$FrameHandler c=android.view.Choreographer$FrameDisplayEventReceiver) (msgIndex=8 wall=85ms seq=54 running=57ms runnable=2ms io=10ms late=1902ms h=android.view.Choreographer$FrameHandler c=android.view.Choreographer$FrameDisplayEventReceiver)
02-22 22:46:15.022 7061 7061 W Looper : PerfMonitor looperActivity : package=com.whatsapp/mbmodsd.mbmodsw.mbsettings.yo.PauseActivity time=0ms latency=1524ms running=0ms procState=2 ClientTransaction{ callbacks=[android.app.servertransaction.TopResumedActivityChang eItem] } historyMsgCount=46 (msgIndex=1 wall=1915ms seq=47 running=1160ms runnable=304ms io=209ms reclaim=4ms late=67ms h=android.view.Choreographer$FrameHandler c=android.view.Choreographer$FrameDisplayEventReceiver) (msgIndex=8 wall=85ms seq=54 running=57ms runnable=2ms io=10ms late=1902ms h=android.view.Choreographer$FrameHandler c=android.view.Choreographer$FrameDisplayEventReceiver)
02-22 22:46:15.163 7061 7095 W LibraryVersion: Failed to get app version for libraryName: firebase-iid
02-22 22:46:15.329 7061 7425 W LOTTIE : Animation contains merge paths. Merge paths are only supported on KitKat+ and must be manually enabled by calling enableMergePathsForKitKatAndAbove().
02-22 22:46:15.374 7061 7061 E ArmVmp : Match on catch block at 0xb0 in for 0x129
02-22 22:46:15.381 7061 7061 E ArmVmp : Match on catch block at 0xb0 in for 0x129
02-22 22:46:15.388 7061 7061 E ArmVmp : Match on catch block at 0xb0 in for 0x129
02-22 22:46:15.393 7061 7061 E ArmVmp : Match on catch block at 0xb0 in for 0x129
02-22 22:46:15.448 7061 7061 E ArmVmp : Match on catch block at 0xb0 in for 0x129
02-22 22:46:15.455 7061 7061 E ArmVmp : Match on catch block at 0xb0 in for 0x129
02-22 22:46:15.465 7061 7061 E ArmVmp : Match on catch block at 0xb0 in for 0x129
02-22 22:46:15.470 7061 7061 E ArmVmp : Match on catch block at 0xb0 in for 0x129
02-22 22:46:15.725 7061 7061 W Looper : PerfMonitor doFrame : time=412ms vsyncFrame=0 latency=54ms procState=2 historyMsgCount=17 (msgIndex=1 wall=59ms seq=242 running=40ms runnable=5ms io=3ms late=121ms h=android.app.ActivityThread$H w=159)
02-22 22:46:15.838 7061 7061 E ArmVmp : Match on catch block at 0xb0 in for 0xf1
02-22 22:46:15.883 7061 7061 E ArmVmp : Match on catch block at 0xb0 in for 0xf5
02-22 22:46:15.979 7061 7061 W Looper : PerfMonitor doFrame : time=218ms vsyncFrame=0 latency=435ms procState=2 historyMsgCount=19 (msgIndex=1 wall=412ms seq=259 running=230ms runnable=37ms io=15ms late=54ms h=android.view.Choreographer$FrameHandler c=android.view.Choreographer$FrameDisplayEventReceiver)
02-22 22:46:15.983 7061 7061 W LOTTIE : Animation contains merge paths but they are disabled.
02-22 22:46:16.032 7061 7061 E ArmVmp : Match on catch block at 0xb0 in for 0xe9
02-22 22:46:16.048 7061 7061 E ArmVmp : Match on catch block at 0xb0 in for 0xe1
02-22 22:46:16.091 7061 7061 E ArmVmp : Match on catch block at 0x5b in for 0x89
02-22 22:46:16.141 7061 7061 E ArmVmp : Match on catch block at 0x5b in for 0x81
02-22 22:46:16.187 7061 7061 E ArmVmp : Match on catch block at 0x5b in for 0x89
02-22 22:46:16.372 7061 7061 W Looper : PerfMonitor doFrame : time=362ms vsyncFrame=0 latency=234ms procState=2 historyMsgCount=30 (msgIndex=1 wall=218ms seq=278 running=150ms runnable=17ms io=28ms late=435ms h=android.view.Choreographer$FrameHandler c=android.view.Choreographer$FrameDisplayEventReceiver)
02-22 22:46:16.467 7061 7061 W Looper : PerfMonitor doFrame : time=26ms vsyncFrame=0 latency=412ms procState=2 historyMsgCount=44 (msgIndex=1 wall=362ms seq=308 running=270ms runnable=12ms io=51ms late=234ms h=android.view.Choreographer$FrameHandler c=android.view.Choreographer$FrameDisplayEventReceiver)
02-22 22:46:16.704 7061 7061 E libc : Access denied finding property "ro.vendor.df.effect.conflict"
02-22 22:46:16.704 7061 7061 E libc : Access denied finding property "ro.vendor.knock.type"
02-22 22:46:17.714 7061 7488 E linker : library "" ("/apex/com.android.vndk.v30/lib64") needed or dlopened by "/apex/com.android.vndk.v30/lib64/libRS_internal.so" is not accessible for the namespace: [name="rs", ld_library_paths="", default_library_paths="/apex/com.android.vndk.v30/lib64:/vendor/lib64", permitted_paths="/odm/lib64:/vendor/lib64:/system/vendor/lib64:/data"]
02-22 22:46:17.715 7061 7488 E RenderScript: Failed loading RS driver: dlopen failed: library "" needed or dlopened by "/apex/com.android.vndk.v30/lib64/libRS_internal.so" is not accessible for the namespace "rs"
02-22 22:46:17.715 7061 7488 E RenderScript: Failed to load runtime , loading default
02-22 22:46:17.933 7061 7343 W BpBinder: Slow Binder: BpBinder transact took 853 ms, interface=android.app.IActivityManager, code=22 oneway=false
02-22 22:46:17.989 7061 7507 W LOTTIE : Unknown shape type rd
02-22 22:46:18.003 7061 7061 E ArmVmp : Match on catch block at 0xb0 in for 0xe5
02-22 22:46:18.008 7061 7061 E ArmVmp : Match on catch block at 0xb0 in for 0xe9
02-22 22:46:18.029 7061 7061 W Activity: Slow Operation: Activity com.whatsapp/.Conversation onCreate took 617ms
02-22 22:46:18.107 7061 7061 E ArmVmp : Match on catch block at 0x0a in for 0xc9
02-22 22:46:18.110 7061 7061 E ArmVmp : Match on catch block at 0x0a in for 0xc9
02-22 22:46:18.137 7061 7061 W Activity: Slow Operation: Activity com.whatsapp/.Conversation onStart took 107ms
