02-23 01:45:14.590 31235 31235 W Choreographer: Frame time is 0.063485 ms in the future! Check that graphics HAL is generating vsync timestamps using the correct timebase.
02-23 01:45:27.179 31235 3629 W AudioTrack: getTimestamp_l(11205): retrograde timestamp time corrected, 285825057374923 < 285825324989818
02-23 01:45:29.598 31235 31249 W System : A resource failed to call release.
02-23 01:45:29.599 31235 31249 W System : A resource failed to call release.
02-23 01:45:32.340 31235 3639 W Codec2Client: query -- param skipped: index = 1342179345.
02-23 01:45:32.340 31235 3639 W Codec2Client: query -- param skipped: index = 2415921170.
02-23 01:45:32.340 31235 3639 W Codec2Client: query -- param skipped: index = 1610614798.
02-23 01:45:32.348 31235 3639 W Codec2Client: query -- param skipped: index = 1342179345.
02-23 01:45:32.348 31235 3639 W Codec2Client: query -- param skipped: index = 2415921170.
02-23 01:45:32.348 31235 3639 W Codec2Client: query -- param skipped: index = 1610614798.
02-23 01:45:32.795 31235 3639 W Codec2Client: query -- param skipped: index = 1342179345.
02-23 01:45:32.795 31235 3639 W Codec2Client: query -- param skipped: index = 2415921170.
02-23 01:45:32.795 31235 3639 W Codec2Client: query -- param skipped: index = 1610614798.
02-23 01:45:32.932 31235 3940 W OMXUtils: do not know color format 0x7fa30c06 = 2141391878
02-23 01:45:32.933 31235 3940 W OMXUtils: do not know color format 0x7fa30c04 = 2141391876
02-23 01:45:32.933 31235 3940 W OMXUtils: do not know color format 0x7fa30c00 = 2141391872
02-23 01:45:32.933 31235 3940 W OMXUtils: do not know color format 0x7fa30c09 = 2141391881
02-23 01:45:32.934 31235 3940 W OMXUtils: do not know color format 0x7fa30c0a = 2141391882
02-23 01:45:32.934 31235 3940 W OMXUtils: do not know color format 0x7fa30c08 = 2141391880
02-23 01:45:32.934 31235 3940 W OMXUtils: do not know color format 0x7fa30c07 = 2141391879
02-23 01:45:32.935 31235 3940 W OMXUtils: do not know color format 0x7f000789 = 2130708361
02-23 01:45:32.948 31235 3940 W OMXUtils: do not know color format 0x7f000789 = 2130708361
02-23 01:45:34.407 31235 31235 E ArmVmp : Match on catch block at 0x38 in for 0xb9
02-23 01:45:34.407 31235 31235 W System.err: java.lang.NumberFormatException: For input string: ""
02-23 01:45:34.407 31235 31235 W System.err:
02-23 01:45:34.407 31235 31235 W System.err: at java.lang.Integer.parseInt(Integer.java:627)
02-23 01:45:34.407 31235 31235 W System.err:
02-23 01:45:34.407 31235 31235 W System.err: at java.lang.Integer.parseInt(Integer.java:650)
02-23 01:45:34.407 31235 31235 W System.err:
02-23 01:45:34.408 31235 31235 W System.err: at mbmodsd.mbmodsw.home.HomeActivity.mbcRe(Native Method)
02-23 01:45:34.408 31235 31235 W System.err:
02-23 01:45:34.408 31235 31235 W System.err: at com.whatsapp.HomeActivity.onPause(Unknown Source:9)
02-23 01:45:34.408 31235 31235 W System.err:
02-23 01:45:34.408 31235 31235 W System.err: at android.app.Activity.performPause(Activity.java:8343)
02-23 01:45:34.408 31235 31235 W System.err:
02-23 01:45:34.408 31235 31235 W System.err: at android.app.Instrumentation.callActivityOnPause(Instrumentation.java:1510)
02-23 01:45:34.408 31235 31235 W System.err:
02-23 01:45:34.408 31235 31235 W System.err: at android.app.ActivityThread.performPauseActivityIfNeeded(ActivityThread.java:4842)
02-23 01:45:34.408 31235 31235 W System.err:
02-23 01:45:34.408 31235 31235 W System.err: at android.app.ActivityThread.performPauseActivity(ActivityThread.java:4803)
02-23 01:45:34.408 31235 31235 W System.err:
02-23 01:45:34.408 31235 31235 W System.err: at android.app.ActivityThread.handlePauseActivity(ActivityThread.java:4751)
02-23 01:45:34.408 31235 31235 W System.err:
02-23 01:45:34.408 31235 31235 W System.err: at android.app.servertransaction.PauseActivityItem.execute(PauseActivityItem.java:46)
02-23 01:45:34.408 31235 31235 W System.err:
02-23 01:45:34.408 31235 31235 W System.err: at android.app.servertransaction.TransactionExecutor.executeLifecycleState(Transaction Executor.java:176)
02-23 01:45:34.408 31235 31235 W System.err:
02-23 01:45:34.408 31235 31235 W System.err: at android.app.servertransaction.TransactionExecutor.execute(TransactionExecutor.java: 97)
02-23 01:45:34.408 31235 31235 W System.err:
02-23 01:45:34.408 31235 31235 W System.err: at android.app.ActivityThread$H.handleMessage(ActivityThread.java:2131)
02-23 01:45:34.409 31235 31235 W System.err:
02-23 01:45:34.409 31235 31235 W System.err: at android.os.Handler.dispatchMessage(Handler.java:106)
02-23 01:45:34.409 31235 31235 W System.err:
02-23 01:45:34.409 31235 31235 W System.err: at android.os.Looper.loop(Looper.java:236)
02-23 01:45:34.409 31235 31235 W System.err:
02-23 01:45:34.409 31235 31235 W System.err: at android.app.ActivityThread.main(ActivityThread.java:8019)
02-23 01:45:34.409 31235 31235 W System.err:
02-23 01:45:34.409 31235 31235 W System.err: at java.lang.reflect.Method.invoke(Native Method)
02-23 01:45:34.409 31235 31235 W System.err:
02-23 01:45:34.409 31235 31235 W System.err: at com.android.internal.os.RuntimeInit$MethodAndArgsCaller.run(RuntimeInit.java:600)
02-23 01:45:34.409 31235 31235 W System.err:
02-23 01:45:34.409 31235 31235 W System.err: at com.android.internal.os.ZygoteInit.main(ZygoteInit.java:967)
02-23 01:45:34.409 31235 31235 W System.err:
02-23 01:45:36.107 31235 3936 W MPEG4Writer: Timed-out waiting for video track to reach final audio timestamp !
02-23 01:45:36.116 31235 3936 E MPEG4Writer: Stop() called but track is not started or stopped
02-23 01:45:36.116 31235 3936 E MPEG4Writer: Stop() called but track is not started or stopped
02-23 01:45:36.135 31235 3936 E libEGL : call to OpenGL ES API with no current context (logged once per thread)
02-23 01:45:36.528 31235 31286 E SQLiteDatabase: Error inserting transferred=0 media_job_uuid=183dc87c-8908-4329-ac53-d08df480242c transcoded=1 gif_attribution=0 first_scan_length=0 direct_path=null thumbnail_height_width_ratio=1.7777778 is_animated_sticker=0 file_hash=null file_path=/data/user/0/com.whatsapp/files/.Shared/cc35e254-316f-4750-ba92- 6e62c8e724ee.mp4 file_size=1372011 partial_media_hash=null face_x=0 face_y=0 height=0 trim_to=0 media_key_timestamp=0 message_url=null media_caption=null trim_from=0 mime_type=null partial_media_enc_hash=null width=0 original_file_hash=null has_streaming_sidecar=0 autotransfer_retry_enabled=1 media_upload_handle=null message_row_id=544 multicast_id=null enc_file_hash=null mute_video=0 page_count=0 first_scan_sidecar=null suspicious_content=0 file_length=1372011 media_name=cc35e254-316f-4750-ba92-6e62c8e724ee.mp4 media_duration=14 chat_row_id=89 media_key=null
02-23 01:45:36.528 31235 31286 E SQLiteDatabase: android.database.sqlite.SQLiteConstraintException: UNIQUE constraint failed: message_media.message_row_id (code 1555 SQLITE_CONSTRAINT_PRIMARYKEY)
02-23 01:45:36.528 31235 31286 E SQLiteDatabase: at android.database.sqlite.SQLiteConnection.nativeExecuteForLastInsertedRowId(Native Method)
02-23 01:45:36.528 31235 31286 E SQLiteDatabase: at android.database.sqlite.SQLiteConnection.executeForLastInsertedRowId(SQLiteConnecti on.java:938)
02-23 01:45:36.528 31235 31286 E SQLiteDatabase: at android.database.sqlite.SQLiteSession.executeForLastInsertedRowId(SQLiteSession.jav a:790)
02-23 01:45:36.528 31235 31286 E SQLiteDatabase: at android.database.sqlite.SQLiteStatement.executeInsert(SQLiteStatement.java:88)
02-23 01:45:36.528 31235 31286 E SQLiteDatabase: at android.database.sqlite.SQLiteDatabase.insertWithOnConflict(SQLiteDatabase.java:170 1)
02-23 01:45:36.528 31235 31286 E SQLiteDatabase: at android.database.sqlite.SQLiteDatabase.insert(SQLiteDatabase.java:1570)
02-23 01:45:36.528 31235 31286 E SQLiteDatabase: at X.2tm.A08(Unknown Source:6)
02-23 01:45:36.528 31235 31286 E SQLiteDatabase: at X.35Y.A07(Unknown Source:212)
02-23 01:45:36.528 31235 31286 E SQLiteDatabase: at X.3QF.A14(Unknown Source:470)
02-23 01:45:36.528 31235 31286 E SQLiteDatabase: at X.3gU.run(Unknown Source:982)
02-23 01:45:36.528 31235 31286 E SQLiteDatabase: at android.os.Handler.handleCallback(Handler.java:938)
02-23 01:45:36.528 31235 31286 E SQLiteDatabase: at android.os.Handler.dispatchMessage(Handler.java:99)
02-23 01:45:36.528 31235 31286 E SQLiteDatabase: at X.0zq.dispatchMessage(Unknown Source:4)
02-23 01:45:36.528 31235 31286 E SQLiteDatabase: at android.os.Looper.loop(Looper.java:236)
02-23 01:45:36.528 31235 31286 E SQLiteDatabase: at android.os.HandlerThread.run(HandlerThread.java:67)
02-23 01:45:39.192 31235 31286 E SQLiteDatabase: Error inserting transferred=1 media_job_uuid=183dc87c-8908-4329-ac53-d08df480242c transcoded=1 gif_attribution=0 first_scan_length=0 direct_path=/v/t62.7161- 24/35566610_795255455757971_166512977650985286_n.enc?ccb=11- 4&oh=01_AdQAmHeENTYGR9oUCOjuy7dIVZIpbgFkGSRHRetLcJbgeg&oe=65FF90E4&_nc_sid=5e03e0 thumbnail_height_width_ratio=1.7777778 is_animated_sticker=0 file_hash=zfkeTDYnBV4/0uBBe2lY6DryGH2TI7PN8IIcQJ9sBYI= file_path=Media/WhatsApp Video/Sent/VID-20240223-WA0001.mp4 file_size=1372011 partial_media_hash=null face_x=0 face_y=0 height=656 trim_to=0 media_key_timestamp=1708667137185 message_url=https://mmg.whatsapp.net/v/t62.7161- 24/35566610_795255455757971_166512977650985286_n.enc?ccb=11- 4&oh=01_AdQAmHeENTYGR9oUCOjuy7dIVZIpbgFkGSRHRetLcJbgeg&oe=65FF90E4&_nc_sid=5e03e0&m ms3=true media_caption=null trim_from=0 mime_type=video/mp4 partial_media_enc_hash=null width=368 original_file_hash=null has_streaming_sidecar=1 autotransfer_retry_enabled=0 media_upload_handle=null message_row_id=544 multicast_id=null enc_file_hash=pGOnmxkfTwOVxxve/q0dx9JAmqrHhpWQun7YOVXafGc= mute_video=0 page_count=0 first_scan_sidecar=null suspicious_content=0 file_length=1372011 media_name=cc35e254-316f-4750-ba92-6e62c8e724ee.mp4 media_duration=14 chat_row_id=89 media_key=[B@88343a1
02-23 01:45:39.192 31235 31286 E SQLiteDatabase: android.database.sqlite.SQLiteConstraintException: UNIQUE constraint failed: message_media.message_row_id (code 1555 SQLITE_CONSTRAINT_PRIMARYKEY)
02-23 01:45:39.192 31235 31286 E SQLiteDatabase: at android.database.sqlite.SQLiteConnection.nativeExecuteForLastInsertedRowId(Native Method)
02-23 01:45:39.192 31235 31286 E SQLiteDatabase: at android.database.sqlite.SQLiteConnection.executeForLastInsertedRowId(SQLiteConnecti on.java:938)
02-23 01:45:39.192 31235 31286 E SQLiteDatabase: at android.database.sqlite.SQLiteSession.executeForLastInsertedRowId(SQLiteSession.jav a:790)
02-23 01:45:39.192 31235 31286 E SQLiteDatabase: at android.database.sqlite.SQLiteStatement.executeInsert(SQLiteStatement.java:88)
02-23 01:45:39.192 31235 31286 E SQLiteDatabase: at android.database.sqlite.SQLiteDatabase.insertWithOnConflict(SQLiteDatabase.java:170 1)
02-23 01:45:39.192 31235 31286 E SQLiteDatabase: at android.database.sqlite.SQLiteDatabase.insert(SQLiteDatabase.java:1570)
02-23 01:45:39.192 31235 31286 E SQLiteDatabase: at X.2tm.A08(Unknown Source:6)
02-23 01:45:39.192 31235 31286 E SQLiteDatabase: at X.35Y.A07(Unknown Source:212)
02-23 01:45:39.192 31235 31286 E SQLiteDatabase: at X.3QF.A14(Unknown Source:470)
02-23 01:45:39.192 31235 31286 E SQLiteDatabase: at X.3gU.run(Unknown Source:982)
02-23 01:45:39.192 31235 31286 E SQLiteDatabase: at android.os.Handler.handleCallback(Handler.java:938)
02-23 01:45:39.192 31235 31286 E SQLiteDatabase: at android.os.Handler.dispatchMessage(Handler.java:99)
02-23 01:45:39.192 31235 31286 E SQLiteDatabase: at X.0zq.dispatchMessage(Unknown Source:4)
02-23 01:45:39.192 31235 31286 E SQLiteDatabase: at android.os.Looper.loop(Looper.java:236)
02-23 01:45:39.192 31235 31286 E SQLiteDatabase: at android.os.HandlerThread.run(HandlerThread.java:67)
02-23 01:45:41.143 31235 31235 E ArmVmp : Match on catch block at 0xb0 in for 0xe9
02-23 01:45:41.145 31235 31235 E ArmVmp : Match on catch block at 0xb0 in for 0xe9
02-23 01:45:41.204 31235 31235 W BottomSheetBehavior: BottomSheetBehavior now supports multiple callbacks. `setBottomSheetCallback()` removes all existing callbacks, including ones set internally by library authors, which may result in unintended behavior. This may change in the future. Please use `addBottomSheetCallback()` and `removeBottomSheetCallback()` instead to set your own callbacks.
02-23 01:45:41.204 31235 31235 W BottomSheetBehavior: BottomSheetBehavior now supports multiple callbacks. `setBottomSheetCallback()` removes all existing callbacks, including ones set internally by library authors, which may result in unintended behavior. This may change in the future. Please use `addBottomSheetCallback()` and `removeBottomSheetCallback()` instead to set your own callbacks.
02-23 01:45:41.237 31235 31235 W BottomSheetBehavior: BottomSheetBehavior now supports multiple callbacks. `setBottomSheetCallback()` removes all existing callbacks, including ones set internally by library authors, which may result in unintended behavior. This may change in the future. Please use `addBottomSheetCallback()` and `removeBottomSheetCallback()` instead to set your own callbacks.
02-23 01:45:41.237 31235 31235 W BottomSheetBehavior: BottomSheetBehavior now supports multiple callbacks. `setBottomSheetCallback()` removes all existing callbacks, including ones set internally by library authors, which may result in unintended behavior. This may change in the future. Please use `addBottomSheetCallback()` and `removeBottomSheetCallback()` instead to set your own callbacks.
02-23 01:45:41.329 31235 4078 W Codec2Client: query -- param skipped: index = 1107298332.
02-23 01:45:41.329 31235 4078 W CCodec : This behavior is subject to change. It is recommended that app developers double check whether the requested max input size is in reasonable range.
02-23 01:45:41.331 31235 4078 W Codec2Client: query -- param skipped: index = 1342179345.
02-23 01:45:41.331 31235 4078 W Codec2Client: query -- param skipped: index = 2415921170.
02-23 01:45:41.331 31235 4078 W Codec2Client: query -- param skipped: index = 1610614798.
02-23 01:45:41.331 31235 4078 E FMQ : grantorIdx must be less than 3
02-23 01:45:41.331 31235 4078 E FMQ : grantorIdx must be less than 3
02-23 01:45:41.334 31235 4078 E FMQ : grantorIdx must be less than 3
02-23 01:45:41.344 31235 32578 E FMQ : grantorIdx must be less than 3
02-23 01:45:42.765 31235 31235 W Choreographer: Frame time is 0.134993 ms in the future! Check that graphics HAL is generating vsync timestamps using the correct timebase.
02-23 01:45:49.424 31235 4078 W Codec2Client: query -- param skipped: index = 1342179345.
02-23 01:45:49.424 31235 4078 W Codec2Client: query -- param skipped: index = 2415921170.
02-23 01:45:49.424 31235 4078 W Codec2Client: query -- param skipped: index = 1610614798. --------- beginning of main
02-23 01:45:59.179 4155 4155 W System.err: java.lang.ClassNotFoundException: mbmodsd.mbmodsw.ui.views.btn.BtnBK
02-23 01:45:59.180 4155 4155 W System.err: at java.lang.Runtime.nativeLoad(Native Method)
02-23 01:45:59.180 4155 4155 W System.err: at java.lang.Runtime.nativeLoad(Runtime.java:1131)
02-23 01:45:59.180 4155 4155 W System.err: at java.lang.Runtime.loadLibrary0(Runtime.java:1085)
02-23 01:45:59.180 4155 4155 W System.err: at java.lang.Runtime.loadLibrary0(Runtime.java:1008)
02-23 01:45:59.180 4155 4155 W System.err: at java.lang.System.loadLibrary(System.java:1664)
02-23 01:45:59.181 4155 4155 W System.err: at arm.EpicVm.<clinit>(Unknown Source:2)
02-23 01:45:59.181 4155 4155 W System.err: at java.lang.Class.newInstance(Native Method)
02-23 01:45:59.181 4155 4155 W System.err: at android.app.AppComponentFactory.instantiateApplication(AppComponentFactory.java:76)
02-23 01:45:59.181 4155 4155 W System.err: at androidx.core.app.CoreComponentFactory.instantiateApplication(Unknown Source:0)
02-23 01:45:59.181 4155 4155 W System.err: at android.app.Instrumentation.newApplication(Instrumentation.java:1158)
02-23 01:45:59.181 4155 4155 W System.err: at android.app.LoadedApk.makeApplication(LoadedApk.java:1240)
02-23 01:45:59.181 4155 4155 W System.err: at android.app.ActivityThread.handleBindApplication(ActivityThread.java:6928)
02-23 01:45:59.181 4155 4155 W System.err: at android.app.ActivityThread.access$1500(ActivityThread.java:255)
02-23 01:45:59.181 4155 4155 W System.err: at android.app.ActivityThread$H.handleMessage(ActivityThread.java:1978)
02-23 01:45:59.181 4155 4155 W System.err: at android.os.Handler.dispatchMessage(Handler.java:106)
02-23 01:45:59.181 4155 4155 W System.err: at android.os.Looper.loop(Looper.java:236)
02-23 01:45:59.181 4155 4155 W System.err: at android.app.ActivityThread.main(ActivityThread.java:8019)
02-23 01:45:59.181 4155 4155 W System.err: at java.lang.reflect.Method.invoke(Native Method)
02-23 01:45:59.181 4155 4155 W System.err: at com.android.internal.os.RuntimeInit$MethodAndArgsCaller.run(RuntimeInit.java:600)
02-23 01:45:59.181 4155 4155 W System.err: at com.android.internal.os.ZygoteInit.main(ZygoteInit.java:967)
02-23 01:45:59.195 4155 4155 E CustomActivityOnCrash: IMPORTANT WARNING! You already have an UncaughtExceptionHandler, are you sure this is correct? If you use a custom UncaughtExceptionHandler, you must initialize it AFTER CustomActivityOnCrash! Installing anyway, but your original handler will not be called.
02-23 01:45:59.205 4155 4155 W firebase-iid-ex: type=1400 audit(0.0:502541): avc: denied { read } for name="u:object_r:vendor_displayfeature_prop:s0" dev="tmpfs" ino=1232 scontext=u:r:untrusted_app:s0:c213,c257,c512,c768 tcontext=u:object_r:vendor_displayfeature_prop:s0 tclass=file permissive=0 app=com.whatsapp
02-23 01:45:59.222 4155 4182 E libc : Access denied finding property "ro.vendor.df.effect.conflict"
02-23 01:45:59.222 4155 4182 E libc : Access denied finding property "ro.vendor.knock.type"
02-23 01:45:59.262 4155 4182 W LibraryVersion: Failed to get app version for libraryName: firebase-iid
02-23 01:45:59.692 4155 4155 W com.whatsapp: Accessing hidden method Lcom/android/org/conscrypt/OpenSSLSocketImpl;->setUseSessionTickets(Z)V (greylist- max-q,test-api, reflection, denied)
02-23 01:45:59.693 4155 4155 W com.whatsapp: Accessing hidden method Lcom/android/org/conscrypt/AbstractConscryptSocket;->setUseSessionTickets(Z)V (greylist-max-q, reflection, denied)
02-23 01:45:59.765 4155 4155 W com.whatsapp: type=1400 audit(0.0:502542): avc: granted { execute } for path="/data/data/com.whatsapp/files/decompressed/libs.spk.zst/libc++_shared.so" dev="dm-10" ino=372071 scontext=u:r:untrusted_app:s0:c213,c257,c512,c768 tcontext=u:object_r:app_data_file:s0:c213,c257,c512,c768 tclass=file app=com.whatsapp
02-23 01:45:59.782 4155 4155 W linker : Warning: "/data/data/com.whatsapp/files/decompressed/libs.spk.zst/libc++_shared.so" unused DT entry: unknown processor-specific (type 0x70000001 arg 0x0) (ignoring)
02-23 01:45:59.785 4155 4155 W com.whatsapp: type=1400 audit(0.0:502543): avc: granted { execute } for path="/data/data/com.whatsapp/files/decompressed/libs.spk.zst/libvlc.so" dev="dm- 10" ino=335014 scontext=u:r:untrusted_app:s0:c213,c257,c512,c768 tcontext=u:object_r:app_data_file:s0:c213,c257,c512,c768 tclass=file app=com.whatsapp
02-23 01:45:59.795 4155 4155 W com.whatsapp: type=1400 audit(0.0:502544): avc: granted { execute } for path="/data/data/com.whatsapp/files/decompressed/libs.spk.zst/libwhatsapp.so" dev="dm-10" ino=335273 scontext=u:r:untrusted_app:s0:c213,c257,c512,c768 tcontext=u:object_r:app_data_file:s0:c213,c257,c512,c768 tclass=file app=com.whatsapp
02-23 01:45:59.845 4155 4155 W com.whatsapp: type=1400 audit(0.0:502545): avc: granted { execute } for path="/data/data/com.whatsapp/files/decompressed/libs.spk.zst/libcurve25519.so" dev="dm-10" ino=372156 scontext=u:r:untrusted_app:s0:c213,c257,c512,c768 tcontext=u:object_r:app_data_file:s0:c213,c257,c512,c768 tclass=file app=com.whatsapp
02-23 01:45:59.865 4155 4155 W com.whatsapp: type=1400 audit(0.0:502546): avc: granted { execute } for path="/data/data/com.whatsapp/files/decompressed/libs.spk.zst/libwhatsapp.so" dev="dm-10" ino=335273 scontext=u:r:untrusted_app:s0:c213,c257,c512,c768 tcontext=u:object_r:app_data_file:s0:c213,c257,c512,c768 tclass=file app=com.whatsapp
02-23 01:45:59.865 4155 4155 W com.whatsapp: type=1400 audit(0.0:502548): avc: granted { execute } for path="/data/data/com.whatsapp/files/decompressed/libs.spk.zst/libwhatsapp.so" dev="dm-10" ino=335273 scontext=u:r:untrusted_app:s0:c213,c257,c512,c768 tcontext=u:object_r:app_data_file:s0:c213,c257,c512,c768 tclass=file app=com.whatsapp
02-23 01:46:00.089 4155 4242 W com.whatsapp: Class X.2rL failed lock verification and will run slower.
02-23 01:46:00.089 4155 4242 W com.whatsapp: Common causes for lock verification issues are non-optimized dex code
02-23 01:46:00.089 4155 4242 W com.whatsapp: and incorrect proguard optimizations. --------- beginning of system
02-23 01:46:01.750 4155 4508 W BpBinder: Slow Binder: BpBinder transact took 553 ms, interface=android.app.IActivityManager, code=22 oneway=false
02-23 01:46:01.997 4155 4508 W BpBinder: Slow Binder: BpBinder transact took 247 ms, interface=android.content.IContentProvider, code=1 oneway=false --------- beginning of main
02-23 02:00:16.606 6625 6625 E com.whatsapp: Unknown bits set in runtime_flags: 0x800000
02-23 02:00:16.626 6625 6625 E com.whatsapp: Not starting debugger since process cannot load the jdwp agent.
02-23 02:00:17.348 6625 6625 W ResourceType: CREATING STRING CACHE OF 192 bytes
02-23 02:00:17.416 6625 6625 W System.err: java.lang.ClassNotFoundException: mbmodsd.mbmodsw.ui.views.btn.BtnBK
02-23 02:00:17.422 6625 6625 W System.err: at java.lang.Runtime.nativeLoad(Native Method)
02-23 02:00:17.422 6625 6625 W System.err: at java.lang.Runtime.nativeLoad(Runtime.java:1131)
02-23 02:00:17.422 6625 6625 W System.err: at java.lang.Runtime.loadLibrary0(Runtime.java:1085)
02-23 02:00:17.422 6625 6625 W System.err: at java.lang.Runtime.loadLibrary0(Runtime.java:1008)
02-23 02:00:17.422 6625 6625 W System.err: at java.lang.System.loadLibrary(System.java:1664)
02-23 02:00:17.422 6625 6625 W System.err: at arm.EpicVm.<clinit>(Unknown Source:2)
02-23 02:00:17.422 6625 6625 W System.err: at java.lang.Class.newInstance(Native Method)
02-23 02:00:17.422 6625 6625 W System.err: at android.app.AppComponentFactory.instantiateApplication(AppComponentFactory.java:76)
02-23 02:00:17.422 6625 6625 W System.err: at androidx.core.app.CoreComponentFactory.instantiateApplication(Unknown Source:0)
02-23 02:00:17.422 6625 6625 W System.err: at android.app.Instrumentation.newApplication(Instrumentation.java:1158)
02-23 02:00:17.422 6625 6625 W System.err: at android.app.LoadedApk.makeApplication(LoadedApk.java:1240)
02-23 02:00:17.422 6625 6625 W System.err: at android.app.ActivityThread.handleBindApplication(ActivityThread.java:6928)
02-23 02:00:17.422 6625 6625 W System.err: at android.app.ActivityThread.access$1500(ActivityThread.java:255)
02-23 02:00:17.422 6625 6625 W System.err: at android.app.ActivityThread$H.handleMessage(ActivityThread.java:1978)
02-23 02:00:17.423 6625 6625 W System.err: at android.os.Handler.dispatchMessage(Handler.java:106)
02-23 02:00:17.423 6625 6625 W System.err: at android.os.Looper.loop(Looper.java:236)
02-23 02:00:17.423 6625 6625 W System.err: at android.app.ActivityThread.main(ActivityThread.java:8019)
02-23 02:00:17.423 6625 6625 W System.err: at java.lang.reflect.Method.invoke(Native Method)
02-23 02:00:17.423 6625 6625 W System.err: at com.android.internal.os.RuntimeInit$MethodAndArgsCaller.run(RuntimeInit.java:600)
02-23 02:00:17.423 6625 6625 W System.err: at com.android.internal.os.ZygoteInit.main(ZygoteInit.java:967)
02-23 02:00:17.450 6625 6625 E CustomActivityOnCrash: IMPORTANT WARNING! You already have an UncaughtExceptionHandler, are you sure this is correct? If you use a custom UncaughtExceptionHandler, you must initialize it AFTER CustomActivityOnCrash! Installing anyway, but your original handler will not be called.
02-23 02:00:17.964 6625 6625 W com.whatsapp: Accessing hidden method Lcom/android/org/conscrypt/OpenSSLSocketImpl;->setUseSessionTickets(Z)V (greylist- max-q,test-api, reflection, denied)
02-23 02:00:17.964 6625 6625 W com.whatsapp: Accessing hidden method Lcom/android/org/conscrypt/AbstractConscryptSocket;->setUseSessionTickets(Z)V (greylist-max-q, reflection, denied)
02-23 02:00:18.036 6625 6625 W linker : Warning: "/data/data/com.whatsapp/files/decompressed/libs.spk.zst/libc++_shared.so" unused DT entry: unknown processor-specific (type 0x70000001 arg 0x0) (ignoring)
02-23 02:00:18.021 6625 6625 W com.whatsapp: type=1400 audit(0.0:504684): avc: granted { execute } for path="/data/data/com.whatsapp/files/decompressed/libs.spk.zst/libc++_shared.so" dev="dm-10" ino=372071 scontext=u:r:untrusted_app:s0:c213,c257,c512,c768 tcontext=u:object_r:app_data_file:s0:c213,c257,c512,c768 tclass=file app=com.whatsapp
02-23 02:00:18.031 6625 6625 W com.whatsapp: type=1400 audit(0.0:504685): avc: granted { execute } for path="/data/data/com.whatsapp/files/decompressed/libs.spk.zst/libvlc.so" dev="dm- 10" ino=335014 scontext=u:r:untrusted_app:s0:c213,c257,c512,c768 tcontext=u:object_r:app_data_file:s0:c213,c257,c512,c768 tclass=file app=com.whatsapp
02-23 02:00:18.041 6625 6625 W com.whatsapp: type=1400 audit(0.0:504686): avc: granted { execute } for path="/data/data/com.whatsapp/files/decompressed/libs.spk.zst/libwhatsapp.so" dev="dm-10" ino=335273 scontext=u:r:untrusted_app:s0:c213,c257,c512,c768 tcontext=u:object_r:app_data_file:s0:c213,c257,c512,c768 tclass=file app=com.whatsapp
02-23 02:00:18.101 6625 6625 W com.whatsapp: type=1400 audit(0.0:504687): avc: granted { execute } for path="/data/data/com.whatsapp/files/decompressed/libs.spk.zst/libcurve25519.so" dev="dm-10" ino=372156 scontext=u:r:untrusted_app:s0:c213,c257,c512,c768 tcontext=u:object_r:app_data_file:s0:c213,c257,c512,c768 tclass=file app=com.whatsapp
02-23 02:00:18.111 6625 6625 W com.whatsapp: type=1400 audit(0.0:504688): avc: granted { execute } for path="/data/data/com.whatsapp/files/decompressed/libs.spk.zst/libwhatsapp.so" dev="dm-10" ino=335273 scontext=u:r:untrusted_app:s0:c213,c257,c512,c768 tcontext=u:object_r:app_data_file:s0:c213,c257,c512,c768 tclass=file app=com.whatsapp
02-23 02:00:18.254 6625 6675 W com.whatsapp: Class X.2rL failed lock verification and will run slower.
02-23 02:00:18.254 6625 6675 W com.whatsapp: Common causes for lock verification issues are non-optimized dex code
02-23 02:00:18.254 6625 6675 W com.whatsapp: and incorrect proguard optimizations. --------- beginning of system
02-23 02:00:18.279 6625 6625 W Looper : PerfMonitor longMsg : seq=2 plan=02:00:16.698 late=9ms wall=1532ms running=751ms runnable=51ms io=565ms h=android.app.ActivityThread$H w=110 procState=11
02-23 02:00:18.353 6625 6625 E libc : Access denied finding property "ro.vendor.df.effect.conflict"
02-23 02:00:18.354 6625 6625 E libc : Access denied finding property "ro.vendor.knock.type"
02-23 02:00:20.269 6625 6640 W System : A resource failed to call end.
02-23 02:00:20.269 6625 6640 W System : A resource failed to call end.
02-23 02:00:21.208 6625 6640 W System : A resource failed to call end.
02-23 02:00:21.625 6625 6640 W System : A resource failed to call end. --------- beginning of main
02-23 02:48:29.352 7860 7860 E com.whatsapp: Unknown bits set in runtime_flags: 0x800000
02-23 02:48:29.357 7860 7860 E com.whatsapp: Not starting debugger since process cannot load the jdwp agent.
02-23 02:48:29.619 7860 7860 W ResourceType: CREATING STRING CACHE OF 192 bytes
02-23 02:48:29.669 7860 7860 W System.err: java.lang.ClassNotFoundException: mbmodsd.mbmodsw.ui.views.btn.BtnBK
02-23 02:48:29.673 7860 7860 W System.err: at java.lang.Runtime.nativeLoad(Native Method)
02-23 02:48:29.674 7860 7860 W System.err: at java.lang.Runtime.nativeLoad(Runtime.java:1131)
02-23 02:48:29.674 7860 7860 W System.err: at java.lang.Runtime.loadLibrary0(Runtime.java:1085)
02-23 02:48:29.674 7860 7860 W System.err: at java.lang.Runtime.loadLibrary0(Runtime.java:1008)
02-23 02:48:29.674 7860 7860 W System.err: at java.lang.System.loadLibrary(System.java:1664)
02-23 02:48:29.674 7860 7860 W System.err: at arm.EpicVm.<clinit>(Unknown Source:2)
02-23 02:48:29.674 7860 7860 W System.err: at java.lang.Class.newInstance(Native Method)
02-23 02:48:29.674 7860 7860 W System.err: at android.app.AppComponentFactory.instantiateApplication(AppComponentFactory.java:76)
02-23 02:48:29.674 7860 7860 W System.err: at androidx.core.app.CoreComponentFactory.instantiateApplication(Unknown Source:0)
02-23 02:48:29.674 7860 7860 W System.err: at android.app.Instrumentation.newApplication(Instrumentation.java:1158)
02-23 02:48:29.674 7860 7860 W System.err: at android.app.LoadedApk.makeApplication(LoadedApk.java:1240)
02-23 02:48:29.674 7860 7860 W System.err: at android.app.ActivityThread.handleBindApplication(ActivityThread.java:6928)
02-23 02:48:29.674 7860 7860 W System.err: at android.app.ActivityThread.access$1500(ActivityThread.java:255)
02-23 02:48:29.674 7860 7860 W System.err: at android.app.ActivityThread$H.handleMessage(ActivityThread.java:1978)
02-23 02:48:29.674 7860 7860 W System.err: at android.os.Handler.dispatchMessage(Handler.java:106)
02-23 02:48:29.674 7860 7860 W System.err: at android.os.Looper.loop(Looper.java:236)
02-23 02:48:29.674 7860 7860 W System.err: at android.app.ActivityThread.main(ActivityThread.java:8019)
02-23 02:48:29.674 7860 7860 W System.err: at java.lang.reflect.Method.invoke(Native Method)
02-23 02:48:29.674 7860 7860 W System.err: at com.android.internal.os.RuntimeInit$MethodAndArgsCaller.run(RuntimeInit.java:600)
02-23 02:48:29.674 7860 7860 W System.err: at com.android.internal.os.ZygoteInit.main(ZygoteInit.java:967)
02-23 02:48:29.686 7860 7860 E CustomActivityOnCrash: IMPORTANT WARNING! You already have an UncaughtExceptionHandler, are you sure this is correct? If you use a custom UncaughtExceptionHandler, you must initialize it AFTER CustomActivityOnCrash! Installing anyway, but your original handler will not be called.
02-23 02:48:30.184 7860 7860 W com.whatsapp: Accessing hidden method Lcom/android/org/conscrypt/OpenSSLSocketImpl;->setUseSessionTickets(Z)V (greylist- max-q,test-api, reflection, denied)
02-23 02:48:30.184 7860 7860 W com.whatsapp: Accessing hidden method Lcom/android/org/conscrypt/AbstractConscryptSocket;->setUseSessionTickets(Z)V (greylist-max-q, reflection, denied)
02-23 02:48:30.337 7860 7860 W linker : Warning: "/data/data/com.whatsapp/files/decompressed/libs.spk.zst/libc++_shared.so" unused DT entry: unknown processor-specific (type 0x70000001 arg 0x0) (ignoring)
02-23 02:48:30.324 7860 7860 W com.whatsapp: type=1400 audit(0.0:510252): avc: granted { execute } for path="/data/data/com.whatsapp/files/decompressed/libs.spk.zst/libc++_shared.so" dev="dm-10" ino=372071 scontext=u:r:untrusted_app:s0:c213,c257,c512,c768 tcontext=u:object_r:app_data_file:s0:c213,c257,c512,c768 tclass=file app=com.whatsapp
02-23 02:48:30.334 7860 7860 W com.whatsapp: type=1400 audit(0.0:510253): avc: granted { execute } for path="/data/data/com.whatsapp/files/decompressed/libs.spk.zst/libvlc.so" dev="dm- 10" ino=335014 scontext=u:r:untrusted_app:s0:c213,c257,c512,c768 tcontext=u:object_r:app_data_file:s0:c213,c257,c512,c768 tclass=file app=com.whatsapp
02-23 02:48:30.344 7860 7860 W com.whatsapp: type=1400 audit(0.0:510254): avc: granted { execute } for path="/data/data/com.whatsapp/files/decompressed/libs.spk.zst/libwhatsapp.so" dev="dm-10" ino=335273 scontext=u:r:untrusted_app:s0:c213,c257,c512,c768 tcontext=u:object_r:app_data_file:s0:c213,c257,c512,c768 tclass=file app=com.whatsapp
02-23 02:48:30.384 7860 7860 W com.whatsapp: type=1400 audit(0.0:510255): avc: granted { execute } for path="/data/data/com.whatsapp/files/decompressed/libs.spk.zst/libcurve25519.so" dev="dm-10" ino=372156 scontext=u:r:untrusted_app:s0:c213,c257,c512,c768 tcontext=u:object_r:app_data_file:s0:c213,c257,c512,c768 tclass=file app=com.whatsapp
02-23 02:48:30.394 7860 7860 W com.whatsapp: type=1400 audit(0.0:510256): avc: granted { execute } for path="/data/data/com.whatsapp/files/decompressed/libs.spk.zst/libwhatsapp.so" dev="dm-10" ino=335273 scontext=u:r:untrusted_app:s0:c213,c257,c512,c768 tcontext=u:object_r:app_data_file:s0:c213,c257,c512,c768 tclass=file app=com.whatsapp --------- beginning of system
02-23 02:48:30.515 7860 7860 W Looper : PerfMonitor longMsg : seq=2 plan=02:48:29.378 late=2ms wall=1129ms running=521ms runnable=42ms io=350ms h=android.app.ActivityThread$H w=110 procState=11
02-23 02:48:30.518 7860 7991 W com.whatsapp: Class X.2rL failed lock verification and will run slower.
02-23 02:48:30.518 7860 7991 W com.whatsapp: Common causes for lock verification issues are non-optimized dex code
02-23 02:48:30.518 7860 7991 W com.whatsapp: and incorrect proguard optimizations.
02-23 02:48:30.739 7860 7860 E libc : Access denied finding property "ro.vendor.df.effect.conflict"
02-23 02:48:30.739 7860 7860 E libc : Access denied finding property "ro.vendor.knock.type"
02-23 02:48:53.668 7860 7879 W System : A resource failed to call close.
02-23 02:48:53.669 7860 7879 W System : A resource failed to call close.
02-23 02:48:56.680 7860 7879 W System : A resource failed to call close.
02-23 02:48:56.681 7860 7879 W System : A resource failed to call close.
02-23 02:50:51.189 7860 7879 W System : A resource failed to call close.
02-23 02:50:51.190 7860 7879 W System : A resource failed to call close.
02-23 02:50:57.530 7860 7879 W System : A resource failed to call close.
02-23 02:50:57.533 7860 7879 W System : A resource failed to call close.
02-23 02:51:05.716 7860 7879 W System : A resource failed to call close.
02-23 02:51:05.727 7860 7879 W System : A resource failed to call close.
02-23 02:51:09.213 7860 7879 W System : A resource failed to call close.
02-23 02:51:09.216 7860 7879 W System : A resource failed to call close.
02-23 02:51:09.216 7860 7879 W System : A resource failed to call close.
02-23 02:51:09.216 7860 7879 W System : A resource failed to call close.
02-23 02:51:54.164 7860 7879 W System : A resource failed to call close.
02-23 02:51:54.165 7860 7879 W System : A resource failed to call close.
02-23 02:51:54.165 7860 7879 W System : A resource failed to call close.
02-23 02:51:54.167 7860 7879 W System : A resource failed to call close.
02-23 02:54:27.125 7860 7879 W System : A resource failed to call close.
02-23 02:54:27.128 7860 7879 W System : A resource failed to call close.
02-23 02:55:13.613 7860 7879 W System : A resource failed to call close.
02-23 02:55:13.615 7860 7879 W System : A resource failed to call close. --------- beginning of system
02-23 03:19:36.837 7860 9424 W BpBinder: Slow Binder: BpBinder transact took 306 ms, interface=android.content.IContentProvider, code=1 oneway=false --------- beginning of main
02-23 05:46:37.400 12260 12260 E com.whatsapp: Unknown bits set in runtime_flags: 0x800000
02-23 05:46:37.406 12260 12260 E com.whatsapp: Not starting debugger since process cannot load the jdwp agent.
02-23 05:46:37.640 12260 12260 W ResourceType: CREATING STRING CACHE OF 192 bytes
02-23 05:46:37.724 12260 12260 W System.err: java.lang.ClassNotFoundException: mbmodsd.mbmodsw.ui.views.btn.BtnBK
02-23 05:46:37.725 12260 12260 W System.err: at java.lang.Runtime.nativeLoad(Native Method)
02-23 05:46:37.725 12260 12260 W System.err: at java.lang.Runtime.nativeLoad(Runtime.java:1131)
02-23 05:46:37.725 12260 12260 W System.err: at java.lang.Runtime.loadLibrary0(Runtime.java:1085)
02-23 05:46:37.725 12260 12260 W System.err: at java.lang.Runtime.loadLibrary0(Runtime.java:1008)
02-23 05:46:37.725 12260 12260 W System.err: at java.lang.System.loadLibrary(System.java:1664)
02-23 05:46:37.725 12260 12260 W System.err: at arm.EpicVm.<clinit>(Unknown Source:2)
02-23 05:46:37.725 12260 12260 W System.err: at java.lang.Class.newInstance(Native Method)
02-23 05:46:37.725 12260 12260 W System.err: at android.app.AppComponentFactory.instantiateApplication(AppComponentFactory.java:76)
02-23 05:46:37.725 12260 12260 W System.err: at androidx.core.app.CoreComponentFactory.instantiateApplication(Unknown Source:0)
02-23 05:46:37.725 12260 12260 W System.err: at android.app.Instrumentation.newApplication(Instrumentation.java:1158)
02-23 05:46:37.725 12260 12260 W System.err: at android.app.LoadedApk.makeApplication(LoadedApk.java:1240)
02-23 05:46:37.725 12260 12260 W System.err: at android.app.ActivityThread.handleBindApplication(ActivityThread.java:6928)
02-23 05:46:37.725 12260 12260 W System.err: at android.app.ActivityThread.access$1500(ActivityThread.java:255)
02-23 05:46:37.725 12260 12260 W System.err: at android.app.ActivityThread$H.handleMessage(ActivityThread.java:1978)
02-23 05:46:37.725 12260 12260 W System.err: at android.os.Handler.dispatchMessage(Handler.java:106)
02-23 05:46:37.725 12260 12260 W System.err: at android.os.Looper.loop(Looper.java:236)
02-23 05:46:37.725 12260 12260 W System.err: at android.app.ActivityThread.main(ActivityThread.java:8019)
02-23 05:46:37.725 12260 12260 W System.err: at java.lang.reflect.Method.invoke(Native Method)
02-23 05:46:37.726 12260 12260 W System.err: at com.android.internal.os.RuntimeInit$MethodAndArgsCaller.run(RuntimeInit.java:600)
02-23 05:46:37.726 12260 12260 W System.err: at com.android.internal.os.ZygoteInit.main(ZygoteInit.java:967)
02-23 05:46:37.755 12260 12260 E CustomActivityOnCrash: IMPORTANT WARNING! You already have an UncaughtExceptionHandler, are you sure this is correct? If you use a custom UncaughtExceptionHandler, you must initialize it AFTER CustomActivityOnCrash! Installing anyway, but your original handler will not be called.
02-23 05:46:38.393 12260 12260 W com.whatsapp: Accessing hidden method Lcom/android/org/conscrypt/OpenSSLSocketImpl;->setUseSessionTickets(Z)V (greylist- max-q,test-api, reflection, denied)
02-23 05:46:38.394 12260 12260 W com.whatsapp: Accessing hidden method Lcom/android/org/conscrypt/AbstractConscryptSocket;->setUseSessionTickets(Z)V (greylist-max-q, reflection, denied)
02-23 05:46:38.505 12260 12260 W linker : Warning: "/data/data/com.whatsapp/files/decompressed/libs.spk.zst/libc++_shared.so" unused DT entry: unknown processor-specific (type 0x70000001 arg 0x0) (ignoring)
02-23 05:46:38.748 12260 12260 W Looper : PerfMonitor longMsg : seq=2 plan=05:46:37.418 late=3ms wall=1294ms running=526ms runnable=177ms io=388ms h=android.app.ActivityThread$H w=110 procState=11
02-23 05:46:38.845 12260 12393 W com.whatsapp: Class X.2rL failed lock verification and will run slower.
02-23 05:46:38.845 12260 12393 W com.whatsapp: Common causes for lock verification issues are non-optimized dex code
02-23 05:46:38.845 12260 12393 W com.whatsapp: and incorrect proguard optimizations.
02-23 05:46:38.871 12260 12260 E libc : Access denied finding property "ro.vendor.df.effect.conflict"
02-23 05:46:38.872 12260 12260 E libc : Access denied finding property "ro.vendor.knock.type"
02-23 05:46:44.956 12260 12501 W BpBinder: Slow Binder: BpBinder transact took 450 ms, interface=android.app.IActivityManager, code=22 oneway=false --------- beginning of main
02-23 06:31:49.308 13964 13964 E com.whatsapp: Unknown bits set in runtime_flags: 0x800000
02-23 06:31:49.313 13964 13964 E com.whatsapp: Not starting debugger since process cannot load the jdwp agent.
02-23 06:31:49.542 13964 13964 W ResourceType: CREATING STRING CACHE OF 192 bytes
02-23 06:31:49.594 13964 13964 W System.err: java.lang.ClassNotFoundException: mbmodsd.mbmodsw.ui.views.btn.BtnBK
02-23 06:31:49.594 13964 13964 W System.err: at java.lang.Runtime.nativeLoad(Native Method)
02-23 06:31:49.594 13964 13964 W System.err: at java.lang.Runtime.nativeLoad(Runtime.java:1131)
02-23 06:31:49.594 13964 13964 W System.err: at java.lang.Runtime.loadLibrary0(Runtime.java:1085)
02-23 06:31:49.595 13964 13964 W System.err: at java.lang.Runtime.loadLibrary0(Runtime.java:1008)
02-23 06:31:49.595 13964 13964 W System.err: at java.lang.System.loadLibrary(System.java:1664)
02-23 06:31:49.595 13964 13964 W System.err: at arm.EpicVm.<clinit>(Unknown Source:2)
02-23 06:31:49.595 13964 13964 W System.err: at java.lang.Class.newInstance(Native Method)
02-23 06:31:49.595 13964 13964 W System.err: at android.app.AppComponentFactory.instantiateApplication(AppComponentFactory.java:76)
02-23 06:31:49.595 13964 13964 W System.err: at androidx.core.app.CoreComponentFactory.instantiateApplication(Unknown Source:0)
02-23 06:31:49.595 13964 13964 W System.err: at android.app.Instrumentation.newApplication(Instrumentation.java:1158)
02-23 06:31:49.595 13964 13964 W System.err: at android.app.LoadedApk.makeApplication(LoadedApk.java:1240)
02-23 06:31:49.595 13964 13964 W System.err: at android.app.ActivityThread.handleBindApplication(ActivityThread.java:6928)
02-23 06:31:49.595 13964 13964 W System.err: at android.app.ActivityThread.access$1500(ActivityThread.java:255)
02-23 06:31:49.595 13964 13964 W System.err: at android.app.ActivityThread$H.handleMessage(ActivityThread.java:1978)
02-23 06:31:49.595 13964 13964 W System.err: at android.os.Handler.dispatchMessage(Handler.java:106)
02-23 06:31:49.595 13964 13964 W System.err: at android.os.Looper.loop(Looper.java:236)
02-23 06:31:49.595 13964 13964 W System.err: at android.app.ActivityThread.main(ActivityThread.java:8019)
02-23 06:31:49.595 13964 13964 W System.err: at java.lang.reflect.Method.invoke(Native Method)
02-23 06:31:49.595 13964 13964 W System.err: at com.android.internal.os.RuntimeInit$MethodAndArgsCaller.run(RuntimeInit.java:600)
02-23 06:31:49.595 13964 13964 W System.err: at com.android.internal.os.ZygoteInit.main(ZygoteInit.java:967)
02-23 06:31:49.607 13964 13964 E CustomActivityOnCrash: IMPORTANT WARNING! You already have an UncaughtExceptionHandler, are you sure this is correct? If you use a custom UncaughtExceptionHandler, you must initialize it AFTER CustomActivityOnCrash! Installing anyway, but your original handler will not be called.
02-23 06:31:50.063 13964 13964 W com.whatsapp: Accessing hidden method Lcom/android/org/conscrypt/OpenSSLSocketImpl;->setUseSessionTickets(Z)V (greylist- max-q,test-api, reflection, denied)
02-23 06:31:50.064 13964 13964 W com.whatsapp: Accessing hidden method Lcom/android/org/conscrypt/AbstractConscryptSocket;->setUseSessionTickets(Z)V (greylist-max-q, reflection, denied)
02-23 06:31:50.177 13964 13964 W com.whatsapp: type=1400 audit(0.0:532591): avc: granted { execute } for path="/data/data/com.whatsapp/files/decompressed/libs.spk.zst/libc++_shared.so" dev="dm-10" ino=372071 scontext=u:r:untrusted_app:s0:c213,c257,c512,c768 tcontext=u:object_r:app_data_file:s0:c213,c257,c512,c768 tclass=file app=com.whatsapp
02-23 06:31:50.187 13964 13964 W linker : Warning: "/data/data/com.whatsapp/files/decompressed/libs.spk.zst/libc++_shared.so" unused DT entry: unknown processor-specific (type 0x70000001 arg 0x0) (ignoring)
02-23 06:31:50.177 13964 13964 W com.whatsapp: type=1400 audit(0.0:532592): avc: granted { execute } for path="/data/data/com.whatsapp/files/decompressed/libs.spk.zst/libvlc.so" dev="dm- 10" ino=335014 scontext=u:r:untrusted_app:s0:c213,c257,c512,c768 tcontext=u:object_r:app_data_file:s0:c213,c257,c512,c768 tclass=file app=com.whatsapp
02-23 06:31:50.197 13964 13964 W com.whatsapp: type=1400 audit(0.0:532593): avc: granted { execute } for path="/data/data/com.whatsapp/files/decompressed/libs.spk.zst/libwhatsapp.so" dev="dm-10" ino=335273 scontext=u:r:untrusted_app:s0:c213,c257,c512,c768 tcontext=u:object_r:app_data_file:s0:c213,c257,c512,c768 tclass=file app=com.whatsapp
02-23 06:31:50.267 13964 13964 W com.whatsapp: type=1400 audit(0.0:532594): avc: granted { execute } for path="/data/data/com.whatsapp/files/decompressed/libs.spk.zst/libcurve25519.so" dev="dm-10" ino=372156 scontext=u:r:untrusted_app:s0:c213,c257,c512,c768 tcontext=u:object_r:app_data_file:s0:c213,c257,c512,c768 tclass=file app=com.whatsapp
02-23 06:31:50.277 13964 13964 W com.whatsapp: type=1400 audit(0.0:532595): avc: granted { execute } for path="/data/data/com.whatsapp/files/decompressed/libs.spk.zst/libwhatsapp.so" dev="dm-10" ino=335273 scontext=u:r:untrusted_app:s0:c213,c257,c512,c768 tcontext=u:object_r:app_data_file:s0:c213,c257,c512,c768 tclass=file app=com.whatsapp --------- beginning of system
02-23 06:31:50.479 13964 13964 W Looper : PerfMonitor longMsg : seq=2 plan=06:31:49.338 late=7ms wall=1105ms running=439ms runnable=97ms io=422ms h=android.app.ActivityThread$H w=110 procState=2
02-23 06:31:50.485 13964 14026 W com.whatsapp: Class X.2rL failed lock verification and will run slower.
02-23 06:31:50.485 13964 14026 W com.whatsapp: Common causes for lock verification issues are non-optimized dex code
02-23 06:31:50.485 13964 14026 W com.whatsapp: and incorrect proguard optimizations.
02-23 06:31:50.501 13964 13964 W com.whatsapp: Class X.0eU failed lock verification and will run slower.
02-23 06:31:50.745 13964 13964 W Looper : PerfMonitor looperActivity : package=com.whatsapp/.Icon0 time=258ms latency=1125ms running=97ms procState=2 ClientTransaction{ callbacks=[android.app.servertransaction.LaunchActivityItem] lifecycleRequest=android.app.servertransaction.ResumeActivityItem } historyMsgCount=1 (msgIndex=1 wall=1105ms seq=2 running=439ms runnable=97ms io=422ms late=7ms h=android.app.ActivityThread$H w=110)
02-23 06:31:50.745 13964 13964 W Looper : PerfMonitor looperActivity : package=com.whatsapp/.Icon0 time=0ms latency=1391ms running=0ms procState=2 ClientTransaction{ callbacks=[android.app.servertransaction.TopResumedActivityChang eItem] } historyMsgCount=2 (msgIndex=1 wall=1105ms seq=2 running=439ms runnable=97ms io=422ms late=7ms h=android.app.ActivityThread$H w=110) (msgIndex=2 wall=258ms seq=3 running=97ms runnable=22ms io=53ms late=1125ms h=android.app.ActivityThread$H w=159)
02-23 06:31:50.878 13964 13964 W com.whatsapp: Class com.whatsapp.HomeActivity failed lock verification and will run slower.
02-23 06:31:50.953 13964 13964 E ArmVmp : Match on catch block at 0xb0 in for 0xe1
02-23 06:31:51.022 13964 13964 E ArmVmp : Match on catch block at 0xb0 in for 0xe5
02-23 06:31:51.201 13964 13964 E ArmVmp : Match on catch block at 0x0a in for 0xc1
02-23 06:31:51.225 13964 13964 E ArmVmp : Match on catch block at 0x0a in for 0x139
02-23 06:31:51.418 13964 14063 W com.whatsapp: Accessing hidden method Lcom/android/org/conscrypt/ConscryptEngineSocket;->setUseSessionTickets(Z)V (greylist-max-q,test-api, reflection, denied)
02-23 06:31:51.418 13964 14063 W com.whatsapp: Accessing hidden method Lcom/android/org/conscrypt/OpenSSLSocketImpl;->setUseSessionTickets(Z)V (greylist- max-q,test-api, reflection, denied)
02-23 06:31:51.418 13964 14063 W com.whatsapp: Accessing hidden method Lcom/android/org/conscrypt/AbstractConscryptSocket;->setUseSessionTickets(Z)V (greylist-max-q, reflection, denied)
02-23 06:31:51.418 13964 14063 W com.whatsapp: Accessing hidden method Lcom/android/org/conscrypt/ConscryptEngineSocket;->setHostname(Ljava/lang/String;)V (greylist-max-q,test-api, reflection, denied)
02-23 06:31:51.418 13964 14063 W com.whatsapp: Accessing hidden method Lcom/android/org/conscrypt/OpenSSLSocketImpl;->setHostname(Ljava/lang/String;)V (greylist-max-q,test-api, reflection, denied)
02-23 06:31:51.418 13964 14063 W com.whatsapp: Accessing hidden method Lcom/android/org/conscrypt/AbstractConscryptSocket;->setHostname(Ljava/lang/ String;)V (greylist-max-q, reflection, denied)
02-23 06:31:51.418 13964 14063 W com.whatsapp: Accessing hidden method Lcom/android/org/conscrypt/OpenSSLSocketImpl;->setAlpnProtocols([B)V (greylist-max- q,test-api, reflection, denied)
02-23 06:31:51.418 13964 14063 W com.whatsapp: Accessing hidden method Lcom/android/org/conscrypt/AbstractConscryptSocket;->setAlpnProtocols([B)V (greylist-max-q, reflection, denied)
02-23 06:31:51.427 13964 13964 W Activity: Slow Operation: Activity com.whatsapp/.HomeActivity onCreate took 540ms
02-23 06:31:51.472 13964 13964 W Looper : PerfMonitor looperActivity : package=com.whatsapp/.HomeActivity time=0ms latency=712ms running=0ms procState=2 ClientTransaction{ callbacks=[android.app.servertransaction.TopResumedActivityChang eItem] } historyMsgCount=4 (msgIndex=4 wall=667ms seq=13 running=391ms runnable=42ms io=88ms late=45ms h=android.app.ActivityThread$H w=159)
02-23 06:31:51.627 13964 14063 W com.whatsapp: Accessing hidden method Lcom/android/org/conscrypt/OpenSSLSocketImpl;->getAlpnSelectedProtocol()[B (greylist-max-q,test-api, reflection, denied)
02-23 06:31:51.628 13964 14063 W com.whatsapp: Accessing hidden method Lcom/android/org/conscrypt/AbstractConscryptSocket;->getAlpnSelectedProtocol()[B (greylist-max-q, reflection, denied)
02-23 06:31:52.067 13964 13964 E ArmVmp : Match on catch block at 0xb0 in for 0xf5
02-23 06:31:52.278 13964 13964 E ArmVmp : Match on catch block at 0xb0 in for 0xf1
02-23 06:31:52.329 13964 13964 E ArmVmp : Match on catch block at 0xb0 in for 0xf9
02-23 06:31:52.366 13964 13964 E ArmVmp : Match on catch block at 0xb0 in for 0xf5
02-23 06:31:52.412 13964 13964 E ArmVmp : Match on catch block at 0xb0 in for 0xf9
02-23 06:31:52.475 13964 13964 E ArmVmp : Match on catch block at 0xb0 in for 0xf1
02-23 06:31:52.524 13964 13964 E ArmVmp : Match on catch block at 0xb0 in for 0xf5
02-23 06:31:52.558 13964 13964 E ArmVmp : Match on catch block at 0xb0 in for 0xf9
02-23 06:31:52.591 13964 13964 E ArmVmp : Match on catch block at 0xb0 in for 0xf1
02-23 06:31:52.622 13964 13964 E ArmVmp : Match on catch block at 0xb0 in for 0xf5
02-23 06:31:52.654 13964 13964 E ArmVmp : Match on catch block at 0xb0 in for 0xf9
02-23 06:31:52.684 13964 13964 E ArmVmp : Match on catch block at 0xb0 in for 0xf1
02-23 06:31:52.734 13964 13964 E ArmVmp : Match on catch block at 0xb0 in for 0xf5
02-23 06:31:52.766 13964 13964 E ArmVmp : Match on catch block at 0xb0 in for 0xf9
02-23 06:31:52.807 13964 13964 E ArmVmp : Match on catch block at 0xb0 in for 0xf1
02-23 06:31:52.836 13964 13964 E RecyclerView: No adapter attached; skipping layout
