02-23 07:44:04.262 27768 27768 W Looper : PerfMonitor looperActivity : package=com.whatsapp/.mediacomposer.MediaComposerActivity time=0ms latency=2122ms running=0ms procState=2 ClientTransaction{ callbacks=[android.app.servertransaction.TopResumedActivityChang eItem] } historyMsgCount=3 (msgIndex=2 wall=1383ms seq=2 running=286ms runnable=33ms io=657ms late=16ms h=android.app.ActivityThread$H w=110) (msgIndex=3 wall=715ms seq=3 running=242ms runnable=31ms io=105ms late=1407ms h=android.app.ActivityThread$H w=159)
02-23 07:44:04.790 27768 27852 W BpBinder: Slow Binder: BpBinder transact took 387 ms, interface=android.media.IMediaMetadataRetriever, code=5 oneway=false
02-23 07:44:04.802 27768 27945 W Codec2Client: query -- param skipped: index = 1107298332.
02-23 07:44:04.802 27768 27945 W CCodec : This behavior is subject to change. It is recommended that app developers double check whether the requested max input size is in reasonable range.
02-23 07:44:04.812 27768 27945 W Codec2Client: query -- param skipped: index = 1342179345.
02-23 07:44:04.812 27768 27945 W Codec2Client: query -- param skipped: index = 2415921170.
02-23 07:44:04.812 27768 27945 W Codec2Client: query -- param skipped: index = 1610614798.
02-23 07:44:04.828 27768 27945 E FMQ : grantorIdx must be less than 3
02-23 07:44:04.829 27768 27945 E FMQ : grantorIdx must be less than 3
02-23 07:44:04.847 27768 27945 E ion : ioctl c0044901 failed with code -1: Inappropriate ioctl for device
02-23 07:44:04.849 27768 27945 E FMQ : grantorIdx must be less than 3
02-23 07:44:04.855 27768 27882 E FMQ : grantorIdx must be less than 3
02-23 07:44:04.875 27768 27945 W Codec2Client: query -- param skipped: index = 1342179345.
02-23 07:44:04.875 27768 27945 W Codec2Client: query -- param skipped: index = 2415921170.
02-23 07:44:04.875 27768 27945 W Codec2Client: query -- param skipped: index = 1610614798.
02-23 07:44:04.894 27768 27945 W Codec2Client: query -- param skipped: index = 1342179345.
02-23 07:44:04.894 27768 27945 W Codec2Client: query -- param skipped: index = 2415921170.
02-23 07:44:04.894 27768 27945 W Codec2Client: query -- param skipped: index = 1610614798.
02-23 07:44:04.905 27768 27945 W Codec2Client: query -- param skipped: index = 1342179345.
02-23 07:44:04.905 27768 27945 W Codec2Client: query -- param skipped: index = 2415921170.
02-23 07:44:04.905 27768 27945 W Codec2Client: query -- param skipped: index = 1610614798.
02-23 07:44:04.979 27768 27843 W BpBinder: Slow Binder: BpBinder transact took 493 ms, interface=android.media.IMediaMetadataRetriever, code=5 oneway=false
02-23 07:44:05.181 27768 27852 W BpBinder: Slow Binder: BpBinder transact took 270 ms, interface=android.media.IMediaMetadataRetriever, code=5 oneway=false
02-23 07:44:05.386 27768 27843 W BpBinder: Slow Binder: BpBinder transact took 403 ms, interface=android.media.IMediaMetadataRetriever, code=5 oneway=false
02-23 07:44:05.477 27768 27962 W BpBinder: Slow Binder: BpBinder transact took 382 ms, interface=android.media.IMediaMetadataRetriever, code=5 oneway=false
02-23 07:44:05.566 27768 27852 W BpBinder: Slow Binder: BpBinder transact took 240 ms, interface=android.media.IMediaMetadataRetriever, code=5 oneway=false
02-23 07:44:05.676 27768 27843 W BpBinder: Slow Binder: BpBinder transact took 285 ms, interface=android.media.IMediaMetadataRetriever, code=5 oneway=false
02-23 07:44:05.785 27768 27962 W BpBinder: Slow Binder: BpBinder transact took 305 ms, interface=android.media.IMediaMetadataRetriever, code=5 oneway=false
02-23 07:44:05.867 27768 27852 W BpBinder: Slow Binder: BpBinder transact took 257 ms, interface=android.media.IMediaMetadataRetriever, code=5 oneway=false
02-23 07:44:05.966 27768 27843 W BpBinder: Slow Binder: BpBinder transact took 287 ms, interface=android.media.IMediaMetadataRetriever, code=5 oneway=false
02-23 07:44:06.086 27768 27962 W BpBinder: Slow Binder: BpBinder transact took 298 ms, interface=android.media.IMediaMetadataRetriever, code=5 oneway=false
02-23 07:44:06.205 27768 27843 W BpBinder: Slow Binder: BpBinder transact took 214 ms, interface=android.media.IMediaMetadataRetriever, code=5 oneway=false
02-23 07:44:06.524 27768 27962 W BpBinder: Slow Binder: BpBinder transact took 222 ms, interface=android.media.IMediaMetadataRetriever, code=5 oneway=false
02-23 07:44:06.627 27768 27843 W BpBinder: Slow Binder: BpBinder transact took 219 ms, interface=android.media.IMediaMetadataRetriever, code=5 oneway=false
02-23 07:44:06.831 27768 27843 W BpBinder: Slow Binder: BpBinder transact took 201 ms, interface=android.media.IMediaMetadataRetriever, code=5 oneway=false
02-23 07:44:12.754 27768 27884 W RenderInspector: DequeueBuffer time out on com.whatsapp/com.whatsapp.mediacomposer.MediaComposerActivity, count=1, avg=17 ms, max=17 ms.
02-23 07:44:13.564 27768 27768 W Looper : PerfMonitor doFrame : time=305ms vsyncFrame=0 latency=1ms procState=2
02-23 07:44:13.622 27768 27787 W MediaPlayerNative: info/warning (3, 0)
02-23 07:44:13.663 27768 28309 W Codec2Client: query -- param skipped: index = 1107298332.
02-23 07:44:13.663 27768 28309 W CCodec : This behavior is subject to change. It is recommended that app developers double check whether the requested max input size is in reasonable range.
02-23 07:44:13.669 27768 28309 W Codec2Client: query -- param skipped: index = 1342179345.
02-23 07:44:13.669 27768 28309 W Codec2Client: query -- param skipped: index = 2415921170.
02-23 07:44:13.669 27768 28309 W Codec2Client: query -- param skipped: index = 1610614798.
02-23 07:44:13.683 27768 28309 E FMQ : grantorIdx must be less than 3
02-23 07:44:13.683 27768 28309 E FMQ : grantorIdx must be less than 3
02-23 07:44:13.714 27768 28309 E FMQ : grantorIdx must be less than 3
02-23 07:44:13.739 27768 27882 E FMQ : grantorIdx must be less than 3
02-23 07:44:13.746 27768 28309 W Codec2Client: query -- param skipped: index = 1342179345.
02-23 07:44:13.746 27768 28309 W Codec2Client: query -- param skipped: index = 2415921170.
02-23 07:44:13.746 27768 28309 W Codec2Client: query -- param skipped: index = 1610614798.
02-23 07:44:13.763 27768 28309 W Codec2Client: query -- param skipped: index = 1342179345.
02-23 07:44:13.763 27768 28309 W Codec2Client: query -- param skipped: index = 2415921170.
02-23 07:44:13.763 27768 28309 W Codec2Client: query -- param skipped: index = 1610614798.
02-23 07:44:13.771 27768 28309 W Codec2Client: query -- param skipped: index = 1342179345.
02-23 07:44:13.771 27768 28309 W Codec2Client: query -- param skipped: index = 2415921170.
02-23 07:44:13.771 27768 28309 W Codec2Client: query -- param skipped: index = 1610614798.
02-23 07:44:13.885 27768 27843 W BpBinder: Slow Binder: BpBinder transact took 236 ms, interface=android.media.IMediaMetadataRetriever, code=5 oneway=false
02-23 07:44:24.951 27768 27945 W Codec2Client: query -- param skipped: index = 1342179345.
02-23 07:44:24.951 27768 27945 W Codec2Client: query -- param skipped: index = 2415921170.
02-23 07:44:24.951 27768 27945 W Codec2Client: query -- param skipped: index = 1610614798.
02-23 07:44:25.011 27768 27768 W Looper : PerfMonitor doFrame : time=483ms vsyncFrame=0 latency=0ms procState=2
02-23 07:44:25.019 27768 27768 W Looper : PerfMonitor doFrame : time=5ms vsyncFrame=0 latency=350ms procState=2 historyMsgCount=12 (msgIndex=1 wall=483ms seq=2075 running=65ms runnable=1ms io=124ms h=android.view.Choreographer$FrameHandler c=android.view.Choreographer$FrameDisplayEventReceiver)
02-23 07:44:25.119 27768 29014 W Codec2Client: query -- param skipped: index = 1107298332.
02-23 07:44:25.119 27768 29014 W CCodec : This behavior is subject to change. It is recommended that app developers double check whether the requested max input size is in reasonable range.
02-23 07:44:25.120 27768 29014 W Codec2Client: query -- param skipped: index = 1342179345.
02-23 07:44:25.120 27768 29014 W Codec2Client: query -- param skipped: index = 2415921170.
02-23 07:44:25.120 27768 29014 W Codec2Client: query -- param skipped: index = 1610614798.
02-23 07:44:25.121 27768 29014 E FMQ : grantorIdx must be less than 3
02-23 07:44:25.121 27768 29014 E FMQ : grantorIdx must be less than 3
02-23 07:44:25.129 27768 29014 E FMQ : grantorIdx must be less than 3
02-23 07:44:25.136 27768 27882 E FMQ : grantorIdx must be less than 3
02-23 07:44:25.152 27768 29014 W Codec2Client: query -- param skipped: index = 1342179345.
02-23 07:44:25.152 27768 29014 W Codec2Client: query -- param skipped: index = 2415921170.
02-23 07:44:25.152 27768 29014 W Codec2Client: query -- param skipped: index = 1610614798.
02-23 07:44:25.160 27768 29014 W Codec2Client: query -- param skipped: index = 1342179345.
02-23 07:44:25.160 27768 29014 W Codec2Client: query -- param skipped: index = 2415921170.
02-23 07:44:25.160 27768 29014 W Codec2Client: query -- param skipped: index = 1610614798.
02-23 07:44:25.166 27768 29014 W Codec2Client: query -- param skipped: index = 1342179345.
02-23 07:44:25.166 27768 29014 W Codec2Client: query -- param skipped: index = 2415921170.
02-23 07:44:25.166 27768 29014 W Codec2Client: query -- param skipped: index = 1610614798.
02-23 07:44:29.153 27768 27884 W RenderInspector: DequeueBuffer time out on com.whatsapp/com.whatsapp.mediacomposer.MediaComposerActivity, count=1, avg=16 ms, max=16 ms.
02-23 07:44:32.020 27768 27884 W RenderInspector: DequeueBuffer time out on com.whatsapp/com.whatsapp.mediacomposer.MediaComposerActivity, count=1, avg=48 ms, max=48 ms.
02-23 07:44:32.098 27768 27768 W Activity: Slow Operation: Activity com.whatsapp/.mediacomposer.MediaComposerActivity onPause took 69ms
02-23 07:44:32.751 27768 27768 W TabLayout: MODE_SCROLLABLE + GRAVITY_FILL is not supported, GRAVITY_START will be used instead
02-23 07:44:32.811 27768 29442 W CameraManagerGlobal: [soar.cts] ignore the status update of camera: 100
02-23 07:44:32.811 27768 29442 W CameraManagerGlobal: [soar.cts] ignore the status update of camera: 101
02-23 07:44:32.811 27768 29442 W CameraManagerGlobal: [soar.cts] ignore the status update of camera: 21
02-23 07:44:32.811 27768 29442 W CameraManagerGlobal: [soar.cts] ignore the status update of camera: 22
02-23 07:44:32.811 27768 29442 W CameraManagerGlobal: [soar.cts] ignore the status update of camera: 25
02-23 07:44:32.812 27768 29442 W CameraManagerGlobal: [soar.cts] ignore the status update of camera: 61
02-23 07:44:32.812 27768 28316 W CameraManagerGlobal: ignore the torch status update of camera: 100
02-23 07:44:32.812 27768 28316 W CameraManagerGlobal: ignore the torch status update of camera: 21
02-23 07:44:32.812 27768 28316 W CameraManagerGlobal: ignore the torch status update of camera: 22
02-23 07:44:32.812 27768 28316 W CameraManagerGlobal: ignore the torch status update of camera: 61
02-23 07:44:32.905 27768 27768 W BottomSheetBehavior: BottomSheetBehavior now supports multiple callbacks. `setBottomSheetCallback()` removes all existing callbacks, including ones set internally by library authors, which may result in unintended behavior. This may change in the future. Please use `addBottomSheetCallback()` and `removeBottomSheetCallback()` instead to set your own callbacks.
02-23 07:44:32.939 27768 29443 E libc : Access denied finding property "persist.vendor.camera.privapp.list"
02-23 07:44:32.930 27768 27768 W Optic-Camera-Ha: type=1400 audit(0.0:540714): avc: denied { read } for name="u:object_r:vendor_persist_camera_prop:s0" dev="tmpfs" ino=1267 scontext=u:r:untrusted_app:s0:c213,c257,c512,c768 tcontext=u:object_r:vendor_persist_camera_prop:s0 tclass=file permissive=0 app=com.whatsapp
02-23 07:44:32.949 27768 28316 E CameraManagerGlobal: Camera 61 is not available. Ignore physical camera status change
02-23 07:44:33.049 27768 27768 W Activity: Slow Operation: Activity com.whatsapp/.camera.CameraActivity onStart took 129ms
02-23 07:44:33.093 27768 27768 W Looper : PerfMonitor looperActivity : package=com.whatsapp/.camera.CameraActivity time=0ms latency=932ms running=0ms procState=2 ClientTransaction{ callbacks=[android.app.servertransaction.TopResumedActivityChang eItem] } historyMsgCount=10 (msgIndex=1 wall=146ms seq=2722 running=6ms io=69ms late=9ms h=android.app.ActivityThread$H w=159) (msgIndex=10 wall=904ms seq=2731 running=227ms runnable=1ms io=520ms late=28ms h=android.app.ActivityThread$H w=159)
02-23 07:44:33.240 27768 27768 W View : requestLayout() improperly called by com.whatsapp.WaImageView{4ef6c37 VF.D..CL. ......ID 0,0-154,154 #7f0b1814 app:id/shutter} during layout: running second layout pass
02-23 07:44:33.240 27768 27768 W View : requestLayout() improperly called by com.whatsapp.CircularProgressBar{67405a4 V.ED..... ......ID 0,0-154,154 #7f0b14fc app:id/recording_progress} during layout: running second layout pass
02-23 07:44:33.240 27768 27768 W View : requestLayout() improperly called by com.whatsapp.WaImageView{9f68f0d VF.D..C.. ......ID 0,0-115,115 #7f0b1976 app:id/switch_camera_btn} during layout: running second layout pass
02-23 07:44:33.240 27768 27768 W View : requestLayout() improperly called by com.whatsapp.WaImageView{e9f0ec2 VFED..C.. ......ID 0,0-115,115 #7f0b0b0d app:id/gallery_btn} during layout: running second layout pass
02-23 07:44:33.240 27768 27768 W View : requestLayout() improperly called by com.whatsapp.WaImageView{c4494d3 VFED..C.. ......ID 0,0-115,115 #7f0b057f app:id/close_camera_btn} during layout: running second layout pass
02-23 07:44:33.240 27768 27768 W View : requestLayout() improperly called by X.4Ki{cbdd810 V.ED..... ......ID 0,5-1080,120} during layout: running second layout pass
02-23 07:44:33.240 27768 27768 W View : requestLayout() improperly called by androidx.appcompat.widget.ActionMenuView{10a0f09 V.E...... ......ID 1080,0- 1080,134} during layout: running second layout pass
02-23 07:44:33.258 27768 27768 W Looper : PerfMonitor doFrame : time=157ms vsyncFrame=0 latency=903ms procState=2 historyMsgCount=3 (msgIndex=1 wall=904ms seq=2731 running=227ms runnable=1ms io=520ms late=28ms h=android.app.ActivityThread$H w=159)
02-23 07:44:33.273 27768 27768 W View : requestLayout() improperly called by com.whatsapp.WaImageView{4ef6c37 VF.D..CL. ......ID 463,1726-617,1880 #7f0b1814 app:id/shutter} during layout: running second layout pass
02-23 07:44:33.273 27768 27768 W View : requestLayout() improperly called by com.whatsapp.CircularProgressBar{67405a4 V.ED..... ......ID 463,1726-617,1880 #7f0b14fc app:id/recording_progress} during layout: running second layout pass
02-23 07:44:33.273 27768 27768 W View : requestLayout() improperly called by com.whatsapp.WaImageView{9f68f0d VF.D..C.. ......ID 945,1745-1060,1860 #7f0b1976 app:id/switch_camera_btn} during layout: running second layout pass
02-23 07:44:33.273 27768 27768 W View : requestLayout() improperly called by com.whatsapp.WaImageView{e9f0ec2 VFED..C.. ......ID 20,1745-135,1860 #7f0b0b0d app:id/gallery_btn} during layout: running second layout pass
02-23 07:44:33.273 27768 27768 W View : requestLayout() improperly called by com.whatsapp.WaImageView{c4494d3 VFED..C.. ......ID 20,20-135,135 #7f0b057f app:id/close_camera_btn} during layout: running second layout pass
02-23 07:44:33.336 27768 27768 W InputEventReceiver: App Input: 466ms before dispatchInputEvent (KeyEvent: event_seq=49, seq=6079861, code=KEYCODE_BACK, action=ACTION_DOWN)
02-23 07:44:33.345 27768 27768 W InputEventReceiver: App Input: 476ms before dispatchInputEvent (KeyEvent: event_seq=50, seq=6079863, code=KEYCODE_BACK, action=ACTION_UP)
02-23 07:44:33.660 27768 28309 W Codec2Client: query -- param skipped: index = 1342179345.
02-23 07:44:33.660 27768 28309 W Codec2Client: query -- param skipped: index = 2415921170.
02-23 07:44:33.660 27768 28309 W Codec2Client: query -- param skipped: index = 1610614798.
02-23 07:44:33.704 27768 29014 W Codec2Client: query -- param skipped: index = 1342179345.
02-23 07:44:33.704 27768 29014 W Codec2Client: query -- param skipped: index = 2415921170.
02-23 07:44:33.704 27768 29014 W Codec2Client: query -- param skipped: index = 1610614798.
02-23 07:44:33.712 27768 27768 W Activity: Slow Operation: Activity com.whatsapp/.mediacomposer.MediaComposerActivity onDestroy took 344ms
02-23 07:44:33.729 27768 27768 W InputEventReceiver: App Input: Dispatching InputEvent took 384ms in main thread! (KeyEvent: event_seq=50, seq=6079863, code=KEYCODE_BACK, action=ACTION_UP)
02-23 07:44:33.743 27768 27768 W Looper : PerfMonitor doFrame : time=13ms vsyncFrame=0 latency=381ms procState=2 historyMsgCount=20 (msgIndex=1 wall=383ms seq=2789 running=11ms io=25ms late=39ms h=android.app.ActivityThread$H w=159)
02-23 07:44:34.037 27768 27768 W com.whatsapp: Class com.whatsapp.HomeActivity failed lock verification and will run slower.
02-23 07:44:34.049 27768 29450 W BpBinder: Slow Binder: BpBinder transact took 502 ms, interface=android.media.IMediaMetadataRetriever, code=5 oneway=false
02-23 07:44:34.113 27768 27768 E ArmVmp : Match on catch block at 0xb0 in for 0xe5
02-23 07:44:34.158 27768 29448 W BpBinder: Slow Binder: BpBinder transact took 611 ms, interface=android.media.IMediaMetadataRetriever, code=5 oneway=false
02-23 07:44:34.170 27768 27768 E ArmVmp : Match on catch block at 0xb0 in for 0xe1
02-23 07:44:34.282 27768 29453 W BpBinder: Slow Binder: BpBinder transact took 303 ms, interface=android.media.IMediaMetadataRetriever, code=5 oneway=false
02-23 07:44:34.284 27768 29443 W BpBinder: Slow Binder: BpBinder transact took 972 ms, interface=android.hardware.camera2.ICameraDeviceUser, code=6 oneway=false
02-23 07:44:34.331 27768 27768 E ArmVmp : Match on catch block at 0x0a in for 0xc1
02-23 07:44:34.361 27768 27768 E ArmVmp : Match on catch block at 0x0a in for 0x135
02-23 07:44:34.573 27768 29450 W BpBinder: Slow Binder: BpBinder transact took 439 ms, interface=android.media.IMediaMetadataRetriever, code=5 oneway=false
02-23 07:44:34.742 27768 29448 W BpBinder: Slow Binder: BpBinder transact took 349 ms, interface=android.media.IMediaMetadataRetriever, code=5 oneway=false
02-23 07:44:34.749 27768 27768 W Activity: Slow Operation: Activity com.whatsapp/.HomeActivity onCreate took 708ms
02-23 07:44:34.820 27768 27784 E CameraManagerGlobal: Camera 61 is not available. Ignore physical camera status change
02-23 07:44:34.820 27768 29442 W BpBinder: Slow Binder: BpBinder transact took 519 ms, interface=android.hardware.camera2.ICameraDeviceUser, code=1 oneway=false
02-23 07:44:34.865 27768 27768 W Activity: Slow Operation: Activity com.whatsapp/.HomeActivity onStart took 115ms
02-23 07:44:34.872 27768 29453 W BpBinder: Slow Binder: BpBinder transact took 455 ms, interface=android.media.IMediaMetadataRetriever, code=5 oneway=false
02-23 07:44:34.913 27768 27768 W Looper : PerfMonitor looperActivity : package=com.whatsapp/.HomeActivity time=0ms latency=942ms running=0ms procState=2 ClientTransaction{ callbacks=[android.app.servertransaction.TopResumedActivityChang eItem] } historyMsgCount=6 (msgIndex=6 wall=919ms seq=2902 running=405ms io=226ms late=23ms h=android.app.ActivityThread$H w=159)
02-23 07:44:34.949 27768 29534 W LOTTIE : Animation contains merge paths. Merge paths are only supported on KitKat+ and must be manually enabled by calling enableMergePathsForKitKatAndAbove().
02-23 07:44:34.981 27768 27768 E ArmVmp : Match on catch block at 0xb0 in for 0x129
02-23 07:44:34.997 27768 27768 E ArmVmp : Match on catch block at 0xb0 in for 0x129
02-23 07:44:35.009 27768 29450 W BpBinder: Slow Binder: BpBinder transact took 241 ms, interface=android.media.IMediaMetadataRetriever, code=5 oneway=false
02-23 07:44:35.023 27768 27768 E ArmVmp : Match on catch block at 0xb0 in for 0xf1
02-23 07:44:35.098 27768 29448 W BpBinder: Slow Binder: BpBinder transact took 252 ms, interface=android.media.IMediaMetadataRetriever, code=5 oneway=false
02-23 07:44:35.111 27768 27768 E ArmVmp : Match on catch block at 0xb0 in for 0xf5
02-23 07:44:35.154 27768 27768 E ArmVmp : Match on catch block at 0xb0 in for 0xf1
02-23 07:44:35.183 27768 27768 E ArmVmp : Match on catch block at 0xb0 in for 0xf9
02-23 07:44:35.224 27768 29453 W BpBinder: Slow Binder: BpBinder transact took 274 ms, interface=android.media.IMediaMetadataRetriever, code=5 oneway=false
02-23 07:44:35.248 27768 27768 E ArmVmp : Match on catch block at 0xb0 in for 0x125
02-23 07:44:35.252 27768 27768 E ArmVmp : Match on catch block at 0xb0 in for 0x125
02-23 07:44:35.256 27768 27768 E ArmVmp : Match on catch block at 0xb0 in for 0x125
02-23 07:44:35.259 27768 27768 E ArmVmp : Match on catch block at 0xb0 in for 0x125
02-23 07:44:35.268 27768 27768 E ArmVmp : Match on catch block at 0xb0 in for 0xf5
02-23 07:44:35.324 27768 27768 E ArmVmp : Match on catch block at 0xb0 in for 0xf9
02-23 07:44:35.366 27768 27768 E ArmVmp : Match on catch block at 0xb0 in for 0xf1
02-23 07:44:35.397 27768 27768 E ArmVmp : Match on catch block at 0xb0 in for 0xf5
02-23 07:44:35.432 27768 27768 E ArmVmp : Match on catch block at 0xb0 in for 0xf9
02-23 07:44:35.448 27768 29450 W BpBinder: Slow Binder: BpBinder transact took 214 ms, interface=android.media.IMediaMetadataRetriever, code=5 oneway=false
02-23 07:44:35.462 27768 27768 E ArmVmp : Match on catch block at 0xb0 in for 0xf1
02-23 07:44:35.492 27768 27768 E ArmVmp : Match on catch block at 0xb0 in for 0xf5
02-23 07:44:35.525 27768 27768 E ArmVmp : Match on catch block at 0xb0 in for 0xf9
02-23 07:44:35.540 27768 29453 W BpBinder: Slow Binder: BpBinder transact took 201 ms, interface=android.media.IMediaMetadataRetriever, code=5 oneway=false
02-23 07:44:35.573 27768 27768 E ArmVmp : Match on catch block at 0xb0 in for 0xf1
02-23 07:44:35.604 27768 27768 E ArmVmp : Match on catch block at 0xb0 in for 0xf5
02-23 07:44:35.637 27768 27768 E ArmVmp : Match on catch block at 0xb0 in for 0xf9
02-23 07:44:35.655 27768 29448 W BpBinder: Slow Binder: BpBinder transact took 228 ms, interface=android.media.IMediaMetadataRetriever, code=5 oneway=false
02-23 07:44:35.662 27768 27768 E RecyclerView: No adapter attached; skipping layout
02-23 07:44:35.710 27768 27768 W Looper : PerfMonitor doFrame : time=797ms vsyncFrame=0 latency=931ms procState=2 historyMsgCount=8 (msgIndex=5 wall=919ms seq=2902 running=405ms io=226ms late=23ms h=android.app.ActivityThread$H w=159)
02-23 07:44:35.726 27768 27768 W Looper : PerfMonitor looperActivity : package=com.whatsapp/.HomeActivity time=10ms latency=1285ms running=2ms procState=2 ClientTransaction{ callbacks=[android.app.servertransaction.TopResumedActivityChang eItem] } historyMsgCount=88 (msgIndex=1 wall=919ms seq=2902 running=405ms io=226ms late=23ms h=android.app.ActivityThread$H w=159) (msgIndex=5 wall=797ms seq=2906 running=555ms runnable=1ms io=98ms late=931ms h=android.view.Choreographer$FrameHandler c=android.view.Choreographer$FrameDisplayEventReceiver)
02-23 07:44:35.750 27768 29450 W BpBinder: Slow Binder: BpBinder transact took 237 ms, interface=android.media.IMediaMetadataRetriever, code=5 oneway=false
02-23 07:44:35.757 27768 27768 W Looper : PerfMonitor looperActivity : package=com.whatsapp/.HomeActivity time=30ms latency=1279ms running=7ms procState=2 ClientTransaction{ lifecycleRequest=android.app.servertransaction.PauseActivityItem } historyMsgCount=89 (msgIndex=1 wall=919ms seq=2902 running=405ms io=226ms late=23ms h=android.app.ActivityThread$H w=159) (msgIndex=5 wall=797ms seq=2906 running=555ms runnable=1ms io=98ms late=931ms h=android.view.Choreographer$FrameHandler c=android.view.Choreographer$FrameDisplayEventReceiver)
02-23 07:44:35.827 27768 27768 E RecyclerView: No adapter attached; skipping layout
02-23 07:44:35.858 27768 27768 W Looper : PerfMonitor doFrame : time=96ms vsyncFrame=0 latency=846ms procState=2 historyMsgCount=123 (msgIndex=1 wall=797ms seq=2906 running=555ms runnable=1ms io=98ms late=931ms h=android.view.Choreographer$FrameHandler c=android.view.Choreographer$FrameDisplayEventReceiver)
02-23 07:44:35.863 27768 27768 E ArmVmp : Match on catch block at 0x0a in for 0xd9
02-23 07:44:35.893 27768 27768 W Looper : PerfMonitor looperActivity : package=com.whatsapp/mbmodsd.mbmodsw.mbsettings.yo.PauseActivity time=33ms latency=921ms running=7ms procState=2 ClientTransaction{ callbacks=[android.app.servertransaction.LaunchActivityItem] lifecycleRequest=android.app.servertransaction.PauseActivityItem } historyMsgCount=130 (msgIndex=1 wall=797ms seq=2906 running=555ms runnable=1ms io=98ms late=931ms h=android.view.Choreographer$FrameHandler c=android.view.Choreographer$FrameDisplayEventReceiver) (msgIndex=124 wall=96ms seq=3029 running=54ms io=2ms late=846ms h=android.view.Choreographer$FrameHandler c=android.view.Choreographer$FrameDisplayEventReceiver)
02-23 07:44:35.893 27768 27768 W LOTTIE : Animation contains merge paths but they are disabled.
02-23 07:44:35.961 27768 29453 W BpBinder: Slow Binder: BpBinder transact took 313 ms, interface=android.media.IMediaMetadataRetriever, code=5 oneway=false
02-23 07:44:36.121 27768 27768 W InputEventReceiver: App Input: 1524ms before dispatchInputEvent (KeyEvent: event_seq=56, seq=6079952, code=KEYCODE_BACK, action=ACTION_DOWN)
02-23 07:44:36.148 27768 27768 W InputEventReceiver: App Input: 1550ms before dispatchInputEvent (KeyEvent: event_seq=57, seq=6079954, code=KEYCODE_BACK, action=ACTION_UP)
02-23 07:44:36.331 27768 27839 E SQLiteDatabase: Error inserting transferred=0 media_job_uuid=b5f92406-890e-4014-9fb9-26eefb11e810 transcoded=0 gif_attribution=0 first_scan_length=0 direct_path=/v/t62.7161- 24/35158835_262300873592746_3156925670067092288_n.enc?ccb=11- 4&oh=01_AdRA4vUc8521hcHiGABbLXoBF3Tv-Uy2PFnQjbnvRNehEg&oe=65FFE0EB&_nc_sid=5e03e0 thumbnail_height_width_ratio=1.3333334 is_animated_sticker=0 file_hash=7MG8nXLciCXjAG9QNlVT3z6/toe6dFROahb2DxbntXo= file_path=null file_size=0 partial_media_hash=null face_x=0 face_y=0 height=640 trim_to=0 media_key_timestamp=1708686880000 message_url=https://mmg.whatsapp.net/v/t62.7161- 24/35158835_262300873592746_3156925670067092288_n.enc?ccb=11- 4&oh=01_AdRA4vUc8521hcHiGABbLXoBF3Tv- Uy2PFnQjbnvRNehEg&oe=65FFE0EB&_nc_sid=5e03e0&mms3=true media_caption=null trim_from=0 mime_type=video/mp4 partial_media_enc_hash=null width=480 original_file_hash=null has_streaming_sidecar=1 autotransfer_retry_enabled=0 media_upload_handle=null message_row_id=552 multicast_id=null enc_file_hash=gge29l0VxSfg3jvIOjFNGnFWjDSUKZDpK2tV0dMRT/A= mute_video=0 page_count=0 first_scan_sidecar=null suspicious_content=0 file_length=2122728 media_name=null media_duration=14 chat_row_id=89 media_key=[B@790f47c
02-23 07:44:36.331 27768 27839 E SQLiteDatabase: android.database.sqlite.SQLiteConstraintException: UNIQUE constraint failed: message_media.message_row_id (code 1555 SQLITE_CONSTRAINT_PRIMARYKEY)
02-23 07:44:36.331 27768 27839 E SQLiteDatabase: at android.database.sqlite.SQLiteConnection.nativeExecuteForLastInsertedRowId(Native Method)
02-23 07:44:36.331 27768 27839 E SQLiteDatabase: at android.database.sqlite.SQLiteConnection.executeForLastInsertedRowId(SQLiteConnecti on.java:938)
02-23 07:44:36.331 27768 27839 E SQLiteDatabase: at android.database.sqlite.SQLiteSession.executeForLastInsertedRowId(SQLiteSession.jav a:790)
02-23 07:44:36.331 27768 27839 E SQLiteDatabase: at android.database.sqlite.SQLiteStatement.executeInsert(SQLiteStatement.java:88)
02-23 07:44:36.331 27768 27839 E SQLiteDatabase: at android.database.sqlite.SQLiteDatabase.insertWithOnConflict(SQLiteDatabase.java:170 1)
02-23 07:44:36.331 27768 27839 E SQLiteDatabase: at android.database.sqlite.SQLiteDatabase.insert(SQLiteDatabase.java:1570)
02-23 07:44:36.331 27768 27839 E SQLiteDatabase: at X.2tm.A08(Unknown Source:6)
02-23 07:44:36.331 27768 27839 E SQLiteDatabase: at X.35Y.A07(Unknown Source:212)
02-23 07:44:36.331 27768 27839 E SQLiteDatabase: at X.3QF.A14(Unknown Source:470)
02-23 07:44:36.331 27768 27839 E SQLiteDatabase: at X.3gU.run(Unknown Source:982)
02-23 07:44:36.331 27768 27839 E SQLiteDatabase: at android.os.Handler.handleCallback(Handler.java:938)
02-23 07:44:36.331 27768 27839 E SQLiteDatabase: at android.os.Handler.dispatchMessage(Handler.java:99)
02-23 07:44:36.331 27768 27839 E SQLiteDatabase: at X.0zq.dispatchMessage(Unknown Source:4)
02-23 07:44:36.331 27768 27839 E SQLiteDatabase: at android.os.Looper.loop(Looper.java:236)
02-23 07:44:36.331 27768 27839 E SQLiteDatabase: at android.os.HandlerThread.run(HandlerThread.java:67)
02-23 07:44:36.337 27768 29453 W BpBinder: Slow Binder: BpBinder transact took 223 ms, interface=android.media.IMediaMetadataRetriever, code=5 oneway=false
02-23 07:44:36.432 27768 27839 E SQLiteDatabase: Error inserting transferred=0 media_job_uuid=37c74dec-daa2-40fa-984b-070f0ef5aa4e transcoded=0 gif_attribution=0 first_scan_length=0 direct_path=/v/t62.7161- 24/26649107_1216366852671513_8868971894137617946_n.enc?ccb=11- 4&oh=01_AdTERvPWbjHcu0QrnGpWLoqAvCpvf3xyKSTLCT3DJOEqIA&oe=65FFECF2&_nc_sid=5e03e0 thumbnail_height_width_ratio=1.0 is_animated_sticker=0 file_hash=b4RZ08yMlQC0Qk7qpac7dA6dfk05FeZqTNYlMmSFy8w= file_path=null file_size=0 partial_media_hash=null face_x=0 face_y=0 height=576 trim_to=0 media_key_timestamp=1708686440000 message_url=https://mmg.whatsapp.net/v/t62.7161- 24/26649107_1216366852671513_8868971894137617946_n.enc?ccb=11- 4&oh=01_AdTERvPWbjHcu0QrnGpWLoqAvCpvf3xyKSTLCT3DJOEqIA&oe=65FFECF2&_nc_sid=5e03e0&m ms3=true media_caption=null trim_from=0 mime_type=video/mp4 partial_media_enc_hash=null width=576 original_file_hash=null has_streaming_sidecar=1 autotransfer_retry_enabled=0 media_upload_handle=null message_row_id=550 multicast_id=null enc_file_hash=FLpJfMMHkkW6UXHOdYTZ5uDGLI3p0VCkRXjRfq2jJoM= mute_video=0 page_count=0 first_scan_sidecar=null suspicious_content=0 file_length=768533 media_name=null media_duration=30 chat_row_id=89 media_key=[B@3071512
02-23 07:44:36.432 27768 27839 E SQLiteDatabase: android.database.sqlite.SQLiteConstraintException: UNIQUE constraint failed: message_media.message_row_id (code 1555 SQLITE_CONSTRAINT_PRIMARYKEY)
02-23 07:44:36.432 27768 27839 E SQLiteDatabase: at android.database.sqlite.SQLiteConnection.nativeExecuteForLastInsertedRowId(Native Method)
02-23 07:44:36.432 27768 27839 E SQLiteDatabase: at android.database.sqlite.SQLiteConnection.executeForLastInsertedRowId(SQLiteConnecti on.java:938)
02-23 07:44:36.432 27768 27839 E SQLiteDatabase: at android.database.sqlite.SQLiteSession.executeForLastInsertedRowId(SQLiteSession.jav a:790)
02-23 07:44:36.432 27768 27839 E SQLiteDatabase: at android.database.sqlite.SQLiteStatement.executeInsert(SQLiteStatement.java:88)
02-23 07:44:36.432 27768 27839 E SQLiteDatabase: at android.database.sqlite.SQLiteDatabase.insertWithOnConflict(SQLiteDatabase.java:170 1)
02-23 07:44:36.432 27768 27839 E SQLiteDatabase: at android.database.sqlite.SQLiteDatabase.insert(SQLiteDatabase.java:1570)
02-23 07:44:36.432 27768 27839 E SQLiteDatabase: at X.2tm.A08(Unknown Source:6)
02-23 07:44:36.432 27768 27839 E SQLiteDatabase: at X.35Y.A07(Unknown Source:212)
02-23 07:44:36.432 27768 27839 E SQLiteDatabase: at X.3QF.A14(Unknown Source:470)
02-23 07:44:36.432 27768 27839 E SQLiteDatabase: at X.3gU.run(Unknown Source:982)
02-23 07:44:36.432 27768 27839 E SQLiteDatabase: at android.os.Handler.handleCallback(Handler.java:938)
02-23 07:44:36.432 27768 27839 E SQLiteDatabase: at android.os.Handler.dispatchMessage(Handler.java:99)
02-23 07:44:36.432 27768 27839 E SQLiteDatabase: at X.0zq.dispatchMessage(Unknown Source:4)
02-23 07:44:36.432 27768 27839 E SQLiteDatabase: at android.os.Looper.loop(Looper.java:236)
02-23 07:44:36.432 27768 27839 E SQLiteDatabase: at android.os.HandlerThread.run(HandlerThread.java:67)
02-23 07:44:36.462 27768 27768 E ArmVmp : Match on catch block at 0xb0 in for 0xf5
02-23 07:44:36.471 27768 27839 E SQLiteDatabase: Error inserting transferred=0 media_job_uuid=b5f92406-890e-4014-9fb9-26eefb11e810 transcoded=0 gif_attribution=0 first_scan_length=0 direct_path=/v/t62.7161- 24/35158835_262300873592746_3156925670067092288_n.enc?ccb=11- 4&oh=01_AdRA4vUc8521hcHiGABbLXoBF3Tv-Uy2PFnQjbnvRNehEg&oe=65FFE0EB&_nc_sid=5e03e0 thumbnail_height_width_ratio=1.3333334 is_animated_sticker=0 file_hash=7MG8nXLciCXjAG9QNlVT3z6/toe6dFROahb2DxbntXo= file_path=null file_size=0 partial_media_hash=null face_x=0 face_y=0 height=640 trim_to=0 media_key_timestamp=1708686880000 message_url=https://mmg.whatsapp.net/v/t62.7161- 24/35158835_262300873592746_3156925670067092288_n.enc?ccb=11- 4&oh=01_AdRA4vUc8521hcHiGABbLXoBF3Tv- Uy2PFnQjbnvRNehEg&oe=65FFE0EB&_nc_sid=5e03e0&mms3=true media_caption=null trim_from=0 mime_type=video/mp4 partial_media_enc_hash=null width=480 original_file_hash=null has_streaming_sidecar=1 autotransfer_retry_enabled=0 media_upload_handle=null message_row_id=552 multicast_id=null enc_file_hash=gge29l0VxSfg3jvIOjFNGnFWjDSUKZDpK2tV0dMRT/A= mute_video=0 page_count=0 first_scan_sidecar=null suspicious_content=0 file_length=2122728 media_name=null media_duration=14 chat_row_id=89 media_key=[B@790f47c
02-23 07:44:36.471 27768 27839 E SQLiteDatabase: android.database.sqlite.SQLiteConstraintException: UNIQUE constraint failed: message_media.message_row_id (code 1555 SQLITE_CONSTRAINT_PRIMARYKEY)
02-23 07:44:36.471 27768 27839 E SQLiteDatabase: at android.database.sqlite.SQLiteConnection.nativeExecuteForLastInsertedRowId(Native Method)
02-23 07:44:36.471 27768 27839 E SQLiteDatabase: at android.database.sqlite.SQLiteConnection.executeForLastInsertedRowId(SQLiteConnecti on.java:938)
02-23 07:44:36.471 27768 27839 E SQLiteDatabase: at android.database.sqlite.SQLiteSession.executeForLastInsertedRowId(SQLiteSession.jav a:790)
02-23 07:44:36.471 27768 27839 E SQLiteDatabase: at android.database.sqlite.SQLiteStatement.executeInsert(SQLiteStatement.java:88)
02-23 07:44:36.471 27768 27839 E SQLiteDatabase: at android.database.sqlite.SQLiteDatabase.insertWithOnConflict(SQLiteDatabase.java:170 1)
02-23 07:44:36.471 27768 27839 E SQLiteDatabase: at android.database.sqlite.SQLiteDatabase.insert(SQLiteDatabase.java:1570)
02-23 07:44:36.471 27768 27839 E SQLiteDatabase: at X.2tm.A08(Unknown Source:6)
02-23 07:44:36.471 27768 27839 E SQLiteDatabase: at X.35Y.A07(Unknown Source:212)
02-23 07:44:36.471 27768 27839 E SQLiteDatabase: at X.3QF.A14(Unknown Source:470)
02-23 07:44:36.471 27768 27839 E SQLiteDatabase: at X.3gU.run(Unknown Source:982)
02-23 07:44:36.471 27768 27839 E SQLiteDatabase: at android.os.Handler.handleCallback(Handler.java:938)
02-23 07:44:36.471 27768 27839 E SQLiteDatabase: at android.os.Handler.dispatchMessage(Handler.java:99)
02-23 07:44:36.471 27768 27839 E SQLiteDatabase: at X.0zq.dispatchMessage(Unknown Source:4)
02-23 07:44:36.471 27768 27839 E SQLiteDatabase: at android.os.Looper.loop(Looper.java:236)
02-23 07:44:36.471 27768 27839 E SQLiteDatabase: at android.os.HandlerThread.run(HandlerThread.java:67)
02-23 07:44:36.521 27768 27839 E SQLiteDatabase: Error inserting transferred=0 media_job_uuid=37c74dec-daa2-40fa-984b-070f0ef5aa4e transcoded=0 gif_attribution=0 first_scan_length=0 direct_path=/v/t62.7161- 24/26649107_1216366852671513_8868971894137617946_n.enc?ccb=11- 4&oh=01_AdTERvPWbjHcu0QrnGpWLoqAvCpvf3xyKSTLCT3DJOEqIA&oe=65FFECF2&_nc_sid=5e03e0 thumbnail_height_width_ratio=1.0 is_animated_sticker=0 file_hash=b4RZ08yMlQC0Qk7qpac7dA6dfk05FeZqTNYlMmSFy8w= file_path=null file_size=0 partial_media_hash=null face_x=0 face_y=0 height=576 trim_to=0 media_key_timestamp=1708686440000 message_url=https://mmg.whatsapp.net/v/t62.7161- 24/26649107_1216366852671513_8868971894137617946_n.enc?ccb=11- 4&oh=01_AdTERvPWbjHcu0QrnGpWLoqAvCpvf3xyKSTLCT3DJOEqIA&oe=65FFECF2&_nc_sid=5e03e0&m ms3=true media_caption=null trim_from=0 mime_type=video/mp4 partial_media_enc_hash=null width=576 original_file_hash=null has_streaming_sidecar=1 autotransfer_retry_enabled=0 media_upload_handle=null message_row_id=550 multicast_id=null enc_file_hash=FLpJfMMHkkW6UXHOdYTZ5uDGLI3p0VCkRXjRfq2jJoM= mute_video=0 page_count=0 first_scan_sidecar=null suspicious_content=0 file_length=768533 media_name=null media_duration=30 chat_row_id=89 media_key=[B@3071512
02-23 07:44:36.521 27768 27839 E SQLiteDatabase: android.database.sqlite.SQLiteConstraintException: UNIQUE constraint failed: message_media.message_row_id (code 1555 SQLITE_CONSTRAINT_PRIMARYKEY)
02-23 07:44:36.521 27768 27839 E SQLiteDatabase: at android.database.sqlite.SQLiteConnection.nativeExecuteForLastInsertedRowId(Native Method)
02-23 07:44:36.521 27768 27839 E SQLiteDatabase: at android.database.sqlite.SQLiteConnection.executeForLastInsertedRowId(SQLiteConnecti on.java:938)
02-23 07:44:36.521 27768 27839 E SQLiteDatabase: at android.database.sqlite.SQLiteSession.executeForLastInsertedRowId(SQLiteSession.jav a:790)
02-23 07:44:36.521 27768 27839 E SQLiteDatabase: at android.database.sqlite.SQLiteStatement.executeInsert(SQLiteStatement.java:88)
02-23 07:44:36.521 27768 27839 E SQLiteDatabase: at android.database.sqlite.SQLiteDatabase.insertWithOnConflict(SQLiteDatabase.java:170 1)
02-23 07:44:36.521 27768 27839 E SQLiteDatabase: at android.database.sqlite.SQLiteDatabase.insert(SQLiteDatabase.java:1570)
02-23 07:44:36.521 27768 27839 E SQLiteDatabase: at X.2tm.A08(Unknown Source:6)
02-23 07:44:36.521 27768 27839 E SQLiteDatabase: at X.35Y.A07(Unknown Source:212)
02-23 07:44:36.521 27768 27839 E SQLiteDatabase: at X.3QF.A14(Unknown Source:470)
02-23 07:44:36.521 27768 27839 E SQLiteDatabase: at X.3gU.run(Unknown Source:982)
02-23 07:44:36.521 27768 27839 E SQLiteDatabase: at android.os.Handler.handleCallback(Handler.java:938)
02-23 07:44:36.521 27768 27839 E SQLiteDatabase: at android.os.Handler.dispatchMessage(Handler.java:99)
02-23 07:44:36.521 27768 27839 E SQLiteDatabase: at X.0zq.dispatchMessage(Unknown Source:4)
02-23 07:44:36.521 27768 27839 E SQLiteDatabase: at android.os.Looper.loop(Looper.java:236)
02-23 07:44:36.521 27768 27839 E SQLiteDatabase: at android.os.HandlerThread.run(HandlerThread.java:67)
02-23 07:44:36.571 27768 27768 E ArmVmp : Match on catch block at 0xb0 in for 0xf9
02-23 07:44:36.908 27768 27768 W Looper : PerfMonitor doFrame : time=532ms vsyncFrame=0 latency=9ms procState=8 historyMsgCount=9
02-23 07:44:38.278 27768 27768 E ArmVmp : Match on catch block at 0xb0 in for 0xe5
02-23 07:44:38.313 27768 27768 E ArmVmp : Match on catch block at 0xb0 in for 0xe9
02-23 07:44:38.439 27768 27768 E ArmVmp : Match on catch block at 0x0a in for 0xc1
02-23 07:44:38.451 27768 27768 E ArmVmp : Match on catch block at 0x0a in for 0x131
02-23 07:44:38.553 27768 27768 W Looper : PerfMonitor looperActivity : package=com.whatsapp/.HomeActivity time=0ms latency=355ms running=0ms procState=2 ClientTransaction{ callbacks=[android.app.servertransaction.TopResumedActivityChang eItem] } historyMsgCount=2 (msgIndex=2 wall=328ms seq=3475 running=188ms io=53ms late=27ms h=android.app.ActivityThread$H w=159)
02-23 07:44:38.716 27768 27768 E ArmVmp : Match on catch block at 0xb0 in for 0xf9
02-23 07:44:38.748 27768 27768 E ArmVmp : Match on catch block at 0xb0 in for 0xf5
02-23 07:44:38.775 27768 27768 E ArmVmp : Match on catch block at 0xb0 in for 0xf1
02-23 07:44:38.802 27768 27768 E ArmVmp : Match on catch block at 0xb0 in for 0xf9
02-23 07:44:38.835 27768 27768 E ArmVmp : Match on catch block at 0xb0 in for 0xf1
02-23 07:44:38.877 27768 27768 E ArmVmp : Match on catch block at 0xb0 in for 0xf5
02-23 07:44:38.903 27768 27768 E ArmVmp : Match on catch block at 0xb0 in for 0xf9
02-23 07:44:38.928 27768 27768 E ArmVmp : Match on catch block at 0xb0 in for 0xf1
02-23 07:44:38.954 27768 27768 E ArmVmp : Match on catch block at 0xb0 in for 0xf5
02-23 07:44:38.978 27768 27768 E ArmVmp : Match on catch block at 0xb0 in for 0xf9
02-23 07:44:39.002 27768 27768 E ArmVmp : Match on catch block at 0xb0 in for 0xf1
02-23 07:44:39.025 27768 27768 E ArmVmp : Match on catch block at 0xb0 in for 0xf5
02-23 07:44:39.051 27768 27768 E ArmVmp : Match on catch block at 0xb0 in for 0xf9
02-23 07:44:39.073 27768 27768 E ArmVmp : Match on catch block at 0xb0 in for 0xf1
02-23 07:44:39.095 27768 27768 E ArmVmp : Match on catch block at 0xb0 in for 0xf5
02-23 07:44:39.109 27768 27768 E RecyclerView: No adapter attached; skipping layout
02-23 07:44:39.135 27768 27768 W Looper : PerfMonitor doFrame : time=562ms vsyncFrame=0 latency=23ms procState=2 historyMsgCount=24 (msgIndex=1 wall=328ms seq=3475 running=188ms io=53ms late=27ms h=android.app.ActivityThread$H w=159)
02-23 07:44:39.160 27768 27768 E RecyclerView: No adapter attached; skipping layout
02-23 07:44:39.164 27768 27768 W Looper : PerfMonitor doFrame : time=29ms vsyncFrame=0 latency=552ms procState=2 historyMsgCount=5 (msgIndex=1 wall=562ms seq=3499 running=452ms runnable=1ms io=29ms late=23ms h=android.view.Choreographer$FrameHandler c=android.view.Choreographer$FrameDisplayEventReceiver)
02-23 07:44:39.173 27768 27768 E ArmVmp : Match on catch block at 0x0a in for 0xd9
02-23 07:44:39.192 27768 27768 W Looper : PerfMonitor looperActivity : package=com.whatsapp/mbmodsd.mbmodsw.mbsettings.yo.PauseActivity time=25ms latency=346ms running=5ms procState=2 ClientTransaction{ callbacks=[android.app.servertransaction.LaunchActivityItem] lifecycleRequest=android.app.servertransaction.ResumeActivityItem } historyMsgCount=65 (msgIndex=1 wall=562ms seq=3499 running=452ms runnable=1ms io=29ms late=23ms h=android.view.Choreographer$FrameHandler c=android.view.Choreographer$FrameDisplayEventReceiver)
02-23 07:44:39.192 27768 27768 W Looper : PerfMonitor looperActivity : package=com.whatsapp/mbmodsd.mbmodsw.mbsettings.yo.PauseActivity time=0ms latency=371ms running=0ms procState=2 ClientTransaction{ callbacks=[android.app.servertransaction.TopResumedActivityChang eItem] } historyMsgCount=66 (msgIndex=1 wall=562ms seq=3499 running=452ms runnable=1ms io=29ms late=23ms h=android.view.Choreographer$FrameHandler c=android.view.Choreographer$FrameDisplayEventReceiver)
02-23 07:44:39.206 27768 27768 W Looper : PerfMonitor looperActivity : package=com.whatsapp/.HomeActivity time=12ms latency=340ms running=4ms procState=2 ClientTransaction{ lifecycleRequest=android.app.servertransaction.StopActivityItem } historyMsgCount=82 (msgIndex=1 wall=562ms seq=3499 running=452ms runnable=1ms io=29ms late=23ms h=android.view.Choreographer$FrameHandler c=android.view.Choreographer$FrameDisplayEventReceiver)
02-23 07:44:39.342 27768 27768 E ArmVmp : Match on catch block at 0xb0 in for 0x125
02-23 07:44:39.350 27768 27768 E ArmVmp : Match on catch block at 0xb0 in for 0x125
02-23 07:44:39.355 27768 27768 E ArmVmp : Match on catch block at 0xb0 in for 0x125
02-23 07:44:39.374 27768 27768 E ArmVmp : Match on catch block at 0xb0 in for 0x125
02-23 07:44:39.387 27768 27768 E ArmVmp : Match on catch block at 0xb0 in for 0x125
02-23 07:44:39.399 27768 27782 W System : A resource failed to call dispose.
02-23 07:44:39.452 27768 27768 E ArmVmp : Match on catch block at 0xb0 in for 0xf1
02-23 07:44:39.473 27768 27768 E ArmVmp : Match on catch block at 0xb0 in for 0xf5
02-23 07:44:39.512 27768 27768 E ArmVmp : Match on catch block at 0xb0 in for 0xe1
02-23 07:44:39.522 27768 27768 E ArmVmp : Match on catch block at 0xb0 in for 0xe5
02-23 07:44:39.530 27768 27768 E ArmVmp : Match on catch block at 0x5b in for 0x85
02-23 07:44:39.562 27768 27768 E ArmVmp : Match on catch block at 0x5b in for 0x89
02-23 07:44:39.606 27768 27768 E ArmVmp : Match on catch block at 0x5b in for 0x85
02-23 07:44:39.611 27768 27768 E ArmVmp : Match on catch block at 0x5b in for 0x81
02-23 07:44:39.907 27768 29502 W com.whatsapp: Accessing hidden method Lcom/android/org/conscrypt/ConscryptEngineSocket;->setUseSessionTickets(Z)V (greylist-max-q,test-api, reflection, denied)
02-23 07:44:39.907 27768 29502 W com.whatsapp: Accessing hidden method Lcom/android/org/conscrypt/OpenSSLSocketImpl;->setUseSessionTickets(Z)V (greylist- max-q,test-api, reflection, denied)
02-23 07:44:39.908 27768 29502 W com.whatsapp: Accessing hidden method Lcom/android/org/conscrypt/AbstractConscryptSocket;->setUseSessionTickets(Z)V (greylist-max-q, reflection, denied)
02-23 07:44:39.908 27768 29502 W com.whatsapp: Accessing hidden method Lcom/android/org/conscrypt/ConscryptEngineSocket;->setHostname(Ljava/lang/String;)V (greylist-max-q,test-api, reflection, denied)
02-23 07:44:39.908 27768 29502 W com.whatsapp: Accessing hidden method Lcom/android/org/conscrypt/OpenSSLSocketImpl;->setHostname(Ljava/lang/String;)V (greylist-max-q,test-api, reflection, denied)
02-23 07:44:39.908 27768 29502 W com.whatsapp: Accessing hidden method Lcom/android/org/conscrypt/AbstractConscryptSocket;->setHostname(Ljava/lang/ String;)V (greylist-max-q, reflection, denied)
02-23 07:44:39.908 27768 29502 W com.whatsapp: Accessing hidden method Lcom/android/org/conscrypt/OpenSSLSocketImpl;->setAlpnProtocols([B)V (greylist-max- q,test-api, reflection, denied)
02-23 07:44:39.908 27768 29502 W com.whatsapp: Accessing hidden method Lcom/android/org/conscrypt/AbstractConscryptSocket;->setAlpnProtocols([B)V (greylist-max-q, reflection, denied)
02-23 07:44:42.617 27768 29681 W com.whatsapp: Accessing hidden method Lcom/android/org/conscrypt/ConscryptEngineSocket;->setUseSessionTickets(Z)V (greylist-max-q,test-api, reflection, denied)
02-23 07:44:42.617 27768 29681 W com.whatsapp: Accessing hidden method Lcom/android/org/conscrypt/OpenSSLSocketImpl;->setUseSessionTickets(Z)V (greylist- max-q,test-api, reflection, denied)
02-23 07:44:42.617 27768 29681 W com.whatsapp: Accessing hidden method Lcom/android/org/conscrypt/AbstractConscryptSocket;->setUseSessionTickets(Z)V (greylist-max-q, reflection, denied)
02-23 07:44:42.618 27768 29681 W com.whatsapp: Accessing hidden method Lcom/android/org/conscrypt/ConscryptEngineSocket;->setHostname(Ljava/lang/String;)V (greylist-max-q,test-api, reflection, denied)
02-23 07:44:42.618 27768 29681 W com.whatsapp: Accessing hidden method Lcom/android/org/conscrypt/OpenSSLSocketImpl;->setHostname(Ljava/lang/String;)V (greylist-max-q,test-api, reflection, denied)
02-23 07:44:42.618 27768 29681 W com.whatsapp: Accessing hidden method Lcom/android/org/conscrypt/AbstractConscryptSocket;->setHostname(Ljava/lang/ String;)V (greylist-max-q, reflection, denied)
02-23 07:44:42.618 27768 29681 W com.whatsapp: Accessing hidden method Lcom/android/org/conscrypt/OpenSSLSocketImpl;->setAlpnProtocols([B)V (greylist-max- q,test-api, reflection, denied)
02-23 07:44:42.618 27768 29681 W com.whatsapp: Accessing hidden method Lcom/android/org/conscrypt/AbstractConscryptSocket;->setAlpnProtocols([B)V (greylist-max-q, reflection, denied)
02-23 07:44:47.127 27768 27768 E ArmVmp : Match on catch block at 0x38 in for 0xb1
02-23 07:44:47.130 27768 27768 W System.err: java.lang.NumberFormatException: For input string: ""
02-23 07:44:47.130 27768 27768 W System.err:
02-23 07:44:47.131 27768 27768 W System.err: at java.lang.Integer.parseInt(Integer.java:627)
02-23 07:44:47.131 27768 27768 W System.err:
02-23 07:44:47.132 27768 27768 W System.err: at java.lang.Integer.parseInt(Integer.java:650)
02-23 07:44:47.132 27768 27768 W System.err:
02-23 07:44:47.132 27768 27768 W System.err: at mbmodsd.mbmodsw.home.HomeActivity.mbcRe(Native Method)
02-23 07:44:47.132 27768 27768 W System.err:
02-23 07:44:47.132 27768 27768 W System.err: at com.whatsapp.HomeActivity.onPause(Unknown Source:9)
02-23 07:44:47.132 27768 27768 W System.err:
02-23 07:44:47.132 27768 27768 W System.err: at android.app.Activity.performPause(Activity.java:8343)
02-23 07:44:47.132 27768 27768 W System.err:
02-23 07:44:47.132 27768 27768 W System.err: at android.app.Instrumentation.callActivityOnPause(Instrumentation.java:1510)
02-23 07:44:47.132 27768 27768 W System.err:
02-23 07:44:47.132 27768 27768 W System.err: at android.app.ActivityThread.performPauseActivityIfNeeded(ActivityThread.java:4842)
02-23 07:44:47.132 27768 27768 W System.err:
02-23 07:44:47.132 27768 27768 W System.err: at android.app.ActivityThread.performPauseActivity(ActivityThread.java:4803)
02-23 07:44:47.132 27768 27768 W System.err:
02-23 07:44:47.132 27768 27768 W System.err: at android.app.ActivityThread.handlePauseActivity(ActivityThread.java:4751)
02-23 07:44:47.132 27768 27768 W System.err:
02-23 07:44:47.132 27768 27768 W System.err: at android.app.servertransaction.PauseActivityItem.execute(PauseActivityItem.java:46)
02-23 07:44:47.132 27768 27768 W System.err:
02-23 07:44:47.133 27768 27768 W System.err: at android.app.servertransaction.TransactionExecutor.executeLifecycleState(Transaction Executor.java:176)
02-23 07:44:47.133 27768 27768 W System.err:
02-23 07:44:47.133 27768 27768 W System.err: at android.app.servertransaction.TransactionExecutor.execute(TransactionExecutor.java: 97)
02-23 07:44:47.133 27768 27768 W System.err:
02-23 07:44:47.133 27768 27768 W System.err: at android.app.ActivityThread$H.handleMessage(ActivityThread.java:2131)
02-23 07:44:47.133 27768 27768 W System.err:
02-23 07:44:47.133 27768 27768 W System.err: at android.os.Handler.dispatchMessage(Handler.java:106)
02-23 07:44:47.133 27768 27768 W System.err:
02-23 07:44:47.133 27768 27768 W System.err: at android.os.Looper.loop(Looper.java:236)
02-23 07:44:47.133 27768 27768 W System.err:
02-23 07:44:47.133 27768 27768 W System.err: at android.app.ActivityThread.main(ActivityThread.java:8019)
02-23 07:44:47.133 27768 27768 W System.err:
02-23 07:44:47.133 27768 27768 W System.err: at java.lang.reflect.Method.invoke(Native Method)
02-23 07:44:47.133 27768 27768 W System.err:
02-23 07:44:47.133 27768 27768 W System.err: at com.android.internal.os.RuntimeInit$MethodAndArgsCaller.run(RuntimeInit.java:600)
02-23 07:44:47.133 27768 27768 W System.err:
02-23 07:44:47.133 27768 27768 W System.err: at com.android.internal.os.ZygoteInit.main(ZygoteInit.java:967)
02-23 07:44:47.133 27768 27768 W System.err:
02-23 07:44:47.246 27768 27768 E ArmVmp : Match on catch block at 0xb0 in for 0xe5
02-23 07:44:47.250 27768 27768 E ArmVmp : Match on catch block at 0xb0 in for 0xe5
02-23 07:44:47.269 27768 27768 E ArmVmp : Match on catch block at 0xb0 in for 0xe5
02-23 07:44:47.272 27768 27768 E ArmVmp : Match on catch block at 0xb0 in for 0xe5
