02-22 21:11:42.151 32566 32566 W Activity: Slow Operation: Activity com.whatsapp/.HomeActivity onPause took 211ms
02-22 21:15:58.346 32566 32566 W Activity: Slow Operation: Activity com.whatsapp/.HomeActivity onRestart took 103ms
02-22 21:15:58.457 32566 32566 W Activity: Slow Operation: Activity com.whatsapp/.HomeActivity onStart took 105ms
02-22 21:15:58.687 32566 32566 W Activity: Slow Operation: Activity com.whatsapp/.HomeActivity onResume took 104ms
02-22 21:15:59.100 32566 32566 W Looper : PerfMonitor doFrame : time=390ms vsyncFrame=0 latency=459ms procState=2 historyMsgCount=1 (msgIndex=1 wall=470ms seq=2200 running=92ms io=223ms late=39ms h=android.app.ActivityThread$H w=159)
02-22 21:15:59.139 32566 32566 W Looper : PerfMonitor doFrame : time=33ms vsyncFrame=0 latency=388ms procState=2 historyMsgCount=15 (msgIndex=1 wall=390ms seq=2201 running=214ms io=72ms late=459ms h=android.view.Choreographer$FrameHandler c=android.view.Choreographer$FrameDisplayEventReceiver)
02-22 21:16:00.782 32566 32566 W Activity: Slow Operation: Activity com.whatsapp/.HomeActivity onPause took 92ms --------- beginning of main
02-22 21:16:21.198 9454 9454 E com.whatsapp: Unknown bits set in runtime_flags: 0x800000
02-22 21:16:21.201 9454 9454 E com.whatsapp: Not starting debugger since process cannot load the jdwp agent.
02-22 21:16:22.080 9454 9454 W ResourceType: CREATING STRING CACHE OF 192 bytes
02-22 21:16:22.220 9454 9454 W System.err: java.lang.ClassNotFoundException: mbmodsd.mbmodsw.ui.views.btn.BtnBK
02-22 21:16:22.227 9454 9454 W System.err: at java.lang.Runtime.nativeLoad(Native Method)
02-22 21:16:22.227 9454 9454 W System.err: at java.lang.Runtime.nativeLoad(Runtime.java:1131)
02-22 21:16:22.227 9454 9454 W System.err: at java.lang.Runtime.loadLibrary0(Runtime.java:1085)
02-22 21:16:22.227 9454 9454 W System.err: at java.lang.Runtime.loadLibrary0(Runtime.java:1008)
02-22 21:16:22.228 9454 9454 W System.err: at java.lang.System.loadLibrary(System.java:1664)
02-22 21:16:22.228 9454 9454 W System.err: at arm.EpicVm.<clinit>(Unknown Source:2)
02-22 21:16:22.228 9454 9454 W System.err: at java.lang.Class.newInstance(Native Method)
02-22 21:16:22.228 9454 9454 W System.err: at android.app.AppComponentFactory.instantiateApplication(AppComponentFactory.java:76)
02-22 21:16:22.228 9454 9454 W System.err: at androidx.core.app.CoreComponentFactory.instantiateApplication(Unknown Source:0)
02-22 21:16:22.228 9454 9454 W System.err: at android.app.Instrumentation.newApplication(Instrumentation.java:1158)
02-22 21:16:22.228 9454 9454 W System.err: at android.app.LoadedApk.makeApplication(LoadedApk.java:1240)
02-22 21:16:22.228 9454 9454 W System.err: at android.app.ActivityThread.handleBindApplication(ActivityThread.java:6928)
02-22 21:16:22.228 9454 9454 W System.err: at android.app.ActivityThread.access$1500(ActivityThread.java:255)
02-22 21:16:22.228 9454 9454 W System.err: at android.app.ActivityThread$H.handleMessage(ActivityThread.java:1978)
02-22 21:16:22.228 9454 9454 W System.err: at android.os.Handler.dispatchMessage(Handler.java:106)
02-22 21:16:22.228 9454 9454 W System.err: at android.os.Looper.loop(Looper.java:236)
02-22 21:16:22.228 9454 9454 W System.err: at android.app.ActivityThread.main(ActivityThread.java:8019)
02-22 21:16:22.228 9454 9454 W System.err: at java.lang.reflect.Method.invoke(Native Method)
02-22 21:16:22.228 9454 9454 W System.err: at com.android.internal.os.RuntimeInit$MethodAndArgsCaller.run(RuntimeInit.java:600)
02-22 21:16:22.228 9454 9454 W System.err: at com.android.internal.os.ZygoteInit.main(ZygoteInit.java:967)
02-22 21:16:22.276 9454 9454 E CustomActivityOnCrash: IMPORTANT WARNING! You already have an UncaughtExceptionHandler, are you sure this is correct? If you use a custom UncaughtExceptionHandler, you must initialize it AFTER CustomActivityOnCrash! Installing anyway, but your original handler will not be called.
02-22 21:16:22.423 9454 9503 E libc : Access denied finding property "ro.vendor.df.effect.conflict"
02-22 21:16:22.423 9454 9503 E libc : Access denied finding property "ro.vendor.knock.type"
02-22 21:16:22.408 9454 9454 W firebase-iid-ex: type=1400 audit(0.0:471578): avc: denied { read } for name="u:object_r:vendor_displayfeature_prop:s0" dev="tmpfs" ino=1232 scontext=u:r:untrusted_app:s0:c213,c257,c512,c768 tcontext=u:object_r:vendor_displayfeature_prop:s0 tclass=file permissive=0 app=com.whatsapp
02-22 21:16:22.639 9454 9503 W LibraryVersion: Failed to get app version for libraryName: firebase-iid
02-22 21:16:24.492 9454 9454 W com.whatsapp: Accessing hidden method Lcom/android/org/conscrypt/OpenSSLSocketImpl;->setUseSessionTickets(Z)V (greylist- max-q,test-api, reflection, denied)
02-22 21:16:24.492 9454 9454 W com.whatsapp: Accessing hidden method Lcom/android/org/conscrypt/AbstractConscryptSocket;->setUseSessionTickets(Z)V (greylist-max-q, reflection, denied)
02-22 21:16:24.826 9454 9454 W linker : Warning: "/data/data/com.whatsapp/files/decompressed/libs.spk.zst/libc++_shared.so" unused DT entry: unknown processor-specific (type 0x70000001 arg 0x0) (ignoring)
02-22 21:16:24.808 9454 9454 W com.whatsapp: type=1400 audit(0.0:471590): avc: granted { execute } for path="/data/data/com.whatsapp/files/decompressed/libs.spk.zst/libc++_shared.so" dev="dm-10" ino=372071 scontext=u:r:untrusted_app:s0:c213,c257,c512,c768 tcontext=u:object_r:app_data_file:s0:c213,c257,c512,c768 tclass=file app=com.whatsapp
02-22 21:16:24.838 9454 9454 W com.whatsapp: type=1400 audit(0.0:471591): avc: granted { execute } for path="/data/data/com.whatsapp/files/decompressed/libs.spk.zst/libvlc.so" dev="dm- 10" ino=335014 scontext=u:r:untrusted_app:s0:c213,c257,c512,c768 tcontext=u:object_r:app_data_file:s0:c213,c257,c512,c768 tclass=file app=com.whatsapp
02-22 21:16:24.858 9454 9454 W com.whatsapp: type=1400 audit(0.0:471592): avc: granted { execute } for path="/data/data/com.whatsapp/files/decompressed/libs.spk.zst/libwhatsapp.so" dev="dm-10" ino=335273 scontext=u:r:untrusted_app:s0:c213,c257,c512,c768 tcontext=u:object_r:app_data_file:s0:c213,c257,c512,c768 tclass=file app=com.whatsapp
02-22 21:16:25.287 9454 9454 W com.whatsapp: Verification of void X.3fq.run() took 150.922ms (23442.44 bytecodes/s) (103208B approximate peak alloc)
02-22 21:16:26.169 9454 9706 W com.whatsapp: Class X.2rL failed lock verification and will run slower.
02-22 21:16:26.169 9454 9706 W com.whatsapp: Common causes for lock verification issues are non-optimized dex code
02-22 21:16:26.169 9454 9706 W com.whatsapp: and incorrect proguard optimizations.
02-22 21:16:26.241 9454 9454 W Looper : PerfMonitor longMsg : seq=2 plan=21:16:21.251 late=16ms wall=4746ms running=1213ms runnable=434ms io=2394ms reclaim=375ms h=android.app.ActivityThread$H w=110 procState=2
02-22 21:16:26.726 9454 9454 W com.whatsapp: Class com.whatsapp.HomeActivity failed lock verification and will run slower.
02-22 21:16:26.795 9454 9454 W com.whatsapp: Class X.0eU failed lock verification and will run slower.
02-22 21:16:27.546 9454 9454 E ArmVmp : Match on catch block at 0xb0 in for 0xe5
02-22 21:16:27.796 9454 9454 E ArmVmp : Match on catch block at 0xb0 in for 0xe9
02-22 21:16:28.780 9454 9454 E ArmVmp : Match on catch block at 0x0a in for 0xc9
02-22 21:16:28.840 9454 9454 E ArmVmp : Match on catch block at 0x0a in for 0x139
02-22 21:16:29.247 9454 9454 W Activity: Slow Operation: Activity com.whatsapp/.HomeActivity onCreate took 2346ms
02-22 21:16:29.504 9454 9828 W com.whatsapp: Accessing hidden method Lcom/android/org/conscrypt/ConscryptEngineSocket;->setUseSessionTickets(Z)V (greylist-max-q,test-api, reflection, denied)
02-22 21:16:29.504 9454 9828 W com.whatsapp: Accessing hidden method Lcom/android/org/conscrypt/OpenSSLSocketImpl;->setUseSessionTickets(Z)V (greylist- max-q,test-api, reflection, denied)
02-22 21:16:29.505 9454 9828 W com.whatsapp: Accessing hidden method Lcom/android/org/conscrypt/AbstractConscryptSocket;->setUseSessionTickets(Z)V (greylist-max-q, reflection, denied)
02-22 21:16:29.507 9454 9828 W com.whatsapp: Accessing hidden method Lcom/android/org/conscrypt/ConscryptEngineSocket;->setHostname(Ljava/lang/String;)V (greylist-max-q,test-api, reflection, denied)
02-22 21:16:29.507 9454 9828 W com.whatsapp: Accessing hidden method Lcom/android/org/conscrypt/OpenSSLSocketImpl;->setHostname(Ljava/lang/String;)V (greylist-max-q,test-api, reflection, denied)
02-22 21:16:29.507 9454 9828 W com.whatsapp: Accessing hidden method Lcom/android/org/conscrypt/AbstractConscryptSocket;->setHostname(Ljava/lang/ String;)V (greylist-max-q, reflection, denied)
02-22 21:16:29.508 9454 9828 W com.whatsapp: Accessing hidden method Lcom/android/org/conscrypt/OpenSSLSocketImpl;->setAlpnProtocols([B)V (greylist-max- q,test-api, reflection, denied)
02-22 21:16:29.508 9454 9828 W com.whatsapp: Accessing hidden method Lcom/android/org/conscrypt/AbstractConscryptSocket;->setAlpnProtocols([B)V (greylist-max-q, reflection, denied)
02-22 21:16:29.542 9454 9454 W Activity: Slow Operation: Activity com.whatsapp/.HomeActivity onStart took 286ms
02-22 21:16:29.550 9454 9454 W PhoneWindow: Previously focused view reported id 2131429103 during save, but can't be found during restore.
02-22 21:16:29.667 9454 9903 W LOTTIE : Animation contains merge paths. Merge paths are only supported on KitKat+ and must be manually enabled by calling enableMergePathsForKitKatAndAbove().
02-22 21:16:29.685 9454 9454 W Looper : PerfMonitor longMsg : seq=3 plan=21:16:21.357 late=4884ms wall=3443ms running=1660ms runnable=480ms io=567ms reclaim=38ms h=android.app.ActivityThread$H w=159 procState=2
02-22 21:16:29.685 9454 9454 W Looper : PerfMonitor looperActivity : package=com.whatsapp/.HomeActivity time=3443ms latency=4884ms running=1660ms procState=2 ClientTransaction{ callbacks=[android.app.servertransaction.LaunchActivityItem] lifecycleRequest=android.app.servertransaction.ResumeActivityItem } historyMsgCount=1 (msgIndex=1 wall=4746ms seq=2 running=1213ms runnable=434ms io=2394ms reclaim=375ms late=16ms h=android.app.ActivityThread$H w=110)
02-22 21:16:29.686 9454 9454 W Looper : PerfMonitor looperActivity : package=com.whatsapp/.HomeActivity time=0ms latency=8326ms running=0ms procState=2 ClientTransaction{ callbacks=[android.app.servertransaction.TopResumedActivityChang eItem] } historyMsgCount=2 (msgIndex=1 wall=4746ms seq=2 running=1213ms runnable=434ms io=2394ms reclaim=375ms late=16ms h=android.app.ActivityThread$H w=110) (msgIndex=2 wall=3443ms seq=3 running=1660ms runnable=480ms io=567ms reclaim=38ms late=4884ms h=android.app.ActivityThread$H w=159)
02-22 21:16:29.751 9454 9454 W Looper : PerfMonitor looperActivity : package=com.whatsapp/.HomeActivity time=13ms latency=862ms running=3ms procState=2 ClientTransaction{ callbacks=[android.app.servertransaction.TopResumedActivityChang eItem] } historyMsgCount=21 (msgIndex=1 wall=3443ms seq=3 running=1660ms runnable=480ms io=567ms reclaim=38ms late=4884ms h=android.app.ActivityThread$H w=159)
02-22 21:16:29.812 9454 9454 W Looper : PerfMonitor looperActivity : package=com.whatsapp/.HomeActivity time=61ms latency=875ms running=9ms procState=2 ClientTransaction{ lifecycleRequest=android.app.servertransaction.PauseActivityItem } historyMsgCount=22 (msgIndex=1 wall=3443ms seq=3 running=1660ms runnable=480ms io=567ms reclaim=38ms late=4884ms h=android.app.ActivityThread$H w=159)
02-22 21:16:30.126 9454 9454 E ArmVmp : Match on catch block at 0xb0 in for 0x121
02-22 21:16:30.140 9454 9454 E ArmVmp : Match on catch block at 0xb0 in for 0x121
02-22 21:16:30.150 9454 9454 E ArmVmp : Match on catch block at 0xb0 in for 0x121
02-22 21:16:30.223 9454 9454 E ArmVmp : Match on catch block at 0xb0 in for 0xf9
02-22 21:16:30.579 9454 9454 E ArmVmp : Match on catch block at 0xb0 in for 0xf9
02-22 21:16:30.651 9454 9454 E ArmVmp : Match on catch block at 0xb0 in for 0x121
02-22 21:16:30.663 9454 9454 E ArmVmp : Match on catch block at 0xb0 in for 0x121
02-22 21:16:30.676 9454 9454 E ArmVmp : Match on catch block at 0xb0 in for 0x121
02-22 21:16:30.686 9454 9454 E ArmVmp : Match on catch block at 0xb0 in for 0x121
02-22 21:16:30.699 9454 9454 E ArmVmp : Match on catch block at 0xb0 in for 0xf1
02-22 21:16:30.796 9454 9454 E ArmVmp : Match on catch block at 0xb0 in for 0xf5
02-22 21:16:30.850 9454 9454 E ArmVmp : Match on catch block at 0xb0 in for 0xf9
02-22 21:16:30.894 9454 9454 E ArmVmp : Match on catch block at 0xb0 in for 0xf1
02-22 21:16:30.900 9454 9828 W com.whatsapp: Accessing hidden method Lcom/android/org/conscrypt/OpenSSLSocketImpl;->getAlpnSelectedProtocol()[B (greylist-max-q,test-api, reflection, denied)
02-22 21:16:30.900 9454 9828 W com.whatsapp: Accessing hidden method Lcom/android/org/conscrypt/AbstractConscryptSocket;->getAlpnSelectedProtocol()[B (greylist-max-q, reflection, denied)
02-22 21:16:30.991 9454 9454 E ArmVmp : Match on catch block at 0xb0 in for 0xf5
02-22 21:16:31.081 9454 9454 E ArmVmp : Match on catch block at 0xb0 in for 0xf9
02-22 21:16:31.126 9454 9454 E ArmVmp : Match on catch block at 0xb0 in for 0xf1
02-22 21:16:31.173 9454 9454 E ArmVmp : Match on catch block at 0xb0 in for 0xf5
02-22 21:16:31.252 9454 9454 E ArmVmp : Match on catch block at 0xb0 in for 0xf9
02-22 21:16:31.372 9454 9454 E ArmVmp : Match on catch block at 0xb0 in for 0xf1
02-22 21:16:31.434 9454 9454 E ArmVmp : Match on catch block at 0xb0 in for 0xf5
02-22 21:16:31.485 9454 9454 E RecyclerView: No adapter attached; skipping layout
02-22 21:16:31.503 9454 9454 W Looper : PerfMonitor longMsg : seq=56 plan=21:16:29.677 late=216ms wall=1609ms running=1192ms runnable=181ms io=94ms h=android.view.Choreographer$FrameHandler c=android.view.Choreographer$FrameDisplayEventReceiver procState=2
02-22 21:16:31.504 9454 9454 W Looper : PerfMonitor doFrame : time=1609ms vsyncFrame=0 latency=216ms procState=2 historyMsgCount=53 (msgIndex=1 wall=3443ms seq=3 running=1660ms runnable=480ms io=567ms reclaim=38ms late=4884ms h=android.app.ActivityThread$H w=159) (msgIndex=23 wall=61ms seq=25 running=9ms runnable=7ms io=2ms late=875ms h=android.app.ActivityThread$H w=159)
02-22 21:16:31.537 9454 9454 W LOTTIE : Animation contains merge paths but they are disabled.
02-22 21:16:31.577 9454 9454 W Looper : PerfMonitor looperActivity : package=com.whatsapp/.HomeActivity time=7ms latency=1724ms running=3ms procState=2 ClientTransaction{ lifecycleRequest=android.app.servertransaction.StopActivityItem } historyMsgCount=27 (msgIndex=18 wall=1609ms seq=56 running=1192ms runnable=181ms io=94ms late=216ms h=android.view.Choreographer$FrameHandler c=android.view.Choreographer$FrameDisplayEventReceiver)
02-22 21:16:31.609 9454 9454 E ArmVmp : Match on catch block at 0x0a in for 0xd9
02-22 21:16:31.646 9454 9454 W Looper : PerfMonitor looperActivity : package=com.whatsapp/mbmodsd.mbmodsw.mbsettings.yo.PauseActivity time=50ms latency=1696ms running=13ms procState=2 ClientTransaction{ callbacks=[android.app.servertransaction.LaunchActivityItem] lifecycleRequest=android.app.servertransaction.ResumeActivityItem } historyMsgCount=34 (msgIndex=1 wall=1609ms seq=56 running=1192ms runnable=181ms io=94ms late=216ms h=android.view.Choreographer$FrameHandler c=android.view.Choreographer$FrameDisplayEventReceiver)
02-22 21:16:31.646 9454 9454 W Looper : PerfMonitor looperActivity : package=com.whatsapp/mbmodsd.mbmodsw.mbsettings.yo.PauseActivity time=0ms latency=1746ms running=0ms procState=2 ClientTransaction{ callbacks=[android.app.servertransaction.TopResumedActivityChang eItem] } historyMsgCount=35 (msgIndex=1 wall=1609ms seq=56 running=1192ms runnable=181ms io=94ms late=216ms h=android.view.Choreographer$FrameHandler c=android.view.Choreographer$FrameDisplayEventReceiver)
02-22 21:16:31.737 9454 9454 W Looper : PerfMonitor doFrame : time=90ms vsyncFrame=0 latency=1736ms procState=2 historyMsgCount=37 (msgIndex=1 wall=1609ms seq=56 running=1192ms runnable=181ms io=94ms late=216ms h=android.view.Choreographer$FrameHandler c=android.view.Choreographer$FrameDisplayEventReceiver)
02-22 21:16:31.989 9454 9454 W Looper : PerfMonitor looperActivity : package=com.whatsapp/mbmodsd.mbmodsw.mbsettings.yo.PauseActivity time=1ms latency=360ms running=0ms procState=2 ClientTransaction{ callbacks=[android.app.servertransaction.TopResumedActivityChang eItem] } historyMsgCount=177 (msgIndex=4 wall=90ms seq=93 running=53ms runnable=8ms io=16ms late=1736ms h=android.view.Choreographer$FrameHandler c=android.view.Choreographer$FrameDisplayEventReceiver) (msgIndex=15 wall=107ms seq=104 running=75ms runnable=6ms io=12ms late=1588ms h=android.os.Handler c=X.5uC)
02-22 21:16:32.005 9454 9454 W Looper : PerfMonitor looperActivity : package=com.whatsapp/mbmodsd.mbmodsw.mbsettings.yo.PauseActivity time=16ms latency=362ms running=0ms procState=2 ClientTransaction{ lifecycleRequest=android.app.servertransaction.PauseActivityItem } historyMsgCount=178 (msgIndex=4 wall=90ms seq=93 running=53ms runnable=8ms io=16ms late=1736ms h=android.view.Choreographer$FrameHandler c=android.view.Choreographer$FrameDisplayEventReceiver) (msgIndex=15 wall=107ms seq=104 running=75ms runnable=6ms io=12ms late=1588ms h=android.os.Handler c=X.5uC)
02-22 21:16:32.757 9454 9454 W Looper : PerfMonitor doFrame : time=530ms vsyncFrame=0 latency=66ms procState=2 historyMsgCount=19 (msgIndex=1 wall=67ms seq=285 running=34ms runnable=5ms late=149ms h=android.app.ActivityThread$H w=159)
02-22 21:16:32.849 9454 9454 E ArmVmp : Match on catch block at 0xb0 in for 0xe5
02-22 21:16:32.878 9454 9454 E ArmVmp : Match on catch block at 0xb0 in for 0xe9
02-22 21:16:32.902 9454 9454 E ArmVmp : Match on catch block at 0x5b in for 0x89
02-22 21:16:32.975 9454 9454 E ArmVmp : Match on catch block at 0x5b in for 0x89
02-22 21:16:33.054 9454 9454 E ArmVmp : Match on catch block at 0x5b in for 0x81
02-22 21:16:33.064 9454 9454 E ArmVmp : Match on catch block at 0x5b in for 0x89
02-22 21:16:33.107 9454 9454 W Looper : PerfMonitor doFrame : time=330ms vsyncFrame=0 latency=549ms procState=2 historyMsgCount=12 (msgIndex=1 wall=530ms seq=304 running=245ms runnable=37ms io=17ms late=66ms h=android.view.Choreographer$FrameHandler c=android.view.Choreographer$FrameDisplayEventReceiver)
02-22 21:16:33.247 9454 9454 W Looper : PerfMonitor doFrame : time=129ms vsyncFrame=0 latency=322ms procState=2 historyMsgCount=27 (msgIndex=1 wall=330ms seq=316 running=182ms runnable=33ms io=60ms late=549ms h=android.view.Choreographer$FrameHandler c=android.view.Choreographer$FrameDisplayEventReceiver)
02-22 21:16:33.320 9454 9454 E ArmVmp : Match on catch block at 0xb0 in for 0xf1
02-22 21:16:33.377 9454 9454 E ArmVmp : Match on catch block at 0xb0 in for 0xf5
02-22 21:16:34.420 9454 10135 W BpBinder: Slow Binder: BpBinder transact took 500 ms, interface=android.app.IActivityManager, code=22 oneway=false
02-22 21:16:34.697 9454 10135 W BpBinder: Slow Binder: BpBinder transact took 277 ms, interface=android.content.IContentProvider, code=1 oneway=false
02-22 21:16:34.709 9454 10176 E linker : library "" ("/apex/com.android.vndk.v30/lib64") needed or dlopened by "/apex/com.android.vndk.v30/lib64/libRS_internal.so" is not accessible for the namespace: [name="rs", ld_library_paths="", default_library_paths="/apex/com.android.vndk.v30/lib64:/vendor/lib64", permitted_paths="/odm/lib64:/vendor/lib64:/system/vendor/lib64:/data"]
02-22 21:16:34.710 9454 10176 E RenderScript: Failed loading RS driver: dlopen failed: library "" needed or dlopened by "/apex/com.android.vndk.v30/lib64/libRS_internal.so" is not accessible for the namespace "rs"
02-22 21:16:34.710 9454 10176 E RenderScript: Failed to load runtime , loading default
02-22 21:16:34.892 9454 10186 W LOTTIE : Unknown shape type rd
02-22 21:16:34.914 9454 9454 E ArmVmp : Match on catch block at 0xb0 in for 0xe5
02-22 21:16:34.926 9454 9454 E ArmVmp : Match on catch block at 0xb0 in for 0xe9
02-22 21:16:34.957 9454 9454 W Activity: Slow Operation: Activity com.whatsapp/.Conversation onCreate took 538ms
02-22 21:16:35.016 9454 9454 E ArmVmp : Match on catch block at 0x0a in for 0xc1
02-22 21:16:35.021 9454 9454 E ArmVmp : Match on catch block at 0x0a in for 0xc1
02-22 21:16:35.078 9454 9454 W Looper : PerfMonitor looperActivity : package=com.whatsapp/.Conversation time=0ms latency=678ms running=0ms procState=2 ClientTransaction{ callbacks=[android.app.servertransaction.TopResumedActivityChang eItem] } historyMsgCount=2 (msgIndex=2 wall=673ms seq=557 running=438ms io=97ms late=5ms h=android.app.ActivityThread$H w=159)
02-22 21:16:35.329 9454 9454 E ArmVmp : Match on catch block at 0xc3 in for 0xb5
02-22 21:16:35.334 9454 9454 E ArmVmp : Match on catch block at 0xc3 in for 0xb1
02-22 21:16:35.431 9454 9454 E ArmVmp : Match on catch block at 0xc3 in for 0xa1
02-22 21:16:35.433 9454 9454 E ArmVmp : Match on catch block at 0xc3 in for 0xa9
02-22 21:16:35.467 9454 9454 E ArmVmp : Match on catch block at 0xc3 in for 0xa5
02-22 21:16:35.470 9454 9454 E ArmVmp : Match on catch block at 0xc3 in for 0xa9
02-22 21:16:35.528 9454 9454 E ArmVmp : Match on catch block at 0xc3 in for 0xa9
02-22 21:16:35.531 9454 9454 E ArmVmp : Match on catch block at 0xc3 in for 0xa1
02-22 21:16:35.682 9454 9454 E ArmVmp : Match on catch block at 0xc3 in for 0xa1
02-22 21:16:35.685 9454 9454 E ArmVmp : Match on catch block at 0xc3 in for 0xa5
02-22 21:16:35.915 9454 9454 E ArmVmp : Match on catch block at 0xc3 in for 0xa5
02-22 21:16:35.918 9454 9454 E ArmVmp : Match on catch block at 0xc3 in for 0xa9
02-22 21:16:35.932 9454 9454 E ArmVmp : Match on catch block at 0xc3 in for 0xa9
02-22 21:16:35.935 9454 9454 E ArmVmp : Match on catch block at 0xc3 in for 0xa1
02-22 21:16:35.949 9454 9454 E ArmVmp : Match on catch block at 0xc3 in for 0xa1
02-22 21:16:35.952 9454 9454 E ArmVmp : Match on catch block at 0xc3 in for 0xa5
02-22 21:16:35.965 9454 9454 E ArmVmp : Match on catch block at 0xc3 in for 0xa5
02-22 21:16:35.969 9454 9454 E ArmVmp : Match on catch block at 0xc3 in for 0xa9
02-22 21:16:35.982 9454 9454 E ArmVmp : Match on catch block at 0xc3 in for 0xa9
02-22 21:16:35.985 9454 9454 E ArmVmp : Match on catch block at 0xc3 in for 0xa1
02-22 21:16:35.998 9454 9454 E ArmVmp : Match on catch block at 0xc3 in for 0xa1
02-22 21:16:36.002 9454 9454 E ArmVmp : Match on catch block at 0xc3 in for 0xa5
02-22 21:16:36.015 9454 9454 E ArmVmp : Match on catch block at 0xc3 in for 0xa5
02-22 21:16:36.018 9454 9454 E ArmVmp : Match on catch block at 0xc3 in for 0xa9
02-22 21:16:36.031 9454 9454 E ArmVmp : Match on catch block at 0xc3 in for 0xa9
02-22 21:16:36.034 9454 9454 E ArmVmp : Match on catch block at 0xc3 in for 0xa1
02-22 21:16:36.048 9454 9454 E ArmVmp : Match on catch block at 0xc3 in for 0xa1
02-22 21:16:36.051 9454 9454 E ArmVmp : Match on catch block at 0xc3 in for 0xa5
02-22 21:16:36.065 9454 9454 E ArmVmp : Match on catch block at 0xc3 in for 0xa5
02-22 21:16:36.069 9454 9454 E ArmVmp : Match on catch block at 0xc3 in for 0xa9
02-22 21:16:36.081 9454 9454 E ArmVmp : Match on catch block at 0xc3 in for 0xa9
02-22 21:16:36.084 9454 9454 E ArmVmp : Match on catch block at 0xc3 in for 0xa1
02-22 21:16:36.098 9454 9454 E ArmVmp : Match on catch block at 0xc3 in for 0xa1
02-22 21:16:36.100 9454 9454 E ArmVmp : Match on catch block at 0xc3 in for 0xa5
02-22 21:16:36.115 9454 9454 E ArmVmp : Match on catch block at 0xc3 in for 0xa5
02-22 21:16:36.117 9454 9454 E ArmVmp : Match on catch block at 0xc3 in for 0xa9
02-22 21:16:36.131 9454 9454 E ArmVmp : Match on catch block at 0xc3 in for 0xa9
02-22 21:16:36.134 9454 9454 E ArmVmp : Match on catch block at 0xc3 in for 0xa1
02-22 21:16:36.148 9454 9454 E ArmVmp : Match on catch block at 0xc3 in for 0xa1
02-22 21:16:36.152 9454 9454 E ArmVmp : Match on catch block at 0xc3 in for 0xa5
02-22 21:16:36.165 9454 9454 E ArmVmp : Match on catch block at 0xc3 in for 0xa5
02-22 21:16:36.168 9454 9454 E ArmVmp : Match on catch block at 0xc3 in for 0xa9
02-22 21:16:36.181 9454 9454 E ArmVmp : Match on catch block at 0xc3 in for 0xa9
02-22 21:16:36.184 9454 9454 E ArmVmp : Match on catch block at 0xc3 in for 0xa1
02-22 21:16:36.198 9454 9454 E ArmVmp : Match on catch block at 0xc3 in for 0xa1
02-22 21:16:36.205 9454 9454 E ArmVmp : Match on catch block at 0xc3 in for 0xa5
02-22 21:16:36.215 9454 9454 E ArmVmp : Match on catch block at 0xc3 in for 0xa5
02-22 21:16:36.218 9454 9454 E ArmVmp : Match on catch block at 0xc3 in for 0xa9
02-22 21:16:36.532 9454 9454 E ArmVmp : Match on catch block at 0xc3 in for 0xa9
02-22 21:16:36.534 9454 9454 E ArmVmp : Match on catch block at 0xc3 in for 0xa1
02-22 21:16:37.033 9454 9454 E ArmVmp : Match on catch block at 0xc3 in for 0xa1
02-22 21:16:37.037 9454 9454 E ArmVmp : Match on catch block at 0xc3 in for 0xa5
02-22 21:16:37.066 9454 9454 E ArmVmp : Match on catch block at 0xc3 in for 0xa5
02-22 21:16:37.069 9454 9454 E ArmVmp : Match on catch block at 0xc3 in for 0xa9
02-22 21:16:37.083 9454 9454 E ArmVmp : Match on catch block at 0xc3 in for 0xa9
02-22 21:16:37.086 9454 9454 E ArmVmp : Match on catch block at 0xc3 in for 0xa1
02-22 21:16:37.100 9454 9454 E ArmVmp : Match on catch block at 0xc3 in for 0xa1
02-22 21:16:37.104 9454 9454 E ArmVmp : Match on catch block at 0xc3 in for 0xa5
02-22 21:16:37.116 9454 9454 E ArmVmp : Match on catch block at 0xc3 in for 0xa5
02-22 21:16:37.119 9454 9454 E ArmVmp : Match on catch block at 0xc3 in for 0xa9
02-22 21:16:37.132 9454 9454 E ArmVmp : Match on catch block at 0xc3 in for 0xa9
02-22 21:16:37.135 9454 9454 E ArmVmp : Match on catch block at 0xc3 in for 0xa1
02-22 21:16:37.149 9454 9454 E ArmVmp : Match on catch block at 0xc3 in for 0xa1
02-22 21:16:37.153 9454 9454 E ArmVmp : Match on catch block at 0xc3 in for 0xa5
02-22 21:16:37.165 9454 9454 E ArmVmp : Match on catch block at 0xc3 in for 0xa5
02-22 21:16:37.170 9454 9454 E ArmVmp : Match on catch block at 0xc3 in for 0xa9
02-22 21:16:37.182 9454 9454 E ArmVmp : Match on catch block at 0xc3 in for 0xa9
02-22 21:16:37.185 9454 9454 E ArmVmp : Match on catch block at 0xc3 in for 0xa1
02-22 21:16:37.198 9454 9454 E ArmVmp : Match on catch block at 0xc3 in for 0xa1
02-22 21:16:37.201 9454 9454 E ArmVmp : Match on catch block at 0xc3 in for 0xa5
02-22 21:16:37.215 9454 9454 E ArmVmp : Match on catch block at 0xc3 in for 0xa5
02-22 21:16:37.218 9454 9454 E ArmVmp : Match on catch block at 0xc3 in for 0xa9
02-22 21:16:37.232 9454 9454 E ArmVmp : Match on catch block at 0xc3 in for 0xa9
02-22 21:16:37.235 9454 9454 E ArmVmp : Match on catch block at 0xc3 in for 0xa1
02-22 21:16:37.248 9454 9454 E ArmVmp : Match on catch block at 0xc3 in for 0xa1
02-22 21:16:37.252 9454 9454 E ArmVmp : Match on catch block at 0xc3 in for 0xa5
02-22 21:16:37.265 9454 9454 E ArmVmp : Match on catch block at 0xc3 in for 0xa5
02-22 21:16:37.268 9454 9454 E ArmVmp : Match on catch block at 0xc3 in for 0xa9
02-22 21:16:37.282 9454 9454 E ArmVmp : Match on catch block at 0xc3 in for 0xa9
02-22 21:16:37.285 9454 9454 E ArmVmp : Match on catch block at 0xc3 in for 0xa1
02-22 21:16:37.298 9454 9454 E ArmVmp : Match on catch block at 0xc3 in for 0xa1
02-22 21:16:37.302 9454 9454 E ArmVmp : Match on catch block at 0xc3 in for 0xa5
02-22 21:16:37.315 9454 9454 E ArmVmp : Match on catch block at 0xc3 in for 0xa5
02-22 21:16:37.318 9454 9454 E ArmVmp : Match on catch block at 0xc3 in for 0xa9
02-22 21:16:37.532 9454 9454 E ArmVmp : Match on catch block at 0xc3 in for 0xa9
02-22 21:16:37.534 9454 9454 E ArmVmp : Match on catch block at 0xc3 in for 0xa1
02-22 21:16:38.031 9454 9454 E ArmVmp : Match on catch block at 0xc3 in for 0xa1
02-22 21:16:38.035 9454 9454 E ArmVmp : Match on catch block at 0xc3 in for 0xa5
02-22 21:16:38.532 9454 9454 E ArmVmp : Match on catch block at 0xc3 in for 0xa9
02-22 21:16:38.535 9454 9454 E ArmVmp : Match on catch block at 0xc3 in for 0xa1
02-22 21:16:39.033 9454 9454 E ArmVmp : Match on catch block at 0xc3 in for 0xa1
02-22 21:16:39.035 9454 9454 E ArmVmp : Match on catch block at 0xc3 in for 0xa5
02-22 21:16:39.534 9454 9454 E ArmVmp : Match on catch block at 0xc3 in for 0xa5
02-22 21:16:39.537 9454 9454 E ArmVmp : Match on catch block at 0xc3 in for 0xa9
02-22 21:16:39.883 9454 9454 E ArmVmp : Match on catch block at 0xc3 in for 0xa5
02-22 21:16:39.886 9454 9454 E ArmVmp : Match on catch block at 0xc3 in for 0xa9
02-22 21:16:40.015 9454 9454 W TabLayout: MODE_SCROLLABLE + GRAVITY_FILL is not supported, GRAVITY_START will be used instead
02-22 21:16:40.079 9454 10276 W CameraManagerGlobal: [soar.cts] ignore the status update of camera: 100
02-22 21:16:40.079 9454 10276 W CameraManagerGlobal: [soar.cts] ignore the status update of camera: 101
02-22 21:16:40.079 9454 10276 W CameraManagerGlobal: [soar.cts] ignore the status update of camera: 21
02-22 21:16:40.079 9454 10276 W CameraManagerGlobal: [soar.cts] ignore the status update of camera: 22
02-22 21:16:40.079 9454 10276 W CameraManagerGlobal: [soar.cts] ignore the status update of camera: 25
02-22 21:16:40.079 9454 10276 W CameraManagerGlobal: [soar.cts] ignore the status update of camera: 61
02-22 21:16:40.080 9454 10112 W CameraManagerGlobal: ignore the torch status update of camera: 100
02-22 21:16:40.080 9454 10112 W CameraManagerGlobal: ignore the torch status update of camera: 21
02-22 21:16:40.081 9454 10112 W CameraManagerGlobal: ignore the torch status update of camera: 22
02-22 21:16:40.081 9454 10112 W CameraManagerGlobal: ignore the torch status update of camera: 61
02-22 21:16:40.135 9454 9454 W BottomSheetBehavior: BottomSheetBehavior now supports multiple callbacks. `setBottomSheetCallback()` removes all existing callbacks, including ones set internally by library authors, which may result in unintended behavior. This may change in the future. Please use `addBottomSheetCallback()` and `removeBottomSheetCallback()` instead to set your own callbacks.
02-22 21:16:40.148 9454 9454 W Optic-Camera-Ha: type=1400 audit(0.0:471608): avc: denied { read } for name="u:object_r:vendor_persist_camera_prop:s0" dev="tmpfs" ino=1267 scontext=u:r:untrusted_app:s0:c213,c257,c512,c768 tcontext=u:object_r:vendor_persist_camera_prop:s0 tclass=file permissive=0 app=com.whatsapp
02-22 21:16:40.160 9454 10277 E libc : Access denied finding property "persist.vendor.camera.privapp.list"
02-22 21:16:40.172 9454 9474 E CameraManagerGlobal: Camera 61 is not available. Ignore physical camera status change
02-22 21:16:40.210 9454 9454 E ArmVmp : Match on catch block at 0xc3 in for 0xa9
02-22 21:16:40.212 9454 9454 E ArmVmp : Match on catch block at 0xc3 in for 0xa1
02-22 21:16:40.346 9454 9454 W View : requestLayout() improperly called by com.whatsapp.WaImageView{53d28e3 VF.D..CL. ......ID 0,0-154,154 #7f0b1814 app:id/shutter} during layout: running second layout pass
02-22 21:16:40.346 9454 9454 W View : requestLayout() improperly called by com.whatsapp.CircularProgressBar{11c2e0 V.ED..... ......ID 0,0-154,154 #7f0b14fc app:id/recording_progress} during layout: running second layout pass
02-22 21:16:40.346 9454 9454 W View : requestLayout() improperly called by com.whatsapp.WaImageView{a306999 VF.D..C.. ......ID 0,0-115,115 #7f0b1976 app:id/switch_camera_btn} during layout: running second layout pass
02-22 21:16:40.347 9454 9454 W View : requestLayout() improperly called by com.whatsapp.WaImageView{c1fc45e VFED..C.. ......ID 0,0-115,115 #7f0b0b0d app:id/gallery_btn} during layout: running second layout pass
02-22 21:16:40.347 9454 9454 W View : requestLayout() improperly called by com.whatsapp.WaImageView{60f703f VF.D..C.. ......ID 0,0-115,115 #7f0b0a9c app:id/flash_btn} during layout: running second layout pass
02-22 21:16:40.347 9454 9454 W View : requestLayout() improperly called by com.whatsapp.WaImageView{8802d0c VFED..C.. ......ID 0,0-115,115 #7f0b057f app:id/close_camera_btn} during layout: running second layout pass
02-22 21:16:40.347 9454 9454 W View : requestLayout() improperly called by X.4Ki{f950655 V.ED..... ......ID 0,5-1080,120} during layout: running second layout pass
02-22 21:16:40.347 9454 9454 W View : requestLayout() improperly called by androidx.appcompat.view.menu.ActionMenuItemView{51fc86a VFED..CL. ......ID 0,9- 116,124 #7f0b0fe8 app:id/more} during layout: running second layout pass
02-22 21:16:40.347 9454 9454 W View : requestLayout() improperly called by androidx.appcompat.widget.ActionMenuView{994d15b V.E...... ......ID 964,0-1080,134} during layout: running second layout pass
02-22 21:16:40.419 9454 9454 W View : requestLayout() improperly called by com.whatsapp.WaImageView{53d28e3 VF.D..CL. ......ID 463,1726-617,1880 #7f0b1814 app:id/shutter} during layout: running second layout pass
02-22 21:16:40.419 9454 9454 W View : requestLayout() improperly called by com.whatsapp.CircularProgressBar{11c2e0 V.ED..... ......ID 463,1726-617,1880 #7f0b14fc app:id/recording_progress} during layout: running second layout pass
02-22 21:16:40.419 9454 9454 W View : requestLayout() improperly called by com.whatsapp.WaImageView{a306999 VF.D..C.. ......ID 945,1745-1060,1860 #7f0b1976 app:id/switch_camera_btn} during layout: running second layout pass
02-22 21:16:40.419 9454 9454 W View : requestLayout() improperly called by com.whatsapp.WaImageView{c1fc45e VFED..C.. ......ID 20,1745-135,1860 #7f0b0b0d app:id/gallery_btn} during layout: running second layout pass
02-22 21:16:40.419 9454 9454 W View : requestLayout() improperly called by com.whatsapp.WaImageView{60f703f VF.D..C.. ......ID 945,20-1060,135 #7f0b0a9c app:id/flash_btn} during layout: running second layout pass
02-22 21:16:40.419 9454 9454 W View : requestLayout() improperly called by com.whatsapp.WaImageView{8802d0c VFED..C.. ......I. 20,20-135,135 #7f0b057f app:id/close_camera_btn} during layout: running second layout pass
02-22 21:16:40.425 9454 9454 E ArmVmp : Match on catch block at 0xc3 in for 0xa1
02-22 21:16:40.428 9454 9454 E ArmVmp : Match on catch block at 0xc3 in for 0xa5
02-22 21:16:40.527 9454 9454 E ArmVmp : Match on catch block at 0xc3 in for 0xa1
02-22 21:16:40.530 9454 9454 E ArmVmp : Match on catch block at 0xc3 in for 0xa5
02-22 21:16:40.648 9454 9454 W pool-9-thread-1: type=1400 audit(0.0:471611): avc: granted { execute } for path="/data/data/com.whatsapp/files/decompressed/libs.spk.zst/libgifimage.so" dev="dm-10" ino=371810 scontext=u:r:untrusted_app:s0:c213,c257,c512,c768 tcontext=u:object_r:app_data_file:s0:c213,c257,c512,c768 tclass=file app=com.whatsapp
02-22 21:16:41.210 9454 9468 W System : A resource failed to call close.
02-22 21:16:41.264 9454 10277 W BpBinder: Slow Binder: BpBinder transact took 796 ms, interface=android.hardware.camera2.ICameraDeviceUser, code=6 oneway=false
02-22 21:16:41.487 9454 10288 W BpBinder: Slow Binder: BpBinder transact took 614 ms, interface=android.media.IMediaMetadataRetriever, code=5 oneway=false
02-22 21:16:41.627 9454 9454 W BottomSheetBehavior: BottomSheetBehavior now supports multiple callbacks. `setBottomSheetCallback()` removes all existing callbacks, including ones set internally by library authors, which may result in unintended behavior. This may change in the future. Please use `addBottomSheetCallback()` and `removeBottomSheetCallback()` instead to set your own callbacks.
02-22 21:16:41.678 9454 9454 E RecyclerView: No adapter attached; skipping layout
02-22 21:16:41.687 9454 9454 E RecyclerView: No adapter attached; skipping layout
02-22 21:16:41.702 9454 10279 W BpBinder: Slow Binder: BpBinder transact took 833 ms, interface=android.media.IMediaMetadataRetriever, code=5 oneway=false
02-22 21:16:41.947 9454 9474 E CameraManagerGlobal: Camera 61 is not available. Ignore physical camera status change
02-22 21:16:41.948 9454 10276 W BpBinder: Slow Binder: BpBinder transact took 663 ms, interface=android.hardware.camera2.ICameraDeviceUser, code=1 oneway=false
02-22 21:16:41.949 9454 10277 W com.whatsapp: Long monitor contention with owner Optic-Task-Handler-Thread (10276) at void android.hardware.camera2.impl.CameraDeviceImpl.close()(CameraDeviceImpl.java:1360) waiters=0 in void android.hardware.camera2.impl.CameraDeviceImpl$3.run() for 663ms
02-22 21:16:41.956 9454 9473 W com.whatsapp: Long monitor contention with owner Optic-Task-Handler-Thread (10276) at void android.hardware.camera2.impl.CameraDeviceImpl.close()(CameraDeviceImpl.java:1360) waiters=1 in void android.hardware.camera2.impl.CameraDeviceImpl$CameraDeviceCallbacks.onCaptureStart ed(android.hardware.camera2.impl.CaptureResultExtras, long) for 410ms
02-22 21:16:41.967 9454 10283 W BpBinder: Slow Binder: BpBinder transact took 1056 ms, interface=android.media.IMediaMetadataRetriever, code=5 oneway=false
02-22 21:16:42.164 9454 10288 W BpBinder: Slow Binder: BpBinder transact took 462 ms, interface=android.media.IMediaMetadataRetriever, code=5 oneway=false
02-22 21:16:42.294 9454 10279 W BpBinder: Slow Binder: BpBinder transact took 410 ms, interface=android.media.IMediaMetadataRetriever, code=5 oneway=false
02-22 21:16:42.538 9454 10288 W BpBinder: Slow Binder: BpBinder transact took 244 ms, interface=android.media.IMediaMetadataRetriever, code=5 oneway=false
02-22 21:16:42.650 9454 10279 W BpBinder: Slow Binder: BpBinder transact took 268 ms, interface=android.media.IMediaMetadataRetriever, code=5 oneway=false
02-22 21:16:44.457 9454 10415 W System : ClassLoader referenced unknown path:
02-22 21:16:44.528 9454 10414 W linker : Warning: "/data/user_de/0/com.google.android.gms/app_chimera/m/00000255/CronetDynamite.apk!/ lib/arm64-v8a/libcronet.121.0.6167.71.so" unused DT entry: unknown processor- specific (type 0x70000001 arg 0x0) (ignoring)
02-22 21:16:44.590 9454 10425 E chromium: [0222/211644.590060:ERROR:cronet_context.cc(158)] Invalid QUIC hint host: .whatsapp.com
02-22 21:16:44.590 9454 10425 E chromium: [0222/211644.590165:ERROR:cronet_context.cc(158)] Invalid QUIC hint host: .cdninstagram.com
02-22 21:16:44.590 9454 10425 E chromium: [0222/211644.590183:ERROR:cronet_context.cc(158)] Invalid QUIC hint host: .fbcdn.net
02-22 21:16:44.590 9454 10425 E chromium: [0222/211644.590193:ERROR:cronet_context.cc(158)] Invalid QUIC hint host: .facebook.com
02-22 21:16:44.590 9454 10425 E chromium: [0222/211644.590201:ERROR:cronet_context.cc(158)] Invalid QUIC hint host: .instagram.com
02-22 21:16:44.590 9454 10425 E chromium: [0222/211644.590210:ERROR:cronet_context.cc(158)] Invalid QUIC hint host: .whatsapp.net
02-22 21:16:45.092 9454 9454 E ArmVmp : Match on catch block at 0x0a in for 0xc1
02-22 21:16:45.096 9454 9454 E ArmVmp : Match on catch block at 0x0a in for 0xc9
02-22 21:16:45.106 9454 9688 E SQLiteDatabase: Error inserting transferred=0 media_job_uuid=630c4091-a2d2-4b0c-9c03-e38537aed88d transcoded=1 gif_attribution=0 first_scan_length=0 direct_path=null thumbnail_height_width_ratio=1.0 is_animated_sticker=0 file_hash=null file_path=/data/user/0/com.whatsapp/files/.Shared/b13015f7-3b40-48ae-b380- 576696b8b88e.jpg file_size=1378217 partial_media_hash=null face_x=0 face_y=0 height=2464 trim_to=0 media_key_timestamp=0 message_url=null media_caption=null trim_from=0 mime_type=null partial_media_enc_hash=null width=2464 original_file_hash=loP8YCfiVx+7wLae5e8o5vYzOk9EF2p75CnR+RASt1o= has_streaming_sidecar=0 autotransfer_retry_enabled=1 media_upload_handle=null message_row_id=466 multicast_id=null enc_file_hash=null mute_video=0 page_count=0 first_scan_sidecar=null suspicious_content=0 file_length=1378217 media_name=b13015f7-3b40-48ae-b380-576696b8b88e.jpg media_duration=0 chat_row_id=327 media_key=null
02-22 21:16:45.106 9454 9688 E SQLiteDatabase: android.database.sqlite.SQLiteConstraintException: UNIQUE constraint failed: message_media.message_row_id (code 1555 SQLITE_CONSTRAINT_PRIMARYKEY)
02-22 21:16:45.106 9454 9688 E SQLiteDatabase: at android.database.sqlite.SQLiteConnection.nativeExecuteForLastInsertedRowId(Native Method)
02-22 21:16:45.106 9454 9688 E SQLiteDatabase: at android.database.sqlite.SQLiteConnection.executeForLastInsertedRowId(SQLiteConnecti on.java:938)
02-22 21:16:45.106 9454 9688 E SQLiteDatabase: at android.database.sqlite.SQLiteSession.executeForLastInsertedRowId(SQLiteSession.jav a:790)
02-22 21:16:45.106 9454 9688 E SQLiteDatabase: at android.database.sqlite.SQLiteStatement.executeInsert(SQLiteStatement.java:88)
02-22 21:16:45.106 9454 9688 E SQLiteDatabase: at android.database.sqlite.SQLiteDatabase.insertWithOnConflict(SQLiteDatabase.java:170 1)
02-22 21:16:45.106 9454 9688 E SQLiteDatabase: at android.database.sqlite.SQLiteDatabase.insert(SQLiteDatabase.java:1570)
02-22 21:16:45.106 9454 9688 E SQLiteDatabase: at X.2tm.A08(Unknown Source:6)
02-22 21:16:45.106 9454 9688 E SQLiteDatabase: at X.35Y.A07(Unknown Source:212)
02-22 21:16:45.106 9454 9688 E SQLiteDatabase: at X.3QF.A14(Unknown Source:470)
02-22 21:16:45.106 9454 9688 E SQLiteDatabase: at X.3gU.run(Unknown Source:982)
02-22 21:16:45.106 9454 9688 E SQLiteDatabase: at android.os.Handler.handleCallback(Handler.java:938)
02-22 21:16:45.106 9454 9688 E SQLiteDatabase: at android.os.Handler.dispatchMessage(Handler.java:99)
02-22 21:16:45.106 9454 9688 E SQLiteDatabase: at X.0zq.dispatchMessage(Unknown Source:4)
02-22 21:16:45.106 9454 9688 E SQLiteDatabase: at android.os.Looper.loop(Looper.java:236)
02-22 21:16:45.106 9454 9688 E SQLiteDatabase: at android.os.HandlerThread.run(HandlerThread.java:67)
02-22 21:16:45.267 9454 9454 E ArmVmp : Match on catch block at 0xc3 in for 0xa5
02-22 21:16:45.276 9454 9454 E ArmVmp : Match on catch block at 0xc3 in for 0xa9
02-22 21:16:45.360 9454 9454 E ArmVmp : Match on catch block at 0xc3 in for 0xa5
02-22 21:16:45.363 9454 9454 E ArmVmp : Match on catch block at 0xc3 in for 0xa9
02-22 21:16:45.434 9454 9454 E ArmVmp : Match on catch block at 0xc3 in for 0xa1
02-22 21:16:45.436 9454 9454 E ArmVmp : Match on catch block at 0xc3 in for 0xa5
02-22 21:16:45.485 9454 9454 W BottomSheetBehavior: BottomSheetBehavior now supports multiple callbacks. `setBottomSheetCallback()` removes all existing callbacks, including ones set internally by library authors, which may result in unintended behavior. This may change in the future. Please use `addBottomSheetCallback()` and `removeBottomSheetCallback()` instead to set your own callbacks.
02-22 21:16:45.532 9454 9454 E ArmVmp : Match on catch block at 0xc3 in for 0xa9
02-22 21:16:45.535 9454 9454 E ArmVmp : Match on catch block at 0xc3 in for 0xa1
02-22 21:16:45.542 9454 9454 E ArmVmp : Match on catch block at 0xc3 in for 0xa9
02-22 21:16:45.545 9454 9454 E ArmVmp : Match on catch block at 0xc3 in for 0xa1
02-22 21:16:45.634 9454 9454 E ArmVmp : Match on catch block at 0xc3 in for 0xa1
02-22 21:16:45.637 9454 9454 E ArmVmp : Match on catch block at 0xc3 in for 0xa5
02-22 21:16:45.840 9454 9454 E ArmVmp : Match on catch block at 0xc3 in for 0xa9
02-22 21:16:45.844 9454 9454 E ArmVmp : Match on catch block at 0xc3 in for 0xa1
02-22 21:16:45.851 9454 9454 E ArmVmp : Match on catch block at 0xc3 in for 0xa1
02-22 21:16:45.854 9454 9454 E ArmVmp : Match on catch block at 0xc3 in for 0xa5
02-22 21:16:45.900 9454 9454 E ArmVmp : Match on catch block at 0xc3 in for 0xa5
02-22 21:16:45.907 9454 9454 E ArmVmp : Match on catch block at 0xc3 in for 0xa9
02-22 21:16:45.934 9454 9454 E ArmVmp : Match on catch block at 0xc3 in for 0xa9
02-22 21:16:45.937 9454 9454 E ArmVmp : Match on catch block at 0xc3 in for 0xa1
02-22 21:16:45.951 9454 9454 E ArmVmp : Match on catch block at 0xc3 in for 0xa1
02-22 21:16:45.954 9454 9454 E ArmVmp : Match on catch block at 0xc3 in for 0xa5
02-22 21:16:45.967 9454 9454 E ArmVmp : Match on catch block at 0xc3 in for 0xa5
02-22 21:16:45.970 9454 9454 E ArmVmp : Match on catch block at 0xc3 in for 0xa9
02-22 21:16:45.984 9454 9454 E ArmVmp : Match on catch block at 0xc3 in for 0xa1
02-22 21:16:45.986 9454 9454 E ArmVmp : Match on catch block at 0xc3 in for 0xa5
02-22 21:16:46.002 9454 9454 E ArmVmp : Match on catch block at 0xc3 in for 0xa5
02-22 21:16:46.005 9454 9454 E ArmVmp : Match on catch block at 0xc3 in for 0xa9
02-22 21:16:46.017 9454 9454 E ArmVmp : Match on catch block at 0xc3 in for 0xa9
02-22 21:16:46.019 9454 9454 E ArmVmp : Match on catch block at 0xc3 in for 0xa1
02-22 21:16:46.034 9454 9454 E ArmVmp : Match on catch block at 0xc3 in for 0xa1
02-22 21:16:46.036 9454 9454 E ArmVmp : Match on catch block at 0xc3 in for 0xa5
02-22 21:16:46.051 9454 9454 E ArmVmp : Match on catch block at 0xc3 in for 0xa1
02-22 21:16:46.053 9454 9454 E ArmVmp : Match on catch block at 0xc3 in for 0xa5
02-22 21:16:46.067 9454 9454 E ArmVmp : Match on catch block at 0xc3 in for 0xa5
02-22 21:16:46.071 9454 9454 E ArmVmp : Match on catch block at 0xc3 in for 0xa9
02-22 21:16:46.084 9454 9454 E ArmVmp : Match on catch block at 0xc3 in for 0xa9
02-22 21:16:46.087 9454 9454 E ArmVmp : Match on catch block at 0xc3 in for 0xa1
02-22 21:16:46.101 9454 9454 E ArmVmp : Match on catch block at 0xc3 in for 0xa1
02-22 21:16:46.104 9454 9454 E ArmVmp : Match on catch block at 0xc3 in for 0xa5
02-22 21:16:46.117 9454 9454 E ArmVmp : Match on catch block at 0xc3 in for 0xa5
02-22 21:16:46.120 9454 9454 E ArmVmp : Match on catch block at 0xc3 in for 0xa9
02-22 21:16:46.134 9454 9454 E ArmVmp : Match on catch block at 0xc3 in for 0xa9
02-22 21:16:46.138 9454 9454 E ArmVmp : Match on catch block at 0xc3 in for 0xa1
02-22 21:16:46.150 9454 9454 E ArmVmp : Match on catch block at 0xc3 in for 0xa1
02-22 21:16:46.156 9454 9454 E ArmVmp : Match on catch block at 0xc3 in for 0xa5
02-22 21:16:46.167 9454 9454 E ArmVmp : Match on catch block at 0xc3 in for 0xa5
02-22 21:16:46.170 9454 9454 E ArmVmp : Match on catch block at 0xc3 in for 0xa9
02-22 21:16:46.184 9454 9454 E ArmVmp : Match on catch block at 0xc3 in for 0xa9
02-22 21:16:46.188 9454 9454 E ArmVmp : Match on catch block at 0xc3 in for 0xa1
02-22 21:16:46.200 9454 9454 E ArmVmp : Match on catch block at 0xc3 in for 0xa1
02-22 21:16:46.203 9454 9454 E ArmVmp : Match on catch block at 0xc3 in for 0xa5
02-22 21:16:46.217 9454 9454 E ArmVmp : Match on catch block at 0xc3 in for 0xa1
02-22 21:16:46.220 9454 9454 E ArmVmp : Match on catch block at 0xc3 in for 0xa5
02-22 21:16:46.234 9454 9454 E ArmVmp : Match on catch block at 0xc3 in for 0xa5
02-22 21:16:46.237 9454 9454 E ArmVmp : Match on catch block at 0xc3 in for 0xa9
02-22 21:16:46.250 9454 9454 E ArmVmp : Match on catch block at 0xc3 in for 0xa9
02-22 21:16:46.253 9454 9454 E ArmVmp : Match on catch block at 0xc3 in for 0xa1
02-22 21:16:46.290 9454 9454 E ArmVmp : Match on catch block at 0xc3 in for 0xa5
02-22 21:16:46.293 9454 9454 E ArmVmp : Match on catch block at 0xc3 in for 0xa9
02-22 21:16:46.301 9454 9454 E ArmVmp : Match on catch block at 0xc3 in for 0xa9
02-22 21:16:46.303 9454 9454 E ArmVmp : Match on catch block at 0xc3 in for 0xa1
02-22 21:16:46.390 9454 9454 E ArmVmp : Match on catch block at 0xc3 in for 0xa5
02-22 21:16:46.392 9454 9454 E ArmVmp : Match on catch block at 0xc3 in for 0xa9
02-22 21:16:46.401 9454 9454 E ArmVmp : Match on catch block at 0xc3 in for 0xa9
02-22 21:16:46.403 9454 9454 E ArmVmp : Match on catch block at 0xc3 in for 0xa1
02-22 21:16:46.751 9454 9849 W MediaPlayer: Use of stream types is deprecated for operations other than volume control
02-22 21:16:46.751 9454 9849 W MediaPlayer: See the documentation of setAudioStreamType() for what to use instead with android.media.AudioAttributes to qualify your playback use case
02-22 21:16:46.901 9454 9454 E ArmVmp : Match on catch block at 0xc3 in for 0xa9
02-22 21:16:46.903 9454 9454 E ArmVmp : Match on catch block at 0xc3 in for 0xa1
02-22 21:16:47.036 9454 9454 E ArmVmp : Match on catch block at 0xc3 in for 0xa9
02-22 21:16:47.038 9454 9454 E ArmVmp : Match on catch block at 0xc3 in for 0xa1
02-22 21:16:47.051 9454 9454 E ArmVmp : Match on catch block at 0xc3 in for 0xa9
02-22 21:16:47.054 9454 9454 E ArmVmp : Match on catch block at 0xc3 in for 0xa1
02-22 21:16:47.068 9454 9454 E ArmVmp : Match on catch block at 0xc3 in for 0xa1
02-22 21:16:47.070 9454 9454 E ArmVmp : Match on catch block at 0xc3 in for 0xa5
02-22 21:16:47.084 9454 9454 E ArmVmp : Match on catch block at 0xc3 in for 0xa5
02-22 21:16:47.086 9454 9454 E ArmVmp : Match on catch block at 0xc3 in for 0xa9
02-22 21:16:47.101 9454 9454 E ArmVmp : Match on catch block at 0xc3 in for 0xa9
02-22 21:16:47.103 9454 9454 E ArmVmp : Match on catch block at 0xc3 in for 0xa1
02-22 21:16:47.118 9454 9454 E ArmVmp : Match on catch block at 0xc3 in for 0xa1
02-22 21:16:47.120 9454 9454 E ArmVmp : Match on catch block at 0xc3 in for 0xa5
02-22 21:16:47.134 9454 9454 E ArmVmp : Match on catch block at 0xc3 in for 0xa5
02-22 21:16:47.140 9454 9454 E ArmVmp : Match on catch block at 0xc3 in for 0xa9
02-22 21:16:47.152 9454 9454 E ArmVmp : Match on catch block at 0xc3 in for 0xa9
02-22 21:16:47.155 9454 9454 E ArmVmp : Match on catch block at 0xc3 in for 0xa1
02-22 21:16:47.167 9454 9454 E ArmVmp : Match on catch block at 0xc3 in for 0xa1
02-22 21:16:47.170 9454 9454 E ArmVmp : Match on catch block at 0xc3 in for 0xa5
02-22 21:16:47.184 9454 9454 E ArmVmp : Match on catch block at 0xc3 in for 0xa5
02-22 21:16:47.186 9454 9454 E ArmVmp : Match on catch block at 0xc3 in for 0xa9
02-22 21:16:47.201 9454 9454 E ArmVmp : Match on catch block at 0xc3 in for 0xa9
02-22 21:16:47.208 9454 9454 E ArmVmp : Match on catch block at 0xc3 in for 0xa1
02-22 21:16:47.218 9454 9454 E ArmVmp : Match on catch block at 0xc3 in for 0xa1
02-22 21:16:47.220 9454 9454 E ArmVmp : Match on catch block at 0xc3 in for 0xa5
02-22 21:16:47.234 9454 9454 E ArmVmp : Match on catch block at 0xc3 in for 0xa5
02-22 21:16:47.237 9454 9454 E ArmVmp : Match on catch block at 0xc3 in for 0xa9
02-22 21:16:47.254 9454 9454 E ArmVmp : Match on catch block at 0xc3 in for 0xa9
02-22 21:16:47.258 9454 9454 E ArmVmp : Match on catch block at 0xc3 in for 0xa1
02-22 21:16:47.468 9454 9454 E ArmVmp : Match on catch block at 0xc3 in for 0xa1
02-22 21:16:47.472 9454 9454 E ArmVmp : Match on catch block at 0xc3 in for 0xa5
02-22 21:16:47.618 9454 9454 E ArmVmp : Match on catch block at 0xc3 in for 0xa5
