02-23 01:29:17.867 19347 19347 E ArmVmp : Match on catch block at 0xc3 in for 0xa5
02-23 01:29:17.959 19347 19347 E ArmVmp : Match on catch block at 0xc3 in for 0xa5
02-23 01:29:17.962 19347 19347 E ArmVmp : Match on catch block at 0xc3 in for 0xa9
02-23 01:29:17.965 19347 19347 E ArmVmp : Match on catch block at 0xc3 in for 0xa9
02-23 01:29:17.969 19347 19347 E ArmVmp : Match on catch block at 0xc3 in for 0xa1
02-23 01:29:17.972 19347 19347 E ArmVmp : Match on catch block at 0xc3 in for 0xa5
02-23 01:29:17.974 19347 19347 E ArmVmp : Match on catch block at 0xc3 in for 0xa5
02-23 01:29:18.147 19347 19347 E ArmVmp : Match on catch block at 0xc3 in for 0xa9
02-23 01:29:18.152 19347 19347 E ArmVmp : Match on catch block at 0xc3 in for 0xa1
02-23 01:29:18.157 19347 19347 E ArmVmp : Match on catch block at 0xc3 in for 0xa1
02-23 01:29:18.599 19347 19347 E ArmVmp : Match on catch block at 0xc3 in for 0xa5
02-23 01:29:18.602 19347 19347 E ArmVmp : Match on catch block at 0xc3 in for 0xa9
02-23 01:29:18.605 19347 19347 E ArmVmp : Match on catch block at 0xc3 in for 0xa9
02-23 01:29:18.618 19347 19347 E ArmVmp : Match on catch block at 0xc3 in for 0xa9
02-23 01:29:18.621 19347 19347 E ArmVmp : Match on catch block at 0xc3 in for 0xa1
02-23 01:29:18.623 19347 19347 E ArmVmp : Match on catch block at 0xc3 in for 0xa1
02-23 01:29:18.628 19347 19347 E ArmVmp : Match on catch block at 0xc3 in for 0xa5
02-23 01:29:18.631 19347 19347 E ArmVmp : Match on catch block at 0xc3 in for 0xa9
02-23 01:29:18.633 19347 19347 E ArmVmp : Match on catch block at 0xc3 in for 0xa9
02-23 01:29:18.645 19347 19347 E ArmVmp : Match on catch block at 0xc3 in for 0xa1
02-23 01:29:18.648 19347 19347 E ArmVmp : Match on catch block at 0xc3 in for 0xa5
02-23 01:29:18.649 19347 19347 E ArmVmp : Match on catch block at 0xc3 in for 0xa5
02-23 01:29:18.662 19347 19347 E ArmVmp : Match on catch block at 0xc3 in for 0xa9
02-23 01:29:18.664 19347 19347 E ArmVmp : Match on catch block at 0xc3 in for 0xa1
02-23 01:29:18.665 19347 19347 E ArmVmp : Match on catch block at 0xc3 in for 0xa1
02-23 01:29:18.679 19347 19347 E ArmVmp : Match on catch block at 0xc3 in for 0xa5
02-23 01:29:18.682 19347 19347 E ArmVmp : Match on catch block at 0xc3 in for 0xa9
02-23 01:29:18.684 19347 19347 E ArmVmp : Match on catch block at 0xc3 in for 0xa9
02-23 01:29:18.698 19347 19347 E ArmVmp : Match on catch block at 0xc3 in for 0xa1
02-23 01:29:18.701 19347 19347 E ArmVmp : Match on catch block at 0xc3 in for 0xa5
02-23 01:29:18.704 19347 19347 E ArmVmp : Match on catch block at 0xc3 in for 0xa5
02-23 01:29:18.720 19347 19347 E ArmVmp : Match on catch block at 0xc3 in for 0xa9
02-23 01:29:18.726 19347 19347 E ArmVmp : Match on catch block at 0xc3 in for 0xa1
02-23 01:29:18.730 19347 19347 E ArmVmp : Match on catch block at 0xc3 in for 0xa1
02-23 01:29:18.746 19347 19347 E ArmVmp : Match on catch block at 0xc3 in for 0xa5
02-23 01:29:18.749 19347 19347 E ArmVmp : Match on catch block at 0xc3 in for 0xa9
02-23 01:29:18.751 19347 19347 E ArmVmp : Match on catch block at 0xc3 in for 0xa9
02-23 01:29:18.763 19347 19347 E ArmVmp : Match on catch block at 0xc3 in for 0xa1
02-23 01:29:18.766 19347 19347 E ArmVmp : Match on catch block at 0xc3 in for 0xa5
02-23 01:29:18.771 19347 19347 E ArmVmp : Match on catch block at 0xc3 in for 0xa5
02-23 01:29:18.780 19347 19347 E ArmVmp : Match on catch block at 0xc3 in for 0xa9
02-23 01:29:18.785 19347 19347 E ArmVmp : Match on catch block at 0xc3 in for 0xa1
02-23 01:29:18.788 19347 19347 E ArmVmp : Match on catch block at 0xc3 in for 0xa1
02-23 01:29:18.797 19347 19347 E ArmVmp : Match on catch block at 0xc3 in for 0xa5
02-23 01:29:18.801 19347 19347 E ArmVmp : Match on catch block at 0xc3 in for 0xa9
02-23 01:29:18.804 19347 19347 E ArmVmp : Match on catch block at 0xc3 in for 0xa9
02-23 01:29:18.847 19347 19347 E ArmVmp : Match on catch block at 0xc3 in for 0xa1
02-23 01:29:18.855 19347 19347 E ArmVmp : Match on catch block at 0xc3 in for 0xa5
02-23 01:29:18.865 19347 19347 E ArmVmp : Match on catch block at 0xc3 in for 0xa5
02-23 01:29:18.930 19347 19347 E ArmVmp : Match on catch block at 0xc3 in for 0xa9
02-23 01:29:18.935 19347 19347 E ArmVmp : Match on catch block at 0xc3 in for 0xa1
02-23 01:29:18.938 19347 19347 E ArmVmp : Match on catch block at 0xc3 in for 0xa1
02-23 01:29:19.064 19347 19347 E ArmVmp : Match on catch block at 0xc3 in for 0xa5
02-23 01:29:19.072 19347 19347 E ArmVmp : Match on catch block at 0xc3 in for 0xa9
02-23 01:29:19.076 19347 19347 E ArmVmp : Match on catch block at 0xc3 in for 0xa9
02-23 01:29:19.130 19347 19347 E ArmVmp : Match on catch block at 0xc3 in for 0xa1
02-23 01:29:19.136 19347 19347 E ArmVmp : Match on catch block at 0xc3 in for 0xa5
02-23 01:29:19.139 19347 19347 E ArmVmp : Match on catch block at 0xc3 in for 0xa5
02-23 01:29:19.413 19347 19347 E ArmVmp : Match on catch block at 0xc3 in for 0xa9
02-23 01:29:19.419 19347 19347 E ArmVmp : Match on catch block at 0xc3 in for 0xa1
02-23 01:29:19.422 19347 19347 E ArmVmp : Match on catch block at 0xc3 in for 0xa1
02-23 01:29:19.547 19347 19347 E ArmVmp : Match on catch block at 0xc3 in for 0xa5
02-23 01:29:19.551 19347 19347 E ArmVmp : Match on catch block at 0xc3 in for 0xa9
02-23 01:29:19.555 19347 19347 E ArmVmp : Match on catch block at 0xc3 in for 0xa9
02-23 01:29:19.564 19347 19347 E ArmVmp : Match on catch block at 0xc3 in for 0xa1
02-23 01:29:19.569 19347 19347 E ArmVmp : Match on catch block at 0xc3 in for 0xa5
02-23 01:29:19.572 19347 19347 E ArmVmp : Match on catch block at 0xc3 in for 0xa5
02-23 01:29:19.580 19347 19347 E ArmVmp : Match on catch block at 0xc3 in for 0xa9
02-23 01:29:19.583 19347 19347 E ArmVmp : Match on catch block at 0xc3 in for 0xa1
02-23 01:29:19.586 19347 19347 E ArmVmp : Match on catch block at 0xc3 in for 0xa1
02-23 01:29:19.596 19347 19347 E ArmVmp : Match on catch block at 0xc3 in for 0xa5
02-23 01:29:19.598 19347 19347 E ArmVmp : Match on catch block at 0xc3 in for 0xa9
02-23 01:29:19.600 19347 19347 E ArmVmp : Match on catch block at 0xc3 in for 0xa9
02-23 01:29:19.612 19347 19347 E ArmVmp : Match on catch block at 0xc3 in for 0xa1
02-23 01:29:19.615 19347 19347 E ArmVmp : Match on catch block at 0xc3 in for 0xa5
02-23 01:29:19.617 19347 19347 E ArmVmp : Match on catch block at 0xc3 in for 0xa5
02-23 01:29:19.629 19347 19347 E ArmVmp : Match on catch block at 0xc3 in for 0xa9
02-23 01:29:19.632 19347 19347 E ArmVmp : Match on catch block at 0xc3 in for 0xa1
02-23 01:29:19.634 19347 19347 E ArmVmp : Match on catch block at 0xc3 in for 0xa1
02-23 01:29:19.646 19347 19347 E ArmVmp : Match on catch block at 0xc3 in for 0xa5
02-23 01:29:19.648 19347 19347 E ArmVmp : Match on catch block at 0xc3 in for 0xa9
02-23 01:29:19.650 19347 19347 E ArmVmp : Match on catch block at 0xc3 in for 0xa9
02-23 01:29:19.663 19347 19347 E ArmVmp : Match on catch block at 0xc3 in for 0xa1
02-23 01:29:19.665 19347 19347 E ArmVmp : Match on catch block at 0xc3 in for 0xa5
02-23 01:29:19.667 19347 19347 E ArmVmp : Match on catch block at 0xc3 in for 0xa5
02-23 01:29:19.679 19347 19347 E ArmVmp : Match on catch block at 0xc3 in for 0xa9
02-23 01:29:19.682 19347 19347 E ArmVmp : Match on catch block at 0xc3 in for 0xa1
02-23 01:29:19.683 19347 19347 E ArmVmp : Match on catch block at 0xc3 in for 0xa1
02-23 01:29:19.696 19347 19347 E ArmVmp : Match on catch block at 0xc3 in for 0xa5
02-23 01:29:19.698 19347 19347 E ArmVmp : Match on catch block at 0xc3 in for 0xa9
02-23 01:29:19.700 19347 19347 E ArmVmp : Match on catch block at 0xc3 in for 0xa9
02-23 01:29:19.713 19347 19347 E ArmVmp : Match on catch block at 0xc3 in for 0xa1
02-23 01:29:19.716 19347 19347 E ArmVmp : Match on catch block at 0xc3 in for 0xa5
02-23 01:29:19.718 19347 19347 E ArmVmp : Match on catch block at 0xc3 in for 0xa5
02-23 01:29:19.729 19347 19347 E ArmVmp : Match on catch block at 0xc3 in for 0xa1
02-23 01:29:19.732 19347 19347 E ArmVmp : Match on catch block at 0xc3 in for 0xa5
02-23 01:29:19.735 19347 19347 E ArmVmp : Match on catch block at 0xc3 in for 0xa5
02-23 01:29:19.747 19347 19347 E ArmVmp : Match on catch block at 0xc3 in for 0xa9
02-23 01:29:19.751 19347 19347 E ArmVmp : Match on catch block at 0xc3 in for 0xa1
02-23 01:29:19.753 19347 19347 E ArmVmp : Match on catch block at 0xc3 in for 0xa1
02-23 01:29:19.764 19347 19347 E ArmVmp : Match on catch block at 0xc3 in for 0xa5
02-23 01:29:19.768 19347 19347 E ArmVmp : Match on catch block at 0xc3 in for 0xa9
02-23 01:29:19.771 19347 19347 E ArmVmp : Match on catch block at 0xc3 in for 0xa9
02-23 01:29:19.779 19347 19347 E ArmVmp : Match on catch block at 0xc3 in for 0xa1
02-23 01:29:19.784 19347 19347 E ArmVmp : Match on catch block at 0xc3 in for 0xa5
02-23 01:29:19.787 19347 19347 E ArmVmp : Match on catch block at 0xc3 in for 0xa5
02-23 01:29:19.797 19347 19347 E ArmVmp : Match on catch block at 0xc3 in for 0xa9
02-23 01:29:19.802 19347 19347 E ArmVmp : Match on catch block at 0xc3 in for 0xa1
02-23 01:29:19.806 19347 19347 E ArmVmp : Match on catch block at 0xc3 in for 0xa1
02-23 01:29:19.814 19347 19347 E ArmVmp : Match on catch block at 0xc3 in for 0xa5
02-23 01:29:19.818 19347 19347 E ArmVmp : Match on catch block at 0xc3 in for 0xa9
02-23 01:29:19.822 19347 19347 E ArmVmp : Match on catch block at 0xc3 in for 0xa9
02-23 01:29:19.931 19347 19347 E ArmVmp : Match on catch block at 0xc3 in for 0xa1
02-23 01:29:19.936 19347 19347 E ArmVmp : Match on catch block at 0xc3 in for 0xa5
02-23 01:29:19.941 19347 19347 E ArmVmp : Match on catch block at 0xc3 in for 0xa5
02-23 01:29:19.964 19347 19347 E ArmVmp : Match on catch block at 0xc3 in for 0xa9
02-23 01:29:19.970 19347 19347 E ArmVmp : Match on catch block at 0xc3 in for 0xa1
02-23 01:29:19.974 19347 19347 E ArmVmp : Match on catch block at 0xc3 in for 0xa1
02-23 01:29:20.147 19347 19347 E ArmVmp : Match on catch block at 0xc3 in for 0xa5
02-23 01:29:20.151 19347 19347 E ArmVmp : Match on catch block at 0xc3 in for 0xa9
02-23 01:29:20.154 19347 19347 E ArmVmp : Match on catch block at 0xc3 in for 0xa9
02-23 01:29:20.331 19347 19347 E ArmVmp : Match on catch block at 0xc3 in for 0xa1
02-23 01:29:20.337 19347 19347 E ArmVmp : Match on catch block at 0xc3 in for 0xa5
02-23 01:29:20.341 19347 19347 E ArmVmp : Match on catch block at 0xc3 in for 0xa5
02-23 01:29:20.546 19347 19347 E ArmVmp : Match on catch block at 0xc3 in for 0xa9
02-23 01:29:20.550 19347 19347 E ArmVmp : Match on catch block at 0xc3 in for 0xa1
02-23 01:29:20.553 19347 19347 E ArmVmp : Match on catch block at 0xc3 in for 0xa1
02-23 01:29:20.614 19347 19347 E ArmVmp : Match on catch block at 0xc3 in for 0xa5
02-23 01:29:20.621 19347 19347 E ArmVmp : Match on catch block at 0xc3 in for 0xa9
02-23 01:29:20.624 19347 19347 E ArmVmp : Match on catch block at 0xc3 in for 0xa9
02-23 01:29:20.713 19347 19347 E ArmVmp : Match on catch block at 0xc3 in for 0xa1
02-23 01:29:20.719 19347 19347 E ArmVmp : Match on catch block at 0xc3 in for 0xa5
02-23 01:29:20.721 19347 19347 E ArmVmp : Match on catch block at 0xc3 in for 0xa5
02-23 01:29:20.746 19347 19347 E ArmVmp : Match on catch block at 0xc3 in for 0xa9
02-23 01:29:20.749 19347 19347 E ArmVmp : Match on catch block at 0xc3 in for 0xa1
02-23 01:29:20.752 19347 19347 E ArmVmp : Match on catch block at 0xc3 in for 0xa1
02-23 01:29:20.847 19347 19347 E ArmVmp : Match on catch block at 0xc3 in for 0xa5
02-23 01:29:20.853 19347 19347 E ArmVmp : Match on catch block at 0xc3 in for 0xa9
02-23 01:29:20.855 19347 19347 E ArmVmp : Match on catch block at 0xc3 in for 0xa9
02-23 01:29:21.030 19347 19347 E ArmVmp : Match on catch block at 0xc3 in for 0xa1
02-23 01:29:21.034 19347 19347 E ArmVmp : Match on catch block at 0xc3 in for 0xa5
02-23 01:29:21.037 19347 19347 E ArmVmp : Match on catch block at 0xc3 in for 0xa5
02-23 01:29:21.530 19347 19347 E ArmVmp : Match on catch block at 0xc3 in for 0xa1
02-23 01:29:21.532 19347 19347 E ArmVmp : Match on catch block at 0xc3 in for 0xa5
02-23 01:29:21.535 19347 19347 E ArmVmp : Match on catch block at 0xc3 in for 0xa5
02-23 01:29:22.018 19347 19347 E ArmVmp : Match on catch block at 0xc3 in for 0xa5
02-23 01:29:22.026 19347 19347 E ArmVmp : Match on catch block at 0xc3 in for 0xa9
02-23 01:29:22.032 19347 19347 E ArmVmp : Match on catch block at 0xc3 in for 0xa9
02-23 01:29:22.065 19347 19347 E ArmVmp : Match on catch block at 0xc3 in for 0xa1
02-23 01:29:22.069 19347 19347 E ArmVmp : Match on catch block at 0xc3 in for 0xa5
02-23 01:29:22.073 19347 19347 E ArmVmp : Match on catch block at 0xc3 in for 0xa5
02-23 01:29:22.109 19347 19347 E ArmVmp : Match on catch block at 0xc3 in for 0xa1
02-23 01:29:22.111 19347 19347 E ArmVmp : Match on catch block at 0xc3 in for 0xa5
02-23 01:29:22.114 19347 19347 E ArmVmp : Match on catch block at 0xc3 in for 0xa5
02-23 01:29:22.136 19347 19347 E ArmVmp : Match on catch block at 0xc3 in for 0xa5
02-23 01:29:22.139 19347 19347 E ArmVmp : Match on catch block at 0xc3 in for 0xa9
02-23 01:29:22.146 19347 19347 E ArmVmp : Match on catch block at 0xc3 in for 0xa5
02-23 01:29:22.149 19347 19347 E ArmVmp : Match on catch block at 0xc3 in for 0xa9
02-23 01:29:22.163 19347 19347 E ArmVmp : Match on catch block at 0xc3 in for 0xa5
02-23 01:29:22.165 19347 19347 E ArmVmp : Match on catch block at 0xc3 in for 0xa9
02-23 01:29:22.179 19347 19347 E ArmVmp : Match on catch block at 0xc3 in for 0xa5
02-23 01:29:22.182 19347 19347 E ArmVmp : Match on catch block at 0xc3 in for 0xa9
02-23 01:29:22.196 19347 19347 E ArmVmp : Match on catch block at 0xc3 in for 0xa5
02-23 01:29:22.198 19347 19347 E ArmVmp : Match on catch block at 0xc3 in for 0xa9
02-23 01:29:22.213 19347 19347 E ArmVmp : Match on catch block at 0xc3 in for 0xa5
02-23 01:29:22.215 19347 19347 E ArmVmp : Match on catch block at 0xc3 in for 0xa9
02-23 01:29:22.230 19347 19347 E ArmVmp : Match on catch block at 0xc3 in for 0xa5
02-23 01:29:22.232 19347 19347 E ArmVmp : Match on catch block at 0xc3 in for 0xa9
02-23 01:29:22.246 19347 19347 E ArmVmp : Match on catch block at 0xc3 in for 0xa5
02-23 01:29:22.250 19347 19347 E ArmVmp : Match on catch block at 0xc3 in for 0xa9
02-23 01:29:22.280 19347 19347 E ArmVmp : Match on catch block at 0xc3 in for 0xa5
02-23 01:29:22.282 19347 19347 E ArmVmp : Match on catch block at 0xc3 in for 0xa9
02-23 01:29:22.357 19347 19347 E ArmVmp : Match on catch block at 0xc3 in for 0xa5
02-23 01:29:22.360 19347 19347 E ArmVmp : Match on catch block at 0xc3 in for 0xa9
02-23 01:29:22.371 19347 19347 E ArmVmp : Match on catch block at 0xc3 in for 0xa9
02-23 01:29:22.374 19347 19347 E ArmVmp : Match on catch block at 0xc3 in for 0xa1
02-23 01:29:22.388 19347 19347 E ArmVmp : Match on catch block at 0xc3 in for 0xa9
02-23 01:29:22.390 19347 19347 E ArmVmp : Match on catch block at 0xc3 in for 0xa1
02-23 01:29:22.459 19347 19347 E ArmVmp : Match on catch block at 0xc3 in for 0xa1
02-23 01:29:22.462 19347 19347 E ArmVmp : Match on catch block at 0xc3 in for 0xa5
02-23 01:29:22.468 19347 19347 E ArmVmp : Match on catch block at 0xc3 in for 0xa1
02-23 01:29:22.471 19347 19347 E ArmVmp : Match on catch block at 0xc3 in for 0xa5
02-23 01:29:22.614 19347 19347 E ArmVmp : Match on catch block at 0xc3 in for 0xa1
02-23 01:29:22.623 19347 19347 E ArmVmp : Match on catch block at 0xc3 in for 0xa5
02-23 01:29:22.669 19347 19347 E ArmVmp : Match on catch block at 0xc3 in for 0xa9
02-23 01:29:22.671 19347 19347 E ArmVmp : Match on catch block at 0xc3 in for 0xa1
02-23 01:29:22.680 19347 19347 E ArmVmp : Match on catch block at 0xc3 in for 0xa1
02-23 01:29:22.684 19347 19347 E ArmVmp : Match on catch block at 0xc3 in for 0xa5
02-23 01:29:22.691 19347 20061 W MediaPlayer: Use of stream types is deprecated for operations other than volume control
02-23 01:29:22.691 19347 20061 W MediaPlayer: See the documentation of setAudioStreamType() for what to use instead with android.media.AudioAttributes to qualify your playback use case
02-23 01:29:22.786 19347 19347 E ArmVmp : Match on catch block at 0xc3 in for 0xa1
02-23 01:29:22.788 19347 19347 E ArmVmp : Match on catch block at 0xc3 in for 0xa5
02-23 01:29:22.811 19347 19347 E ArmVmp : Match on catch block at 0xc3 in for 0xa9
02-23 01:29:22.814 19347 19347 E ArmVmp : Match on catch block at 0xc3 in for 0xa1
02-23 01:29:23.026 19347 19347 E ArmVmp : Match on catch block at 0xc3 in for 0xa1
02-23 01:29:23.030 19347 19347 E ArmVmp : Match on catch block at 0xc3 in for 0xa5
02-23 01:29:24.277 19347 19347 W TabLayout: MODE_SCROLLABLE + GRAVITY_FILL is not supported, GRAVITY_START will be used instead
02-23 01:29:24.310 19347 19347 W BottomSheetBehavior: BottomSheetBehavior now supports multiple callbacks. `setBottomSheetCallback()` removes all existing callbacks, including ones set internally by library authors, which may result in unintended behavior. This may change in the future. Please use `addBottomSheetCallback()` and `removeBottomSheetCallback()` instead to set your own callbacks.
02-23 01:29:24.315 19347 19347 W Optic-Camera-Ha: type=1400 audit(0.0:501136): avc: denied { read } for name="u:object_r:vendor_persist_camera_prop:s0" dev="tmpfs" ino=1267 scontext=u:r:untrusted_app:s0:c213,c257,c512,c768 tcontext=u:object_r:vendor_persist_camera_prop:s0 tclass=file permissive=0 app=com.whatsapp
02-23 01:29:24.328 19347 19819 E libc : Access denied finding property "persist.vendor.camera.privapp.list"
02-23 01:29:24.344 19347 19386 E CameraManagerGlobal: Camera 61 is not available. Ignore physical camera status change
02-23 01:29:24.640 19347 19347 W View : requestLayout() improperly called by com.whatsapp.WaImageView{8671342 VF.D..CL. ......ID 0,0-154,154 #7f0b1814 app:id/shutter} during layout: running second layout pass
02-23 01:29:24.640 19347 19347 W View : requestLayout() improperly called by com.whatsapp.CircularProgressBar{2cd7f53 V.ED..... ......ID 0,0-154,154 #7f0b14fc app:id/recording_progress} during layout: running second layout pass
02-23 01:29:24.640 19347 19347 W View : requestLayout() improperly called by com.whatsapp.WaImageView{b7cb090 VF.D..C.. ......ID 0,0-115,115 #7f0b1976 app:id/switch_camera_btn} during layout: running second layout pass
02-23 01:29:24.641 19347 19347 W View : requestLayout() improperly called by com.whatsapp.WaImageView{1433d89 VFED..C.. ......ID 0,0-115,115 #7f0b0b0d app:id/gallery_btn} during layout: running second layout pass
02-23 01:29:24.641 19347 19347 W View : requestLayout() improperly called by com.whatsapp.WaImageView{757218e VF.D..C.. ......ID 0,0-115,115 #7f0b0a9c app:id/flash_btn} during layout: running second layout pass
02-23 01:29:24.641 19347 19347 W View : requestLayout() improperly called by com.whatsapp.WaImageView{e26bdaf VFED..C.. ......ID 0,0-115,115 #7f0b057f app:id/close_camera_btn} during layout: running second layout pass
02-23 01:29:24.641 19347 19347 W View : requestLayout() improperly called by X.4Ki{8a445bc V.ED..... ......ID 0,5-1080,120} during layout: running second layout pass
02-23 01:29:24.641 19347 19347 W View : requestLayout() improperly called by androidx.appcompat.view.menu.ActionMenuItemView{6992945 VFED..CL. ......ID 0,9- 116,124 #7f0b0fe8 app:id/more} during layout: running second layout pass
02-23 01:29:24.641 19347 19347 W View : requestLayout() improperly called by androidx.appcompat.widget.ActionMenuView{a27c89a V.E...... ......ID 964,0-1080,134} during layout: running second layout pass
02-23 01:29:24.661 19347 19347 W View : requestLayout() improperly called by com.whatsapp.WaImageView{8671342 VF.D..CL. ......ID 463,1726-617,1880 #7f0b1814 app:id/shutter} during layout: running second layout pass
02-23 01:29:24.661 19347 19347 W View : requestLayout() improperly called by com.whatsapp.CircularProgressBar{2cd7f53 V.ED..... ......ID 463,1726-617,1880 #7f0b14fc app:id/recording_progress} during layout: running second layout pass
02-23 01:29:24.661 19347 19347 W View : requestLayout() improperly called by com.whatsapp.WaImageView{b7cb090 VF.D..C.. ......ID 945,1745-1060,1860 #7f0b1976 app:id/switch_camera_btn} during layout: running second layout pass
02-23 01:29:24.661 19347 19347 W View : requestLayout() improperly called by com.whatsapp.WaImageView{1433d89 VFED..C.. ......ID 20,1745-135,1860 #7f0b0b0d app:id/gallery_btn} during layout: running second layout pass
02-23 01:29:24.661 19347 19347 W View : requestLayout() improperly called by com.whatsapp.WaImageView{757218e VF.D..C.. ......ID 945,20-1060,135 #7f0b0a9c app:id/flash_btn} during layout: running second layout pass
02-23 01:29:24.661 19347 19347 W View : requestLayout() improperly called by com.whatsapp.WaImageView{e26bdaf VFED..C.. ......I. 20,20-135,135 #7f0b057f app:id/close_camera_btn} during layout: running second layout pass
02-23 01:29:25.195 19347 21418 W BpBinder: Slow Binder: BpBinder transact took 421 ms, interface=android.media.IMediaMetadataRetriever, code=5 oneway=false
02-23 01:29:25.288 19347 21420 W BpBinder: Slow Binder: BpBinder transact took 515 ms, interface=android.media.IMediaMetadataRetriever, code=5 oneway=false
02-23 01:29:25.307 19347 19819 W BpBinder: Slow Binder: BpBinder transact took 624 ms, interface=android.hardware.camera2.ICameraDeviceUser, code=6 oneway=false
02-23 01:29:25.396 19347 21422 W BpBinder: Slow Binder: BpBinder transact took 452 ms, interface=android.media.IMediaMetadataRetriever, code=5 oneway=false
02-23 01:29:25.518 19347 21418 W BpBinder: Slow Binder: BpBinder transact took 263 ms, interface=android.media.IMediaMetadataRetriever, code=5 oneway=false
02-23 01:29:25.645 19347 21420 W BpBinder: Slow Binder: BpBinder transact took 274 ms, interface=android.media.IMediaMetadataRetriever, code=5 oneway=false
02-23 01:29:25.843 19347 21422 W BpBinder: Slow Binder: BpBinder transact took 382 ms, interface=android.media.IMediaMetadataRetriever, code=5 oneway=false
02-23 01:29:25.970 19347 21418 W BpBinder: Slow Binder: BpBinder transact took 369 ms, interface=android.media.IMediaMetadataRetriever, code=5 oneway=false
02-23 01:29:26.081 19347 21420 W BpBinder: Slow Binder: BpBinder transact took 295 ms, interface=android.media.IMediaMetadataRetriever, code=5 oneway=false
02-23 01:29:26.163 19347 21422 W BpBinder: Slow Binder: BpBinder transact took 251 ms, interface=android.media.IMediaMetadataRetriever, code=5 oneway=false
02-23 01:29:27.006 19347 19381 W System : A resource failed to call release.
02-23 01:29:28.036 19347 19661 W RenderInspector: DequeueBuffer time out on com.whatsapp/com.whatsapp.camera.CameraActivity, count=1, avg=17 ms, max=17 ms.
02-23 01:29:32.901 19347 19347 E RecyclerView: No adapter attached; skipping layout
02-23 01:29:33.020 19347 20258 E CameraManagerGlobal: Camera 61 is not available. Ignore physical camera status change
02-23 01:29:33.021 19347 19818 W BpBinder: Slow Binder: BpBinder transact took 265 ms, interface=android.hardware.camera2.ICameraDeviceUser, code=1 oneway=false
02-23 01:29:33.355 19347 21597 W Codec2Client: query -- param skipped: index = 1107298332.
02-23 01:29:33.355 19347 21597 W CCodec : This behavior is subject to change. It is recommended that app developers double check whether the requested max input size is in reasonable range.
02-23 01:29:33.356 19347 21597 W Codec2Client: query -- param skipped: index = 1342179345.
02-23 01:29:33.356 19347 21597 W Codec2Client: query -- param skipped: index = 2415921170.
02-23 01:29:33.356 19347 21597 W Codec2Client: query -- param skipped: index = 1610614798.
02-23 01:29:33.357 19347 21597 E FMQ : grantorIdx must be less than 3
02-23 01:29:33.357 19347 21597 E FMQ : grantorIdx must be less than 3
02-23 01:29:33.361 19347 21597 E FMQ : grantorIdx must be less than 3
02-23 01:29:33.365 19347 21605 W Codec2Client: query -- param skipped: index = 1107298332.
02-23 01:29:33.365 19347 21605 W CCodec : This behavior is subject to change. It is recommended that app developers double check whether the requested max input size is in reasonable range.
02-23 01:29:33.366 19347 21605 W Codec2Client: query -- param skipped: index = 1342179345.
02-23 01:29:33.366 19347 21605 W Codec2Client: query -- param skipped: index = 2415921170.
02-23 01:29:33.366 19347 21605 W Codec2Client: query -- param skipped: index = 1610614798.
02-23 01:29:33.367 19347 21605 E FMQ : grantorIdx must be less than 3
02-23 01:29:33.367 19347 21605 E FMQ : grantorIdx must be less than 3
02-23 01:29:33.371 19347 21605 E FMQ : grantorIdx must be less than 3
02-23 01:29:33.387 19347 19556 E FMQ : grantorIdx must be less than 3
02-23 01:29:33.391 19347 21605 W Codec2Client: query -- param skipped: index = 1342179345.
02-23 01:29:33.391 19347 21605 W Codec2Client: query -- param skipped: index = 2415921170.
02-23 01:29:33.391 19347 21605 W Codec2Client: query -- param skipped: index = 1610614798.
02-23 01:29:33.397 19347 21605 W Codec2Client: query -- param skipped: index = 1342179345.
02-23 01:29:33.397 19347 21605 W Codec2Client: query -- param skipped: index = 2415921170.
02-23 01:29:33.397 19347 21605 W Codec2Client: query -- param skipped: index = 1610614798.
02-23 01:29:33.408 19347 21605 W Codec2Client: query -- param skipped: index = 1342179345.
02-23 01:29:33.409 19347 21605 W Codec2Client: query -- param skipped: index = 2415921170.
02-23 01:29:33.409 19347 21605 W Codec2Client: query -- param skipped: index = 1610614798.
02-23 01:29:33.419 19347 21597 W Codec2Client: query -- param skipped: index = 1342179345.
02-23 01:29:33.419 19347 21597 W Codec2Client: query -- param skipped: index = 2415921170.
02-23 01:29:33.419 19347 21597 W Codec2Client: query -- param skipped: index = 1610614798.
02-23 01:29:33.424 19347 21597 W Codec2Client: query -- param skipped: index = 1342179345.
02-23 01:29:33.424 19347 21597 W Codec2Client: query -- param skipped: index = 2415921170.
02-23 01:29:33.424 19347 21597 W Codec2Client: query -- param skipped: index = 1610614798.
02-23 01:29:33.430 19347 21597 W Codec2Client: query -- param skipped: index = 1342179345.
02-23 01:29:33.430 19347 21597 W Codec2Client: query -- param skipped: index = 2415921170.
02-23 01:29:33.430 19347 21597 W Codec2Client: query -- param skipped: index = 1610614798.
02-23 01:29:33.443 19347 19556 E FMQ : grantorIdx must be less than 3
02-23 01:29:33.689 19347 21581 W BpBinder: Slow Binder: BpBinder transact took 221 ms, interface=android.media.IMediaMetadataRetriever, code=5 oneway=false
02-23 01:29:33.793 19347 20224 W BpBinder: Slow Binder: BpBinder transact took 202 ms, interface=android.media.IMediaMetadataRetriever, code=5 oneway=false
02-23 01:29:33.891 19347 20228 W BpBinder: Slow Binder: BpBinder transact took 293 ms, interface=android.media.IMediaMetadataRetriever, code=5 oneway=false
02-23 01:29:33.976 19347 21581 W BpBinder: Slow Binder: BpBinder transact took 257 ms, interface=android.media.IMediaMetadataRetriever, code=5 oneway=false
02-23 01:29:34.075 19347 20224 W BpBinder: Slow Binder: BpBinder transact took 278 ms, interface=android.media.IMediaMetadataRetriever, code=5 oneway=false
02-23 01:29:34.169 19347 20228 W BpBinder: Slow Binder: BpBinder transact took 276 ms, interface=android.media.IMediaMetadataRetriever, code=5 oneway=false
02-23 01:29:34.247 19347 21581 W BpBinder: Slow Binder: BpBinder transact took 229 ms, interface=android.media.IMediaMetadataRetriever, code=5 oneway=false
02-23 01:29:34.339 19347 20224 W BpBinder: Slow Binder: BpBinder transact took 263 ms, interface=android.media.IMediaMetadataRetriever, code=5 oneway=false
02-23 01:29:34.427 19347 20228 W BpBinder: Slow Binder: BpBinder transact took 252 ms, interface=android.media.IMediaMetadataRetriever, code=5 oneway=false
02-23 01:29:34.519 19347 21581 W BpBinder: Slow Binder: BpBinder transact took 239 ms, interface=android.media.IMediaMetadataRetriever, code=5 oneway=false
02-23 01:29:34.615 19347 20224 W BpBinder: Slow Binder: BpBinder transact took 272 ms, interface=android.media.IMediaMetadataRetriever, code=5 oneway=false
02-23 01:29:34.702 19347 20228 W BpBinder: Slow Binder: BpBinder transact took 271 ms, interface=android.media.IMediaMetadataRetriever, code=5 oneway=false
02-23 01:29:34.794 19347 21581 W BpBinder: Slow Binder: BpBinder transact took 217 ms, interface=android.media.IMediaMetadataRetriever, code=5 oneway=false
02-23 01:29:34.900 19347 20224 W BpBinder: Slow Binder: BpBinder transact took 281 ms, interface=android.media.IMediaMetadataRetriever, code=5 oneway=false
02-23 01:29:34.996 19347 20228 W BpBinder: Slow Binder: BpBinder transact took 291 ms, interface=android.media.IMediaMetadataRetriever, code=5 oneway=false
02-23 01:29:35.588 19347 20228 W BpBinder: Slow Binder: BpBinder transact took 214 ms, interface=android.media.IMediaMetadataRetriever, code=5 oneway=false
02-23 01:29:35.682 19347 20224 W BpBinder: Slow Binder: BpBinder transact took 208 ms, interface=android.media.IMediaMetadataRetriever, code=5 oneway=false
02-23 01:29:36.289 19347 21587 W AudioTrack: getTimestamp_l(11095): retrograde timestamp time corrected, 284874442433671 < 284874444416692
02-23 01:29:38.186 19347 19347 W IInputConnectionWrapper: requestCursorAnchorInfo on inactive InputConnection
02-23 01:29:42.236 19347 19381 W System : A resource failed to call release.
02-23 01:29:42.236 19347 19381 W System : A resource failed to call release.
02-23 01:29:46.927 19347 22049 W Codec2Client: query -- param skipped: index = 1107298332.
02-23 01:29:46.927 19347 22049 W CCodec : This behavior is subject to change. It is recommended that app developers double check whether the requested max input size is in reasonable range.
02-23 01:29:46.928 19347 22049 W Codec2Client: query -- param skipped: index = 1342179345.
02-23 01:29:46.929 19347 22049 W Codec2Client: query -- param skipped: index = 2415921170.
02-23 01:29:46.929 19347 22049 W Codec2Client: query -- param skipped: index = 1610614798.
02-23 01:29:46.929 19347 22049 E FMQ : grantorIdx must be less than 3
02-23 01:29:46.929 19347 22049 E FMQ : grantorIdx must be less than 3
02-23 01:29:46.932 19347 22049 E FMQ : grantorIdx must be less than 3
02-23 01:29:46.933 19347 19347 W InputEventReceiver: App Input: Dispatching InputEvent took 151ms in main thread! (MotionEvent: event_seq=601, seq=5998859, action=ACTION_DOWN)
02-23 01:29:46.948 19347 19556 E FMQ : grantorIdx must be less than 3
02-23 01:29:46.957 19347 22049 W Codec2Client: query -- param skipped: index = 1342179345.
02-23 01:29:46.957 19347 22049 W Codec2Client: query -- param skipped: index = 2415921170.
02-23 01:29:46.957 19347 22049 W Codec2Client: query -- param skipped: index = 1610614798.
02-23 01:29:46.962 19347 22049 W Codec2Client: query -- param skipped: index = 1342179345.
02-23 01:29:46.962 19347 22049 W Codec2Client: query -- param skipped: index = 2415921170.
02-23 01:29:46.962 19347 22049 W Codec2Client: query -- param skipped: index = 1610614798.
02-23 01:29:46.965 19347 22049 W Codec2Client: query -- param skipped: index = 1342179345.
02-23 01:29:46.965 19347 22049 W Codec2Client: query -- param skipped: index = 2415921170.
02-23 01:29:46.965 19347 22049 W Codec2Client: query -- param skipped: index = 1610614798.
02-23 01:29:48.296 19347 21605 W Codec2Client: query -- param skipped: index = 1342179345.
02-23 01:29:48.296 19347 21605 W Codec2Client: query -- param skipped: index = 2415921170.
02-23 01:29:48.296 19347 21605 W Codec2Client: query -- param skipped: index = 1610614798.
02-23 01:29:48.452 19347 22113 W Codec2Client: query -- param skipped: index = 1107298332.
02-23 01:29:48.452 19347 22113 W CCodec : This behavior is subject to change. It is recommended that app developers double check whether the requested max input size is in reasonable range.
02-23 01:29:48.453 19347 19347 E RecyclerView: Passed over target position while smooth scrolling.
02-23 01:29:48.454 19347 22113 W Codec2Client: query -- param skipped: index = 1342179345.
02-23 01:29:48.454 19347 22113 W Codec2Client: query -- param skipped: index = 2415921170.
02-23 01:29:48.454 19347 22113 W Codec2Client: query -- param skipped: index = 1610614798.
02-23 01:29:48.454 19347 22113 E FMQ : grantorIdx must be less than 3
02-23 01:29:48.454 19347 22113 E FMQ : grantorIdx must be less than 3
02-23 01:29:48.460 19347 22113 E FMQ : grantorIdx must be less than 3
02-23 01:29:48.473 19347 19556 E FMQ : grantorIdx must be less than 3
02-23 01:29:48.480 19347 22113 W Codec2Client: query -- param skipped: index = 1342179345.
02-23 01:29:48.480 19347 22113 W Codec2Client: query -- param skipped: index = 2415921170.
02-23 01:29:48.480 19347 22113 W Codec2Client: query -- param skipped: index = 1610614798.
02-23 01:29:48.486 19347 22113 W Codec2Client: query -- param skipped: index = 1342179345.
02-23 01:29:48.486 19347 22113 W Codec2Client: query -- param skipped: index = 2415921170.
02-23 01:29:48.486 19347 22113 W Codec2Client: query -- param skipped: index = 1610614798.
02-23 01:29:48.492 19347 22113 W Codec2Client: query -- param skipped: index = 1342179345.
02-23 01:29:48.492 19347 22113 W Codec2Client: query -- param skipped: index = 2415921170.
02-23 01:29:48.492 19347 22113 W Codec2Client: query -- param skipped: index = 1610614798.
02-23 01:29:48.729 19347 20224 W BpBinder: Slow Binder: BpBinder transact took 209 ms, interface=android.media.IMediaMetadataRetriever, code=5 oneway=false
02-23 01:29:49.707 19347 22049 W Codec2Client: query -- param skipped: index = 1342179345.
02-23 01:29:49.707 19347 22049 W Codec2Client: query -- param skipped: index = 2415921170.
02-23 01:29:49.707 19347 22049 W Codec2Client: query -- param skipped: index = 1610614798.
02-23 01:29:49.865 19347 22183 W Codec2Client: query -- param skipped: index = 1107298332.
02-23 01:29:49.865 19347 22183 W CCodec : This behavior is subject to change. It is recommended that app developers double check whether the requested max input size is in reasonable range.
02-23 01:29:49.866 19347 22183 W Codec2Client: query -- param skipped: index = 1342179345.
02-23 01:29:49.866 19347 22183 W Codec2Client: query -- param skipped: index = 2415921170.
02-23 01:29:49.866 19347 22183 W Codec2Client: query -- param skipped: index = 1610614798.
02-23 01:29:49.867 19347 22183 E FMQ : grantorIdx must be less than 3
02-23 01:29:49.867 19347 22183 E FMQ : grantorIdx must be less than 3
02-23 01:29:49.869 19347 22183 E FMQ : grantorIdx must be less than 3
02-23 01:29:49.875 19347 19556 E FMQ : grantorIdx must be less than 3
02-23 01:29:49.882 19347 19347 E RecyclerView: Passed over target position while smooth scrolling.
02-23 01:29:49.901 19347 22183 W Codec2Client: query -- param skipped: index = 1342179345.
02-23 01:29:49.901 19347 22183 W Codec2Client: query -- param skipped: index = 2415921170.
02-23 01:29:49.901 19347 22183 W Codec2Client: query -- param skipped: index = 1610614798.
02-23 01:29:49.909 19347 22183 W Codec2Client: query -- param skipped: index = 1342179345.
02-23 01:29:49.909 19347 22183 W Codec2Client: query -- param skipped: index = 2415921170.
02-23 01:29:49.909 19347 22183 W Codec2Client: query -- param skipped: index = 1610614798.
02-23 01:29:49.913 19347 22183 W Codec2Client: query -- param skipped: index = 1342179345.
02-23 01:29:49.913 19347 22183 W Codec2Client: query -- param skipped: index = 2415921170.
02-23 01:29:49.913 19347 22183 W Codec2Client: query -- param skipped: index = 1610614798.
02-23 01:29:49.960 19347 19661 W RenderInspector: QueueBuffer time out on com.whatsapp/com.whatsapp.mediacomposer.MediaComposerActivity, count=1, avg=17 ms, max=17 ms.
02-23 01:29:50.172 19347 20228 W BpBinder: Slow Binder: BpBinder transact took 227 ms, interface=android.media.IMediaMetadataRetriever, code=5 oneway=false
02-23 01:29:51.759 19347 22113 W Codec2Client: query -- param skipped: index = 1342179345.
02-23 01:29:51.759 19347 22113 W Codec2Client: query -- param skipped: index = 2415921170.
02-23 01:29:51.759 19347 22113 W Codec2Client: query -- param skipped: index = 1610614798.
02-23 01:29:51.778 19347 19347 E RecyclerView: Passed over target position while smooth scrolling.
02-23 01:29:54.937 19347 19819 E libc : Access denied finding property "persist.vendor.camera.privapp.list"
02-23 01:29:54.925 19347 19347 W Optic-Camera-Ha: type=1400 audit(0.0:501144): avc: denied { read } for name="u:object_r:vendor_persist_camera_prop:s0" dev="tmpfs" ino=1267 scontext=u:r:untrusted_app:s0:c213,c257,c512,c768 tcontext=u:object_r:vendor_persist_camera_prop:s0 tclass=file permissive=0 app=com.whatsapp
02-23 01:29:54.946 19347 19386 E CameraManagerGlobal: Camera 61 is not available. Ignore physical camera status change
02-23 01:29:55.031 19347 21597 W Codec2Client: query -- param skipped: index = 1342179345.
02-23 01:29:55.031 19347 21597 W Codec2Client: query -- param skipped: index = 2415921170.
02-23 01:29:55.031 19347 21597 W Codec2Client: query -- param skipped: index = 1610614798.
02-23 01:29:55.050 19347 22183 W Codec2Client: query -- param skipped: index = 1342179345.
02-23 01:29:55.050 19347 22183 W Codec2Client: query -- param skipped: index = 2415921170.
02-23 01:29:55.050 19347 22183 W Codec2Client: query -- param skipped: index = 1610614798.
02-23 01:29:55.244 19347 19819 W BpBinder: Slow Binder: BpBinder transact took 250 ms, interface=android.hardware.camera2.ICameraDeviceUser, code=6 oneway=false
02-23 01:29:59.474 19347 19381 W System : A resource failed to call release.
02-23 01:29:59.474 19347 19381 W System : A resource failed to call release.
02-23 01:30:00.892 19347 19347 E RecyclerView: No adapter attached; skipping layout
02-23 01:30:01.029 19347 19902 E CameraManagerGlobal: Camera 61 is not available. Ignore physical camera status change
02-23 01:30:01.029 19347 19818 W BpBinder: Slow Binder: BpBinder transact took 241 ms, interface=android.hardware.camera2.ICameraDeviceUser, code=1 oneway=false
02-23 01:30:01.033 19347 19386 W com.whatsapp: Long monitor contention with owner Optic-Task-Handler-Thread (19818) at void android.hardware.camera2.impl.CameraDeviceImpl.close()(CameraDeviceImpl.java:1360) waiters=0 in void android.hardware.camera2.impl.CameraDeviceImpl.onDeviceError(int, android.hardware.camera2.impl.CaptureResultExtras) for 219ms
02-23 01:30:01.582 19347 22479 W Codec2Client: query -- param skipped: index = 1107298332.
02-23 01:30:01.582 19347 22479 W CCodec : This behavior is subject to change. It is recommended that app developers double check whether the requested max input size is in reasonable range.
02-23 01:30:01.583 19347 22479 W Codec2Client: query -- param skipped: index = 1342179345.
02-23 01:30:01.583 19347 22479 W Codec2Client: query -- param skipped: index = 2415921170.
02-23 01:30:01.583 19347 22479 W Codec2Client: query -- param skipped: index = 1610614798.
02-23 01:30:01.584 19347 22479 E FMQ : grantorIdx must be less than 3
02-23 01:30:01.584 19347 22479 E FMQ : grantorIdx must be less than 3
02-23 01:30:01.588 19347 22479 E FMQ : grantorIdx must be less than 3
02-23 01:30:01.597 19347 19556 E FMQ : grantorIdx must be less than 3
02-23 01:30:01.599 19347 22479 W Codec2Client: query -- param skipped: index = 1342179345.
02-23 01:30:01.599 19347 22479 W Codec2Client: query -- param skipped: index = 2415921170.
02-23 01:30:01.599 19347 22479 W Codec2Client: query -- param skipped: index = 1610614798.
02-23 01:30:01.677 19347 22479 W Codec2Client: query -- param skipped: index = 1342179345.
02-23 01:30:01.678 19347 22479 W Codec2Client: query -- param skipped: index = 2415921170.
02-23 01:30:01.678 19347 22479 W Codec2Client: query -- param skipped: index = 1610614798.
02-23 01:30:01.685 19347 22479 W Codec2Client: query -- param skipped: index = 1342179345.
02-23 01:30:01.685 19347 22479 W Codec2Client: query -- param skipped: index = 2415921170.
02-23 01:30:01.685 19347 22479 W Codec2Client: query -- param skipped: index = 1610614798.
02-23 01:30:01.692 19347 22490 W Codec2Client: query -- param skipped: index = 1107298332.
02-23 01:30:01.692 19347 22490 W CCodec : This behavior is subject to change. It is recommended that app developers double check whether the requested max input size is in reasonable range.
02-23 01:30:01.705 19347 22490 W Codec2Client: query -- param skipped: index = 1342179345.
02-23 01:30:01.705 19347 22490 W Codec2Client: query -- param skipped: index = 2415921170.
02-23 01:30:01.705 19347 22490 W Codec2Client: query -- param skipped: index = 1610614798.
02-23 01:30:01.706 19347 22490 E FMQ : grantorIdx must be less than 3
02-23 01:30:01.706 19347 22490 E FMQ : grantorIdx must be less than 3
02-23 01:30:01.710 19347 22490 E FMQ : grantorIdx must be less than 3
02-23 01:30:01.719 19347 19556 E FMQ : grantorIdx must be less than 3
02-23 01:30:01.738 19347 22490 W Codec2Client: query -- param skipped: index = 1342179345.
02-23 01:30:01.738 19347 22490 W Codec2Client: query -- param skipped: index = 2415921170.
02-23 01:30:01.738 19347 22490 W Codec2Client: query -- param skipped: index = 1610614798.
02-23 01:30:01.746 19347 22490 W Codec2Client: query -- param skipped: index = 1342179345.
02-23 01:30:01.746 19347 22490 W Codec2Client: query -- param skipped: index = 2415921170.
02-23 01:30:01.746 19347 22490 W Codec2Client: query -- param skipped: index = 1610614798.
02-23 01:30:01.754 19347 22490 W Codec2Client: query -- param skipped: index = 1342179345.
02-23 01:30:01.754 19347 22490 W Codec2Client: query -- param skipped: index = 2415921170.
02-23 01:30:01.754 19347 22490 W Codec2Client: query -- param skipped: index = 1610614798.
02-23 01:30:02.021 19347 19711 W BpBinder: Slow Binder: BpBinder transact took 223 ms, interface=android.media.IMediaMetadataRetriever, code=5 oneway=false
02-23 01:30:02.112 19347 22467 W BpBinder: Slow Binder: BpBinder transact took 247 ms, interface=android.media.IMediaMetadataRetriever, code=5 oneway=false
02-23 01:30:02.201 19347 19713 W BpBinder: Slow Binder: BpBinder transact took 273 ms, interface=android.media.IMediaMetadataRetriever, code=5 oneway=false
02-23 01:30:02.292 19347 19711 W BpBinder: Slow Binder: BpBinder transact took 269 ms, interface=android.media.IMediaMetadataRetriever, code=5 oneway=false
02-23 01:30:02.434 19347 22467 W BpBinder: Slow Binder: BpBinder transact took 300 ms, interface=android.media.IMediaMetadataRetriever, code=5 oneway=false
02-23 01:30:02.542 19347 19713 W BpBinder: Slow Binder: BpBinder transact took 338 ms, interface=android.media.IMediaMetadataRetriever, code=5 oneway=false
02-23 01:30:02.682 19347 19711 W BpBinder: Slow Binder: BpBinder transact took 384 ms, interface=android.media.IMediaMetadataRetriever, code=5 oneway=false
02-23 01:30:02.824 19347 22467 W BpBinder: Slow Binder: BpBinder transact took 352 ms, interface=android.media.IMediaMetadataRetriever, code=5 oneway=false
02-23 01:30:02.949 19347 19713 W BpBinder: Slow Binder: BpBinder transact took 404 ms, interface=android.media.IMediaMetadataRetriever, code=5 oneway=false
02-23 01:30:03.101 19347 19711 W BpBinder: Slow Binder: BpBinder transact took 411 ms, interface=android.media.IMediaMetadataRetriever, code=5 oneway=false
02-23 01:30:03.251 19347 22467 W BpBinder: Slow Binder: BpBinder transact took 381 ms, interface=android.media.IMediaMetadataRetriever, code=5 oneway=false
02-23 01:30:03.398 19347 19713 W BpBinder: Slow Binder: BpBinder transact took 444 ms, interface=android.media.IMediaMetadataRetriever, code=5 oneway=false
02-23 01:30:03.572 19347 19711 W BpBinder: Slow Binder: BpBinder transact took 457 ms, interface=android.media.IMediaMetadataRetriever, code=5 oneway=false
02-23 01:30:03.715 19347 22467 W BpBinder: Slow Binder: BpBinder transact took 418 ms, interface=android.media.IMediaMetadataRetriever, code=5 oneway=false
02-23 01:30:03.846 19347 19713 W BpBinder: Slow Binder: BpBinder transact took 433 ms, interface=android.media.IMediaMetadataRetriever, code=5 oneway=false
02-23 01:30:03.999 19347 19711 W BpBinder: Slow Binder: BpBinder transact took 413 ms, interface=android.media.IMediaMetadataRetriever, code=5 oneway=false
02-23 01:30:04.160 19347 22467 W BpBinder: Slow Binder: BpBinder transact took 394 ms, interface=android.media.IMediaMetadataRetriever, code=5 oneway=false
02-23 01:30:04.278 19347 19713 W BpBinder: Slow Binder: BpBinder transact took 427 ms, interface=android.media.IMediaMetadataRetriever, code=5 oneway=false
02-23 01:30:04.369 19347 19711 W BpBinder: Slow Binder: BpBinder transact took 359 ms, interface=android.media.IMediaMetadataRetriever, code=5 oneway=false
02-23 01:30:04.480 19347 22467 W BpBinder: Slow Binder: BpBinder transact took 272 ms, interface=android.media.IMediaMetadataRetriever, code=5 oneway=false
02-23 01:30:04.609 19347 19713 W BpBinder: Slow Binder: BpBinder transact took 328 ms, interface=android.media.IMediaMetadataRetriever, code=5 oneway=false
02-23 01:30:04.748 19347 19711 W BpBinder: Slow Binder: BpBinder transact took 375 ms, interface=android.media.IMediaMetadataRetriever, code=5 oneway=false
02-23 01:30:04.918 19347 22467 W BpBinder: Slow Binder: BpBinder transact took 384 ms, interface=android.media.IMediaMetadataRetriever, code=5 oneway=false
02-23 01:30:05.065 19347 19713 W BpBinder: Slow Binder: BpBinder transact took 447 ms, interface=android.media.IMediaMetadataRetriever, code=5 oneway=false
02-23 01:30:05.200 19347 19711 W BpBinder: Slow Binder: BpBinder transact took 446 ms, interface=android.media.IMediaMetadataRetriever, code=5 oneway=false
02-23 01:30:05.325 19347 22467 W BpBinder: Slow Binder: BpBinder transact took 356 ms, interface=android.media.IMediaMetadataRetriever, code=5 oneway=false
02-23 01:30:05.455 19347 19713 W BpBinder: Slow Binder: BpBinder transact took 386 ms, interface=android.media.IMediaMetadataRetriever, code=5 oneway=false
02-23 01:30:05.613 19347 19711 W BpBinder: Slow Binder: BpBinder transact took 406 ms, interface=android.media.IMediaMetadataRetriever, code=5 oneway=false
02-23 01:30:08.539 19347 22679 W Codec2Client: query -- param skipped: index = 1107298332.
02-23 01:30:08.539 19347 22679 W CCodec : This behavior is subject to change. It is recommended that app developers double check whether the requested max input size is in reasonable range.
02-23 01:30:08.541 19347 22679 W Codec2Client: query -- param skipped: index = 1342179345.
02-23 01:30:08.541 19347 22679 W Codec2Client: query -- param skipped: index = 2415921170.
02-23 01:30:08.541 19347 22679 W Codec2Client: query -- param skipped: index = 1610614798.
02-23 01:30:08.542 19347 22679 E FMQ : grantorIdx must be less than 3
02-23 01:30:08.542 19347 22679 E FMQ : grantorIdx must be less than 3
02-23 01:30:08.545 19347 22679 E FMQ : grantorIdx must be less than 3
02-23 01:30:08.546 19347 19347 W InputEventReceiver: App Input: Dispatching InputEvent took 106ms in main thread! (MotionEvent: event_seq=912, seq=5999570, action=ACTION_DOWN)
02-23 01:30:08.560 19347 19556 E FMQ : grantorIdx must be less than 3
02-23 01:30:08.574 19347 22679 W Codec2Client: query -- param skipped: index = 1342179345.
02-23 01:30:08.574 19347 22679 W Codec2Client: query -- param skipped: index = 2415921170.
02-23 01:30:08.574 19347 22679 W Codec2Client: query -- param skipped: index = 1610614798.
02-23 01:30:08.583 19347 22679 W Codec2Client: query -- param skipped: index = 1342179345.
02-23 01:30:08.583 19347 22679 W Codec2Client: query -- param skipped: index = 2415921170.
02-23 01:30:08.583 19347 22679 W Codec2Client: query -- param skipped: index = 1610614798.
02-23 01:30:08.586 19347 22679 W Codec2Client: query -- param skipped: index = 1342179345.
02-23 01:30:08.586 19347 22679 W Codec2Client: query -- param skipped: index = 2415921170.
02-23 01:30:08.586 19347 22679 W Codec2Client: query -- param skipped: index = 1610614798.
02-23 01:30:09.695 19347 22490 W Codec2Client: query -- param skipped: index = 1342179345.
02-23 01:30:09.695 19347 22490 W Codec2Client: query -- param skipped: index = 2415921170.
02-23 01:30:09.695 19347 22490 W Codec2Client: query -- param skipped: index = 1610614798.
02-23 01:30:09.845 19347 19347 E RecyclerView: Passed over target position while smooth scrolling.
02-23 01:30:09.857 19347 22737 W Codec2Client: query -- param skipped: index = 1107298332.
02-23 01:30:09.857 19347 22737 W CCodec : This behavior is subject to change. It is recommended that app developers double check whether the requested max input size is in reasonable range.
02-23 01:30:09.861 19347 22737 W Codec2Client: query -- param skipped: index = 1342179345.
02-23 01:30:09.861 19347 22737 W Codec2Client: query -- param skipped: index = 2415921170.
02-23 01:30:09.861 19347 22737 W Codec2Client: query -- param skipped: index = 1610614798.
02-23 01:30:09.861 19347 22737 E FMQ : grantorIdx must be less than 3
02-23 01:30:09.861 19347 22737 E FMQ : grantorIdx must be less than 3
02-23 01:30:09.867 19347 22737 E FMQ : grantorIdx must be less than 3
02-23 01:30:09.873 19347 19556 E FMQ : grantorIdx must be less than 3
02-23 01:30:09.887 19347 22737 W Codec2Client: query -- param skipped: index = 1342179345.
02-23 01:30:09.887 19347 22737 W Codec2Client: query -- param skipped: index = 2415921170.
02-23 01:30:09.887 19347 22737 W Codec2Client: query -- param skipped: index = 1610614798.
02-23 01:30:09.891 19347 22737 W Codec2Client: query -- param skipped: index = 1342179345.
02-23 01:30:09.891 19347 22737 W Codec2Client: query -- param skipped: index = 2415921170.
02-23 01:30:09.891 19347 22737 W Codec2Client: query -- param skipped: index = 1610614798.
02-23 01:30:09.896 19347 22737 W Codec2Client: query -- param skipped: index = 1342179345.
02-23 01:30:09.896 19347 22737 W Codec2Client: query -- param skipped: index = 2415921170.
02-23 01:30:09.896 19347 22737 W Codec2Client: query -- param skipped: index = 1610614798.
02-23 01:30:10.131 19347 20224 W BpBinder: Slow Binder: BpBinder transact took 231 ms, interface=android.media.IMediaMetadataRetriever, code=5 oneway=false
02-23 01:30:10.248 19347 19711 W BpBinder: Slow Binder: BpBinder transact took 341 ms, interface=android.media.IMediaMetadataRetriever, code=5 oneway=false
