02-22 23:47:17.952 5102 6898 W Codec2Client: query -- param skipped: index = 1342179345.
02-22 23:47:17.952 5102 6898 W Codec2Client: query -- param skipped: index = 2415921170.
02-22 23:47:17.961 5102 6897 E FMQ : grantorIdx must be less than 3
02-22 23:47:17.961 5102 6897 E FMQ : grantorIdx must be less than 3
02-22 23:47:17.966 5102 6857 W BpBinder: Slow Binder: BpBinder transact took 497 ms, interface=android.app.IActivityManager, code=22 oneway=false
02-22 23:47:17.970 5102 6898 E FMQ : grantorIdx must be less than 3
02-22 23:47:17.973 5102 6898 E FMQ : grantorIdx must be less than 3
02-22 23:47:17.987 5102 6898 E ion : ioctl c0044901 failed with code -1: Inappropriate ioctl for device
02-22 23:47:17.987 5102 6897 E ion : ioctl c0044901 failed with code -1: Inappropriate ioctl for device
02-22 23:47:17.989 5102 6898 E FMQ : grantorIdx must be less than 3
02-22 23:47:17.989 5102 6897 E FMQ : grantorIdx must be less than 3
02-22 23:47:18.006 5102 6902 E FMQ : grantorIdx must be less than 3
02-22 23:47:18.006 5102 6902 E FMQ : grantorIdx must be less than 3
02-22 23:47:18.025 5102 6857 W AsyncQuery: Exception thrown during handling EVENT_ARG_QUERY
02-22 23:47:18.025 5102 6857 W AsyncQuery: java.lang.IllegalStateException: Must call PhenotypeContext.setContext() first
02-22 23:47:18.025 5102 6857 W AsyncQuery: at android.os.Parcel.createExceptionOrNull(Parcel.java:2384)
02-22 23:47:18.025 5102 6857 W AsyncQuery: at android.os.Parcel.createException(Parcel.java:2360)
02-22 23:47:18.025 5102 6857 W AsyncQuery: at android.os.Parcel.readException(Parcel.java:2343)
02-22 23:47:18.025 5102 6857 W AsyncQuery: at android.database.DatabaseUtils.readExceptionFromParcel(DatabaseUtils.java:190)
02-22 23:47:18.025 5102 6857 W AsyncQuery: at android.database.DatabaseUtils.readExceptionFromParcel(DatabaseUtils.java:142)
02-22 23:47:18.025 5102 6857 W AsyncQuery: at android.content.ContentProviderProxy.query(ContentProviderNative.java:472)
02-22 23:47:18.025 5102 6857 W AsyncQuery: at android.content.ContentResolver.query(ContentResolver.java:1197)
02-22 23:47:18.025 5102 6857 W AsyncQuery: at android.content.ContentResolver.query(ContentResolver.java:1128)
02-22 23:47:18.025 5102 6857 W AsyncQuery: at android.content.ContentResolver.query(ContentResolver.java:1084)
02-22 23:47:18.025 5102 6857 W AsyncQuery: at android.content.AsyncQueryHandler$WorkerHandler.handleMessage(AsyncQueryHandler.jav a:79)
02-22 23:47:18.025 5102 6857 W AsyncQuery: at android.os.Handler.dispatchMessage(Handler.java:106)
02-22 23:47:18.025 5102 6857 W AsyncQuery: at android.os.Looper.loop(Looper.java:236)
02-22 23:47:18.025 5102 6857 W AsyncQuery: at android.os.HandlerThread.run(HandlerThread.java:67)
02-22 23:47:18.127 5102 6931 W Codec2Client: query -- param skipped: index = 1107298332.
02-22 23:47:18.129 5102 6931 W Codec2Client: query -- param skipped: index = 1342179345.
02-22 23:47:18.129 5102 6931 W Codec2Client: query -- param skipped: index = 2415921170.
02-22 23:47:18.129 5102 6931 E FMQ : grantorIdx must be less than 3
02-22 23:47:18.130 5102 6931 E FMQ : grantorIdx must be less than 3
02-22 23:47:18.132 5102 6931 E FMQ : grantorIdx must be less than 3
02-22 23:47:18.144 5102 6902 E FMQ : grantorIdx must be less than 3
02-22 23:47:18.172 5102 6949 W Codec2Client: query -- param skipped: index = 1107298332.
02-22 23:47:18.172 5102 6949 W Codec2Client: query -- param skipped: index = 1342179345.
02-22 23:47:18.172 5102 6949 W Codec2Client: query -- param skipped: index = 2415921170.
02-22 23:47:18.173 5102 6949 E FMQ : grantorIdx must be less than 3
02-22 23:47:18.173 5102 6949 E FMQ : grantorIdx must be less than 3
02-22 23:47:18.207 5102 6949 E FMQ : grantorIdx must be less than 3
02-22 23:47:18.224 5102 6902 E FMQ : grantorIdx must be less than 3
02-22 23:47:18.259 5102 6957 W Codec2Client: query -- param skipped: index = 1107298332.
02-22 23:47:18.262 5102 6957 W Codec2Client: query -- param skipped: index = 1342179345.
02-22 23:47:18.262 5102 6957 W Codec2Client: query -- param skipped: index = 2415921170.
02-22 23:47:18.263 5102 6957 E FMQ : grantorIdx must be less than 3
02-22 23:47:18.263 5102 6957 E FMQ : grantorIdx must be less than 3
02-22 23:47:18.267 5102 6957 E FMQ : grantorIdx must be less than 3
02-22 23:47:18.271 5102 5102 W Looper : PerfMonitor looperActivity : package=com.whatsapp/.voipcalling.VoipActivityV2 time=0ms latency=432ms running=0ms procState=2 ClientTransaction{ callbacks=[android.app.servertransaction.TopResumedActivityChang eItem] } historyMsgCount=20 (msgIndex=20 wall=374ms seq=2731 running=171ms io=32ms late=59ms h=android.app.ActivityThread$H w=159)
02-22 23:47:18.280 5102 6902 E FMQ : grantorIdx must be less than 3
02-22 23:47:18.283 5102 5102 W Looper : PerfMonitor looperActivity : package=com.whatsapp/.HomeActivity time=11ms latency=403ms running=3ms procState=2 ClientTransaction{ lifecycleRequest=android.app.servertransaction.StopActivityItem } historyMsgCount=22 (msgIndex=18 wall=374ms seq=2731 running=171ms io=32ms late=59ms h=android.app.ActivityThread$H w=159)
02-22 23:47:18.380 5102 5102 W Looper : PerfMonitor doFrame : time=96ms vsyncFrame=0 latency=402ms procState=2 historyMsgCount=24 (msgIndex=15 wall=374ms seq=2731 running=171ms io=32ms late=59ms h=android.app.ActivityThread$H w=159)
02-22 23:47:18.383 5102 5102 W CarApp.Conn: Null response from content provider when checking connection to the car, treating as disconnected
02-22 23:47:18.386 5102 5102 W BottomSheetBehavior: BottomSheetBehavior now supports multiple callbacks. `setBottomSheetCallback()` removes all existing callbacks, including ones set internally by library authors, which may result in unintended behavior. This may change in the future. Please use `addBottomSheetCallback()` and `removeBottomSheetCallback()` instead to set your own callbacks.
02-22 23:47:33.603 5102 6876 W AudioManager: Use of stream types is deprecated for operations other than volume control
02-22 23:47:33.603 5102 6876 W AudioManager: See the documentation of requestAudioFocus() for what to use instead with android.media.AudioAttributes to qualify your playback use case
02-22 23:47:33.607 5102 5102 W SoundPool: Use of stream types is deprecated for operations other than volume control
02-22 23:47:33.607 5102 5102 W SoundPool: See the documentation of SoundPool() for what to use instead with android.media.AudioAttributes to qualify your playback use case
02-22 23:47:33.645 5102 7160 W Codec2Client: query -- param skipped: index = 1107298332.
02-22 23:47:33.645 5102 7159 W Codec2Client: query -- param skipped: index = 1107298332.
02-22 23:47:33.647 5102 7159 W Codec2Client: query -- param skipped: index = 1342179345.
02-22 23:47:33.647 5102 7159 W Codec2Client: query -- param skipped: index = 2415921170.
02-22 23:47:33.647 5102 7159 E FMQ : grantorIdx must be less than 3
02-22 23:47:33.647 5102 7159 E FMQ : grantorIdx must be less than 3
02-22 23:47:33.650 5102 7160 W Codec2Client: query -- param skipped: index = 1342179345.
02-22 23:47:33.650 5102 7160 W Codec2Client: query -- param skipped: index = 2415921170.
02-22 23:47:33.650 5102 7160 E FMQ : grantorIdx must be less than 3
02-22 23:47:33.650 5102 7160 E FMQ : grantorIdx must be less than 3
02-22 23:47:33.651 5102 7159 E FMQ : grantorIdx must be less than 3
02-22 23:47:33.654 5102 7160 E FMQ : grantorIdx must be less than 3
02-22 23:47:33.659 5102 6902 E FMQ : grantorIdx must be less than 3
02-22 23:47:33.665 5102 6902 E FMQ : grantorIdx must be less than 3
02-22 23:47:33.734 5102 7171 W Codec2Client: query -- param skipped: index = 1107298332.
02-22 23:47:33.739 5102 7171 W Codec2Client: query -- param skipped: index = 1342179345.
02-22 23:47:33.739 5102 7171 W Codec2Client: query -- param skipped: index = 2415921170.
02-22 23:47:33.739 5102 7171 E FMQ : grantorIdx must be less than 3
02-22 23:47:33.739 5102 7171 E FMQ : grantorIdx must be less than 3
02-22 23:47:33.743 5102 7171 E FMQ : grantorIdx must be less than 3
02-22 23:47:33.753 5102 6902 E FMQ : grantorIdx must be less than 3
02-22 23:47:33.791 5102 7175 W Codec2Client: query -- param skipped: index = 1107298332.
02-22 23:47:33.794 5102 7175 W Codec2Client: query -- param skipped: index = 1342179345.
02-22 23:47:33.794 5102 7175 W Codec2Client: query -- param skipped: index = 2415921170.
02-22 23:47:33.794 5102 7175 E FMQ : grantorIdx must be less than 3
02-22 23:47:33.795 5102 7175 E FMQ : grantorIdx must be less than 3
02-22 23:47:33.798 5102 7175 E FMQ : grantorIdx must be less than 3
02-22 23:47:33.816 5102 6902 E FMQ : grantorIdx must be less than 3
02-22 23:47:33.824 5102 7178 W Codec2Client: query -- param skipped: index = 1107298332.
02-22 23:47:33.825 5102 7178 W Codec2Client: query -- param skipped: index = 1342179345.
02-22 23:47:33.825 5102 7178 W Codec2Client: query -- param skipped: index = 2415921170.
02-22 23:47:33.826 5102 7178 E FMQ : grantorIdx must be less than 3
02-22 23:47:33.826 5102 7178 E FMQ : grantorIdx must be less than 3
02-22 23:47:33.828 5102 7178 E FMQ : grantorIdx must be less than 3
02-22 23:47:33.837 5102 6902 E FMQ : grantorIdx must be less than 3
02-22 23:47:34.108 5102 5102 W BottomSheetBehavior: BottomSheetBehavior now supports multiple callbacks. `setBottomSheetCallback()` removes all existing callbacks, including ones set internally by library authors, which may result in unintended behavior. This may change in the future. Please use `addBottomSheetCallback()` and `removeBottomSheetCallback()` instead to set your own callbacks.
02-22 23:47:36.286 5102 7211 W LibraryVersion: Failed to get app version for libraryName: firebase-iid
02-22 23:47:36.408 5102 5102 W com.whatsapp: type=1400 audit(0.0:491733): avc: granted { execute } for comm=576861747341707020576F726B6572 path="/data/data/com.whatsapp/files/decompressed/libs.spk.zst/libfbjni.so" dev="dm- 10" ino=371793 scontext=u:r:untrusted_app:s0:c213,c257,c512,c768 tcontext=u:object_r:app_data_file:s0:c213,c257,c512,c768 tclass=file app=com.whatsapp
02-22 23:47:36.428 5102 5102 W com.whatsapp: type=1400 audit(0.0:491734): avc: granted { execute } for comm=576861747341707020576F726B6572 path="/data/data/com.whatsapp/files/decompressed/libs.spk.zst/libglog.so" dev="dm- 10" ino=351315 scontext=u:r:untrusted_app:s0:c213,c257,c512,c768 tcontext=u:object_r:app_data_file:s0:c213,c257,c512,c768 tclass=file app=com.whatsapp
02-22 23:47:36.438 5102 5102 W com.whatsapp: type=1400 audit(0.0:491735): avc: granted { execute } for comm=576861747341707020576F726B6572 path="/data/data/com.whatsapp/files/decompressed/libs.spk.zst/libar-bundle3.so" dev="dm-10" ino=351273 scontext=u:r:untrusted_app:s0:c213,c257,c512,c768 tcontext=u:object_r:app_data_file:s0:c213,c257,c512,c768 tclass=file app=com.whatsapp
02-22 23:47:36.458 5102 5102 W com.whatsapp: type=1400 audit(0.0:491737): avc: granted { execute } for comm=576861747341707020576F726B6572 path="/data/data/com.whatsapp/files/decompressed/libs.spk.zst/libtorch-code-gen.so" dev="dm-10" ino=343293 scontext=u:r:untrusted_app:s0:c213,c257,c512,c768 tcontext=u:object_r:app_data_file:s0:c213,c257,c512,c768 tclass=file app=com.whatsapp
02-22 23:47:36.639 5102 6904 W libOpenSLES: Conversion from OpenSL ES positional channel mask 0x4 to Android mask 0 loses channels
02-22 23:47:37.024 5102 5102 W Looper : PerfMonitor doFrame : time=3ms vsyncFrame=0 latency=614ms procState=2 historyMsgCount=3 (msgIndex=1 wall=627ms seq=4053 running=3ms runnable=1ms late=8ms h=android.os.Handler w=56)
02-22 23:47:38.944 5102 6892 W BpBinder: Slow Binder: BpBinder transact took 565 ms, interface=android.media.IAudioPolicyService, code=35 oneway=false
02-22 23:48:06.577 5102 5119 W System : A resource failed to call release.
02-22 23:48:15.898 5102 5102 W BottomSheetBehavior: BottomSheetBehavior now supports multiple callbacks. `setBottomSheetCallback()` removes all existing callbacks, including ones set internally by library authors, which may result in unintended behavior. This may change in the future. Please use `addBottomSheetCallback()` and `removeBottomSheetCallback()` instead to set your own callbacks.
02-22 23:48:18.040 5102 5102 W BottomSheetBehavior: BottomSheetBehavior now supports multiple callbacks. `setBottomSheetCallback()` removes all existing callbacks, including ones set internally by library authors, which may result in unintended behavior. This may change in the future. Please use `addBottomSheetCallback()` and `removeBottomSheetCallback()` instead to set your own callbacks.
02-22 23:48:25.374 5102 5254 W AudioManager: Use of stream types is deprecated for operations other than volume control
02-22 23:48:25.374 5102 5254 W AudioManager: See the documentation of requestAudioFocus() for what to use instead with android.media.AudioAttributes to qualify your playback use case
02-22 23:48:25.375 5102 5102 W SoundPool: Use of stream types is deprecated for operations other than volume control
02-22 23:48:25.375 5102 5102 W SoundPool: See the documentation of SoundPool() for what to use instead with android.media.AudioAttributes to qualify your playback use case
02-22 23:48:25.414 5102 7609 W Codec2Client: query -- param skipped: index = 1107298332.
02-22 23:48:25.415 5102 7609 W Codec2Client: query -- param skipped: index = 1342179345.
02-22 23:48:25.415 5102 7609 W Codec2Client: query -- param skipped: index = 2415921170.
02-22 23:48:25.415 5102 7609 E FMQ : grantorIdx must be less than 3
02-22 23:48:25.415 5102 7609 E FMQ : grantorIdx must be less than 3
02-22 23:48:25.416 5102 7611 W Codec2Client: query -- param skipped: index = 1107298332.
02-22 23:48:25.417 5102 7611 W Codec2Client: query -- param skipped: index = 1342179345.
02-22 23:48:25.417 5102 7611 W Codec2Client: query -- param skipped: index = 2415921170.
02-22 23:48:25.419 5102 7611 E FMQ : grantorIdx must be less than 3
02-22 23:48:25.419 5102 7611 E FMQ : grantorIdx must be less than 3
02-22 23:48:25.421 5102 7609 E FMQ : grantorIdx must be less than 3
02-22 23:48:25.426 5102 6902 E FMQ : grantorIdx must be less than 3
02-22 23:48:25.429 5102 7611 E FMQ : grantorIdx must be less than 3
02-22 23:48:25.434 5102 6902 E FMQ : grantorIdx must be less than 3
02-22 23:48:25.506 5102 7624 W Codec2Client: query -- param skipped: index = 1107298332.
02-22 23:48:25.507 5102 7624 W Codec2Client: query -- param skipped: index = 1342179345.
02-22 23:48:25.507 5102 7624 W Codec2Client: query -- param skipped: index = 2415921170.
02-22 23:48:25.507 5102 7624 E FMQ : grantorIdx must be less than 3
02-22 23:48:25.507 5102 7624 E FMQ : grantorIdx must be less than 3
02-22 23:48:25.515 5102 7624 E FMQ : grantorIdx must be less than 3
02-22 23:48:25.523 5102 6902 E FMQ : grantorIdx must be less than 3
02-22 23:48:25.542 5102 7627 W Codec2Client: query -- param skipped: index = 1107298332.
02-22 23:48:25.542 5102 7627 W Codec2Client: query -- param skipped: index = 1342179345.
02-22 23:48:25.542 5102 7627 W Codec2Client: query -- param skipped: index = 2415921170.
02-22 23:48:25.543 5102 7627 E FMQ : grantorIdx must be less than 3
02-22 23:48:25.543 5102 7627 E FMQ : grantorIdx must be less than 3
02-22 23:48:25.545 5102 7627 E FMQ : grantorIdx must be less than 3
02-22 23:48:25.552 5102 6902 E FMQ : grantorIdx must be less than 3
02-22 23:48:25.598 5102 7632 W Codec2Client: query -- param skipped: index = 1107298332.
02-22 23:48:25.598 5102 7632 W Codec2Client: query -- param skipped: index = 1342179345.
02-22 23:48:25.598 5102 7632 W Codec2Client: query -- param skipped: index = 2415921170.
02-22 23:48:25.599 5102 7632 E FMQ : grantorIdx must be less than 3
02-22 23:48:25.599 5102 7632 E FMQ : grantorIdx must be less than 3
02-22 23:48:25.602 5102 7632 E FMQ : grantorIdx must be less than 3
02-22 23:48:25.613 5102 6902 E FMQ : grantorIdx must be less than 3
02-22 23:48:25.792 5102 5102 W BottomSheetBehavior: BottomSheetBehavior now supports multiple callbacks. `setBottomSheetCallback()` removes all existing callbacks, including ones set internally by library authors, which may result in unintended behavior. This may change in the future. Please use `addBottomSheetCallback()` and `removeBottomSheetCallback()` instead to set your own callbacks.
02-22 23:48:26.002 5102 6904 W libOpenSLES: Conversion from OpenSL ES positional channel mask 0x4 to Android mask 0 loses channels
02-22 23:48:26.206 5102 5102 W Looper : PerfMonitor doFrame : time=340ms vsyncFrame=0 latency=14ms procState=2 historyMsgCount=15
02-22 23:48:28.102 5102 6892 W BpBinder: Slow Binder: BpBinder transact took 562 ms, interface=android.media.IAudioPolicyService, code=35 oneway=false
02-22 23:48:40.684 5102 5119 W System : A resource failed to call release.
02-22 23:48:40.684 5102 5119 W System : A resource failed to call release.
02-22 23:49:05.579 5102 5102 W BottomSheetBehavior: BottomSheetBehavior now supports multiple callbacks. `setBottomSheetCallback()` removes all existing callbacks, including ones set internally by library authors, which may result in unintended behavior. This may change in the future. Please use `addBottomSheetCallback()` and `removeBottomSheetCallback()` instead to set your own callbacks.
02-22 23:49:12.473 5102 5102 W BpBinder: Slow Binder: BpBinder transact took 219 ms, interface=android.view.IWindowSession, code=5 oneway=false
02-22 23:49:15.620 5102 5119 W System : A resource failed to call release.
02-22 23:49:15.620 5102 5119 W System : A resource failed to call release.
02-22 23:49:15.711 5102 5102 W BottomSheetBehavior: BottomSheetBehavior now supports multiple callbacks. `setBottomSheetCallback()` removes all existing callbacks, including ones set internally by library authors, which may result in unintended behavior. This may change in the future. Please use `addBottomSheetCallback()` and `removeBottomSheetCallback()` instead to set your own callbacks.
02-22 23:49:20.734 5102 5102 E ArmVmp : Match on catch block at 0xb0 in for 0xe5
02-22 23:49:20.738 5102 5102 E ArmVmp : Match on catch block at 0xb0 in for 0xe9
02-22 23:49:20.761 5102 5102 E ArmVmp : Match on catch block at 0x0a in for 0xc5
02-22 23:49:20.763 5102 5102 E ArmVmp : Match on catch block at 0x0a in for 0xc1
02-22 23:49:20.862 5102 5102 E ArmVmp : Match on catch block at 0xc3 in for 0xb1
02-22 23:49:20.867 5102 5102 E ArmVmp : Match on catch block at 0xc3 in for 0xb1
02-22 23:49:20.902 5102 5102 E ArmVmp : Match on catch block at 0xc3 in for 0xa5
02-22 23:49:20.904 5102 5102 E ArmVmp : Match on catch block at 0xc3 in for 0xa9
02-22 23:49:20.928 5102 5102 E ArmVmp : Match on catch block at 0xc3 in for 0xa1
02-22 23:49:20.931 5102 5102 E ArmVmp : Match on catch block at 0xc3 in for 0xa5
02-22 23:49:20.954 5102 5102 E ArmVmp : Match on catch block at 0xc3 in for 0xa1
02-22 23:49:20.957 5102 5102 E ArmVmp : Match on catch block at 0xc3 in for 0xa5
02-22 23:49:20.996 5102 5102 E ArmVmp : Match on catch block at 0xc3 in for 0xa9
02-22 23:49:20.998 5102 5102 E ArmVmp : Match on catch block at 0xc3 in for 0xa1
02-22 23:49:21.009 5102 5102 E ArmVmp : Match on catch block at 0xc3 in for 0xa1
02-22 23:49:21.011 5102 5102 E ArmVmp : Match on catch block at 0xc3 in for 0xa5
02-22 23:49:21.026 5102 5102 E ArmVmp : Match on catch block at 0xc3 in for 0xa5
02-22 23:49:21.028 5102 5102 E ArmVmp : Match on catch block at 0xc3 in for 0xa9
02-22 23:49:21.495 5102 5102 E ArmVmp : Match on catch block at 0xc3 in for 0xa5
02-22 23:49:21.501 5102 5102 E ArmVmp : Match on catch block at 0xc3 in for 0xa9
02-22 23:49:21.529 5102 5102 E ArmVmp : Match on catch block at 0xc3 in for 0xa9
02-22 23:49:21.534 5102 5102 E ArmVmp : Match on catch block at 0xc3 in for 0xa1
02-22 23:49:21.613 5102 5102 W TabLayout: MODE_SCROLLABLE + GRAVITY_FILL is not supported, GRAVITY_START will be used instead
02-22 23:49:21.632 5102 5102 W BottomSheetBehavior: BottomSheetBehavior now supports multiple callbacks. `setBottomSheetCallback()` removes all existing callbacks, including ones set internally by library authors, which may result in unintended behavior. This may change in the future. Please use `addBottomSheetCallback()` and `removeBottomSheetCallback()` instead to set your own callbacks.
02-22 23:49:21.648 5102 5102 W Optic-Camera-Ha: type=1400 audit(0.0:492264): avc: denied { read } for name="u:object_r:vendor_persist_camera_prop:s0" dev="tmpfs" ino=1267 scontext=u:r:untrusted_app:s0:c213,c257,c512,c768 tcontext=u:object_r:vendor_persist_camera_prop:s0 tclass=file permissive=0 app=com.whatsapp
02-22 23:49:21.654 5102 5473 E libc : Access denied finding property "persist.vendor.camera.privapp.list"
02-22 23:49:21.667 5102 5217 E CameraManagerGlobal: Camera 61 is not available. Ignore physical camera status change
02-22 23:49:21.750 5102 5102 W View : requestLayout() improperly called by androidx.appcompat.view.menu.ActionMenuItemView{5943f8c VFED..CL. ......ID 0,9- 116,124 #7f0b0fe8 app:id/more} during layout: running second layout pass
02-22 23:49:21.750 5102 5102 W View : requestLayout() improperly called by androidx.appcompat.widget.ActionMenuView{dc3e6d5 V.E...... ......ID 964,0-1080,134} during layout: running second layout pass
02-22 23:49:21.750 5102 5102 W View : requestLayout() improperly called by com.whatsapp.WaImageView{a7c5eea VF.D..CL. ......ID 0,0-154,154 #7f0b1814 app:id/shutter} during layout: running second layout pass
02-22 23:49:21.750 5102 5102 W View : requestLayout() improperly called by com.whatsapp.CircularProgressBar{edbe5db V.ED..... ......ID 0,0-154,154 #7f0b14fc app:id/recording_progress} during layout: running second layout pass
02-22 23:49:21.750 5102 5102 W View : requestLayout() improperly called by com.whatsapp.WaImageView{60bc878 VF.D..C.. ......ID 0,0-115,115 #7f0b1976 app:id/switch_camera_btn} during layout: running second layout pass
02-22 23:49:21.750 5102 5102 W View : requestLayout() improperly called by com.whatsapp.WaImageView{ee91b51 VFED..C.. ......ID 0,0-115,115 #7f0b0b0d app:id/gallery_btn} during layout: running second layout pass
02-22 23:49:21.750 5102 5102 W View : requestLayout() improperly called by com.whatsapp.WaImageView{1397fb6 VF.D..C.. ......ID 0,0-115,115 #7f0b0a9c app:id/flash_btn} during layout: running second layout pass
02-22 23:49:21.750 5102 5102 W View : requestLayout() improperly called by com.whatsapp.WaImageView{72904b7 VFED..C.. ......ID 0,0-115,115 #7f0b057f app:id/close_camera_btn} during layout: running second layout pass
02-22 23:49:21.750 5102 5102 W View : requestLayout() improperly called by X.4Ki{870f424 V.ED..... ......ID 0,5-1080,120} during layout: running second layout pass
02-22 23:49:21.766 5102 5102 E ArmVmp : Match on catch block at 0xc3 in for 0xa5
02-22 23:49:21.770 5102 5102 E ArmVmp : Match on catch block at 0xc3 in for 0xa9
02-22 23:49:21.777 5102 5102 W View : requestLayout() improperly called by com.whatsapp.WaImageView{a7c5eea VF.D..CL. ......ID 463,1726-617,1880 #7f0b1814 app:id/shutter} during layout: running second layout pass
02-22 23:49:21.777 5102 5102 W View : requestLayout() improperly called by com.whatsapp.CircularProgressBar{edbe5db V.ED..... ......ID 463,1726-617,1880 #7f0b14fc app:id/recording_progress} during layout: running second layout pass
02-22 23:49:21.777 5102 5102 W View : requestLayout() improperly called by com.whatsapp.WaImageView{60bc878 VF.D..C.. ......ID 945,1745-1060,1860 #7f0b1976 app:id/switch_camera_btn} during layout: running second layout pass
02-22 23:49:21.777 5102 5102 W View : requestLayout() improperly called by com.whatsapp.WaImageView{ee91b51 VFED..C.. ......ID 20,1745-135,1860 #7f0b0b0d app:id/gallery_btn} during layout: running second layout pass
02-22 23:49:21.777 5102 5102 W View : requestLayout() improperly called by com.whatsapp.WaImageView{1397fb6 VF.D..C.. ......I. 945,20-1060,135 #7f0b0a9c app:id/flash_btn} during layout: running second layout pass
02-22 23:49:21.777 5102 5102 W View : requestLayout() improperly called by com.whatsapp.WaImageView{72904b7 VFED..C.. ......I. 20,20-135,135 #7f0b057f app:id/close_camera_btn} during layout: running second layout pass
02-22 23:49:21.781 5102 5102 E ArmVmp : Match on catch block at 0xc3 in for 0xa5
02-22 23:49:21.783 5102 5102 E ArmVmp : Match on catch block at 0xc3 in for 0xa9
02-22 23:49:21.816 5102 5102 E ArmVmp : Match on catch block at 0xc3 in for 0xa9
02-22 23:49:21.818 5102 5102 E ArmVmp : Match on catch block at 0xc3 in for 0xa1
02-22 23:49:21.854 5102 5102 E ArmVmp : Match on catch block at 0xc3 in for 0xa1
02-22 23:49:21.856 5102 5102 E ArmVmp : Match on catch block at 0xc3 in for 0xa5
02-22 23:49:22.319 5102 8198 W BpBinder: Slow Binder: BpBinder transact took 343 ms, interface=android.media.IMediaMetadataRetriever, code=5 oneway=false
02-22 23:49:22.416 5102 5473 W BpBinder: Slow Binder: BpBinder transact took 595 ms, interface=android.hardware.camera2.ICameraDeviceUser, code=6 oneway=false
02-22 23:49:22.692 5102 8200 W BpBinder: Slow Binder: BpBinder transact took 219 ms, interface=android.media.IMediaMetadataRetriever, code=5 oneway=false
02-22 23:49:22.879 5102 5102 W BottomSheetBehavior: BottomSheetBehavior now supports multiple callbacks. `setBottomSheetCallback()` removes all existing callbacks, including ones set internally by library authors, which may result in unintended behavior. This may change in the future. Please use `addBottomSheetCallback()` and `removeBottomSheetCallback()` instead to set your own callbacks.
02-22 23:49:22.906 5102 5102 E RecyclerView: No adapter attached; skipping layout
02-22 23:49:22.913 5102 5102 E RecyclerView: No adapter attached; skipping layout
02-22 23:49:22.989 5102 5554 E CameraManagerGlobal: Camera 61 is not available. Ignore physical camera status change
02-22 23:49:22.990 5102 5472 W BpBinder: Slow Binder: BpBinder transact took 373 ms, interface=android.hardware.camera2.ICameraDeviceUser, code=1 oneway=false
02-22 23:49:22.991 5102 6948 W com.whatsapp: Long monitor contention with owner Optic-Task-Handler-Thread (5472) at void android.hardware.camera2.impl.CameraDeviceImpl.close()(CameraDeviceImpl.java:1360) waiters=0 in void android.hardware.camera2.impl.CameraDeviceImpl$CameraDeviceCallbacks.onCaptureStart ed(android.hardware.camera2.impl.CaptureResultExtras, long) for 293ms
02-22 23:49:23.065 5102 5119 W System : A resource failed to call close.
02-22 23:49:25.241 5102 5237 E SQLiteDatabase: Error inserting transferred=0 media_job_uuid=4e765eaf-b347-4af4-9a1b-2543eb74902c transcoded=1 gif_attribution=0 first_scan_length=0 direct_path=null thumbnail_height_width_ratio=1.0 is_animated_sticker=0 file_hash=null file_path=Media/WhatsApp Images/Sent/IMG- 20240222-WA0017.jpg file_size=1295447 partial_media_hash=null face_x=0 face_y=0 height=2464 trim_to=0 media_key_timestamp=0 message_url=null media_caption=null trim_from=0 mime_type=null partial_media_enc_hash=null width=2464 original_file_hash=null has_streaming_sidecar=0 autotransfer_retry_enabled=1 media_upload_handle=null message_row_id=534 multicast_id=null enc_file_hash=null mute_video=0 page_count=0 first_scan_sidecar=null suspicious_content=0 file_length=1295447 media_name=d347296f-7d60-4ad6-9566-8ebd2518ffc8.jpg media_duration=0 chat_row_id=380 media_key=null
02-22 23:49:25.241 5102 5237 E SQLiteDatabase: android.database.sqlite.SQLiteConstraintException: UNIQUE constraint failed: message_media.message_row_id (code 1555 SQLITE_CONSTRAINT_PRIMARYKEY)
02-22 23:49:25.241 5102 5237 E SQLiteDatabase: at android.database.sqlite.SQLiteConnection.nativeExecuteForLastInsertedRowId(Native Method)
02-22 23:49:25.241 5102 5237 E SQLiteDatabase: at android.database.sqlite.SQLiteConnection.executeForLastInsertedRowId(SQLiteConnecti on.java:938)
02-22 23:49:25.241 5102 5237 E SQLiteDatabase: at android.database.sqlite.SQLiteSession.executeForLastInsertedRowId(SQLiteSession.jav a:790)
02-22 23:49:25.241 5102 5237 E SQLiteDatabase: at android.database.sqlite.SQLiteStatement.executeInsert(SQLiteStatement.java:88)
02-22 23:49:25.241 5102 5237 E SQLiteDatabase: at android.database.sqlite.SQLiteDatabase.insertWithOnConflict(SQLiteDatabase.java:170 1)
02-22 23:49:25.241 5102 5237 E SQLiteDatabase: at android.database.sqlite.SQLiteDatabase.insert(SQLiteDatabase.java:1570)
02-22 23:49:25.241 5102 5237 E SQLiteDatabase: at X.2tm.A08(Unknown Source:6)
02-22 23:49:25.241 5102 5237 E SQLiteDatabase: at X.35Y.A07(Unknown Source:212)
02-22 23:49:25.241 5102 5237 E SQLiteDatabase: at X.3QF.A14(Unknown Source:470)
02-22 23:49:25.241 5102 5237 E SQLiteDatabase: at X.3gU.run(Unknown Source:982)
02-22 23:49:25.241 5102 5237 E SQLiteDatabase: at android.os.Handler.handleCallback(Handler.java:938)
02-22 23:49:25.241 5102 5237 E SQLiteDatabase: at android.os.Handler.dispatchMessage(Handler.java:99)
02-22 23:49:25.241 5102 5237 E SQLiteDatabase: at X.0zq.dispatchMessage(Unknown Source:4)
02-22 23:49:25.241 5102 5237 E SQLiteDatabase: at android.os.Looper.loop(Looper.java:236)
02-22 23:49:25.241 5102 5237 E SQLiteDatabase: at android.os.HandlerThread.run(HandlerThread.java:67)
02-22 23:49:25.272 5102 5237 E SQLiteDatabase: Error inserting transferred=1 media_job_uuid=4e765eaf-b347-4af4-9a1b-2543eb74902c transcoded=1 gif_attribution=0 first_scan_length=0 direct_path=/v/t62.7118- 24/11813974_815168067322503_7920693267132501436_n.enc?ccb=11-4&oh=01_AdQ7naK- BY22Hqii9Pq7MUrdCI0jXFtlC_L4tWJCSZwvkw&oe=65FF99FC&_nc_sid=5e03e0 thumbnail_height_width_ratio=1.0 is_animated_sticker=0 file_hash=NjOOYAsbwPWdVwVM89HBNEsvWogFamlDq8z0HfpHlbg= file_path=Media/WhatsApp Images/Sent/IMG-20240222-WA0017.jpg file_size=1295447 partial_media_hash=r38mqEgNoJTAhtkU2TZqnNEJrkYPkv+/z+y+ioTx6oA= face_x=0 face_y=0 height=2464 trim_to=0 media_key_timestamp=1708659983475 message_url=https://mmg.whatsapp.net/v/t62.7118- 24/11813974_815168067322503_7920693267132501436_n.enc?ccb=11-4&oh=01_AdQ7naK- BY22Hqii9Pq7MUrdCI0jXFtlC_L4tWJCSZwvkw&oe=65FF99FC&_nc_sid=5e03e0&mms3=true media_caption=null trim_from=0 mime_type=null partial_media_enc_hash=null width=2464 original_file_hash=null has_streaming_sidecar=1 autotransfer_retry_enabled=0 media_upload_handle=null message_row_id=534 multicast_id=null enc_file_hash=zjtRaxhAnHvtere3l/CvlGbUepE2GXYfVg8fPCHmlIg= mute_video=0 page_count=0 first_scan_sidecar=null suspicious_content=0 file_length=1295447 media_name=d347296f-7d60-4ad6-9566-8ebd2518ffc8.jpg media_duration=0 chat_row_id=380 media_key=[B@e77dc36
02-22 23:49:25.272 5102 5237 E SQLiteDatabase: android.database.sqlite.SQLiteConstraintException: UNIQUE constraint failed: message_media.message_row_id (code 1555 SQLITE_CONSTRAINT_PRIMARYKEY)
02-22 23:49:25.272 5102 5237 E SQLiteDatabase: at android.database.sqlite.SQLiteConnection.nativeExecuteForLastInsertedRowId(Native Method)
02-22 23:49:25.272 5102 5237 E SQLiteDatabase: at android.database.sqlite.SQLiteConnection.executeForLastInsertedRowId(SQLiteConnecti on.java:938)
02-22 23:49:25.272 5102 5237 E SQLiteDatabase: at android.database.sqlite.SQLiteSession.executeForLastInsertedRowId(SQLiteSession.jav a:790)
02-22 23:49:25.272 5102 5237 E SQLiteDatabase: at android.database.sqlite.SQLiteStatement.executeInsert(SQLiteStatement.java:88)
02-22 23:49:25.272 5102 5237 E SQLiteDatabase: at android.database.sqlite.SQLiteDatabase.insertWithOnConflict(SQLiteDatabase.java:170 1)
02-22 23:49:25.272 5102 5237 E SQLiteDatabase: at android.database.sqlite.SQLiteDatabase.insert(SQLiteDatabase.java:1570)
02-22 23:49:25.272 5102 5237 E SQLiteDatabase: at X.2tm.A08(Unknown Source:6)
02-22 23:49:25.272 5102 5237 E SQLiteDatabase: at X.35Y.A07(Unknown Source:212)
02-22 23:49:25.272 5102 5237 E SQLiteDatabase: at X.3QF.A14(Unknown Source:470)
02-22 23:49:25.272 5102 5237 E SQLiteDatabase: at X.3gU.run(Unknown Source:982)
02-22 23:49:25.272 5102 5237 E SQLiteDatabase: at android.os.Handler.handleCallback(Handler.java:938)
02-22 23:49:25.272 5102 5237 E SQLiteDatabase: at android.os.Handler.dispatchMessage(Handler.java:99)
02-22 23:49:25.272 5102 5237 E SQLiteDatabase: at X.0zq.dispatchMessage(Unknown Source:4)
02-22 23:49:25.272 5102 5237 E SQLiteDatabase: at android.os.Looper.loop(Looper.java:236)
02-22 23:49:25.272 5102 5237 E SQLiteDatabase: at android.os.HandlerThread.run(HandlerThread.java:67)
02-22 23:49:25.302 5102 5102 E ArmVmp : Match on catch block at 0x0a in for 0xc5
02-22 23:49:25.304 5102 5102 E ArmVmp : Match on catch block at 0x0a in for 0xc1
02-22 23:49:25.385 5102 5102 E ArmVmp : Match on catch block at 0xc3 in for 0xa9
02-22 23:49:25.387 5102 5102 E ArmVmp : Match on catch block at 0xc3 in for 0xa1
02-22 23:49:25.461 5102 5102 E ArmVmp : Match on catch block at 0xc3 in for 0xa1
02-22 23:49:25.465 5102 5102 E ArmVmp : Match on catch block at 0xc3 in for 0xa5
02-22 23:49:25.493 5102 5102 E ArmVmp : Match on catch block at 0xc3 in for 0xa1
02-22 23:49:25.497 5102 5102 E ArmVmp : Match on catch block at 0xc3 in for 0xa5
02-22 23:49:25.532 5102 5102 W BottomSheetBehavior: BottomSheetBehavior now supports multiple callbacks. `setBottomSheetCallback()` removes all existing callbacks, including ones set internally by library authors, which may result in unintended behavior. This may change in the future. Please use `addBottomSheetCallback()` and `removeBottomSheetCallback()` instead to set your own callbacks.
02-22 23:49:25.572 5102 5102 E ArmVmp : Match on catch block at 0xc3 in for 0xa1
02-22 23:49:25.574 5102 5102 E ArmVmp : Match on catch block at 0xc3 in for 0xa5
02-22 23:49:25.583 5102 5102 E ArmVmp : Match on catch block at 0xc3 in for 0xa1
02-22 23:49:25.585 5102 5102 E ArmVmp : Match on catch block at 0xc3 in for 0xa5
02-22 23:49:25.639 5102 5102 E ArmVmp : Match on catch block at 0xc3 in for 0xa1
02-22 23:49:25.641 5102 5102 E ArmVmp : Match on catch block at 0xc3 in for 0xa5
02-22 23:49:25.645 5102 5102 E ArmVmp : Match on catch block at 0xc3 in for 0xa5
02-22 23:49:25.648 5102 5102 E ArmVmp : Match on catch block at 0xc3 in for 0xa9
02-22 23:49:25.650 5102 5283 W MediaPlayer: Use of stream types is deprecated for operations other than volume control
02-22 23:49:25.650 5102 5283 W MediaPlayer: See the documentation of setAudioStreamType() for what to use instead with android.media.AudioAttributes to qualify your playback use case
02-22 23:49:25.661 5102 5102 E ArmVmp : Match on catch block at 0xc3 in for 0xa1
02-22 23:49:25.664 5102 5102 E ArmVmp : Match on catch block at 0xc3 in for 0xa5
02-22 23:49:25.980 5102 5102 E ArmVmp : Match on catch block at 0xc3 in for 0xa5
02-22 23:49:25.985 5102 5102 E ArmVmp : Match on catch block at 0xc3 in for 0xa9
02-22 23:49:26.063 5102 5102 E ArmVmp : Match on catch block at 0xc3 in for 0xa9
02-22 23:49:26.069 5102 5102 E ArmVmp : Match on catch block at 0xc3 in for 0xa1
02-22 23:49:26.129 5102 5102 E ArmVmp : Match on catch block at 0xc3 in for 0xa1
02-22 23:49:26.133 5102 5102 E ArmVmp : Match on catch block at 0xc3 in for 0xa5
02-22 23:49:26.145 5102 5102 E ArmVmp : Match on catch block at 0xc3 in for 0xa5
02-22 23:49:26.148 5102 5102 E ArmVmp : Match on catch block at 0xc3 in for 0xa9
02-22 23:49:26.162 5102 5102 E ArmVmp : Match on catch block at 0xc3 in for 0xa9
02-22 23:49:26.168 5102 5102 E ArmVmp : Match on catch block at 0xc3 in for 0xa1
02-22 23:49:26.179 5102 5102 E ArmVmp : Match on catch block at 0xc3 in for 0xa1
02-22 23:49:26.182 5102 5102 E ArmVmp : Match on catch block at 0xc3 in for 0xa5
02-22 23:49:26.196 5102 5102 E ArmVmp : Match on catch block at 0xc3 in for 0xa5
02-22 23:49:26.200 5102 5102 E ArmVmp : Match on catch block at 0xc3 in for 0xa9
02-22 23:49:26.213 5102 5102 E ArmVmp : Match on catch block at 0xc3 in for 0xa9
02-22 23:49:26.219 5102 5102 E ArmVmp : Match on catch block at 0xc3 in for 0xa1
02-22 23:49:26.230 5102 5102 E ArmVmp : Match on catch block at 0xc3 in for 0xa1
02-22 23:49:26.234 5102 5102 E ArmVmp : Match on catch block at 0xc3 in for 0xa5
02-22 23:49:26.247 5102 5102 E ArmVmp : Match on catch block at 0xc3 in for 0xa5
02-22 23:49:26.251 5102 5102 E ArmVmp : Match on catch block at 0xc3 in for 0xa9
02-22 23:49:26.263 5102 5102 E ArmVmp : Match on catch block at 0xc3 in for 0xa9
02-22 23:49:26.268 5102 5102 E ArmVmp : Match on catch block at 0xc3 in for 0xa1
02-22 23:49:26.280 5102 5102 E ArmVmp : Match on catch block at 0xc3 in for 0xa1
02-22 23:49:26.285 5102 5102 E ArmVmp : Match on catch block at 0xc3 in for 0xa5
02-22 23:49:26.296 5102 5102 E ArmVmp : Match on catch block at 0xc3 in for 0xa5
02-22 23:49:26.305 5102 5102 E ArmVmp : Match on catch block at 0xc3 in for 0xa9
02-22 23:49:26.313 5102 5102 E ArmVmp : Match on catch block at 0xc3 in for 0xa9
02-22 23:49:26.318 5102 5102 E ArmVmp : Match on catch block at 0xc3 in for 0xa1
02-22 23:49:26.329 5102 5102 E ArmVmp : Match on catch block at 0xc3 in for 0xa1
02-22 23:49:26.333 5102 5102 E ArmVmp : Match on catch block at 0xc3 in for 0xa5
02-22 23:49:26.346 5102 5102 E ArmVmp : Match on catch block at 0xc3 in for 0xa5
02-22 23:49:26.351 5102 5102 E ArmVmp : Match on catch block at 0xc3 in for 0xa9
02-22 23:49:26.363 5102 5102 E ArmVmp : Match on catch block at 0xc3 in for 0xa9
02-22 23:49:26.368 5102 5102 E ArmVmp : Match on catch block at 0xc3 in for 0xa1
02-22 23:49:26.379 5102 5102 E ArmVmp : Match on catch block at 0xc3 in for 0xa1
02-22 23:49:26.385 5102 5102 E ArmVmp : Match on catch block at 0xc3 in for 0xa5
02-22 23:49:26.396 5102 5102 E ArmVmp : Match on catch block at 0xc3 in for 0xa5
02-22 23:49:26.401 5102 5102 E ArmVmp : Match on catch block at 0xc3 in for 0xa9
02-22 23:49:26.413 5102 5102 E ArmVmp : Match on catch block at 0xc3 in for 0xa9
02-22 23:49:26.417 5102 5102 E ArmVmp : Match on catch block at 0xc3 in for 0xa1
02-22 23:49:26.430 5102 5102 E ArmVmp : Match on catch block at 0xc3 in for 0xa1
02-22 23:49:26.435 5102 5102 E ArmVmp : Match on catch block at 0xc3 in for 0xa5
02-22 23:49:26.564 5102 5102 E ArmVmp : Match on catch block at 0xc3 in for 0xa5
02-22 23:49:26.570 5102 5102 E ArmVmp : Match on catch block at 0xc3 in for 0xa9
02-22 23:49:26.981 5102 5102 E ArmVmp : Match on catch block at 0xc3 in for 0xa1
02-22 23:49:26.989 5102 5102 E ArmVmp : Match on catch block at 0xc3 in for 0xa5
02-22 23:49:27.086 5102 5102 E ArmVmp : Match on catch block at 0xc3 in for 0xa5
02-22 23:49:27.096 5102 5102 E ArmVmp : Match on catch block at 0xc3 in for 0xa9
02-22 23:49:27.252 5102 5102 E ArmVmp : Match on catch block at 0xc3 in for 0xa9
02-22 23:49:27.264 5102 5102 E ArmVmp : Match on catch block at 0xc3 in for 0xa1
02-22 23:49:27.283 5102 5102 E ArmVmp : Match on catch block at 0xc3 in for 0xa1
02-22 23:49:27.290 5102 5102 E ArmVmp : Match on catch block at 0xc3 in for 0xa5
02-22 23:49:27.301 5102 5102 E ArmVmp : Match on catch block at 0xc3 in for 0xa5
02-22 23:49:27.309 5102 5102 E ArmVmp : Match on catch block at 0xc3 in for 0xa9
02-22 23:49:27.318 5102 5102 E ArmVmp : Match on catch block at 0xc3 in for 0xa9
02-22 23:49:27.326 5102 5102 E ArmVmp : Match on catch block at 0xc3 in for 0xa1
02-22 23:49:27.331 5102 5102 E ArmVmp : Match on catch block at 0xc3 in for 0xa1
02-22 23:49:27.336 5102 5102 E ArmVmp : Match on catch block at 0xc3 in for 0xa5
02-22 23:49:27.347 5102 5102 E ArmVmp : Match on catch block at 0xc3 in for 0xa5
02-22 23:49:27.351 5102 5102 E ArmVmp : Match on catch block at 0xc3 in for 0xa9
02-22 23:49:27.364 5102 5102 E ArmVmp : Match on catch block at 0xc3 in for 0xa9
02-22 23:49:27.370 5102 5102 E ArmVmp : Match on catch block at 0xc3 in for 0xa1
02-22 23:49:27.381 5102 5102 E ArmVmp : Match on catch block at 0xc3 in for 0xa1
02-22 23:49:27.386 5102 5102 E ArmVmp : Match on catch block at 0xc3 in for 0xa5
02-22 23:49:27.398 5102 5102 E ArmVmp : Match on catch block at 0xc3 in for 0xa5
02-22 23:49:27.403 5102 5102 E ArmVmp : Match on catch block at 0xc3 in for 0xa9
02-22 23:49:27.413 5102 5102 E ArmVmp : Match on catch block at 0xc3 in for 0xa9
02-22 23:49:27.417 5102 5102 E ArmVmp : Match on catch block at 0xc3 in for 0xa1
02-22 23:49:27.431 5102 5102 E ArmVmp : Match on catch block at 0xc3 in for 0xa1
02-22 23:49:27.435 5102 5102 E ArmVmp : Match on catch block at 0xc3 in for 0xa5
02-22 23:49:27.447 5102 5102 E ArmVmp : Match on catch block at 0xc3 in for 0xa5
02-22 23:49:27.451 5102 5102 E ArmVmp : Match on catch block at 0xc3 in for 0xa9
02-22 23:49:27.464 5102 5102 E ArmVmp : Match on catch block at 0xc3 in for 0xa9
02-22 23:49:27.468 5102 5102 E ArmVmp : Match on catch block at 0xc3 in for 0xa1
02-22 23:49:27.481 5102 5102 E ArmVmp : Match on catch block at 0xc3 in for 0xa1
02-22 23:49:27.485 5102 5102 E ArmVmp : Match on catch block at 0xc3 in for 0xa5
02-22 23:49:27.497 5102 5102 E ArmVmp : Match on catch block at 0xc3 in for 0xa5
02-22 23:49:27.501 5102 5102 E ArmVmp : Match on catch block at 0xc3 in for 0xa9
02-22 23:49:27.581 5102 5102 E ArmVmp : Match on catch block at 0xc3 in for 0xa9
02-22 23:49:27.586 5102 5102 E ArmVmp : Match on catch block at 0xc3 in for 0xa1
02-22 23:49:27.983 5102 5102 E ArmVmp : Match on catch block at 0xc3 in for 0xa5
02-22 23:49:27.989 5102 5102 E ArmVmp : Match on catch block at 0xc3 in for 0xa9
02-22 23:49:28.081 5102 5102 E ArmVmp : Match on catch block at 0xc3 in for 0xa9
02-22 23:49:28.087 5102 5102 E ArmVmp : Match on catch block at 0xc3 in for 0xa1
02-22 23:49:28.586 5102 5102 E ArmVmp : Match on catch block at 0xc3 in for 0xa5
02-22 23:49:28.596 5102 5102 E ArmVmp : Match on catch block at 0xc3 in for 0xa9
02-22 23:49:28.988 5102 5102 E ArmVmp : Match on catch block at 0xc3 in for 0xa1
02-22 23:49:28.998 5102 5102 E ArmVmp : Match on catch block at 0xc3 in for 0xa5
02-22 23:49:29.086 5102 5102 E ArmVmp : Match on catch block at 0xc3 in for 0xa5
02-22 23:49:29.096 5102 5102 E ArmVmp : Match on catch block at 0xc3 in for 0xa9
02-22 23:49:29.587 5102 5102 E ArmVmp : Match on catch block at 0xc3 in for 0xa9
02-22 23:49:29.598 5102 5102 E ArmVmp : Match on catch block at 0xc3 in for 0xa1
02-22 23:49:29.990 5102 5102 E ArmVmp : Match on catch block at 0xc3 in for 0xa5
02-22 23:49:30.003 5102 5102 E ArmVmp : Match on catch block at 0xc3 in for 0xa9
02-22 23:49:30.088 5102 5102 E ArmVmp : Match on catch block at 0xc3 in for 0xa9
02-22 23:49:30.100 5102 5102 E ArmVmp : Match on catch block at 0xc3 in for 0xa1
02-22 23:49:30.586 5102 5102 E ArmVmp : Match on catch block at 0xc3 in for 0xa1
02-22 23:49:30.593 5102 5102 E ArmVmp : Match on catch block at 0xc3 in for 0xa5
02-22 23:49:31.005 5102 5102 E ArmVmp : Match on catch block at 0xc3 in for 0xa9
02-22 23:49:31.015 5102 5102 E ArmVmp : Match on catch block at 0xc3 in for 0xa1
02-22 23:49:31.087 5102 5102 E ArmVmp : Match on catch block at 0xc3 in for 0xa1
02-22 23:49:31.098 5102 5102 E ArmVmp : Match on catch block at 0xc3 in for 0xa5
02-22 23:49:31.587 5102 5102 E ArmVmp : Match on catch block at 0xc3 in for 0xa5
02-22 23:49:31.599 5102 5102 E ArmVmp : Match on catch block at 0xc3 in for 0xa9
02-22 23:49:32.006 5102 5102 E ArmVmp : Match on catch block at 0xc3 in for 0xa1
02-22 23:49:32.017 5102 5102 E ArmVmp : Match on catch block at 0xc3 in for 0xa5
02-22 23:49:32.087 5102 5102 E ArmVmp : Match on catch block at 0xc3 in for 0xa5
02-22 23:49:32.099 5102 5102 E ArmVmp : Match on catch block at 0xc3 in for 0xa9
02-22 23:49:32.587 5102 5102 E ArmVmp : Match on catch block at 0xc3 in for 0xa9
02-22 23:49:32.591 5102 5102 E ArmVmp : Match on catch block at 0xc3 in for 0xa1
02-22 23:49:33.006 5102 5102 E ArmVmp : Match on catch block at 0xc3 in for 0xa5
02-22 23:49:33.018 5102 5102 E ArmVmp : Match on catch block at 0xc3 in for 0xa9
02-22 23:49:33.083 5102 5102 E ArmVmp : Match on catch block at 0xc3 in for 0xa9
02-22 23:49:33.087 5102 5102 E ArmVmp : Match on catch block at 0xc3 in for 0xa1
02-22 23:49:33.587 5102 5102 E ArmVmp : Match on catch block at 0xc3 in for 0xa1
02-22 23:49:33.596 5102 5102 E ArmVmp : Match on catch block at 0xc3 in for 0xa5
02-22 23:49:34.005 5102 5102 E ArmVmp : Match on catch block at 0xc3 in for 0xa9
02-22 23:49:34.015 5102 5102 E ArmVmp : Match on catch block at 0xc3 in for 0xa1
02-22 23:49:34.087 5102 5102 E ArmVmp : Match on catch block at 0xc3 in for 0xa9
02-22 23:49:34.097 5102 5102 E ArmVmp : Match on catch block at 0xc3 in for 0xa1
02-22 23:49:34.605 5102 5102 E ArmVmp : Match on catch block at 0xc3 in for 0xa1
02-22 23:49:34.615 5102 5102 E ArmVmp : Match on catch block at 0xc3 in for 0xa5
02-22 23:49:35.006 5102 5102 E ArmVmp : Match on catch block at 0xc3 in for 0xa9
02-22 23:49:35.018 5102 5102 E ArmVmp : Match on catch block at 0xc3 in for 0xa1
02-22 23:49:35.104 5102 5102 E ArmVmp : Match on catch block at 0xc3 in for 0xa1
02-22 23:49:35.116 5102 5102 E ArmVmp : Match on catch block at 0xc3 in for 0xa5
02-22 23:49:35.603 5102 5102 E ArmVmp : Match on catch block at 0xc3 in for 0xa5
02-22 23:49:35.613 5102 5102 E ArmVmp : Match on catch block at 0xc3 in for 0xa9
02-22 23:49:36.006 5102 5102 E ArmVmp : Match on catch block at 0xc3 in for 0xa1
02-22 23:49:36.016 5102 5102 E ArmVmp : Match on catch block at 0xc3 in for 0xa5
02-22 23:49:36.105 5102 5102 E ArmVmp : Match on catch block at 0xc3 in for 0xa5
02-22 23:49:36.115 5102 5102 E ArmVmp : Match on catch block at 0xc3 in for 0xa9
02-22 23:49:36.602 5102 5102 E ArmVmp : Match on catch block at 0xc3 in for 0xa9
02-22 23:49:36.607 5102 5102 E ArmVmp : Match on catch block at 0xc3 in for 0xa1
02-22 23:49:37.026 5102 5102 E ArmVmp : Match on catch block at 0xc3 in for 0xa5
02-22 23:49:37.037 5102 5102 E ArmVmp : Match on catch block at 0xc3 in for 0xa9
02-22 23:49:37.106 5102 5102 E ArmVmp : Match on catch block at 0xc3 in for 0xa9
02-22 23:49:37.116 5102 5102 E ArmVmp : Match on catch block at 0xc3 in for 0xa1
02-22 23:49:37.606 5102 5102 E ArmVmp : Match on catch block at 0xc3 in for 0xa1
02-22 23:49:37.617 5102 5102 E ArmVmp : Match on catch block at 0xc3 in for 0xa5
02-22 23:49:38.019 5102 5102 E ArmVmp : Match on catch block at 0xc3 in for 0xa9
02-22 23:49:38.025 5102 5102 E ArmVmp : Match on catch block at 0xc3 in for 0xa1
02-22 23:49:38.099 5102 5102 E ArmVmp : Match on catch block at 0xc3 in for 0xa1
02-22 23:49:38.102 5102 5102 E ArmVmp : Match on catch block at 0xc3 in for 0xa5
02-22 23:49:38.268 5102 5102 E ArmVmp : Match on catch block at 0xc3 in for 0xa1
02-22 23:49:38.270 5102 5102 E ArmVmp : Match on catch block at 0xc3 in for 0xa5
02-22 23:49:38.296 5102 5102 E ArmVmp : Match on catch block at 0xc3 in for 0xa1
02-22 23:49:38.299 5102 5102 E ArmVmp : Match on catch block at 0xc3 in for 0xa5
02-22 23:49:38.333 5102 5102 E ArmVmp : Match on catch block at 0xc3 in for 0xa1
02-22 23:49:38.335 5102 5102 E ArmVmp : Match on catch block at 0xc3 in for 0xa5
02-22 23:49:38.488 5102 5102 E ArmVmp : Match on catch block at 0xc3 in for 0xa9
02-22 23:49:38.490 5102 5102 E ArmVmp : Match on catch block at 0xc3 in for 0xa1
02-22 23:49:39.939 5102 5102 E ArmVmp : Match on catch block at 0xb0 in for 0xe5
02-22 23:49:39.943 5102 5102 E ArmVmp : Match on catch block at 0xb0 in for 0xe9
02-22 23:49:39.962 5102 5102 E ArmVmp : Match on catch block at 0x0a in for 0xc9
02-22 23:49:39.963 5102 5102 E ArmVmp : Match on catch block at 0x0a in for 0xc5
02-22 23:49:40.064 5102 5102 E ArmVmp : Match on catch block at 0xc3 in for 0xb1
02-22 23:49:40.066 5102 5102 E ArmVmp : Match on catch block at 0xc3 in for 0xb1
02-22 23:49:40.109 5102 5102 E ArmVmp : Match on catch block at 0xc3 in for 0xa5
02-22 23:49:40.111 5102 5102 E ArmVmp : Match on catch block at 0xc3 in for 0xa9
02-22 23:49:40.143 5102 5102 E ArmVmp : Match on catch block at 0xc3 in for 0xa9
02-22 23:49:40.145 5102 5102 E ArmVmp : Match on catch block at 0xc3 in for 0xa1
02-22 23:49:40.186 5102 5102 E ArmVmp : Match on catch block at 0xc3 in for 0xa5
02-22 23:49:40.188 5102 5102 E ArmVmp : Match on catch block at 0xc3 in for 0xa9
02-22 23:49:40.199 5102 5102 E ArmVmp : Match on catch block at 0xc3 in for 0xa9
02-22 23:49:40.202 5102 5102 E ArmVmp : Match on catch block at 0xc3 in for 0xa1
02-22 23:49:40.216 5102 5102 E ArmVmp : Match on catch block at 0xc3 in for 0xa1
02-22 23:49:40.217 5102 5102 E ArmVmp : Match on catch block at 0xc3 in for 0xa5
02-22 23:49:40.685 5102 5102 E ArmVmp : Match on catch block at 0xc3 in for 0xa5
02-22 23:49:40.692 5102 5102 E ArmVmp : Match on catch block at 0xc3 in for 0xa9
02-22 23:49:40.818 5102 5102 E ArmVmp : Match on catch block at 0xc3 in for 0xa9
02-22 23:49:40.823 5102 5102 E ArmVmp : Match on catch block at 0xc3 in for 0xa1
02-22 23:49:40.835 5102 5102 E ArmVmp : Match on catch block at 0xc3 in for 0xa1
02-22 23:49:40.840 5102 5102 E ArmVmp : Match on catch block at 0xc3 in for 0xa5
02-22 23:49:40.852 5102 5102 E ArmVmp : Match on catch block at 0xc3 in for 0xa5
02-22 23:49:40.856 5102 5102 E ArmVmp : Match on catch block at 0xc3 in for 0xa9
02-22 23:49:40.867 5102 5102 E ArmVmp : Match on catch block at 0xc3 in for 0xa9
02-22 23:49:40.872 5102 5102 E ArmVmp : Match on catch block at 0xc3 in for 0xa1
02-22 23:49:40.884 5102 5102 E ArmVmp : Match on catch block at 0xc3 in for 0xa9
02-22 23:49:40.889 5102 5102 E ArmVmp : Match on catch block at 0xc3 in for 0xa1
02-22 23:49:40.901 5102 5102 E ArmVmp : Match on catch block at 0xc3 in for 0xa1
02-22 23:49:40.905 5102 5102 E ArmVmp : Match on catch block at 0xc3 in for 0xa5
02-22 23:49:40.918 5102 5102 E ArmVmp : Match on catch block at 0xc3 in for 0xa5
02-22 23:49:40.923 5102 5102 E ArmVmp : Match on catch block at 0xc3 in for 0xa9
02-22 23:49:40.936 5102 5102 E ArmVmp : Match on catch block at 0xc3 in for 0xa1
02-22 23:49:40.940 5102 5102 E ArmVmp : Match on catch block at 0xc3 in for 0xa5
02-22 23:49:40.952 5102 5102 E ArmVmp : Match on catch block at 0xc3 in for 0xa9
02-22 23:49:40.956 5102 5102 E ArmVmp : Match on catch block at 0xc3 in for 0xa1
02-22 23:49:40.969 5102 5102 E ArmVmp : Match on catch block at 0xc3 in for 0xa5
02-22 23:49:40.974 5102 5102 E ArmVmp : Match on catch block at 0xc3 in for 0xa9
02-22 23:49:40.985 5102 5102 E ArmVmp : Match on catch block at 0xc3 in for 0xa5
02-22 23:49:40.988 5102 5102 E ArmVmp : Match on catch block at 0xc3 in for 0xa9
02-22 23:49:41.013 5102 5102 E ArmVmp : Match on catch block at 0xc3 in for 0xa9
02-22 23:49:41.015 5102 5102 E ArmVmp : Match on catch block at 0xc3 in for 0xa1
