02-22 21:29:25.924 21185 21185 W Looper : PerfMonitor looperActivity : package=com.whatsapp/mbmodsd.mbmodsw.mbsettings.yo.PauseActivity time=30ms latency=985ms running=10ms procState=2 ClientTransaction{ callbacks=[android.app.servertransaction.LaunchActivityItem] lifecycleRequest=android.app.servertransaction.ResumeActivityItem } historyMsgCount=60 (msgIndex=1 wall=1402ms seq=467 running=1109ms runnable=74ms io=73ms late=24ms h=android.view.Choreographer$FrameHandler c=android.view.Choreographer$FrameDisplayEventReceiver) (msgIndex=7 wall=88ms seq=473 running=73ms runnable=2ms io=2ms late=1402ms h=android.view.Choreographer$FrameHandler c=android.view.Choreographer$FrameDisplayEventReceiver)
02-22 21:29:25.924 21185 21185 W Looper : PerfMonitor looperActivity : package=com.whatsapp/mbmodsd.mbmodsw.mbsettings.yo.PauseActivity time=0ms latency=1016ms running=0ms procState=2 ClientTransaction{ callbacks=[android.app.servertransaction.TopResumedActivityChang eItem] } historyMsgCount=61 (msgIndex=1 wall=1402ms seq=467 running=1109ms runnable=74ms io=73ms late=24ms h=android.view.Choreographer$FrameHandler c=android.view.Choreographer$FrameDisplayEventReceiver) (msgIndex=7 wall=88ms seq=473 running=73ms runnable=2ms io=2ms late=1402ms h=android.view.Choreographer$FrameHandler c=android.view.Choreographer$FrameDisplayEventReceiver)
02-22 21:29:28.317 21185 21185 W Activity: Slow Operation: Activity com.whatsapp/.Conversation onCreate took 516ms
02-22 21:29:28.409 21185 21185 W Looper : PerfMonitor looperActivity : package=com.whatsapp/.Conversation time=0ms latency=626ms running=0ms procState=2 ClientTransaction{ callbacks=[android.app.servertransaction.TopResumedActivityChang eItem] } historyMsgCount=4 (msgIndex=4 wall=620ms seq=906 running=445ms io=69ms late=6ms h=android.app.ActivityThread$H w=159)
02-22 21:29:28.818 21185 21185 W Looper : PerfMonitor doFrame : time=409ms vsyncFrame=0 latency=608ms procState=2 historyMsgCount=2 (msgIndex=1 wall=620ms seq=906 running=445ms io=69ms late=6ms h=android.app.ActivityThread$H w=159)
02-22 21:29:28.863 21185 21185 W Looper : PerfMonitor doFrame : time=24ms vsyncFrame=0 latency=421ms procState=2 historyMsgCount=42 (msgIndex=1 wall=409ms seq=908 running=323ms io=12ms late=608ms h=android.view.Choreographer$FrameHandler c=android.view.Choreographer$FrameDisplayEventReceiver) --------- beginning of main
02-22 21:30:49.137 25999 25999 E com.whatsapp: Unknown bits set in runtime_flags: 0x800000
02-22 21:30:49.148 25999 25999 E com.whatsapp: Not starting debugger since process cannot load the jdwp agent.
02-22 21:30:49.458 25999 25999 W ResourceType: CREATING STRING CACHE OF 192 bytes
02-22 21:30:49.520 25999 25999 W System.err: java.lang.ClassNotFoundException: mbmodsd.mbmodsw.ui.views.btn.BtnBK
02-22 21:30:49.540 25999 25999 W System.err: at java.lang.Runtime.nativeLoad(Native Method)
02-22 21:30:49.540 25999 25999 W System.err: at java.lang.Runtime.nativeLoad(Runtime.java:1131)
02-22 21:30:49.540 25999 25999 W System.err: at java.lang.Runtime.loadLibrary0(Runtime.java:1085)
02-22 21:30:49.540 25999 25999 W System.err: at java.lang.Runtime.loadLibrary0(Runtime.java:1008)
02-22 21:30:49.540 25999 25999 W System.err: at java.lang.System.loadLibrary(System.java:1664)
02-22 21:30:49.540 25999 25999 W System.err: at arm.EpicVm.<clinit>(Unknown Source:2)
02-22 21:30:49.540 25999 25999 W System.err: at java.lang.Class.newInstance(Native Method)
02-22 21:30:49.540 25999 25999 W System.err: at android.app.AppComponentFactory.instantiateApplication(AppComponentFactory.java:76)
02-22 21:30:49.540 25999 25999 W System.err: at androidx.core.app.CoreComponentFactory.instantiateApplication(Unknown Source:0)
02-22 21:30:49.541 25999 25999 W System.err: at android.app.Instrumentation.newApplication(Instrumentation.java:1158)
02-22 21:30:49.541 25999 25999 W System.err: at android.app.LoadedApk.makeApplication(LoadedApk.java:1240)
02-22 21:30:49.541 25999 25999 W System.err: at android.app.ActivityThread.handleBindApplication(ActivityThread.java:6928)
02-22 21:30:49.541 25999 25999 W System.err: at android.app.ActivityThread.access$1500(ActivityThread.java:255)
02-22 21:30:49.541 25999 25999 W System.err: at android.app.ActivityThread$H.handleMessage(ActivityThread.java:1978)
02-22 21:30:49.541 25999 25999 W System.err: at android.os.Handler.dispatchMessage(Handler.java:106)
02-22 21:30:49.541 25999 25999 W System.err: at android.os.Looper.loop(Looper.java:236)
02-22 21:30:49.541 25999 25999 W System.err: at android.app.ActivityThread.main(ActivityThread.java:8019)
02-22 21:30:49.541 25999 25999 W System.err: at java.lang.reflect.Method.invoke(Native Method)
02-22 21:30:49.541 25999 25999 W System.err: at com.android.internal.os.RuntimeInit$MethodAndArgsCaller.run(RuntimeInit.java:600)
02-22 21:30:49.541 25999 25999 W System.err: at com.android.internal.os.ZygoteInit.main(ZygoteInit.java:967)
02-22 21:30:49.580 25999 25999 E CustomActivityOnCrash: IMPORTANT WARNING! You already have an UncaughtExceptionHandler, are you sure this is correct? If you use a custom UncaughtExceptionHandler, you must initialize it AFTER CustomActivityOnCrash! Installing anyway, but your original handler will not be called.
02-22 21:30:49.822 25999 26022 E libc : Access denied finding property "ro.vendor.df.effect.conflict"
02-22 21:30:49.822 25999 26022 E libc : Access denied finding property "ro.vendor.knock.type"
02-22 21:30:49.899 25999 26022 W LibraryVersion: Failed to get app version for libraryName: firebase-iid
02-22 21:30:50.268 25999 25999 W com.whatsapp: Accessing hidden method Lcom/android/org/conscrypt/OpenSSLSocketImpl;->setUseSessionTickets(Z)V (greylist- max-q,test-api, reflection, denied)
02-22 21:30:50.268 25999 25999 W com.whatsapp: Accessing hidden method Lcom/android/org/conscrypt/AbstractConscryptSocket;->setUseSessionTickets(Z)V (greylist-max-q, reflection, denied)
02-22 21:30:50.332 25999 25999 W linker : Warning: "/data/data/com.whatsapp/files/decompressed/libs.spk.zst/libc++_shared.so" unused DT entry: unknown processor-specific (type 0x70000001 arg 0x0) (ignoring)
02-22 21:30:50.595 25999 26072 W com.whatsapp: Class X.2rL failed lock verification and will run slower.
02-22 21:30:50.595 25999 26072 W com.whatsapp: Common causes for lock verification issues are non-optimized dex code
02-22 21:30:50.595 25999 26072 W com.whatsapp: and incorrect proguard optimizations.
02-22 21:30:50.606 25999 25999 W Looper : PerfMonitor longMsg : seq=2 plan=21:30:49.177 late=27ms wall=1362ms running=495ms runnable=84ms io=411ms h=android.app.ActivityThread$H w=110 procState=2
02-22 21:30:50.669 25999 25999 W com.whatsapp: Class X.0eU failed lock verification and will run slower.
02-22 21:30:50.922 25999 25999 W com.whatsapp: Verification of void X.5pH.A1Z(android.os.Bundle) took 141.667ms (71526.53 bytecodes/s) (247928B approximate peak alloc)
02-22 21:30:51.234 25999 26140 E linker : library "" ("/apex/com.android.vndk.v30/lib64") needed or dlopened by "/apex/com.android.vndk.v30/lib64/libRS_internal.so" is not accessible for the namespace: [name="rs", ld_library_paths="", default_library_paths="/apex/com.android.vndk.v30/lib64:/vendor/lib64", permitted_paths="/odm/lib64:/vendor/lib64:/system/vendor/lib64:/data"]
02-22 21:30:51.235 25999 26140 E RenderScript: Failed loading RS driver: dlopen failed: library "" needed or dlopened by "/apex/com.android.vndk.v30/lib64/libRS_internal.so" is not accessible for the namespace "rs"
02-22 21:30:51.235 25999 26140 E RenderScript: Failed to load runtime , loading default
02-22 21:30:51.734 25999 26153 W LOTTIE : Unknown shape type rd
02-22 21:30:51.763 25999 25999 E ArmVmp : Match on catch block at 0xb0 in for 0xe1
02-22 21:30:51.770 25999 25999 E ArmVmp : Match on catch block at 0xb0 in for 0xe5
02-22 21:30:51.831 25999 25999 W Activity: Slow Operation: Activity com.whatsapp/.Conversation onCreate took 1137ms
02-22 21:30:51.933 25999 25999 E ArmVmp : Match on catch block at 0x0a in for 0xc1
02-22 21:30:51.938 25999 25999 E ArmVmp : Match on catch block at 0x0a in for 0xc5
02-22 21:30:51.979 25999 25999 W Activity: Slow Operation: Activity com.whatsapp/.Conversation onStart took 142ms
02-22 21:30:52.069 25999 25999 W Looper : PerfMonitor longMsg : seq=3 plan=21:30:49.222 late=1384ms wall=1463ms running=964ms runnable=74ms io=225ms h=android.app.ActivityThread$H w=159 procState=2
02-22 21:30:52.070 25999 25999 W Looper : PerfMonitor looperActivity : package=com.whatsapp/.Conversation time=1463ms latency=1384ms running=964ms procState=2 ClientTransaction{ callbacks=[android.app.servertransaction.LaunchActivityItem] lifecycleRequest=android.app.servertransaction.ResumeActivityItem } historyMsgCount=1 (msgIndex=1 wall=1362ms seq=2 running=495ms runnable=84ms io=411ms late=27ms h=android.app.ActivityThread$H w=110)
02-22 21:30:52.070 25999 25999 W Looper : PerfMonitor looperActivity : package=com.whatsapp/.Conversation time=0ms latency=2842ms running=0ms procState=2 ClientTransaction{ callbacks=[android.app.servertransaction.TopResumedActivityChang eItem] } historyMsgCount=2 (msgIndex=1 wall=1362ms seq=2 running=495ms runnable=84ms io=411ms late=27ms h=android.app.ActivityThread$H w=110) (msgIndex=2 wall=1463ms seq=3 running=964ms runnable=74ms io=225ms late=1384ms h=android.app.ActivityThread$H w=159)
02-22 21:30:52.988 25999 25999 W View : requestLayout() improperly called by X.4rh{1e12fcb V.E....L. ......ID 0,913-1080,1715} during layout: running second layout pass
02-22 21:30:52.989 25999 25999 W View : requestLayout() improperly called by android.widget.LinearLayout{b7363a8 V.E...... ......ID 35,12-813,790 #7f0b0e50 app:id/main_layout} during layout: running second layout pass
02-22 21:30:52.989 25999 25999 W View : requestLayout() improperly called by com.whatsapp.WaImageView{46ecec1 VFED..CL. ......ID 0,0-374,374 #7f0b19fb app:id/thumb} during layout: running second layout pass
02-22 21:30:52.989 25999 25999 W View : requestLayout() improperly called by com.whatsapp.WaImageView{730666 VFED..CL. ......ID 0,0-374,374 #7f0b19fb app:id/thumb} during layout: running second layout pass
02-22 21:30:52.989 25999 25999 W View : requestLayout() improperly called by com.whatsapp.WaImageView{5d0fda7 VFED..CL. ......ID 0,0-374,374 #7f0b19fb app:id/thumb} during layout: running second layout pass
02-22 21:30:52.989 25999 25999 W View : requestLayout() improperly called by com.whatsapp.WaImageView{d6f1254 VFED..CL. ......ID 0,0-374,374 #7f0b19fb app:id/thumb} during layout: running second layout pass
02-22 21:30:53.027 25999 25999 E ArmVmp : Match on catch block at 0xc3 in for 0xb9
02-22 21:30:53.085 25999 25999 E ArmVmp : Match on catch block at 0xc3 in for 0xb9
02-22 21:30:53.259 25999 25999 W Looper : PerfMonitor longMsg : seq=56 plan=21:30:52.061 late=59ms wall=1138ms running=578ms runnable=161ms io=114ms reclaim=6ms h=android.view.Choreographer$FrameHandler c=android.view.Choreographer$FrameDisplayEventReceiver procState=2
02-22 21:30:53.260 25999 25999 W Looper : PerfMonitor doFrame : time=1138ms vsyncFrame=0 latency=59ms procState=2 historyMsgCount=53 (msgIndex=1 wall=1463ms seq=3 running=964ms runnable=74ms io=225ms late=1384ms h=android.app.ActivityThread$H w=159)
02-22 21:30:53.425 25999 25999 E ArmVmp : Match on catch block at 0xc3 in for 0xa9
02-22 21:30:53.435 25999 25999 E ArmVmp : Match on catch block at 0xc3 in for 0xa5
02-22 21:30:53.447 25999 25999 W Looper : PerfMonitor doFrame : time=75ms vsyncFrame=0 latency=1227ms procState=2 historyMsgCount=11 (msgIndex=1 wall=1138ms seq=56 running=578ms runnable=161ms io=114ms reclaim=6ms late=59ms h=android.view.Choreographer$FrameHandler c=android.view.Choreographer$FrameDisplayEventReceiver) (msgIndex=9 wall=54ms seq=64 running=36ms runnable=3ms io=11ms late=1138ms h=android.view.ViewRootImpl$ViewRootHandler c=X.0jO)
02-22 21:30:53.490 25999 25999 W View : requestLayout() improperly called by X.4rh{1e12fcb V.E....L. ......ID 0,913-1080,1715} during second layout pass: posting in next frame
02-22 21:30:53.490 25999 25999 W View : requestLayout() improperly called by android.widget.LinearLayout{b7363a8 V.E...... ......ID 35,12-813,790 #7f0b0e50 app:id/main_layout} during second layout pass: posting in next frame
02-22 21:30:53.525 25999 25999 E ArmVmp : Match on catch block at 0xc3 in for 0xa9
02-22 21:30:53.535 25999 25999 E ArmVmp : Match on catch block at 0xc3 in for 0xa1
02-22 21:30:53.578 25999 25999 E ArmVmp : Match on catch block at 0xc3 in for 0xa5
02-22 21:30:53.594 25999 25999 E ArmVmp : Match on catch block at 0xc3 in for 0xa9
02-22 21:30:53.607 25999 25999 E ArmVmp : Match on catch block at 0xc3 in for 0xa9
02-22 21:30:53.620 25999 25999 E ArmVmp : Match on catch block at 0xc3 in for 0xa1
02-22 21:30:53.647 25999 25999 E ArmVmp : Match on catch block at 0xc3 in for 0xa1
02-22 21:30:53.657 25999 25999 E ArmVmp : Match on catch block at 0xc3 in for 0xa5
02-22 21:30:53.687 25999 25999 E ArmVmp : Match on catch block at 0xc3 in for 0xa5
02-22 21:30:53.693 25999 25999 E ArmVmp : Match on catch block at 0xc3 in for 0xa9
02-22 21:30:53.717 25999 25999 E ArmVmp : Match on catch block at 0xc3 in for 0xa9
02-22 21:30:53.722 25999 25999 E ArmVmp : Match on catch block at 0xc3 in for 0xa1
02-22 21:30:53.735 25999 25999 E ArmVmp : Match on catch block at 0xc3 in for 0xa1
02-22 21:30:53.739 25999 25999 E ArmVmp : Match on catch block at 0xc3 in for 0xa5
02-22 21:30:53.750 25999 25999 E ArmVmp : Match on catch block at 0xc3 in for 0xa5
02-22 21:30:53.756 25999 25999 E ArmVmp : Match on catch block at 0xc3 in for 0xa9
02-22 21:30:53.769 25999 25999 E ArmVmp : Match on catch block at 0xc3 in for 0xa9
02-22 21:30:53.774 25999 25999 E ArmVmp : Match on catch block at 0xc3 in for 0xa1
02-22 21:30:53.784 25999 25999 E ArmVmp : Match on catch block at 0xc3 in for 0xa1
02-22 21:30:53.793 25999 25999 E ArmVmp : Match on catch block at 0xc3 in for 0xa5
02-22 21:30:53.981 25999 25999 E ArmVmp : Match on catch block at 0xc3 in for 0xa1
02-22 21:30:53.986 25999 25999 E ArmVmp : Match on catch block at 0xc3 in for 0xa5
02-22 21:30:54.514 25999 25999 E ArmVmp : Match on catch block at 0xc3 in for 0xa5
02-22 21:30:54.518 25999 25999 E ArmVmp : Match on catch block at 0xc3 in for 0xa9
02-22 21:30:54.982 25999 26289 W com.whatsapp: Long monitor contention with owner WhatsApp Worker #1 (26072) at android.database.sqlite.SQLiteConnection android.database.sqlite.SQLiteConnectionPool.waitForConnection(java.lang.String, int, android.os.CancellationSignal)(SQLiteConnectionPool.java:702) waiters=1 in android.database.sqlite.SQLiteConnection android.database.sqlite.SQLiteConnectionPool.waitForConnection(java.lang.String, int, android.os.CancellationSignal) for 306ms
02-22 21:30:55.014 25999 25999 E ArmVmp : Match on catch block at 0xc3 in for 0xa5
02-22 21:30:55.027 25999 25999 E ArmVmp : Match on catch block at 0xc3 in for 0xa9
02-22 21:30:55.329 25999 25999 E ArmVmp : Match on catch block at 0xc3 in for 0xa1
02-22 21:30:55.338 25999 25999 E ArmVmp : Match on catch block at 0xc3 in for 0xa5
02-22 21:30:55.348 25999 25999 E ArmVmp : Match on catch block at 0xc3 in for 0xa1
02-22 21:30:55.354 25999 25999 E ArmVmp : Match on catch block at 0xc3 in for 0xa5
02-22 21:30:55.364 25999 25999 E ArmVmp : Match on catch block at 0xc3 in for 0xa1
02-22 21:30:55.368 25999 25999 E ArmVmp : Match on catch block at 0xc3 in for 0xa5
02-22 21:30:55.450 25999 25999 E ArmVmp : Match on catch block at 0xc3 in for 0xa5
02-22 21:30:55.454 25999 25999 E ArmVmp : Match on catch block at 0xc3 in for 0xa9
02-22 21:30:55.493 25999 26077 E FrameEvents: updateAcquireFence: Did not find frame.
02-22 21:30:55.507 25999 26077 E FrameEvents: updateAcquireFence: Did not find frame.
02-22 21:30:55.558 25999 25999 E ArmVmp : Match on catch block at 0xc3 in for 0xa9
02-22 21:30:55.563 25999 25999 E ArmVmp : Match on catch block at 0xc3 in for 0xa1
02-22 21:30:55.690 25999 25999 E ArmVmp : Match on catch block at 0xc3 in for 0xa5
02-22 21:30:55.695 25999 25999 E ArmVmp : Match on catch block at 0xc3 in for 0xa9
02-22 21:30:55.797 25999 25999 E ArmVmp : Match on catch block at 0xc3 in for 0xa9
02-22 21:30:55.802 25999 25999 E ArmVmp : Match on catch block at 0xc3 in for 0xa1
02-22 21:30:56.031 25999 25999 E ArmVmp : Match on catch block at 0xc3 in for 0xa9
02-22 21:30:56.034 25999 25999 E ArmVmp : Match on catch block at 0xc3 in for 0xa1
02-22 21:30:56.244 25999 26375 W BpBinder: Slow Binder: BpBinder transact took 1327 ms, interface=android.app.IActivityManager, code=22 oneway=false
02-22 21:30:56.617 25999 26375 W BpBinder: Slow Binder: BpBinder transact took 371 ms, interface=android.content.IContentProvider, code=1 oneway=false
02-22 21:30:58.134 25999 26077 E FrameEvents: updateAcquireFence: Did not find frame.
02-22 21:30:58.140 25999 26077 E FrameEvents: updateAcquireFence: Did not find frame.
02-22 21:31:18.805 25999 26077 W RenderInspector: DequeueBuffer time out on com.whatsapp/com.whatsapp.mediaview.MediaViewActivity, count=1, avg=28 ms, max=28 ms.
02-22 21:32:21.804 25999 25999 W Activity: Slow Operation: Activity com.whatsapp/.mediaview.MediaViewActivity onPause took 117ms
02-22 21:32:27.282 25999 26013 W System : A resource failed to call close. --------- beginning of system
02-22 21:33:38.622 25999 25999 W Activity: Slow Operation: Activity com.whatsapp/.Conversation onStart took 154ms
02-22 21:33:38.647 25999 25999 W Looper : PerfMonitor looperActivity : package=com.whatsapp/.mediaview.MediaViewActivity time=18ms latency=350ms running=10ms procState=2 ClientTransaction{ lifecycleRequest=android.app.servertransaction.ResumeActivityIte m } historyMsgCount=7 (msgIndex=6 wall=111ms seq=821 running=47ms io=52ms late=71ms h=android.app.ActivityThread$H w=159) (msgIndex=7 wall=167ms seq=822 running=83ms io=65ms late=183ms h=android.app.ActivityThread$H w=159)
02-22 21:33:39.016 25999 25999 W Looper : PerfMonitor doFrame : time=368ms vsyncFrame=0 latency=315ms procState=2 historyMsgCount=6 (msgIndex=4 wall=111ms seq=821 running=47ms io=52ms late=71ms h=android.app.ActivityThread$H w=159) (msgIndex=5 wall=167ms seq=822 running=83ms io=65ms late=183ms h=android.app.ActivityThread$H w=159)
02-22 21:33:39.265 25999 25999 W Looper : PerfMonitor doFrame : time=117ms vsyncFrame=0 latency=499ms procState=2 historyMsgCount=16 (msgIndex=1 wall=368ms seq=824 running=92ms io=32ms late=315ms h=android.view.Choreographer$FrameHandler c=android.view.Choreographer$FrameDisplayEventReceiver) (msgIndex=10 wall=110ms seq=833 running=54ms io=47ms late=563ms h=X.022 w=1)
02-22 22:07:37.824 25999 25999 W Activity: Slow Operation: Activity com.whatsapp/.mediaview.MediaViewActivity onPause took 226ms
02-22 22:07:55.146 25999 25999 W Activity: Slow Operation: Activity com.whatsapp/.Conversation onStart took 156ms
02-22 22:07:55.178 25999 25999 W Looper : PerfMonitor looperActivity : package=com.whatsapp/.mediaview.MediaViewActivity time=21ms latency=358ms running=12ms procState=2 ClientTransaction{ lifecycleRequest=android.app.servertransaction.ResumeActivityIte m } historyMsgCount=7 (msgIndex=5 wall=110ms seq=15510 running=28ms io=73ms late=73ms h=android.app.ActivityThread$H w=159) (msgIndex=6 wall=175ms seq=15511 running=85ms io=76ms late=183ms h=android.app.ActivityThread$H w=159)
02-22 22:07:55.517 25999 25999 W Looper : PerfMonitor doFrame : time=338ms vsyncFrame=0 latency=335ms procState=2 historyMsgCount=6 (msgIndex=3 wall=110ms seq=15510 running=28ms io=73ms late=73ms h=android.app.ActivityThread$H w=159) (msgIndex=4 wall=175ms seq=15511 running=85ms io=76ms late=183ms h=android.app.ActivityThread$H w=159)
02-22 22:07:55.713 25999 25999 W Looper : PerfMonitor doFrame : time=85ms vsyncFrame=0 latency=435ms procState=2 historyMsgCount=18 (msgIndex=1 wall=338ms seq=15514 running=92ms io=34ms late=335ms h=android.view.Choreographer$FrameHandler c=android.view.Choreographer$FrameDisplayEventReceiver) (msgIndex=11 wall=91ms seq=15524 running=46ms io=37ms late=524ms h=X.022 w=1)
02-22 22:14:03.483 25999 25999 W Looper : PerfMonitor looperActivity : package=com.whatsapp/.HomeActivity time=0ms latency=608ms running=0ms procState=2 ClientTransaction{ callbacks=[android.app.servertransaction.TopResumedActivityChang eItem] } historyMsgCount=2 (msgIndex=2 wall=605ms seq=19135 running=387ms io=86ms late=3ms h=android.app.ActivityThread$H w=159)
02-22 22:14:04.218 25999 25999 W Looper : PerfMonitor doFrame : time=705ms vsyncFrame=0 latency=23ms procState=2 historyMsgCount=30
02-22 22:14:04.258 25999 25999 W Looper : PerfMonitor looperActivity : package=com.whatsapp/mbmodsd.mbmodsw.mbsettings.yo.PauseActivity time=35ms latency=715ms running=9ms procState=2 ClientTransaction{ callbacks=[android.app.servertransaction.LaunchActivityItem] lifecycleRequest=android.app.servertransaction.PauseActivityItem } historyMsgCount=35 (msgIndex=31 wall=705ms seq=19176 running=520ms io=49ms late=23ms h=android.view.Choreographer$FrameHandler c=android.view.Choreographer$FrameDisplayEventReceiver)
02-22 22:14:04.308 25999 25999 W Looper : PerfMonitor doFrame : time=50ms vsyncFrame=0 latency=735ms procState=2 historyMsgCount=8 (msgIndex=1 wall=705ms seq=19176 running=520ms io=49ms late=23ms h=android.view.Choreographer$FrameHandler c=android.view.Choreographer$FrameDisplayEventReceiver)
02-22 22:14:04.336 25999 25999 W Looper : PerfMonitor looperActivity : package=com.whatsapp/mbmodsd.mbmodsw.mbsettings.yo.PauseActivity time=0ms latency=341ms running=0ms procState=2 ClientTransaction{ callbacks=[android.app.servertransaction.TopResumedActivityChang eItem] } historyMsgCount=143 (msgIndex=1 wall=705ms seq=19176 running=520ms io=49ms late=23ms h=android.view.Choreographer$FrameHandler c=android.view.Choreographer$FrameDisplayEventReceiver)
02-22 22:14:04.337 25999 25999 W Looper : PerfMonitor looperActivity : package=com.whatsapp/mbmodsd.mbmodsw.mbsettings.yo.PauseActivity time=0ms latency=335ms running=3ms procState=2 ClientTransaction{ lifecycleRequest=android.app.servertransaction.ResumeActivityIte m } historyMsgCount=146 (msgIndex=1 wall=705ms seq=19176 running=520ms io=49ms late=23ms h=android.view.Choreographer$FrameHandler c=android.view.Choreographer$FrameDisplayEventReceiver)
02-22 22:14:07.816 25999 25999 W Activity: Slow Operation: Activity com.whatsapp/.contact.picker.ContactPicker onStart took 149ms
02-22 22:14:16.710 25999 25999 W Looper : PerfMonitor doFrame : time=89ms vsyncFrame=0 latency=444ms procState=2 historyMsgCount=6 (msgIndex=5 wall=407ms seq=20160 running=47ms io=135ms late=63ms h=android.os.Handler c=X.3g0)
02-22 22:14:16.906 25999 9355 W BpBinder: Slow Binder: BpBinder transact took 845 ms, interface=android.app.IActivityManager, code=22 oneway=false
02-22 22:14:16.943 25999 25999 W Looper : PerfMonitor looperActivity : package=com.whatsapp/.contact.picker.ContactPicker time=0ms latency=405ms running=1ms procState=2 ClientTransaction{ callbacks=[android.app.servertransaction.TopResumedActivityChang eItem] } historyMsgCount=23 (msgIndex=1 wall=407ms seq=20160 running=47ms io=135ms late=63ms h=android.os.Handler c=X.3g0) (msgIndex=3 wall=89ms seq=20162 running=18ms io=44ms late=444ms h=android.view.Choreographer$FrameHandler c=android.view.Choreographer$FrameDisplayEventReceiver) (msgIndex=14 wall=71ms seq=20173 running=4ms io=5ms late=503ms h=android.app.ActivityThread$H c=android.app.-$ $Lambda$LoadedApk$ReceiverDispatcher$Args$_BumDX2UKsnxLVrE6UJsJZkotuA) (msgIndex=22 wall=117ms seq=20181 running=10ms io=28ms late=349ms h=android.os.Handler w=4)
02-22 22:14:16.981 25999 25999 W Looper : PerfMonitor looperActivity : package=com.whatsapp/.contact.picker.ContactPicker time=38ms latency=395ms running=1ms procState=2 ClientTransaction{ lifecycleRequest=android.app.servertransaction.PauseActivityItem } historyMsgCount=24 (msgIndex=1 wall=407ms seq=20160 running=47ms io=135ms late=63ms h=android.os.Handler c=X.3g0) (msgIndex=3 wall=89ms seq=20162 running=18ms io=44ms late=444ms h=android.view.Choreographer$FrameHandler c=android.view.Choreographer$FrameDisplayEventReceiver) (msgIndex=14 wall=71ms seq=20173 running=4ms io=5ms late=503ms h=android.app.ActivityThread$H c=android.app.-$ $Lambda$LoadedApk$ReceiverDispatcher$Args$_BumDX2UKsnxLVrE6UJsJZkotuA) (msgIndex=22 wall=117ms seq=20181 running=10ms io=28ms late=349ms h=android.os.Handler w=4)
02-22 22:14:17.031 25999 25999 W Looper : PerfMonitor doFrame : time=1ms vsyncFrame=0 latency=369ms procState=2 historyMsgCount=30 (msgIndex=1 wall=89ms seq=20162 running=18ms io=44ms late=444ms h=android.view.Choreographer$FrameHandler c=android.view.Choreographer$FrameDisplayEventReceiver) (msgIndex=12 wall=71ms seq=20173 running=4ms io=5ms late=503ms h=android.app.ActivityThread$H c=android.app.-$ $Lambda$LoadedApk$ReceiverDispatcher$Args$_BumDX2UKsnxLVrE6UJsJZkotuA) (msgIndex=20 wall=117ms seq=20181 running=10ms io=28ms late=349ms h=android.os.Handler w=4)
02-22 22:14:17.612 25999 25999 W Activity: Slow Operation: Activity com.whatsapp/.voipcalling.VoipActivityV2 onStart took 183ms
02-22 22:14:17.695 25999 25999 W Looper : PerfMonitor looperActivity : package=com.whatsapp/.voipcalling.VoipActivityV2 time=0ms latency=744ms running=0ms procState=2 ClientTransaction{ callbacks=[android.app.servertransaction.TopResumedActivityChang eItem] } historyMsgCount=26 (msgIndex=26 wall=656ms seq=20209 running=200ms io=315ms late=89ms h=android.app.ActivityThread$H w=159)
02-22 22:14:18.046 25999 25999 W Looper : PerfMonitor doFrame : time=322ms vsyncFrame=0 latency=680ms procState=2 historyMsgCount=11 (msgIndex=1 wall=656ms seq=20209 running=200ms io=315ms late=89ms h=android.app.ActivityThread$H w=159)
02-22 22:14:18.501 25999 25999 W Looper : PerfMonitor doFrame : time=160ms vsyncFrame=0 latency=597ms procState=2 historyMsgCount=46 (msgIndex=1 wall=322ms seq=20220 running=48ms runnable=14ms io=56ms late=680ms h=android.view.Choreographer$FrameHandler c=android.view.Choreographer$FrameDisplayEventReceiver) (msgIndex=33 wall=162ms seq=20252 running=80ms runnable=26ms io=21ms late=578ms h=android.app.Dialog$ListenersHandler w=69)
02-22 22:14:20.814 25999 9405 W BpBinder: Slow Binder: BpBinder transact took 222 ms, interface=android.media.IAudioService, code=40 oneway=false
02-22 22:14:21.308 25999 25999 W Looper : PerfMonitor doFrame : time=4ms vsyncFrame=0 latency=692ms procState=2 historyMsgCount=1 (msgIndex=1 wall=707ms seq=20473 running=15ms runnable=4ms io=57ms late=7ms h=android.os.Handler w=56)
02-22 22:14:30.830 25999 9396 W BpBinder: Slow Binder: BpBinder transact took 369 ms, interface=android.media.IAudioPolicyService, code=35 oneway=false
02-22 22:14:30.961 25999 3103 W BpBinder: Slow Binder: BpBinder transact took 338 ms, interface=android.media.IAudioService, code=40 oneway=false
02-22 22:14:40.555 25999 25999 W Looper : PerfMonitor looperActivity : package=com.whatsapp/.Conversation time=0ms latency=331ms running=0ms procState=2 ClientTransaction{ callbacks=[android.app.servertransaction.TopResumedActivityChang eItem] } historyMsgCount=2 (msgIndex=2 wall=325ms seq=21497 running=221ms io=52ms late=6ms h=android.app.ActivityThread$H w=159)
02-22 22:14:40.887 25999 25999 W Looper : PerfMonitor doFrame : time=321ms vsyncFrame=0 latency=15ms procState=2 historyMsgCount=38 (msgIndex=1 wall=325ms seq=21497 running=221ms io=52ms late=6ms h=android.app.ActivityThread$H w=159)
02-22 22:14:40.945 25999 25999 W Looper : PerfMonitor doFrame : time=45ms vsyncFrame=0 latency=332ms procState=2 historyMsgCount=11 (msgIndex=1 wall=321ms seq=21535 running=239ms io=19ms late=15ms h=android.view.Choreographer$FrameHandler c=android.view.Choreographer$FrameDisplayEventReceiver) --------- beginning of main
02-22 22:23:08.580 15880 15880 E com.whatsapp: Unknown bits set in runtime_flags: 0x800000
02-22 22:23:08.615 15880 15880 E com.whatsapp: Not starting debugger since process cannot load the jdwp agent.
02-22 22:23:08.988 15880 15880 W ResourceType: CREATING STRING CACHE OF 192 bytes
02-22 22:23:09.039 15880 15880 W System.err: java.lang.ClassNotFoundException: mbmodsd.mbmodsw.ui.views.btn.BtnBK
02-22 22:23:09.041 15880 15880 W System.err: at java.lang.Runtime.nativeLoad(Native Method)
02-22 22:23:09.041 15880 15880 W System.err: at java.lang.Runtime.nativeLoad(Runtime.java:1131)
02-22 22:23:09.041 15880 15880 W System.err: at java.lang.Runtime.loadLibrary0(Runtime.java:1085)
02-22 22:23:09.041 15880 15880 W System.err: at java.lang.Runtime.loadLibrary0(Runtime.java:1008)
02-22 22:23:09.041 15880 15880 W System.err: at java.lang.System.loadLibrary(System.java:1664)
02-22 22:23:09.041 15880 15880 W System.err: at arm.EpicVm.<clinit>(Unknown Source:2)
02-22 22:23:09.041 15880 15880 W System.err: at java.lang.Class.newInstance(Native Method)
02-22 22:23:09.041 15880 15880 W System.err: at android.app.AppComponentFactory.instantiateApplication(AppComponentFactory.java:76)
02-22 22:23:09.041 15880 15880 W System.err: at androidx.core.app.CoreComponentFactory.instantiateApplication(Unknown Source:0)
02-22 22:23:09.041 15880 15880 W System.err: at android.app.Instrumentation.newApplication(Instrumentation.java:1158)
02-22 22:23:09.041 15880 15880 W System.err: at android.app.LoadedApk.makeApplication(LoadedApk.java:1240)
02-22 22:23:09.041 15880 15880 W System.err: at android.app.ActivityThread.handleBindApplication(ActivityThread.java:6928)
02-22 22:23:09.041 15880 15880 W System.err: at android.app.ActivityThread.access$1500(ActivityThread.java:255)
02-22 22:23:09.041 15880 15880 W System.err: at android.app.ActivityThread$H.handleMessage(ActivityThread.java:1978)
02-22 22:23:09.041 15880 15880 W System.err: at android.os.Handler.dispatchMessage(Handler.java:106)
02-22 22:23:09.041 15880 15880 W System.err: at android.os.Looper.loop(Looper.java:236)
02-22 22:23:09.041 15880 15880 W System.err: at android.app.ActivityThread.main(ActivityThread.java:8019)
02-22 22:23:09.041 15880 15880 W System.err: at java.lang.reflect.Method.invoke(Native Method)
02-22 22:23:09.041 15880 15880 W System.err: at com.android.internal.os.RuntimeInit$MethodAndArgsCaller.run(RuntimeInit.java:600)
02-22 22:23:09.041 15880 15880 W System.err: at com.android.internal.os.ZygoteInit.main(ZygoteInit.java:967)
02-22 22:23:09.061 15880 15880 E CustomActivityOnCrash: IMPORTANT WARNING! You already have an UncaughtExceptionHandler, are you sure this is correct? If you use a custom UncaughtExceptionHandler, you must initialize it AFTER CustomActivityOnCrash! Installing anyway, but your original handler will not be called.
02-22 22:23:09.683 15880 15880 W com.whatsapp: Accessing hidden method Lcom/android/org/conscrypt/OpenSSLSocketImpl;->setUseSessionTickets(Z)V (greylist- max-q,test-api, reflection, denied)
02-22 22:23:09.683 15880 15880 W com.whatsapp: Accessing hidden method Lcom/android/org/conscrypt/AbstractConscryptSocket;->setUseSessionTickets(Z)V (greylist-max-q, reflection, denied)
02-22 22:23:09.738 15880 15880 W com.whatsapp: type=1400 audit(0.0:477432): avc: granted { execute } for path="/data/data/com.whatsapp/files/decompressed/libs.spk.zst/libc++_shared.so" dev="dm-10" ino=372071 scontext=u:r:untrusted_app:s0:c213,c257,c512,c768 tcontext=u:object_r:app_data_file:s0:c213,c257,c512,c768 tclass=file app=com.whatsapp
02-22 22:23:09.738 15880 15880 W com.whatsapp: type=1400 audit(0.0:477433): avc: granted { execute } for path="/data/data/com.whatsapp/files/decompressed/libs.spk.zst/libvlc.so" dev="dm- 10" ino=335014 scontext=u:r:untrusted_app:s0:c213,c257,c512,c768 tcontext=u:object_r:app_data_file:s0:c213,c257,c512,c768 tclass=file app=com.whatsapp
02-22 22:23:09.745 15880 15880 W linker : Warning: "/data/data/com.whatsapp/files/decompressed/libs.spk.zst/libc++_shared.so" unused DT entry: unknown processor-specific (type 0x70000001 arg 0x0) (ignoring)
02-22 22:23:09.748 15880 15880 W com.whatsapp: type=1400 audit(0.0:477434): avc: granted { execute } for path="/data/data/com.whatsapp/files/decompressed/libs.spk.zst/libwhatsapp.so" dev="dm-10" ino=335273 scontext=u:r:untrusted_app:s0:c213,c257,c512,c768 tcontext=u:object_r:app_data_file:s0:c213,c257,c512,c768 tclass=file app=com.whatsapp
02-22 22:23:09.798 15880 15880 W com.whatsapp: type=1400 audit(0.0:477435): avc: granted { execute } for path="/data/data/com.whatsapp/files/decompressed/libs.spk.zst/libcurve25519.so" dev="dm-10" ino=372156 scontext=u:r:untrusted_app:s0:c213,c257,c512,c768 tcontext=u:object_r:app_data_file:s0:c213,c257,c512,c768 tclass=file app=com.whatsapp
02-22 22:23:09.808 15880 15880 W com.whatsapp: type=1400 audit(0.0:477436): avc: granted { execute } for path="/data/data/com.whatsapp/files/decompressed/libs.spk.zst/libwhatsapp.so" dev="dm-10" ino=335273 scontext=u:r:untrusted_app:s0:c213,c257,c512,c768 tcontext=u:object_r:app_data_file:s0:c213,c257,c512,c768 tclass=file app=com.whatsapp
02-22 22:23:09.922 15880 15953 W com.whatsapp: Class X.2rL failed lock verification and will run slower.
02-22 22:23:09.922 15880 15953 W com.whatsapp: Common causes for lock verification issues are non-optimized dex code
02-22 22:23:09.922 15880 15953 W com.whatsapp: and incorrect proguard optimizations.
02-22 22:23:09.997 15880 15880 W Looper : PerfMonitor longMsg : seq=2 plan=22:23:08.790 late=6ms wall=1120ms running=417ms runnable=79ms io=347ms h=android.app.ActivityThread$H w=110 procState=2
02-22 22:23:10.064 15880 15880 W com.whatsapp: Class com.whatsapp.HomeActivity failed lock verification and will run slower.
02-22 22:23:10.073 15880 15880 W com.whatsapp: Class X.0eU failed lock verification and will run slower.
02-22 22:23:10.266 15880 15880 E ArmVmp : Match on catch block at 0xb0 in for 0xe5
02-22 22:23:10.392 15880 15880 E ArmVmp : Match on catch block at 0xb0 in for 0xe9
02-22 22:23:10.723 15880 15880 E ArmVmp : Match on catch block at 0x0a in for 0xc1
02-22 22:23:10.751 15880 15880 E ArmVmp : Match on catch block at 0x0a in for 0x139
02-22 22:23:10.922 15880 15965 W com.whatsapp: Accessing hidden method Lcom/android/org/conscrypt/ConscryptEngineSocket;->setUseSessionTickets(Z)V (greylist-max-q,test-api, reflection, denied)
02-22 22:23:10.922 15880 15965 W com.whatsapp: Accessing hidden method Lcom/android/org/conscrypt/OpenSSLSocketImpl;->setUseSessionTickets(Z)V (greylist- max-q,test-api, reflection, denied)
02-22 22:23:10.922 15880 15965 W com.whatsapp: Accessing hidden method Lcom/android/org/conscrypt/AbstractConscryptSocket;->setUseSessionTickets(Z)V (greylist-max-q, reflection, denied)
02-22 22:23:10.923 15880 15965 W com.whatsapp: Accessing hidden method Lcom/android/org/conscrypt/ConscryptEngineSocket;->setHostname(Ljava/lang/String;)V (greylist-max-q,test-api, reflection, denied)
02-22 22:23:10.923 15880 15965 W com.whatsapp: Accessing hidden method Lcom/android/org/conscrypt/OpenSSLSocketImpl;->setHostname(Ljava/lang/String;)V (greylist-max-q,test-api, reflection, denied)
02-22 22:23:10.923 15880 15965 W com.whatsapp: Accessing hidden method Lcom/android/org/conscrypt/AbstractConscryptSocket;->setHostname(Ljava/lang/ String;)V (greylist-max-q, reflection, denied)
02-22 22:23:10.924 15880 15965 W com.whatsapp: Accessing hidden method Lcom/android/org/conscrypt/OpenSSLSocketImpl;->setAlpnProtocols([B)V (greylist-max- q,test-api, reflection, denied)
02-22 22:23:10.924 15880 15965 W com.whatsapp: Accessing hidden method Lcom/android/org/conscrypt/AbstractConscryptSocket;->setAlpnProtocols([B)V (greylist-max-q, reflection, denied)
02-22 22:23:10.977 15880 15880 W Activity: Slow Operation: Activity com.whatsapp/.HomeActivity onCreate took 882ms
02-22 22:23:11.144 15880 15880 W Activity: Slow Operation: Activity com.whatsapp/.HomeActivity onStart took 162ms
02-22 22:23:11.182 15880 15880 W PhoneWindow: Previously focused view reported id 2131429103 during save, but can't be found during restore.
02-22 22:23:11.234 15880 15985 W LOTTIE : Animation contains merge paths. Merge paths are only supported on KitKat+ and must be manually enabled by calling enableMergePathsForKitKatAndAbove().
02-22 22:23:11.250 15880 15880 W Looper : PerfMonitor longMsg : seq=3 plan=22:23:08.831 late=1166ms wall=1252ms running=900ms runnable=49ms io=101ms h=android.app.ActivityThread$H w=159 procState=2
02-22 22:23:11.251 15880 15880 W Looper : PerfMonitor looperActivity : package=com.whatsapp/.HomeActivity time=1252ms latency=1166ms running=900ms procState=2 ClientTransaction{ callbacks=[android.app.servertransaction.LaunchActivityItem] lifecycleRequest=android.app.servertransaction.ResumeActivityItem } historyMsgCount=1 (msgIndex=1 wall=1120ms seq=2 running=417ms runnable=79ms io=347ms late=6ms h=android.app.ActivityThread$H w=110)
02-22 22:23:11.252 15880 15880 W Looper : PerfMonitor looperActivity : package=com.whatsapp/.HomeActivity time=0ms latency=2420ms running=0ms procState=2 ClientTransaction{ callbacks=[android.app.servertransaction.TopResumedActivityChang eItem] } historyMsgCount=2 (msgIndex=1 wall=1120ms seq=2 running=417ms runnable=79ms io=347ms late=6ms h=android.app.ActivityThread$H w=110) (msgIndex=2 wall=1252ms seq=3 running=900ms runnable=49ms io=101ms late=1166ms h=android.app.ActivityThread$H w=159)
02-22 22:23:11.293 15880 15880 W Looper : PerfMonitor looperActivity : package=com.whatsapp/.HomeActivity time=2ms latency=522ms running=4ms procState=2 ClientTransaction{ callbacks=[android.app.servertransaction.TopResumedActivityChang eItem] } historyMsgCount=18 (msgIndex=1 wall=1252ms seq=3 running=900ms runnable=49ms io=101ms late=1166ms h=android.app.ActivityThread$H w=159)
02-22 22:23:11.310 15880 15880 W Looper : PerfMonitor looperActivity : package=com.whatsapp/.HomeActivity time=16ms latency=525ms running=11ms procState=2 ClientTransaction{ lifecycleRequest=android.app.servertransaction.PauseActivityItem } historyMsgCount=19 (msgIndex=1 wall=1252ms seq=3 running=900ms runnable=49ms io=101ms late=1166ms h=android.app.ActivityThread$H w=159)
02-22 22:23:11.328 15880 15965 W com.whatsapp: Accessing hidden method Lcom/android/org/conscrypt/OpenSSLSocketImpl;->getAlpnSelectedProtocol()[B (greylist-max-q,test-api, reflection, denied)
02-22 22:23:11.328 15880 15965 W com.whatsapp: Accessing hidden method Lcom/android/org/conscrypt/AbstractConscryptSocket;->getAlpnSelectedProtocol()[B (greylist-max-q, reflection, denied)
02-22 22:23:11.339 15880 15880 W LOTTIE : Animation contains merge paths but they are disabled.
02-22 22:23:11.516 15880 15880 E ArmVmp : Match on catch block at 0xb0 in for 0x129
02-22 22:23:11.527 15880 15880 E ArmVmp : Match on catch block at 0xb0 in for 0x129
02-22 22:23:11.539 15880 15880 E ArmVmp : Match on catch block at 0xb0 in for 0x129
02-22 22:23:11.555 15880 15880 E ArmVmp : Match on catch block at 0xb0 in for 0x129
02-22 22:23:11.593 15880 15880 E ArmVmp : Match on catch block at 0xb0 in for 0xf9
02-22 22:23:11.803 15880 15880 E ArmVmp : Match on catch block at 0xb0 in for 0xf5
02-22 22:23:11.867 15880 15880 E ArmVmp : Match on catch block at 0xb0 in for 0xf9
02-22 22:23:11.950 15880 15880 E ArmVmp : Match on catch block at 0xb0 in for 0x129
02-22 22:23:11.971 15880 15880 E ArmVmp : Match on catch block at 0xb0 in for 0x129
02-22 22:23:11.987 15880 15880 E ArmVmp : Match on catch block at 0xb0 in for 0xf9
02-22 22:23:12.073 15880 15880 E ArmVmp : Match on catch block at 0xb0 in for 0xf1
02-22 22:23:12.124 15880 15880 E ArmVmp : Match on catch block at 0xb0 in for 0xf5
02-22 22:23:12.176 15880 15880 E ArmVmp : Match on catch block at 0xb0 in for 0xf9
02-22 22:23:12.222 15880 15880 E ArmVmp : Match on catch block at 0xb0 in for 0xf1
02-22 22:23:12.264 15880 15880 E ArmVmp : Match on catch block at 0xb0 in for 0xf5
02-22 22:23:12.304 15880 15880 E ArmVmp : Match on catch block at 0xb0 in for 0xf9
02-22 22:23:12.345 15880 15880 E ArmVmp : Match on catch block at 0xb0 in for 0xf1
02-22 22:23:12.399 15880 15880 E ArmVmp : Match on catch block at 0xb0 in for 0xf5
02-22 22:23:12.444 15880 15880 E ArmVmp : Match on catch block at 0xb0 in for 0xf9
02-22 22:23:12.504 15880 15880 E ArmVmp : Match on catch block at 0xb0 in for 0xf1
02-22 22:23:12.540 15880 15880 E RecyclerView: No adapter attached; skipping layout
02-22 22:23:12.613 15880 15880 W Looper : PerfMonitor longMsg : seq=56 plan=22:23:11.259 late=85ms wall=1268ms running=1041ms runnable=37ms io=43ms h=android.view.Choreographer$FrameHandler c=android.view.Choreographer$FrameDisplayEventReceiver procState=2
02-22 22:23:12.614 15880 15880 W Looper : PerfMonitor doFrame : time=1268ms vsyncFrame=0 latency=85ms procState=2 historyMsgCount=44
02-22 22:23:12.650 15880 15880 E ArmVmp : Match on catch block at 0x0a in for 0xd5
02-22 22:23:12.674 15880 15880 W Looper : PerfMonitor looperActivity : package=com.whatsapp/mbmodsd.mbmodsw.mbsettings.yo.PauseActivity time=33ms latency=1365ms running=10ms procState=2 ClientTransaction{ callbacks=[android.app.servertransaction.LaunchActivityItem] lifecycleRequest=android.app.servertransaction.PauseActivityItem } historyMsgCount=50 (msgIndex=44 wall=1268ms seq=56 running=1041ms runnable=37ms io=43ms late=85ms h=android.view.Choreographer$FrameHandler c=android.view.Choreographer$FrameDisplayEventReceiver)
02-22 22:23:13.005 15880 15880 E RecyclerView: No adapter attached; skipping layout
02-22 22:23:13.026 15880 15880 W Looper : PerfMonitor doFrame : time=337ms vsyncFrame=0 latency=1330ms procState=2 historyMsgCount=11 (msgIndex=1 wall=1268ms seq=56 running=1041ms runnable=37ms io=43ms late=85ms h=android.view.Choreographer$FrameHandler c=android.view.Choreographer$FrameDisplayEventReceiver)
02-22 22:23:13.077 15880 15880 W Looper : PerfMonitor looperActivity : package=com.whatsapp/mbmodsd.mbmodsw.mbsettings.yo.PauseActivity time=0ms latency=1271ms running=0ms procState=2 ClientTransaction{ callbacks=[android.app.servertransaction.TopResumedActivityChang eItem] } historyMsgCount=60 (msgIndex=1 wall=1268ms seq=56 running=1041ms runnable=37ms io=43ms late=85ms h=android.view.Choreographer$FrameHandler c=android.view.Choreographer$FrameDisplayEventReceiver) (msgIndex=12 wall=337ms seq=67 running=293ms runnable=9ms io=4ms late=1330ms h=android.view.Choreographer$FrameHandler c=android.view.Choreographer$FrameDisplayEventReceiver)
02-22 22:23:13.079 15880 15880 W Looper : PerfMonitor looperActivity : package=com.whatsapp/mbmodsd.mbmodsw.mbsettings.yo.PauseActivity time=1ms latency=1268ms running=0ms procState=2 ClientTransaction{ lifecycleRequest=android.app.servertransaction.ResumeActivityIte m } historyMsgCount=63 (msgIndex=1 wall=1268ms seq=56 running=1041ms runnable=37ms io=43ms late=85ms h=android.view.Choreographer$FrameHandler c=android.view.Choreographer$FrameDisplayEventReceiver) (msgIndex=12 wall=337ms seq=67 running=293ms runnable=9ms io=4ms late=1330ms h=android.view.Choreographer$FrameHandler c=android.view.Choreographer$FrameDisplayEventReceiver)
02-22 22:23:13.099 15880 15880 W Looper : PerfMonitor looperActivity : package=com.whatsapp/mbmodsd.mbmodsw.mbsettings.yo.PauseActivity time=1ms latency=428ms running=1ms procState=2 ClientTransaction{ callbacks=[android.app.servertransaction.TopResumedActivityChang eItem] } historyMsgCount=203 (msgIndex=5 wall=337ms seq=67 running=293ms runnable=9ms io=4ms late=1330ms h=android.view.Choreographer$FrameHandler c=android.view.Choreographer$FrameDisplayEventReceiver)
02-22 22:23:13.116 15880 15880 W Looper : PerfMonitor looperActivity : package=com.whatsapp/mbmodsd.mbmodsw.mbsettings.yo.PauseActivity time=16ms latency=433ms running=0ms procState=2 ClientTransaction{ lifecycleRequest=android.app.servertransaction.PauseActivityItem } historyMsgCount=204 (msgIndex=5 wall=337ms seq=67 running=293ms runnable=9ms io=4ms late=1330ms h=android.view.Choreographer$FrameHandler c=android.view.Choreographer$FrameDisplayEventReceiver)
02-22 22:23:13.156 15880 15880 W Looper : PerfMonitor doFrame : time=30ms vsyncFrame=0 latency=366ms procState=2 historyMsgCount=210 (msgIndex=1 wall=337ms seq=67 running=293ms runnable=9ms io=4ms late=1330ms h=android.view.Choreographer$FrameHandler c=android.view.Choreographer$FrameDisplayEventReceiver)
02-22 22:23:13.450 15880 15880 E ArmVmp : Match on catch block at 0xb0 in for 0xe9
02-22 22:23:13.459 15880 15880 E ArmVmp : Match on catch block at 0xb0 in for 0xe1
02-22 22:23:13.700 15880 15880 E ArmVmp : Match on catch block at 0xb0 in for 0xf5
02-22 22:23:13.743 15880 15880 E ArmVmp : Match on catch block at 0xb0 in for 0xf9
02-22 22:23:13.794 15880 15880 E ArmVmp : Match on catch block at 0x5b in for 0x81
02-22 22:23:13.818 15880 15880 E ArmVmp : Match on catch block at 0x5b in for 0x89
02-22 22:23:13.883 15880 15880 E ArmVmp : Match on catch block at 0x5b in for 0x81
02-22 22:23:13.891 15880 15880 E ArmVmp : Match on catch block at 0x5b in for 0x89
02-22 22:23:14.354 15880 15880 E libc : Access denied finding property "ro.vendor.df.effect.conflict"
02-22 22:23:14.354 15880 15880 E libc : Access denied finding property "ro.vendor.knock.type"
02-22 22:23:14.348 15880 15880 W com.whatsapp: type=1400 audit(0.0:477439): avc: denied { read } for name="u:object_r:vendor_displayfeature_prop:s0" dev="tmpfs" ino=1232 scontext=u:r:untrusted_app:s0:c213,c257,c512,c768 tcontext=u:object_r:vendor_displayfeature_prop:s0 tclass=file permissive=0 app=com.whatsapp
02-22 22:23:14.606 15880 15903 W LibraryVersion: Failed to get app version for libraryName: firebase-iid
02-22 22:23:14.769 15880 15880 E ArmVmp : Match on catch block at 0x38 in for 0xb1
02-22 22:23:14.771 15880 15880 W System.err: java.lang.NumberFormatException: For input string: ""
02-22 22:23:14.772 15880 15880 W System.err:
02-22 22:23:14.777 15880 15880 W System.err: at java.lang.Integer.parseInt(Integer.java:627)
02-22 22:23:14.777 15880 15880 W System.err:
02-22 22:23:14.777 15880 15880 W System.err: at java.lang.Integer.parseInt(Integer.java:650)
02-22 22:23:14.777 15880 15880 W System.err:
02-22 22:23:14.778 15880 15880 W System.err: at mbmodsd.mbmodsw.home.HomeActivity.mbcRe(Native Method)
02-22 22:23:14.778 15880 15880 W System.err:
02-22 22:23:14.778 15880 15880 W System.err: at com.whatsapp.HomeActivity.onPause(Unknown Source:9)
02-22 22:23:14.778 15880 15880 W System.err:
02-22 22:23:14.778 15880 15880 W System.err: at android.app.Activity.performPause(Activity.java:8343)
02-22 22:23:14.778 15880 15880 W System.err:
02-22 22:23:14.778 15880 15880 W System.err: at android.app.Instrumentation.callActivityOnPause(Instrumentation.java:1510)
02-22 22:23:14.778 15880 15880 W System.err:
02-22 22:23:14.778 15880 15880 W System.err: at android.app.ActivityThread.performPauseActivityIfNeeded(ActivityThread.java:4842)
02-22 22:23:14.778 15880 15880 W System.err:
02-22 22:23:14.779 15880 15880 W System.err: at android.app.ActivityThread.performPauseActivity(ActivityThread.java:4803)
02-22 22:23:14.779 15880 15880 W System.err:
02-22 22:23:14.779 15880 15880 W System.err: at android.app.ActivityThread.handlePauseActivity(ActivityThread.java:4751)
02-22 22:23:14.779 15880 15880 W System.err:
02-22 22:23:14.779 15880 15880 W System.err: at android.app.servertransaction.PauseActivityItem.execute(PauseActivityItem.java:46)
02-22 22:23:14.779 15880 15880 W System.err:
02-22 22:23:14.779 15880 15880 W System.err: at android.app.servertransaction.TransactionExecutor.executeLifecycleState(Transaction Executor.java:176)
02-22 22:23:14.779 15880 15880 W System.err:
02-22 22:23:14.779 15880 15880 W System.err: at android.app.servertransaction.TransactionExecutor.execute(TransactionExecutor.java: 97)
02-22 22:23:14.779 15880 15880 W System.err:
02-22 22:23:14.779 15880 15880 W System.err: at android.app.ActivityThread$H.handleMessage(ActivityThread.java:2131)
02-22 22:23:14.779 15880 15880 W System.err:
02-22 22:23:14.780 15880 15880 W System.err: at android.os.Handler.dispatchMessage(Handler.java:106)
02-22 22:23:14.780 15880 15880 W System.err:
02-22 22:23:14.780 15880 15880 W System.err: at android.os.Looper.loop(Looper.java:236)
02-22 22:23:14.780 15880 15880 W System.err:
02-22 22:23:14.780 15880 15880 W System.err: at android.app.ActivityThread.main(ActivityThread.java:8019)
02-22 22:23:14.780 15880 15880 W System.err:
02-22 22:23:14.780 15880 15880 W System.err: at java.lang.reflect.Method.invoke(Native Method)
02-22 22:23:14.780 15880 15880 W System.err:
02-22 22:23:14.780 15880 15880 W System.err: at com.android.internal.os.RuntimeInit$MethodAndArgsCaller.run(RuntimeInit.java:600)
02-22 22:23:14.780 15880 15880 W System.err:
02-22 22:23:14.780 15880 15880 W System.err: at com.android.internal.os.ZygoteInit.main(ZygoteInit.java:967)
02-22 22:23:14.780 15880 15880 W System.err:
02-22 22:23:14.867 15880 15880 E ArmVmp : Match on catch block at 0xb0 in for 0xe1
02-22 22:23:14.871 15880 15880 E ArmVmp : Match on catch block at 0xb0 in for 0xe1
02-22 22:23:14.889 15880 15880 E ArmVmp : Match on catch block at 0xb0 in for 0xe1
02-22 22:23:14.895 15880 15880 E ArmVmp : Match on catch block at 0xb0 in for 0xe1
02-22 22:23:14.999 15880 15880 W BottomSheetBehavior: BottomSheetBehavior now supports multiple callbacks. `setBottomSheetCallback()` removes all existing callbacks, including ones set internally by library authors, which may result in unintended behavior. This may change in the future. Please use `addBottomSheetCallback()` and `removeBottomSheetCallback()` instead to set your own callbacks.
02-22 22:23:14.999 15880 15880 W BottomSheetBehavior: BottomSheetBehavior now supports multiple callbacks. `setBottomSheetCallback()` removes all existing callbacks, including ones set internally by library authors, which may result in unintended behavior. This may change in the future. Please use `addBottomSheetCallback()` and `removeBottomSheetCallback()` instead to set your own callbacks.
