02-22 17:59:38.401 21930 21930 E ArmVmp : Match on catch block at 0xc3 in for 0xa1
02-22 17:59:38.405 21930 21930 E ArmVmp : Match on catch block at 0xc3 in for 0xa5
02-22 17:59:38.900 21930 21930 E ArmVmp : Match on catch block at 0xc3 in for 0xa1
02-22 17:59:38.903 21930 21930 E ArmVmp : Match on catch block at 0xc3 in for 0xa5
02-22 17:59:39.400 21930 21930 E ArmVmp : Match on catch block at 0xc3 in for 0xa5
02-22 17:59:39.403 21930 21930 E ArmVmp : Match on catch block at 0xc3 in for 0xa9
02-22 17:59:39.900 21930 21930 E ArmVmp : Match on catch block at 0xc3 in for 0xa9
02-22 17:59:39.903 21930 21930 E ArmVmp : Match on catch block at 0xc3 in for 0xa1
02-22 17:59:40.252 21930 22375 W BpBinder: Slow Binder: BpBinder transact took 270 ms, interface=android.content.IContentProvider, code=4 oneway=false
02-22 17:59:40.416 21930 21930 E ArmVmp : Match on catch block at 0xc3 in for 0xa9
02-22 17:59:40.420 21930 21930 E ArmVmp : Match on catch block at 0xc3 in for 0xa1
02-22 17:59:40.920 21930 21930 E ArmVmp : Match on catch block at 0xc3 in for 0xa9
02-22 17:59:40.925 21930 21930 E ArmVmp : Match on catch block at 0xc3 in for 0xa1
02-22 17:59:41.389 21930 21930 E ArmVmp : Match on catch block at 0xc3 in for 0xa1
02-22 17:59:41.392 21930 21930 E ArmVmp : Match on catch block at 0xc3 in for 0xa5
02-22 17:59:41.405 21930 21930 E ArmVmp : Match on catch block at 0xc3 in for 0xa9
02-22 17:59:41.408 21930 21930 E ArmVmp : Match on catch block at 0xc3 in for 0xa1
02-22 17:59:41.417 21930 21930 E ArmVmp : Match on catch block at 0xc3 in for 0xa9
02-22 17:59:41.420 21930 21930 E ArmVmp : Match on catch block at 0xc3 in for 0xa1
02-22 17:59:41.433 21930 21930 E ArmVmp : Match on catch block at 0xc3 in for 0xa9
02-22 17:59:41.437 21930 21930 E ArmVmp : Match on catch block at 0xc3 in for 0xa1
02-22 17:59:41.450 21930 21930 E ArmVmp : Match on catch block at 0xc3 in for 0xa9
02-22 17:59:41.453 21930 21930 E ArmVmp : Match on catch block at 0xc3 in for 0xa1
02-22 17:59:41.456 21930 22375 W BpBinder: Slow Binder: BpBinder transact took 202 ms, interface=android.content.IContentProvider, code=4 oneway=false
02-22 17:59:41.467 21930 21930 E ArmVmp : Match on catch block at 0xc3 in for 0xa9
02-22 17:59:41.470 21930 21930 E ArmVmp : Match on catch block at 0xc3 in for 0xa1
02-22 17:59:41.484 21930 21930 E ArmVmp : Match on catch block at 0xc3 in for 0xa9
02-22 17:59:41.487 21930 21930 E ArmVmp : Match on catch block at 0xc3 in for 0xa1
02-22 17:59:41.502 21930 21930 E ArmVmp : Match on catch block at 0xc3 in for 0xa9
02-22 17:59:41.507 21930 21930 E ArmVmp : Match on catch block at 0xc3 in for 0xa1
02-22 17:59:41.517 21930 21930 E ArmVmp : Match on catch block at 0xc3 in for 0xa9
02-22 17:59:41.521 21930 21930 E ArmVmp : Match on catch block at 0xc3 in for 0xa1
02-22 17:59:41.534 21930 21930 E ArmVmp : Match on catch block at 0xc3 in for 0xa9
02-22 17:59:41.537 21930 21930 E ArmVmp : Match on catch block at 0xc3 in for 0xa1
02-22 17:59:41.550 21930 21930 E ArmVmp : Match on catch block at 0xc3 in for 0xa9
02-22 17:59:41.554 21930 21930 E ArmVmp : Match on catch block at 0xc3 in for 0xa1
02-22 17:59:41.567 21930 21930 E ArmVmp : Match on catch block at 0xc3 in for 0xa9
02-22 17:59:41.570 21930 21930 E ArmVmp : Match on catch block at 0xc3 in for 0xa1
02-22 17:59:41.584 21930 21930 E ArmVmp : Match on catch block at 0xc3 in for 0xa9
02-22 17:59:41.587 21930 21930 E ArmVmp : Match on catch block at 0xc3 in for 0xa1
02-22 17:59:41.667 21930 21930 E ArmVmp : Match on catch block at 0xc3 in for 0xa9
02-22 17:59:41.671 21930 21930 E ArmVmp : Match on catch block at 0xc3 in for 0xa1
02-22 17:59:41.800 21930 21930 E ArmVmp : Match on catch block at 0xc3 in for 0xa9
02-22 17:59:41.804 21930 21930 E ArmVmp : Match on catch block at 0xc3 in for 0xa1
02-22 17:59:41.900 21930 21930 E ArmVmp : Match on catch block at 0xc3 in for 0xa9
02-22 17:59:41.906 21930 21930 E ArmVmp : Match on catch block at 0xc3 in for 0xa1
02-22 17:59:42.051 21930 21930 E ArmVmp : Match on catch block at 0xc3 in for 0xa9
02-22 17:59:42.054 21930 21930 E ArmVmp : Match on catch block at 0xc3 in for 0xa1
02-22 17:59:42.167 21930 21930 E ArmVmp : Match on catch block at 0xc3 in for 0xa9
02-22 17:59:42.174 21930 21930 E ArmVmp : Match on catch block at 0xc3 in for 0xa1
02-22 17:59:42.217 21930 21930 E ArmVmp : Match on catch block at 0xc3 in for 0xa9
02-22 17:59:42.221 21930 21930 E ArmVmp : Match on catch block at 0xc3 in for 0xa1
02-22 17:59:42.285 21930 22375 W BpBinder: Slow Binder: BpBinder transact took 293 ms, interface=android.content.IContentProvider, code=4 oneway=false
02-22 17:59:42.367 21930 21930 E ArmVmp : Match on catch block at 0xc3 in for 0xa9
02-22 17:59:42.375 21930 21930 E ArmVmp : Match on catch block at 0xc3 in for 0xa1
02-22 17:59:42.384 21930 21930 E ArmVmp : Match on catch block at 0xc3 in for 0xa9
02-22 17:59:42.387 21930 21930 E ArmVmp : Match on catch block at 0xc3 in for 0xa1
02-22 17:59:42.401 21930 21930 E ArmVmp : Match on catch block at 0xc3 in for 0xa9
02-22 17:59:42.409 21930 21930 E ArmVmp : Match on catch block at 0xc3 in for 0xa1
02-22 17:59:42.418 21930 21930 E ArmVmp : Match on catch block at 0xc3 in for 0xa9
02-22 17:59:42.421 21930 21930 E ArmVmp : Match on catch block at 0xc3 in for 0xa1
02-22 17:59:42.434 21930 21930 E ArmVmp : Match on catch block at 0xc3 in for 0xa9
02-22 17:59:42.439 21930 21930 E ArmVmp : Match on catch block at 0xc3 in for 0xa1
02-22 17:59:42.450 21930 21930 E ArmVmp : Match on catch block at 0xc3 in for 0xa9
02-22 17:59:42.454 21930 21930 E ArmVmp : Match on catch block at 0xc3 in for 0xa1
02-22 17:59:42.467 21930 21930 E ArmVmp : Match on catch block at 0xc3 in for 0xa9
02-22 17:59:42.470 21930 21930 E ArmVmp : Match on catch block at 0xc3 in for 0xa1
02-22 17:59:42.484 21930 21930 E ArmVmp : Match on catch block at 0xc3 in for 0xa9
02-22 17:59:42.488 21930 21930 E ArmVmp : Match on catch block at 0xc3 in for 0xa1
02-22 17:59:42.501 21930 21930 E ArmVmp : Match on catch block at 0xc3 in for 0xa9
02-22 17:59:42.504 21930 21930 E ArmVmp : Match on catch block at 0xc3 in for 0xa1
02-22 17:59:42.518 21930 21930 E ArmVmp : Match on catch block at 0xc3 in for 0xa9
02-22 17:59:42.521 21930 21930 E ArmVmp : Match on catch block at 0xc3 in for 0xa1
02-22 17:59:42.534 21930 21930 E ArmVmp : Match on catch block at 0xc3 in for 0xa9
02-22 17:59:42.537 21930 21930 E ArmVmp : Match on catch block at 0xc3 in for 0xa1
02-22 17:59:42.551 21930 21930 E ArmVmp : Match on catch block at 0xc3 in for 0xa9
02-22 17:59:42.556 21930 21930 E ArmVmp : Match on catch block at 0xc3 in for 0xa1
02-22 17:59:42.567 21930 21930 E ArmVmp : Match on catch block at 0xc3 in for 0xa9
02-22 17:59:42.574 21930 21930 E ArmVmp : Match on catch block at 0xc3 in for 0xa1
02-22 17:59:42.584 21930 21930 E ArmVmp : Match on catch block at 0xc3 in for 0xa9
02-22 17:59:42.587 21930 21930 E ArmVmp : Match on catch block at 0xc3 in for 0xa1
02-22 17:59:42.601 21930 21930 E ArmVmp : Match on catch block at 0xc3 in for 0xa9
02-22 17:59:42.605 21930 21930 E ArmVmp : Match on catch block at 0xc3 in for 0xa1
02-22 17:59:42.617 21930 21930 E ArmVmp : Match on catch block at 0xc3 in for 0xa9
02-22 17:59:42.620 21930 21930 E ArmVmp : Match on catch block at 0xc3 in for 0xa1
02-22 17:59:42.634 21930 21930 E ArmVmp : Match on catch block at 0xc3 in for 0xa9
02-22 17:59:42.637 21930 21930 E ArmVmp : Match on catch block at 0xc3 in for 0xa1
02-22 17:59:42.651 21930 21930 E ArmVmp : Match on catch block at 0xc3 in for 0xa9
02-22 17:59:42.654 21930 21930 E ArmVmp : Match on catch block at 0xc3 in for 0xa1
02-22 17:59:42.667 21930 21930 E ArmVmp : Match on catch block at 0xc3 in for 0xa9
02-22 17:59:42.670 21930 21930 E ArmVmp : Match on catch block at 0xc3 in for 0xa1
02-22 17:59:42.685 21930 21930 E ArmVmp : Match on catch block at 0xc3 in for 0xa9
02-22 17:59:42.688 21930 21930 E ArmVmp : Match on catch block at 0xc3 in for 0xa1
02-22 17:59:42.701 21930 21930 E ArmVmp : Match on catch block at 0xc3 in for 0xa9
02-22 17:59:42.704 21930 21930 E ArmVmp : Match on catch block at 0xc3 in for 0xa1
02-22 17:59:42.717 21930 21930 E ArmVmp : Match on catch block at 0xc3 in for 0xa9
02-22 17:59:42.721 21930 21930 E ArmVmp : Match on catch block at 0xc3 in for 0xa1
02-22 17:59:42.734 21930 21930 E ArmVmp : Match on catch block at 0xc3 in for 0xa9
02-22 17:59:42.737 21930 21930 E ArmVmp : Match on catch block at 0xc3 in for 0xa1
02-22 17:59:42.751 21930 21930 E ArmVmp : Match on catch block at 0xc3 in for 0xa9
02-22 17:59:42.754 21930 21930 E ArmVmp : Match on catch block at 0xc3 in for 0xa1
02-22 17:59:42.768 21930 21930 E ArmVmp : Match on catch block at 0xc3 in for 0xa9
02-22 17:59:42.771 21930 21930 E ArmVmp : Match on catch block at 0xc3 in for 0xa1
02-22 17:59:42.784 21930 21930 E ArmVmp : Match on catch block at 0xc3 in for 0xa9
02-22 17:59:42.787 21930 21930 E ArmVmp : Match on catch block at 0xc3 in for 0xa1
02-22 17:59:42.818 21930 22375 W BpBinder: Slow Binder: BpBinder transact took 336 ms, interface=android.content.IContentProvider, code=4 oneway=false
02-22 17:59:42.951 21930 21930 E ArmVmp : Match on catch block at 0xc3 in for 0xa5
02-22 17:59:42.954 21930 21930 E ArmVmp : Match on catch block at 0xc3 in for 0xa9
02-22 17:59:42.983 21930 21930 E ArmVmp : Match on catch block at 0xc3 in for 0xa1
02-22 17:59:42.987 21930 21930 E ArmVmp : Match on catch block at 0xc3 in for 0xa5
02-22 17:59:43.006 21930 21930 E ArmVmp : Match on catch block at 0xc3 in for 0xa5
02-22 17:59:43.013 21930 21930 E ArmVmp : Match on catch block at 0xc3 in for 0xa9
02-22 17:59:43.018 21930 21930 E ArmVmp : Match on catch block at 0xc3 in for 0xa5
02-22 17:59:43.021 21930 21930 E ArmVmp : Match on catch block at 0xc3 in for 0xa9
02-22 17:59:43.034 21930 21930 E ArmVmp : Match on catch block at 0xc3 in for 0xa5
02-22 17:59:43.038 21930 21930 E ArmVmp : Match on catch block at 0xc3 in for 0xa9
02-22 17:59:43.053 21930 22375 W BpBinder: Slow Binder: BpBinder transact took 224 ms, interface=android.content.IContentProvider, code=4 oneway=false
02-22 17:59:43.104 21930 21930 E ArmVmp : Match on catch block at 0xc3 in for 0xa5
02-22 17:59:43.107 21930 21930 E ArmVmp : Match on catch block at 0xc3 in for 0xa9
02-22 17:59:43.121 21930 21930 E ArmVmp : Match on catch block at 0xc3 in for 0xa9
02-22 17:59:43.124 21930 21930 E ArmVmp : Match on catch block at 0xc3 in for 0xa1
02-22 17:59:43.135 21930 21930 E ArmVmp : Match on catch block at 0xc3 in for 0xa9
02-22 17:59:43.139 21930 21930 E ArmVmp : Match on catch block at 0xc3 in for 0xa1
02-22 17:59:43.151 21930 21930 E ArmVmp : Match on catch block at 0xc3 in for 0xa9
02-22 17:59:43.154 21930 21930 E ArmVmp : Match on catch block at 0xc3 in for 0xa1
02-22 17:59:43.167 21930 21930 E ArmVmp : Match on catch block at 0xc3 in for 0xa9
02-22 17:59:43.170 21930 21930 E ArmVmp : Match on catch block at 0xc3 in for 0xa1
02-22 17:59:43.302 21930 22375 W BpBinder: Slow Binder: BpBinder transact took 243 ms, interface=android.content.IContentProvider, code=4 oneway=false
02-22 17:59:43.421 21930 21930 E ArmVmp : Match on catch block at 0xc3 in for 0xa1
02-22 17:59:43.425 21930 21930 E ArmVmp : Match on catch block at 0xc3 in for 0xa5
02-22 17:59:43.438 21930 22136 W MediaPlayer: Use of stream types is deprecated for operations other than volume control
02-22 17:59:43.438 21930 22136 W MediaPlayer: See the documentation of setAudioStreamType() for what to use instead with android.media.AudioAttributes to qualify your playback use case
02-22 17:59:43.440 21930 21930 E ArmVmp : Match on catch block at 0xc3 in for 0xa9
02-22 17:59:43.444 21930 21930 E ArmVmp : Match on catch block at 0xc3 in for 0xa1
02-22 17:59:43.572 21930 21930 E ArmVmp : Match on catch block at 0xc3 in for 0xa5
02-22 17:59:43.576 21930 21930 E ArmVmp : Match on catch block at 0xc3 in for 0xa9
02-22 17:59:43.612 21930 22375 W BpBinder: Slow Binder: BpBinder transact took 305 ms, interface=android.content.IContentProvider, code=4 oneway=false
02-22 17:59:44.024 21930 21930 E ArmVmp : Match on catch block at 0xc3 in for 0xa9
02-22 17:59:44.027 21930 21930 E ArmVmp : Match on catch block at 0xc3 in for 0xa1
02-22 17:59:44.094 21930 21930 E ArmVmp : Match on catch block at 0xc3 in for 0xa1
02-22 17:59:44.097 21930 22375 W BpBinder: Slow Binder: BpBinder transact took 453 ms, interface=android.content.IContentProvider, code=4 oneway=false
02-22 17:59:44.100 21930 21930 E ArmVmp : Match on catch block at 0xc3 in for 0xa5
02-22 17:59:44.179 21930 21930 E ArmVmp : Match on catch block at 0xc3 in for 0xa1
02-22 17:59:44.183 21930 21930 E ArmVmp : Match on catch block at 0xc3 in for 0xa5
02-22 17:59:44.318 21930 21930 W IInputConnectionWrapper: requestCursorAnchorInfo on inactive InputConnection
02-22 17:59:44.431 21930 22375 W BpBinder: Slow Binder: BpBinder transact took 324 ms, interface=android.content.IContentProvider, code=4 oneway=false
02-22 17:59:44.668 21930 22375 W BpBinder: Slow Binder: BpBinder transact took 221 ms, interface=android.content.IContentProvider, code=4 oneway=false
02-22 17:59:45.199 21930 22375 W BpBinder: Slow Binder: BpBinder transact took 290 ms, interface=android.content.IContentProvider, code=4 oneway=false
02-22 17:59:45.506 21930 22375 W BpBinder: Slow Binder: BpBinder transact took 302 ms, interface=android.content.IContentProvider, code=4 oneway=false
02-22 17:59:45.722 21930 22375 W BpBinder: Slow Binder: BpBinder transact took 209 ms, interface=android.content.IContentProvider, code=4 oneway=false
02-22 17:59:45.971 21930 22375 W BpBinder: Slow Binder: BpBinder transact took 245 ms, interface=android.content.IContentProvider, code=4 oneway=false
02-22 17:59:48.175 21930 22375 W BpBinder: Slow Binder: BpBinder transact took 228 ms, interface=android.content.IContentProvider, code=4 oneway=false
02-22 17:59:50.231 21930 21930 E ArmVmp : Match on catch block at 0xb0 in for 0xe1
02-22 17:59:50.237 21930 21930 E ArmVmp : Match on catch block at 0xb0 in for 0xe5
02-22 17:59:50.276 21930 21930 E ArmVmp : Match on catch block at 0x0a in for 0xc5
02-22 17:59:50.279 21930 21930 E ArmVmp : Match on catch block at 0x0a in for 0xc1
02-22 17:59:50.344 21930 21930 W Looper : PerfMonitor looperActivity : package=com.whatsapp/.Conversation time=0ms latency=356ms running=0ms procState=2 ClientTransaction{ callbacks=[android.app.servertransaction.TopResumedActivityChang eItem] } historyMsgCount=3 (msgIndex=2 wall=350ms seq=6842 running=234ms io=58ms late=7ms h=android.app.ActivityThread$H w=159)
02-22 17:59:50.587 21930 21930 E ArmVmp : Match on catch block at 0xc3 in for 0xb5
02-22 17:59:50.594 21930 21930 E ArmVmp : Match on catch block at 0xc3 in for 0xb5
02-22 17:59:51.265 21930 21946 W System : A resource failed to call release.
02-22 17:59:51.391 21930 21930 E ArmVmp : Match on catch block at 0xc3 in for 0xa1
02-22 17:59:51.394 21930 21930 E ArmVmp : Match on catch block at 0xc3 in for 0xa5
02-22 17:59:51.401 21930 21930 W Looper : PerfMonitor doFrame : time=18ms vsyncFrame=0 latency=1015ms procState=2 historyMsgCount=13 (msgIndex=1 wall=278ms seq=6880 running=156ms io=23ms late=19ms h=android.view.Choreographer$FrameHandler c=android.view.Choreographer$FrameDisplayEventReceiver) (msgIndex=12 wall=748ms seq=6891 running=576ms runnable=1ms io=4ms late=280ms h=android.view.ViewRootImpl$ViewRootHandler c=X.0jO)
02-22 17:59:51.396 21930 21930 E ArmVmp : Match on catch block at 0xc3 in for 0xa5
02-22 17:59:51.429 21930 21930 W Looper : PerfMonitor looperActivity : package=com.whatsapp/.HomeActivity time=11ms latency=686ms running=6ms procState=2 ClientTransaction{ lifecycleRequest=android.app.servertransaction.StopActivityItem } historyMsgCount=38 (msgIndex=1 wall=748ms seq=6891 running=576ms runnable=1ms io=4ms late=280ms h=android.view.ViewRootImpl$ViewRootHandler c=X.0jO)
02-22 17:59:51.462 21930 21930 E ArmVmp : Match on catch block at 0xc3 in for 0xa1
02-22 17:59:51.465 21930 21930 E ArmVmp : Match on catch block at 0xc3 in for 0xa5
02-22 17:59:51.467 21930 21930 E ArmVmp : Match on catch block at 0xc3 in for 0xa5
02-22 17:59:51.520 21930 21930 E ArmVmp : Match on catch block at 0xc3 in for 0xa9
02-22 17:59:51.524 21930 21930 E ArmVmp : Match on catch block at 0xc3 in for 0xa1
02-22 17:59:51.526 21930 21930 E ArmVmp : Match on catch block at 0xc3 in for 0xa1
02-22 17:59:51.538 21930 21930 E ArmVmp : Match on catch block at 0xc3 in for 0xa5
02-22 17:59:51.541 21930 21930 E ArmVmp : Match on catch block at 0xc3 in for 0xa9
02-22 17:59:51.543 21930 21930 E ArmVmp : Match on catch block at 0xc3 in for 0xa9
02-22 17:59:51.554 21930 21930 E ArmVmp : Match on catch block at 0xc3 in for 0xa1
02-22 17:59:51.557 21930 21930 E ArmVmp : Match on catch block at 0xc3 in for 0xa5
02-22 17:59:51.560 21930 21930 E ArmVmp : Match on catch block at 0xc3 in for 0xa5
02-22 17:59:51.570 21930 21930 E ArmVmp : Match on catch block at 0xc3 in for 0xa9
02-22 17:59:51.574 21930 21930 E ArmVmp : Match on catch block at 0xc3 in for 0xa1
02-22 17:59:51.576 21930 21930 E ArmVmp : Match on catch block at 0xc3 in for 0xa1
02-22 17:59:51.587 21930 21930 E ArmVmp : Match on catch block at 0xc3 in for 0xa5
02-22 17:59:51.589 21930 21930 E ArmVmp : Match on catch block at 0xc3 in for 0xa9
02-22 17:59:51.592 21930 21930 E ArmVmp : Match on catch block at 0xc3 in for 0xa9
02-22 17:59:51.604 21930 21930 E ArmVmp : Match on catch block at 0xc3 in for 0xa1
02-22 17:59:51.607 21930 21930 E ArmVmp : Match on catch block at 0xc3 in for 0xa5
02-22 17:59:51.609 21930 21930 E ArmVmp : Match on catch block at 0xc3 in for 0xa5
02-22 17:59:51.620 21930 21930 E ArmVmp : Match on catch block at 0xc3 in for 0xa9
02-22 17:59:51.623 21930 21930 E ArmVmp : Match on catch block at 0xc3 in for 0xa1
02-22 17:59:51.626 21930 21930 E ArmVmp : Match on catch block at 0xc3 in for 0xa1
02-22 17:59:51.637 21930 21930 E ArmVmp : Match on catch block at 0xc3 in for 0xa5
02-22 17:59:51.640 21930 21930 E ArmVmp : Match on catch block at 0xc3 in for 0xa9
02-22 17:59:51.642 21930 21930 E ArmVmp : Match on catch block at 0xc3 in for 0xa9
02-22 17:59:51.654 21930 21930 E ArmVmp : Match on catch block at 0xc3 in for 0xa1
02-22 17:59:51.657 21930 21930 E ArmVmp : Match on catch block at 0xc3 in for 0xa5
02-22 17:59:51.660 21930 21930 E ArmVmp : Match on catch block at 0xc3 in for 0xa5
02-22 17:59:51.671 21930 21930 E ArmVmp : Match on catch block at 0xc3 in for 0xa9
02-22 17:59:51.676 21930 21930 E ArmVmp : Match on catch block at 0xc3 in for 0xa1
02-22 17:59:51.680 21930 21930 E ArmVmp : Match on catch block at 0xc3 in for 0xa1
02-22 17:59:51.688 21930 21930 E ArmVmp : Match on catch block at 0xc3 in for 0xa5
02-22 17:59:51.691 21930 21930 E ArmVmp : Match on catch block at 0xc3 in for 0xa9
02-22 17:59:51.696 21930 21930 E ArmVmp : Match on catch block at 0xc3 in for 0xa9
02-22 17:59:51.704 21930 21930 E ArmVmp : Match on catch block at 0xc3 in for 0xa1
02-22 17:59:51.707 21930 21930 E ArmVmp : Match on catch block at 0xc3 in for 0xa5
02-22 17:59:51.709 21930 21930 E ArmVmp : Match on catch block at 0xc3 in for 0xa5
02-22 17:59:51.720 21930 21930 E ArmVmp : Match on catch block at 0xc3 in for 0xa9
02-22 17:59:51.723 21930 21930 E ArmVmp : Match on catch block at 0xc3 in for 0xa1
02-22 17:59:51.725 21930 21930 E ArmVmp : Match on catch block at 0xc3 in for 0xa1
02-22 17:59:51.737 21930 21930 E ArmVmp : Match on catch block at 0xc3 in for 0xa5
02-22 17:59:51.740 21930 21930 E ArmVmp : Match on catch block at 0xc3 in for 0xa9
02-22 17:59:51.742 21930 21930 E ArmVmp : Match on catch block at 0xc3 in for 0xa9
02-22 17:59:51.754 21930 21930 E ArmVmp : Match on catch block at 0xc3 in for 0xa5
02-22 17:59:51.757 21930 21930 E ArmVmp : Match on catch block at 0xc3 in for 0xa9
02-22 17:59:51.759 21930 21930 E ArmVmp : Match on catch block at 0xc3 in for 0xa9
02-22 17:59:51.943 21930 21930 E ArmVmp : Match on catch block at 0xc3 in for 0xa5
02-22 17:59:51.946 21930 21930 E ArmVmp : Match on catch block at 0xc3 in for 0xa9
02-22 17:59:51.948 21930 21930 E ArmVmp : Match on catch block at 0xc3 in for 0xa9
02-22 17:59:51.970 21930 21930 E ArmVmp : Match on catch block at 0xc3 in for 0xa9
02-22 17:59:51.973 21930 21930 E ArmVmp : Match on catch block at 0xc3 in for 0xa1
02-22 17:59:51.975 21930 21930 E ArmVmp : Match on catch block at 0xc3 in for 0xa1
02-22 17:59:52.104 21930 21930 E ArmVmp : Match on catch block at 0xc3 in for 0xa9
02-22 17:59:52.108 21930 21930 E ArmVmp : Match on catch block at 0xc3 in for 0xa1
02-22 17:59:52.112 21930 21930 E ArmVmp : Match on catch block at 0xc3 in for 0xa1
02-22 17:59:52.160 21930 21930 E ArmVmp : Match on catch block at 0xc3 in for 0xa5
02-22 17:59:52.162 21930 21930 E ArmVmp : Match on catch block at 0xc3 in for 0xa9
02-22 17:59:52.164 21930 21930 E ArmVmp : Match on catch block at 0xc3 in for 0xa9
02-22 17:59:57.309 21930 21930 E ArmVmp : Match on catch block at 0xb0 in for 0xe5
02-22 17:59:57.314 21930 21930 E ArmVmp : Match on catch block at 0xb0 in for 0xe9
02-22 17:59:57.348 21930 21930 E ArmVmp : Match on catch block at 0x0a in for 0xc9
02-22 17:59:57.351 21930 21930 E ArmVmp : Match on catch block at 0x0a in for 0xc5
02-22 17:59:57.632 21930 21930 E ArmVmp : Match on catch block at 0xc3 in for 0xb1
02-22 17:59:57.637 21930 21930 E ArmVmp : Match on catch block at 0xc3 in for 0xb1
02-22 17:59:57.712 21930 21930 E ArmVmp : Match on catch block at 0xc3 in for 0xa1
02-22 17:59:57.714 21930 21930 E ArmVmp : Match on catch block at 0xc3 in for 0xa5
02-22 17:59:57.743 21930 21930 E ArmVmp : Match on catch block at 0xc3 in for 0xa1
02-22 17:59:57.746 21930 21930 E ArmVmp : Match on catch block at 0xc3 in for 0xa5
02-22 17:59:57.804 21930 21930 E ArmVmp : Match on catch block at 0xc3 in for 0xa9
02-22 17:59:57.807 21930 21930 E ArmVmp : Match on catch block at 0xc3 in for 0xa1
02-22 17:59:58.206 21930 21930 E ArmVmp : Match on catch block at 0xc3 in for 0xa1
02-22 17:59:58.209 21930 21930 E ArmVmp : Match on catch block at 0xc3 in for 0xa5
02-22 17:59:58.223 21930 21930 E ArmVmp : Match on catch block at 0xc3 in for 0xa5
02-22 17:59:58.227 21930 21930 E ArmVmp : Match on catch block at 0xc3 in for 0xa9
02-22 17:59:58.239 21930 21930 E ArmVmp : Match on catch block at 0xc3 in for 0xa9
02-22 17:59:58.242 21930 21930 E ArmVmp : Match on catch block at 0xc3 in for 0xa1
02-22 17:59:58.256 21930 21930 E ArmVmp : Match on catch block at 0xc3 in for 0xa1
02-22 17:59:58.258 21930 21930 E ArmVmp : Match on catch block at 0xc3 in for 0xa5
02-22 17:59:58.272 21930 21930 E ArmVmp : Match on catch block at 0xc3 in for 0xa5
02-22 17:59:58.275 21930 21930 E ArmVmp : Match on catch block at 0xc3 in for 0xa9
02-22 17:59:58.289 21930 21930 E ArmVmp : Match on catch block at 0xc3 in for 0xa9
02-22 17:59:58.292 21930 21930 E ArmVmp : Match on catch block at 0xc3 in for 0xa1
02-22 17:59:58.306 21930 21930 E ArmVmp : Match on catch block at 0xc3 in for 0xa1
02-22 17:59:58.309 21930 21930 E ArmVmp : Match on catch block at 0xc3 in for 0xa5
02-22 17:59:58.323 21930 21930 E ArmVmp : Match on catch block at 0xc3 in for 0xa5
02-22 17:59:58.326 21930 21930 E ArmVmp : Match on catch block at 0xc3 in for 0xa9
02-22 17:59:58.339 21930 21930 E ArmVmp : Match on catch block at 0xc3 in for 0xa9
02-22 17:59:58.341 21930 21930 E ArmVmp : Match on catch block at 0xc3 in for 0xa1
02-22 17:59:58.356 21930 21930 E ArmVmp : Match on catch block at 0xc3 in for 0xa1
02-22 17:59:58.359 21930 21930 E ArmVmp : Match on catch block at 0xc3 in for 0xa5
02-22 17:59:58.372 21930 21930 E ArmVmp : Match on catch block at 0xc3 in for 0xa5
02-22 17:59:58.375 21930 21930 E ArmVmp : Match on catch block at 0xc3 in for 0xa9
02-22 17:59:58.389 21930 21930 E ArmVmp : Match on catch block at 0xc3 in for 0xa9
02-22 17:59:58.392 21930 21930 E ArmVmp : Match on catch block at 0xc3 in for 0xa1
02-22 17:59:58.406 21930 21930 E ArmVmp : Match on catch block at 0xc3 in for 0xa1
02-22 17:59:58.409 21930 21930 E ArmVmp : Match on catch block at 0xc3 in for 0xa5
02-22 17:59:58.423 21930 21930 E ArmVmp : Match on catch block at 0xc3 in for 0xa5
02-22 17:59:58.426 21930 21930 E ArmVmp : Match on catch block at 0xc3 in for 0xa9
02-22 17:59:58.439 21930 21930 E ArmVmp : Match on catch block at 0xc3 in for 0xa9
02-22 17:59:58.442 21930 21930 E ArmVmp : Match on catch block at 0xc3 in for 0xa1
02-22 17:59:58.456 21930 21930 E ArmVmp : Match on catch block at 0xc3 in for 0xa1
02-22 17:59:58.459 21930 21930 E ArmVmp : Match on catch block at 0xc3 in for 0xa5
02-22 17:59:58.473 21930 21930 E ArmVmp : Match on catch block at 0xc3 in for 0xa5
02-22 17:59:58.476 21930 21930 E ArmVmp : Match on catch block at 0xc3 in for 0xa9
02-22 17:59:58.490 21930 21930 E ArmVmp : Match on catch block at 0xc3 in for 0xa9
02-22 17:59:58.493 21930 21930 E ArmVmp : Match on catch block at 0xc3 in for 0xa1
02-22 17:59:58.506 21930 21930 E ArmVmp : Match on catch block at 0xc3 in for 0xa1
02-22 17:59:58.510 21930 21930 E ArmVmp : Match on catch block at 0xc3 in for 0xa5
02-22 17:59:58.686 21930 21930 E ArmVmp : Match on catch block at 0xc3 in for 0xa9
02-22 17:59:58.689 21930 21930 E ArmVmp : Match on catch block at 0xc3 in for 0xa1
02-22 17:59:58.698 21930 21930 E ArmVmp : Match on catch block at 0xc3 in for 0xa1
02-22 17:59:58.701 21930 21930 E ArmVmp : Match on catch block at 0xc3 in for 0xa5
02-22 17:59:58.734 21930 21930 E ArmVmp : Match on catch block at 0xc3 in for 0xa1
02-22 17:59:58.738 21930 21930 E ArmVmp : Match on catch block at 0xc3 in for 0xa5
02-22 17:59:58.783 21930 21930 E ArmVmp : Match on catch block at 0xc3 in for 0xa1
02-22 17:59:58.786 21930 21930 E ArmVmp : Match on catch block at 0xc3 in for 0xa5
02-22 17:59:58.920 21930 21930 E ArmVmp : Match on catch block at 0xc3 in for 0xa9
02-22 17:59:58.923 21930 21930 E ArmVmp : Match on catch block at 0xc3 in for 0xa1
02-22 18:00:00.594 21930 21930 W TabLayout: MODE_SCROLLABLE + GRAVITY_FILL is not supported, GRAVITY_START will be used instead
02-22 18:00:00.649 21930 23404 W CameraManagerGlobal: [soar.cts] ignore the status update of camera: 100
02-22 18:00:00.649 21930 23404 W CameraManagerGlobal: [soar.cts] ignore the status update of camera: 101
02-22 18:00:00.649 21930 23404 W CameraManagerGlobal: [soar.cts] ignore the status update of camera: 21
02-22 18:00:00.649 21930 23404 W CameraManagerGlobal: [soar.cts] ignore the status update of camera: 22
02-22 18:00:00.649 21930 23404 W CameraManagerGlobal: [soar.cts] ignore the status update of camera: 25
02-22 18:00:00.649 21930 23404 W CameraManagerGlobal: [soar.cts] ignore the status update of camera: 61
02-22 18:00:00.651 21930 22919 W CameraManagerGlobal: ignore the torch status update of camera: 100
02-22 18:00:00.652 21930 22919 W CameraManagerGlobal: ignore the torch status update of camera: 21
02-22 18:00:00.652 21930 22919 W CameraManagerGlobal: ignore the torch status update of camera: 22
02-22 18:00:00.652 21930 22919 W CameraManagerGlobal: ignore the torch status update of camera: 61
02-22 18:00:00.718 21930 21930 W BottomSheetBehavior: BottomSheetBehavior now supports multiple callbacks. `setBottomSheetCallback()` removes all existing callbacks, including ones set internally by library authors, which may result in unintended behavior. This may change in the future. Please use `addBottomSheetCallback()` and `removeBottomSheetCallback()` instead to set your own callbacks.
02-22 18:00:00.926 21930 21930 W View : requestLayout() improperly called by androidx.appcompat.view.menu.ActionMenuItemView{3bb4c90 VFED..CL. ......ID 0,9- 116,124 #7f0b0fe8 app:id/more} during layout: running second layout pass
02-22 18:00:00.926 21930 21930 W View : requestLayout() improperly called by androidx.appcompat.widget.ActionMenuView{f73a989 V.E...... ......ID 964,0-1080,134} during layout: running second layout pass
02-22 18:00:00.926 21930 21930 W View : requestLayout() improperly called by com.whatsapp.WaImageView{add1d8e VF.D..CL. ......ID 0,0-154,154 #7f0b1814 app:id/shutter} during layout: running second layout pass
02-22 18:00:00.926 21930 21930 W View : requestLayout() improperly called by com.whatsapp.CircularProgressBar{8fb09af V.ED..... ......ID 0,0-154,154 #7f0b14fc app:id/recording_progress} during layout: running second layout pass
02-22 18:00:00.926 21930 21930 W View : requestLayout() improperly called by com.whatsapp.WaImageView{c30a1bc VF.D..C.. ......ID 0,0-115,115 #7f0b1976 app:id/switch_camera_btn} during layout: running second layout pass
02-22 18:00:00.926 21930 21930 W View : requestLayout() improperly called by com.whatsapp.WaImageView{5645545 VFED..C.. ......ID 0,0-115,115 #7f0b0b0d app:id/gallery_btn} during layout: running second layout pass
02-22 18:00:00.926 21930 21930 W View : requestLayout() improperly called by com.whatsapp.WaImageView{611849a VFED..C.. ......ID 0,0-115,115 #7f0b057f app:id/close_camera_btn} during layout: running second layout pass
02-22 18:00:01.006 21930 21930 W View : requestLayout() improperly called by com.whatsapp.WaImageView{add1d8e VF.D..CL. ......ID 463,1726-617,1880 #7f0b1814 app:id/shutter} during layout: running second layout pass
02-22 18:00:01.006 21930 21930 W View : requestLayout() improperly called by com.whatsapp.CircularProgressBar{8fb09af V.ED..... ......ID 463,1726-617,1880 #7f0b14fc app:id/recording_progress} during layout: running second layout pass
02-22 18:00:01.006 21930 21930 W View : requestLayout() improperly called by com.whatsapp.WaImageView{c30a1bc VF.D..C.. ......ID 945,1745-1060,1860 #7f0b1976 app:id/switch_camera_btn} during layout: running second layout pass
02-22 18:00:01.006 21930 21930 W View : requestLayout() improperly called by com.whatsapp.WaImageView{5645545 VFED..C.. ......ID 20,1745-135,1860 #7f0b0b0d app:id/gallery_btn} during layout: running second layout pass
02-22 18:00:01.006 21930 21930 W View : requestLayout() improperly called by com.whatsapp.WaImageView{611849a VFED..C.. ......I. 20,20-135,135 #7f0b057f app:id/close_camera_btn} during layout: running second layout pass
02-22 18:00:01.068 21930 21930 W pool-11-thread-: type=1400 audit(0.0:453201): avc: granted { execute } for path="/data/data/com.whatsapp/files/decompressed/libs.spk.zst/libgifimage.so" dev="dm-10" ino=371810 scontext=u:r:untrusted_app:s0:c213,c257,c512,c768 tcontext=u:object_r:app_data_file:s0:c213,c257,c512,c768 tclass=file app=com.whatsapp
02-22 18:00:01.420 21930 23412 W BpBinder: Slow Binder: BpBinder transact took 296 ms, interface=android.media.IMediaMetadataRetriever, code=3 oneway=false
02-22 18:00:02.140 21930 23412 W BpBinder: Slow Binder: BpBinder transact took 719 ms, interface=android.media.IMediaMetadataRetriever, code=5 oneway=false
02-22 18:00:02.392 21930 23417 W BpBinder: Slow Binder: BpBinder transact took 400 ms, interface=android.media.IMediaMetadataRetriever, code=5 oneway=false
02-22 18:00:02.646 21930 23412 W BpBinder: Slow Binder: BpBinder transact took 263 ms, interface=android.media.IMediaMetadataRetriever, code=5 oneway=false
02-22 18:00:02.791 21930 23417 W BpBinder: Slow Binder: BpBinder transact took 218 ms, interface=android.media.IMediaMetadataRetriever, code=5 oneway=false
02-22 18:00:04.113 21930 23405 E libc : Access denied finding property "persist.vendor.camera.privapp.list"
02-22 18:00:04.134 21930 21949 E CameraManagerGlobal: Camera 61 is not available. Ignore physical camera status change
02-22 18:00:04.098 21930 21930 W Optic-Camera-Ha: type=1400 audit(0.0:453202): avc: denied { read } for name="u:object_r:vendor_persist_camera_prop:s0" dev="tmpfs" ino=1267 scontext=u:r:untrusted_app:s0:c213,c257,c512,c768 tcontext=u:object_r:vendor_persist_camera_prop:s0 tclass=file permissive=0 app=com.whatsapp
02-22 18:00:04.165 21930 21930 W View : requestLayout() improperly called by X.4Ki{1bd7ddd V.ED..... ......ID 0,5-1080,120} during layout: running second layout pass
02-22 18:00:04.339 21930 23405 W BpBinder: Slow Binder: BpBinder transact took 223 ms, interface=android.hardware.ICameraService, code=4 oneway=false
02-22 18:00:04.930 21930 21946 W System : A resource failed to call release.
02-22 18:00:05.058 21930 23405 W BpBinder: Slow Binder: BpBinder transact took 630 ms, interface=android.hardware.camera2.ICameraDeviceUser, code=6 oneway=false
02-22 18:00:05.544 21930 23417 W BpBinder: Slow Binder: BpBinder transact took 257 ms, interface=android.media.IMediaMetadataRetriever, code=5 oneway=false
02-22 18:00:08.654 21930 22885 E CameraManagerGlobal: Camera 61 is not available. Ignore physical camera status change
02-22 18:00:08.655 21930 23404 W BpBinder: Slow Binder: BpBinder transact took 228 ms, interface=android.hardware.camera2.ICameraDeviceUser, code=1 oneway=false
02-22 18:00:08.769 21930 21930 W Looper : PerfMonitor looperActivity : package=com.whatsapp/.mediacomposer.MediaComposerActivity time=1ms latency=335ms running=0ms procState=2 ClientTransaction{ callbacks=[android.app.servertransaction.TopResumedActivityChang eItem] } historyMsgCount=4 (msgIndex=4 wall=329ms seq=8649 running=152ms runnable=1ms io=146ms late=6ms h=android.app.ActivityThread$H w=159)
02-22 18:00:08.799 21930 21930 E RecyclerView: No adapter attached; skipping layout
02-22 18:00:08.805 21930 21930 W Looper : PerfMonitor doFrame : time=36ms vsyncFrame=0 latency=329ms procState=2 historyMsgCount=2 (msgIndex=1 wall=329ms seq=8649 running=152ms runnable=1ms io=146ms late=6ms h=android.app.ActivityThread$H w=159)
02-22 18:00:09.377 21930 21930 W VideoCapabilities: Unrecognized profile/level 0/3 for video/mpeg2
02-22 18:00:09.378 21930 21930 W VideoCapabilities: Unrecognized profile/level 0/3 for video/mpeg2
02-22 18:00:09.710 21930 23684 W Codec2Client: query -- param skipped: index = 1107298332.
02-22 18:00:09.710 21930 23684 W CCodec : This behavior is subject to change. It is recommended that app developers double check whether the requested max input size is in reasonable range.
02-22 18:00:09.714 21930 23671 W Codec2Client: query -- param skipped: index = 1107298332.
02-22 18:00:09.714 21930 23671 W CCodec : This behavior is subject to change. It is recommended that app developers double check whether the requested max input size is in reasonable range.
02-22 18:00:09.716 21930 21930 W Looper : PerfMonitor doFrame : time=33ms vsyncFrame=0 latency=543ms procState=2 historyMsgCount=2 (msgIndex=1 wall=544ms seq=8686 running=152ms io=63ms h=android.os.Handler c=X.0jz)
02-22 18:00:09.719 21930 23684 W Codec2Client: query -- param skipped: index = 1342179345.
02-22 18:00:09.719 21930 23684 W Codec2Client: query -- param skipped: index = 2415921170.
02-22 18:00:09.719 21930 23684 W Codec2Client: query -- param skipped: index = 1610614798.
02-22 18:00:09.720 21930 23671 W Codec2Client: query -- param skipped: index = 1342179345.
02-22 18:00:09.720 21930 23671 W Codec2Client: query -- param skipped: index = 2415921170.
02-22 18:00:09.720 21930 23671 W Codec2Client: query -- param skipped: index = 1610614798.
02-22 18:00:09.740 21930 23684 E FMQ : grantorIdx must be less than 3
02-22 18:00:09.741 21930 23684 E FMQ : grantorIdx must be less than 3
02-22 18:00:09.741 21930 23671 E FMQ : grantorIdx must be less than 3
02-22 18:00:09.741 21930 23671 E FMQ : grantorIdx must be less than 3
02-22 18:00:09.749 21930 23684 E ion : ioctl c0044901 failed with code -1: Inappropriate ioctl for device
02-22 18:00:09.751 21930 23684 E FMQ : grantorIdx must be less than 3
02-22 18:00:09.752 21930 23671 E FMQ : grantorIdx must be less than 3
02-22 18:00:09.773 21930 23666 E FMQ : grantorIdx must be less than 3
02-22 18:00:09.774 21930 23666 E FMQ : grantorIdx must be less than 3
02-22 18:00:09.785 21930 23684 W Codec2Client: query -- param skipped: index = 1342179345.
02-22 18:00:09.785 21930 23684 W Codec2Client: query -- param skipped: index = 2415921170.
02-22 18:00:09.785 21930 23684 W Codec2Client: query -- param skipped: index = 1610614798.
02-22 18:00:09.791 21930 23671 W Codec2Client: query -- param skipped: index = 1342179345.
02-22 18:00:09.791 21930 23671 W Codec2Client: query -- param skipped: index = 2415921170.
02-22 18:00:09.791 21930 23671 W Codec2Client: query -- param skipped: index = 1610614798.
02-22 18:00:09.797 21930 23684 W Codec2Client: query -- param skipped: index = 1342179345.
02-22 18:00:09.797 21930 23684 W Codec2Client: query -- param skipped: index = 2415921170.
02-22 18:00:09.797 21930 23684 W Codec2Client: query -- param skipped: index = 1610614798.
02-22 18:00:09.801 21930 23671 W Codec2Client: query -- param skipped: index = 1342179345.
02-22 18:00:09.801 21930 23671 W Codec2Client: query -- param skipped: index = 2415921170.
02-22 18:00:09.801 21930 23671 W Codec2Client: query -- param skipped: index = 1610614798.
02-22 18:00:09.802 21930 23684 W Codec2Client: query -- param skipped: index = 1342179345.
02-22 18:00:09.802 21930 23684 W Codec2Client: query -- param skipped: index = 2415921170.
02-22 18:00:09.802 21930 23684 W Codec2Client: query -- param skipped: index = 1610614798.
02-22 18:00:09.808 21930 23671 W Codec2Client: query -- param skipped: index = 1342179345.
02-22 18:00:09.808 21930 23671 W Codec2Client: query -- param skipped: index = 2415921170.
02-22 18:00:09.808 21930 23671 W Codec2Client: query -- param skipped: index = 1610614798.
02-22 18:00:10.024 21930 22216 W BpBinder: Slow Binder: BpBinder transact took 231 ms, interface=android.media.IMediaMetadataRetriever, code=5 oneway=false
02-22 18:00:10.521 21930 23107 W BpBinder: Slow Binder: BpBinder transact took 255 ms, interface=android.media.IMediaMetadataRetriever, code=5 oneway=false
02-22 18:00:10.626 21930 22216 W BpBinder: Slow Binder: BpBinder transact took 204 ms, interface=android.media.IMediaMetadataRetriever, code=5 oneway=false
02-22 18:00:10.750 21930 23656 W BpBinder: Slow Binder: BpBinder transact took 298 ms, interface=android.media.IMediaMetadataRetriever, code=5 oneway=false
02-22 18:00:10.855 21930 23107 W BpBinder: Slow Binder: BpBinder transact took 320 ms, interface=android.media.IMediaMetadataRetriever, code=5 oneway=false
02-22 18:00:10.972 21930 22216 W BpBinder: Slow Binder: BpBinder transact took 343 ms, interface=android.media.IMediaMetadataRetriever, code=5 oneway=false
02-22 18:00:11.075 21930 23656 W BpBinder: Slow Binder: BpBinder transact took 268 ms, interface=android.media.IMediaMetadataRetriever, code=5 oneway=false
02-22 18:00:11.176 21930 23107 W BpBinder: Slow Binder: BpBinder transact took 318 ms, interface=android.media.IMediaMetadataRetriever, code=5 oneway=false
02-22 18:00:11.293 21930 22216 W BpBinder: Slow Binder: BpBinder transact took 316 ms, interface=android.media.IMediaMetadataRetriever, code=5 oneway=false
02-22 18:00:11.413 21930 23656 W BpBinder: Slow Binder: BpBinder transact took 305 ms, interface=android.media.IMediaMetadataRetriever, code=5 oneway=false
02-22 18:00:11.497 21930 23107 W BpBinder: Slow Binder: BpBinder transact took 319 ms, interface=android.media.IMediaMetadataRetriever, code=5 oneway=false
02-22 18:00:11.604 21930 22216 W BpBinder: Slow Binder: BpBinder transact took 304 ms, interface=android.media.IMediaMetadataRetriever, code=5 oneway=false
02-22 18:00:12.048 21930 23822 W Codec2Client: query -- param skipped: index = 1107298332.
02-22 18:00:12.048 21930 23822 W CCodec : This behavior is subject to change. It is recommended that app developers double check whether the requested max input size is in reasonable range.
02-22 18:00:12.049 21930 23822 W Codec2Client: query -- param skipped: index = 1342179345.
02-22 18:00:12.049 21930 23822 W Codec2Client: query -- param skipped: index = 2415921170.
02-22 18:00:12.049 21930 23822 W Codec2Client: query -- param skipped: index = 1610614798.
02-22 18:00:12.050 21930 23822 E FMQ : grantorIdx must be less than 3
02-22 18:00:12.050 21930 23822 E FMQ : grantorIdx must be less than 3
02-22 18:00:12.053 21930 23822 E FMQ : grantorIdx must be less than 3
02-22 18:00:12.063 21930 23666 E FMQ : grantorIdx must be less than 3
02-22 18:00:12.089 21930 23822 W Codec2Client: query -- param skipped: index = 1342179345.
02-22 18:00:12.089 21930 23822 W Codec2Client: query -- param skipped: index = 2415921170.
02-22 18:00:12.089 21930 23822 W Codec2Client: query -- param skipped: index = 1610614798.
02-22 18:00:12.099 21930 23822 W Codec2Client: query -- param skipped: index = 1342179345.
02-22 18:00:12.099 21930 23822 W Codec2Client: query -- param skipped: index = 2415921170.
02-22 18:00:12.099 21930 23822 W Codec2Client: query -- param skipped: index = 1610614798.
02-22 18:00:12.104 21930 23822 W Codec2Client: query -- param skipped: index = 1342179345.
02-22 18:00:12.104 21930 23822 W Codec2Client: query -- param skipped: index = 2415921170.
02-22 18:00:12.104 21930 23822 W Codec2Client: query -- param skipped: index = 1610614798.
02-22 18:00:12.159 21930 22216 W BpBinder: Slow Binder: BpBinder transact took 209 ms, interface=android.media.IMediaMetadataRetriever, code=5 oneway=false
02-22 18:00:12.255 21930 23107 W BpBinder: Slow Binder: BpBinder transact took 206 ms, interface=android.media.IMediaMetadataRetriever, code=5 oneway=false
02-22 18:00:12.381 21930 23108 W BpBinder: Slow Binder: BpBinder transact took 230 ms, interface=android.media.IMediaMetadataRetriever, code=5 oneway=false
02-22 18:00:12.490 21930 23107 W BpBinder: Slow Binder: BpBinder transact took 233 ms, interface=android.media.IMediaMetadataRetriever, code=5 oneway=false
02-22 18:00:12.629 21930 23108 W BpBinder: Slow Binder: BpBinder transact took 244 ms, interface=android.media.IMediaMetadataRetriever, code=5 oneway=false
02-22 18:00:12.751 21930 23107 W BpBinder: Slow Binder: BpBinder transact took 258 ms, interface=android.media.IMediaMetadataRetriever, code=5 oneway=false
02-22 18:00:12.852 21930 23108 W BpBinder: Slow Binder: BpBinder transact took 219 ms, interface=android.media.IMediaMetadataRetriever, code=5 oneway=false
02-22 18:00:13.881 21930 23671 W Codec2Client: query -- param skipped: index = 1342179345.
02-22 18:00:13.881 21930 23671 W Codec2Client: query -- param skipped: index = 2415921170.
02-22 18:00:13.881 21930 23671 W Codec2Client: query -- param skipped: index = 1610614798.
02-22 18:00:13.909 21930 21930 E RecyclerView: No adapter attached; skipping layout
02-22 18:00:14.322 21930 23656 W BpBinder: Slow Binder: BpBinder transact took 427 ms, interface=android.content.pm.IPackageManager, code=5 oneway=false
02-22 18:00:33.470 21930 23822 W Codec2Client: query -- param skipped: index = 1342179345.
02-22 18:00:33.470 21930 23822 W Codec2Client: query -- param skipped: index = 2415921170.
02-22 18:00:33.470 21930 23822 W Codec2Client: query -- param skipped: index = 1610614798.
02-22 18:01:19.444 21930 21930 W BottomSheetBehavior: BottomSheetBehavior now supports multiple callbacks. `setBottomSheetCallback()` removes all existing callbacks, including ones set internally by library authors, which may result in unintended behavior. This may change in the future. Please use `addBottomSheetCallback()` and `removeBottomSheetCallback()` instead to set your own callbacks.
02-22 18:01:19.481 21930 21930 E RecyclerView: No adapter attached; skipping layout
02-22 18:01:19.968 21930 23684 W Codec2Client: query -- param skipped: index = 1342179345.
02-22 18:01:19.968 21930 23684 W Codec2Client: query -- param skipped: index = 2415921170.
02-22 18:01:19.968 21930 23684 W Codec2Client: query -- param skipped: index = 1610614798.
02-22 18:01:20.182 21930 24254 W Codec2Client: query -- param skipped: index = 1107298332.
02-22 18:01:20.182 21930 24254 W CCodec : This behavior is subject to change. It is recommended that app developers double check whether the requested max input size is in reasonable range.
02-22 18:01:20.185 21930 24254 W Codec2Client: query -- param skipped: index = 1342179345.
02-22 18:01:20.186 21930 24254 W Codec2Client: query -- param skipped: index = 2415921170.
02-22 18:01:20.186 21930 24254 W Codec2Client: query -- param skipped: index = 1610614798.
02-22 18:01:20.187 21930 24254 E FMQ : grantorIdx must be less than 3
02-22 18:01:20.187 21930 24254 E FMQ : grantorIdx must be less than 3
02-22 18:01:20.198 21930 24254 E FMQ : grantorIdx must be less than 3
02-22 18:01:20.214 21930 23666 E FMQ : grantorIdx must be less than 3
02-22 18:01:20.226 21930 24254 W Codec2Client: query -- param skipped: index = 1342179345.
02-22 18:01:20.226 21930 24254 W Codec2Client: query -- param skipped: index = 2415921170.
02-22 18:01:20.226 21930 24254 W Codec2Client: query -- param skipped: index = 1610614798.
02-22 18:01:20.232 21930 24254 W Codec2Client: query -- param skipped: index = 1342179345.
02-22 18:01:20.232 21930 24254 W Codec2Client: query -- param skipped: index = 2415921170.
02-22 18:01:20.232 21930 24254 W Codec2Client: query -- param skipped: index = 1610614798.
02-22 18:01:20.240 21930 24254 W Codec2Client: query -- param skipped: index = 1342179345.
02-22 18:01:20.240 21930 24254 W Codec2Client: query -- param skipped: index = 2415921170.
02-22 18:01:20.240 21930 24254 W Codec2Client: query -- param skipped: index = 1610614798.
02-22 18:01:20.266 21930 23107 W BpBinder: Slow Binder: BpBinder transact took 209 ms, interface=android.media.IMediaMetadataRetriever, code=5 oneway=false
02-22 18:01:21.069 21930 24313 W Codec2Client: query -- param skipped: index = 1107298332.
02-22 18:01:21.069 21930 24313 W CCodec : This behavior is subject to change. It is recommended that app developers double check whether the requested max input size is in reasonable range.
02-22 18:01:21.071 21930 24313 W Codec2Client: query -- param skipped: index = 1342179345.
02-22 18:01:21.071 21930 24313 W Codec2Client: query -- param skipped: index = 2415921170.
02-22 18:01:21.071 21930 24313 W Codec2Client: query -- param skipped: index = 1610614798.
02-22 18:01:21.071 21930 24313 E FMQ : grantorIdx must be less than 3
02-22 18:01:21.071 21930 24313 E FMQ : grantorIdx must be less than 3
02-22 18:01:21.072 21930 23822 W Codec2Client: query -- param skipped: index = 1342179345.
02-22 18:01:21.072 21930 23822 W Codec2Client: query -- param skipped: index = 2415921170.
02-22 18:01:21.072 21930 23822 W Codec2Client: query -- param skipped: index = 1610614798.
02-22 18:01:21.073 21930 24313 E FMQ : grantorIdx must be less than 3
02-22 18:01:21.078 21930 21930 W InputEventReceiver: App Input: Dispatching InputEvent took 186ms in main thread! (MotionEvent: event_seq=570, seq=5541857, action=ACTION_DOWN)
02-22 18:01:21.107 21930 23666 E FMQ : grantorIdx must be less than 3
02-22 18:01:21.152 21930 24313 W Codec2Client: query -- param skipped: index = 1342179345.
02-22 18:01:21.152 21930 24313 W Codec2Client: query -- param skipped: index = 2415921170.
02-22 18:01:21.152 21930 24313 W Codec2Client: query -- param skipped: index = 1610614798.
02-22 18:01:21.158 21930 24313 W Codec2Client: query -- param skipped: index = 1342179345.
02-22 18:01:21.158 21930 24313 W Codec2Client: query -- param skipped: index = 2415921170.
02-22 18:01:21.158 21930 24313 W Codec2Client: query -- param skipped: index = 1610614798.
02-22 18:01:21.161 21930 24313 W Codec2Client: query -- param skipped: index = 1342179345.
02-22 18:01:21.161 21930 24313 W Codec2Client: query -- param skipped: index = 2415921170.
02-22 18:01:21.161 21930 24313 W Codec2Client: query -- param skipped: index = 1610614798.
02-22 18:01:28.705 21930 24254 W Codec2Client: query -- param skipped: index = 1342179345.
02-22 18:01:28.706 21930 24254 W Codec2Client: query -- param skipped: index = 2415921170.
02-22 18:01:28.706 21930 24254 W Codec2Client: query -- param skipped: index = 1610614798.
02-22 18:01:31.182 21930 24544 W Codec2Client: query -- param skipped: index = 1107298332.
02-22 18:01:31.182 21930 24544 W CCodec : This behavior is subject to change. It is recommended that app developers double check whether the requested max input size is in reasonable range.
02-22 18:01:31.184 21930 24544 W Codec2Client: query -- param skipped: index = 1342179345.
02-22 18:01:31.184 21930 24544 W Codec2Client: query -- param skipped: index = 2415921170.
02-22 18:01:31.184 21930 24544 W Codec2Client: query -- param skipped: index = 1610614798.
02-22 18:01:31.185 21930 24544 E FMQ : grantorIdx must be less than 3
02-22 18:01:31.185 21930 24544 E FMQ : grantorIdx must be less than 3
02-22 18:01:31.188 21930 24544 E FMQ : grantorIdx must be less than 3
02-22 18:01:31.191 21930 21930 W BottomSheetBehavior: BottomSheetBehavior now supports multiple callbacks. `setBottomSheetCallback()` removes all existing callbacks, including ones set internally by library authors, which may result in unintended behavior. This may change in the future. Please use `addBottomSheetCallback()` and `removeBottomSheetCallback()` instead to set your own callbacks.
02-22 18:01:31.193 21930 21930 W InputEventReceiver: App Input: Dispatching InputEvent took 165ms in main thread! (MotionEvent: event_seq=624, seq=5541961, action=ACTION_DOWN)
02-22 18:01:31.207 21930 23666 E FMQ : grantorIdx must be less than 3
02-22 18:01:31.221 21930 24544 W Codec2Client: query -- param skipped: index = 1342179345.
02-22 18:01:31.221 21930 24544 W Codec2Client: query -- param skipped: index = 2415921170.
02-22 18:01:31.221 21930 24544 W Codec2Client: query -- param skipped: index = 1610614798.
02-22 18:01:31.229 21930 24544 W Codec2Client: query -- param skipped: index = 1342179345.
02-22 18:01:31.229 21930 24544 W Codec2Client: query -- param skipped: index = 2415921170.
02-22 18:01:31.229 21930 24544 W Codec2Client: query -- param skipped: index = 1610614798.
02-22 18:01:31.237 21930 24544 W Codec2Client: query -- param skipped: index = 1342179345.
02-22 18:01:31.237 21930 24544 W Codec2Client: query -- param skipped: index = 2415921170.
02-22 18:01:31.237 21930 24544 W Codec2Client: query -- param skipped: index = 1610614798.
02-22 18:01:37.021 21930 24254 W Codec2Client: query -- param skipped: index = 1342179345.
02-22 18:01:37.021 21930 24254 W Codec2Client: query -- param skipped: index = 2415921170.
02-22 18:01:37.021 21930 24254 W Codec2Client: query -- param skipped: index = 1610614798.
