02-23 06:31:52.962 13964 13964 W Looper : PerfMonitor longMsg : seq=38 plan=06:31:51.473 late=31ms wall=1457ms running=862ms runnable=214ms io=147ms h=android.view.Choreographer$FrameHandler c=android.view.Choreographer$FrameDisplayEventReceiver procState=2
02-23 06:31:52.962 13964 13964 W Looper : PerfMonitor doFrame : time=1457ms vsyncFrame=0 latency=31ms procState=2 historyMsgCount=22
02-23 06:31:53.027 13964 13964 E RecyclerView: No adapter attached; skipping layout
02-23 06:31:53.034 13964 13964 W Looper : PerfMonitor doFrame : time=68ms vsyncFrame=0 latency=1443ms procState=2 historyMsgCount=6 (msgIndex=1 wall=1457ms seq=38 running=862ms runnable=214ms io=147ms late=31ms h=android.view.Choreographer$FrameHandler c=android.view.Choreographer$FrameDisplayEventReceiver)
02-23 06:31:53.097 13964 13964 W Looper : PerfMonitor looperActivity : package=com.whatsapp/.HomeActivity time=31ms latency=1000ms running=9ms procState=2 ClientTransaction{ lifecycleRequest=android.app.servertransaction.StopActivityItem } historyMsgCount=56 (msgIndex=1 wall=1457ms seq=38 running=862ms runnable=214ms io=147ms late=31ms h=android.view.Choreographer$FrameHandler c=android.view.Choreographer$FrameDisplayEventReceiver) (msgIndex=7 wall=68ms seq=44 running=42ms io=9ms late=1443ms h=android.view.Choreographer$FrameHandler c=android.view.Choreographer$FrameDisplayEventReceiver)
02-23 06:31:53.107 13964 13964 E ArmVmp : Match on catch block at 0x0a in for 0xd9
02-23 06:31:53.142 13964 13964 W Looper : PerfMonitor looperActivity : package=com.whatsapp/mbmodsd.mbmodsw.mbsettings.yo.PauseActivity time=44ms latency=971ms running=8ms procState=2 ClientTransaction{ callbacks=[android.app.servertransaction.LaunchActivityItem] lifecycleRequest=android.app.servertransaction.ResumeActivityItem } historyMsgCount=62 (msgIndex=1 wall=1457ms seq=38 running=862ms runnable=214ms io=147ms late=31ms h=android.view.Choreographer$FrameHandler c=android.view.Choreographer$FrameDisplayEventReceiver) (msgIndex=7 wall=68ms seq=44 running=42ms io=9ms late=1443ms h=android.view.Choreographer$FrameHandler c=android.view.Choreographer$FrameDisplayEventReceiver)
02-23 06:31:53.142 13964 13964 W Looper : PerfMonitor looperActivity : package=com.whatsapp/mbmodsd.mbmodsw.mbsettings.yo.PauseActivity time=0ms latency=1016ms running=0ms procState=2 ClientTransaction{ callbacks=[android.app.servertransaction.TopResumedActivityChang eItem] } historyMsgCount=63 (msgIndex=1 wall=1457ms seq=38 running=862ms runnable=214ms io=147ms late=31ms h=android.view.Choreographer$FrameHandler c=android.view.Choreographer$FrameDisplayEventReceiver) (msgIndex=7 wall=68ms seq=44 running=42ms io=9ms late=1443ms h=android.view.Choreographer$FrameHandler c=android.view.Choreographer$FrameDisplayEventReceiver)
02-23 06:31:53.433 13964 13986 W LibraryVersion: Failed to get app version for libraryName: firebase-iid
02-23 06:31:53.480 13964 14271 W LOTTIE : Animation contains merge paths. Merge paths are only supported on KitKat+ and must be manually enabled by calling enableMergePathsForKitKatAndAbove().
02-23 06:31:53.518 13964 13964 E ArmVmp : Match on catch block at 0xb0 in for 0x125
02-23 06:31:53.524 13964 13964 E ArmVmp : Match on catch block at 0xb0 in for 0x125
02-23 06:31:53.545 13964 13964 E ArmVmp : Match on catch block at 0xb0 in for 0x125
02-23 06:31:53.567 13964 13964 E ArmVmp : Match on catch block at 0xb0 in for 0x125
02-23 06:31:53.571 13964 13964 E ArmVmp : Match on catch block at 0xb0 in for 0x125
02-23 06:31:53.579 13964 13964 E ArmVmp : Match on catch block at 0xb0 in for 0x125
02-23 06:31:53.672 13964 13964 W LOTTIE : Animation contains merge paths but they are disabled.
02-23 06:31:53.704 13964 13964 E ArmVmp : Match on catch block at 0xb0 in for 0xf1
02-23 06:31:53.735 13964 13964 E ArmVmp : Match on catch block at 0xb0 in for 0xf5
02-23 06:31:53.822 13964 13964 E ArmVmp : Match on catch block at 0xb0 in for 0xe9
02-23 06:31:53.833 13964 13964 E ArmVmp : Match on catch block at 0xb0 in for 0xe1
02-23 06:31:53.843 13964 13964 E ArmVmp : Match on catch block at 0x5b in for 0x85
02-23 06:31:53.869 13964 13964 E ArmVmp : Match on catch block at 0x5b in for 0x85
02-23 06:31:53.915 13964 13964 E ArmVmp : Match on catch block at 0x5b in for 0x89
02-23 06:31:53.922 13964 13964 E ArmVmp : Match on catch block at 0x5b in for 0x85
02-23 06:31:54.113 13964 14295 E BitmapFactory: Unable to decode stream: java.io.FileNotFoundException: /storage/emulated/0/Android/media/com.whatsapp/WhatsApp/Media/.Links/ 5e2b9cb36e9c48bb9bdddd5deb872642: open failed: ENOENT (No such file or directory)
02-23 06:31:54.287 13964 13964 W com.whatsapp: type=1400 audit(0.0:532603): avc: denied { read } for name="u:object_r:vendor_displayfeature_prop:s0" dev="tmpfs" ino=1232 scontext=u:r:untrusted_app:s0:c213,c257,c512,c768 tcontext=u:object_r:vendor_displayfeature_prop:s0 tclass=file permissive=0 app=com.whatsapp
02-23 06:31:54.297 13964 13964 E libc : Access denied finding property "ro.vendor.df.effect.conflict"
02-23 06:31:54.297 13964 13964 E libc : Access denied finding property "ro.vendor.knock.type"
02-23 06:31:54.790 13964 14346 W BpBinder: Slow Binder: BpBinder transact took 369 ms, interface=android.app.IActivityManager, code=22 oneway=false
02-23 06:31:57.210 13964 13964 E ArmVmp : Match on catch block at 0x38 in for 0xb9
02-23 06:31:57.213 13964 13964 W System.err: java.lang.NumberFormatException: For input string: ""
02-23 06:31:57.213 13964 13964 W System.err:
02-23 06:31:57.216 13964 13964 W System.err: at java.lang.Integer.parseInt(Integer.java:627)
02-23 06:31:57.216 13964 13964 W System.err:
02-23 06:31:57.216 13964 13964 W System.err: at java.lang.Integer.parseInt(Integer.java:650)
02-23 06:31:57.216 13964 13964 W System.err:
02-23 06:31:57.216 13964 13964 W System.err: at mbmodsd.mbmodsw.home.HomeActivity.mbcRe(Native Method)
02-23 06:31:57.216 13964 13964 W System.err:
02-23 06:31:57.216 13964 13964 W System.err: at com.whatsapp.HomeActivity.onPause(Unknown Source:9)
02-23 06:31:57.216 13964 13964 W System.err:
02-23 06:31:57.216 13964 13964 W System.err: at android.app.Activity.performPause(Activity.java:8343)
02-23 06:31:57.216 13964 13964 W System.err:
02-23 06:31:57.216 13964 13964 W System.err: at android.app.Instrumentation.callActivityOnPause(Instrumentation.java:1510)
02-23 06:31:57.216 13964 13964 W System.err:
02-23 06:31:57.217 13964 13964 W System.err: at android.app.ActivityThread.performPauseActivityIfNeeded(ActivityThread.java:4842)
02-23 06:31:57.217 13964 13964 W System.err:
02-23 06:31:57.217 13964 13964 W System.err: at android.app.ActivityThread.performPauseActivity(ActivityThread.java:4803)
02-23 06:31:57.217 13964 13964 W System.err:
02-23 06:31:57.217 13964 13964 W System.err: at android.app.ActivityThread.handlePauseActivity(ActivityThread.java:4751)
02-23 06:31:57.217 13964 13964 W System.err:
02-23 06:31:57.217 13964 13964 W System.err: at android.app.servertransaction.PauseActivityItem.execute(PauseActivityItem.java:46)
02-23 06:31:57.217 13964 13964 W System.err:
02-23 06:31:57.217 13964 13964 W System.err: at android.app.servertransaction.TransactionExecutor.executeLifecycleState(Transaction Executor.java:176)
02-23 06:31:57.217 13964 13964 W System.err:
02-23 06:31:57.217 13964 13964 W System.err: at android.app.servertransaction.TransactionExecutor.execute(TransactionExecutor.java: 97)
02-23 06:31:57.217 13964 13964 W System.err:
02-23 06:31:57.217 13964 13964 W System.err: at android.app.ActivityThread$H.handleMessage(ActivityThread.java:2131)
02-23 06:31:57.217 13964 13964 W System.err:
02-23 06:31:57.217 13964 13964 W System.err: at android.os.Handler.dispatchMessage(Handler.java:106)
02-23 06:31:57.217 13964 13964 W System.err:
02-23 06:31:57.217 13964 13964 W System.err: at android.os.Looper.loop(Looper.java:236)
02-23 06:31:57.217 13964 13964 W System.err:
02-23 06:31:57.217 13964 13964 W System.err: at android.app.ActivityThread.main(ActivityThread.java:8019)
02-23 06:31:57.217 13964 13964 W System.err:
02-23 06:31:57.217 13964 13964 W System.err: at java.lang.reflect.Method.invoke(Native Method)
02-23 06:31:57.217 13964 13964 W System.err:
02-23 06:31:57.218 13964 13964 W System.err: at com.android.internal.os.RuntimeInit$MethodAndArgsCaller.run(RuntimeInit.java:600)
02-23 06:31:57.218 13964 13964 W System.err:
02-23 06:31:57.218 13964 13964 W System.err: at com.android.internal.os.ZygoteInit.main(ZygoteInit.java:967)
02-23 06:31:57.218 13964 13964 W System.err:
02-23 06:31:57.295 13964 13964 E ArmVmp : Match on catch block at 0xb0 in for 0xe9
02-23 06:31:57.298 13964 13964 E ArmVmp : Match on catch block at 0xb0 in for 0xe9
02-23 06:31:57.377 13964 13964 W BottomSheetBehavior: BottomSheetBehavior now supports multiple callbacks. `setBottomSheetCallback()` removes all existing callbacks, including ones set internally by library authors, which may result in unintended behavior. This may change in the future. Please use `addBottomSheetCallback()` and `removeBottomSheetCallback()` instead to set your own callbacks.
02-23 06:31:57.377 13964 13964 W BottomSheetBehavior: BottomSheetBehavior now supports multiple callbacks. `setBottomSheetCallback()` removes all existing callbacks, including ones set internally by library authors, which may result in unintended behavior. This may change in the future. Please use `addBottomSheetCallback()` and `removeBottomSheetCallback()` instead to set your own callbacks.
02-23 06:31:57.477 13964 13964 W pool-6-thread-1: type=1400 audit(0.0:532605): avc: granted { execute } for path="/data/data/com.whatsapp/files/decompressed/libs.spk.zst/libgifimage.so" dev="dm-10" ino=371810 scontext=u:r:untrusted_app:s0:c213,c257,c512,c768 tcontext=u:object_r:app_data_file:s0:c213,c257,c512,c768 tclass=file app=com.whatsapp
02-23 06:31:57.523 13964 13964 E RecyclerView: No adapter attached; skipping layout
02-23 06:31:57.582 13964 14520 W VideoCapabilities: Unrecognized profile/level 0/3 for video/mpeg2
02-23 06:31:57.583 13964 14520 W VideoCapabilities: Unrecognized profile/level 0/3 for video/mpeg2
02-23 06:31:57.989 13964 14295 W BpBinder: Slow Binder: BpBinder transact took 313 ms, interface=android.media.IMediaMetadataRetriever, code=5 oneway=false
02-23 06:31:58.131 13964 14537 W Codec2Client: query -- param skipped: index = 1107298332.
02-23 06:31:58.131 13964 14537 W CCodec : This behavior is subject to change. It is recommended that app developers double check whether the requested max input size is in reasonable range.
02-23 06:31:58.142 13964 14537 W Codec2Client: query -- param skipped: index = 1342179345.
02-23 06:31:58.142 13964 14537 W Codec2Client: query -- param skipped: index = 2415921170.
02-23 06:31:58.142 13964 14537 W Codec2Client: query -- param skipped: index = 1610614798.
02-23 06:31:58.147 13964 14537 E FMQ : grantorIdx must be less than 3
02-23 06:31:58.147 13964 14537 E FMQ : grantorIdx must be less than 3
02-23 06:31:58.152 13964 14537 E ion : ioctl c0044901 failed with code -1: Inappropriate ioctl for device
02-23 06:31:58.153 13964 14537 E FMQ : grantorIdx must be less than 3
02-23 06:31:58.161 13964 14526 E FMQ : grantorIdx must be less than 3
02-23 06:32:00.525 13964 14537 W Codec2Client: query -- param skipped: index = 1342179345.
02-23 06:32:00.525 13964 14537 W Codec2Client: query -- param skipped: index = 2415921170.
02-23 06:32:00.525 13964 14537 W Codec2Client: query -- param skipped: index = 1610614798.
02-23 06:32:01.334 13964 13964 E ArmVmp : Match on catch block at 0x38 in for 0xb9
02-23 06:32:01.334 13964 13964 W System.err: java.lang.NumberFormatException: For input string: ""
02-23 06:32:01.334 13964 13964 W System.err:
02-23 06:32:01.335 13964 13964 W System.err: at java.lang.Integer.parseInt(Integer.java:627)
02-23 06:32:01.335 13964 13964 W System.err:
02-23 06:32:01.335 13964 13964 W System.err: at java.lang.Integer.parseInt(Integer.java:650)
02-23 06:32:01.335 13964 13964 W System.err:
02-23 06:32:01.335 13964 13964 W System.err: at mbmodsd.mbmodsw.home.HomeActivity.mbcRe(Native Method)
02-23 06:32:01.335 13964 13964 W System.err:
02-23 06:32:01.335 13964 13964 W System.err: at com.whatsapp.HomeActivity.onPause(Unknown Source:9)
02-23 06:32:01.335 13964 13964 W System.err:
02-23 06:32:01.335 13964 13964 W System.err: at android.app.Activity.performPause(Activity.java:8343)
02-23 06:32:01.335 13964 13964 W System.err:
02-23 06:32:01.335 13964 13964 W System.err: at android.app.Instrumentation.callActivityOnPause(Instrumentation.java:1510)
02-23 06:32:01.335 13964 13964 W System.err:
02-23 06:32:01.335 13964 13964 W System.err: at android.app.ActivityThread.performPauseActivityIfNeeded(ActivityThread.java:4842)
02-23 06:32:01.335 13964 13964 W System.err:
02-23 06:32:01.335 13964 13964 W System.err: at android.app.ActivityThread.performPauseActivity(ActivityThread.java:4803)
02-23 06:32:01.335 13964 13964 W System.err:
02-23 06:32:01.335 13964 13964 W System.err: at android.app.ActivityThread.handlePauseActivity(ActivityThread.java:4751)
02-23 06:32:01.335 13964 13964 W System.err:
02-23 06:32:01.335 13964 13964 W System.err: at android.app.servertransaction.PauseActivityItem.execute(PauseActivityItem.java:46)
02-23 06:32:01.335 13964 13964 W System.err:
02-23 06:32:01.335 13964 13964 W System.err: at android.app.servertransaction.TransactionExecutor.executeLifecycleState(Transaction Executor.java:176)
02-23 06:32:01.335 13964 13964 W System.err:
02-23 06:32:01.335 13964 13964 W System.err: at android.app.servertransaction.TransactionExecutor.execute(TransactionExecutor.java: 97)
02-23 06:32:01.335 13964 13964 W System.err:
02-23 06:32:01.336 13964 13964 W System.err: at android.app.ActivityThread$H.handleMessage(ActivityThread.java:2131)
02-23 06:32:01.336 13964 13964 W System.err:
02-23 06:32:01.336 13964 13964 W System.err: at android.os.Handler.dispatchMessage(Handler.java:106)
02-23 06:32:01.336 13964 13964 W System.err:
02-23 06:32:01.336 13964 13964 W System.err: at android.os.Looper.loop(Looper.java:236)
02-23 06:32:01.336 13964 13964 W System.err:
02-23 06:32:01.336 13964 13964 W System.err: at android.app.ActivityThread.main(ActivityThread.java:8019)
02-23 06:32:01.336 13964 13964 W System.err:
02-23 06:32:01.336 13964 13964 W System.err: at java.lang.reflect.Method.invoke(Native Method)
02-23 06:32:01.336 13964 13964 W System.err:
02-23 06:32:01.336 13964 13964 W System.err: at com.android.internal.os.RuntimeInit$MethodAndArgsCaller.run(RuntimeInit.java:600)
02-23 06:32:01.336 13964 13964 W System.err:
02-23 06:32:01.336 13964 13964 W System.err: at com.android.internal.os.ZygoteInit.main(ZygoteInit.java:967)
02-23 06:32:01.336 13964 13964 W System.err:
02-23 06:32:01.363 13964 14021 E SQLiteDatabase: Error inserting transferred=0 media_job_uuid=569a5e6e-53a5-443c-88fd-dcbcbd114ed0 transcoded=0 gif_attribution=0 first_scan_length=0 direct_path=/v/t62.7161- 24/32525276_1776769076082815_8524452169943024137_n.enc?ccb=11- 4&oh=01_AdTlhRkyWaf_QRCa6UmEDVuER8ju8BwrUJhkm3PIoiIhVQ&oe=65FFBCC6&_nc_sid=5e03e0 thumbnail_height_width_ratio=0.5625 is_animated_sticker=0 file_hash=1zBfOWJNXtQMiof8GVEZAYM/3ouNuJSM60FAQNLCXyE= file_path=null file_size=0 partial_media_hash=null face_x=0 face_y=0 height=576 trim_to=0 media_key_timestamp=1708670381000 message_url=https://mmg.whatsapp.net/v/t62.7161- 24/32525276_1776769076082815_8524452169943024137_n.enc?ccb=11- 4&oh=01_AdTlhRkyWaf_QRCa6UmEDVuER8ju8BwrUJhkm3PIoiIhVQ&oe=65FFBCC6&_nc_sid=5e03e0&m ms3=true media_caption=null trim_from=0 mime_type=video/mp4 partial_media_enc_hash=null width=1024 original_file_hash=null has_streaming_sidecar=1 autotransfer_retry_enabled=0 media_upload_handle=null message_row_id=545 multicast_id=null enc_file_hash=Ymam3OcaLvDJNYygTYyMazytlcUFf7GbTF81fc0kUsE= mute_video=0 page_count=0 first_scan_sidecar=null suspicious_content=0 file_length=1110445 media_name=null media_duration=29 chat_row_id=89 media_key=[B@a21587a
02-23 06:32:01.363 13964 14021 E SQLiteDatabase: android.database.sqlite.SQLiteConstraintException: UNIQUE constraint failed: message_media.message_row_id (code 1555 SQLITE_CONSTRAINT_PRIMARYKEY)
02-23 06:32:01.363 13964 14021 E SQLiteDatabase: at android.database.sqlite.SQLiteConnection.nativeExecuteForLastInsertedRowId(Native Method)
02-23 06:32:01.363 13964 14021 E SQLiteDatabase: at android.database.sqlite.SQLiteConnection.executeForLastInsertedRowId(SQLiteConnecti on.java:938)
02-23 06:32:01.363 13964 14021 E SQLiteDatabase: at android.database.sqlite.SQLiteSession.executeForLastInsertedRowId(SQLiteSession.jav a:790)
02-23 06:32:01.363 13964 14021 E SQLiteDatabase: at android.database.sqlite.SQLiteStatement.executeInsert(SQLiteStatement.java:88)
02-23 06:32:01.363 13964 14021 E SQLiteDatabase: at android.database.sqlite.SQLiteDatabase.insertWithOnConflict(SQLiteDatabase.java:170 1)
02-23 06:32:01.363 13964 14021 E SQLiteDatabase: at android.database.sqlite.SQLiteDatabase.insert(SQLiteDatabase.java:1570)
02-23 06:32:01.363 13964 14021 E SQLiteDatabase: at X.2tm.A08(Unknown Source:6)
02-23 06:32:01.363 13964 14021 E SQLiteDatabase: at X.35Y.A07(Unknown Source:212)
02-23 06:32:01.363 13964 14021 E SQLiteDatabase: at X.3QF.A14(Unknown Source:470)
02-23 06:32:01.363 13964 14021 E SQLiteDatabase: at X.3gU.run(Unknown Source:982)
02-23 06:32:01.363 13964 14021 E SQLiteDatabase: at android.os.Handler.handleCallback(Handler.java:938)
02-23 06:32:01.363 13964 14021 E SQLiteDatabase: at android.os.Handler.dispatchMessage(Handler.java:99)
02-23 06:32:01.363 13964 14021 E SQLiteDatabase: at X.0zq.dispatchMessage(Unknown Source:4)
02-23 06:32:01.363 13964 14021 E SQLiteDatabase: at android.os.Looper.loop(Looper.java:236)
02-23 06:32:01.363 13964 14021 E SQLiteDatabase: at android.os.HandlerThread.run(HandlerThread.java:67)
02-23 06:32:01.413 13964 14021 E SQLiteDatabase: Error inserting transferred=0 media_job_uuid=569a5e6e-53a5-443c-88fd-dcbcbd114ed0 transcoded=0 gif_attribution=0 first_scan_length=0 direct_path=/v/t62.7161- 24/32525276_1776769076082815_8524452169943024137_n.enc?ccb=11- 4&oh=01_AdTlhRkyWaf_QRCa6UmEDVuER8ju8BwrUJhkm3PIoiIhVQ&oe=65FFBCC6&_nc_sid=5e03e0 thumbnail_height_width_ratio=0.5625 is_animated_sticker=0 file_hash=1zBfOWJNXtQMiof8GVEZAYM/3ouNuJSM60FAQNLCXyE= file_path=null file_size=0 partial_media_hash=null face_x=0 face_y=0 height=576 trim_to=0 media_key_timestamp=1708670381000 message_url=https://mmg.whatsapp.net/v/t62.7161- 24/32525276_1776769076082815_8524452169943024137_n.enc?ccb=11- 4&oh=01_AdTlhRkyWaf_QRCa6UmEDVuER8ju8BwrUJhkm3PIoiIhVQ&oe=65FFBCC6&_nc_sid=5e03e0&m ms3=true media_caption=null trim_from=0 mime_type=video/mp4 partial_media_enc_hash=null width=1024 original_file_hash=null has_streaming_sidecar=1 autotransfer_retry_enabled=0 media_upload_handle=null message_row_id=545 multicast_id=null enc_file_hash=Ymam3OcaLvDJNYygTYyMazytlcUFf7GbTF81fc0kUsE= mute_video=0 page_count=0 first_scan_sidecar=null suspicious_content=0 file_length=1110445 media_name=null media_duration=29 chat_row_id=89 media_key=[B@a21587a
02-23 06:32:01.413 13964 14021 E SQLiteDatabase: android.database.sqlite.SQLiteConstraintException: UNIQUE constraint failed: message_media.message_row_id (code 1555 SQLITE_CONSTRAINT_PRIMARYKEY)
02-23 06:32:01.413 13964 14021 E SQLiteDatabase: at android.database.sqlite.SQLiteConnection.nativeExecuteForLastInsertedRowId(Native Method)
02-23 06:32:01.413 13964 14021 E SQLiteDatabase: at android.database.sqlite.SQLiteConnection.executeForLastInsertedRowId(SQLiteConnecti on.java:938)
02-23 06:32:01.413 13964 14021 E SQLiteDatabase: at android.database.sqlite.SQLiteSession.executeForLastInsertedRowId(SQLiteSession.jav a:790)
02-23 06:32:01.413 13964 14021 E SQLiteDatabase: at android.database.sqlite.SQLiteStatement.executeInsert(SQLiteStatement.java:88)
02-23 06:32:01.413 13964 14021 E SQLiteDatabase: at android.database.sqlite.SQLiteDatabase.insertWithOnConflict(SQLiteDatabase.java:170 1)
02-23 06:32:01.413 13964 14021 E SQLiteDatabase: at android.database.sqlite.SQLiteDatabase.insert(SQLiteDatabase.java:1570)
02-23 06:32:01.413 13964 14021 E SQLiteDatabase: at X.2tm.A08(Unknown Source:6)
02-23 06:32:01.413 13964 14021 E SQLiteDatabase: at X.35Y.A07(Unknown Source:212)
02-23 06:32:01.413 13964 14021 E SQLiteDatabase: at X.3QF.A14(Unknown Source:470)
02-23 06:32:01.413 13964 14021 E SQLiteDatabase: at X.3gU.run(Unknown Source:982)
02-23 06:32:01.413 13964 14021 E SQLiteDatabase: at android.os.Handler.handleCallback(Handler.java:938)
02-23 06:32:01.413 13964 14021 E SQLiteDatabase: at android.os.Handler.dispatchMessage(Handler.java:99)
02-23 06:32:01.413 13964 14021 E SQLiteDatabase: at X.0zq.dispatchMessage(Unknown Source:4)
02-23 06:32:01.413 13964 14021 E SQLiteDatabase: at android.os.Looper.loop(Looper.java:236)
02-23 06:32:01.413 13964 14021 E SQLiteDatabase: at android.os.HandlerThread.run(HandlerThread.java:67)
02-23 06:32:01.478 13964 13964 W View : requestLayout() improperly called by com.whatsapp.status.ContactStatusThumbnail{a3a37d2 V.ED..... ......ID 34,24-168,158 #7f0b0646 app:id/contact_photo} during layout: running second layout pass
02-23 06:32:01.478 13964 13964 W View : requestLayout() improperly called by com.whatsapp.status.ContactStatusThumbnail{637f0a3 V.ED..... ......ID 34,24-168,158 #7f0b0646 app:id/contact_photo} during layout: running second layout pass
02-23 06:32:02.387 13964 13964 E ArmVmp : Match on catch block at 0xb0 in for 0xe9
02-23 06:32:02.392 13964 13964 E ArmVmp : Match on catch block at 0xb0 in for 0xe9
02-23 06:32:02.449 13964 13964 W BottomSheetBehavior: BottomSheetBehavior now supports multiple callbacks. `setBottomSheetCallback()` removes all existing callbacks, including ones set internally by library authors, which may result in unintended behavior. This may change in the future. Please use `addBottomSheetCallback()` and `removeBottomSheetCallback()` instead to set your own callbacks.
02-23 06:32:02.450 13964 13964 W BottomSheetBehavior: BottomSheetBehavior now supports multiple callbacks. `setBottomSheetCallback()` removes all existing callbacks, including ones set internally by library authors, which may result in unintended behavior. This may change in the future. Please use `addBottomSheetCallback()` and `removeBottomSheetCallback()` instead to set your own callbacks.
02-23 06:32:02.488 13964 13964 W BottomSheetBehavior: BottomSheetBehavior now supports multiple callbacks. `setBottomSheetCallback()` removes all existing callbacks, including ones set internally by library authors, which may result in unintended behavior. This may change in the future. Please use `addBottomSheetCallback()` and `removeBottomSheetCallback()` instead to set your own callbacks.
02-23 06:32:02.488 13964 13964 W BottomSheetBehavior: BottomSheetBehavior now supports multiple callbacks. `setBottomSheetCallback()` removes all existing callbacks, including ones set internally by library authors, which may result in unintended behavior. This may change in the future. Please use `addBottomSheetCallback()` and `removeBottomSheetCallback()` instead to set your own callbacks.
02-23 06:32:02.620 13964 14599 W Codec2Client: query -- param skipped: index = 1107298332.
02-23 06:32:02.620 13964 14599 W CCodec : This behavior is subject to change. It is recommended that app developers double check whether the requested max input size is in reasonable range.
02-23 06:32:02.621 13964 14599 W Codec2Client: query -- param skipped: index = 1342179345.
02-23 06:32:02.621 13964 14599 W Codec2Client: query -- param skipped: index = 2415921170.
02-23 06:32:02.621 13964 14599 W Codec2Client: query -- param skipped: index = 1610614798.
02-23 06:32:02.621 13964 14599 E FMQ : grantorIdx must be less than 3
02-23 06:32:02.621 13964 14599 E FMQ : grantorIdx must be less than 3
02-23 06:32:02.623 13964 14599 E FMQ : grantorIdx must be less than 3
02-23 06:32:02.635 13964 14526 E FMQ : grantorIdx must be less than 3
02-23 06:32:04.707 13964 13978 W System : A resource failed to call release.
02-23 06:32:09.369 13964 14586 W AudioTrack: getTimestamp_l(11215): retrograde timestamp time corrected, 289293914956204 < 289294122198235
02-23 06:32:12.947 13964 13964 W Choreographer: Frame time is 0.095641 ms in the future! Check that graphics HAL is generating vsync timestamps using the correct timebase.
02-23 06:32:17.665 13964 13964 W Choreographer: Frame time is 0.056985 ms in the future! Check that graphics HAL is generating vsync timestamps using the correct timebase.
02-23 06:32:23.750 13964 14599 W Codec2Client: query -- param skipped: index = 1342179345.
02-23 06:32:23.750 13964 14599 W Codec2Client: query -- param skipped: index = 2415921170.
02-23 06:32:23.750 13964 14599 W Codec2Client: query -- param skipped: index = 1610614798.
02-23 06:32:30.563 13964 13964 E ArmVmp : Match on catch block at 0xb0 in for 0xe5
02-23 06:32:30.566 13964 13964 E ArmVmp : Match on catch block at 0xb0 in for 0xe5
02-23 06:32:30.648 13964 13964 W BottomSheetBehavior: BottomSheetBehavior now supports multiple callbacks. `setBottomSheetCallback()` removes all existing callbacks, including ones set internally by library authors, which may result in unintended behavior. This may change in the future. Please use `addBottomSheetCallback()` and `removeBottomSheetCallback()` instead to set your own callbacks.
02-23 06:32:30.648 13964 13964 W BottomSheetBehavior: BottomSheetBehavior now supports multiple callbacks. `setBottomSheetCallback()` removes all existing callbacks, including ones set internally by library authors, which may result in unintended behavior. This may change in the future. Please use `addBottomSheetCallback()` and `removeBottomSheetCallback()` instead to set your own callbacks.
02-23 06:32:30.736 13964 13964 W BottomSheetBehavior: BottomSheetBehavior now supports multiple callbacks. `setBottomSheetCallback()` removes all existing callbacks, including ones set internally by library authors, which may result in unintended behavior. This may change in the future. Please use `addBottomSheetCallback()` and `removeBottomSheetCallback()` instead to set your own callbacks.
02-23 06:32:30.736 13964 13964 W BottomSheetBehavior: BottomSheetBehavior now supports multiple callbacks. `setBottomSheetCallback()` removes all existing callbacks, including ones set internally by library authors, which may result in unintended behavior. This may change in the future. Please use `addBottomSheetCallback()` and `removeBottomSheetCallback()` instead to set your own callbacks.
02-23 06:32:31.113 13964 14923 W Codec2Client: query -- param skipped: index = 1107298332.
02-23 06:32:31.113 13964 14923 W CCodec : This behavior is subject to change. It is recommended that app developers double check whether the requested max input size is in reasonable range.
02-23 06:32:31.120 13964 14923 W Codec2Client: query -- param skipped: index = 1342179345.
02-23 06:32:31.120 13964 14923 W Codec2Client: query -- param skipped: index = 2415921170.
02-23 06:32:31.120 13964 14923 W Codec2Client: query -- param skipped: index = 1610614798.
02-23 06:32:31.123 13964 14923 E FMQ : grantorIdx must be less than 3
02-23 06:32:31.123 13964 14923 E FMQ : grantorIdx must be less than 3
02-23 06:32:31.125 13964 14923 E FMQ : grantorIdx must be less than 3
02-23 06:32:31.132 13964 14526 E FMQ : grantorIdx must be less than 3
02-23 06:32:31.248 13964 14295 W BpBinder: Slow Binder: BpBinder transact took 510 ms, interface=android.media.IMediaMetadataRetriever, code=5 oneway=false
02-23 06:32:45.087 13964 14923 W Codec2Client: query -- param skipped: index = 1342179345.
02-23 06:32:45.087 13964 14923 W Codec2Client: query -- param skipped: index = 2415921170.
02-23 06:32:45.087 13964 14923 W Codec2Client: query -- param skipped: index = 1610614798.
02-23 06:32:45.118 13964 13964 W BottomSheetBehavior: BottomSheetBehavior now supports multiple callbacks. `setBottomSheetCallback()` removes all existing callbacks, including ones set internally by library authors, which may result in unintended behavior. This may change in the future. Please use `addBottomSheetCallback()` and `removeBottomSheetCallback()` instead to set your own callbacks.
02-23 06:32:45.118 13964 13964 W BottomSheetBehavior: BottomSheetBehavior now supports multiple callbacks. `setBottomSheetCallback()` removes all existing callbacks, including ones set internally by library authors, which may result in unintended behavior. This may change in the future. Please use `addBottomSheetCallback()` and `removeBottomSheetCallback()` instead to set your own callbacks.
02-23 06:32:45.179 13964 15045 W Codec2Client: query -- param skipped: index = 1107298332.
02-23 06:32:45.179 13964 15045 W CCodec : This behavior is subject to change. It is recommended that app developers double check whether the requested max input size is in reasonable range.
02-23 06:32:45.181 13964 15045 W Codec2Client: query -- param skipped: index = 1342179345.
02-23 06:32:45.181 13964 15045 W Codec2Client: query -- param skipped: index = 2415921170.
02-23 06:32:45.181 13964 15045 W Codec2Client: query -- param skipped: index = 1610614798.
02-23 06:32:45.182 13964 15045 E FMQ : grantorIdx must be less than 3
02-23 06:32:45.182 13964 15045 E FMQ : grantorIdx must be less than 3
02-23 06:32:45.184 13964 15045 E FMQ : grantorIdx must be less than 3
02-23 06:32:45.193 13964 14526 E FMQ : grantorIdx must be less than 3
02-23 06:32:59.595 13964 13964 W Choreographer: Frame time is 0.078603 ms in the future! Check that graphics HAL is generating vsync timestamps using the correct timebase.
02-23 06:33:30.435 13964 15045 W Codec2Client: query -- param skipped: index = 1342179345.
02-23 06:33:30.435 13964 15045 W Codec2Client: query -- param skipped: index = 2415921170.
02-23 06:33:30.435 13964 15045 W Codec2Client: query -- param skipped: index = 1610614798.
02-23 06:33:30.550 13964 15093 W Codec2Client: query -- param skipped: index = 1107298332.
02-23 06:33:30.550 13964 15093 W CCodec : This behavior is subject to change. It is recommended that app developers double check whether the requested max input size is in reasonable range.
02-23 06:33:30.552 13964 15093 W Codec2Client: query -- param skipped: index = 1342179345.
02-23 06:33:30.552 13964 15093 W Codec2Client: query -- param skipped: index = 2415921170.
02-23 06:33:30.552 13964 15093 W Codec2Client: query -- param skipped: index = 1610614798.
02-23 06:33:30.552 13964 15093 E FMQ : grantorIdx must be less than 3
02-23 06:33:30.552 13964 15093 E FMQ : grantorIdx must be less than 3
02-23 06:33:30.556 13964 15093 E FMQ : grantorIdx must be less than 3
02-23 06:33:30.570 13964 14526 E FMQ : grantorIdx must be less than 3
02-23 06:33:43.285 13964 15093 W Codec2Client: query -- param skipped: index = 1342179345.
02-23 06:33:43.285 13964 15093 W Codec2Client: query -- param skipped: index = 2415921170.
02-23 06:33:43.285 13964 15093 W Codec2Client: query -- param skipped: index = 1610614798.
02-23 06:33:43.387 13964 15140 W Codec2Client: query -- param skipped: index = 1107298332.
02-23 06:33:43.387 13964 15140 W CCodec : This behavior is subject to change. It is recommended that app developers double check whether the requested max input size is in reasonable range.
02-23 06:33:43.390 13964 15140 W Codec2Client: query -- param skipped: index = 1342179345.
02-23 06:33:43.390 13964 15140 W Codec2Client: query -- param skipped: index = 2415921170.
02-23 06:33:43.390 13964 15140 W Codec2Client: query -- param skipped: index = 1610614798.
02-23 06:33:43.390 13964 15140 E FMQ : grantorIdx must be less than 3
02-23 06:33:43.390 13964 15140 E FMQ : grantorIdx must be less than 3
02-23 06:33:43.393 13964 15140 E FMQ : grantorIdx must be less than 3
02-23 06:33:43.400 13964 14526 E FMQ : grantorIdx must be less than 3
02-23 06:33:43.569 13964 15140 W Codec2Client: query -- param skipped: index = 1342179345.
02-23 06:33:43.569 13964 15140 W Codec2Client: query -- param skipped: index = 2415921170.
02-23 06:33:43.569 13964 15140 W Codec2Client: query -- param skipped: index = 1610614798.
02-23 06:33:43.661 13964 15156 W Codec2Client: query -- param skipped: index = 1107298332.
02-23 06:33:43.661 13964 15156 W CCodec : This behavior is subject to change. It is recommended that app developers double check whether the requested max input size is in reasonable range.
02-23 06:33:43.663 13964 15156 W Codec2Client: query -- param skipped: index = 1342179345.
02-23 06:33:43.663 13964 15156 W Codec2Client: query -- param skipped: index = 2415921170.
02-23 06:33:43.663 13964 15156 W Codec2Client: query -- param skipped: index = 1610614798.
02-23 06:33:43.663 13964 15156 E FMQ : grantorIdx must be less than 3
02-23 06:33:43.664 13964 15156 E FMQ : grantorIdx must be less than 3
02-23 06:33:43.665 13964 15156 E FMQ : grantorIdx must be less than 3
02-23 06:33:43.674 13964 14526 E FMQ : grantorIdx must be less than 3
02-23 06:33:58.635 13964 15156 W Codec2Client: query -- param skipped: index = 1342179345.
02-23 06:33:58.635 13964 15156 W Codec2Client: query -- param skipped: index = 2415921170.
02-23 06:33:58.635 13964 15156 W Codec2Client: query -- param skipped: index = 1610614798.
02-23 06:34:02.261 13964 13978 W System : A resource failed to call release.
02-23 06:34:02.261 13964 13978 W System : A resource failed to call release. --------- beginning of system
02-23 06:40:03.056 13964 14295 W BpBinder: Slow Binder: BpBinder transact took 318 ms, interface=android.media.IMediaMetadataRetriever, code=5 oneway=false
02-23 06:40:21.474 13964 13964 W Activity: Slow Operation: Activity com.whatsapp/.HomeActivity onResume took 144ms
02-23 06:40:23.157 13964 14295 W BpBinder: Slow Binder: BpBinder transact took 618 ms, interface=android.media.IMediaMetadataRetriever, code=5 oneway=false
02-23 06:41:37.692 13964 13964 W Activity: Slow Operation: Activity com.whatsapp/.HomeActivity onPause took 96ms
02-23 06:47:28.040 13964 14295 W BpBinder: Slow Binder: BpBinder transact took 238 ms, interface=android.media.IMediaMetadataRetriever, code=5 oneway=false
02-23 06:48:04.906 13964 21408 W BpBinder: Slow Binder: BpBinder transact took 237 ms, interface=android.media.IMediaMetadataRetriever, code=5 oneway=false
02-23 06:48:04.989 13964 21398 W BpBinder: Slow Binder: BpBinder transact took 634 ms, interface=android.hardware.camera2.ICameraDeviceUser, code=6 oneway=false
02-23 06:48:05.256 13964 21406 W BpBinder: Slow Binder: BpBinder transact took 220 ms, interface=android.media.IMediaMetadataRetriever, code=5 oneway=false
02-23 06:48:05.417 13964 21403 W BpBinder: Slow Binder: BpBinder transact took 369 ms, interface=android.media.IMediaMetadataRetriever, code=5 oneway=false
02-23 06:48:05.538 13964 21408 W BpBinder: Slow Binder: BpBinder transact took 339 ms, interface=android.media.IMediaMetadataRetriever, code=5 oneway=false
02-23 06:48:05.633 13964 21406 W BpBinder: Slow Binder: BpBinder transact took 296 ms, interface=android.media.IMediaMetadataRetriever, code=5 oneway=false
02-23 06:48:05.736 13964 21403 W BpBinder: Slow Binder: BpBinder transact took 237 ms, interface=android.media.IMediaMetadataRetriever, code=5 oneway=false
02-23 06:48:05.843 13964 21408 W BpBinder: Slow Binder: BpBinder transact took 239 ms, interface=android.media.IMediaMetadataRetriever, code=5 oneway=false
02-23 06:48:06.059 13964 21404 W BpBinder: Slow Binder: BpBinder transact took 415 ms, interface=android.media.IMediaMetadataRetriever, code=5 oneway=false
02-23 06:48:06.269 13964 21403 W BpBinder: Slow Binder: BpBinder transact took 455 ms, interface=android.media.IMediaMetadataRetriever, code=5 oneway=false
02-23 06:48:06.376 13964 21408 W BpBinder: Slow Binder: BpBinder transact took 439 ms, interface=android.media.IMediaMetadataRetriever, code=5 oneway=false
02-23 06:48:08.743 13964 21397 W BpBinder: Slow Binder: BpBinder transact took 245 ms, interface=android.hardware.camera2.ICameraDeviceUser, code=1 oneway=false
02-23 06:48:09.599 13964 14092 W BpBinder: Slow Binder: BpBinder transact took 201 ms, interface=android.media.IMediaMetadataRetriever, code=5 oneway=false
02-23 06:48:09.686 13964 21354 W BpBinder: Slow Binder: BpBinder transact took 222 ms, interface=android.media.IMediaMetadataRetriever, code=5 oneway=false
02-23 06:48:09.779 13964 21596 W BpBinder: Slow Binder: BpBinder transact took 226 ms, interface=android.media.IMediaMetadataRetriever, code=5 oneway=false
02-23 06:48:09.898 13964 14092 W BpBinder: Slow Binder: BpBinder transact took 286 ms, interface=android.media.IMediaMetadataRetriever, code=5 oneway=false
02-23 06:48:10.027 13964 21354 W BpBinder: Slow Binder: BpBinder transact took 338 ms, interface=android.media.IMediaMetadataRetriever, code=5 oneway=false
02-23 06:48:10.175 13964 21596 W BpBinder: Slow Binder: BpBinder transact took 346 ms, interface=android.media.IMediaMetadataRetriever, code=5 oneway=false
02-23 06:48:10.295 13964 14092 W BpBinder: Slow Binder: BpBinder transact took 389 ms, interface=android.media.IMediaMetadataRetriever, code=5 oneway=false
02-23 06:48:10.419 13964 21354 W BpBinder: Slow Binder: BpBinder transact took 387 ms, interface=android.media.IMediaMetadataRetriever, code=5 oneway=false
02-23 06:48:10.538 13964 21596 W BpBinder: Slow Binder: BpBinder transact took 310 ms, interface=android.media.IMediaMetadataRetriever, code=5 oneway=false
02-23 06:48:10.696 13964 14092 W BpBinder: Slow Binder: BpBinder transact took 398 ms, interface=android.media.IMediaMetadataRetriever, code=5 oneway=false
02-23 06:48:10.861 13964 21354 W BpBinder: Slow Binder: BpBinder transact took 437 ms, interface=android.media.IMediaMetadataRetriever, code=5 oneway=false
02-23 06:48:11.024 13964 14092 W BpBinder: Slow Binder: BpBinder transact took 319 ms, interface=android.media.IMediaMetadataRetriever, code=5 oneway=false
02-23 06:48:11.125 13964 21354 W BpBinder: Slow Binder: BpBinder transact took 260 ms, interface=android.media.IMediaMetadataRetriever, code=5 oneway=false
02-23 06:48:11.240 13964 14092 W BpBinder: Slow Binder: BpBinder transact took 210 ms, interface=android.media.IMediaMetadataRetriever, code=5 oneway=false
02-23 06:48:11.355 13964 21354 W BpBinder: Slow Binder: BpBinder transact took 226 ms, interface=android.media.IMediaMetadataRetriever, code=5 oneway=false
02-23 06:48:11.496 13964 14092 W BpBinder: Slow Binder: BpBinder transact took 250 ms, interface=android.media.IMediaMetadataRetriever, code=5 oneway=false
02-23 06:48:11.633 13964 21354 W BpBinder: Slow Binder: BpBinder transact took 275 ms, interface=android.media.IMediaMetadataRetriever, code=5 oneway=false
02-23 06:48:11.772 13964 14092 W BpBinder: Slow Binder: BpBinder transact took 265 ms, interface=android.media.IMediaMetadataRetriever, code=5 oneway=false
02-23 06:48:11.890 13964 21354 W BpBinder: Slow Binder: BpBinder transact took 253 ms, interface=android.media.IMediaMetadataRetriever, code=5 oneway=false
02-23 06:48:12.033 13964 14092 W BpBinder: Slow Binder: BpBinder transact took 258 ms, interface=android.media.IMediaMetadataRetriever, code=5 oneway=false
02-23 06:48:12.157 13964 21354 W BpBinder: Slow Binder: BpBinder transact took 264 ms, interface=android.media.IMediaMetadataRetriever, code=5 oneway=false
02-23 06:48:23.712 13964 21596 W BpBinder: Slow Binder: BpBinder transact took 243 ms, interface=android.media.IMediaMetadataRetriever, code=5 oneway=false
02-23 06:48:23.879 13964 18438 W BpBinder: Slow Binder: BpBinder transact took 282 ms, interface=android.media.IMediaMetadataRetriever, code=5 oneway=false
02-23 06:48:31.903 13964 21398 W BpBinder: Slow Binder: BpBinder transact took 301 ms, interface=android.hardware.camera2.ICameraDeviceUser, code=6 oneway=false
02-23 06:48:39.588 13964 21397 W BpBinder: Slow Binder: BpBinder transact took 296 ms, interface=android.hardware.camera2.ICameraDeviceUser, code=1 oneway=false
02-23 06:48:40.452 13964 18439 W BpBinder: Slow Binder: BpBinder transact took 253 ms, interface=android.media.IMediaMetadataRetriever, code=5 oneway=false
02-23 06:48:40.534 13964 14092 W BpBinder: Slow Binder: BpBinder transact took 249 ms, interface=android.media.IMediaMetadataRetriever, code=5 oneway=false
02-23 06:48:40.657 13964 22435 W BpBinder: Slow Binder: BpBinder transact took 270 ms, interface=android.media.IMediaMetadataRetriever, code=5 oneway=false
02-23 06:48:40.807 13964 18439 W BpBinder: Slow Binder: BpBinder transact took 349 ms, interface=android.media.IMediaMetadataRetriever, code=5 oneway=false
02-23 06:48:40.981 13964 14092 W BpBinder: Slow Binder: BpBinder transact took 443 ms, interface=android.media.IMediaMetadataRetriever, code=5 oneway=false
02-23 06:48:41.129 13964 22435 W BpBinder: Slow Binder: BpBinder transact took 425 ms, interface=android.media.IMediaMetadataRetriever, code=5 oneway=false
02-23 06:48:41.268 13964 18439 W BpBinder: Slow Binder: BpBinder transact took 457 ms, interface=android.media.IMediaMetadataRetriever, code=5 oneway=false
02-23 06:48:41.429 13964 14092 W BpBinder: Slow Binder: BpBinder transact took 437 ms, interface=android.media.IMediaMetadataRetriever, code=5 oneway=false
02-23 06:48:41.602 13964 18439 W BpBinder: Slow Binder: BpBinder transact took 328 ms, interface=android.media.IMediaMetadataRetriever, code=5 oneway=false
02-23 06:48:41.741 13964 14092 W BpBinder: Slow Binder: BpBinder transact took 301 ms, interface=android.media.IMediaMetadataRetriever, code=5 oneway=false
02-23 06:48:41.914 13964 18439 W BpBinder: Slow Binder: BpBinder transact took 301 ms, interface=android.media.IMediaMetadataRetriever, code=5 oneway=false
02-23 06:48:42.048 13964 14092 W BpBinder: Slow Binder: BpBinder transact took 294 ms, interface=android.media.IMediaMetadataRetriever, code=5 oneway=false
02-23 06:48:42.151 13964 18439 W BpBinder: Slow Binder: BpBinder transact took 224 ms, interface=android.media.IMediaMetadataRetriever, code=5 oneway=false
02-23 06:48:42.255 13964 14092 W BpBinder: Slow Binder: BpBinder transact took 202 ms, interface=android.media.IMediaMetadataRetriever, code=5 oneway=false
02-23 06:48:42.365 13964 18439 W BpBinder: Slow Binder: BpBinder transact took 210 ms, interface=android.media.IMediaMetadataRetriever, code=5 oneway=false
02-23 06:48:42.492 13964 14092 W BpBinder: Slow Binder: BpBinder transact took 230 ms, interface=android.media.IMediaMetadataRetriever, code=5 oneway=false
02-23 06:48:42.643 13964 18439 W BpBinder: Slow Binder: BpBinder transact took 271 ms, interface=android.media.IMediaMetadataRetriever, code=5 oneway=false
02-23 06:48:42.759 13964 14092 W BpBinder: Slow Binder: BpBinder transact took 259 ms, interface=android.media.IMediaMetadataRetriever, code=5 oneway=false
02-23 06:48:46.175 13964 13964 W InputEventReceiver: App Input: Dispatching InputEvent took 152ms in main thread! (MotionEvent: event_seq=849, seq=6053157, action=ACTION_DOWN)
02-23 06:48:52.995 13964 13964 W InputEventReceiver: App Input: Dispatching InputEvent took 162ms in main thread! (MotionEvent: event_seq=867, seq=6053195, action=ACTION_DOWN) --------- beginning of main
02-23 07:44:02.070 27768 27768 E com.whatsapp: Unknown bits set in runtime_flags: 0x800000
02-23 07:44:02.087 27768 27768 E com.whatsapp: Not starting debugger since process cannot load the jdwp agent.
02-23 07:44:02.385 27768 27768 W ResourceType: CREATING STRING CACHE OF 192 bytes
02-23 07:44:02.473 27768 27768 W System.err: java.lang.ClassNotFoundException: mbmodsd.mbmodsw.ui.views.btn.BtnBK
02-23 07:44:02.477 27768 27768 W System.err: at java.lang.Runtime.nativeLoad(Native Method)
02-23 07:44:02.477 27768 27768 W System.err: at java.lang.Runtime.nativeLoad(Runtime.java:1131)
02-23 07:44:02.477 27768 27768 W System.err: at java.lang.Runtime.loadLibrary0(Runtime.java:1085)
02-23 07:44:02.477 27768 27768 W System.err: at java.lang.Runtime.loadLibrary0(Runtime.java:1008)
02-23 07:44:02.477 27768 27768 W System.err: at java.lang.System.loadLibrary(System.java:1664)
02-23 07:44:02.477 27768 27768 W System.err: at arm.EpicVm.<clinit>(Unknown Source:2)
02-23 07:44:02.477 27768 27768 W System.err: at java.lang.Class.newInstance(Native Method)
02-23 07:44:02.477 27768 27768 W System.err: at android.app.AppComponentFactory.instantiateApplication(AppComponentFactory.java:76)
02-23 07:44:02.477 27768 27768 W System.err: at androidx.core.app.CoreComponentFactory.instantiateApplication(Unknown Source:0)
02-23 07:44:02.477 27768 27768 W System.err: at android.app.Instrumentation.newApplication(Instrumentation.java:1158)
02-23 07:44:02.477 27768 27768 W System.err: at android.app.LoadedApk.makeApplication(LoadedApk.java:1240)
02-23 07:44:02.477 27768 27768 W System.err: at android.app.ActivityThread.handleBindApplication(ActivityThread.java:6928)
02-23 07:44:02.477 27768 27768 W System.err: at android.app.ActivityThread.access$1500(ActivityThread.java:255)
02-23 07:44:02.477 27768 27768 W System.err: at android.app.ActivityThread$H.handleMessage(ActivityThread.java:1978)
02-23 07:44:02.477 27768 27768 W System.err: at android.os.Handler.dispatchMessage(Handler.java:106)
02-23 07:44:02.477 27768 27768 W System.err: at android.os.Looper.loop(Looper.java:236)
02-23 07:44:02.477 27768 27768 W System.err: at android.app.ActivityThread.main(ActivityThread.java:8019)
02-23 07:44:02.477 27768 27768 W System.err: at java.lang.reflect.Method.invoke(Native Method)
02-23 07:44:02.477 27768 27768 W System.err: at com.android.internal.os.RuntimeInit$MethodAndArgsCaller.run(RuntimeInit.java:600)
02-23 07:44:02.477 27768 27768 W System.err: at com.android.internal.os.ZygoteInit.main(ZygoteInit.java:967)
02-23 07:44:02.511 27768 27768 E CustomActivityOnCrash: IMPORTANT WARNING! You already have an UncaughtExceptionHandler, are you sure this is correct? If you use a custom UncaughtExceptionHandler, you must initialize it AFTER CustomActivityOnCrash! Installing anyway, but your original handler will not be called.
02-23 07:44:03.341 27768 27768 W com.whatsapp: Accessing hidden method Lcom/android/org/conscrypt/OpenSSLSocketImpl;->setUseSessionTickets(Z)V (greylist- max-q,test-api, reflection, denied)
02-23 07:44:03.341 27768 27768 W com.whatsapp: Accessing hidden method Lcom/android/org/conscrypt/AbstractConscryptSocket;->setUseSessionTickets(Z)V (greylist-max-q, reflection, denied)
02-23 07:44:03.401 27768 27768 W linker : Warning: "/data/data/com.whatsapp/files/decompressed/libs.spk.zst/libc++_shared.so" unused DT entry: unknown processor-specific (type 0x70000001 arg 0x0) (ignoring)
02-23 07:44:03.390 27768 27768 W com.whatsapp: type=1400 audit(0.0:540686): avc: granted { execute } for path="/data/data/com.whatsapp/files/decompressed/libs.spk.zst/libc++_shared.so" dev="dm-10" ino=372071 scontext=u:r:untrusted_app:s0:c213,c257,c512,c768 tcontext=u:object_r:app_data_file:s0:c213,c257,c512,c768 tclass=file app=com.whatsapp
02-23 07:44:03.390 27768 27768 W com.whatsapp: type=1400 audit(0.0:540687): avc: granted { execute } for path="/data/data/com.whatsapp/files/decompressed/libs.spk.zst/libvlc.so" dev="dm- 10" ino=335014 scontext=u:r:untrusted_app:s0:c213,c257,c512,c768 tcontext=u:object_r:app_data_file:s0:c213,c257,c512,c768 tclass=file app=com.whatsapp
02-23 07:44:03.400 27768 27768 W com.whatsapp: type=1400 audit(0.0:540688): avc: granted { execute } for path="/data/data/com.whatsapp/files/decompressed/libs.spk.zst/libwhatsapp.so" dev="dm-10" ino=335273 scontext=u:r:untrusted_app:s0:c213,c257,c512,c768 tcontext=u:object_r:app_data_file:s0:c213,c257,c512,c768 tclass=file app=com.whatsapp
02-23 07:44:03.440 27768 27768 W com.whatsapp: type=1400 audit(0.0:540689): avc: granted { execute } for path="/data/data/com.whatsapp/files/decompressed/libs.spk.zst/libcurve25519.so" dev="dm-10" ino=372156 scontext=u:r:untrusted_app:s0:c213,c257,c512,c768 tcontext=u:object_r:app_data_file:s0:c213,c257,c512,c768 tclass=file app=com.whatsapp
02-23 07:44:03.440 27768 27768 W com.whatsapp: type=1400 audit(0.0:540690): avc: granted { execute } for path="/data/data/com.whatsapp/files/decompressed/libs.spk.zst/libwhatsapp.so" dev="dm-10" ino=335273 scontext=u:r:untrusted_app:s0:c213,c257,c512,c768 tcontext=u:object_r:app_data_file:s0:c213,c257,c512,c768 tclass=file app=com.whatsapp
02-23 07:44:03.538 27768 27843 W com.whatsapp: Class X.2rL failed lock verification and will run slower.
02-23 07:44:03.538 27768 27843 W com.whatsapp: Common causes for lock verification issues are non-optimized dex code
02-23 07:44:03.538 27768 27843 W com.whatsapp: and incorrect proguard optimizations.
02-23 07:44:03.547 27768 27768 W Looper : PerfMonitor longMsg : seq=2 plan=07:44:02.136 late=16ms wall=1383ms running=286ms runnable=33ms io=657ms h=android.app.ActivityThread$H w=110 procState=2
02-23 07:44:03.563 27768 27768 W com.whatsapp: Class X.0eU failed lock verification and will run slower.
02-23 07:44:04.008 27768 27768 W VideoCapabilities: Unrecognized profile/level 0/3 for video/mpeg2
02-23 07:44:04.008 27768 27768 W VideoCapabilities: Unrecognized profile/level 0/3 for video/mpeg2
02-23 07:44:04.146 27768 27768 E libc : Access denied finding property "ro.vendor.df.effect.conflict"
02-23 07:44:04.146 27768 27768 E libc : Access denied finding property "ro.vendor.knock.type"
02-23 07:44:04.230 27768 27768 W Activity: Slow Operation: Activity com.whatsapp/.mediacomposer.MediaComposerActivity onStart took 473ms
02-23 07:44:04.262 27768 27768 W Looper : PerfMonitor looperActivity : package=com.whatsapp/.mediacomposer.MediaComposerActivity time=715ms latency=1407ms running=242ms procState=2 ClientTransaction{ callbacks=[android.app.servertransaction.LaunchActivityItem] lifecycleRequest=android.app.servertransaction.ResumeActivityItem } historyMsgCount=2 (msgIndex=2 wall=1383ms seq=2 running=286ms runnable=33ms io=657ms late=16ms h=android.app.ActivityThread$H w=110)
