02-23 01:38:47.576 19347 19510 E SQLiteDatabase: at android.database.sqlite.SQLiteStatement.executeInsert(SQLiteStatement.java:88)
02-23 01:38:47.576 19347 19510 E SQLiteDatabase: at android.database.sqlite.SQLiteDatabase.insertWithOnConflict(SQLiteDatabase.java:170 1)
02-23 01:38:47.576 19347 19510 E SQLiteDatabase: at android.database.sqlite.SQLiteDatabase.insert(SQLiteDatabase.java:1570)
02-23 01:38:47.576 19347 19510 E SQLiteDatabase: at X.2tm.A08(Unknown Source:6)
02-23 01:38:47.576 19347 19510 E SQLiteDatabase: at X.35Y.A07(Unknown Source:212)
02-23 01:38:47.576 19347 19510 E SQLiteDatabase: at X.3QF.A14(Unknown Source:470)
02-23 01:38:47.576 19347 19510 E SQLiteDatabase: at X.3gU.run(Unknown Source:982)
02-23 01:38:47.576 19347 19510 E SQLiteDatabase: at android.os.Handler.handleCallback(Handler.java:938)
02-23 01:38:47.576 19347 19510 E SQLiteDatabase: at android.os.Handler.dispatchMessage(Handler.java:99)
02-23 01:38:47.576 19347 19510 E SQLiteDatabase: at X.0zq.dispatchMessage(Unknown Source:4)
02-23 01:38:47.576 19347 19510 E SQLiteDatabase: at android.os.Looper.loop(Looper.java:236)
02-23 01:38:47.576 19347 19510 E SQLiteDatabase: at android.os.HandlerThread.run(HandlerThread.java:67)
02-23 01:38:47.727 19347 29127 E 2VD : Exception
02-23 01:38:47.727 19347 29127 E 2VD : X.1zB: Failed to resize video (Attempt to invoke interface method 'void X.493.flush()' on a null object reference)
02-23 01:38:47.727 19347 29127 E 2VD : at X.3g3.run(Unknown Source:5769)
02-23 01:38:47.727 19347 29127 E 2VD : at java.util.concurrent.ThreadPoolExecutor.runWorker(ThreadPoolExecutor.java:1167)
02-23 01:38:47.727 19347 29127 E 2VD : at java.util.concurrent.ThreadPoolExecutor$Worker.run(ThreadPoolExecutor.java:641)
02-23 01:38:47.727 19347 29127 E 2VD : at java.lang.Thread.run(Thread.java:923)
02-23 01:38:47.727 19347 29127 E 2VD : Caused by: java.lang.NullPointerException: Attempt to invoke interface method 'void X.493.flush()' on a null object reference
02-23 01:38:47.727 19347 29127 E 2VD : at X.3g3.run(Unknown Source:4677)
02-23 01:38:47.727 19347 29127 E 2VD : ... 3 more
02-23 01:38:47.798 19347 29216 W Codec2Client: query -- param skipped: index = 1342179345.
02-23 01:38:47.798 19347 29216 W Codec2Client: query -- param skipped: index = 2415921170.
02-23 01:38:47.798 19347 29216 W Codec2Client: query -- param skipped: index = 1610614798.
02-23 01:38:47.879 19347 29233 W Codec2Client: query -- param skipped: index = 1107298332.
02-23 01:38:47.879 19347 29233 W CCodec : This behavior is subject to change. It is recommended that app developers double check whether the requested max input size is in reasonable range.
02-23 01:38:47.881 19347 29233 W Codec2Client: query -- param skipped: index = 1342179345.
02-23 01:38:47.881 19347 29233 W Codec2Client: query -- param skipped: index = 2415921170.
02-23 01:38:47.881 19347 29233 W Codec2Client: query -- param skipped: index = 1610614798.
02-23 01:38:47.881 19347 29233 E FMQ : grantorIdx must be less than 3
02-23 01:38:47.881 19347 29233 E FMQ : grantorIdx must be less than 3
02-23 01:38:47.883 19347 29233 E FMQ : grantorIdx must be less than 3
02-23 01:38:47.889 19347 19556 E FMQ : grantorIdx must be less than 3
02-23 01:38:48.186 19347 19510 E SQLiteDatabase: Error inserting transferred=0 media_job_uuid=64d3cd2f-11b1-44ab-86f2-f49c26bd6991 transcoded=1 gif_attribution=0 first_scan_length=0 direct_path=null thumbnail_height_width_ratio=1.7777778 is_animated_sticker=0 file_hash=null file_path=/data/user/0/com.whatsapp/files/.Shared/e97eba24-003a-4f83-9136- 5523713d5eb6.mp4 file_size=1277277 partial_media_hash=null face_x=0 face_y=0 height=0 trim_to=65361 media_key_timestamp=0 message_url=null media_caption=null trim_from=20361 mime_type=null partial_media_enc_hash=null width=0 original_file_hash=null has_streaming_sidecar=0 autotransfer_retry_enabled=1 media_upload_handle=null message_row_id=537 multicast_id=null enc_file_hash=null mute_video=0 page_count=0 first_scan_sidecar=null suspicious_content=0 file_length=1277277 media_name=e97eba24-003a-4f83-9136-5523713d5eb6.mp4 media_duration=45 chat_row_id=89 media_key=null
02-23 01:38:48.186 19347 19510 E SQLiteDatabase: android.database.sqlite.SQLiteConstraintException: UNIQUE constraint failed: message_media.message_row_id (code 1555 SQLITE_CONSTRAINT_PRIMARYKEY)
02-23 01:38:48.186 19347 19510 E SQLiteDatabase: at android.database.sqlite.SQLiteConnection.nativeExecuteForLastInsertedRowId(Native Method)
02-23 01:38:48.186 19347 19510 E SQLiteDatabase: at android.database.sqlite.SQLiteConnection.executeForLastInsertedRowId(SQLiteConnecti on.java:938)
02-23 01:38:48.186 19347 19510 E SQLiteDatabase: at android.database.sqlite.SQLiteSession.executeForLastInsertedRowId(SQLiteSession.jav a:790)
02-23 01:38:48.186 19347 19510 E SQLiteDatabase: at android.database.sqlite.SQLiteStatement.executeInsert(SQLiteStatement.java:88)
02-23 01:38:48.186 19347 19510 E SQLiteDatabase: at android.database.sqlite.SQLiteDatabase.insertWithOnConflict(SQLiteDatabase.java:170 1)
02-23 01:38:48.186 19347 19510 E SQLiteDatabase: at android.database.sqlite.SQLiteDatabase.insert(SQLiteDatabase.java:1570)
02-23 01:38:48.186 19347 19510 E SQLiteDatabase: at X.2tm.A08(Unknown Source:6)
02-23 01:38:48.186 19347 19510 E SQLiteDatabase: at X.35Y.A07(Unknown Source:212)
02-23 01:38:48.186 19347 19510 E SQLiteDatabase: at X.3QF.A14(Unknown Source:470)
02-23 01:38:48.186 19347 19510 E SQLiteDatabase: at X.3gU.run(Unknown Source:982)
02-23 01:38:48.186 19347 19510 E SQLiteDatabase: at android.os.Handler.handleCallback(Handler.java:938)
02-23 01:38:48.186 19347 19510 E SQLiteDatabase: at android.os.Handler.dispatchMessage(Handler.java:99)
02-23 01:38:48.186 19347 19510 E SQLiteDatabase: at X.0zq.dispatchMessage(Unknown Source:4)
02-23 01:38:48.186 19347 19510 E SQLiteDatabase: at android.os.Looper.loop(Looper.java:236)
02-23 01:38:48.186 19347 19510 E SQLiteDatabase: at android.os.HandlerThread.run(HandlerThread.java:67)
02-23 01:38:48.220 19347 29233 W Codec2Client: query -- param skipped: index = 1342179345.
02-23 01:38:48.221 19347 29233 W Codec2Client: query -- param skipped: index = 2415921170.
02-23 01:38:48.221 19347 29233 W Codec2Client: query -- param skipped: index = 1610614798.
02-23 01:38:48.335 19347 29253 W Codec2Client: query -- param skipped: index = 1107298332.
02-23 01:38:48.335 19347 29253 W CCodec : This behavior is subject to change. It is recommended that app developers double check whether the requested max input size is in reasonable range.
02-23 01:38:48.339 19347 29253 W Codec2Client: query -- param skipped: index = 1342179345.
02-23 01:38:48.339 19347 29253 W Codec2Client: query -- param skipped: index = 2415921170.
02-23 01:38:48.339 19347 29253 W Codec2Client: query -- param skipped: index = 1610614798.
02-23 01:38:48.339 19347 29253 E FMQ : grantorIdx must be less than 3
02-23 01:38:48.339 19347 29253 E FMQ : grantorIdx must be less than 3
02-23 01:38:48.342 19347 29253 E FMQ : grantorIdx must be less than 3
02-23 01:38:48.351 19347 19556 E FMQ : grantorIdx must be less than 3
02-23 01:38:48.359 19347 29253 W Codec2Client: query -- param skipped: index = 1342179345.
02-23 01:38:48.359 19347 29253 W Codec2Client: query -- param skipped: index = 2415921170.
02-23 01:38:48.359 19347 29253 W Codec2Client: query -- param skipped: index = 1610614798.
02-23 01:38:49.246 19347 19347 E ArmVmp : Match on catch block at 0xb0 in for 0xe1
02-23 01:38:49.249 19347 19347 E ArmVmp : Match on catch block at 0xb0 in for 0xe1
02-23 01:38:49.299 19347 19347 W BottomSheetBehavior: BottomSheetBehavior now supports multiple callbacks. `setBottomSheetCallback()` removes all existing callbacks, including ones set internally by library authors, which may result in unintended behavior. This may change in the future. Please use `addBottomSheetCallback()` and `removeBottomSheetCallback()` instead to set your own callbacks.
02-23 01:38:49.300 19347 19347 W BottomSheetBehavior: BottomSheetBehavior now supports multiple callbacks. `setBottomSheetCallback()` removes all existing callbacks, including ones set internally by library authors, which may result in unintended behavior. This may change in the future. Please use `addBottomSheetCallback()` and `removeBottomSheetCallback()` instead to set your own callbacks.
02-23 01:38:49.328 19347 19347 W BottomSheetBehavior: BottomSheetBehavior now supports multiple callbacks. `setBottomSheetCallback()` removes all existing callbacks, including ones set internally by library authors, which may result in unintended behavior. This may change in the future. Please use `addBottomSheetCallback()` and `removeBottomSheetCallback()` instead to set your own callbacks.
02-23 01:38:49.329 19347 19347 W BottomSheetBehavior: BottomSheetBehavior now supports multiple callbacks. `setBottomSheetCallback()` removes all existing callbacks, including ones set internally by library authors, which may result in unintended behavior. This may change in the future. Please use `addBottomSheetCallback()` and `removeBottomSheetCallback()` instead to set your own callbacks.
02-23 01:38:49.412 19347 29288 W Codec2Client: query -- param skipped: index = 1107298332.
02-23 01:38:49.412 19347 29288 W CCodec : This behavior is subject to change. It is recommended that app developers double check whether the requested max input size is in reasonable range.
02-23 01:38:49.413 19347 29288 W Codec2Client: query -- param skipped: index = 1342179345.
02-23 01:38:49.413 19347 29288 W Codec2Client: query -- param skipped: index = 2415921170.
02-23 01:38:49.413 19347 29288 W Codec2Client: query -- param skipped: index = 1610614798.
02-23 01:38:49.414 19347 29288 E FMQ : grantorIdx must be less than 3
02-23 01:38:49.414 19347 29288 E FMQ : grantorIdx must be less than 3
02-23 01:38:49.416 19347 29288 E FMQ : grantorIdx must be less than 3
02-23 01:38:49.423 19347 19556 E FMQ : grantorIdx must be less than 3
02-23 01:38:49.988 19347 19510 E SQLiteDatabase: Error inserting transferred=0 media_job_uuid=64d3cd2f-11b1-44ab-86f2-f49c26bd6991 transcoded=1 gif_attribution=0 first_scan_length=0 direct_path=null thumbnail_height_width_ratio=1.7777778 is_animated_sticker=0 file_hash=Qop6hpdGmpjaX07pF7/sc/YQXs+7a9HjCHzJZwwGriU= file_path=/data/user/0/com.whatsapp/files/.Shared/e97eba24-003a-4f83-9136- 5523713d5eb6.mp4 file_size=1277277 partial_media_hash=null face_x=0 face_y=0 height=1016 trim_to=65361 media_key_timestamp=1708666728846 message_url=null media_caption=null trim_from=20361 mime_type=video/mp4 partial_media_enc_hash=null width=576 original_file_hash=null has_streaming_sidecar=0 autotransfer_retry_enabled=0 media_upload_handle=null message_row_id=537 multicast_id=null enc_file_hash=9EzF/og+4Hh9cCX8BwXH1DzlxNDMDy842dm9oP/9Qtk= mute_video=0 page_count=0 first_scan_sidecar=null suspicious_content=0 file_length=1277277 media_name=e97eba24-003a-4f83-9136-5523713d5eb6.mp4 media_duration=45 chat_row_id=89 media_key=[B@b66f4fa
02-23 01:38:49.988 19347 19510 E SQLiteDatabase: android.database.sqlite.SQLiteConstraintException: UNIQUE constraint failed: message_media.message_row_id (code 1555 SQLITE_CONSTRAINT_PRIMARYKEY)
02-23 01:38:49.988 19347 19510 E SQLiteDatabase: at android.database.sqlite.SQLiteConnection.nativeExecuteForLastInsertedRowId(Native Method)
02-23 01:38:49.988 19347 19510 E SQLiteDatabase: at android.database.sqlite.SQLiteConnection.executeForLastInsertedRowId(SQLiteConnecti on.java:938)
02-23 01:38:49.988 19347 19510 E SQLiteDatabase: at android.database.sqlite.SQLiteSession.executeForLastInsertedRowId(SQLiteSession.jav a:790)
02-23 01:38:49.988 19347 19510 E SQLiteDatabase: at android.database.sqlite.SQLiteStatement.executeInsert(SQLiteStatement.java:88)
02-23 01:38:49.988 19347 19510 E SQLiteDatabase: at android.database.sqlite.SQLiteDatabase.insertWithOnConflict(SQLiteDatabase.java:170 1)
02-23 01:38:49.988 19347 19510 E SQLiteDatabase: at android.database.sqlite.SQLiteDatabase.insert(SQLiteDatabase.java:1570)
02-23 01:38:49.988 19347 19510 E SQLiteDatabase: at X.2tm.A08(Unknown Source:6)
02-23 01:38:49.988 19347 19510 E SQLiteDatabase: at X.35Y.A07(Unknown Source:212)
02-23 01:38:49.988 19347 19510 E SQLiteDatabase: at X.3QF.A14(Unknown Source:470)
02-23 01:38:49.988 19347 19510 E SQLiteDatabase: at X.3gU.run(Unknown Source:982)
02-23 01:38:49.988 19347 19510 E SQLiteDatabase: at android.os.Handler.handleCallback(Handler.java:938)
02-23 01:38:49.988 19347 19510 E SQLiteDatabase: at android.os.Handler.dispatchMessage(Handler.java:99)
02-23 01:38:49.988 19347 19510 E SQLiteDatabase: at X.0zq.dispatchMessage(Unknown Source:4)
02-23 01:38:49.988 19347 19510 E SQLiteDatabase: at android.os.Looper.loop(Looper.java:236)
02-23 01:38:49.988 19347 19510 E SQLiteDatabase: at android.os.HandlerThread.run(HandlerThread.java:67)
02-23 01:38:51.649 19347 19381 W System : A resource failed to call release.
02-23 01:38:55.218 19347 29462 W LibraryVersion: Failed to get app version for libraryName: firebase-iid
02-23 01:38:56.976 19347 29288 W Codec2Client: query -- param skipped: index = 1342179345.
02-23 01:38:56.976 19347 29288 W Codec2Client: query -- param skipped: index = 2415921170.
02-23 01:38:56.976 19347 29288 W Codec2Client: query -- param skipped: index = 1610614798.
02-23 01:38:57.004 19347 19347 W BottomSheetBehavior: BottomSheetBehavior now supports multiple callbacks. `setBottomSheetCallback()` removes all existing callbacks, including ones set internally by library authors, which may result in unintended behavior. This may change in the future. Please use `addBottomSheetCallback()` and `removeBottomSheetCallback()` instead to set your own callbacks.
02-23 01:38:57.004 19347 19347 W BottomSheetBehavior: BottomSheetBehavior now supports multiple callbacks. `setBottomSheetCallback()` removes all existing callbacks, including ones set internally by library authors, which may result in unintended behavior. This may change in the future. Please use `addBottomSheetCallback()` and `removeBottomSheetCallback()` instead to set your own callbacks.
02-23 01:38:57.077 19347 29506 W Codec2Client: query -- param skipped: index = 1107298332.
02-23 01:38:57.077 19347 29506 W CCodec : This behavior is subject to change. It is recommended that app developers double check whether the requested max input size is in reasonable range.
02-23 01:38:57.084 19347 29506 W Codec2Client: query -- param skipped: index = 1342179345.
02-23 01:38:57.084 19347 29506 W Codec2Client: query -- param skipped: index = 2415921170.
02-23 01:38:57.084 19347 29506 W Codec2Client: query -- param skipped: index = 1610614798.
02-23 01:38:57.085 19347 29506 E FMQ : grantorIdx must be less than 3
02-23 01:38:57.085 19347 29506 E FMQ : grantorIdx must be less than 3
02-23 01:38:57.090 19347 29506 E FMQ : grantorIdx must be less than 3
02-23 01:38:57.102 19347 19556 E FMQ : grantorIdx must be less than 3
02-23 01:39:08.550 19347 29506 W Codec2Client: query -- param skipped: index = 1342179345.
02-23 01:39:08.550 19347 29506 W Codec2Client: query -- param skipped: index = 2415921170.
02-23 01:39:08.550 19347 29506 W Codec2Client: query -- param skipped: index = 1610614798.
02-23 01:39:08.676 19347 29528 W Codec2Client: query -- param skipped: index = 1107298332.
02-23 01:39:08.676 19347 29528 W CCodec : This behavior is subject to change. It is recommended that app developers double check whether the requested max input size is in reasonable range.
02-23 01:39:08.679 19347 29528 W Codec2Client: query -- param skipped: index = 1342179345.
02-23 01:39:08.679 19347 29528 W Codec2Client: query -- param skipped: index = 2415921170.
02-23 01:39:08.679 19347 29528 W Codec2Client: query -- param skipped: index = 1610614798.
02-23 01:39:08.680 19347 29528 E FMQ : grantorIdx must be less than 3
02-23 01:39:08.680 19347 29528 E FMQ : grantorIdx must be less than 3
02-23 01:39:08.683 19347 29528 E FMQ : grantorIdx must be less than 3
02-23 01:39:08.691 19347 19556 E FMQ : grantorIdx must be less than 3
02-23 01:39:08.871 19347 29528 W Codec2Client: query -- param skipped: index = 1342179345.
02-23 01:39:08.871 19347 29528 W Codec2Client: query -- param skipped: index = 2415921170.
02-23 01:39:08.871 19347 29528 W Codec2Client: query -- param skipped: index = 1610614798.
02-23 01:39:08.955 19347 29539 W Codec2Client: query -- param skipped: index = 1107298332.
02-23 01:39:08.955 19347 29539 W CCodec : This behavior is subject to change. It is recommended that app developers double check whether the requested max input size is in reasonable range.
02-23 01:39:08.957 19347 29539 W Codec2Client: query -- param skipped: index = 1342179345.
02-23 01:39:08.957 19347 29539 W Codec2Client: query -- param skipped: index = 2415921170.
02-23 01:39:08.957 19347 29539 W Codec2Client: query -- param skipped: index = 1610614798.
02-23 01:39:08.957 19347 29539 E FMQ : grantorIdx must be less than 3
02-23 01:39:08.957 19347 29539 E FMQ : grantorIdx must be less than 3
02-23 01:39:08.959 19347 29539 E FMQ : grantorIdx must be less than 3
02-23 01:39:08.971 19347 19556 E FMQ : grantorIdx must be less than 3
02-23 01:39:16.316 19347 29276 W AudioTrack: getTimestamp_l(11178): retrograde timestamp time corrected, 285454228892772 < 285454461971575
02-23 01:39:22.464 19347 29539 W Codec2Client: query -- param skipped: index = 1342179345.
02-23 01:39:22.464 19347 29539 W Codec2Client: query -- param skipped: index = 2415921170.
02-23 01:39:22.464 19347 29539 W Codec2Client: query -- param skipped: index = 1610614798.
02-23 01:39:22.656 19347 29660 W Codec2Client: query -- param skipped: index = 1107298332.
02-23 01:39:22.656 19347 29660 W CCodec : This behavior is subject to change. It is recommended that app developers double check whether the requested max input size is in reasonable range.
02-23 01:39:22.659 19347 29660 W Codec2Client: query -- param skipped: index = 1342179345.
02-23 01:39:22.659 19347 29660 W Codec2Client: query -- param skipped: index = 2415921170.
02-23 01:39:22.659 19347 29660 W Codec2Client: query -- param skipped: index = 1610614798.
02-23 01:39:22.660 19347 29660 E FMQ : grantorIdx must be less than 3
02-23 01:39:22.660 19347 29660 E FMQ : grantorIdx must be less than 3
02-23 01:39:22.663 19347 29660 E FMQ : grantorIdx must be less than 3
02-23 01:39:22.673 19347 19556 E FMQ : grantorIdx must be less than 3
02-23 01:39:25.617 19347 29660 W Codec2Client: query -- param skipped: index = 1342179345.
02-23 01:39:25.617 19347 29660 W Codec2Client: query -- param skipped: index = 2415921170.
02-23 01:39:25.617 19347 29660 W Codec2Client: query -- param skipped: index = 1610614798.
02-23 01:39:25.697 19347 29677 W Codec2Client: query -- param skipped: index = 1107298332.
02-23 01:39:25.697 19347 29677 W CCodec : This behavior is subject to change. It is recommended that app developers double check whether the requested max input size is in reasonable range.
02-23 01:39:25.698 19347 29677 W Codec2Client: query -- param skipped: index = 1342179345.
02-23 01:39:25.698 19347 29677 W Codec2Client: query -- param skipped: index = 2415921170.
02-23 01:39:25.698 19347 29677 W Codec2Client: query -- param skipped: index = 1610614798.
02-23 01:39:25.698 19347 29677 E FMQ : grantorIdx must be less than 3
02-23 01:39:25.698 19347 29677 E FMQ : grantorIdx must be less than 3
02-23 01:39:25.701 19347 29677 E FMQ : grantorIdx must be less than 3
02-23 01:39:25.709 19347 19556 E FMQ : grantorIdx must be less than 3
02-23 01:39:31.038 19347 19510 E SQLiteDatabase: Error inserting transferred=0 media_job_uuid=69eda4db-bb4b-40a0-bd21-7fdb45af2e3b transcoded=0 gif_attribution=0 first_scan_length=0 direct_path=null thumbnail_height_width_ratio=1.7857143 is_animated_sticker=0 file_hash=null file_path=/data/user/0/com.whatsapp/files/.Shared/27b63f370cab4bf9b3556dce0202ed3c file_size=1373780 partial_media_hash=null face_x=0 face_y=0 height=0 trim_to=14555 media_key_timestamp=0 message_url=null media_caption=null trim_from=0 mime_type=null partial_media_enc_hash=null width=0 original_file_hash=null has_streaming_sidecar=0 autotransfer_retry_enabled=1 media_upload_handle=null message_row_id=536 multicast_id=null enc_file_hash=null mute_video=0 page_count=0 first_scan_sidecar=null suspicious_content=0 file_length=1373780 media_name=27b63f370cab4bf9b3556dce0202ed3c media_duration=14 chat_row_id=89 media_key=null
02-23 01:39:31.038 19347 19510 E SQLiteDatabase: android.database.sqlite.SQLiteConstraintException: UNIQUE constraint failed: message_media.message_row_id (code 1555 SQLITE_CONSTRAINT_PRIMARYKEY)
02-23 01:39:31.038 19347 19510 E SQLiteDatabase: at android.database.sqlite.SQLiteConnection.nativeExecuteForLastInsertedRowId(Native Method)
02-23 01:39:31.038 19347 19510 E SQLiteDatabase: at android.database.sqlite.SQLiteConnection.executeForLastInsertedRowId(SQLiteConnecti on.java:938)
02-23 01:39:31.038 19347 19510 E SQLiteDatabase: at android.database.sqlite.SQLiteSession.executeForLastInsertedRowId(SQLiteSession.jav a:790)
02-23 01:39:31.038 19347 19510 E SQLiteDatabase: at android.database.sqlite.SQLiteStatement.executeInsert(SQLiteStatement.java:88)
02-23 01:39:31.038 19347 19510 E SQLiteDatabase: at android.database.sqlite.SQLiteDatabase.insertWithOnConflict(SQLiteDatabase.java:170 1)
02-23 01:39:31.038 19347 19510 E SQLiteDatabase: at android.database.sqlite.SQLiteDatabase.insert(SQLiteDatabase.java:1570)
02-23 01:39:31.038 19347 19510 E SQLiteDatabase: at X.2tm.A08(Unknown Source:6)
02-23 01:39:31.038 19347 19510 E SQLiteDatabase: at X.35Y.A07(Unknown Source:212)
02-23 01:39:31.038 19347 19510 E SQLiteDatabase: at X.3QF.A14(Unknown Source:470)
02-23 01:39:31.038 19347 19510 E SQLiteDatabase: at X.3gU.run(Unknown Source:982)
02-23 01:39:31.038 19347 19510 E SQLiteDatabase: at android.os.Handler.handleCallback(Handler.java:938)
02-23 01:39:31.038 19347 19510 E SQLiteDatabase: at android.os.Handler.dispatchMessage(Handler.java:99)
02-23 01:39:31.038 19347 19510 E SQLiteDatabase: at X.0zq.dispatchMessage(Unknown Source:4)
02-23 01:39:31.038 19347 19510 E SQLiteDatabase: at android.os.Looper.loop(Looper.java:236)
02-23 01:39:31.038 19347 19510 E SQLiteDatabase: at android.os.HandlerThread.run(HandlerThread.java:67)
02-23 01:39:31.462 19347 29688 W OMXUtils: do not know color format 0x7fa30c06 = 2141391878
02-23 01:39:31.462 19347 29688 W OMXUtils: do not know color format 0x7fa30c04 = 2141391876
02-23 01:39:31.462 19347 29688 W OMXUtils: do not know color format 0x7fa30c00 = 2141391872
02-23 01:39:31.463 19347 29688 W OMXUtils: do not know color format 0x7fa30c09 = 2141391881
02-23 01:39:31.463 19347 29688 W OMXUtils: do not know color format 0x7fa30c0a = 2141391882
02-23 01:39:31.463 19347 29688 W OMXUtils: do not know color format 0x7fa30c08 = 2141391880
02-23 01:39:31.463 19347 29688 W OMXUtils: do not know color format 0x7fa30c07 = 2141391879
02-23 01:39:31.464 19347 29688 W OMXUtils: do not know color format 0x7f000789 = 2130708361
02-23 01:39:31.473 19347 29688 W OMXUtils: do not know color format 0x7f000789 = 2130708361
02-23 01:39:35.365 19347 29686 W MPEG4Writer: Timed-out waiting for video track to reach final audio timestamp !
02-23 01:39:35.393 19347 29686 E MPEG4Writer: Stop() called but track is not started or stopped
02-23 01:39:35.393 19347 29686 E MPEG4Writer: Stop() called but track is not started or stopped
02-23 01:39:35.416 19347 29686 E libEGL : call to OpenGL ES API with no current context (logged once per thread)
02-23 01:39:35.832 19347 19510 E SQLiteDatabase: Error inserting transferred=0 media_job_uuid=69eda4db-bb4b-40a0-bd21-7fdb45af2e3b transcoded=1 gif_attribution=0 first_scan_length=0 direct_path=null thumbnail_height_width_ratio=1.7777778 is_animated_sticker=0 file_hash=null file_path=/data/user/0/com.whatsapp/files/.Shared/6537a7a4-6b5a-456d-9ed8- 2774e1689d34.mp4 file_size=1539611 partial_media_hash=null face_x=0 face_y=0 height=0 trim_to=14555 media_key_timestamp=0 message_url=null media_caption=null trim_from=0 mime_type=null partial_media_enc_hash=null width=0 original_file_hash=null has_streaming_sidecar=0 autotransfer_retry_enabled=1 media_upload_handle=null message_row_id=536 multicast_id=null enc_file_hash=null mute_video=0 page_count=0 first_scan_sidecar=null suspicious_content=0 file_length=1539611 media_name=6537a7a4-6b5a-456d-9ed8-2774e1689d34.mp4 media_duration=14 chat_row_id=89 media_key=null
02-23 01:39:35.832 19347 19510 E SQLiteDatabase: android.database.sqlite.SQLiteConstraintException: UNIQUE constraint failed: message_media.message_row_id (code 1555 SQLITE_CONSTRAINT_PRIMARYKEY)
02-23 01:39:35.832 19347 19510 E SQLiteDatabase: at android.database.sqlite.SQLiteConnection.nativeExecuteForLastInsertedRowId(Native Method)
02-23 01:39:35.832 19347 19510 E SQLiteDatabase: at android.database.sqlite.SQLiteConnection.executeForLastInsertedRowId(SQLiteConnecti on.java:938)
02-23 01:39:35.832 19347 19510 E SQLiteDatabase: at android.database.sqlite.SQLiteSession.executeForLastInsertedRowId(SQLiteSession.jav a:790)
02-23 01:39:35.832 19347 19510 E SQLiteDatabase: at android.database.sqlite.SQLiteStatement.executeInsert(SQLiteStatement.java:88)
02-23 01:39:35.832 19347 19510 E SQLiteDatabase: at android.database.sqlite.SQLiteDatabase.insertWithOnConflict(SQLiteDatabase.java:170 1)
02-23 01:39:35.832 19347 19510 E SQLiteDatabase: at android.database.sqlite.SQLiteDatabase.insert(SQLiteDatabase.java:1570)
02-23 01:39:35.832 19347 19510 E SQLiteDatabase: at X.2tm.A08(Unknown Source:6)
02-23 01:39:35.832 19347 19510 E SQLiteDatabase: at X.35Y.A07(Unknown Source:212)
02-23 01:39:35.832 19347 19510 E SQLiteDatabase: at X.3QF.A14(Unknown Source:470)
02-23 01:39:35.832 19347 19510 E SQLiteDatabase: at X.3gU.run(Unknown Source:982)
02-23 01:39:35.832 19347 19510 E SQLiteDatabase: at android.os.Handler.handleCallback(Handler.java:938)
02-23 01:39:35.832 19347 19510 E SQLiteDatabase: at android.os.Handler.dispatchMessage(Handler.java:99)
02-23 01:39:35.832 19347 19510 E SQLiteDatabase: at X.0zq.dispatchMessage(Unknown Source:4)
02-23 01:39:35.832 19347 19510 E SQLiteDatabase: at android.os.Looper.loop(Looper.java:236)
02-23 01:39:35.832 19347 19510 E SQLiteDatabase: at android.os.HandlerThread.run(HandlerThread.java:67)
02-23 01:39:38.818 19347 19510 E SQLiteDatabase: Error inserting transferred=1 media_job_uuid=69eda4db-bb4b-40a0-bd21-7fdb45af2e3b transcoded=1 gif_attribution=0 first_scan_length=0 direct_path=/v/t62.7161- 24/40939863_1574816326599305_8000235028408655201_n.enc?ccb=11- 4&oh=01_AdRtPyM_htpENWoN-Pot_PvS3euPLLXcKzp0eeHeKwJTog&oe=65FFB1A9&_nc_sid=5e03e0 thumbnail_height_width_ratio=1.7777778 is_animated_sticker=0 file_hash=2CCBkJfs3tthZ0credm3I4zVW/rZ/XdwnYQZc7h1ibo= file_path=Media/WhatsApp Video/Sent/VID-20240223-WA0000.mp4 file_size=1539611 partial_media_hash=null face_x=0 face_y=0 height=656 trim_to=14555 media_key_timestamp=1708666776477 message_url=https://mmg.whatsapp.net/v/t62.7161- 24/40939863_1574816326599305_8000235028408655201_n.enc?ccb=11- 4&oh=01_AdRtPyM_htpENWoN- Pot_PvS3euPLLXcKzp0eeHeKwJTog&oe=65FFB1A9&_nc_sid=5e03e0&mms3=true media_caption=null trim_from=0 mime_type=video/mp4 partial_media_enc_hash=null width=368 original_file_hash=null has_streaming_sidecar=1 autotransfer_retry_enabled=0 media_upload_handle=null message_row_id=536 multicast_id=null enc_file_hash=+xUQxQa8N0W2gPj2m6UDk2eyJJfjeiL9NiKCzqr2XCs= mute_video=0 page_count=0 first_scan_sidecar=null suspicious_content=0 file_length=1539611 media_name=6537a7a4-6b5a-456d-9ed8-2774e1689d34.mp4 media_duration=14 chat_row_id=89 media_key=[B@8ff70af
02-23 01:39:38.818 19347 19510 E SQLiteDatabase: android.database.sqlite.SQLiteConstraintException: UNIQUE constraint failed: message_media.message_row_id (code 1555 SQLITE_CONSTRAINT_PRIMARYKEY)
02-23 01:39:38.818 19347 19510 E SQLiteDatabase: at android.database.sqlite.SQLiteConnection.nativeExecuteForLastInsertedRowId(Native Method)
02-23 01:39:38.818 19347 19510 E SQLiteDatabase: at android.database.sqlite.SQLiteConnection.executeForLastInsertedRowId(SQLiteConnecti on.java:938)
02-23 01:39:38.818 19347 19510 E SQLiteDatabase: at android.database.sqlite.SQLiteSession.executeForLastInsertedRowId(SQLiteSession.jav a:790)
02-23 01:39:38.818 19347 19510 E SQLiteDatabase: at android.database.sqlite.SQLiteStatement.executeInsert(SQLiteStatement.java:88)
02-23 01:39:38.818 19347 19510 E SQLiteDatabase: at android.database.sqlite.SQLiteDatabase.insertWithOnConflict(SQLiteDatabase.java:170 1)
02-23 01:39:38.818 19347 19510 E SQLiteDatabase: at android.database.sqlite.SQLiteDatabase.insert(SQLiteDatabase.java:1570)
02-23 01:39:38.818 19347 19510 E SQLiteDatabase: at X.2tm.A08(Unknown Source:6)
02-23 01:39:38.818 19347 19510 E SQLiteDatabase: at X.35Y.A07(Unknown Source:212)
02-23 01:39:38.818 19347 19510 E SQLiteDatabase: at X.3QF.A14(Unknown Source:470)
02-23 01:39:38.818 19347 19510 E SQLiteDatabase: at X.3gU.run(Unknown Source:982)
02-23 01:39:38.818 19347 19510 E SQLiteDatabase: at android.os.Handler.handleCallback(Handler.java:938)
02-23 01:39:38.818 19347 19510 E SQLiteDatabase: at android.os.Handler.dispatchMessage(Handler.java:99)
02-23 01:39:38.818 19347 19510 E SQLiteDatabase: at X.0zq.dispatchMessage(Unknown Source:4)
02-23 01:39:38.818 19347 19510 E SQLiteDatabase: at android.os.Looper.loop(Looper.java:236)
02-23 01:39:38.818 19347 19510 E SQLiteDatabase: at android.os.HandlerThread.run(HandlerThread.java:67)
02-23 01:39:40.143 19347 29677 W Codec2Client: query -- param skipped: index = 1342179345.
02-23 01:39:40.143 19347 29677 W Codec2Client: query -- param skipped: index = 2415921170.
02-23 01:39:40.143 19347 29677 W Codec2Client: query -- param skipped: index = 1610614798.
02-23 01:39:48.321 19347 19381 W System : A resource failed to call dispose.
02-23 01:39:48.340 19347 19381 W System : A resource failed to call release.
02-23 01:39:48.341 19347 19381 W System : A resource failed to call release. --------- beginning of main
02-23 01:40:03.806 31235 31235 E com.whatsapp: Unknown bits set in runtime_flags: 0x800000
02-23 01:40:03.811 31235 31235 E com.whatsapp: Not starting debugger since process cannot load the jdwp agent.
02-23 01:40:04.088 31235 31235 W ResourceType: CREATING STRING CACHE OF 192 bytes
02-23 01:40:04.147 31235 31235 W System.err: java.lang.ClassNotFoundException: mbmodsd.mbmodsw.ui.views.btn.BtnBK
02-23 01:40:04.148 31235 31235 W System.err: at java.lang.Runtime.nativeLoad(Native Method)
02-23 01:40:04.148 31235 31235 W System.err: at java.lang.Runtime.nativeLoad(Runtime.java:1131)
02-23 01:40:04.148 31235 31235 W System.err: at java.lang.Runtime.loadLibrary0(Runtime.java:1085)
02-23 01:40:04.148 31235 31235 W System.err: at java.lang.Runtime.loadLibrary0(Runtime.java:1008)
02-23 01:40:04.148 31235 31235 W System.err: at java.lang.System.loadLibrary(System.java:1664)
02-23 01:40:04.148 31235 31235 W System.err: at arm.EpicVm.<clinit>(Unknown Source:2)
02-23 01:40:04.148 31235 31235 W System.err: at java.lang.Class.newInstance(Native Method)
02-23 01:40:04.148 31235 31235 W System.err: at android.app.AppComponentFactory.instantiateApplication(AppComponentFactory.java:76)
02-23 01:40:04.148 31235 31235 W System.err: at androidx.core.app.CoreComponentFactory.instantiateApplication(Unknown Source:0)
02-23 01:40:04.148 31235 31235 W System.err: at android.app.Instrumentation.newApplication(Instrumentation.java:1158)
02-23 01:40:04.148 31235 31235 W System.err: at android.app.LoadedApk.makeApplication(LoadedApk.java:1240)
02-23 01:40:04.148 31235 31235 W System.err: at android.app.ActivityThread.handleBindApplication(ActivityThread.java:6928)
02-23 01:40:04.148 31235 31235 W System.err: at android.app.ActivityThread.access$1500(ActivityThread.java:255)
02-23 01:40:04.148 31235 31235 W System.err: at android.app.ActivityThread$H.handleMessage(ActivityThread.java:1978)
02-23 01:40:04.149 31235 31235 W System.err: at android.os.Handler.dispatchMessage(Handler.java:106)
02-23 01:40:04.149 31235 31235 W System.err: at android.os.Looper.loop(Looper.java:236)
02-23 01:40:04.149 31235 31235 W System.err: at android.app.ActivityThread.main(ActivityThread.java:8019)
02-23 01:40:04.149 31235 31235 W System.err: at java.lang.reflect.Method.invoke(Native Method)
02-23 01:40:04.149 31235 31235 W System.err: at com.android.internal.os.RuntimeInit$MethodAndArgsCaller.run(RuntimeInit.java:600)
02-23 01:40:04.149 31235 31235 W System.err: at com.android.internal.os.ZygoteInit.main(ZygoteInit.java:967)
02-23 01:40:04.168 31235 31235 E CustomActivityOnCrash: IMPORTANT WARNING! You already have an UncaughtExceptionHandler, are you sure this is correct? If you use a custom UncaughtExceptionHandler, you must initialize it AFTER CustomActivityOnCrash! Installing anyway, but your original handler will not be called.
02-23 01:40:04.819 31235 31235 W com.whatsapp: Accessing hidden method Lcom/android/org/conscrypt/OpenSSLSocketImpl;->setUseSessionTickets(Z)V (greylist- max-q,test-api, reflection, denied)
02-23 01:40:04.819 31235 31235 W com.whatsapp: Accessing hidden method Lcom/android/org/conscrypt/AbstractConscryptSocket;->setUseSessionTickets(Z)V (greylist-max-q, reflection, denied)
02-23 01:40:04.913 31235 31235 W linker : Warning: "/data/data/com.whatsapp/files/decompressed/libs.spk.zst/libc++_shared.so" unused DT entry: unknown processor-specific (type 0x70000001 arg 0x0) (ignoring)
02-23 01:40:04.895 31235 31235 W com.whatsapp: type=1400 audit(0.0:502221): avc: granted { execute } for path="/data/data/com.whatsapp/files/decompressed/libs.spk.zst/libc++_shared.so" dev="dm-10" ino=372071 scontext=u:r:untrusted_app:s0:c213,c257,c512,c768 tcontext=u:object_r:app_data_file:s0:c213,c257,c512,c768 tclass=file app=com.whatsapp
02-23 01:40:04.905 31235 31235 W com.whatsapp: type=1400 audit(0.0:502222): avc: granted { execute } for path="/data/data/com.whatsapp/files/decompressed/libs.spk.zst/libvlc.so" dev="dm- 10" ino=335014 scontext=u:r:untrusted_app:s0:c213,c257,c512,c768 tcontext=u:object_r:app_data_file:s0:c213,c257,c512,c768 tclass=file app=com.whatsapp
02-23 01:40:04.925 31235 31235 W com.whatsapp: type=1400 audit(0.0:502223): avc: granted { execute } for path="/data/data/com.whatsapp/files/decompressed/libs.spk.zst/libwhatsapp.so" dev="dm-10" ino=335273 scontext=u:r:untrusted_app:s0:c213,c257,c512,c768 tcontext=u:object_r:app_data_file:s0:c213,c257,c512,c768 tclass=file app=com.whatsapp
02-23 01:40:04.985 31235 31235 W com.whatsapp: type=1400 audit(0.0:502224): avc: granted { execute } for path="/data/data/com.whatsapp/files/decompressed/libs.spk.zst/libcurve25519.so" dev="dm-10" ino=372156 scontext=u:r:untrusted_app:s0:c213,c257,c512,c768 tcontext=u:object_r:app_data_file:s0:c213,c257,c512,c768 tclass=file app=com.whatsapp
02-23 01:40:04.995 31235 31235 W com.whatsapp: type=1400 audit(0.0:502225): avc: granted { execute } for path="/data/data/com.whatsapp/files/decompressed/libs.spk.zst/libwhatsapp.so" dev="dm-10" ino=335273 scontext=u:r:untrusted_app:s0:c213,c257,c512,c768 tcontext=u:object_r:app_data_file:s0:c213,c257,c512,c768 tclass=file app=com.whatsapp
02-23 01:40:04.995 31235 31235 W com.whatsapp: type=1400 audit(0.0:502227): avc: granted { execute } for path="/data/data/com.whatsapp/files/decompressed/libs.spk.zst/libwhatsapp.so" dev="dm-10" ino=335273 scontext=u:r:untrusted_app:s0:c213,c257,c512,c768 tcontext=u:object_r:app_data_file:s0:c213,c257,c512,c768 tclass=file app=com.whatsapp
02-23 01:40:05.131 31235 31289 W com.whatsapp: Class X.2rL failed lock verification and will run slower.
02-23 01:40:05.131 31235 31289 W com.whatsapp: Common causes for lock verification issues are non-optimized dex code
02-23 01:40:05.131 31235 31289 W com.whatsapp: and incorrect proguard optimizations. --------- beginning of system
02-23 01:40:05.162 31235 31235 W Looper : PerfMonitor longMsg : seq=2 plan=01:40:03.826 late=1ms wall=1288ms running=500ms runnable=27ms io=316ms h=android.app.ActivityThread$H w=110 procState=10
02-23 01:40:05.206 31235 31235 E libc : Access denied finding property "ro.vendor.df.effect.conflict"
02-23 01:40:05.195 31235 31235 W com.whatsapp: type=1400 audit(0.0:502228): avc: denied { read } for name="u:object_r:vendor_displayfeature_prop:s0" dev="tmpfs" ino=1232 scontext=u:r:untrusted_app:s0:c213,c257,c512,c768 tcontext=u:object_r:vendor_displayfeature_prop:s0 tclass=file permissive=0 app=com.whatsapp
02-23 01:40:05.207 31235 31235 E libc : Access denied finding property "ro.vendor.knock.type"
02-23 01:40:06.827 31235 31330 W BpBinder: Slow Binder: BpBinder transact took 533 ms, interface=android.app.IActivityManager, code=22 oneway=false
02-23 01:40:07.132 31235 31330 W BpBinder: Slow Binder: BpBinder transact took 304 ms, interface=android.content.IContentProvider, code=1 oneway=false
02-23 01:40:28.187 31235 31235 W com.whatsapp: Class X.0eU failed lock verification and will run slower.
02-23 01:40:28.528 31235 31235 W Looper : PerfMonitor looperActivity : package=com.whatsapp/.Icon0 time=0ms latency=464ms running=0ms procState=2 ClientTransaction{ callbacks=[android.app.servertransaction.TopResumedActivityChang eItem] } historyMsgCount=1 (msgIndex=1 wall=464ms seq=61 running=101ms runnable=33ms io=282ms late=1ms h=android.app.ActivityThread$H w=159)
02-23 01:40:28.607 31235 31235 W com.whatsapp: Class com.whatsapp.HomeActivity failed lock verification and will run slower.
02-23 01:40:28.817 31235 31235 E ArmVmp : Match on catch block at 0xb0 in for 0xe9
02-23 01:40:28.927 31235 31235 E ArmVmp : Match on catch block at 0xb0 in for 0xe1
02-23 01:40:29.178 31235 31235 E ArmVmp : Match on catch block at 0x0a in for 0xc1
02-23 01:40:29.198 31235 31235 E ArmVmp : Match on catch block at 0x0a in for 0x135
02-23 01:40:29.345 31235 31768 W com.whatsapp: Accessing hidden method Lcom/android/org/conscrypt/ConscryptEngineSocket;->setUseSessionTickets(Z)V (greylist-max-q,test-api, reflection, denied)
02-23 01:40:29.345 31235 31768 W com.whatsapp: Accessing hidden method Lcom/android/org/conscrypt/OpenSSLSocketImpl;->setUseSessionTickets(Z)V (greylist- max-q,test-api, reflection, denied)
02-23 01:40:29.345 31235 31768 W com.whatsapp: Accessing hidden method Lcom/android/org/conscrypt/AbstractConscryptSocket;->setUseSessionTickets(Z)V (greylist-max-q, reflection, denied)
02-23 01:40:29.345 31235 31768 W com.whatsapp: Accessing hidden method Lcom/android/org/conscrypt/ConscryptEngineSocket;->setHostname(Ljava/lang/String;)V (greylist-max-q,test-api, reflection, denied)
02-23 01:40:29.345 31235 31768 W com.whatsapp: Accessing hidden method Lcom/android/org/conscrypt/OpenSSLSocketImpl;->setHostname(Ljava/lang/String;)V (greylist-max-q,test-api, reflection, denied)
02-23 01:40:29.345 31235 31768 W com.whatsapp: Accessing hidden method Lcom/android/org/conscrypt/AbstractConscryptSocket;->setHostname(Ljava/lang/ String;)V (greylist-max-q, reflection, denied)
02-23 01:40:29.345 31235 31768 W com.whatsapp: Accessing hidden method Lcom/android/org/conscrypt/OpenSSLSocketImpl;->setAlpnProtocols([B)V (greylist-max- q,test-api, reflection, denied)
02-23 01:40:29.345 31235 31768 W com.whatsapp: Accessing hidden method Lcom/android/org/conscrypt/AbstractConscryptSocket;->setAlpnProtocols([B)V (greylist-max-q, reflection, denied)
02-23 01:40:29.389 31235 31235 W Activity: Slow Operation: Activity com.whatsapp/.HomeActivity onCreate took 750ms
02-23 01:40:29.434 31235 31235 W Looper : PerfMonitor looperActivity : package=com.whatsapp/.HomeActivity time=0ms latency=899ms running=0ms procState=2 ClientTransaction{ callbacks=[android.app.servertransaction.TopResumedActivityChang eItem] } historyMsgCount=2 (msgIndex=2 wall=894ms seq=66 running=390ms runnable=40ms io=254ms late=5ms h=android.app.ActivityThread$H w=159)
02-23 01:40:29.449 31235 31768 W com.whatsapp: Accessing hidden method Lcom/android/org/conscrypt/OpenSSLSocketImpl;->getAlpnSelectedProtocol()[B (greylist-max-q,test-api, reflection, denied)
02-23 01:40:29.449 31235 31768 W com.whatsapp: Accessing hidden method Lcom/android/org/conscrypt/AbstractConscryptSocket;->getAlpnSelectedProtocol()[B (greylist-max-q, reflection, denied)
02-23 01:40:29.787 31235 31235 E ArmVmp : Match on catch block at 0xb0 in for 0xf1
02-23 01:40:29.931 31235 31235 E ArmVmp : Match on catch block at 0xb0 in for 0xf5
02-23 01:40:30.001 31235 31235 E ArmVmp : Match on catch block at 0xb0 in for 0xf1
02-23 01:40:30.031 31235 31235 E ArmVmp : Match on catch block at 0xb0 in for 0xf9
02-23 01:40:30.086 31235 31235 E ArmVmp : Match on catch block at 0xb0 in for 0xf1
02-23 01:40:30.133 31235 31235 E ArmVmp : Match on catch block at 0xb0 in for 0xf5
02-23 01:40:30.165 31235 31235 E ArmVmp : Match on catch block at 0xb0 in for 0xf9
02-23 01:40:30.193 31235 31235 E ArmVmp : Match on catch block at 0xb0 in for 0xf1
02-23 01:40:30.221 31235 31235 E ArmVmp : Match on catch block at 0xb0 in for 0xf5
02-23 01:40:30.247 31235 31235 E ArmVmp : Match on catch block at 0xb0 in for 0xf9
02-23 01:40:30.272 31235 31235 E ArmVmp : Match on catch block at 0xb0 in for 0xf1
02-23 01:40:30.299 31235 31235 E ArmVmp : Match on catch block at 0xb0 in for 0xf5
02-23 01:40:30.335 31235 31235 E ArmVmp : Match on catch block at 0xb0 in for 0xf9
02-23 01:40:30.366 31235 31235 E ArmVmp : Match on catch block at 0xb0 in for 0xf1
02-23 01:40:30.398 31235 31235 E ArmVmp : Match on catch block at 0xb0 in for 0xf5
02-23 01:40:30.422 31235 31235 E RecyclerView: No adapter attached; skipping layout
02-23 01:40:30.490 31235 31235 W Looper : PerfMonitor longMsg : seq=91 plan=01:40:29.434 late=18ms wall=1037ms running=741ms runnable=73ms io=83ms h=android.view.Choreographer$FrameHandler c=android.view.Choreographer$FrameDisplayEventReceiver procState=2
02-23 01:40:30.492 31235 31235 W Looper : PerfMonitor doFrame : time=1037ms vsyncFrame=0 latency=18ms procState=2 historyMsgCount=25 (msgIndex=1 wall=894ms seq=66 running=390ms runnable=40ms io=254ms late=5ms h=android.app.ActivityThread$H w=159)
02-23 01:40:30.543 31235 31235 E RecyclerView: No adapter attached; skipping layout
02-23 01:40:30.549 31235 31235 W Looper : PerfMonitor doFrame : time=56ms vsyncFrame=0 latency=1025ms procState=2 historyMsgCount=5 (msgIndex=1 wall=1037ms seq=91 running=741ms runnable=73ms io=83ms late=18ms h=android.view.Choreographer$FrameHandler c=android.view.Choreographer$FrameDisplayEventReceiver)
02-23 01:40:30.588 31235 31235 W Looper : PerfMonitor looperActivity : package=com.whatsapp/.HomeActivity time=15ms latency=690ms running=6ms procState=2 ClientTransaction{ lifecycleRequest=android.app.servertransaction.StopActivityItem } historyMsgCount=61 (msgIndex=1 wall=1037ms seq=91 running=741ms runnable=73ms io=83ms late=18ms h=android.view.Choreographer$FrameHandler c=android.view.Choreographer$FrameDisplayEventReceiver) (msgIndex=6 wall=56ms seq=96 running=37ms runnable=1ms io=9ms late=1025ms h=android.view.Choreographer$FrameHandler c=android.view.Choreographer$FrameDisplayEventReceiver)
02-23 01:40:30.595 31235 31235 E ArmVmp : Match on catch block at 0x0a in for 0xd1
02-23 01:40:30.615 31235 31235 W Looper : PerfMonitor looperActivity : package=com.whatsapp/mbmodsd.mbmodsw.mbsettings.yo.PauseActivity time=27ms latency=643ms running=7ms procState=2 ClientTransaction{ callbacks=[android.app.servertransaction.LaunchActivityItem] lifecycleRequest=android.app.servertransaction.ResumeActivityItem } historyMsgCount=67 (msgIndex=1 wall=1037ms seq=91 running=741ms runnable=73ms io=83ms late=18ms h=android.view.Choreographer$FrameHandler c=android.view.Choreographer$FrameDisplayEventReceiver) (msgIndex=6 wall=56ms seq=96 running=37ms runnable=1ms io=9ms late=1025ms h=android.view.Choreographer$FrameHandler c=android.view.Choreographer$FrameDisplayEventReceiver)
02-23 01:40:30.616 31235 31235 W Looper : PerfMonitor looperActivity : package=com.whatsapp/mbmodsd.mbmodsw.mbsettings.yo.PauseActivity time=0ms latency=670ms running=0ms procState=2 ClientTransaction{ callbacks=[android.app.servertransaction.TopResumedActivityChang eItem] } historyMsgCount=68 (msgIndex=1 wall=1037ms seq=91 running=741ms runnable=73ms io=83ms late=18ms h=android.view.Choreographer$FrameHandler c=android.view.Choreographer$FrameDisplayEventReceiver) (msgIndex=6 wall=56ms seq=96 running=37ms runnable=1ms io=9ms late=1025ms h=android.view.Choreographer$FrameHandler c=android.view.Choreographer$FrameDisplayEventReceiver)
02-23 01:40:30.802 31235 31842 W LOTTIE : Animation contains merge paths. Merge paths are only supported on KitKat+ and must be manually enabled by calling enableMergePathsForKitKatAndAbove().
02-23 01:40:30.816 31235 31235 E ArmVmp : Match on catch block at 0xb0 in for 0x129
02-23 01:40:30.821 31235 31235 E ArmVmp : Match on catch block at 0xb0 in for 0x129
02-23 01:40:30.825 31235 31235 E ArmVmp : Match on catch block at 0xb0 in for 0x129
02-23 01:40:30.860 31235 31235 E ArmVmp : Match on catch block at 0xb0 in for 0x129
02-23 01:40:30.988 31235 31235 W LOTTIE : Animation contains merge paths but they are disabled.
02-23 01:40:31.018 31235 31235 E ArmVmp : Match on catch block at 0xb0 in for 0xf5
02-23 01:40:31.041 31235 31235 E ArmVmp : Match on catch block at 0xb0 in for 0xf9
02-23 01:40:31.068 31235 31235 E ArmVmp : Match on catch block at 0xb0 in for 0xe5
02-23 01:40:31.075 31235 31235 E ArmVmp : Match on catch block at 0xb0 in for 0xe9
02-23 01:40:31.085 31235 31235 E ArmVmp : Match on catch block at 0x5b in for 0x89
02-23 01:40:31.106 31235 31235 E ArmVmp : Match on catch block at 0x5b in for 0x89
02-23 01:40:31.143 31235 31235 E ArmVmp : Match on catch block at 0x5b in for 0x81
02-23 01:40:31.149 31235 31235 E ArmVmp : Match on catch block at 0x5b in for 0x89
02-23 01:40:33.133 31235 31235 E ArmVmp : Match on catch block at 0x38 in for 0xb9
02-23 01:40:33.137 31235 31235 W System.err: java.lang.NumberFormatException: For input string: ""
02-23 01:40:33.137 31235 31235 W System.err:
02-23 01:40:33.146 31235 31235 W System.err: at java.lang.Integer.parseInt(Integer.java:627)
02-23 01:40:33.146 31235 31235 W System.err:
02-23 01:40:33.146 31235 31235 W System.err: at java.lang.Integer.parseInt(Integer.java:650)
02-23 01:40:33.146 31235 31235 W System.err:
02-23 01:40:33.146 31235 31235 W System.err: at mbmodsd.mbmodsw.home.HomeActivity.mbcRe(Native Method)
02-23 01:40:33.146 31235 31235 W System.err:
02-23 01:40:33.147 31235 31235 W System.err: at com.whatsapp.HomeActivity.onPause(Unknown Source:9)
02-23 01:40:33.147 31235 31235 W System.err:
02-23 01:40:33.147 31235 31235 W System.err: at android.app.Activity.performPause(Activity.java:8343)
02-23 01:40:33.147 31235 31235 W System.err:
02-23 01:40:33.147 31235 31235 W System.err: at android.app.Instrumentation.callActivityOnPause(Instrumentation.java:1510)
02-23 01:40:33.147 31235 31235 W System.err:
02-23 01:40:33.147 31235 31235 W System.err: at android.app.ActivityThread.performPauseActivityIfNeeded(ActivityThread.java:4842)
02-23 01:40:33.147 31235 31235 W System.err:
02-23 01:40:33.147 31235 31235 W System.err: at android.app.ActivityThread.performPauseActivity(ActivityThread.java:4803)
02-23 01:40:33.147 31235 31235 W System.err:
02-23 01:40:33.147 31235 31235 W System.err: at android.app.ActivityThread.handlePauseActivity(ActivityThread.java:4751)
02-23 01:40:33.147 31235 31235 W System.err:
02-23 01:40:33.147 31235 31235 W System.err: at android.app.servertransaction.PauseActivityItem.execute(PauseActivityItem.java:46)
02-23 01:40:33.147 31235 31235 W System.err:
02-23 01:40:33.147 31235 31235 W System.err: at android.app.servertransaction.TransactionExecutor.executeLifecycleState(Transaction Executor.java:176)
02-23 01:40:33.147 31235 31235 W System.err:
02-23 01:40:33.147 31235 31235 W System.err: at android.app.servertransaction.TransactionExecutor.execute(TransactionExecutor.java: 97)
02-23 01:40:33.147 31235 31235 W System.err:
02-23 01:40:33.148 31235 31235 W System.err: at android.app.ActivityThread$H.handleMessage(ActivityThread.java:2131)
02-23 01:40:33.148 31235 31235 W System.err:
02-23 01:40:33.148 31235 31235 W System.err: at android.os.Handler.dispatchMessage(Handler.java:106)
02-23 01:40:33.148 31235 31235 W System.err:
02-23 01:40:33.148 31235 31235 W System.err: at android.os.Looper.loop(Looper.java:236)
02-23 01:40:33.148 31235 31235 W System.err:
02-23 01:40:33.148 31235 31235 W System.err: at android.app.ActivityThread.main(ActivityThread.java:8019)
02-23 01:40:33.148 31235 31235 W System.err:
02-23 01:40:33.148 31235 31235 W System.err: at java.lang.reflect.Method.invoke(Native Method)
02-23 01:40:33.148 31235 31235 W System.err:
02-23 01:40:33.148 31235 31235 W System.err: at com.android.internal.os.RuntimeInit$MethodAndArgsCaller.run(RuntimeInit.java:600)
02-23 01:40:33.148 31235 31235 W System.err:
02-23 01:40:33.148 31235 31235 W System.err: at com.android.internal.os.ZygoteInit.main(ZygoteInit.java:967)
02-23 01:40:33.148 31235 31235 W System.err:
02-23 01:40:33.366 31235 31235 W View : requestLayout() improperly called by com.whatsapp.status.ContactStatusThumbnail{ea6b800 V.ED..... ......ID 34,24-168,158 #7f0b0646 app:id/contact_photo} during layout: running second layout pass
02-23 01:40:33.366 31235 31235 W View : requestLayout() improperly called by com.whatsapp.status.ContactStatusThumbnail{90c8839 V.ED..... ......ID 34,24-168,158 #7f0b0646 app:id/contact_photo} during layout: running second layout pass
02-23 01:40:33.395 31235 31235 W pool-5-thread-1: type=1400 audit(0.0:502239): avc: granted { execute } for path="/data/data/com.whatsapp/files/decompressed/libs.spk.zst/libgifimage.so" dev="dm-10" ino=371810 scontext=u:r:untrusted_app:s0:c213,c257,c512,c768 tcontext=u:object_r:app_data_file:s0:c213,c257,c512,c768 tclass=file app=com.whatsapp
02-23 01:40:33.984 31235 31848 W BpBinder: Slow Binder: BpBinder transact took 365 ms, interface=android.media.IMediaMetadataRetriever, code=5 oneway=false
02-23 01:40:36.175 31235 31235 W TabLayout: MODE_SCROLLABLE + GRAVITY_FILL is not supported, GRAVITY_START will be used instead
