02-22 23:46:16.555 5102 5102 E ArmVmp : Match on catch block at 0xc3 in for 0xa9
02-22 23:46:16.652 5102 5102 E ArmVmp : Match on catch block at 0xc3 in for 0xa5
02-22 23:46:16.655 5102 5102 E ArmVmp : Match on catch block at 0xc3 in for 0xa9
02-22 23:46:16.658 5102 5102 E ArmVmp : Match on catch block at 0xc3 in for 0xa9
02-22 23:46:16.694 5102 5237 E SQLiteDatabase: Error inserting transferred=0 media_job_uuid=661df500-0c27-442c-87e3-53adba4793ab transcoded=0 gif_attribution=0 first_scan_length=0 direct_path=/v/t62.7161- 24/25960797_1836167480135414_2693855304105131282_n.enc?ccb=11-4&oh=01_AdTa0Q6R_pWI- 9RxZE2dTdw5I-T1YvqFQ2kiD_PRYE1N1w&oe=65FF6FBC&_nc_sid=5e03e0 thumbnail_height_width_ratio=1.7777778 is_animated_sticker=0 file_hash=vAYjR1zSjFOcQLmmgRjuxWbHDmOnNkn3vEKOtPsfJ8o= file_path=null file_size=0 partial_media_hash=null face_x=0 face_y=0 height=656 trim_to=0 media_key_timestamp=1708659446000 message_url=https://mmg.whatsapp.net/v/t62.7161- 24/25960797_1836167480135414_2693855304105131282_n.enc?ccb=11-4&oh=01_AdTa0Q6R_pWI- 9RxZE2dTdw5I-T1YvqFQ2kiD_PRYE1N1w&oe=65FF6FBC&_nc_sid=5e03e0&mms3=true media_caption=null trim_from=0 mime_type=video/mp4 partial_media_enc_hash=null width=368 original_file_hash=null has_streaming_sidecar=1 autotransfer_retry_enabled=0 media_upload_handle=null message_row_id=531 multicast_id=null enc_file_hash=+0aGqxJ21d8dZ3PtdIG/vRtoZYVPpksT9lSnGbrlmeM= mute_video=0 page_count=0 first_scan_sidecar=null suspicious_content=0 file_length=379799 media_name=null media_duration=6 chat_row_id=89 media_key=[B@fdcd180
02-22 23:46:16.694 5102 5237 E SQLiteDatabase: android.database.sqlite.SQLiteConstraintException: UNIQUE constraint failed: message_media.message_row_id (code 1555 SQLITE_CONSTRAINT_PRIMARYKEY)
02-22 23:46:16.694 5102 5237 E SQLiteDatabase: at android.database.sqlite.SQLiteConnection.nativeExecuteForLastInsertedRowId(Native Method)
02-22 23:46:16.694 5102 5237 E SQLiteDatabase: at android.database.sqlite.SQLiteConnection.executeForLastInsertedRowId(SQLiteConnecti on.java:938)
02-22 23:46:16.694 5102 5237 E SQLiteDatabase: at android.database.sqlite.SQLiteSession.executeForLastInsertedRowId(SQLiteSession.jav a:790)
02-22 23:46:16.694 5102 5237 E SQLiteDatabase: at android.database.sqlite.SQLiteStatement.executeInsert(SQLiteStatement.java:88)
02-22 23:46:16.694 5102 5237 E SQLiteDatabase: at android.database.sqlite.SQLiteDatabase.insertWithOnConflict(SQLiteDatabase.java:170 1)
02-22 23:46:16.694 5102 5237 E SQLiteDatabase: at android.database.sqlite.SQLiteDatabase.insert(SQLiteDatabase.java:1570)
02-22 23:46:16.694 5102 5237 E SQLiteDatabase: at X.2tm.A08(Unknown Source:6)
02-22 23:46:16.694 5102 5237 E SQLiteDatabase: at X.35Y.A07(Unknown Source:212)
02-22 23:46:16.694 5102 5237 E SQLiteDatabase: at X.3QF.A14(Unknown Source:470)
02-22 23:46:16.694 5102 5237 E SQLiteDatabase: at X.3gU.run(Unknown Source:982)
02-22 23:46:16.694 5102 5237 E SQLiteDatabase: at android.os.Handler.handleCallback(Handler.java:938)
02-22 23:46:16.694 5102 5237 E SQLiteDatabase: at android.os.Handler.dispatchMessage(Handler.java:99)
02-22 23:46:16.694 5102 5237 E SQLiteDatabase: at X.0zq.dispatchMessage(Unknown Source:4)
02-22 23:46:16.694 5102 5237 E SQLiteDatabase: at android.os.Looper.loop(Looper.java:236)
02-22 23:46:16.694 5102 5237 E SQLiteDatabase: at android.os.HandlerThread.run(HandlerThread.java:67)
02-22 23:46:16.729 5102 5237 E SQLiteDatabase: Error inserting transferred=0 media_job_uuid=661df500-0c27-442c-87e3-53adba4793ab transcoded=0 gif_attribution=0 first_scan_length=0 direct_path=/v/t62.7161- 24/25960797_1836167480135414_2693855304105131282_n.enc?ccb=11-4&oh=01_AdTa0Q6R_pWI- 9RxZE2dTdw5I-T1YvqFQ2kiD_PRYE1N1w&oe=65FF6FBC&_nc_sid=5e03e0 thumbnail_height_width_ratio=1.7777778 is_animated_sticker=0 file_hash=vAYjR1zSjFOcQLmmgRjuxWbHDmOnNkn3vEKOtPsfJ8o= file_path=null file_size=0 partial_media_hash=null face_x=0 face_y=0 height=656 trim_to=0 media_key_timestamp=1708659446000 message_url=https://mmg.whatsapp.net/v/t62.7161- 24/25960797_1836167480135414_2693855304105131282_n.enc?ccb=11-4&oh=01_AdTa0Q6R_pWI- 9RxZE2dTdw5I-T1YvqFQ2kiD_PRYE1N1w&oe=65FF6FBC&_nc_sid=5e03e0&mms3=true media_caption=null trim_from=0 mime_type=video/mp4 partial_media_enc_hash=null width=368 original_file_hash=null has_streaming_sidecar=1 autotransfer_retry_enabled=0 media_upload_handle=null message_row_id=531 multicast_id=null enc_file_hash=+0aGqxJ21d8dZ3PtdIG/vRtoZYVPpksT9lSnGbrlmeM= mute_video=0 page_count=0 first_scan_sidecar=null suspicious_content=0 file_length=379799 media_name=null media_duration=6 chat_row_id=89 media_key=[B@fdcd180
02-22 23:46:16.729 5102 5237 E SQLiteDatabase: android.database.sqlite.SQLiteConstraintException: UNIQUE constraint failed: message_media.message_row_id (code 1555 SQLITE_CONSTRAINT_PRIMARYKEY)
02-22 23:46:16.729 5102 5237 E SQLiteDatabase: at android.database.sqlite.SQLiteConnection.nativeExecuteForLastInsertedRowId(Native Method)
02-22 23:46:16.729 5102 5237 E SQLiteDatabase: at android.database.sqlite.SQLiteConnection.executeForLastInsertedRowId(SQLiteConnecti on.java:938)
02-22 23:46:16.729 5102 5237 E SQLiteDatabase: at android.database.sqlite.SQLiteSession.executeForLastInsertedRowId(SQLiteSession.jav a:790)
02-22 23:46:16.729 5102 5237 E SQLiteDatabase: at android.database.sqlite.SQLiteStatement.executeInsert(SQLiteStatement.java:88)
02-22 23:46:16.729 5102 5237 E SQLiteDatabase: at android.database.sqlite.SQLiteDatabase.insertWithOnConflict(SQLiteDatabase.java:170 1)
02-22 23:46:16.729 5102 5237 E SQLiteDatabase: at android.database.sqlite.SQLiteDatabase.insert(SQLiteDatabase.java:1570)
02-22 23:46:16.729 5102 5237 E SQLiteDatabase: at X.2tm.A08(Unknown Source:6)
02-22 23:46:16.729 5102 5237 E SQLiteDatabase: at X.35Y.A07(Unknown Source:212)
02-22 23:46:16.729 5102 5237 E SQLiteDatabase: at X.3QF.A14(Unknown Source:470)
02-22 23:46:16.729 5102 5237 E SQLiteDatabase: at X.3gU.run(Unknown Source:982)
02-22 23:46:16.729 5102 5237 E SQLiteDatabase: at android.os.Handler.handleCallback(Handler.java:938)
02-22 23:46:16.729 5102 5237 E SQLiteDatabase: at android.os.Handler.dispatchMessage(Handler.java:99)
02-22 23:46:16.729 5102 5237 E SQLiteDatabase: at X.0zq.dispatchMessage(Unknown Source:4)
02-22 23:46:16.729 5102 5237 E SQLiteDatabase: at android.os.Looper.loop(Looper.java:236)
02-22 23:46:16.729 5102 5237 E SQLiteDatabase: at android.os.HandlerThread.run(HandlerThread.java:67)
02-22 23:46:16.754 5102 5102 E ArmVmp : Match on catch block at 0xb0 in for 0xf5
02-22 23:46:16.782 5102 5102 E ArmVmp : Match on catch block at 0xb0 in for 0xf9
02-22 23:46:16.915 5102 5102 E ArmVmp : Match on catch block at 0xb0 in for 0xe1
02-22 23:46:16.922 5102 5102 E ArmVmp : Match on catch block at 0xb0 in for 0xe5
02-22 23:46:16.931 5102 5102 E ArmVmp : Match on catch block at 0x5b in for 0x89
02-22 23:46:16.951 5102 5102 E ArmVmp : Match on catch block at 0x5b in for 0x81
02-22 23:46:16.986 5102 5102 E ArmVmp : Match on catch block at 0x5b in for 0x85
02-22 23:46:16.992 5102 5102 E ArmVmp : Match on catch block at 0x5b in for 0x81
02-22 23:46:17.526 5102 5102 E ArmVmp : Match on catch block at 0xb0 in for 0xe1
02-22 23:46:17.529 5102 5102 E ArmVmp : Match on catch block at 0xb0 in for 0xe5
02-22 23:46:17.571 5102 5102 E ArmVmp : Match on catch block at 0x0a in for 0xc9
02-22 23:46:17.573 5102 5102 E ArmVmp : Match on catch block at 0x0a in for 0xc5
02-22 23:46:17.808 5102 5102 E ArmVmp : Match on catch block at 0xc3 in for 0xb9
02-22 23:46:17.812 5102 5102 E ArmVmp : Match on catch block at 0xc3 in for 0xb9
02-22 23:46:17.853 5102 5102 E ArmVmp : Match on catch block at 0xc3 in for 0xa1
02-22 23:46:17.857 5102 5102 E ArmVmp : Match on catch block at 0xc3 in for 0xa5
02-22 23:46:17.893 5102 5102 E ArmVmp : Match on catch block at 0xc3 in for 0xa5
02-22 23:46:17.896 5102 5102 E ArmVmp : Match on catch block at 0xc3 in for 0xa9
02-22 23:46:17.939 5102 5102 E ArmVmp : Match on catch block at 0xc3 in for 0xa5
02-22 23:46:17.941 5102 5102 E ArmVmp : Match on catch block at 0xc3 in for 0xa9
02-22 23:46:18.418 5102 5102 E ArmVmp : Match on catch block at 0xc3 in for 0xa9
02-22 23:46:18.432 5102 5102 E ArmVmp : Match on catch block at 0xc3 in for 0xa1
02-22 23:46:18.451 5102 5102 E ArmVmp : Match on catch block at 0xc3 in for 0xa1
02-22 23:46:18.460 5102 5102 E ArmVmp : Match on catch block at 0xc3 in for 0xa5
02-22 23:46:18.482 5102 5102 E ArmVmp : Match on catch block at 0xc3 in for 0xa5
02-22 23:46:18.488 5102 5102 E ArmVmp : Match on catch block at 0xc3 in for 0xa9
02-22 23:46:18.500 5102 5102 E ArmVmp : Match on catch block at 0xc3 in for 0xa9
02-22 23:46:18.507 5102 5102 E ArmVmp : Match on catch block at 0xc3 in for 0xa1
02-22 23:46:18.516 5102 5102 E ArmVmp : Match on catch block at 0xc3 in for 0xa1
02-22 23:46:18.522 5102 5102 E ArmVmp : Match on catch block at 0xc3 in for 0xa5
02-22 23:46:18.532 5102 5102 E ArmVmp : Match on catch block at 0xc3 in for 0xa5
02-22 23:46:18.537 5102 5102 E ArmVmp : Match on catch block at 0xc3 in for 0xa9
02-22 23:46:18.550 5102 5102 E ArmVmp : Match on catch block at 0xc3 in for 0xa9
02-22 23:46:18.556 5102 5102 E ArmVmp : Match on catch block at 0xc3 in for 0xa1
02-22 23:46:18.565 5102 5102 E ArmVmp : Match on catch block at 0xc3 in for 0xa1
02-22 23:46:18.571 5102 5102 E ArmVmp : Match on catch block at 0xc3 in for 0xa5
02-22 23:46:18.582 5102 5102 E ArmVmp : Match on catch block at 0xc3 in for 0xa1
02-22 23:46:18.588 5102 5102 E ArmVmp : Match on catch block at 0xc3 in for 0xa5
02-22 23:46:18.599 5102 5102 E ArmVmp : Match on catch block at 0xc3 in for 0xa5
02-22 23:46:18.601 5102 5102 E ArmVmp : Match on catch block at 0xc3 in for 0xa9
02-22 23:46:18.615 5102 5102 E ArmVmp : Match on catch block at 0xc3 in for 0xa9
02-22 23:46:18.619 5102 5102 E ArmVmp : Match on catch block at 0xc3 in for 0xa1
02-22 23:46:18.632 5102 5102 E ArmVmp : Match on catch block at 0xc3 in for 0xa1
02-22 23:46:18.637 5102 5102 E ArmVmp : Match on catch block at 0xc3 in for 0xa5
02-22 23:46:18.650 5102 5102 E ArmVmp : Match on catch block at 0xc3 in for 0xa5
02-22 23:46:18.654 5102 5102 E ArmVmp : Match on catch block at 0xc3 in for 0xa9
02-22 23:46:18.667 5102 5102 E ArmVmp : Match on catch block at 0xc3 in for 0xa9
02-22 23:46:18.672 5102 5102 E ArmVmp : Match on catch block at 0xc3 in for 0xa1
02-22 23:46:18.683 5102 5102 E ArmVmp : Match on catch block at 0xc3 in for 0xa5
02-22 23:46:18.689 5102 5102 E ArmVmp : Match on catch block at 0xc3 in for 0xa9
02-22 23:46:18.699 5102 5102 E ArmVmp : Match on catch block at 0xc3 in for 0xa1
02-22 23:46:18.707 5102 5102 E ArmVmp : Match on catch block at 0xc3 in for 0xa5
02-22 23:46:18.734 5102 5102 E ArmVmp : Match on catch block at 0xc3 in for 0xa5
02-22 23:46:18.737 5102 5102 E ArmVmp : Match on catch block at 0xc3 in for 0xa9
02-22 23:46:18.789 5102 5102 W TabLayout: MODE_SCROLLABLE + GRAVITY_FILL is not supported, GRAVITY_START will be used instead
02-22 23:46:18.806 5102 5472 W CameraManagerGlobal: [soar.cts] ignore the status update of camera: 100
02-22 23:46:18.806 5102 5472 W CameraManagerGlobal: [soar.cts] ignore the status update of camera: 101
02-22 23:46:18.806 5102 5472 W CameraManagerGlobal: [soar.cts] ignore the status update of camera: 21
02-22 23:46:18.806 5102 5472 W CameraManagerGlobal: [soar.cts] ignore the status update of camera: 22
02-22 23:46:18.806 5102 5472 W CameraManagerGlobal: [soar.cts] ignore the status update of camera: 25
02-22 23:46:18.806 5102 5472 W CameraManagerGlobal: [soar.cts] ignore the status update of camera: 61
02-22 23:46:18.807 5102 5217 W CameraManagerGlobal: ignore the torch status update of camera: 100
02-22 23:46:18.807 5102 5217 W CameraManagerGlobal: ignore the torch status update of camera: 21
02-22 23:46:18.807 5102 5217 W CameraManagerGlobal: ignore the torch status update of camera: 22
02-22 23:46:18.807 5102 5217 W CameraManagerGlobal: ignore the torch status update of camera: 61
02-22 23:46:18.834 5102 5102 W BottomSheetBehavior: BottomSheetBehavior now supports multiple callbacks. `setBottomSheetCallback()` removes all existing callbacks, including ones set internally by library authors, which may result in unintended behavior. This may change in the future. Please use `addBottomSheetCallback()` and `removeBottomSheetCallback()` instead to set your own callbacks.
02-22 23:46:18.877 5102 5473 E libc : Access denied finding property "persist.vendor.camera.privapp.list"
02-22 23:46:18.868 5102 5102 W Optic-Camera-Ha: type=1400 audit(0.0:491603): avc: denied { read } for name="u:object_r:vendor_persist_camera_prop:s0" dev="tmpfs" ino=1267 scontext=u:r:untrusted_app:s0:c213,c257,c512,c768 tcontext=u:object_r:vendor_persist_camera_prop:s0 tclass=file permissive=0 app=com.whatsapp
02-22 23:46:18.889 5102 5312 E CameraManagerGlobal: Camera 61 is not available. Ignore physical camera status change
02-22 23:46:18.997 5102 5102 W View : requestLayout() improperly called by com.whatsapp.WaImageView{ff44cfa VF.D..CL. ......ID 0,0-154,154 #7f0b1814 app:id/shutter} during layout: running second layout pass
02-22 23:46:18.997 5102 5102 W View : requestLayout() improperly called by com.whatsapp.CircularProgressBar{dd522ab V.ED..... ......ID 0,0-154,154 #7f0b14fc app:id/recording_progress} during layout: running second layout pass
02-22 23:46:18.997 5102 5102 W View : requestLayout() improperly called by com.whatsapp.WaImageView{f920d08 VF.D..C.. ......ID 0,0-115,115 #7f0b1976 app:id/switch_camera_btn} during layout: running second layout pass
02-22 23:46:18.997 5102 5102 W View : requestLayout() improperly called by com.whatsapp.WaImageView{d582ca1 VFED..C.. ......ID 0,0-115,115 #7f0b0b0d app:id/gallery_btn} during layout: running second layout pass
02-22 23:46:18.997 5102 5102 W View : requestLayout() improperly called by com.whatsapp.WaImageView{1aa3ec6 VF.D..C.. ......ID 0,0-115,115 #7f0b0a9c app:id/flash_btn} during layout: running second layout pass
02-22 23:46:18.997 5102 5102 W View : requestLayout() improperly called by com.whatsapp.WaImageView{7c13e87 VFED..C.. ......ID 0,0-115,115 #7f0b057f app:id/close_camera_btn} during layout: running second layout pass
02-22 23:46:18.997 5102 5102 W View : requestLayout() improperly called by X.4Ki{1bef1b4 V.ED..... ......ID 0,5-1080,120} during layout: running second layout pass
02-22 23:46:18.997 5102 5102 W View : requestLayout() improperly called by androidx.appcompat.view.menu.ActionMenuItemView{129f1dd VFED..CL. ......ID 0,9- 116,124 #7f0b0fe8 app:id/more} during layout: running second layout pass
02-22 23:46:18.997 5102 5102 W View : requestLayout() improperly called by androidx.appcompat.widget.ActionMenuView{47b8152 V.E...... ......ID 964,0-1080,134} during layout: running second layout pass
02-22 23:46:19.039 5102 5102 W View : requestLayout() improperly called by com.whatsapp.WaImageView{ff44cfa VF.D..CL. ......ID 463,1726-617,1880 #7f0b1814 app:id/shutter} during layout: running second layout pass
02-22 23:46:19.039 5102 5102 W View : requestLayout() improperly called by com.whatsapp.CircularProgressBar{dd522ab V.ED..... ......ID 463,1726-617,1880 #7f0b14fc app:id/recording_progress} during layout: running second layout pass
02-22 23:46:19.039 5102 5102 W View : requestLayout() improperly called by com.whatsapp.WaImageView{f920d08 VF.D..C.. ......ID 945,1745-1060,1860 #7f0b1976 app:id/switch_camera_btn} during layout: running second layout pass
02-22 23:46:19.039 5102 5102 W View : requestLayout() improperly called by com.whatsapp.WaImageView{d582ca1 VFED..C.. ......ID 20,1745-135,1860 #7f0b0b0d app:id/gallery_btn} during layout: running second layout pass
02-22 23:46:19.039 5102 5102 W View : requestLayout() improperly called by com.whatsapp.WaImageView{1aa3ec6 VF.D..C.. ......I. 945,20-1060,135 #7f0b0a9c app:id/flash_btn} during layout: running second layout pass
02-22 23:46:19.039 5102 5102 W View : requestLayout() improperly called by com.whatsapp.WaImageView{7c13e87 VFED..C.. ......I. 20,20-135,135 #7f0b057f app:id/close_camera_btn} during layout: running second layout pass
02-22 23:46:19.043 5102 5102 E ArmVmp : Match on catch block at 0xc3 in for 0xa9
02-22 23:46:19.047 5102 5102 E ArmVmp : Match on catch block at 0xc3 in for 0xa1
02-22 23:46:19.111 5102 5102 E ArmVmp : Match on catch block at 0xc3 in for 0xa5
02-22 23:46:19.115 5102 5102 E ArmVmp : Match on catch block at 0xc3 in for 0xa9
02-22 23:46:19.188 5102 5102 W pool-5-thread-1: type=1400 audit(0.0:491606): avc: granted { execute } for path="/data/data/com.whatsapp/files/decompressed/libs.spk.zst/libgifimage.so" dev="dm-10" ino=371810 scontext=u:r:untrusted_app:s0:c213,c257,c512,c768 tcontext=u:object_r:app_data_file:s0:c213,c257,c512,c768 tclass=file app=com.whatsapp
02-22 23:46:19.608 5102 5473 W BpBinder: Slow Binder: BpBinder transact took 560 ms, interface=android.hardware.camera2.ICameraDeviceUser, code=6 oneway=false
02-22 23:46:19.797 5102 5483 W BpBinder: Slow Binder: BpBinder transact took 385 ms, interface=android.media.IMediaMetadataRetriever, code=5 oneway=false
02-22 23:46:19.979 5102 5486 W BpBinder: Slow Binder: BpBinder transact took 447 ms, interface=android.media.IMediaMetadataRetriever, code=5 oneway=false
02-22 23:46:20.053 5102 5102 W BottomSheetBehavior: BottomSheetBehavior now supports multiple callbacks. `setBottomSheetCallback()` removes all existing callbacks, including ones set internally by library authors, which may result in unintended behavior. This may change in the future. Please use `addBottomSheetCallback()` and `removeBottomSheetCallback()` instead to set your own callbacks.
02-22 23:46:20.065 5102 5102 E RecyclerView: No adapter attached; skipping layout
02-22 23:46:20.073 5102 5102 E RecyclerView: No adapter attached; skipping layout
02-22 23:46:20.095 5102 5123 E CameraManagerGlobal: Camera 61 is not available. Ignore physical camera status change
02-22 23:46:20.095 5102 5472 W BpBinder: Slow Binder: BpBinder transact took 349 ms, interface=android.hardware.camera2.ICameraDeviceUser, code=1 oneway=false
02-22 23:46:20.099 5102 5124 W com.whatsapp: Long monitor contention with owner Optic-Task-Handler-Thread (5472) at void android.hardware.camera2.impl.CameraDeviceImpl.close()(CameraDeviceImpl.java:1360) waiters=0 in void android.hardware.camera2.impl.CameraDeviceImpl$CameraDeviceCallbacks.onCaptureStart ed(android.hardware.camera2.impl.CaptureResultExtras, long) for 267ms
02-22 23:46:20.328 5102 5486 W BpBinder: Slow Binder: BpBinder transact took 291 ms, interface=android.media.IMediaMetadataRetriever, code=5 oneway=false
02-22 23:46:20.551 5102 5119 W System : A resource failed to call close.
02-22 23:46:22.151 5102 5102 E ArmVmp : Match on catch block at 0x0a in for 0xc5
02-22 23:46:22.154 5102 5102 E ArmVmp : Match on catch block at 0x0a in for 0xc1
02-22 23:46:22.286 5102 5102 E ArmVmp : Match on catch block at 0xc3 in for 0xa1
02-22 23:46:22.290 5102 5102 E ArmVmp : Match on catch block at 0xc3 in for 0xa5
02-22 23:46:22.364 5102 5102 E ArmVmp : Match on catch block at 0xc3 in for 0xa5
02-22 23:46:22.370 5102 5102 E ArmVmp : Match on catch block at 0xc3 in for 0xa9
02-22 23:46:22.382 5102 5102 E ArmVmp : Match on catch block at 0xc3 in for 0xa9
02-22 23:46:22.387 5102 5102 E ArmVmp : Match on catch block at 0xc3 in for 0xa1
02-22 23:46:22.422 5102 5102 W BottomSheetBehavior: BottomSheetBehavior now supports multiple callbacks. `setBottomSheetCallback()` removes all existing callbacks, including ones set internally by library authors, which may result in unintended behavior. This may change in the future. Please use `addBottomSheetCallback()` and `removeBottomSheetCallback()` instead to set your own callbacks.
02-22 23:46:22.461 5102 5102 E ArmVmp : Match on catch block at 0xc3 in for 0xa5
02-22 23:46:22.463 5102 5102 E ArmVmp : Match on catch block at 0xc3 in for 0xa9
02-22 23:46:22.858 5102 5237 E SQLiteDatabase: Error inserting transferred=0 media_job_uuid=673c89fc-a5b2-4175-948e-7d1c47c3df49 transcoded=1 gif_attribution=0 first_scan_length=0 direct_path=null thumbnail_height_width_ratio=1.0 is_animated_sticker=0 file_hash=null file_path=/data/user/0/com.whatsapp/files/.Shared/265a5643-27f1-4d9f-86a1- f9349b95fd2c.jpg file_size=1295447 partial_media_hash=null face_x=0 face_y=0 height=2464 trim_to=0 media_key_timestamp=0 message_url=null media_caption=null trim_from=0 mime_type=null partial_media_enc_hash=null width=2464 original_file_hash=aJjxPfCK68MeqUsJfdt+zcEuOg3ljnLyXH6254AxQ0Y= has_streaming_sidecar=0 autotransfer_retry_enabled=1 media_upload_handle=null message_row_id=532 multicast_id=null enc_file_hash=null mute_video=0 page_count=0 first_scan_sidecar=null suspicious_content=0 file_length=1295447 media_name=265a5643-27f1-4d9f-86a1-f9349b95fd2c.jpg media_duration=0 chat_row_id=94 media_key=null
02-22 23:46:22.858 5102 5237 E SQLiteDatabase: android.database.sqlite.SQLiteConstraintException: UNIQUE constraint failed: message_media.message_row_id (code 1555 SQLITE_CONSTRAINT_PRIMARYKEY)
02-22 23:46:22.858 5102 5237 E SQLiteDatabase: at android.database.sqlite.SQLiteConnection.nativeExecuteForLastInsertedRowId(Native Method)
02-22 23:46:22.858 5102 5237 E SQLiteDatabase: at android.database.sqlite.SQLiteConnection.executeForLastInsertedRowId(SQLiteConnecti on.java:938)
02-22 23:46:22.858 5102 5237 E SQLiteDatabase: at android.database.sqlite.SQLiteSession.executeForLastInsertedRowId(SQLiteSession.jav a:790)
02-22 23:46:22.858 5102 5237 E SQLiteDatabase: at android.database.sqlite.SQLiteStatement.executeInsert(SQLiteStatement.java:88)
02-22 23:46:22.858 5102 5237 E SQLiteDatabase: at android.database.sqlite.SQLiteDatabase.insertWithOnConflict(SQLiteDatabase.java:170 1)
02-22 23:46:22.858 5102 5237 E SQLiteDatabase: at android.database.sqlite.SQLiteDatabase.insert(SQLiteDatabase.java:1570)
02-22 23:46:22.858 5102 5237 E SQLiteDatabase: at X.2tm.A08(Unknown Source:6)
02-22 23:46:22.858 5102 5237 E SQLiteDatabase: at X.35Y.A07(Unknown Source:212)
02-22 23:46:22.858 5102 5237 E SQLiteDatabase: at X.3QF.A14(Unknown Source:470)
02-22 23:46:22.858 5102 5237 E SQLiteDatabase: at X.3gU.run(Unknown Source:982)
02-22 23:46:22.858 5102 5237 E SQLiteDatabase: at android.os.Handler.handleCallback(Handler.java:938)
02-22 23:46:22.858 5102 5237 E SQLiteDatabase: at android.os.Handler.dispatchMessage(Handler.java:99)
02-22 23:46:22.858 5102 5237 E SQLiteDatabase: at X.0zq.dispatchMessage(Unknown Source:4)
02-22 23:46:22.858 5102 5237 E SQLiteDatabase: at android.os.Looper.loop(Looper.java:236)
02-22 23:46:22.858 5102 5237 E SQLiteDatabase: at android.os.HandlerThread.run(HandlerThread.java:67)
02-22 23:46:22.867 5102 5102 E ArmVmp : Match on catch block at 0xc3 in for 0xa1
02-22 23:46:22.870 5102 5102 E ArmVmp : Match on catch block at 0xc3 in for 0xa5
02-22 23:46:22.885 5102 5102 E ArmVmp : Match on catch block at 0xc3 in for 0xa1
02-22 23:46:22.889 5102 5102 E ArmVmp : Match on catch block at 0xc3 in for 0xa5
02-22 23:46:22.899 5102 5102 E ArmVmp : Match on catch block at 0xc3 in for 0xa9
02-22 23:46:22.902 5102 5102 E ArmVmp : Match on catch block at 0xc3 in for 0xa1
02-22 23:46:22.949 5102 5102 E ArmVmp : Match on catch block at 0xc3 in for 0xa1
02-22 23:46:22.951 5102 5102 E ArmVmp : Match on catch block at 0xc3 in for 0xa5
02-22 23:46:22.982 5102 5102 E ArmVmp : Match on catch block at 0xc3 in for 0xa5
02-22 23:46:22.986 5102 5102 E ArmVmp : Match on catch block at 0xc3 in for 0xa9
02-22 23:46:22.999 5102 5102 E ArmVmp : Match on catch block at 0xc3 in for 0xa9
02-22 23:46:23.002 5102 5102 E ArmVmp : Match on catch block at 0xc3 in for 0xa1
02-22 23:46:23.009 5102 5655 W System : ClassLoader referenced unknown path:
02-22 23:46:23.016 5102 5102 E ArmVmp : Match on catch block at 0xc3 in for 0xa5
02-22 23:46:23.018 5102 5102 E ArmVmp : Match on catch block at 0xc3 in for 0xa9
02-22 23:46:23.032 5102 5102 E ArmVmp : Match on catch block at 0xc3 in for 0xa9
02-22 23:46:23.035 5102 5102 E ArmVmp : Match on catch block at 0xc3 in for 0xa1
02-22 23:46:23.049 5102 5102 E ArmVmp : Match on catch block at 0xc3 in for 0xa9
02-22 23:46:23.051 5102 5102 E ArmVmp : Match on catch block at 0xc3 in for 0xa1
02-22 23:46:23.066 5102 5102 E ArmVmp : Match on catch block at 0xc3 in for 0xa1
02-22 23:46:23.068 5102 5102 E ArmVmp : Match on catch block at 0xc3 in for 0xa5
02-22 23:46:23.082 5102 5102 E ArmVmp : Match on catch block at 0xc3 in for 0xa5
02-22 23:46:23.086 5102 5102 E ArmVmp : Match on catch block at 0xc3 in for 0xa9
02-22 23:46:23.089 5102 5654 W linker : Warning: "/data/user_de/0/com.google.android.gms/app_chimera/m/00000255/CronetDynamite.apk!/ lib/arm64-v8a/libcronet.121.0.6167.71.so" unused DT entry: unknown processor- specific (type 0x70000001 arg 0x0) (ignoring)
02-22 23:46:23.099 5102 5102 E ArmVmp : Match on catch block at 0xc3 in for 0xa1
02-22 23:46:23.102 5102 5102 E ArmVmp : Match on catch block at 0xc3 in for 0xa5
02-22 23:46:23.116 5102 5102 E ArmVmp : Match on catch block at 0xc3 in for 0xa1
02-22 23:46:23.119 5102 5102 E ArmVmp : Match on catch block at 0xc3 in for 0xa5
02-22 23:46:23.132 5102 5102 E ArmVmp : Match on catch block at 0xc3 in for 0xa9
02-22 23:46:23.137 5102 5102 E ArmVmp : Match on catch block at 0xc3 in for 0xa1
02-22 23:46:23.141 5102 5660 E chromium: [0222/234623.141366:ERROR:cronet_context.cc(158)] Invalid QUIC hint host: .whatsapp.com
02-22 23:46:23.141 5102 5660 E chromium: [0222/234623.141427:ERROR:cronet_context.cc(158)] Invalid QUIC hint host: .cdninstagram.com
02-22 23:46:23.141 5102 5660 E chromium: [0222/234623.141438:ERROR:cronet_context.cc(158)] Invalid QUIC hint host: .fbcdn.net
02-22 23:46:23.141 5102 5660 E chromium: [0222/234623.141447:ERROR:cronet_context.cc(158)] Invalid QUIC hint host: .facebook.com
02-22 23:46:23.141 5102 5660 E chromium: [0222/234623.141455:ERROR:cronet_context.cc(158)] Invalid QUIC hint host: .instagram.com
02-22 23:46:23.141 5102 5660 E chromium: [0222/234623.141464:ERROR:cronet_context.cc(158)] Invalid QUIC hint host: .whatsapp.net
02-22 23:46:23.154 5102 5102 E ArmVmp : Match on catch block at 0xc3 in for 0xa5
02-22 23:46:23.157 5102 5102 E ArmVmp : Match on catch block at 0xc3 in for 0xa9
02-22 23:46:23.166 5102 5102 E ArmVmp : Match on catch block at 0xc3 in for 0xa9
02-22 23:46:23.170 5102 5102 E ArmVmp : Match on catch block at 0xc3 in for 0xa1
02-22 23:46:23.182 5102 5102 E ArmVmp : Match on catch block at 0xc3 in for 0xa1
02-22 23:46:23.189 5102 5102 E ArmVmp : Match on catch block at 0xc3 in for 0xa5
02-22 23:46:23.199 5102 5102 E ArmVmp : Match on catch block at 0xc3 in for 0xa5
02-22 23:46:23.202 5102 5102 E ArmVmp : Match on catch block at 0xc3 in for 0xa9
02-22 23:46:23.216 5102 5102 E ArmVmp : Match on catch block at 0xc3 in for 0xa9
02-22 23:46:23.226 5102 5102 E ArmVmp : Match on catch block at 0xc3 in for 0xa1
02-22 23:46:23.232 5102 5102 E ArmVmp : Match on catch block at 0xc3 in for 0xa1
02-22 23:46:23.236 5102 5102 E ArmVmp : Match on catch block at 0xc3 in for 0xa5
02-22 23:46:23.249 5102 5102 E ArmVmp : Match on catch block at 0xc3 in for 0xa5
02-22 23:46:23.253 5102 5102 E ArmVmp : Match on catch block at 0xc3 in for 0xa9
02-22 23:46:23.266 5102 5102 E ArmVmp : Match on catch block at 0xc3 in for 0xa9
02-22 23:46:23.269 5102 5102 E ArmVmp : Match on catch block at 0xc3 in for 0xa1
02-22 23:46:23.282 5102 5102 E ArmVmp : Match on catch block at 0xc3 in for 0xa1
02-22 23:46:23.285 5102 5102 E ArmVmp : Match on catch block at 0xc3 in for 0xa5
02-22 23:46:23.437 5102 5102 E ArmVmp : Match on catch block at 0xc3 in for 0xa5
02-22 23:46:23.440 5102 5102 E ArmVmp : Match on catch block at 0xc3 in for 0xa9
02-22 23:46:23.449 5102 5102 E ArmVmp : Match on catch block at 0xc3 in for 0xa9
02-22 23:46:23.452 5102 5102 E ArmVmp : Match on catch block at 0xc3 in for 0xa1
02-22 23:46:23.549 5102 5102 E ArmVmp : Match on catch block at 0xc3 in for 0xa5
02-22 23:46:23.556 5102 5102 E ArmVmp : Match on catch block at 0xc3 in for 0xa9
02-22 23:46:23.583 5102 5102 E ArmVmp : Match on catch block at 0xc3 in for 0xa9
02-22 23:46:23.585 5102 5102 E ArmVmp : Match on catch block at 0xc3 in for 0xa1
02-22 23:46:23.599 5102 5102 E ArmVmp : Match on catch block at 0xc3 in for 0xa5
02-22 23:46:23.602 5102 5102 E ArmVmp : Match on catch block at 0xc3 in for 0xa9
02-22 23:46:23.951 5102 5102 E ArmVmp : Match on catch block at 0xc3 in for 0xa9
02-22 23:46:23.953 5102 5102 E ArmVmp : Match on catch block at 0xc3 in for 0xa1
02-22 23:46:23.966 5102 5102 E ArmVmp : Match on catch block at 0xc3 in for 0xa9
02-22 23:46:23.971 5102 5102 E ArmVmp : Match on catch block at 0xc3 in for 0xa1
02-22 23:46:23.983 5102 5102 E ArmVmp : Match on catch block at 0xc3 in for 0xa1
02-22 23:46:23.988 5102 5102 E ArmVmp : Match on catch block at 0xc3 in for 0xa5
02-22 23:46:23.999 5102 5102 E ArmVmp : Match on catch block at 0xc3 in for 0xa5
02-22 23:46:24.003 5102 5102 E ArmVmp : Match on catch block at 0xc3 in for 0xa9
02-22 23:46:24.016 5102 5102 E ArmVmp : Match on catch block at 0xc3 in for 0xa9
02-22 23:46:24.019 5102 5102 E ArmVmp : Match on catch block at 0xc3 in for 0xa1
02-22 23:46:24.033 5102 5102 E ArmVmp : Match on catch block at 0xc3 in for 0xa1
02-22 23:46:24.035 5102 5102 E ArmVmp : Match on catch block at 0xc3 in for 0xa5
02-22 23:46:24.049 5102 5102 E ArmVmp : Match on catch block at 0xc3 in for 0xa5
02-22 23:46:24.053 5102 5102 E ArmVmp : Match on catch block at 0xc3 in for 0xa9
02-22 23:46:24.068 5102 5102 E ArmVmp : Match on catch block at 0xc3 in for 0xa9
02-22 23:46:24.071 5102 5102 E ArmVmp : Match on catch block at 0xc3 in for 0xa1
02-22 23:46:24.083 5102 5102 E ArmVmp : Match on catch block at 0xc3 in for 0xa1
02-22 23:46:24.087 5102 5102 E ArmVmp : Match on catch block at 0xc3 in for 0xa5
02-22 23:46:24.099 5102 5102 E ArmVmp : Match on catch block at 0xc3 in for 0xa5
02-22 23:46:24.103 5102 5102 E ArmVmp : Match on catch block at 0xc3 in for 0xa9
02-22 23:46:24.116 5102 5102 E ArmVmp : Match on catch block at 0xc3 in for 0xa9
02-22 23:46:24.118 5102 5102 E ArmVmp : Match on catch block at 0xc3 in for 0xa1
02-22 23:46:24.133 5102 5102 E ArmVmp : Match on catch block at 0xc3 in for 0xa1
02-22 23:46:24.135 5102 5102 E ArmVmp : Match on catch block at 0xc3 in for 0xa5
02-22 23:46:24.150 5102 5102 E ArmVmp : Match on catch block at 0xc3 in for 0xa5
02-22 23:46:24.152 5102 5102 E ArmVmp : Match on catch block at 0xc3 in for 0xa9
02-22 23:46:24.183 5102 5102 E ArmVmp : Match on catch block at 0xc3 in for 0xa9
02-22 23:46:24.186 5102 5102 E ArmVmp : Match on catch block at 0xc3 in for 0xa1
02-22 23:46:24.349 5102 5102 E ArmVmp : Match on catch block at 0xc3 in for 0xa1
02-22 23:46:24.353 5102 5102 E ArmVmp : Match on catch block at 0xc3 in for 0xa5
02-22 23:46:24.376 5102 5283 W MediaPlayer: Use of stream types is deprecated for operations other than volume control
02-22 23:46:24.376 5102 5283 W MediaPlayer: See the documentation of setAudioStreamType() for what to use instead with android.media.AudioAttributes to qualify your playback use case
02-22 23:46:24.566 5102 5102 E ArmVmp : Match on catch block at 0xc3 in for 0xa9
02-22 23:46:24.569 5102 5102 E ArmVmp : Match on catch block at 0xc3 in for 0xa1
02-22 23:46:24.650 5102 5102 E ArmVmp : Match on catch block at 0xc3 in for 0xa5
02-22 23:46:24.652 5102 5102 E ArmVmp : Match on catch block at 0xc3 in for 0xa9
02-22 23:46:24.716 5102 5102 E ArmVmp : Match on catch block at 0xc3 in for 0xa9
02-22 23:46:24.719 5102 5102 E ArmVmp : Match on catch block at 0xc3 in for 0xa1
02-22 23:46:24.850 5102 5102 E ArmVmp : Match on catch block at 0xc3 in for 0xa1
02-22 23:46:24.855 5102 5102 E ArmVmp : Match on catch block at 0xc3 in for 0xa5
02-22 23:46:24.867 5102 5102 E ArmVmp : Match on catch block at 0xc3 in for 0xa5
02-22 23:46:24.869 5102 5102 E ArmVmp : Match on catch block at 0xc3 in for 0xa9
02-22 23:46:24.887 5102 5102 E ArmVmp : Match on catch block at 0xc3 in for 0xa9
02-22 23:46:24.889 5102 5102 E ArmVmp : Match on catch block at 0xc3 in for 0xa1
02-22 23:46:24.900 5102 5102 E ArmVmp : Match on catch block at 0xc3 in for 0xa1
02-22 23:46:24.903 5102 5102 E ArmVmp : Match on catch block at 0xc3 in for 0xa5
02-22 23:46:24.916 5102 5102 E ArmVmp : Match on catch block at 0xc3 in for 0xa5
02-22 23:46:24.919 5102 5102 E ArmVmp : Match on catch block at 0xc3 in for 0xa9
02-22 23:46:24.933 5102 5102 E ArmVmp : Match on catch block at 0xc3 in for 0xa9
02-22 23:46:24.936 5102 5102 E ArmVmp : Match on catch block at 0xc3 in for 0xa1
02-22 23:46:24.950 5102 5102 E ArmVmp : Match on catch block at 0xc3 in for 0xa1
02-22 23:46:24.953 5102 5102 E ArmVmp : Match on catch block at 0xc3 in for 0xa5
02-22 23:46:24.966 5102 5102 E ArmVmp : Match on catch block at 0xc3 in for 0xa5
02-22 23:46:24.969 5102 5102 E ArmVmp : Match on catch block at 0xc3 in for 0xa9
02-22 23:46:24.983 5102 5102 E ArmVmp : Match on catch block at 0xc3 in for 0xa9
02-22 23:46:24.986 5102 5102 E ArmVmp : Match on catch block at 0xc3 in for 0xa1
02-22 23:46:25.000 5102 5102 E ArmVmp : Match on catch block at 0xc3 in for 0xa1
02-22 23:46:25.014 5102 5102 E ArmVmp : Match on catch block at 0xc3 in for 0xa5
02-22 23:46:25.017 5102 5102 E ArmVmp : Match on catch block at 0xc3 in for 0xa5
02-22 23:46:25.023 5102 5102 E ArmVmp : Match on catch block at 0xc3 in for 0xa9
02-22 23:46:25.033 5102 5102 E ArmVmp : Match on catch block at 0xc3 in for 0xa9
02-22 23:46:25.037 5102 5102 E ArmVmp : Match on catch block at 0xc3 in for 0xa1
02-22 23:46:25.050 5102 5102 E ArmVmp : Match on catch block at 0xc3 in for 0xa1
02-22 23:46:25.053 5102 5102 E ArmVmp : Match on catch block at 0xc3 in for 0xa5
02-22 23:46:25.066 5102 5102 E ArmVmp : Match on catch block at 0xc3 in for 0xa5
02-22 23:46:25.070 5102 5102 E ArmVmp : Match on catch block at 0xc3 in for 0xa9
02-22 23:46:25.083 5102 5102 E ArmVmp : Match on catch block at 0xc3 in for 0xa9
02-22 23:46:25.087 5102 5102 E ArmVmp : Match on catch block at 0xc3 in for 0xa1
02-22 23:46:25.100 5102 5102 E ArmVmp : Match on catch block at 0xc3 in for 0xa1
02-22 23:46:25.105 5102 5102 E ArmVmp : Match on catch block at 0xc3 in for 0xa5
02-22 23:46:25.117 5102 5102 E ArmVmp : Match on catch block at 0xc3 in for 0xa5
02-22 23:46:25.121 5102 5102 E ArmVmp : Match on catch block at 0xc3 in for 0xa9
02-22 23:46:25.134 5102 5102 E ArmVmp : Match on catch block at 0xc3 in for 0xa9
02-22 23:46:25.139 5102 5102 E ArmVmp : Match on catch block at 0xc3 in for 0xa1
02-22 23:46:25.150 5102 5102 E ArmVmp : Match on catch block at 0xc3 in for 0xa1
02-22 23:46:25.154 5102 5102 E ArmVmp : Match on catch block at 0xc3 in for 0xa5
02-22 23:46:25.166 5102 5102 E ArmVmp : Match on catch block at 0xc3 in for 0xa5
02-22 23:46:25.171 5102 5102 E ArmVmp : Match on catch block at 0xc3 in for 0xa9
02-22 23:46:25.183 5102 5102 E ArmVmp : Match on catch block at 0xc3 in for 0xa1
02-22 23:46:25.188 5102 5102 E ArmVmp : Match on catch block at 0xc3 in for 0xa5
02-22 23:46:25.200 5102 5102 E ArmVmp : Match on catch block at 0xc3 in for 0xa5
02-22 23:46:25.203 5102 5102 E ArmVmp : Match on catch block at 0xc3 in for 0xa9
02-22 23:46:25.217 5102 5102 E ArmVmp : Match on catch block at 0xc3 in for 0xa9
02-22 23:46:25.221 5102 5102 E ArmVmp : Match on catch block at 0xc3 in for 0xa1
02-22 23:46:25.235 5102 5102 E ArmVmp : Match on catch block at 0xc3 in for 0xa1
02-22 23:46:25.239 5102 5102 E ArmVmp : Match on catch block at 0xc3 in for 0xa5
02-22 23:46:25.251 5102 5102 E ArmVmp : Match on catch block at 0xc3 in for 0xa5
02-22 23:46:25.255 5102 5102 E ArmVmp : Match on catch block at 0xc3 in for 0xa9
02-22 23:46:25.268 5102 5102 E ArmVmp : Match on catch block at 0xc3 in for 0xa9
02-22 23:46:25.274 5102 5102 E ArmVmp : Match on catch block at 0xc3 in for 0xa1
02-22 23:46:25.284 5102 5102 E ArmVmp : Match on catch block at 0xc3 in for 0xa1
02-22 23:46:25.290 5102 5102 E ArmVmp : Match on catch block at 0xc3 in for 0xa5
02-22 23:46:25.300 5102 5102 E ArmVmp : Match on catch block at 0xc3 in for 0xa5
02-22 23:46:25.304 5102 5102 E ArmVmp : Match on catch block at 0xc3 in for 0xa9
02-22 23:46:25.334 5102 5102 E ArmVmp : Match on catch block at 0xc3 in for 0xa9
02-22 23:46:25.338 5102 5102 E ArmVmp : Match on catch block at 0xc3 in for 0xa1
02-22 23:46:25.402 5102 5102 E ArmVmp : Match on catch block at 0xc3 in for 0xa1
02-22 23:46:25.407 5102 5102 E ArmVmp : Match on catch block at 0xc3 in for 0xa5
02-22 23:46:25.484 5102 5102 E ArmVmp : Match on catch block at 0xc3 in for 0xa5
02-22 23:46:25.489 5102 5102 E ArmVmp : Match on catch block at 0xc3 in for 0xa9
02-22 23:46:25.551 5102 5102 E ArmVmp : Match on catch block at 0xc3 in for 0xa9
02-22 23:46:25.558 5102 5102 E ArmVmp : Match on catch block at 0xc3 in for 0xa1
02-22 23:46:25.802 5102 5102 E ArmVmp : Match on catch block at 0xc3 in for 0xa9
02-22 23:46:25.807 5102 5102 E ArmVmp : Match on catch block at 0xc3 in for 0xa1
02-22 23:46:25.830 5102 5102 E ArmVmp : Match on catch block at 0xc3 in for 0xa5
02-22 23:46:25.835 5102 5102 E ArmVmp : Match on catch block at 0xc3 in for 0xa9
02-22 23:46:25.855 5102 5102 E ArmVmp : Match on catch block at 0xc3 in for 0xa9
02-22 23:46:25.859 5102 5102 E ArmVmp : Match on catch block at 0xc3 in for 0xa1
02-22 23:46:25.867 5102 5102 E ArmVmp : Match on catch block at 0xc3 in for 0xa1
02-22 23:46:25.871 5102 5102 E ArmVmp : Match on catch block at 0xc3 in for 0xa5
02-22 23:46:25.883 5102 5102 E ArmVmp : Match on catch block at 0xc3 in for 0xa5
02-22 23:46:25.885 5102 5102 E ArmVmp : Match on catch block at 0xc3 in for 0xa9
02-22 23:46:25.910 5102 5102 E ArmVmp : Match on catch block at 0xc3 in for 0xa9
02-22 23:46:25.914 5102 5102 E ArmVmp : Match on catch block at 0xc3 in for 0xa1
02-22 23:46:25.922 5102 5102 E ArmVmp : Match on catch block at 0xc3 in for 0xa9
02-22 23:46:25.925 5102 5102 E ArmVmp : Match on catch block at 0xc3 in for 0xa1
02-22 23:46:25.933 5102 5102 E ArmVmp : Match on catch block at 0xc3 in for 0xa1
02-22 23:46:25.936 5102 5102 E ArmVmp : Match on catch block at 0xc3 in for 0xa5
02-22 23:46:25.950 5102 5102 E ArmVmp : Match on catch block at 0xc3 in for 0xa5
02-22 23:46:25.952 5102 5102 E ArmVmp : Match on catch block at 0xc3 in for 0xa9
02-22 23:46:25.967 5102 5102 E ArmVmp : Match on catch block at 0xc3 in for 0xa9
02-22 23:46:25.972 5102 5102 E ArmVmp : Match on catch block at 0xc3 in for 0xa1
02-22 23:46:25.984 5102 5102 E ArmVmp : Match on catch block at 0xc3 in for 0xa1
02-22 23:46:25.988 5102 5102 E ArmVmp : Match on catch block at 0xc3 in for 0xa5
02-22 23:46:26.001 5102 5102 E ArmVmp : Match on catch block at 0xc3 in for 0xa5
02-22 23:46:26.006 5102 5102 E ArmVmp : Match on catch block at 0xc3 in for 0xa9
02-22 23:46:26.018 5102 5102 E ArmVmp : Match on catch block at 0xc3 in for 0xa9
02-22 23:46:26.030 5102 5102 E ArmVmp : Match on catch block at 0xc3 in for 0xa1
02-22 23:46:26.254 5102 5102 E ArmVmp : Match on catch block at 0xc3 in for 0xa9
02-22 23:46:26.259 5102 5102 E ArmVmp : Match on catch block at 0xc3 in for 0xa1
02-22 23:46:26.269 5102 5283 W MediaPlayer: Use of stream types is deprecated for operations other than volume control
02-22 23:46:26.269 5102 5283 W MediaPlayer: See the documentation of setAudioStreamType() for what to use instead with android.media.AudioAttributes to qualify your playback use case
02-22 23:46:26.272 5102 5102 E ArmVmp : Match on catch block at 0xc3 in for 0xa1
02-22 23:46:26.276 5102 5102 E ArmVmp : Match on catch block at 0xc3 in for 0xa5
02-22 23:46:26.333 5102 5102 E ArmVmp : Match on catch block at 0xc3 in for 0xa5
02-22 23:46:26.337 5102 5102 E ArmVmp : Match on catch block at 0xc3 in for 0xa9
02-22 23:46:26.585 5102 5102 E ArmVmp : Match on catch block at 0xc3 in for 0xa1
02-22 23:46:26.588 5102 5102 E ArmVmp : Match on catch block at 0xc3 in for 0xa5
02-22 23:46:26.602 5102 5102 E ArmVmp : Match on catch block at 0xc3 in for 0xa5
02-22 23:46:26.608 5102 5102 E ArmVmp : Match on catch block at 0xc3 in for 0xa9
02-22 23:46:26.618 5102 5102 E ArmVmp : Match on catch block at 0xc3 in for 0xa9
02-22 23:46:26.622 5102 5102 E ArmVmp : Match on catch block at 0xc3 in for 0xa1
02-22 23:46:26.771 5102 5102 E ArmVmp : Match on catch block at 0xc3 in for 0xa5
02-22 23:46:26.775 5102 5102 E ArmVmp : Match on catch block at 0xc3 in for 0xa9
02-22 23:46:26.789 5102 5102 E ArmVmp : Match on catch block at 0xc3 in for 0xa9
02-22 23:46:26.793 5102 5102 E ArmVmp : Match on catch block at 0xc3 in for 0xa1
02-22 23:46:26.804 5102 5102 E ArmVmp : Match on catch block at 0xc3 in for 0xa5
02-22 23:46:26.807 5102 5102 E ArmVmp : Match on catch block at 0xc3 in for 0xa9
02-22 23:46:26.818 5102 5102 E ArmVmp : Match on catch block at 0xc3 in for 0xa9
02-22 23:46:26.820 5102 5102 E ArmVmp : Match on catch block at 0xc3 in for 0xa1
02-22 23:46:26.834 5102 5102 E ArmVmp : Match on catch block at 0xc3 in for 0xa1
02-22 23:46:26.836 5102 5102 E ArmVmp : Match on catch block at 0xc3 in for 0xa5
02-22 23:46:27.334 5102 5102 E ArmVmp : Match on catch block at 0xc3 in for 0xa9
02-22 23:46:27.336 5102 5102 E ArmVmp : Match on catch block at 0xc3 in for 0xa1
02-22 23:46:27.734 5102 5102 E ArmVmp : Match on catch block at 0xc3 in for 0xa1
02-22 23:46:27.738 5102 5102 E ArmVmp : Match on catch block at 0xc3 in for 0xa5
02-22 23:46:27.744 5102 5102 E ArmVmp : Match on catch block at 0xc3 in for 0xa5
02-22 23:46:27.748 5102 5102 E ArmVmp : Match on catch block at 0xc3 in for 0xa9
02-22 23:46:27.834 5102 5102 E ArmVmp : Match on catch block at 0xc3 in for 0xa9
02-22 23:46:27.836 5102 5102 E ArmVmp : Match on catch block at 0xc3 in for 0xa1
02-22 23:46:28.024 5102 5102 E ArmVmp : Match on catch block at 0xc3 in for 0xa9
02-22 23:46:28.026 5102 5102 E ArmVmp : Match on catch block at 0xc3 in for 0xa1
02-22 23:46:28.050 5102 5102 E ArmVmp : Match on catch block at 0xc3 in for 0xa9
02-22 23:46:28.054 5102 5102 E ArmVmp : Match on catch block at 0xc3 in for 0xa1
02-22 23:46:28.113 5102 5102 E ArmVmp : Match on catch block at 0xc3 in for 0xa9
02-22 23:46:28.116 5102 5102 E ArmVmp : Match on catch block at 0xc3 in for 0xa1
02-22 23:46:34.108 5102 5102 E ArmVmp : Match on catch block at 0x38 in for 0xb9
02-22 23:46:34.131 5102 5102 W System.err: java.lang.NumberFormatException: For input string: ""
02-22 23:46:34.131 5102 5102 W System.err:
02-22 23:46:34.152 5102 5102 W System.err: at java.lang.Integer.parseInt(Integer.java:627)
02-22 23:46:34.152 5102 5102 W System.err:
02-22 23:46:34.153 5102 5102 W System.err: at java.lang.Integer.parseInt(Integer.java:650)
02-22 23:46:34.153 5102 5102 W System.err:
02-22 23:46:34.153 5102 5102 W System.err: at mbmodsd.mbmodsw.home.HomeActivity.mbcRe(Native Method)
02-22 23:46:34.154 5102 5102 W System.err:
02-22 23:46:34.154 5102 5102 W System.err: at com.whatsapp.HomeActivity.onPause(Unknown Source:9)
02-22 23:46:34.154 5102 5102 W System.err:
02-22 23:46:34.155 5102 5102 W System.err: at android.app.Activity.performPause(Activity.java:8343)
02-22 23:46:34.155 5102 5102 W System.err:
02-22 23:46:34.155 5102 5102 W System.err: at android.app.Instrumentation.callActivityOnPause(Instrumentation.java:1510)
02-22 23:46:34.155 5102 5102 W System.err:
02-22 23:46:34.156 5102 5102 W System.err: at android.app.ActivityThread.performPauseActivityIfNeeded(ActivityThread.java:4842)
02-22 23:46:34.156 5102 5102 W System.err:
02-22 23:46:34.156 5102 5102 W System.err: at android.app.ActivityThread.performPauseActivity(ActivityThread.java:4803)
02-22 23:46:34.156 5102 5102 W System.err:
02-22 23:46:34.156 5102 5102 W System.err: at android.app.ActivityThread.handlePauseActivity(ActivityThread.java:4751)
02-22 23:46:34.157 5102 5102 W System.err:
02-22 23:46:34.157 5102 5102 W System.err: at android.app.servertransaction.PauseActivityItem.execute(PauseActivityItem.java:46)
02-22 23:46:34.157 5102 5102 W System.err:
02-22 23:46:34.157 5102 5102 W System.err: at android.app.servertransaction.TransactionExecutor.executeLifecycleState(Transaction Executor.java:176)
02-22 23:46:34.157 5102 5102 W System.err:
02-22 23:46:34.158 5102 5102 W System.err: at android.app.servertransaction.TransactionExecutor.execute(TransactionExecutor.java: 97)
02-22 23:46:34.158 5102 5102 W System.err:
02-22 23:46:34.158 5102 5102 W System.err: at android.app.ActivityThread$H.handleMessage(ActivityThread.java:2131)
02-22 23:46:34.158 5102 5102 W System.err:
02-22 23:46:34.158 5102 5102 W System.err: at android.os.Handler.dispatchMessage(Handler.java:106)
02-22 23:46:34.158 5102 5102 W System.err:
02-22 23:46:34.158 5102 5102 W System.err: at android.os.Looper.loop(Looper.java:236)
02-22 23:46:34.158 5102 5102 W System.err:
02-22 23:46:34.159 5102 5102 W System.err: at android.app.ActivityThread.main(ActivityThread.java:8019)
02-22 23:46:34.159 5102 5102 W System.err:
02-22 23:46:34.159 5102 5102 W System.err: at java.lang.reflect.Method.invoke(Native Method)
02-22 23:46:34.159 5102 5102 W System.err:
02-22 23:46:34.159 5102 5102 W System.err: at com.android.internal.os.RuntimeInit$MethodAndArgsCaller.run(RuntimeInit.java:600)
02-22 23:46:34.159 5102 5102 W System.err:
02-22 23:46:34.159 5102 5102 W System.err: at com.android.internal.os.ZygoteInit.main(ZygoteInit.java:967)
02-22 23:46:34.160 5102 5102 W System.err:
02-22 23:46:34.160 5102 5102 W Activity: Slow Operation: Activity com.whatsapp/.HomeActivity onPause took 82ms
02-22 23:46:34.643 5102 5237 E SQLiteDatabase: Error inserting transferred=1 media_job_uuid=673c89fc-a5b2-4175-948e-7d1c47c3df49 transcoded=1 gif_attribution=0 first_scan_length=0 direct_path=/v/t62.7118- 24/11813974_815168067322503_7920693267132501436_n.enc?ccb=11-4&oh=01_AdQ7naK- BY22Hqii9Pq7MUrdCI0jXFtlC_L4tWJCSZwvkw&oe=65FF99FC&_nc_sid=5e03e0 thumbnail_height_width_ratio=1.0 is_animated_sticker=0 file_hash=NjOOYAsbwPWdVwVM89HBNEsvWogFamlDq8z0HfpHlbg= file_path=Media/WhatsApp Images/Sent/IMG-20240222-WA0017.jpg file_size=1295447 partial_media_hash=r38mqEgNoJTAhtkU2TZqnNEJrkYPkv+/z+y+ioTx6oA= face_x=0 face_y=0 height=2464 trim_to=0 media_key_timestamp=1708659983475 message_url=https://mmg.whatsapp.net/v/t62.7118- 24/11813974_815168067322503_7920693267132501436_n.enc?ccb=11-4&oh=01_AdQ7naK- BY22Hqii9Pq7MUrdCI0jXFtlC_L4tWJCSZwvkw&oe=65FF99FC&_nc_sid=5e03e0&mms3=true media_caption=null trim_from=0 mime_type=null partial_media_enc_hash=null width=2464 original_file_hash=aJjxPfCK68MeqUsJfdt+zcEuOg3ljnLyXH6254AxQ0Y= has_streaming_sidecar=1 autotransfer_retry_enabled=0 media_upload_handle=null message_row_id=532 multicast_id=null enc_file_hash=zjtRaxhAnHvtere3l/CvlGbUepE2GXYfVg8fPCHmlIg= mute_video=0 page_count=0 first_scan_sidecar=null suspicious_content=0 file_length=1295447 media_name=265a5643-27f1-4d9f-86a1-f9349b95fd2c.jpg media_duration=0 chat_row_id=94 media_key=[B@b2f375f
02-22 23:46:34.643 5102 5237 E SQLiteDatabase: android.database.sqlite.SQLiteConstraintException: UNIQUE constraint failed: message_media.message_row_id (code 1555 SQLITE_CONSTRAINT_PRIMARYKEY)
02-22 23:46:34.643 5102 5237 E SQLiteDatabase: at android.database.sqlite.SQLiteConnection.nativeExecuteForLastInsertedRowId(Native Method)
02-22 23:46:34.643 5102 5237 E SQLiteDatabase: at android.database.sqlite.SQLiteConnection.executeForLastInsertedRowId(SQLiteConnecti on.java:938)
02-22 23:46:34.643 5102 5237 E SQLiteDatabase: at android.database.sqlite.SQLiteSession.executeForLastInsertedRowId(SQLiteSession.jav a:790)
02-22 23:46:34.643 5102 5237 E SQLiteDatabase: at android.database.sqlite.SQLiteStatement.executeInsert(SQLiteStatement.java:88)
02-22 23:46:34.643 5102 5237 E SQLiteDatabase: at android.database.sqlite.SQLiteDatabase.insertWithOnConflict(SQLiteDatabase.java:170 1)
02-22 23:46:34.643 5102 5237 E SQLiteDatabase: at android.database.sqlite.SQLiteDatabase.insert(SQLiteDatabase.java:1570)
02-22 23:46:34.643 5102 5237 E SQLiteDatabase: at X.2tm.A08(Unknown Source:6)
02-22 23:46:34.643 5102 5237 E SQLiteDatabase: at X.35Y.A07(Unknown Source:212)
02-22 23:46:34.643 5102 5237 E SQLiteDatabase: at X.3QF.A14(Unknown Source:470)
02-22 23:46:34.643 5102 5237 E SQLiteDatabase: at X.3gU.run(Unknown Source:982)
02-22 23:46:34.643 5102 5237 E SQLiteDatabase: at android.os.Handler.handleCallback(Handler.java:938)
02-22 23:46:34.643 5102 5237 E SQLiteDatabase: at android.os.Handler.dispatchMessage(Handler.java:99)
02-22 23:46:34.643 5102 5237 E SQLiteDatabase: at X.0zq.dispatchMessage(Unknown Source:4)
02-22 23:46:34.643 5102 5237 E SQLiteDatabase: at android.os.Looper.loop(Looper.java:236)
02-22 23:46:34.643 5102 5237 E SQLiteDatabase: at android.os.HandlerThread.run(HandlerThread.java:67)
02-22 23:46:39.496 5102 5119 W System : A resource failed to call release.
02-22 23:46:39.498 5102 5119 W System : A resource failed to call release.
02-22 23:47:17.498 5102 5102 W com.whatsapp: type=1400 audit(0.0:491689): avc: granted { execute } for comm=486967682050726920576F726B6572 path="/data/data/com.whatsapp/files/decompressed/libs.spk.zst/libaom.so" dev="dm- 10" ino=356799 scontext=u:r:untrusted_app:s0:c213,c257,c512,c768 tcontext=u:object_r:app_data_file:s0:c213,c257,c512,c768 tclass=file app=com.whatsapp
02-22 23:47:17.575 5102 6873 W AudioManager: Use of stream types is deprecated for operations other than volume control
02-22 23:47:17.575 5102 6873 W AudioManager: See the documentation of requestAudioFocus() for what to use instead with android.media.AudioAttributes to qualify your playback use case
02-22 23:47:17.577 5102 5102 W SoundPool: Use of stream types is deprecated for operations other than volume control
02-22 23:47:17.577 5102 5102 W SoundPool: See the documentation of SoundPool() for what to use instead with android.media.AudioAttributes to qualify your playback use case
02-22 23:47:17.946 5102 6897 W Codec2Client: query -- param skipped: index = 1107298332.
02-22 23:47:17.950 5102 6897 W Codec2Client: query -- param skipped: index = 1342179345.
02-22 23:47:17.950 5102 6897 W Codec2Client: query -- param skipped: index = 2415921170.
02-22 23:47:17.951 5102 6898 W Codec2Client: query -- param skipped: index = 1107298332.
