02-22 20:21:01.255 26912 26978 W BpBinder: Slow Binder: BpBinder transact took 349 ms, interface=android.media.IMediaMetadataRetriever, code=5 oneway=false
02-22 20:21:01.399 26912 5212 W BpBinder: Slow Binder: BpBinder transact took 347 ms, interface=android.media.IMediaMetadataRetriever, code=5 oneway=false
02-22 20:21:01.549 26912 26967 W BpBinder: Slow Binder: BpBinder transact took 404 ms, interface=android.media.IMediaMetadataRetriever, code=5 oneway=false
02-22 20:21:01.685 26912 26978 W BpBinder: Slow Binder: BpBinder transact took 426 ms, interface=android.media.IMediaMetadataRetriever, code=5 oneway=false
02-22 20:21:01.831 26912 5212 W BpBinder: Slow Binder: BpBinder transact took 378 ms, interface=android.media.IMediaMetadataRetriever, code=5 oneway=false
02-22 20:21:01.941 26912 26967 W BpBinder: Slow Binder: BpBinder transact took 388 ms, interface=android.media.IMediaMetadataRetriever, code=5 oneway=false
02-22 20:21:02.043 26912 26978 W BpBinder: Slow Binder: BpBinder transact took 354 ms, interface=android.media.IMediaMetadataRetriever, code=5 oneway=false
02-22 20:21:02.155 26912 5212 W BpBinder: Slow Binder: BpBinder transact took 276 ms, interface=android.media.IMediaMetadataRetriever, code=5 oneway=false
02-22 20:21:02.311 26912 26967 W BpBinder: Slow Binder: BpBinder transact took 362 ms, interface=android.media.IMediaMetadataRetriever, code=5 oneway=false
02-22 20:21:02.483 26912 26978 W BpBinder: Slow Binder: BpBinder transact took 435 ms, interface=android.media.IMediaMetadataRetriever, code=5 oneway=false
02-22 20:21:06.706 26912 26912 W InputEventReceiver: App Input: Dispatching InputEvent took 165ms in main thread! (MotionEvent: event_seq=1478, seq=5654676, action=ACTION_DOWN)
02-22 20:21:25.101 26912 26967 W BpBinder: Slow Binder: BpBinder transact took 212 ms, interface=android.media.IMediaMetadataRetriever, code=5 oneway=false
02-22 20:22:38.447 26912 26912 W Looper : PerfMonitor doFrame : time=410ms vsyncFrame=0 latency=1ms procState=2
02-22 20:22:38.447 26912 26912 W InputEventReceiver: App Input: 325ms before dispatchInputEvent (MotionEvent: event_seq=1709, seq=5655368, action=ACTION_DOWN)
02-22 20:24:15.151 26912 26912 W InputEventReceiver: App Input: Dispatching InputEvent took 206ms in main thread! (MotionEvent: event_seq=1828, seq=5655610, action=ACTION_DOWN)
02-22 20:25:58.212 26912 30833 W BpBinder: Slow Binder: BpBinder transact took 546 ms, interface=android.hardware.camera2.ICameraDeviceUser, code=6 oneway=false
02-22 20:25:59.004 26912 30832 W BpBinder: Slow Binder: BpBinder transact took 287 ms, interface=android.hardware.camera2.ICameraDeviceUser, code=1 oneway=false
02-22 20:26:00.927 26912 4562 W BpBinder: Slow Binder: BpBinder transact took 210 ms, interface=android.media.IMediaMetadataRetriever, code=5 oneway=false
02-22 20:26:03.151 26912 4562 W BpBinder: Slow Binder: BpBinder transact took 208 ms, interface=android.media.IMediaMetadataRetriever, code=5 oneway=false
02-22 20:26:03.538 26912 4562 W BpBinder: Slow Binder: BpBinder transact took 232 ms, interface=android.media.IMediaMetadataRetriever, code=5 oneway=false
02-22 20:48:25.866 26912 30833 W BpBinder: Slow Binder: BpBinder transact took 354 ms, interface=android.hardware.ICameraService, code=4 oneway=false
02-22 20:48:26.177 26912 4562 W BpBinder: Slow Binder: BpBinder transact took 226 ms, interface=android.media.IMediaMetadataRetriever, code=3 oneway=false
02-22 20:48:26.487 26912 4562 W BpBinder: Slow Binder: BpBinder transact took 309 ms, interface=android.media.IMediaMetadataRetriever, code=5 oneway=false
02-22 20:48:26.838 26912 30833 W BpBinder: Slow Binder: BpBinder transact took 891 ms, interface=android.hardware.camera2.ICameraDeviceUser, code=6 oneway=false
02-22 20:48:27.338 26912 4562 W BpBinder: Slow Binder: BpBinder transact took 423 ms, interface=android.media.IMediaMetadataRetriever, code=5 oneway=false
02-22 20:48:27.781 26912 4558 W BpBinder: Slow Binder: BpBinder transact took 254 ms, interface=android.media.IMediaMetadataRetriever, code=5 oneway=false
02-22 20:48:27.842 26912 30832 W BpBinder: Slow Binder: BpBinder transact took 303 ms, interface=android.hardware.camera2.ICameraDeviceUser, code=1 oneway=false
02-22 20:48:28.040 26912 26912 W Looper : PerfMonitor doFrame : time=346ms vsyncFrame=0 latency=112ms procState=2 historyMsgCount=2 (msgIndex=1 wall=114ms seq=44632 running=33ms runnable=1ms io=55ms late=16ms h=android.app.ActivityThread$H w=159)
02-22 20:48:28.064 26912 26912 W Looper : PerfMonitor doFrame : time=17ms vsyncFrame=0 latency=349ms procState=2 historyMsgCount=13 (msgIndex=1 wall=346ms seq=44634 running=193ms io=74ms late=112ms h=android.view.Choreographer$FrameHandler c=android.view.Choreographer$FrameDisplayEventReceiver)
02-22 20:48:41.892 26912 30833 W BpBinder: Slow Binder: BpBinder transact took 224 ms, interface=android.hardware.camera2.ICameraDeviceUser, code=6 oneway=false
02-22 20:48:42.125 26912 15319 W BpBinder: Slow Binder: BpBinder transact took 210 ms, interface=android.media.IMediaMetadataRetriever, code=5 oneway=false
02-22 20:48:42.314 26912 15320 W BpBinder: Slow Binder: BpBinder transact took 295 ms, interface=android.media.IMediaMetadataRetriever, code=5 oneway=false
02-22 20:48:42.420 26912 15313 W BpBinder: Slow Binder: BpBinder transact took 354 ms, interface=android.media.IMediaMetadataRetriever, code=5 oneway=false
02-22 20:48:42.533 26912 15319 W BpBinder: Slow Binder: BpBinder transact took 235 ms, interface=android.media.IMediaMetadataRetriever, code=5 oneway=false
02-22 20:48:42.650 26912 15320 W BpBinder: Slow Binder: BpBinder transact took 248 ms, interface=android.media.IMediaMetadataRetriever, code=5 oneway=false
02-22 20:48:42.727 26912 15313 W BpBinder: Slow Binder: BpBinder transact took 206 ms, interface=android.media.IMediaMetadataRetriever, code=5 oneway=false
02-22 20:48:48.630 26912 15024 W BpBinder: Slow Binder: BpBinder transact took 272 ms, interface=android.media.IMediaMetadataRetriever, code=5 oneway=false
02-22 20:48:48.743 26912 15507 W BpBinder: Slow Binder: BpBinder transact took 263 ms, interface=android.media.IMediaMetadataRetriever, code=5 oneway=false
02-22 20:48:48.823 26912 15027 W BpBinder: Slow Binder: BpBinder transact took 294 ms, interface=android.media.IMediaMetadataRetriever, code=5 oneway=false
02-22 20:48:48.915 26912 15024 W BpBinder: Slow Binder: BpBinder transact took 282 ms, interface=android.media.IMediaMetadataRetriever, code=5 oneway=false
02-22 20:48:49.001 26912 15507 W BpBinder: Slow Binder: BpBinder transact took 219 ms, interface=android.media.IMediaMetadataRetriever, code=5 oneway=false
02-22 20:48:49.083 26912 15027 W BpBinder: Slow Binder: BpBinder transact took 255 ms, interface=android.media.IMediaMetadataRetriever, code=5 oneway=false
02-22 20:48:49.178 26912 15024 W BpBinder: Slow Binder: BpBinder transact took 259 ms, interface=android.media.IMediaMetadataRetriever, code=5 oneway=false
02-22 20:48:49.261 26912 15507 W BpBinder: Slow Binder: BpBinder transact took 223 ms, interface=android.media.IMediaMetadataRetriever, code=5 oneway=false
02-22 20:48:49.350 26912 15027 W BpBinder: Slow Binder: BpBinder transact took 263 ms, interface=android.media.IMediaMetadataRetriever, code=5 oneway=false
02-22 20:48:49.447 26912 15024 W BpBinder: Slow Binder: BpBinder transact took 264 ms, interface=android.media.IMediaMetadataRetriever, code=5 oneway=false
02-22 20:48:49.545 26912 15507 W BpBinder: Slow Binder: BpBinder transact took 240 ms, interface=android.media.IMediaMetadataRetriever, code=5 oneway=false
02-22 20:48:49.652 26912 15027 W BpBinder: Slow Binder: BpBinder transact took 294 ms, interface=android.media.IMediaMetadataRetriever, code=5 oneway=false
02-22 20:48:49.786 26912 15024 W BpBinder: Slow Binder: BpBinder transact took 332 ms, interface=android.media.IMediaMetadataRetriever, code=5 oneway=false
02-22 20:48:49.879 26912 15507 W BpBinder: Slow Binder: BpBinder transact took 296 ms, interface=android.media.IMediaMetadataRetriever, code=5 oneway=false
02-22 20:48:49.967 26912 15027 W BpBinder: Slow Binder: BpBinder transact took 312 ms, interface=android.media.IMediaMetadataRetriever, code=5 oneway=false
02-22 20:48:50.098 26912 15024 W BpBinder: Slow Binder: BpBinder transact took 310 ms, interface=android.media.IMediaMetadataRetriever, code=5 oneway=false
02-22 20:48:50.217 26912 15507 W BpBinder: Slow Binder: BpBinder transact took 304 ms, interface=android.media.IMediaMetadataRetriever, code=5 oneway=false
02-22 20:48:50.315 26912 15027 W BpBinder: Slow Binder: BpBinder transact took 345 ms, interface=android.media.IMediaMetadataRetriever, code=5 oneway=false
02-22 20:48:50.433 26912 15024 W BpBinder: Slow Binder: BpBinder transact took 333 ms, interface=android.media.IMediaMetadataRetriever, code=5 oneway=false
02-22 20:48:50.558 26912 15507 W BpBinder: Slow Binder: BpBinder transact took 279 ms, interface=android.media.IMediaMetadataRetriever, code=5 oneway=false
02-22 20:48:50.688 26912 15027 W BpBinder: Slow Binder: BpBinder transact took 367 ms, interface=android.media.IMediaMetadataRetriever, code=5 oneway=false
02-22 20:48:50.850 26912 15024 W BpBinder: Slow Binder: BpBinder transact took 415 ms, interface=android.media.IMediaMetadataRetriever, code=5 oneway=false
02-22 20:48:50.967 26912 15027 W BpBinder: Slow Binder: BpBinder transact took 274 ms, interface=android.media.IMediaMetadataRetriever, code=5 oneway=false
02-22 20:48:51.097 26912 15024 W BpBinder: Slow Binder: BpBinder transact took 243 ms, interface=android.media.IMediaMetadataRetriever, code=5 oneway=false
02-22 20:48:51.290 26912 15027 W BpBinder: Slow Binder: BpBinder transact took 319 ms, interface=android.media.IMediaMetadataRetriever, code=5 oneway=false
02-22 20:49:01.845 26912 15294 W BpBinder: Slow Binder: BpBinder transact took 261 ms, interface=android.media.IMediaMetadataRetriever, code=5 oneway=false
02-22 20:49:25.537 26912 15507 W BpBinder: Slow Binder: BpBinder transact took 214 ms, interface=android.media.IMediaMetadataRetriever, code=5 oneway=false
02-22 20:49:25.681 26912 15294 W BpBinder: Slow Binder: BpBinder transact took 255 ms, interface=android.media.IMediaMetadataRetriever, code=5 oneway=false
02-22 20:49:47.881 26912 3772 W BpBinder: Slow Binder: BpBinder transact took 260 ms, interface=android.media.IMediaMetadataRetriever, code=5 oneway=false
02-22 20:49:50.057 26912 3772 W BpBinder: Slow Binder: BpBinder transact took 295 ms, interface=android.media.IMediaMetadataRetriever, code=5 oneway=false
02-22 20:50:07.922 26912 26912 W Activity: Slow Operation: Activity com.whatsapp/.contact.picker.ContactPicker onStart took 106ms
02-22 20:50:10.129 26912 15507 W BpBinder: Slow Binder: BpBinder transact took 249 ms, interface=android.media.IMediaMetadataRetriever, code=5 oneway=false
02-22 20:50:33.302 26912 26912 W BpBinder: Slow Binder: BpBinder transact took 694 ms, interface=android.media.IMediaPlayer, code=20 oneway=false
02-22 20:50:33.643 26912 26912 W BpBinder: Slow Binder: BpBinder transact took 339 ms, interface=android.media.IAudioFlinger, code=37 oneway=false
02-22 20:50:33.645 26912 26912 W Looper : PerfMonitor longMsg : seq=60560 plan=20:50:32.608 late=0ms wall=1036ms running=2ms h=android.os.Handler c=X.5uC procState=2
02-22 20:50:40.352 26912 26912 W BpBinder: Slow Binder: BpBinder transact took 206 ms, interface=android.media.IMediaPlayer, code=20 oneway=false
02-22 20:50:58.271 26912 26912 W BpBinder: Slow Binder: BpBinder transact took 321 ms, interface=android.media.IMediaPlayer, code=20 oneway=false
02-22 20:51:05.979 26912 26912 W Looper : PerfMonitor doFrame : time=343ms vsyncFrame=0 latency=172ms procState=2 historyMsgCount=2 (msgIndex=1 wall=184ms seq=63024 running=143ms io=21ms late=4ms h=android.app.ActivityThread$H w=159)
02-22 20:51:06.022 26912 26912 W Looper : PerfMonitor doFrame : time=33ms vsyncFrame=0 latency=341ms procState=2 historyMsgCount=42 (msgIndex=1 wall=343ms seq=63026 running=223ms io=25ms late=172ms h=android.view.Choreographer$FrameHandler c=android.view.Choreographer$FrameDisplayEventReceiver)
02-22 20:51:58.801 26912 17395 W BpBinder: Slow Binder: BpBinder transact took 378 ms, interface=android.app.IActivityManager, code=22 oneway=false
02-22 20:51:59.291 26912 26912 W Looper : PerfMonitor looperActivity : package=com.whatsapp/.voipcalling.VoipActivityV2 time=0ms latency=374ms running=0ms procState=2 ClientTransaction{ callbacks=[android.app.servertransaction.TopResumedActivityChang eItem] } historyMsgCount=22 (msgIndex=22 wall=257ms seq=68683 running=203ms runnable=13ms io=14ms late=118ms h=android.app.ActivityThread$H w=159)
02-22 20:51:59.303 26912 26912 W Looper : PerfMonitor looperActivity : package=com.whatsapp/.HomeActivity time=6ms latency=316ms running=5ms procState=2 ClientTransaction{ lifecycleRequest=android.app.servertransaction.StopActivityItem } historyMsgCount=27 (msgIndex=19 wall=257ms seq=68683 running=203ms runnable=13ms io=14ms late=118ms h=android.app.ActivityThread$H w=159)
02-22 20:51:59.722 26912 26912 W Looper : PerfMonitor doFrame : time=419ms vsyncFrame=0 latency=306ms procState=2 historyMsgCount=21 (msgIndex=7 wall=257ms seq=68683 running=203ms runnable=13ms io=14ms late=118ms h=android.app.ActivityThread$H w=159)
02-22 20:51:59.815 26912 26912 W Looper : PerfMonitor doFrame : time=23ms vsyncFrame=0 latency=461ms procState=2 historyMsgCount=35 (msgIndex=1 wall=419ms seq=68698 running=26ms runnable=3ms io=1ms late=306ms h=android.view.Choreographer$FrameHandler c=android.view.Choreographer$FrameDisplayEventReceiver)
02-22 20:52:00.727 26912 17463 W BpBinder: Slow Binder: BpBinder transact took 249 ms, interface=android.media.IAudioPolicyService, code=35 oneway=false
02-22 20:52:01.594 26912 17463 W BpBinder: Slow Binder: BpBinder transact took 396 ms, interface=android.media.IAudioPolicyService, code=35 oneway=false
02-22 20:52:03.968 26912 17685 W BpBinder: Slow Binder: BpBinder transact took 206 ms, interface=android.media.IMediaMetadataRetriever, code=5 oneway=false
02-22 20:52:04.088 26912 17686 W BpBinder: Slow Binder: BpBinder transact took 271 ms, interface=android.media.IMediaMetadataRetriever, code=5 oneway=false
02-22 20:52:04.108 26912 30833 W BpBinder: Slow Binder: BpBinder transact took 729 ms, interface=android.hardware.camera2.ICameraDeviceUser, code=6 oneway=false
02-22 20:52:04.193 26912 17683 W BpBinder: Slow Binder: BpBinder transact took 265 ms, interface=android.media.IMediaMetadataRetriever, code=5 oneway=false
02-22 20:52:04.380 26912 17685 W BpBinder: Slow Binder: BpBinder transact took 324 ms, interface=android.media.IMediaMetadataRetriever, code=5 oneway=false
02-22 20:52:04.723 26912 17686 W BpBinder: Slow Binder: BpBinder transact took 532 ms, interface=android.media.IMediaMetadataRetriever, code=5 oneway=false
02-22 20:52:04.873 26912 17683 W BpBinder: Slow Binder: BpBinder transact took 546 ms, interface=android.media.IMediaMetadataRetriever, code=5 oneway=false
02-22 20:52:05.071 26912 17685 W BpBinder: Slow Binder: BpBinder transact took 203 ms, interface=android.media.IMediaMetadataRetriever, code=5 oneway=false
02-22 20:52:05.199 26912 17683 W BpBinder: Slow Binder: BpBinder transact took 235 ms, interface=android.media.IMediaMetadataRetriever, code=5 oneway=false
02-22 20:52:05.377 26912 17686 W BpBinder: Slow Binder: BpBinder transact took 347 ms, interface=android.media.IMediaMetadataRetriever, code=5 oneway=false
02-22 20:52:08.513 26912 17686 W BpBinder: Slow Binder: BpBinder transact took 304 ms, interface=android.media.IMediaMetadataRetriever, code=5 oneway=false
02-22 20:52:15.741 26912 30832 W BpBinder: Slow Binder: BpBinder transact took 212 ms, interface=android.hardware.camera2.ICameraDeviceUser, code=1 oneway=false
02-22 20:52:16.986 26912 17418 W BpBinder: Slow Binder: BpBinder transact took 229 ms, interface=android.media.IMediaMetadataRetriever, code=5 oneway=false
02-22 20:52:17.055 26912 17658 W BpBinder: Slow Binder: BpBinder transact took 227 ms, interface=android.media.IMediaMetadataRetriever, code=5 oneway=false
02-22 20:52:17.923 26912 17418 W BpBinder: Slow Binder: BpBinder transact took 201 ms, interface=android.media.IMediaMetadataRetriever, code=5 oneway=false
02-22 20:52:18.001 26912 26912 W Activity: Slow Operation: Activity com.whatsapp/.voipcalling.VoipActivityV2 onStart took 137ms
02-22 20:52:18.027 26912 17658 W BpBinder: Slow Binder: BpBinder transact took 209 ms, interface=android.media.IMediaMetadataRetriever, code=5 oneway=false
02-22 20:52:18.031 26912 26912 W Looper : PerfMonitor looperActivity : package=com.whatsapp/.voipcalling.VoipActivityV2 time=0ms latency=317ms running=0ms procState=2 ClientTransaction{ callbacks=[android.app.servertransaction.TopResumedActivityChang eItem] } historyMsgCount=3 (msgIndex=3 wall=312ms seq=73584 running=154ms io=10ms late=5ms h=android.app.ActivityThread$H w=159)
02-22 20:52:18.084 26912 26912 W Looper : PerfMonitor doFrame : time=53ms vsyncFrame=0 latency=311ms procState=2 historyMsgCount=2 (msgIndex=1 wall=312ms seq=73584 running=154ms io=10ms late=5ms h=android.app.ActivityThread$H w=159)
02-22 20:52:19.579 26912 17463 W BpBinder: Slow Binder: BpBinder transact took 502 ms, interface=android.media.IAudioPolicyService, code=35 oneway=false
02-22 20:52:21.204 26912 18020 W BpBinder: Slow Binder: BpBinder transact took 211 ms, interface=android.media.IAudioTrack, code=2 oneway=false
02-22 20:52:26.232 26912 26912 W InputEventReceiver: App Input: Dispatching InputEvent took 156ms in main thread! (MotionEvent: event_seq=3878, seq=5666144, action=ACTION_DOWN)
02-22 20:52:29.783 26912 26912 W InputEventReceiver: App Input: Dispatching InputEvent took 153ms in main thread! (MotionEvent: event_seq=3893, seq=5666176, action=ACTION_DOWN)
02-22 20:53:18.112 26912 18469 W BpBinder: Slow Binder: BpBinder transact took 1065 ms, interface=android.media.IAudioPolicyService, code=69 oneway=false
02-22 20:53:18.113 26912 18468 W BpBinder: Slow Binder: BpBinder transact took 1044 ms, interface=android.media.IAudioPolicyService, code=69 oneway=false
02-22 20:53:18.115 26912 18032 W BpBinder: Slow Binder: BpBinder transact took 1043 ms, interface=android.media.IAudioPolicyService, code=8 oneway=false
02-22 20:53:18.117 26912 18269 W BpBinder: Slow Binder: BpBinder transact took 1041 ms, interface=android.media.IAudioPolicyService, code=8 oneway=false
02-22 20:53:18.260 26912 17413 W BpBinder: Slow Binder: BpBinder transact took 1903 ms, interface=android.media.IAudioService, code=40 oneway=false
02-22 20:53:50.951 26912 30833 W BpBinder: Slow Binder: BpBinder transact took 364 ms, interface=android.hardware.camera2.ICameraDeviceUser, code=6 oneway=false
02-22 20:53:51.533 26912 17686 W BpBinder: Slow Binder: BpBinder transact took 307 ms, interface=android.media.IMediaMetadataRetriever, code=5 oneway=false
02-22 20:53:51.645 26912 30832 W BpBinder: Slow Binder: BpBinder transact took 500 ms, interface=android.hardware.camera2.ICameraDeviceUser, code=1 oneway=false
02-22 20:53:51.649 26912 17683 W BpBinder: Slow Binder: BpBinder transact took 422 ms, interface=android.media.IMediaMetadataRetriever, code=5 oneway=false --------- beginning of main
02-22 20:58:51.606 24143 24143 E com.whatsapp: Unknown bits set in runtime_flags: 0x800000
02-22 20:58:51.618 24143 24143 E com.whatsapp: Not starting debugger since process cannot load the jdwp agent.
02-22 20:58:51.879 24143 24143 W ResourceType: CREATING STRING CACHE OF 192 bytes
02-22 20:58:51.923 24143 24143 W System.err: java.lang.ClassNotFoundException: mbmodsd.mbmodsw.ui.views.btn.BtnBK
02-22 20:58:51.926 24143 24143 W System.err: at java.lang.Runtime.nativeLoad(Native Method)
02-22 20:58:51.926 24143 24143 W System.err: at java.lang.Runtime.nativeLoad(Runtime.java:1131)
02-22 20:58:51.926 24143 24143 W System.err: at java.lang.Runtime.loadLibrary0(Runtime.java:1085)
02-22 20:58:51.926 24143 24143 W System.err: at java.lang.Runtime.loadLibrary0(Runtime.java:1008)
02-22 20:58:51.926 24143 24143 W System.err: at java.lang.System.loadLibrary(System.java:1664)
02-22 20:58:51.926 24143 24143 W System.err: at arm.EpicVm.<clinit>(Unknown Source:2)
02-22 20:58:51.926 24143 24143 W System.err: at java.lang.Class.newInstance(Native Method)
02-22 20:58:51.926 24143 24143 W System.err: at android.app.AppComponentFactory.instantiateApplication(AppComponentFactory.java:76)
02-22 20:58:51.926 24143 24143 W System.err: at androidx.core.app.CoreComponentFactory.instantiateApplication(Unknown Source:0)
02-22 20:58:51.926 24143 24143 W System.err: at android.app.Instrumentation.newApplication(Instrumentation.java:1158)
02-22 20:58:51.926 24143 24143 W System.err: at android.app.LoadedApk.makeApplication(LoadedApk.java:1240)
02-22 20:58:51.926 24143 24143 W System.err: at android.app.ActivityThread.handleBindApplication(ActivityThread.java:6928)
02-22 20:58:51.926 24143 24143 W System.err: at android.app.ActivityThread.access$1500(ActivityThread.java:255)
02-22 20:58:51.926 24143 24143 W System.err: at android.app.ActivityThread$H.handleMessage(ActivityThread.java:1978)
02-22 20:58:51.926 24143 24143 W System.err: at android.os.Handler.dispatchMessage(Handler.java:106)
02-22 20:58:51.926 24143 24143 W System.err: at android.os.Looper.loop(Looper.java:236)
02-22 20:58:51.926 24143 24143 W System.err: at android.app.ActivityThread.main(ActivityThread.java:8019)
02-22 20:58:51.926 24143 24143 W System.err: at java.lang.reflect.Method.invoke(Native Method)
02-22 20:58:51.926 24143 24143 W System.err: at com.android.internal.os.RuntimeInit$MethodAndArgsCaller.run(RuntimeInit.java:600)
02-22 20:58:51.926 24143 24143 W System.err: at com.android.internal.os.ZygoteInit.main(ZygoteInit.java:967)
02-22 20:58:51.936 24143 24143 E CustomActivityOnCrash: IMPORTANT WARNING! You already have an UncaughtExceptionHandler, are you sure this is correct? If you use a custom UncaughtExceptionHandler, you must initialize it AFTER CustomActivityOnCrash! Installing anyway, but your original handler will not be called.
02-22 20:58:52.516 24143 24143 W com.whatsapp: Accessing hidden method Lcom/android/org/conscrypt/OpenSSLSocketImpl;->setUseSessionTickets(Z)V (greylist- max-q,test-api, reflection, denied)
02-22 20:58:52.516 24143 24143 W com.whatsapp: Accessing hidden method Lcom/android/org/conscrypt/AbstractConscryptSocket;->setUseSessionTickets(Z)V (greylist-max-q, reflection, denied)
02-22 20:58:52.574 24143 24143 W linker : Warning: "/data/data/com.whatsapp/files/decompressed/libs.spk.zst/libc++_shared.so" unused DT entry: unknown processor-specific (type 0x70000001 arg 0x0) (ignoring)
02-22 20:58:52.568 24143 24143 W com.whatsapp: type=1400 audit(0.0:467519): avc: granted { execute } for path="/data/data/com.whatsapp/files/decompressed/libs.spk.zst/libc++_shared.so" dev="dm-10" ino=372071 scontext=u:r:untrusted_app:s0:c213,c257,c512,c768 tcontext=u:object_r:app_data_file:s0:c213,c257,c512,c768 tclass=file app=com.whatsapp
02-22 20:58:52.568 24143 24143 W com.whatsapp: type=1400 audit(0.0:467520): avc: granted { execute } for path="/data/data/com.whatsapp/files/decompressed/libs.spk.zst/libvlc.so" dev="dm- 10" ino=335014 scontext=u:r:untrusted_app:s0:c213,c257,c512,c768 tcontext=u:object_r:app_data_file:s0:c213,c257,c512,c768 tclass=file app=com.whatsapp
02-22 20:58:52.578 24143 24143 W com.whatsapp: type=1400 audit(0.0:467521): avc: granted { execute } for path="/data/data/com.whatsapp/files/decompressed/libs.spk.zst/libwhatsapp.so" dev="dm-10" ino=335273 scontext=u:r:untrusted_app:s0:c213,c257,c512,c768 tcontext=u:object_r:app_data_file:s0:c213,c257,c512,c768 tclass=file app=com.whatsapp
02-22 20:58:52.608 24143 24143 W com.whatsapp: type=1400 audit(0.0:467522): avc: granted { execute } for path="/data/data/com.whatsapp/files/decompressed/libs.spk.zst/libcurve25519.so" dev="dm-10" ino=372156 scontext=u:r:untrusted_app:s0:c213,c257,c512,c768 tcontext=u:object_r:app_data_file:s0:c213,c257,c512,c768 tclass=file app=com.whatsapp
02-22 20:58:52.618 24143 24143 W com.whatsapp: type=1400 audit(0.0:467524): avc: granted { execute } for path="/data/data/com.whatsapp/files/decompressed/libs.spk.zst/libwhatsapp.so" dev="dm-10" ino=335273 scontext=u:r:untrusted_app:s0:c213,c257,c512,c768 tcontext=u:object_r:app_data_file:s0:c213,c257,c512,c768 tclass=file app=com.whatsapp
02-22 20:58:52.618 24143 24143 W com.whatsapp: type=1400 audit(0.0:467525): avc: granted { execute } for path="/data/data/com.whatsapp/files/decompressed/libs.spk.zst/libwhatsapp.so" dev="dm-10" ino=335273 scontext=u:r:untrusted_app:s0:c213,c257,c512,c768 tcontext=u:object_r:app_data_file:s0:c213,c257,c512,c768 tclass=file app=com.whatsapp
02-22 20:58:52.696 24143 24143 W com.whatsapp: Class X.0eU failed lock verification and will run slower.
02-22 20:58:52.696 24143 24143 W com.whatsapp: Common causes for lock verification issues are non-optimized dex code
02-22 20:58:52.696 24143 24143 W com.whatsapp: and incorrect proguard optimizations.
02-22 20:58:52.713 24143 24210 W com.whatsapp: Class X.2rL failed lock verification and will run slower.
02-22 20:58:52.778 24143 24143 W Looper : PerfMonitor looperActivity : package=com.whatsapp/.Icon0 time=91ms latency=987ms running=51ms procState=2 ClientTransaction{ callbacks=[android.app.servertransaction.LaunchActivityItem] lifecycleRequest=android.app.servertransaction.ResumeActivityItem } historyMsgCount=2 (msgIndex=2 wall=980ms seq=2 running=253ms runnable=33ms io=392ms late=15ms h=android.app.ActivityThread$H w=110)
02-22 20:58:52.778 24143 24143 W Looper : PerfMonitor looperActivity : package=com.whatsapp/.Icon0 time=0ms latency=1078ms running=0ms procState=2 ClientTransaction{ callbacks=[android.app.servertransaction.TopResumedActivityChang eItem] } historyMsgCount=3 (msgIndex=2 wall=980ms seq=2 running=253ms runnable=33ms io=392ms late=15ms h=android.app.ActivityThread$H w=110) (msgIndex=3 wall=91ms seq=3 running=51ms runnable=5ms io=15ms late=987ms h=android.app.ActivityThread$H w=159)
02-22 20:58:52.820 24143 24143 W com.whatsapp: Class com.whatsapp.HomeActivity failed lock verification and will run slower.
02-22 20:58:52.864 24143 24143 E ArmVmp : Match on catch block at 0xb0 in for 0xe9
02-22 20:58:52.918 24143 24143 E ArmVmp : Match on catch block at 0xb0 in for 0xe1
02-22 20:58:53.062 24143 24143 E ArmVmp : Match on catch block at 0x0a in for 0xc1
02-22 20:58:53.080 24143 24143 E ArmVmp : Match on catch block at 0x0a in for 0x131
02-22 20:58:53.275 24143 24143 W Looper : PerfMonitor looperActivity : package=com.whatsapp/.HomeActivity time=0ms latency=488ms running=0ms procState=2 ClientTransaction{ callbacks=[android.app.servertransaction.TopResumedActivityChang eItem] } historyMsgCount=3 (msgIndex=3 wall=483ms seq=12 running=297ms runnable=22ms io=57ms late=5ms h=android.app.ActivityThread$H w=159)
02-22 20:58:53.578 24143 24143 E ArmVmp : Match on catch block at 0xb0 in for 0xf9
02-22 20:58:53.834 24143 24143 E ArmVmp : Match on catch block at 0xb0 in for 0xf9
02-22 20:58:53.883 24143 24143 E ArmVmp : Match on catch block at 0xb0 in for 0xf9
02-22 20:58:53.941 24143 24143 E ArmVmp : Match on catch block at 0xb0 in for 0xf1
02-22 20:58:53.977 24143 24143 E ArmVmp : Match on catch block at 0xb0 in for 0xf5
02-22 20:58:54.004 24143 24143 E ArmVmp : Match on catch block at 0xb0 in for 0xf9
02-22 20:58:54.030 24143 24143 E ArmVmp : Match on catch block at 0xb0 in for 0xf1
02-22 20:58:54.056 24143 24143 E ArmVmp : Match on catch block at 0xb0 in for 0xf5
02-22 20:58:54.080 24143 24143 E ArmVmp : Match on catch block at 0xb0 in for 0xf9
02-22 20:58:54.106 24143 24143 E ArmVmp : Match on catch block at 0xb0 in for 0xf1
02-22 20:58:54.145 24143 24143 E ArmVmp : Match on catch block at 0xb0 in for 0xf5
02-22 20:58:54.174 24143 24143 E ArmVmp : Match on catch block at 0xb0 in for 0xf9
02-22 20:58:54.199 24143 24143 E ArmVmp : Match on catch block at 0xb0 in for 0xf1
02-22 20:58:54.223 24143 24143 E RecyclerView: No adapter attached; skipping layout
02-22 20:58:54.273 24143 24143 W Looper : PerfMonitor doFrame : time=964ms vsyncFrame=0 latency=33ms procState=2 historyMsgCount=26 (msgIndex=1 wall=483ms seq=12 running=297ms runnable=22ms io=57ms late=5ms h=android.app.ActivityThread$H w=159)
02-22 20:58:54.319 24143 24143 E RecyclerView: No adapter attached; skipping layout
02-22 20:58:54.327 24143 24143 W Looper : PerfMonitor doFrame : time=46ms vsyncFrame=0 latency=956ms procState=2 historyMsgCount=7 (msgIndex=1 wall=964ms seq=38 running=722ms runnable=72ms io=59ms late=33ms h=android.view.Choreographer$FrameHandler c=android.view.Choreographer$FrameDisplayEventReceiver)
02-22 20:58:54.346 24143 24143 W Looper : PerfMonitor looperActivity : package=com.whatsapp/.HomeActivity time=9ms latency=604ms running=9ms procState=2 ClientTransaction{ lifecycleRequest=android.app.servertransaction.StopActivityItem } historyMsgCount=60 (msgIndex=1 wall=964ms seq=38 running=722ms runnable=72ms io=59ms late=33ms h=android.view.Choreographer$FrameHandler c=android.view.Choreographer$FrameDisplayEventReceiver)
02-22 20:58:54.350 24143 24143 E ArmVmp : Match on catch block at 0x0a in for 0xd1
02-22 20:58:54.372 24143 24143 W Looper : PerfMonitor looperActivity : package=com.whatsapp/mbmodsd.mbmodsw.mbsettings.yo.PauseActivity time=26ms latency=606ms running=6ms procState=2 ClientTransaction{ callbacks=[android.app.servertransaction.LaunchActivityItem] lifecycleRequest=android.app.servertransaction.ResumeActivityItem } historyMsgCount=61 (msgIndex=1 wall=964ms seq=38 running=722ms runnable=72ms io=59ms late=33ms h=android.view.Choreographer$FrameHandler c=android.view.Choreographer$FrameDisplayEventReceiver)
02-22 20:58:54.372 24143 24143 W Looper : PerfMonitor looperActivity : package=com.whatsapp/mbmodsd.mbmodsw.mbsettings.yo.PauseActivity time=0ms latency=632ms running=0ms procState=2 ClientTransaction{ callbacks=[android.app.servertransaction.TopResumedActivityChang eItem] } historyMsgCount=62 (msgIndex=1 wall=964ms seq=38 running=722ms runnable=72ms io=59ms late=33ms h=android.view.Choreographer$FrameHandler c=android.view.Choreographer$FrameDisplayEventReceiver)
02-22 20:58:54.562 24143 24287 W LOTTIE : Animation contains merge paths. Merge paths are only supported on KitKat+ and must be manually enabled by calling enableMergePathsForKitKatAndAbove().
02-22 20:58:54.562 24143 24143 E ArmVmp : Match on catch block at 0xb0 in for 0x121
02-22 20:58:54.566 24143 24143 E ArmVmp : Match on catch block at 0xb0 in for 0x121
02-22 20:58:54.596 24143 24143 E ArmVmp : Match on catch block at 0xb0 in for 0x121
02-22 20:58:54.695 24143 24143 E ArmVmp : Match on catch block at 0xb0 in for 0xf1
02-22 20:58:54.726 24143 24143 E ArmVmp : Match on catch block at 0xb0 in for 0xf5
02-22 20:58:54.755 24143 24222 W com.whatsapp: Accessing hidden method Lcom/android/org/conscrypt/ConscryptEngineSocket;->setUseSessionTickets(Z)V (greylist-max-q,test-api, reflection, denied)
02-22 20:58:54.755 24143 24222 W com.whatsapp: Accessing hidden method Lcom/android/org/conscrypt/OpenSSLSocketImpl;->setUseSessionTickets(Z)V (greylist- max-q,test-api, reflection, denied)
02-22 20:58:54.755 24143 24222 W com.whatsapp: Accessing hidden method Lcom/android/org/conscrypt/AbstractConscryptSocket;->setUseSessionTickets(Z)V (greylist-max-q, reflection, denied)
02-22 20:58:54.755 24143 24222 W com.whatsapp: Accessing hidden method Lcom/android/org/conscrypt/ConscryptEngineSocket;->setHostname(Ljava/lang/String;)V (greylist-max-q,test-api, reflection, denied)
02-22 20:58:54.755 24143 24222 W com.whatsapp: Accessing hidden method Lcom/android/org/conscrypt/OpenSSLSocketImpl;->setHostname(Ljava/lang/String;)V (greylist-max-q,test-api, reflection, denied)
02-22 20:58:54.755 24143 24222 W com.whatsapp: Accessing hidden method Lcom/android/org/conscrypt/AbstractConscryptSocket;->setHostname(Ljava/lang/ String;)V (greylist-max-q, reflection, denied)
02-22 20:58:54.756 24143 24222 W com.whatsapp: Accessing hidden method Lcom/android/org/conscrypt/OpenSSLSocketImpl;->setAlpnProtocols([B)V (greylist-max- q,test-api, reflection, denied)
02-22 20:58:54.756 24143 24222 W com.whatsapp: Accessing hidden method Lcom/android/org/conscrypt/AbstractConscryptSocket;->setAlpnProtocols([B)V (greylist-max-q, reflection, denied)
02-22 20:58:54.761 24143 24143 W LOTTIE : Animation contains merge paths but they are disabled.
02-22 20:58:54.770 24143 24143 E ArmVmp : Match on catch block at 0xb0 in for 0xe9
02-22 20:58:54.776 24143 24143 E ArmVmp : Match on catch block at 0xb0 in for 0xe1
02-22 20:58:54.786 24143 24143 E ArmVmp : Match on catch block at 0x5b in for 0x81
02-22 20:58:54.804 24143 24143 E ArmVmp : Match on catch block at 0x5b in for 0x81
02-22 20:58:54.842 24143 24143 E ArmVmp : Match on catch block at 0x5b in for 0x85
02-22 20:58:54.848 24143 24143 E ArmVmp : Match on catch block at 0x5b in for 0x81
02-22 20:58:55.087 24143 24143 E libc : Access denied finding property "ro.vendor.df.effect.conflict"
02-22 20:58:55.087 24143 24143 E libc : Access denied finding property "ro.vendor.knock.type"
02-22 20:58:55.078 24143 24143 W com.whatsapp: type=1400 audit(0.0:467527): avc: denied { read } for name="u:object_r:vendor_displayfeature_prop:s0" dev="tmpfs" ino=1232 scontext=u:r:untrusted_app:s0:c213,c257,c512,c768 tcontext=u:object_r:vendor_displayfeature_prop:s0 tclass=file permissive=0 app=com.whatsapp
02-22 20:58:57.480 24143 24143 E ArmVmp : Match on catch block at 0x38 in for 0xb1
02-22 20:58:57.481 24143 24143 W System.err: java.lang.NumberFormatException: For input string: ""
02-22 20:58:57.482 24143 24143 W System.err:
02-22 20:58:57.482 24143 24143 W System.err: at java.lang.Integer.parseInt(Integer.java:627)
02-22 20:58:57.482 24143 24143 W System.err:
02-22 20:58:57.482 24143 24143 W System.err: at java.lang.Integer.parseInt(Integer.java:650)
02-22 20:58:57.482 24143 24143 W System.err:
02-22 20:58:57.482 24143 24143 W System.err: at mbmodsd.mbmodsw.home.HomeActivity.mbcRe(Native Method)
02-22 20:58:57.482 24143 24143 W System.err:
02-22 20:58:57.482 24143 24143 W System.err: at com.whatsapp.HomeActivity.onPause(Unknown Source:9)
02-22 20:58:57.482 24143 24143 W System.err:
02-22 20:58:57.482 24143 24143 W System.err: at android.app.Activity.performPause(Activity.java:8343)
02-22 20:58:57.482 24143 24143 W System.err:
02-22 20:58:57.482 24143 24143 W System.err: at android.app.Instrumentation.callActivityOnPause(Instrumentation.java:1510)
02-22 20:58:57.482 24143 24143 W System.err:
02-22 20:58:57.482 24143 24143 W System.err: at android.app.ActivityThread.performPauseActivityIfNeeded(ActivityThread.java:4842)
02-22 20:58:57.482 24143 24143 W System.err:
02-22 20:58:57.482 24143 24143 W System.err: at android.app.ActivityThread.performPauseActivity(ActivityThread.java:4803)
02-22 20:58:57.482 24143 24143 W System.err:
02-22 20:58:57.483 24143 24143 W System.err: at android.app.ActivityThread.handlePauseActivity(ActivityThread.java:4751)
02-22 20:58:57.483 24143 24143 W System.err:
02-22 20:58:57.483 24143 24143 W System.err: at android.app.servertransaction.PauseActivityItem.execute(PauseActivityItem.java:46)
02-22 20:58:57.483 24143 24143 W System.err:
02-22 20:58:57.483 24143 24143 W System.err: at android.app.servertransaction.TransactionExecutor.executeLifecycleState(Transaction Executor.java:176)
02-22 20:58:57.483 24143 24143 W System.err:
02-22 20:58:57.483 24143 24143 W System.err: at android.app.servertransaction.TransactionExecutor.execute(TransactionExecutor.java: 97)
02-22 20:58:57.483 24143 24143 W System.err:
02-22 20:58:57.483 24143 24143 W System.err: at android.app.ActivityThread$H.handleMessage(ActivityThread.java:2131)
02-22 20:58:57.483 24143 24143 W System.err:
02-22 20:58:57.483 24143 24143 W System.err: at android.os.Handler.dispatchMessage(Handler.java:106)
02-22 20:58:57.483 24143 24143 W System.err:
02-22 20:58:57.483 24143 24143 W System.err: at android.os.Looper.loop(Looper.java:236)
02-22 20:58:57.483 24143 24143 W System.err:
02-22 20:58:57.483 24143 24143 W System.err: at android.app.ActivityThread.main(ActivityThread.java:8019)
02-22 20:58:57.483 24143 24143 W System.err:
02-22 20:58:57.483 24143 24143 W System.err: at java.lang.reflect.Method.invoke(Native Method)
02-22 20:58:57.483 24143 24143 W System.err:
02-22 20:58:57.483 24143 24143 W System.err: at com.android.internal.os.RuntimeInit$MethodAndArgsCaller.run(RuntimeInit.java:600)
02-22 20:58:57.483 24143 24143 W System.err:
02-22 20:58:57.483 24143 24143 W System.err: at com.android.internal.os.ZygoteInit.main(ZygoteInit.java:967)
02-22 20:58:57.484 24143 24143 W System.err:
02-22 20:58:57.648 24143 24143 W pool-5-thread-1: type=1400 audit(0.0:467528): avc: granted { execute } for path="/data/data/com.whatsapp/files/decompressed/libs.spk.zst/libgifimage.so" dev="dm-10" ino=371810 scontext=u:r:untrusted_app:s0:c213,c257,c512,c768 tcontext=u:object_r:app_data_file:s0:c213,c257,c512,c768 tclass=file app=com.whatsapp
02-22 20:58:58.067 24143 24294 W BpBinder: Slow Binder: BpBinder transact took 280 ms, interface=android.media.IMediaMetadataRetriever, code=5 oneway=false
02-22 20:58:58.192 24143 24143 E ArmVmp : Match on catch block at 0xb0 in for 0xe1
02-22 20:58:58.195 24143 24143 E ArmVmp : Match on catch block at 0xb0 in for 0xe1
02-22 20:58:58.263 24143 24143 W BottomSheetBehavior: BottomSheetBehavior now supports multiple callbacks. `setBottomSheetCallback()` removes all existing callbacks, including ones set internally by library authors, which may result in unintended behavior. This may change in the future. Please use `addBottomSheetCallback()` and `removeBottomSheetCallback()` instead to set your own callbacks.
02-22 20:58:58.263 24143 24143 W BottomSheetBehavior: BottomSheetBehavior now supports multiple callbacks. `setBottomSheetCallback()` removes all existing callbacks, including ones set internally by library authors, which may result in unintended behavior. This may change in the future. Please use `addBottomSheetCallback()` and `removeBottomSheetCallback()` instead to set your own callbacks.
02-22 20:58:58.471 24143 24359 W VideoCapabilities: Unrecognized profile/level 0/3 for video/mpeg2
02-22 20:58:58.471 24143 24359 W VideoCapabilities: Unrecognized profile/level 0/3 for video/mpeg2
02-22 20:58:58.516 24143 24294 W BpBinder: Slow Binder: BpBinder transact took 214 ms, interface=android.media.IMediaMetadataRetriever, code=5 oneway=false
02-22 20:58:59.018 24143 24376 W Codec2Client: query -- param skipped: index = 1107298332.
02-22 20:58:59.018 24143 24376 W CCodec : This behavior is subject to change. It is recommended that app developers double check whether the requested max input size is in reasonable range.
02-22 20:58:59.032 24143 24376 W Codec2Client: query -- param skipped: index = 1342179345.
02-22 20:58:59.032 24143 24376 W Codec2Client: query -- param skipped: index = 2415921170.
02-22 20:58:59.032 24143 24376 W Codec2Client: query -- param skipped: index = 1610614798.
02-22 20:58:59.041 24143 24376 E FMQ : grantorIdx must be less than 3
02-22 20:58:59.041 24143 24376 E FMQ : grantorIdx must be less than 3
02-22 20:58:59.045 24143 24376 E ion : ioctl c0044901 failed with code -1: Inappropriate ioctl for device
02-22 20:58:59.046 24143 24376 E FMQ : grantorIdx must be less than 3
02-22 20:58:59.054 24143 24367 E FMQ : grantorIdx must be less than 3
02-22 20:59:09.314 24143 24222 W com.whatsapp: Accessing hidden method Lcom/android/org/conscrypt/OpenSSLSocketImpl;->getAlpnSelectedProtocol()[B (greylist-max-q,test-api, reflection, denied)
02-22 20:59:09.314 24143 24222 W com.whatsapp: Accessing hidden method Lcom/android/org/conscrypt/AbstractConscryptSocket;->getAlpnSelectedProtocol()[B (greylist-max-q, reflection, denied)
02-22 20:59:09.524 24143 24167 W LibraryVersion: Failed to get app version for libraryName: firebase-iid
02-22 20:59:11.382 24143 24376 W Codec2Client: query -- param skipped: index = 1342179345.
02-22 20:59:11.382 24143 24376 W Codec2Client: query -- param skipped: index = 2415921170.
02-22 20:59:11.382 24143 24376 W Codec2Client: query -- param skipped: index = 1610614798.
02-22 20:59:12.378 24143 24143 E ArmVmp : Match on catch block at 0xb0 in for 0xe5
02-22 20:59:12.381 24143 24143 E ArmVmp : Match on catch block at 0xb0 in for 0xe5
02-22 20:59:12.456 24143 24143 W BottomSheetBehavior: BottomSheetBehavior now supports multiple callbacks. `setBottomSheetCallback()` removes all existing callbacks, including ones set internally by library authors, which may result in unintended behavior. This may change in the future. Please use `addBottomSheetCallback()` and `removeBottomSheetCallback()` instead to set your own callbacks.
02-22 20:59:12.456 24143 24143 W BottomSheetBehavior: BottomSheetBehavior now supports multiple callbacks. `setBottomSheetCallback()` removes all existing callbacks, including ones set internally by library authors, which may result in unintended behavior. This may change in the future. Please use `addBottomSheetCallback()` and `removeBottomSheetCallback()` instead to set your own callbacks.
02-22 20:59:12.610 24143 24657 W Codec2Client: query -- param skipped: index = 1107298332.
02-22 20:59:12.610 24143 24657 W CCodec : This behavior is subject to change. It is recommended that app developers double check whether the requested max input size is in reasonable range.
02-22 20:59:12.611 24143 24657 W Codec2Client: query -- param skipped: index = 1342179345.
02-22 20:59:12.611 24143 24657 W Codec2Client: query -- param skipped: index = 2415921170.
02-22 20:59:12.611 24143 24657 W Codec2Client: query -- param skipped: index = 1610614798.
02-22 20:59:12.612 24143 24657 E FMQ : grantorIdx must be less than 3
02-22 20:59:12.612 24143 24657 E FMQ : grantorIdx must be less than 3
02-22 20:59:12.614 24143 24657 E FMQ : grantorIdx must be less than 3
02-22 20:59:12.628 24143 24367 E FMQ : grantorIdx must be less than 3
02-22 20:59:15.401 24143 24232 E ArmVmp : No matching catch block at 0x07
02-22 20:59:15.401 24143 24232 E ArmVmp : Match on catch block at 0x02 in for 0x25
02-22 20:59:15.401 24143 24232 W System.err: java.io.IOException: unexpected end of stream on com.android.okhttp.Address@c3dc480b
02-22 20:59:15.401 24143 24232 W System.err:
02-22 20:59:15.409 24143 24232 W System.err: at com.android.okhttp.internal.http.Http1xStream.readResponse(Http1xStream.java:203)
02-22 20:59:15.410 24143 24232 W System.err:
02-22 20:59:15.411 24143 24232 W System.err: at com.android.okhttp.internal.http.Http1xStream.readResponseHeaders(Http1xStream.java :129)
02-22 20:59:15.411 24143 24232 W System.err:
02-22 20:59:15.411 24143 24232 W System.err: at com.android.okhttp.internal.http.HttpEngine.readNetworkResponse(HttpEngine.java:750 )
02-22 20:59:15.411 24143 24232 W System.err:
02-22 20:59:15.411 24143 24232 W System.err: at com.android.okhttp.internal.http.HttpEngine.readResponse(HttpEngine.java:622)
02-22 20:59:15.411 24143 24232 W System.err:
02-22 20:59:15.412 24143 24232 W System.err: at com.android.okhttp.internal.huc.HttpURLConnectionImpl.execute(HttpURLConnectionImpl .java:475)
02-22 20:59:15.412 24143 24232 W System.err:
02-22 20:59:15.412 24143 24232 W System.err: at com.android.okhttp.internal.huc.HttpURLConnectionImpl.getResponse(HttpURLConnection Impl.java:411)
02-22 20:59:15.412 24143 24232 W System.err:
02-22 20:59:15.412 24143 24232 W System.err: at com.android.okhttp.internal.huc.HttpURLConnectionImpl.getInputStream(HttpURLConnect ionImpl.java:248)
02-22 20:59:15.412 24143 24232 W System.err:
02-22 20:59:15.412 24143 24232 W System.err: at com.android.okhttp.internal.huc.DelegatingHttpsURLConnection.getInputStream(Delegat ingHttpsURLConnection.java:211)
02-22 20:59:15.412 24143 24232 W System.err:
02-22 20:59:15.412 24143 24232 W System.err: at com.android.okhttp.internal.huc.HttpsURLConnectionImpl.getInputStream(HttpsURLConne ctionImpl.java:30)
02-22 20:59:15.412 24143 24232 W System.err:
02-22 20:59:15.412 24143 24232 W System.err: at java.net.URL.openStream(URL.java:1073)
02-22 20:59:15.412 24143 24232 W System.err:
02-22 20:59:15.412 24143 24232 W System.err: at mbmodsd.mbmodsw.mbdialog.MBDialogMan.loadJsonFromUrl(Native Method)
02-22 20:59:15.412 24143 24232 W System.err:
02-22 20:59:15.412 24143 24232 W System.err: at mbmodsd.mbmodsw.mbdialog.MBDialogMan.access$000(Native Method)
02-22 20:59:15.412 24143 24232 W System.err:
02-22 20:59:15.412 24143 24232 W System.err: at mbmodsd.mbmodsw.mbdialog.MBDialogMan$FetchJsonTask.doInBackground(Native Method)
02-22 20:59:15.412 24143 24232 W System.err:
02-22 20:59:15.412 24143 24232 W System.err: at mbmodsd.mbmodsw.mbdialog.MBDialogMan$FetchJsonTask.doInBackground(Native Method)
02-22 20:59:15.412 24143 24232 W System.err:
02-22 20:59:15.412 24143 24232 W System.err: at android.os.AsyncTask$3.call(AsyncTask.java:394)
02-22 20:59:15.412 24143 24232 W System.err:
02-22 20:59:15.412 24143 24232 W System.err: at java.util.concurrent.FutureTask.run(FutureTask.java:266)
02-22 20:59:15.412 24143 24232 W System.err:
02-22 20:59:15.418 24143 24232 W System.err: at android.os.AsyncTask$SerialExecutor$1.run(AsyncTask.java:305)
02-22 20:59:15.418 24143 24232 W System.err:
02-22 20:59:15.419 24143 24232 W System.err: at java.util.concurrent.ThreadPoolExecutor.runWorker(ThreadPoolExecutor.java:1167)
02-22 20:59:15.419 24143 24232 W System.err:
02-22 20:59:15.419 24143 24232 W System.err: at java.util.concurrent.ThreadPoolExecutor$Worker.run(ThreadPoolExecutor.java:641)
02-22 20:59:15.419 24143 24232 W System.err:
02-22 20:59:15.419 24143 24232 W System.err: at java.lang.Thread.run(Thread.java:923)
02-22 20:59:15.419 24143 24232 W System.err:
02-22 20:59:15.420 24143 24232 W System.err: Caused by: java.io.EOFException: \n not found: size=0 content=...
02-22 20:59:15.420 24143 24232 W System.err:
02-22 20:59:15.420 24143 24232 W System.err: at com.android.okhttp.okio.RealBufferedSource.readUtf8LineStrict(RealBufferedSource.ja va:202)
02-22 20:59:15.420 24143 24232 W System.err:
02-22 20:59:15.420 24143 24232 W System.err: at com.android.okhttp.internal.http.Http1xStream.readResponse(Http1xStream.java:188)
02-22 20:59:15.420 24143 24232 W System.err:
02-22 20:59:15.420 24143 24232 W System.err: ... 19 more
02-22 20:59:15.420 24143 24232 W System.err:
02-22 20:59:15.656 24143 24657 W Codec2Client: query -- param skipped: index = 1342179345.
02-22 20:59:15.656 24143 24657 W Codec2Client: query -- param skipped: index = 2415921170.
02-22 20:59:15.656 24143 24657 W Codec2Client: query -- param skipped: index = 1610614798.
02-22 20:59:17.365 24143 24143 E ArmVmp : Match on catch block at 0x38 in for 0xb9
02-22 20:59:17.365 24143 24143 W System.err: java.lang.NumberFormatException: For input string: ""
02-22 20:59:17.365 24143 24143 W System.err:
02-22 20:59:17.367 24143 24143 W System.err: at java.lang.Integer.parseInt(Integer.java:627)
02-22 20:59:17.367 24143 24143 W System.err:
02-22 20:59:17.367 24143 24143 W System.err: at java.lang.Integer.parseInt(Integer.java:650)
02-22 20:59:17.367 24143 24143 W System.err:
02-22 20:59:17.367 24143 24143 W System.err: at mbmodsd.mbmodsw.home.HomeActivity.mbcRe(Native Method)
02-22 20:59:17.367 24143 24143 W System.err:
02-22 20:59:17.367 24143 24143 W System.err: at com.whatsapp.HomeActivity.onPause(Unknown Source:9)
02-22 20:59:17.368 24143 24143 W System.err:
02-22 20:59:17.368 24143 24143 W System.err: at android.app.Activity.performPause(Activity.java:8343)
02-22 20:59:17.368 24143 24143 W System.err:
02-22 20:59:17.368 24143 24143 W System.err: at android.app.Instrumentation.callActivityOnPause(Instrumentation.java:1510)
02-22 20:59:17.368 24143 24143 W System.err:
02-22 20:59:17.368 24143 24143 W System.err: at android.app.ActivityThread.performPauseActivityIfNeeded(ActivityThread.java:4842)
02-22 20:59:17.368 24143 24143 W System.err:
02-22 20:59:17.368 24143 24143 W System.err: at android.app.ActivityThread.performPauseActivity(ActivityThread.java:4803)
02-22 20:59:17.368 24143 24143 W System.err:
02-22 20:59:17.368 24143 24143 W System.err: at android.app.ActivityThread.handlePauseActivity(ActivityThread.java:4751)
02-22 20:59:17.368 24143 24143 W System.err:
02-22 20:59:17.368 24143 24143 W System.err: at android.app.servertransaction.PauseActivityItem.execute(PauseActivityItem.java:46)
02-22 20:59:17.368 24143 24143 W System.err:
02-22 20:59:17.368 24143 24143 W System.err: at android.app.servertransaction.TransactionExecutor.executeLifecycleState(Transaction Executor.java:176)
02-22 20:59:17.368 24143 24143 W System.err:
02-22 20:59:17.368 24143 24143 W System.err: at android.app.servertransaction.TransactionExecutor.execute(TransactionExecutor.java: 97)
02-22 20:59:17.368 24143 24143 W System.err:
02-22 20:59:17.368 24143 24143 W System.err: at android.app.ActivityThread$H.handleMessage(ActivityThread.java:2131)
02-22 20:59:17.368 24143 24143 W System.err:
02-22 20:59:17.368 24143 24143 W System.err: at android.os.Handler.dispatchMessage(Handler.java:106)
02-22 20:59:17.368 24143 24143 W System.err:
02-22 20:59:17.368 24143 24143 W System.err: at android.os.Looper.loop(Looper.java:236)
02-22 20:59:17.369 24143 24143 W System.err:
02-22 20:59:17.369 24143 24143 W System.err: at android.app.ActivityThread.main(ActivityThread.java:8019)
02-22 20:59:17.369 24143 24143 W System.err:
02-22 20:59:17.369 24143 24143 W System.err: at java.lang.reflect.Method.invoke(Native Method)
02-22 20:59:17.369 24143 24143 W System.err:
02-22 20:59:17.369 24143 24143 W System.err: at com.android.internal.os.RuntimeInit$MethodAndArgsCaller.run(RuntimeInit.java:600)
02-22 20:59:17.369 24143 24143 W System.err:
02-22 20:59:17.369 24143 24143 W System.err: at com.android.internal.os.ZygoteInit.main(ZygoteInit.java:967)
02-22 20:59:17.369 24143 24143 W System.err:
