02-22 17:56:21.832 17392 17392 W com.whatsapp: Class com.whatsapp.HomeActivity failed lock verification and will run slower.
02-22 17:56:21.848 17392 17392 W com.whatsapp: type=1400 audit(0.0:452808): avc: denied { read } for comm=576861747341707020576F726B6572 name="osrelease" dev="proc" ino=40808872 scontext=u:r:untrusted_app:s0:c213,c257,c512,c768 tcontext=u:object_r:proc:s0 tclass=file permissive=0 app=com.whatsapp
02-22 17:56:21.858 17392 17392 W com.whatsapp: type=1400 audit(0.0:452809): avc: denied { read } for comm=576861747341707020576F726B6572 name="version" dev="proc" ino=40828950 scontext=u:r:untrusted_app:s0:c213,c257,c512,c768 tcontext=u:object_r:proc:s0 tclass=file permissive=0 app=com.whatsapp
02-22 17:56:22.332 17392 17392 E ArmVmp : Match on catch block at 0x0a in for 0xc1
02-22 17:56:22.366 17392 17392 E ArmVmp : Match on catch block at 0x0a in for 0x131
02-22 17:56:22.476 17392 18658 W MediaCodec-JNI: try to release MediaCodec from JMediaCodec::~JMediaCodec()...
02-22 17:56:22.477 17392 18658 W MediaCodec-JNI: done releasing MediaCodec from JMediaCodec::~JMediaCodec().
02-22 17:56:22.567 17392 19288 W com.whatsapp: Accessing hidden method Lcom/android/org/conscrypt/ConscryptEngineSocket;->setUseSessionTickets(Z)V (greylist-max-q,test-api, reflection, denied)
02-22 17:56:22.567 17392 19288 W com.whatsapp: Accessing hidden method Lcom/android/org/conscrypt/OpenSSLSocketImpl;->setUseSessionTickets(Z)V (greylist- max-q,test-api, reflection, denied)
02-22 17:56:22.567 17392 19288 W com.whatsapp: Accessing hidden method Lcom/android/org/conscrypt/AbstractConscryptSocket;->setUseSessionTickets(Z)V (greylist-max-q, reflection, denied)
02-22 17:56:22.568 17392 19288 W com.whatsapp: Accessing hidden method Lcom/android/org/conscrypt/ConscryptEngineSocket;->setHostname(Ljava/lang/String;)V (greylist-max-q,test-api, reflection, denied)
02-22 17:56:22.568 17392 19288 W com.whatsapp: Accessing hidden method Lcom/android/org/conscrypt/OpenSSLSocketImpl;->setHostname(Ljava/lang/String;)V (greylist-max-q,test-api, reflection, denied)
02-22 17:56:22.568 17392 19288 W com.whatsapp: Accessing hidden method Lcom/android/org/conscrypt/AbstractConscryptSocket;->setHostname(Ljava/lang/ String;)V (greylist-max-q, reflection, denied)
02-22 17:56:22.569 17392 19288 W com.whatsapp: Accessing hidden method Lcom/android/org/conscrypt/OpenSSLSocketImpl;->setAlpnProtocols([B)V (greylist-max- q,test-api, reflection, denied)
02-22 17:56:22.569 17392 19288 W com.whatsapp: Accessing hidden method Lcom/android/org/conscrypt/AbstractConscryptSocket;->setAlpnProtocols([B)V (greylist-max-q, reflection, denied)
02-22 17:56:22.611 17392 17916 W BpBinder: Slow Binder: BpBinder transact took 4188 ms, interface=android.content.IContentProvider, code=20 oneway=false
02-22 17:56:22.732 17392 17392 W Activity: Slow Operation: Activity com.whatsapp/.HomeActivity onCreate took 884ms
02-22 17:56:22.797 17392 17392 W Looper : PerfMonitor longMsg : seq=3908 plan=17:56:21.677 late=15ms wall=1104ms running=603ms runnable=94ms io=214ms h=android.app.ActivityThread$H w=159 procState=2
02-22 17:56:22.798 17392 17392 W Looper : PerfMonitor looperActivity : package=com.whatsapp/.HomeActivity time=0ms latency=1119ms running=0ms procState=2 ClientTransaction{ callbacks=[android.app.servertransaction.TopResumedActivityChang eItem] } historyMsgCount=3 (msgIndex=3 wall=1104ms seq=3908 running=603ms runnable=94ms io=214ms late=15ms h=android.app.ActivityThread$H w=159)
02-22 17:56:22.799 17392 17392 W Looper : PerfMonitor looperActivity : package=com.whatsapp/.HomeActivity time=1ms latency=410ms running=3ms procState=2 ClientTransaction{ callbacks=[android.app.servertransaction.TopResumedActivityChang eItem] } historyMsgCount=9 (msgIndex=1 wall=1104ms seq=3908 running=603ms runnable=94ms io=214ms late=15ms h=android.app.ActivityThread$H w=159)
02-22 17:56:22.845 17392 17392 W Looper : PerfMonitor looperActivity : package=com.whatsapp/.HomeActivity time=45ms latency=409ms running=18ms procState=2 ClientTransaction{ lifecycleRequest=android.app.servertransaction.PauseActivityItem } historyMsgCount=10 (msgIndex=1 wall=1104ms seq=3908 running=603ms runnable=94ms io=214ms late=15ms h=android.app.ActivityThread$H w=159)
02-22 17:56:22.958 17392 19288 W com.whatsapp: Accessing hidden method Lcom/android/org/conscrypt/OpenSSLSocketImpl;->getAlpnSelectedProtocol()[B (greylist-max-q,test-api, reflection, denied)
02-22 17:56:22.958 17392 19288 W com.whatsapp: Accessing hidden method Lcom/android/org/conscrypt/AbstractConscryptSocket;->getAlpnSelectedProtocol()[B (greylist-max-q, reflection, denied)
02-22 17:56:23.352 17392 19318 W ColorUtils: expected specified color aspects (2:0:0:0)
02-22 17:56:23.472 17392 18658 W VideoCapabilities: Unrecognized profile/level 0/3 for video/mpeg2
02-22 17:56:23.473 17392 18658 W VideoCapabilities: Unrecognized profile/level 0/3 for video/mpeg2
02-22 17:56:24.239 17392 17392 E RecyclerView: No adapter attached; skipping layout
02-22 17:56:24.469 17392 17392 W Looper : PerfMonitor longMsg : seq=3927 plan=17:56:22.787 late=67ms wall=1614ms running=914ms runnable=253ms io=115ms h=android.view.Choreographer$FrameHandler c=android.view.Choreographer$FrameDisplayEventReceiver procState=2
02-22 17:56:24.470 17392 17392 W Looper : PerfMonitor doFrame : time=1614ms vsyncFrame=0 latency=67ms procState=2 historyMsgCount=19 (msgIndex=1 wall=1104ms seq=3908 running=603ms runnable=94ms io=214ms late=15ms h=android.app.ActivityThread$H w=159)
02-22 17:56:24.486 17392 17392 E ArmVmp : Match on catch block at 0x0a in for 0xd9
02-22 17:56:24.528 17392 17392 W Looper : PerfMonitor looperActivity : package=com.whatsapp/mbmodsd.mbmodsw.mbsettings.yo.PauseActivity time=55ms latency=1635ms running=13ms procState=2 ClientTransaction{ callbacks=[android.app.servertransaction.LaunchActivityItem] lifecycleRequest=android.app.servertransaction.PauseActivityItem } historyMsgCount=12 (msgIndex=10 wall=1614ms seq=3927 running=914ms runnable=253ms io=115ms late=67ms h=android.view.Choreographer$FrameHandler c=android.view.Choreographer$FrameDisplayEventReceiver)
02-22 17:56:24.663 17392 17392 E RecyclerView: No adapter attached; skipping layout
02-22 17:56:24.679 17392 17392 W Looper : PerfMonitor doFrame : time=148ms vsyncFrame=0 latency=1643ms procState=2 historyMsgCount=6 (msgIndex=1 wall=1614ms seq=3927 running=914ms runnable=253ms io=115ms late=67ms h=android.view.Choreographer$FrameHandler c=android.view.Choreographer$FrameDisplayEventReceiver) (msgIndex=4 wall=55ms seq=3930 running=13ms runnable=4ms late=1635ms h=android.app.ActivityThread$H w=159)
02-22 17:56:24.738 17392 17392 W Looper : PerfMonitor looperActivity : package=com.whatsapp/mbmodsd.mbmodsw.mbsettings.yo.PauseActivity time=0ms latency=1369ms running=0ms procState=2 ClientTransaction{ callbacks=[android.app.servertransaction.TopResumedActivityChang eItem] } historyMsgCount=40 (msgIndex=1 wall=1614ms seq=3927 running=914ms runnable=253ms io=115ms late=67ms h=android.view.Choreographer$FrameHandler c=android.view.Choreographer$FrameDisplayEventReceiver) (msgIndex=4 wall=55ms seq=3930 running=13ms runnable=4ms late=1635ms h=android.app.ActivityThread$H w=159) (msgIndex=7 wall=148ms seq=3933 running=106ms runnable=12ms io=5ms late=1643ms h=android.view.Choreographer$FrameHandler c=android.view.Choreographer$FrameDisplayEventReceiver)
02-22 17:56:24.739 17392 17392 W Looper : PerfMonitor looperActivity : package=com.whatsapp/mbmodsd.mbmodsw.mbsettings.yo.PauseActivity time=1ms latency=1362ms running=0ms procState=2 ClientTransaction{ lifecycleRequest=android.app.servertransaction.ResumeActivityIte m } historyMsgCount=41 (msgIndex=1 wall=1614ms seq=3927 running=914ms runnable=253ms io=115ms late=67ms h=android.view.Choreographer$FrameHandler c=android.view.Choreographer$FrameDisplayEventReceiver) (msgIndex=4 wall=55ms seq=3930 running=13ms runnable=4ms late=1635ms h=android.app.ActivityThread$H w=159) (msgIndex=7 wall=148ms seq=3933 running=106ms runnable=12ms io=5ms late=1643ms h=android.view.Choreographer$FrameHandler c=android.view.Choreographer$FrameDisplayEventReceiver)
02-22 17:56:24.830 17392 17392 W Looper : PerfMonitor looperActivity : package=com.whatsapp/mbmodsd.mbmodsw.mbsettings.yo.PauseActivity time=0ms latency=315ms running=0ms procState=2 ClientTransaction{ callbacks=[android.app.servertransaction.TopResumedActivityChang eItem] } historyMsgCount=158 (msgIndex=1 wall=55ms seq=3930 running=13ms runnable=4ms late=1635ms h=android.app.ActivityThread$H w=159) (msgIndex=4 wall=148ms seq=3933 running=106ms runnable=12ms io=5ms late=1643ms h=android.view.Choreographer$FrameHandler c=android.view.Choreographer$FrameDisplayEventReceiver) (msgIndex=157 wall=51ms seq=4086 running=42ms runnable=5ms io=2ms late=530ms h=android.os.Handler c=X.5ul)
02-22 17:56:24.869 17392 17392 W Looper : PerfMonitor looperActivity : package=com.whatsapp/mbmodsd.mbmodsw.mbsettings.yo.PauseActivity time=38ms latency=315ms running=1ms procState=2 ClientTransaction{ lifecycleRequest=android.app.servertransaction.PauseActivityItem } historyMsgCount=159 (msgIndex=1 wall=55ms seq=3930 running=13ms runnable=4ms late=1635ms h=android.app.ActivityThread$H w=159) (msgIndex=4 wall=148ms seq=3933 running=106ms runnable=12ms io=5ms late=1643ms h=android.view.Choreographer$FrameHandler c=android.view.Choreographer$FrameDisplayEventReceiver) (msgIndex=157 wall=51ms seq=4086 running=42ms runnable=5ms io=2ms late=530ms h=android.os.Handler c=X.5ul)
02-22 17:56:25.143 17392 19365 W LOTTIE : Animation contains merge paths. Merge paths are only supported on KitKat+ and must be manually enabled by calling enableMergePathsForKitKatAndAbove().
02-22 17:56:25.678 17392 17392 W LOTTIE : Animation contains merge paths but they are disabled.
02-22 17:56:25.911 17392 17392 W Looper : PerfMonitor doFrame : time=199ms vsyncFrame=0 latency=323ms procState=2 historyMsgCount=37 (msgIndex=1 wall=292ms seq=4150 running=177ms runnable=48ms io=8ms late=229ms h=android.view.Choreographer$FrameHandler c=android.view.Choreographer$FrameDisplayEventReceiver)
02-22 17:56:26.184 17392 17406 W System : A resource failed to call release.
02-22 17:56:26.276 17392 17498 W RenderInspector: DequeueBuffer time out on com.whatsapp/com.whatsapp.HomeActivity, count=1, avg=26 ms, max=26 ms.
02-22 17:56:26.602 17392 17392 E ArmVmp : Match on catch block at 0x5b in for 0x81
02-22 17:56:26.710 17392 17392 E ArmVmp : Match on catch block at 0x5b in for 0x89
02-22 17:56:26.728 17392 17392 E ArmVmp : Match on catch block at 0x5b in for 0x85
02-22 17:56:26.737 17392 17392 E ArmVmp : Match on catch block at 0x5b in for 0x81
02-22 17:56:30.390 17392 17916 W BpBinder: Slow Binder: BpBinder transact took 7750 ms, interface=android.content.IContentProvider, code=20 oneway=false
02-22 17:56:34.239 17392 17392 W InputEventReceiver: App Input: Dispatching InputEvent took 152ms in main thread! (MotionEvent: event_seq=81, seq=5532438, action=ACTION_UP)
02-22 17:56:35.921 17392 17916 W BpBinder: Slow Binder: BpBinder transact took 5475 ms, interface=android.content.IContentProvider, code=20 oneway=false
02-22 17:56:39.809 17392 17916 W BpBinder: Slow Binder: BpBinder transact took 3855 ms, interface=android.content.IContentProvider, code=20 oneway=false
02-22 17:56:44.235 17392 17916 W BpBinder: Slow Binder: BpBinder transact took 4392 ms, interface=android.content.IContentProvider, code=20 oneway=false
02-22 17:56:45.453 17392 17392 E ArmVmp : Match on catch block at 0x0a in for 0x119
02-22 17:56:45.456 17392 17392 W InputEventReceiver: App Input: Dispatching InputEvent took 148ms in main thread! (MotionEvent: event_seq=150, seq=5532696, action=ACTION_DOWN)
02-22 17:56:45.754 17392 17392 W InputEventReceiver: Attempted to finish an input event but the input event receiver has already been disposed.
02-22 17:56:49.435 17392 17916 W BpBinder: Slow Binder: BpBinder transact took 5183 ms, interface=android.content.IContentProvider, code=20 oneway=false
02-22 17:56:55.240 17392 17916 W BpBinder: Slow Binder: BpBinder transact took 5769 ms, interface=android.content.IContentProvider, code=20 oneway=false
02-22 17:56:59.073 17392 17406 W System : A resource failed to call release.
02-22 17:57:01.398 17392 17916 W BpBinder: Slow Binder: BpBinder transact took 6047 ms, interface=android.content.IContentProvider, code=20 oneway=false
02-22 17:57:06.544 17392 17916 W BpBinder: Slow Binder: BpBinder transact took 5116 ms, interface=android.content.IContentProvider, code=20 oneway=false
02-22 17:57:10.701 17392 19997 E linker : library "" ("/apex/com.android.vndk.v30/lib64") needed or dlopened by "/apex/com.android.vndk.v30/lib64/libRS_internal.so" is not accessible for the namespace: [name="rs", ld_library_paths="", default_library_paths="/apex/com.android.vndk.v30/lib64:/vendor/lib64", permitted_paths="/odm/lib64:/vendor/lib64:/system/vendor/lib64:/data"]
02-22 17:57:10.702 17392 19997 E RenderScript: Failed loading RS driver: dlopen failed: library "" needed or dlopened by "/apex/com.android.vndk.v30/lib64/libRS_internal.so" is not accessible for the namespace "rs"
02-22 17:57:10.702 17392 19997 E RenderScript: Failed to load runtime , loading default
02-22 17:57:10.986 17392 19365 W LOTTIE : Unknown shape type rd
02-22 17:57:11.585 17392 18658 W BpBinder: Slow Binder: BpBinder transact took 233 ms, interface=android.os.storage.IStorageManager, code=35 oneway=false
02-22 17:57:11.588 17392 17392 W com.whatsapp: Long monitor contention with owner WhatsApp Worker #38 (18658) at java.io.File[] android.app.ContextImpl.getExternalCacheDirs()(ContextImpl.java:835) waiters=0 in java.io.File android.app.ContextImpl.getFilesDir() for 542ms
02-22 17:57:11.588 17392 19226 W com.whatsapp: Long monitor contention with owner WhatsApp Worker #38 (18658) at java.io.File[] android.app.ContextImpl.getExternalCacheDirs()(ContextImpl.java:835) waiters=1 in java.io.File android.app.ContextImpl.getDatabasesDir() for 533ms
02-22 17:57:11.590 17392 18326 W com.whatsapp: Long monitor contention with owner WhatsApp Worker #38 (18658) at java.io.File[] android.app.ContextImpl.getExternalCacheDirs()(ContextImpl.java:835) waiters=2 in android.content.res.Resources$Theme android.app.ContextImpl.getTheme() for 403ms
02-22 17:57:11.595 17392 17392 W Activity: Slow Operation: Activity com.whatsapp/.Conversation onCreate took 1385ms
02-22 17:57:11.624 17392 17392 E ArmVmp : Match on catch block at 0x0a in for 0xc5
02-22 17:57:11.629 17392 17392 E ArmVmp : Match on catch block at 0x0a in for 0xc5
02-22 17:57:11.666 17392 17392 E ArmVmp : Match on catch block at 0x0a in for 0x1c1
02-22 17:57:11.759 17392 17392 W Looper : PerfMonitor longMsg : seq=6310 plan=17:57:10.139 late=14ms wall=1599ms running=502ms runnable=1ms io=363ms h=android.app.ActivityThread$H w=159 procState=2
02-22 17:57:11.760 17392 17392 W Looper : PerfMonitor looperActivity : package=com.whatsapp/.Conversation time=0ms latency=1618ms running=0ms procState=2 ClientTransaction{ callbacks=[android.app.servertransaction.TopResumedActivityChang eItem] } historyMsgCount=15 (msgIndex=1 wall=77ms seq=6296 running=20ms io=23ms late=21ms h=android.app.ActivityThread$H w=159) (msgIndex=15 wall=1599ms seq=6310 running=502ms runnable=1ms io=363ms late=14ms h=android.app.ActivityThread$H w=159)
02-22 17:57:12.303 17392 17392 E ArmVmp : Match on catch block at 0xc3 in for 0xb9
02-22 17:57:12.307 17392 17392 E ArmVmp : Match on catch block at 0xc3 in for 0xb9
02-22 17:57:12.488 17392 17392 E ArmVmp : Match on catch block at 0xc3 in for 0xb9
02-22 17:57:12.958 17392 17392 W Looper : PerfMonitor longMsg : seq=6312 plan=17:57:10.151 late=1609ms wall=1197ms running=395ms runnable=63ms io=38ms h=android.view.Choreographer$FrameHandler c=android.view.Choreographer$FrameDisplayEventReceiver procState=2
02-22 17:57:12.958 17392 17392 W Looper : PerfMonitor doFrame : time=1197ms vsyncFrame=0 latency=1609ms procState=2 historyMsgCount=16 (msgIndex=1 wall=77ms seq=6296 running=20ms io=23ms late=21ms h=android.app.ActivityThread$H w=159) (msgIndex=15 wall=1599ms seq=6310 running=502ms runnable=1ms io=363ms late=14ms h=android.app.ActivityThread$H w=159)
02-22 17:57:12.991 17392 17916 W BpBinder: Slow Binder: BpBinder transact took 6374 ms, interface=android.content.IContentProvider, code=20 oneway=false
02-22 17:57:13.151 17392 17392 E ArmVmp : Match on catch block at 0xc3 in for 0xa1
02-22 17:57:13.155 17392 17392 E ArmVmp : Match on catch block at 0xc3 in for 0xa5
02-22 17:57:13.157 17392 17392 E ArmVmp : Match on catch block at 0xc3 in for 0xa5
02-22 17:57:13.188 17392 17392 W Looper : PerfMonitor doFrame : time=150ms vsyncFrame=0 latency=1269ms procState=2 historyMsgCount=45 (msgIndex=1 wall=1197ms seq=6312 running=395ms runnable=63ms io=38ms late=1609ms h=android.view.Choreographer$FrameHandler c=android.view.Choreographer$FrameDisplayEventReceiver)
02-22 17:57:13.237 17392 17392 W InputEventReceiver: Attempted to finish an input event but the input event receiver has already been disposed.
02-22 17:57:13.268 17392 17392 E ArmVmp : Match on catch block at 0x0a in for 0x1f1
02-22 17:57:13.335 17392 17392 E ArmVmp : Match on catch block at 0xc3 in for 0xa9
02-22 17:57:13.338 17392 17392 E ArmVmp : Match on catch block at 0xc3 in for 0xa1
02-22 17:57:13.340 17392 17392 E ArmVmp : Match on catch block at 0xc3 in for 0xa1
02-22 17:57:13.435 17392 17392 W Looper : PerfMonitor looperActivity : package=com.whatsapp/.HomeActivity time=11ms latency=359ms running=7ms procState=2 ClientTransaction{ lifecycleRequest=android.app.servertransaction.StopActivityItem } historyMsgCount=39 (msgIndex=1 wall=150ms seq=6357 running=75ms runnable=15ms io=1ms late=1269ms h=android.view.Choreographer$FrameHandler c=android.view.Choreographer$FrameDisplayEventReceiver) (msgIndex=28 wall=71ms seq=6384 running=25ms io=5ms late=261ms h=android.os.AsyncTask$InternalHandler w=1) (msgIndex=37 wall=111ms seq=6393 running=32ms io=2ms late=259ms h=android.view.Choreographer$FrameHandler c=android.view.Choreographer$FrameDisplayEventReceiver)
02-22 17:57:13.460 17392 17392 E ArmVmp : Match on catch block at 0xc3 in for 0xa5
02-22 17:57:13.463 17392 17392 E ArmVmp : Match on catch block at 0xc3 in for 0xa9
02-22 17:57:13.465 17392 17392 E ArmVmp : Match on catch block at 0xc3 in for 0xa9
02-22 17:57:13.519 17392 17392 E ArmVmp : Match on catch block at 0xc3 in for 0xa1
02-22 17:57:13.523 17392 17392 E ArmVmp : Match on catch block at 0xc3 in for 0xa5
02-22 17:57:13.525 17392 17392 E ArmVmp : Match on catch block at 0xc3 in for 0xa5
02-22 17:57:13.569 17392 17392 E ArmVmp : Match on catch block at 0xc3 in for 0xa5
02-22 17:57:13.572 17392 17392 E ArmVmp : Match on catch block at 0xc3 in for 0xa9
02-22 17:57:13.575 17392 17392 E ArmVmp : Match on catch block at 0xc3 in for 0xa9
02-22 17:57:13.601 17392 17392 E ArmVmp : Match on catch block at 0xc3 in for 0xa9
02-22 17:57:13.603 17392 17392 E ArmVmp : Match on catch block at 0xc3 in for 0xa1
02-22 17:57:13.606 17392 17392 E ArmVmp : Match on catch block at 0xc3 in for 0xa1
02-22 17:57:14.905 17392 17392 E ArmVmp : Match on catch block at 0xc3 in for 0xa9
02-22 17:57:14.909 17392 17392 E ArmVmp : Match on catch block at 0xc3 in for 0xa1
02-22 17:57:14.911 17392 17392 E ArmVmp : Match on catch block at 0xc3 in for 0xa1
02-22 17:57:14.943 17392 17392 E ArmVmp : Match on catch block at 0xc3 in for 0xa1
02-22 17:57:14.947 17392 17392 E ArmVmp : Match on catch block at 0xc3 in for 0xa5
02-22 17:57:14.951 17392 17392 E ArmVmp : Match on catch block at 0xc3 in for 0xa5
02-22 17:57:14.993 17392 17392 E ArmVmp : Match on catch block at 0xc3 in for 0xa5
02-22 17:57:14.996 17392 17392 E ArmVmp : Match on catch block at 0xc3 in for 0xa9
02-22 17:57:14.998 17392 17392 E ArmVmp : Match on catch block at 0xc3 in for 0xa9
02-22 17:57:15.027 17392 17392 E ArmVmp : Match on catch block at 0xc3 in for 0xa9
02-22 17:57:15.030 17392 17392 E ArmVmp : Match on catch block at 0xc3 in for 0xa1
02-22 17:57:15.032 17392 17392 E ArmVmp : Match on catch block at 0xc3 in for 0xa1
02-22 17:57:15.057 17392 17392 E ArmVmp : Match on catch block at 0xc3 in for 0xa1
02-22 17:57:15.060 17392 17392 E ArmVmp : Match on catch block at 0xc3 in for 0xa5
02-22 17:57:15.062 17392 17392 E ArmVmp : Match on catch block at 0xc3 in for 0xa5
02-22 17:57:15.086 17392 17392 E ArmVmp : Match on catch block at 0xc3 in for 0xa5
02-22 17:57:15.089 17392 17392 E ArmVmp : Match on catch block at 0xc3 in for 0xa9
02-22 17:57:15.091 17392 17392 E ArmVmp : Match on catch block at 0xc3 in for 0xa9
02-22 17:57:15.122 17392 17392 E ArmVmp : Match on catch block at 0xc3 in for 0xa9
02-22 17:57:15.125 17392 17392 E ArmVmp : Match on catch block at 0xc3 in for 0xa1
02-22 17:57:15.128 17392 17392 E ArmVmp : Match on catch block at 0xc3 in for 0xa1
02-22 17:57:15.153 17392 17392 E ArmVmp : Match on catch block at 0xc3 in for 0xa1
02-22 17:57:15.156 17392 17392 E ArmVmp : Match on catch block at 0xc3 in for 0xa5
02-22 17:57:15.158 17392 17392 E ArmVmp : Match on catch block at 0xc3 in for 0xa5
02-22 17:57:15.180 17392 17392 E ArmVmp : Match on catch block at 0xc3 in for 0xa5
02-22 17:57:15.183 17392 17392 E ArmVmp : Match on catch block at 0xc3 in for 0xa9
02-22 17:57:15.185 17392 17392 E ArmVmp : Match on catch block at 0xc3 in for 0xa9
02-22 17:57:15.486 17392 17392 E ArmVmp : Match on catch block at 0xc3 in for 0xa1
02-22 17:57:15.490 17392 17392 E ArmVmp : Match on catch block at 0xc3 in for 0xa5
02-22 17:57:15.500 17392 17392 E ArmVmp : Match on catch block at 0xc3 in for 0xa5
02-22 17:57:15.538 17392 17392 E ArmVmp : Match on catch block at 0xc3 in for 0xa5
02-22 17:57:15.541 17392 17392 E ArmVmp : Match on catch block at 0xc3 in for 0xa9
02-22 17:57:15.544 17392 17392 E ArmVmp : Match on catch block at 0xc3 in for 0xa9
02-22 17:57:15.972 17392 17392 E ArmVmp : Match on catch block at 0xc3 in for 0xa1
02-22 17:57:15.975 17392 17392 E ArmVmp : Match on catch block at 0xc3 in for 0xa5
02-22 17:57:15.979 17392 17392 E ArmVmp : Match on catch block at 0xc3 in for 0xa5
02-22 17:57:16.440 17392 17392 E ArmVmp : Match on catch block at 0xc3 in for 0xa9
02-22 17:57:16.443 17392 17392 E ArmVmp : Match on catch block at 0xc3 in for 0xa1
02-22 17:57:16.446 17392 17392 E ArmVmp : Match on catch block at 0xc3 in for 0xa1
02-22 17:57:16.455 17392 17392 E ArmVmp : Match on catch block at 0xc3 in for 0xa5
02-22 17:57:16.459 17392 17392 E ArmVmp : Match on catch block at 0xc3 in for 0xa9
02-22 17:57:16.462 17392 17392 E ArmVmp : Match on catch block at 0xc3 in for 0xa9
02-22 17:57:16.472 17392 17392 E ArmVmp : Match on catch block at 0xc3 in for 0xa5
02-22 17:57:16.478 17392 17392 E ArmVmp : Match on catch block at 0xc3 in for 0xa9
02-22 17:57:16.481 17392 17392 E ArmVmp : Match on catch block at 0xc3 in for 0xa9
02-22 17:57:16.972 17392 17392 E ArmVmp : Match on catch block at 0xc3 in for 0xa5
02-22 17:57:16.975 17392 17392 E ArmVmp : Match on catch block at 0xc3 in for 0xa9
02-22 17:57:16.978 17392 17392 E ArmVmp : Match on catch block at 0xc3 in for 0xa9
02-22 17:57:17.472 17392 17392 E ArmVmp : Match on catch block at 0xc3 in for 0xa1
02-22 17:57:17.475 17392 17392 E ArmVmp : Match on catch block at 0xc3 in for 0xa5
02-22 17:57:17.478 17392 17392 E ArmVmp : Match on catch block at 0xc3 in for 0xa5
02-22 17:57:17.525 17392 17916 W BpBinder: Slow Binder: BpBinder transact took 4458 ms, interface=android.content.IContentProvider, code=20 oneway=false
02-22 17:57:17.972 17392 17392 E ArmVmp : Match on catch block at 0xc3 in for 0xa5
02-22 17:57:17.975 17392 17392 E ArmVmp : Match on catch block at 0xc3 in for 0xa9
02-22 17:57:17.978 17392 17392 E ArmVmp : Match on catch block at 0xc3 in for 0xa9
02-22 17:57:18.253 17392 17392 E ArmVmp : Match on catch block at 0xc3 in for 0xa1
02-22 17:57:18.256 17392 17392 E ArmVmp : Match on catch block at 0xc3 in for 0xa5
02-22 17:57:18.259 17392 17392 E ArmVmp : Match on catch block at 0xc3 in for 0xa5
02-22 17:57:18.273 17392 17392 E ArmVmp : Match on catch block at 0xc3 in for 0xa1
02-22 17:57:18.275 17392 17392 E ArmVmp : Match on catch block at 0xc3 in for 0xa5
02-22 17:57:18.278 17392 17392 E ArmVmp : Match on catch block at 0xc3 in for 0xa5
02-22 17:57:18.473 17392 17392 E ArmVmp : Match on catch block at 0xc3 in for 0xa9
02-22 17:57:18.475 17392 17392 E ArmVmp : Match on catch block at 0xc3 in for 0xa1
02-22 17:57:18.477 17392 17392 E ArmVmp : Match on catch block at 0xc3 in for 0xa1
02-22 17:57:18.973 17392 17392 E ArmVmp : Match on catch block at 0xc3 in for 0xa5
02-22 17:57:18.976 17392 17392 E ArmVmp : Match on catch block at 0xc3 in for 0xa9
02-22 17:57:18.980 17392 17392 E ArmVmp : Match on catch block at 0xc3 in for 0xa9
02-22 17:57:19.474 17392 17392 E ArmVmp : Match on catch block at 0xc3 in for 0xa5
02-22 17:57:19.476 17392 17392 E ArmVmp : Match on catch block at 0xc3 in for 0xa9
02-22 17:57:19.479 17392 17392 E ArmVmp : Match on catch block at 0xc3 in for 0xa9
02-22 17:57:19.565 17392 17392 E ArmVmp : Match on catch block at 0xc3 in for 0xa1
02-22 17:57:19.568 17392 17392 E ArmVmp : Match on catch block at 0xc3 in for 0xa5
02-22 17:57:19.570 17392 17392 E ArmVmp : Match on catch block at 0xc3 in for 0xa5
02-22 17:57:19.576 17392 17392 E ArmVmp : Match on catch block at 0xc3 in for 0xa9
02-22 17:57:19.579 17392 17392 E ArmVmp : Match on catch block at 0xc3 in for 0xa1
02-22 17:57:19.582 17392 17392 E ArmVmp : Match on catch block at 0xc3 in for 0xa1
02-22 17:57:19.737 17392 17392 E ArmVmp : Match on catch block at 0xc3 in for 0xa1
02-22 17:57:19.739 17392 17392 E ArmVmp : Match on catch block at 0xc3 in for 0xa5
02-22 17:57:19.742 17392 17392 E ArmVmp : Match on catch block at 0xc3 in for 0xa5
02-22 17:57:19.749 17392 17392 E ArmVmp : Match on catch block at 0xc3 in for 0xa9
02-22 17:57:19.752 17392 17392 E ArmVmp : Match on catch block at 0xc3 in for 0xa1
02-22 17:57:19.755 17392 17392 E ArmVmp : Match on catch block at 0xc3 in for 0xa1
02-22 17:57:19.867 17392 17392 E ArmVmp : Match on catch block at 0xc3 in for 0xa5
02-22 17:57:19.870 17392 17392 E ArmVmp : Match on catch block at 0xc3 in for 0xa9
02-22 17:57:19.873 17392 17392 E ArmVmp : Match on catch block at 0xc3 in for 0xa9
02-22 17:57:19.973 17392 17392 E ArmVmp : Match on catch block at 0xc3 in for 0xa1
02-22 17:57:19.976 17392 17392 E ArmVmp : Match on catch block at 0xc3 in for 0xa5
02-22 17:57:19.978 17392 17392 E ArmVmp : Match on catch block at 0xc3 in for 0xa5
02-22 17:57:20.200 17392 17392 E ArmVmp : Match on catch block at 0xc3 in for 0xa1
02-22 17:57:20.202 17392 17392 E ArmVmp : Match on catch block at 0xc3 in for 0xa5
02-22 17:57:20.205 17392 17392 E ArmVmp : Match on catch block at 0xc3 in for 0xa5
02-22 17:57:20.212 17392 17392 E ArmVmp : Match on catch block at 0xc3 in for 0xa9
02-22 17:57:20.215 17392 17392 E ArmVmp : Match on catch block at 0xc3 in for 0xa1
02-22 17:57:20.218 17392 17392 E ArmVmp : Match on catch block at 0xc3 in for 0xa1
02-22 17:57:20.473 17392 17392 E ArmVmp : Match on catch block at 0xc3 in for 0xa5
02-22 17:57:20.479 17392 17392 E ArmVmp : Match on catch block at 0xc3 in for 0xa9
02-22 17:57:20.483 17392 17392 E ArmVmp : Match on catch block at 0xc3 in for 0xa9
02-22 17:57:20.974 17392 17392 E ArmVmp : Match on catch block at 0xc3 in for 0xa1
02-22 17:57:20.977 17392 17392 E ArmVmp : Match on catch block at 0xc3 in for 0xa5
02-22 17:57:20.979 17392 17392 E ArmVmp : Match on catch block at 0xc3 in for 0xa5
02-22 17:57:21.144 17392 17392 E ArmVmp : Match on catch block at 0xc3 in for 0xa1
02-22 17:57:21.147 17392 17392 E ArmVmp : Match on catch block at 0xc3 in for 0xa5
02-22 17:57:21.149 17392 17392 E ArmVmp : Match on catch block at 0xc3 in for 0xa5
02-22 17:57:21.660 17392 17392 E ArmVmp : Match on catch block at 0xc3 in for 0xa5
02-22 17:57:21.662 17392 17392 E ArmVmp : Match on catch block at 0xc3 in for 0xa9
02-22 17:57:21.664 17392 17392 E ArmVmp : Match on catch block at 0xc3 in for 0xa9
02-22 17:57:21.674 17392 17392 E ArmVmp : Match on catch block at 0xc3 in for 0xa1
02-22 17:57:21.677 17392 17392 E ArmVmp : Match on catch block at 0xc3 in for 0xa5
02-22 17:57:21.680 17392 17392 E ArmVmp : Match on catch block at 0xc3 in for 0xa5
02-22 17:57:21.794 17392 17392 E ArmVmp : Match on catch block at 0xc3 in for 0xa5
02-22 17:57:21.797 17392 17392 E ArmVmp : Match on catch block at 0xc3 in for 0xa9
02-22 17:57:21.800 17392 17392 E ArmVmp : Match on catch block at 0xc3 in for 0xa9
02-22 17:57:21.807 17392 17392 E ArmVmp : Match on catch block at 0xc3 in for 0xa1
02-22 17:57:21.811 17392 17392 E ArmVmp : Match on catch block at 0xc3 in for 0xa5
02-22 17:57:21.814 17392 17392 E ArmVmp : Match on catch block at 0xc3 in for 0xa5
02-22 17:57:21.924 17392 17392 E ArmVmp : Match on catch block at 0xc3 in for 0xa1
02-22 17:57:21.928 17392 17392 E ArmVmp : Match on catch block at 0xc3 in for 0xa5
02-22 17:57:21.931 17392 17392 E ArmVmp : Match on catch block at 0xc3 in for 0xa5
02-22 17:57:22.175 17392 17392 E ArmVmp : Match on catch block at 0xc3 in for 0xa9
02-22 17:57:22.179 17392 17392 E ArmVmp : Match on catch block at 0xc3 in for 0xa1
02-22 17:57:22.182 17392 17392 E ArmVmp : Match on catch block at 0xc3 in for 0xa1
02-22 17:57:22.336 17392 17392 E ArmVmp : Match on catch block at 0xc3 in for 0xa9
02-22 17:57:22.339 17392 17392 E ArmVmp : Match on catch block at 0xc3 in for 0xa1
02-22 17:57:22.342 17392 17392 E ArmVmp : Match on catch block at 0xc3 in for 0xa1
02-22 17:57:22.360 17392 17392 E ArmVmp : Match on catch block at 0xc3 in for 0xa1
02-22 17:57:22.363 17392 17392 E ArmVmp : Match on catch block at 0xc3 in for 0xa5
02-22 17:57:22.366 17392 17392 E ArmVmp : Match on catch block at 0xc3 in for 0xa5
02-22 17:57:22.374 17392 17392 E ArmVmp : Match on catch block at 0xc3 in for 0xa9
02-22 17:57:22.377 17392 17392 E ArmVmp : Match on catch block at 0xc3 in for 0xa1
02-22 17:57:22.381 17392 17392 E ArmVmp : Match on catch block at 0xc3 in for 0xa1
02-22 17:57:22.407 17392 17392 E ArmVmp : Match on catch block at 0xc3 in for 0xa5
02-22 17:57:22.410 17392 17392 E ArmVmp : Match on catch block at 0xc3 in for 0xa9
02-22 17:57:22.413 17392 17392 E ArmVmp : Match on catch block at 0xc3 in for 0xa9
02-22 17:57:22.474 17392 17392 E ArmVmp : Match on catch block at 0xc3 in for 0xa1
02-22 17:57:22.477 17392 17392 E ArmVmp : Match on catch block at 0xc3 in for 0xa5
02-22 17:57:22.479 17392 17392 E ArmVmp : Match on catch block at 0xc3 in for 0xa5
02-22 17:57:22.494 17392 17392 E ArmVmp : Match on catch block at 0xc3 in for 0xa9
02-22 17:57:22.496 17392 17392 E ArmVmp : Match on catch block at 0xc3 in for 0xa1
02-22 17:57:22.498 17392 17392 E ArmVmp : Match on catch block at 0xc3 in for 0xa1
02-22 17:57:22.507 17392 17392 E ArmVmp : Match on catch block at 0xc3 in for 0xa5
02-22 17:57:22.512 17392 17392 E ArmVmp : Match on catch block at 0xc3 in for 0xa9
02-22 17:57:22.514 17392 17392 E ArmVmp : Match on catch block at 0xc3 in for 0xa9
02-22 17:57:22.524 17392 17392 E ArmVmp : Match on catch block at 0xc3 in for 0xa1
02-22 17:57:22.527 17392 17392 E ArmVmp : Match on catch block at 0xc3 in for 0xa5
02-22 17:57:22.529 17392 17392 E ArmVmp : Match on catch block at 0xc3 in for 0xa5
02-22 17:57:22.624 17392 17392 E ArmVmp : Match on catch block at 0xc3 in for 0xa9
02-22 17:57:22.627 17392 17392 E ArmVmp : Match on catch block at 0xc3 in for 0xa1
02-22 17:57:22.630 17392 17392 E ArmVmp : Match on catch block at 0xc3 in for 0xa1
02-22 17:57:22.788 17392 17916 W BpBinder: Slow Binder: BpBinder transact took 5247 ms, interface=android.content.IContentProvider, code=20 oneway=false
02-22 17:57:22.829 17392 17392 E ArmVmp : Match on catch block at 0xc3 in for 0xa9
02-22 17:57:22.832 17392 17392 E ArmVmp : Match on catch block at 0xc3 in for 0xa1
02-22 17:57:22.834 17392 17392 E ArmVmp : Match on catch block at 0xc3 in for 0xa1
02-22 17:57:22.874 17392 17392 E ArmVmp : Match on catch block at 0xc3 in for 0xa9
02-22 17:57:22.878 17392 17392 E ArmVmp : Match on catch block at 0xc3 in for 0xa1
02-22 17:57:22.882 17392 17392 E ArmVmp : Match on catch block at 0xc3 in for 0xa1
02-22 17:57:22.891 17392 17392 E ArmVmp : Match on catch block at 0xc3 in for 0xa5
02-22 17:57:22.893 17392 17392 E ArmVmp : Match on catch block at 0xc3 in for 0xa9
02-22 17:57:22.896 17392 17392 E ArmVmp : Match on catch block at 0xc3 in for 0xa9
02-22 17:57:22.907 17392 17392 E ArmVmp : Match on catch block at 0xc3 in for 0xa1
02-22 17:57:22.910 17392 17392 E ArmVmp : Match on catch block at 0xc3 in for 0xa5
02-22 17:57:22.913 17392 17392 E ArmVmp : Match on catch block at 0xc3 in for 0xa5
02-22 17:57:22.924 17392 17392 E ArmVmp : Match on catch block at 0xc3 in for 0xa9
02-22 17:57:22.927 17392 17392 E ArmVmp : Match on catch block at 0xc3 in for 0xa1
02-22 17:57:22.930 17392 17392 E ArmVmp : Match on catch block at 0xc3 in for 0xa1
02-22 17:57:22.941 17392 17392 E ArmVmp : Match on catch block at 0xc3 in for 0xa5
02-22 17:57:22.944 17392 17392 E ArmVmp : Match on catch block at 0xc3 in for 0xa9
02-22 17:57:22.946 17392 17392 E ArmVmp : Match on catch block at 0xc3 in for 0xa9
02-22 17:57:22.957 17392 17392 E ArmVmp : Match on catch block at 0xc3 in for 0xa1
02-22 17:57:22.960 17392 17392 E ArmVmp : Match on catch block at 0xc3 in for 0xa5
02-22 17:57:22.962 17392 17392 E ArmVmp : Match on catch block at 0xc3 in for 0xa5
02-22 17:57:22.976 17392 17392 E ArmVmp : Match on catch block at 0xc3 in for 0xa9
02-22 17:57:22.979 17392 17392 E ArmVmp : Match on catch block at 0xc3 in for 0xa1
02-22 17:57:22.981 17392 17392 E ArmVmp : Match on catch block at 0xc3 in for 0xa1
02-22 17:57:22.991 17392 17392 E ArmVmp : Match on catch block at 0xc3 in for 0xa5
02-22 17:57:22.993 17392 17392 E ArmVmp : Match on catch block at 0xc3 in for 0xa9
02-22 17:57:22.997 17392 17392 E ArmVmp : Match on catch block at 0xc3 in for 0xa9
02-22 17:57:23.007 17392 17392 E ArmVmp : Match on catch block at 0xc3 in for 0xa1
02-22 17:57:23.011 17392 17392 E ArmVmp : Match on catch block at 0xc3 in for 0xa5
02-22 17:57:23.013 17392 17392 E ArmVmp : Match on catch block at 0xc3 in for 0xa5
02-22 17:57:23.024 17392 17392 E ArmVmp : Match on catch block at 0xc3 in for 0xa9
02-22 17:57:23.027 17392 17392 E ArmVmp : Match on catch block at 0xc3 in for 0xa1
02-22 17:57:23.029 17392 17392 E ArmVmp : Match on catch block at 0xc3 in for 0xa1
02-22 17:57:23.041 17392 17392 E ArmVmp : Match on catch block at 0xc3 in for 0xa5
02-22 17:57:23.044 17392 17392 E ArmVmp : Match on catch block at 0xc3 in for 0xa9
02-22 17:57:23.046 17392 17392 E ArmVmp : Match on catch block at 0xc3 in for 0xa9
02-22 17:57:23.057 17392 17392 E ArmVmp : Match on catch block at 0xc3 in for 0xa1
02-22 17:57:23.060 17392 17392 E ArmVmp : Match on catch block at 0xc3 in for 0xa5
02-22 17:57:23.062 17392 17392 E ArmVmp : Match on catch block at 0xc3 in for 0xa5
02-22 17:57:23.075 17392 17392 E ArmVmp : Match on catch block at 0xc3 in for 0xa9
02-22 17:57:23.077 17392 17392 E ArmVmp : Match on catch block at 0xc3 in for 0xa1
02-22 17:57:23.079 17392 17392 E ArmVmp : Match on catch block at 0xc3 in for 0xa1
02-22 17:57:23.091 17392 17392 E ArmVmp : Match on catch block at 0xc3 in for 0xa5
02-22 17:57:23.094 17392 17392 E ArmVmp : Match on catch block at 0xc3 in for 0xa9
02-22 17:57:23.097 17392 17392 E ArmVmp : Match on catch block at 0xc3 in for 0xa9
02-22 17:57:23.108 17392 17392 E ArmVmp : Match on catch block at 0xc3 in for 0xa1
02-22 17:57:23.111 17392 17392 E ArmVmp : Match on catch block at 0xc3 in for 0xa5
02-22 17:57:23.113 17392 17392 E ArmVmp : Match on catch block at 0xc3 in for 0xa5
02-22 17:57:23.124 17392 17392 E ArmVmp : Match on catch block at 0xc3 in for 0xa9
02-22 17:57:23.127 17392 17392 E ArmVmp : Match on catch block at 0xc3 in for 0xa1
02-22 17:57:23.129 17392 17392 E ArmVmp : Match on catch block at 0xc3 in for 0xa1
02-22 17:57:23.141 17392 17392 E ArmVmp : Match on catch block at 0xc3 in for 0xa5
02-22 17:57:23.144 17392 17392 E ArmVmp : Match on catch block at 0xc3 in for 0xa9
02-22 17:57:23.147 17392 17392 E ArmVmp : Match on catch block at 0xc3 in for 0xa9
02-22 17:57:23.157 17392 17392 E ArmVmp : Match on catch block at 0xc3 in for 0xa1
02-22 17:57:23.160 17392 17392 E ArmVmp : Match on catch block at 0xc3 in for 0xa5
02-22 17:57:23.162 17392 17392 E ArmVmp : Match on catch block at 0xc3 in for 0xa5
02-22 17:57:23.174 17392 17392 E ArmVmp : Match on catch block at 0xc3 in for 0xa9
02-22 17:57:23.177 17392 17392 E ArmVmp : Match on catch block at 0xc3 in for 0xa1
02-22 17:57:23.180 17392 17392 E ArmVmp : Match on catch block at 0xc3 in for 0xa1
02-22 17:57:23.191 17392 17392 E ArmVmp : Match on catch block at 0xc3 in for 0xa5
02-22 17:57:23.193 17392 17392 E ArmVmp : Match on catch block at 0xc3 in for 0xa9
02-22 17:57:23.196 17392 17392 E ArmVmp : Match on catch block at 0xc3 in for 0xa9
02-22 17:57:23.208 17392 17392 E ArmVmp : Match on catch block at 0xc3 in for 0xa1
02-22 17:57:23.210 17392 17392 E ArmVmp : Match on catch block at 0xc3 in for 0xa5
02-22 17:57:23.213 17392 17392 E ArmVmp : Match on catch block at 0xc3 in for 0xa5
02-22 17:57:23.224 17392 17392 E ArmVmp : Match on catch block at 0xc3 in for 0xa9
02-22 17:57:23.228 17392 17392 E ArmVmp : Match on catch block at 0xc3 in for 0xa1
02-22 17:57:23.231 17392 17392 E ArmVmp : Match on catch block at 0xc3 in for 0xa1
02-22 17:57:23.241 17392 17392 E ArmVmp : Match on catch block at 0xc3 in for 0xa5
02-22 17:57:23.244 17392 17392 E ArmVmp : Match on catch block at 0xc3 in for 0xa9
02-22 17:57:23.246 17392 17392 E ArmVmp : Match on catch block at 0xc3 in for 0xa9
02-22 17:57:23.257 17392 17392 E ArmVmp : Match on catch block at 0xc3 in for 0xa1
02-22 17:57:23.260 17392 17392 E ArmVmp : Match on catch block at 0xc3 in for 0xa5
02-22 17:57:23.263 17392 17392 E ArmVmp : Match on catch block at 0xc3 in for 0xa5
02-22 17:57:23.341 17392 17392 E ArmVmp : Match on catch block at 0xc3 in for 0xa9
02-22 17:57:23.344 17392 17392 E ArmVmp : Match on catch block at 0xc3 in for 0xa1
02-22 17:57:23.348 17392 17392 E ArmVmp : Match on catch block at 0xc3 in for 0xa1
02-22 17:57:23.391 17392 17392 E ArmVmp : Match on catch block at 0xc3 in for 0xa5
02-22 17:57:23.397 17392 17392 E ArmVmp : Match on catch block at 0xc3 in for 0xa9
02-22 17:57:23.400 17392 17392 E ArmVmp : Match on catch block at 0xc3 in for 0xa9
02-22 17:57:23.410 17392 17392 E ArmVmp : Match on catch block at 0xc3 in for 0xa1
02-22 17:57:23.414 17392 17392 E ArmVmp : Match on catch block at 0xc3 in for 0xa5
02-22 17:57:23.417 17392 17392 E ArmVmp : Match on catch block at 0xc3 in for 0xa5
02-22 17:57:23.425 17392 17392 E ArmVmp : Match on catch block at 0xc3 in for 0xa9
02-22 17:57:23.428 17392 17392 E ArmVmp : Match on catch block at 0xc3 in for 0xa1
02-22 17:57:23.431 17392 17392 E ArmVmp : Match on catch block at 0xc3 in for 0xa1
02-22 17:57:23.441 17392 17392 E ArmVmp : Match on catch block at 0xc3 in for 0xa5
02-22 17:57:23.444 17392 17392 E ArmVmp : Match on catch block at 0xc3 in for 0xa9
02-22 17:57:23.447 17392 17392 E ArmVmp : Match on catch block at 0xc3 in for 0xa9
02-22 17:57:23.457 17392 17392 E ArmVmp : Match on catch block at 0xc3 in for 0xa1
02-22 17:57:23.460 17392 17392 E ArmVmp : Match on catch block at 0xc3 in for 0xa5
02-22 17:57:23.462 17392 17392 E ArmVmp : Match on catch block at 0xc3 in for 0xa5
02-22 17:57:23.474 17392 17392 E ArmVmp : Match on catch block at 0xc3 in for 0xa9
02-22 17:57:23.477 17392 17392 E ArmVmp : Match on catch block at 0xc3 in for 0xa1
02-22 17:57:23.480 17392 17392 E ArmVmp : Match on catch block at 0xc3 in for 0xa1
02-22 17:57:23.491 17392 17392 E ArmVmp : Match on catch block at 0xc3 in for 0xa5
02-22 17:57:23.494 17392 17392 E ArmVmp : Match on catch block at 0xc3 in for 0xa9
02-22 17:57:23.497 17392 17392 E ArmVmp : Match on catch block at 0xc3 in for 0xa9
02-22 17:57:23.508 17392 17392 E ArmVmp : Match on catch block at 0xc3 in for 0xa1
02-22 17:57:23.511 17392 17392 E ArmVmp : Match on catch block at 0xc3 in for 0xa5
02-22 17:57:23.513 17392 17392 E ArmVmp : Match on catch block at 0xc3 in for 0xa5
02-22 17:57:23.524 17392 17392 E ArmVmp : Match on catch block at 0xc3 in for 0xa9
02-22 17:57:23.527 17392 17392 E ArmVmp : Match on catch block at 0xc3 in for 0xa1
02-22 17:57:23.530 17392 17392 E ArmVmp : Match on catch block at 0xc3 in for 0xa1
02-22 17:57:23.541 17392 17392 E ArmVmp : Match on catch block at 0xc3 in for 0xa5
02-22 17:57:23.544 17392 17392 E ArmVmp : Match on catch block at 0xc3 in for 0xa9
02-22 17:57:23.546 17392 17392 E ArmVmp : Match on catch block at 0xc3 in for 0xa9
02-22 17:57:23.558 17392 17392 E ArmVmp : Match on catch block at 0xc3 in for 0xa1
02-22 17:57:23.561 17392 17392 E ArmVmp : Match on catch block at 0xc3 in for 0xa5
02-22 17:57:23.564 17392 17392 E ArmVmp : Match on catch block at 0xc3 in for 0xa5
02-22 17:57:23.574 17392 17392 E ArmVmp : Match on catch block at 0xc3 in for 0xa9
02-22 17:57:23.577 17392 17392 E ArmVmp : Match on catch block at 0xc3 in for 0xa1
02-22 17:57:23.580 17392 17392 E ArmVmp : Match on catch block at 0xc3 in for 0xa1
02-22 17:57:23.591 17392 17392 E ArmVmp : Match on catch block at 0xc3 in for 0xa5
02-22 17:57:23.594 17392 17392 E ArmVmp : Match on catch block at 0xc3 in for 0xa9
02-22 17:57:23.596 17392 17392 E ArmVmp : Match on catch block at 0xc3 in for 0xa9
02-22 17:57:23.608 17392 17392 E ArmVmp : Match on catch block at 0xc3 in for 0xa1
02-22 17:57:23.610 17392 17392 E ArmVmp : Match on catch block at 0xc3 in for 0xa5
02-22 17:57:23.613 17392 17392 E ArmVmp : Match on catch block at 0xc3 in for 0xa5
02-22 17:57:23.625 17392 17392 E ArmVmp : Match on catch block at 0xc3 in for 0xa9
02-22 17:57:23.628 17392 17392 E ArmVmp : Match on catch block at 0xc3 in for 0xa1
02-22 17:57:23.631 17392 17392 E ArmVmp : Match on catch block at 0xc3 in for 0xa1
02-22 17:57:23.641 17392 17392 E ArmVmp : Match on catch block at 0xc3 in for 0xa5
02-22 17:57:23.644 17392 17392 E ArmVmp : Match on catch block at 0xc3 in for 0xa9
02-22 17:57:23.647 17392 17392 E ArmVmp : Match on catch block at 0xc3 in for 0xa9
02-22 17:57:23.658 17392 17392 E ArmVmp : Match on catch block at 0xc3 in for 0xa1
02-22 17:57:23.663 17392 17392 E ArmVmp : Match on catch block at 0xc3 in for 0xa5
02-22 17:57:23.668 17392 17392 E ArmVmp : Match on catch block at 0xc3 in for 0xa5
02-22 17:57:23.791 17392 17392 E ArmVmp : Match on catch block at 0xc3 in for 0xa9
02-22 17:57:23.795 17392 17392 E ArmVmp : Match on catch block at 0xc3 in for 0xa1
02-22 17:57:23.798 17392 17392 E ArmVmp : Match on catch block at 0xc3 in for 0xa1
02-22 17:57:23.927 17392 17392 E ArmVmp : Match on catch block at 0xc3 in for 0xa9
02-22 17:57:23.929 17392 17392 E ArmVmp : Match on catch block at 0xc3 in for 0xa1
02-22 17:57:23.932 17392 17392 E ArmVmp : Match on catch block at 0xc3 in for 0xa1
02-22 17:57:23.941 17392 17392 E ArmVmp : Match on catch block at 0xc3 in for 0xa5
02-22 17:57:23.946 17392 17392 E ArmVmp : Match on catch block at 0xc3 in for 0xa9
02-22 17:57:23.948 17392 17392 E ArmVmp : Match on catch block at 0xc3 in for 0xa9
02-22 17:57:23.958 17392 17392 E ArmVmp : Match on catch block at 0xc3 in for 0xa1
02-22 17:57:23.960 17392 17392 E ArmVmp : Match on catch block at 0xc3 in for 0xa5
02-22 17:57:23.963 17392 17392 E ArmVmp : Match on catch block at 0xc3 in for 0xa5
02-22 17:57:23.983 17392 17392 E ArmVmp : Match on catch block at 0xc3 in for 0xa9
02-22 17:57:23.985 17392 17392 E ArmVmp : Match on catch block at 0xc3 in for 0xa1
02-22 17:57:23.988 17392 17392 E ArmVmp : Match on catch block at 0xc3 in for 0xa1
02-22 17:57:24.008 17392 17392 E ArmVmp : Match on catch block at 0xc3 in for 0xa5
02-22 17:57:24.011 17392 17392 E ArmVmp : Match on catch block at 0xc3 in for 0xa9
02-22 17:57:24.013 17392 17392 E ArmVmp : Match on catch block at 0xc3 in for 0xa9
02-22 17:57:24.025 17392 17392 E ArmVmp : Match on catch block at 0xc3 in for 0xa1
02-22 17:57:24.028 17392 17392 E ArmVmp : Match on catch block at 0xc3 in for 0xa5
02-22 17:57:24.030 17392 17392 E ArmVmp : Match on catch block at 0xc3 in for 0xa5
02-22 17:57:24.041 17392 17392 E ArmVmp : Match on catch block at 0xc3 in for 0xa9
02-22 17:57:24.044 17392 17392 E ArmVmp : Match on catch block at 0xc3 in for 0xa1
02-22 17:57:24.047 17392 17392 E ArmVmp : Match on catch block at 0xc3 in for 0xa1
02-22 17:57:24.058 17392 17392 E ArmVmp : Match on catch block at 0xc3 in for 0xa5
02-22 17:57:24.060 17392 17392 E ArmVmp : Match on catch block at 0xc3 in for 0xa9
02-22 17:57:24.062 17392 17392 E ArmVmp : Match on catch block at 0xc3 in for 0xa9
02-22 17:57:24.074 17392 17392 E ArmVmp : Match on catch block at 0xc3 in for 0xa1
02-22 17:57:24.077 17392 17392 E ArmVmp : Match on catch block at 0xc3 in for 0xa5
02-22 17:57:24.079 17392 17392 E ArmVmp : Match on catch block at 0xc3 in for 0xa5
02-22 17:57:24.091 17392 17392 E ArmVmp : Match on catch block at 0xc3 in for 0xa1
02-22 17:57:24.095 17392 17392 E ArmVmp : Match on catch block at 0xc3 in for 0xa5
02-22 17:57:24.098 17392 17392 E ArmVmp : Match on catch block at 0xc3 in for 0xa5
02-22 17:57:24.108 17392 17392 E ArmVmp : Match on catch block at 0xc3 in for 0xa9
02-22 17:57:24.111 17392 17392 E ArmVmp : Match on catch block at 0xc3 in for 0xa1
02-22 17:57:24.114 17392 17392 E ArmVmp : Match on catch block at 0xc3 in for 0xa1
02-22 17:57:24.125 17392 17392 E ArmVmp : Match on catch block at 0xc3 in for 0xa5
02-22 17:57:24.128 17392 17392 E ArmVmp : Match on catch block at 0xc3 in for 0xa9
02-22 17:57:24.130 17392 17392 E ArmVmp : Match on catch block at 0xc3 in for 0xa9
02-22 17:57:24.208 17392 17392 E ArmVmp : Match on catch block at 0xc3 in for 0xa5
02-22 17:57:24.210 17392 17392 E ArmVmp : Match on catch block at 0xc3 in for 0xa9
02-22 17:57:24.213 17392 17392 E ArmVmp : Match on catch block at 0xc3 in for 0xa9
02-22 17:57:24.358 17392 17392 E ArmVmp : Match on catch block at 0xc3 in for 0xa5
02-22 17:57:24.361 17392 17392 E ArmVmp : Match on catch block at 0xc3 in for 0xa9
02-22 17:57:24.364 17392 17392 E ArmVmp : Match on catch block at 0xc3 in for 0xa9
02-22 17:57:24.424 17392 17392 E ArmVmp : Match on catch block at 0xc3 in for 0xa1
02-22 17:57:24.427 17392 17392 E ArmVmp : Match on catch block at 0xc3 in for 0xa5
02-22 17:57:24.430 17392 17392 E ArmVmp : Match on catch block at 0xc3 in for 0xa5
02-22 17:57:24.925 17392 17392 E ArmVmp : Match on catch block at 0xc3 in for 0xa9
02-22 17:57:24.927 17392 17392 E ArmVmp : Match on catch block at 0xc3 in for 0xa1
02-22 17:57:24.930 17392 17392 E ArmVmp : Match on catch block at 0xc3 in for 0xa1
02-22 17:57:25.032 17392 17392 E ArmVmp : Match on catch block at 0xc3 in for 0xa9
02-22 17:57:25.041 17392 17392 E ArmVmp : Match on catch block at 0xc3 in for 0xa1
02-22 17:57:25.045 17392 17392 E ArmVmp : Match on catch block at 0xc3 in for 0xa1
02-22 17:57:25.062 17392 17392 E ArmVmp : Match on catch block at 0xc3 in for 0xa1
02-22 17:57:25.064 17392 17392 E ArmVmp : Match on catch block at 0xc3 in for 0xa5
02-22 17:57:25.067 17392 17392 E ArmVmp : Match on catch block at 0xc3 in for 0xa5
02-22 17:57:25.075 17392 17392 E ArmVmp : Match on catch block at 0xc3 in for 0xa9
02-22 17:57:25.078 17392 17392 E ArmVmp : Match on catch block at 0xc3 in for 0xa1
02-22 17:57:25.081 17392 17392 E ArmVmp : Match on catch block at 0xc3 in for 0xa1
02-22 17:57:25.091 17392 17392 E ArmVmp : Match on catch block at 0xc3 in for 0xa5
02-22 17:57:25.094 17392 17392 E ArmVmp : Match on catch block at 0xc3 in for 0xa9
02-22 17:57:25.096 17392 17392 E ArmVmp : Match on catch block at 0xc3 in for 0xa9
02-22 17:57:25.108 17392 17392 E ArmVmp : Match on catch block at 0xc3 in for 0xa1
02-22 17:57:25.110 17392 17392 E ArmVmp : Match on catch block at 0xc3 in for 0xa5
02-22 17:57:25.113 17392 17392 E ArmVmp : Match on catch block at 0xc3 in for 0xa5
02-22 17:57:25.125 17392 17392 E ArmVmp : Match on catch block at 0xc3 in for 0xa9
02-22 17:57:25.128 17392 17392 E ArmVmp : Match on catch block at 0xc3 in for 0xa1
02-22 17:57:25.131 17392 17392 E ArmVmp : Match on catch block at 0xc3 in for 0xa1
02-22 17:57:25.145 17392 17392 E ArmVmp : Match on catch block at 0xc3 in for 0xa5
02-22 17:57:25.147 17392 17392 E ArmVmp : Match on catch block at 0xc3 in for 0xa9
02-22 17:57:25.150 17392 17392 E ArmVmp : Match on catch block at 0xc3 in for 0xa9
02-22 17:57:25.158 17392 17392 E ArmVmp : Match on catch block at 0xc3 in for 0xa1
02-22 17:57:25.160 17392 17392 E ArmVmp : Match on catch block at 0xc3 in for 0xa5
02-22 17:57:25.162 17392 17392 E ArmVmp : Match on catch block at 0xc3 in for 0xa5
02-22 17:57:25.175 17392 17392 E ArmVmp : Match on catch block at 0xc3 in for 0xa9
02-22 17:57:25.179 17392 17392 E ArmVmp : Match on catch block at 0xc3 in for 0xa1
02-22 17:57:25.181 17392 17392 E ArmVmp : Match on catch block at 0xc3 in for 0xa1
02-22 17:57:25.191 17392 17392 E ArmVmp : Match on catch block at 0xc3 in for 0xa5
02-22 17:57:25.196 17392 17392 E ArmVmp : Match on catch block at 0xc3 in for 0xa9
02-22 17:57:25.198 17392 17392 E ArmVmp : Match on catch block at 0xc3 in for 0xa9
02-22 17:57:25.208 17392 17392 E ArmVmp : Match on catch block at 0xc3 in for 0xa1
02-22 17:57:25.211 17392 17392 E ArmVmp : Match on catch block at 0xc3 in for 0xa5
02-22 17:57:25.213 17392 17392 E ArmVmp : Match on catch block at 0xc3 in for 0xa5
02-22 17:57:25.225 17392 17392 E ArmVmp : Match on catch block at 0xc3 in for 0xa9
02-22 17:57:25.227 17392 17392 E ArmVmp : Match on catch block at 0xc3 in for 0xa1
02-22 17:57:25.229 17392 17392 E ArmVmp : Match on catch block at 0xc3 in for 0xa1
02-22 17:57:25.375 17392 17392 E ArmVmp : Match on catch block at 0xc3 in for 0xa5
02-22 17:57:25.377 17392 17392 E ArmVmp : Match on catch block at 0xc3 in for 0xa9
02-22 17:57:25.380 17392 17392 E ArmVmp : Match on catch block at 0xc3 in for 0xa9
02-22 17:57:25.442 17392 17392 E ArmVmp : Match on catch block at 0xc3 in for 0xa1
02-22 17:57:25.447 17392 17392 E ArmVmp : Match on catch block at 0xc3 in for 0xa5
