02-22 18:01:48.768 21930 24544 W Codec2Client: query -- param skipped: index = 1342179345.
02-22 18:01:48.768 21930 24544 W Codec2Client: query -- param skipped: index = 2415921170.
02-22 18:01:48.768 21930 24544 W Codec2Client: query -- param skipped: index = 1610614798. --------- beginning of main
02-22 18:14:52.115 2194 2194 E com.whatsapp: Unknown bits set in runtime_flags: 0x800000
02-22 18:14:52.141 2194 2194 E com.whatsapp: Not starting debugger since process cannot load the jdwp agent.
02-22 18:14:52.473 2194 2194 W ResourceType: CREATING STRING CACHE OF 192 bytes
02-22 18:14:52.548 2194 2194 W System.err: java.lang.ClassNotFoundException: mbmodsd.mbmodsw.ui.views.btn.BtnBK
02-22 18:14:52.557 2194 2194 W System.err: at java.lang.Runtime.nativeLoad(Native Method)
02-22 18:14:52.557 2194 2194 W System.err: at java.lang.Runtime.nativeLoad(Runtime.java:1131)
02-22 18:14:52.557 2194 2194 W System.err: at java.lang.Runtime.loadLibrary0(Runtime.java:1085)
02-22 18:14:52.557 2194 2194 W System.err: at java.lang.Runtime.loadLibrary0(Runtime.java:1008)
02-22 18:14:52.557 2194 2194 W System.err: at java.lang.System.loadLibrary(System.java:1664)
02-22 18:14:52.557 2194 2194 W System.err: at arm.EpicVm.<clinit>(Unknown Source:2)
02-22 18:14:52.558 2194 2194 W System.err: at java.lang.Class.newInstance(Native Method)
02-22 18:14:52.558 2194 2194 W System.err: at android.app.AppComponentFactory.instantiateApplication(AppComponentFactory.java:76)
02-22 18:14:52.558 2194 2194 W System.err: at androidx.core.app.CoreComponentFactory.instantiateApplication(Unknown Source:0)
02-22 18:14:52.558 2194 2194 W System.err: at android.app.Instrumentation.newApplication(Instrumentation.java:1158)
02-22 18:14:52.558 2194 2194 W System.err: at android.app.LoadedApk.makeApplication(LoadedApk.java:1240)
02-22 18:14:52.558 2194 2194 W System.err: at android.app.ActivityThread.handleBindApplication(ActivityThread.java:6928)
02-22 18:14:52.558 2194 2194 W System.err: at android.app.ActivityThread.access$1500(ActivityThread.java:255)
02-22 18:14:52.558 2194 2194 W System.err: at android.app.ActivityThread$H.handleMessage(ActivityThread.java:1978)
02-22 18:14:52.558 2194 2194 W System.err: at android.os.Handler.dispatchMessage(Handler.java:106)
02-22 18:14:52.558 2194 2194 W System.err: at android.os.Looper.loop(Looper.java:236)
02-22 18:14:52.558 2194 2194 W System.err: at android.app.ActivityThread.main(ActivityThread.java:8019)
02-22 18:14:52.558 2194 2194 W System.err: at java.lang.reflect.Method.invoke(Native Method)
02-22 18:14:52.558 2194 2194 W System.err: at com.android.internal.os.RuntimeInit$MethodAndArgsCaller.run(RuntimeInit.java:600)
02-22 18:14:52.558 2194 2194 W System.err: at com.android.internal.os.ZygoteInit.main(ZygoteInit.java:967)
02-22 18:14:52.576 2194 2194 E CustomActivityOnCrash: IMPORTANT WARNING! You already have an UncaughtExceptionHandler, are you sure this is correct? If you use a custom UncaughtExceptionHandler, you must initialize it AFTER CustomActivityOnCrash! Installing anyway, but your original handler will not be called.
02-22 18:14:53.621 2194 2194 W com.whatsapp: Accessing hidden method Lcom/android/org/conscrypt/OpenSSLSocketImpl;->setUseSessionTickets(Z)V (greylist- max-q,test-api, reflection, denied)
02-22 18:14:53.621 2194 2194 W com.whatsapp: Accessing hidden method Lcom/android/org/conscrypt/AbstractConscryptSocket;->setUseSessionTickets(Z)V (greylist-max-q, reflection, denied)
02-22 18:14:53.722 2194 2194 W linker : Warning: "/data/data/com.whatsapp/files/decompressed/libs.spk.zst/libc++_shared.so" unused DT entry: unknown processor-specific (type 0x70000001 arg 0x0) (ignoring)
02-22 18:14:53.708 2194 2194 W com.whatsapp: type=1400 audit(0.0:454211): avc: granted { execute } for path="/data/data/com.whatsapp/files/decompressed/libs.spk.zst/libc++_shared.so" dev="dm-10" ino=372071 scontext=u:r:untrusted_app:s0:c213,c257,c512,c768 tcontext=u:object_r:app_data_file:s0:c213,c257,c512,c768 tclass=file app=com.whatsapp
02-22 18:14:53.718 2194 2194 W com.whatsapp: type=1400 audit(0.0:454212): avc: granted { execute } for path="/data/data/com.whatsapp/files/decompressed/libs.spk.zst/libvlc.so" dev="dm- 10" ino=335014 scontext=u:r:untrusted_app:s0:c213,c257,c512,c768 tcontext=u:object_r:app_data_file:s0:c213,c257,c512,c768 tclass=file app=com.whatsapp
02-22 18:14:53.728 2194 2194 W com.whatsapp: type=1400 audit(0.0:454213): avc: granted { execute } for path="/data/data/com.whatsapp/files/decompressed/libs.spk.zst/libwhatsapp.so" dev="dm-10" ino=335273 scontext=u:r:untrusted_app:s0:c213,c257,c512,c768 tcontext=u:object_r:app_data_file:s0:c213,c257,c512,c768 tclass=file app=com.whatsapp
02-22 18:14:53.788 2194 2194 W com.whatsapp: type=1400 audit(0.0:454214): avc: granted { execute } for path="/data/data/com.whatsapp/files/decompressed/libs.spk.zst/libcurve25519.so" dev="dm-10" ino=372156 scontext=u:r:untrusted_app:s0:c213,c257,c512,c768 tcontext=u:object_r:app_data_file:s0:c213,c257,c512,c768 tclass=file app=com.whatsapp
02-22 18:14:53.798 2194 2194 W com.whatsapp: type=1400 audit(0.0:454215): avc: granted { execute } for path="/data/data/com.whatsapp/files/decompressed/libs.spk.zst/libwhatsapp.so" dev="dm-10" ino=335273 scontext=u:r:untrusted_app:s0:c213,c257,c512,c768 tcontext=u:object_r:app_data_file:s0:c213,c257,c512,c768 tclass=file app=com.whatsapp
02-22 18:14:53.912 2194 2349 W com.whatsapp: Class X.2rL failed lock verification and will run slower.
02-22 18:14:53.912 2194 2349 W com.whatsapp: Common causes for lock verification issues are non-optimized dex code
02-22 18:14:53.912 2194 2349 W com.whatsapp: and incorrect proguard optimizations. --------- beginning of system
02-22 18:14:53.977 2194 2194 W Looper : PerfMonitor longMsg : seq=2 plan=18:14:52.190 late=5ms wall=1727ms running=562ms runnable=156ms io=538ms h=android.app.ActivityThread$H w=110 procState=10
02-22 18:14:54.042 2194 2194 E libc : Access denied finding property "ro.vendor.df.effect.conflict"
02-22 18:14:54.043 2194 2194 E libc : Access denied finding property "ro.vendor.knock.type"
02-22 18:15:01.874 2194 2533 W BpBinder: Slow Binder: BpBinder transact took 639 ms, interface=android.app.IActivityManager, code=22 oneway=false
02-22 18:15:02.183 2194 2533 W BpBinder: Slow Binder: BpBinder transact took 308 ms, interface=android.content.IContentProvider, code=1 oneway=false --------- beginning of system
02-22 18:16:50.819 2194 4729 W BpBinder: Slow Binder: BpBinder transact took 479 ms, interface=android.app.IActivityManager, code=22 oneway=false
02-22 18:19:45.231 2194 2194 W Activity: Slow Operation: Activity com.whatsapp/.Conversation onCreate took 901ms
02-22 18:19:45.588 2194 2194 W Activity: Slow Operation: Activity com.whatsapp/.Conversation onStart took 355ms
02-22 18:19:45.690 2194 2194 W Looper : PerfMonitor longMsg : seq=268 plan=18:19:44.032 late=1ms wall=1657ms running=598ms runnable=90ms io=484ms h=android.app.ActivityThread$H w=159 procState=2
02-22 18:19:45.691 2194 2194 W Looper : PerfMonitor looperActivity : package=com.whatsapp/.Conversation time=1ms latency=1657ms running=0ms procState=2 ClientTransaction{ callbacks=[android.app.servertransaction.TopResumedActivityChang eItem] } historyMsgCount=2 (msgIndex=1 wall=1657ms seq=268 running=598ms runnable=90ms io=484ms late=1ms h=android.app.ActivityThread$H w=159)
02-22 18:19:45.691 2194 2194 W Looper : PerfMonitor looperActivity : package=com.whatsapp/.Conversation time=0ms latency=1637ms running=1ms procState=2 ClientTransaction{ callbacks=[android.app.servertransaction.TopResumedActivityChang eItem] } historyMsgCount=3 (msgIndex=1 wall=1657ms seq=268 running=598ms runnable=90ms io=484ms late=1ms h=android.app.ActivityThread$H w=159)
02-22 18:19:45.694 2194 2194 W Looper : PerfMonitor looperActivity : package=com.whatsapp/.Conversation time=2ms latency=1637ms running=1ms procState=2 ClientTransaction{ lifecycleRequest=android.app.servertransaction.PauseActivityItem } historyMsgCount=4 (msgIndex=1 wall=1657ms seq=268 running=598ms runnable=90ms io=484ms late=1ms h=android.app.ActivityThread$H w=159)
02-22 18:19:45.705 2194 2194 W Looper : PerfMonitor looperActivity : package=com.whatsapp/.Conversation time=11ms latency=1450ms running=7ms procState=2 ClientTransaction{ lifecycleRequest=android.app.servertransaction.ResumeActivityIte m } historyMsgCount=5 (msgIndex=1 wall=1657ms seq=268 running=598ms runnable=90ms io=484ms late=1ms h=android.app.ActivityThread$H w=159)
02-22 18:19:45.705 2194 2194 W Looper : PerfMonitor looperActivity : package=com.whatsapp/.Conversation time=0ms latency=1151ms running=0ms procState=2 ClientTransaction{ callbacks=[android.app.servertransaction.TopResumedActivityChang eItem] } historyMsgCount=6 (msgIndex=1 wall=1657ms seq=268 running=598ms runnable=90ms io=484ms late=1ms h=android.app.ActivityThread$H w=159)
02-22 18:19:46.200 2194 2194 W Looper : PerfMonitor doFrame : time=482ms vsyncFrame=0 latency=23ms procState=2 historyMsgCount=43
02-22 18:19:46.238 2194 2194 W Looper : PerfMonitor doFrame : time=16ms vsyncFrame=0 latency=493ms procState=2 historyMsgCount=13 (msgIndex=1 wall=482ms seq=316 running=279ms runnable=4ms io=98ms late=23ms h=android.view.Choreographer$FrameHandler c=android.view.Choreographer$FrameDisplayEventReceiver)
02-22 18:19:55.623 2194 2194 W BpBinder: Slow Binder: BpBinder transact took 203 ms, interface=android.view.IWindowSession, code=10 oneway=false
02-22 18:19:55.820 2194 2194 W Looper : PerfMonitor doFrame : time=404ms vsyncFrame=0 latency=1ms procState=10
02-22 18:20:54.604 2194 2194 W Activity: Slow Operation: Activity com.whatsapp/.Conversation onStart took 156ms
02-22 18:20:58.675 2194 2194 W Activity: Slow Operation: Activity com.whatsapp/.mediacomposer.MediaComposerActivity onStart took 683ms
02-22 18:20:58.705 2194 2194 W Looper : PerfMonitor looperActivity : package=com.whatsapp/.mediacomposer.MediaComposerActivity time=0ms latency=963ms running=0ms procState=2 ClientTransaction{ callbacks=[android.app.servertransaction.TopResumedActivityChang eItem] } historyMsgCount=2 (msgIndex=2 wall=958ms seq=802 running=430ms runnable=1ms io=118ms late=6ms h=android.app.ActivityThread$H w=159)
02-22 18:20:59.045 2194 6653 W BpBinder: Slow Binder: BpBinder transact took 233 ms, interface=android.media.IMediaMetadataRetriever, code=5 oneway=false
02-22 18:20:59.392 2194 6038 W BpBinder: Slow Binder: BpBinder transact took 232 ms, interface=android.media.IMediaMetadataRetriever, code=5 oneway=false
02-22 18:20:59.516 2194 6653 W BpBinder: Slow Binder: BpBinder transact took 215 ms, interface=android.media.IMediaMetadataRetriever, code=5 oneway=false
02-22 18:20:59.578 2194 2357 W BpBinder: Slow Binder: BpBinder transact took 275 ms, interface=android.media.IMediaMetadataRetriever, code=5 oneway=false
02-22 18:20:59.646 2194 6038 W BpBinder: Slow Binder: BpBinder transact took 243 ms, interface=android.media.IMediaMetadataRetriever, code=5 oneway=false
02-22 18:20:59.789 2194 6653 W BpBinder: Slow Binder: BpBinder transact took 201 ms, interface=android.media.IMediaMetadataRetriever, code=5 oneway=false
02-22 18:20:59.909 2194 6038 W BpBinder: Slow Binder: BpBinder transact took 261 ms, interface=android.media.IMediaMetadataRetriever, code=5 oneway=false
02-22 18:20:59.987 2194 2357 W BpBinder: Slow Binder: BpBinder transact took 267 ms, interface=android.media.IMediaMetadataRetriever, code=5 oneway=false
02-22 18:21:00.058 2194 6653 W BpBinder: Slow Binder: BpBinder transact took 242 ms, interface=android.media.IMediaMetadataRetriever, code=5 oneway=false
02-22 18:21:00.131 2194 6038 W BpBinder: Slow Binder: BpBinder transact took 219 ms, interface=android.media.IMediaMetadataRetriever, code=5 oneway=false
02-22 18:21:00.197 2194 2357 W BpBinder: Slow Binder: BpBinder transact took 208 ms, interface=android.media.IMediaMetadataRetriever, code=5 oneway=false
02-22 18:21:00.373 2194 6038 W BpBinder: Slow Binder: BpBinder transact took 240 ms, interface=android.media.IMediaMetadataRetriever, code=5 oneway=false
02-22 18:21:00.471 2194 2357 W BpBinder: Slow Binder: BpBinder transact took 272 ms, interface=android.media.IMediaMetadataRetriever, code=5 oneway=false
02-22 18:21:00.593 2194 6038 W BpBinder: Slow Binder: BpBinder transact took 217 ms, interface=android.media.IMediaMetadataRetriever, code=5 oneway=false
02-22 18:21:00.690 2194 2357 W BpBinder: Slow Binder: BpBinder transact took 217 ms, interface=android.media.IMediaMetadataRetriever, code=5 oneway=false
02-22 18:21:00.962 2194 2194 W Activity: Slow Operation: Activity com.whatsapp/.camera.CameraActivity onStart took 159ms
02-22 18:21:00.976 2194 2194 W Looper : PerfMonitor looperActivity : package=com.whatsapp/.camera.CameraActivity time=0ms latency=433ms running=0ms procState=2 ClientTransaction{ callbacks=[android.app.servertransaction.TopResumedActivityChang eItem] } historyMsgCount=4 (msgIndex=3 wall=430ms seq=1021 running=258ms io=72ms late=4ms h=android.app.ActivityThread$H w=159)
02-22 18:21:01.075 2194 2194 W Looper : PerfMonitor doFrame : time=99ms vsyncFrame=0 latency=420ms procState=2 historyMsgCount=3 (msgIndex=1 wall=430ms seq=1021 running=258ms io=72ms late=4ms h=android.app.ActivityThread$H w=159)
02-22 18:21:01.221 2194 6038 W BpBinder: Slow Binder: BpBinder transact took 267 ms, interface=android.media.IMediaMetadataRetriever, code=5 oneway=false
02-22 18:21:01.427 2194 2357 W BpBinder: Slow Binder: BpBinder transact took 377 ms, interface=android.media.IMediaMetadataRetriever, code=5 oneway=false
02-22 18:21:01.486 2194 2194 W Activity: Slow Operation: Activity com.whatsapp/.mediacomposer.MediaComposerActivity onDestroy took 110ms
02-22 18:21:01.550 2194 2194 W Looper : PerfMonitor doFrame : time=52ms vsyncFrame=0 latency=359ms procState=2 historyMsgCount=19 (msgIndex=1 wall=228ms seq=1064 running=3ms late=39ms h=android.view.Choreographer$FrameHandler c=android.view.Choreographer$FrameDisplayEventReceiver) (msgIndex=15 wall=129ms seq=1078 running=18ms late=232ms h=android.app.ActivityThread$H w=159)
02-22 18:21:01.589 2194 6815 W BpBinder: Slow Binder: BpBinder transact took 393 ms, interface=android.media.IMediaMetadataRetriever, code=5 oneway=false
02-22 18:21:01.742 2194 2357 W BpBinder: Slow Binder: BpBinder transact took 312 ms, interface=android.media.IMediaMetadataRetriever, code=5 oneway=false
02-22 18:21:01.920 2194 6812 W BpBinder: Slow Binder: BpBinder transact took 230 ms, interface=android.media.IMediaMetadataRetriever, code=5 oneway=false
02-22 18:21:02.026 2194 6805 W BpBinder: Slow Binder: BpBinder transact took 904 ms, interface=android.hardware.camera2.ICameraDeviceUser, code=6 oneway=false
02-22 18:21:02.058 2194 6815 W BpBinder: Slow Binder: BpBinder transact took 348 ms, interface=android.media.IMediaMetadataRetriever, code=5 oneway=false
02-22 18:21:02.324 2194 6827 W BpBinder: Slow Binder: BpBinder transact took 578 ms, interface=android.media.IMediaMetadataRetriever, code=5 oneway=false
02-22 18:21:02.674 2194 6812 W BpBinder: Slow Binder: BpBinder transact took 629 ms, interface=android.media.IMediaMetadataRetriever, code=5 oneway=false
02-22 18:21:02.864 2194 6815 W BpBinder: Slow Binder: BpBinder transact took 675 ms, interface=android.media.IMediaMetadataRetriever, code=5 oneway=false
02-22 18:21:03.018 2194 6804 W BpBinder: Slow Binder: BpBinder transact took 450 ms, interface=android.hardware.camera2.ICameraDeviceUser, code=1 oneway=false
02-22 18:21:03.027 2194 6827 W BpBinder: Slow Binder: BpBinder transact took 542 ms, interface=android.media.IMediaMetadataRetriever, code=5 oneway=false
02-22 18:21:03.187 2194 6812 W BpBinder: Slow Binder: BpBinder transact took 341 ms, interface=android.media.IMediaMetadataRetriever, code=5 oneway=false
02-22 18:21:03.384 2194 6827 W BpBinder: Slow Binder: BpBinder transact took 258 ms, interface=android.media.IMediaMetadataRetriever, code=5 oneway=false
02-22 18:21:03.461 2194 6812 W BpBinder: Slow Binder: BpBinder transact took 218 ms, interface=android.media.IMediaMetadataRetriever, code=5 oneway=false
02-22 18:21:03.499 2194 2194 W Activity: Slow Operation: Activity com.whatsapp/.HomeActivity onCreate took 683ms
02-22 18:21:03.641 2194 2194 W Looper : PerfMonitor longMsg : seq=1288 plan=18:21:02.552 late=37ms wall=1052ms running=739ms runnable=1ms io=133ms h=android.app.ActivityThread$H w=159 procState=2
02-22 18:21:03.641 2194 2194 W Looper : PerfMonitor looperActivity : package=com.whatsapp/.HomeActivity time=0ms latency=1089ms running=0ms procState=2 ClientTransaction{ callbacks=[android.app.servertransaction.TopResumedActivityChang eItem] } historyMsgCount=11 (msgIndex=1 wall=56ms seq=1278 running=6ms late=87ms h=android.app.ActivityThread$H w=159) (msgIndex=11 wall=1052ms seq=1288 running=739ms runnable=1ms io=133ms late=37ms h=android.app.ActivityThread$H w=159)
02-22 18:21:04.430 2194 2194 W Looper : PerfMonitor doFrame : time=789ms vsyncFrame=0 latency=1051ms procState=2 historyMsgCount=2 (msgIndex=1 wall=1052ms seq=1288 running=739ms runnable=1ms io=133ms late=37ms h=android.app.ActivityThread$H w=159)
02-22 18:21:04.440 2194 2194 W Looper : PerfMonitor looperActivity : package=com.whatsapp/.HomeActivity time=1ms latency=1089ms running=2ms procState=2 ClientTransaction{ callbacks=[android.app.servertransaction.TopResumedActivityChang eItem] } historyMsgCount=68 (msgIndex=1 wall=1052ms seq=1288 running=739ms runnable=1ms io=133ms late=37ms h=android.app.ActivityThread$H w=159) (msgIndex=3 wall=789ms seq=1290 running=576ms io=54ms late=1051ms h=android.view.Choreographer$FrameHandler c=android.view.Choreographer$FrameDisplayEventReceiver)
02-22 18:21:04.456 2194 2194 W Looper : PerfMonitor looperActivity : package=com.whatsapp/.HomeActivity time=15ms latency=1089ms running=11ms procState=2 ClientTransaction{ lifecycleRequest=android.app.servertransaction.PauseActivityItem } historyMsgCount=69 (msgIndex=1 wall=1052ms seq=1288 running=739ms runnable=1ms io=133ms late=37ms h=android.app.ActivityThread$H w=159) (msgIndex=3 wall=789ms seq=1290 running=576ms io=54ms late=1051ms h=android.view.Choreographer$FrameHandler c=android.view.Choreographer$FrameDisplayEventReceiver)
02-22 18:21:04.531 2194 2194 W Looper : PerfMonitor doFrame : time=71ms vsyncFrame=0 latency=803ms procState=2 historyMsgCount=99 (msgIndex=1 wall=789ms seq=1290 running=576ms io=54ms late=1051ms h=android.view.Choreographer$FrameHandler c=android.view.Choreographer$FrameDisplayEventReceiver) --------- beginning of main
02-22 18:21:16.692 2194 2240 W System : A resource failed to call dispose.
02-22 18:21:16.705 2194 2240 W System : A resource failed to call release.
02-22 18:21:31.285 8204 8204 E com.whatsapp: Unknown bits set in runtime_flags: 0x800000
02-22 18:21:31.305 8204 8204 E com.whatsapp: Not starting debugger since process cannot load the jdwp agent.
02-22 18:21:32.058 8204 8204 W ResourceType: CREATING STRING CACHE OF 192 bytes
02-22 18:21:32.198 8204 8204 W System.err: java.lang.ClassNotFoundException: mbmodsd.mbmodsw.ui.views.btn.BtnBK
02-22 18:21:32.244 8204 8204 W System.err: at java.lang.Runtime.nativeLoad(Native Method)
02-22 18:21:32.244 8204 8204 W System.err: at java.lang.Runtime.nativeLoad(Runtime.java:1131)
02-22 18:21:32.244 8204 8204 W System.err: at java.lang.Runtime.loadLibrary0(Runtime.java:1085)
02-22 18:21:32.245 8204 8204 W System.err: at java.lang.Runtime.loadLibrary0(Runtime.java:1008)
02-22 18:21:32.245 8204 8204 W System.err: at java.lang.System.loadLibrary(System.java:1664)
02-22 18:21:32.245 8204 8204 W System.err: at arm.EpicVm.<clinit>(Unknown Source:2)
02-22 18:21:32.245 8204 8204 W System.err: at java.lang.Class.newInstance(Native Method)
02-22 18:21:32.245 8204 8204 W System.err: at android.app.AppComponentFactory.instantiateApplication(AppComponentFactory.java:76)
02-22 18:21:32.245 8204 8204 W System.err: at androidx.core.app.CoreComponentFactory.instantiateApplication(Unknown Source:0)
02-22 18:21:32.245 8204 8204 W System.err: at android.app.Instrumentation.newApplication(Instrumentation.java:1158)
02-22 18:21:32.245 8204 8204 W System.err: at android.app.LoadedApk.makeApplication(LoadedApk.java:1240)
02-22 18:21:32.245 8204 8204 W System.err: at android.app.ActivityThread.handleBindApplication(ActivityThread.java:6928)
02-22 18:21:32.245 8204 8204 W System.err: at android.app.ActivityThread.access$1500(ActivityThread.java:255)
02-22 18:21:32.245 8204 8204 W System.err: at android.app.ActivityThread$H.handleMessage(ActivityThread.java:1978)
02-22 18:21:32.245 8204 8204 W System.err: at android.os.Handler.dispatchMessage(Handler.java:106)
02-22 18:21:32.245 8204 8204 W System.err: at android.os.Looper.loop(Looper.java:236)
02-22 18:21:32.245 8204 8204 W System.err: at android.app.ActivityThread.main(ActivityThread.java:8019)
02-22 18:21:32.245 8204 8204 W System.err: at java.lang.reflect.Method.invoke(Native Method)
02-22 18:21:32.245 8204 8204 W System.err: at com.android.internal.os.RuntimeInit$MethodAndArgsCaller.run(RuntimeInit.java:600)
02-22 18:21:32.245 8204 8204 W System.err: at com.android.internal.os.ZygoteInit.main(ZygoteInit.java:967)
02-22 18:21:32.289 8204 8204 E CustomActivityOnCrash: IMPORTANT WARNING! You already have an UncaughtExceptionHandler, are you sure this is correct? If you use a custom UncaughtExceptionHandler, you must initialize it AFTER CustomActivityOnCrash! Installing anyway, but your original handler will not be called.
02-22 18:21:32.583 8204 8229 W com.whatsapp: Long monitor contention with owner main (8204) at java.io.File[] android.app.ContextImpl.getExternalMediaDirs() (ContextImpl.java:843) waiters=0 in java.io.File android.app.ContextImpl.getPreferencesDir() for 223ms
02-22 18:21:32.608 8204 8229 E libc : Access denied finding property "ro.vendor.df.effect.conflict"
02-22 18:21:32.608 8204 8229 E libc : Access denied finding property "ro.vendor.knock.type"
02-22 18:21:32.598 8204 8204 W firebase-iid-ex: type=1400 audit(0.0:457043): avc: denied { read } for name="u:object_r:vendor_displayfeature_prop:s0" dev="tmpfs" ino=1232 scontext=u:r:untrusted_app:s0:c213,c257,c512,c768 tcontext=u:object_r:vendor_displayfeature_prop:s0 tclass=file permissive=0 app=com.whatsapp
02-22 18:21:32.685 8204 8229 W LibraryVersion: Failed to get app version for libraryName: firebase-iid
02-22 18:21:33.509 8204 8204 W com.whatsapp: Accessing hidden method Lcom/android/org/conscrypt/OpenSSLSocketImpl;->setUseSessionTickets(Z)V (greylist- max-q,test-api, reflection, denied)
02-22 18:21:33.510 8204 8204 W com.whatsapp: Accessing hidden method Lcom/android/org/conscrypt/AbstractConscryptSocket;->setUseSessionTickets(Z)V (greylist-max-q, reflection, denied)
02-22 18:21:33.628 8204 8204 W com.whatsapp: type=1400 audit(0.0:457044): avc: granted { execute } for path="/data/data/com.whatsapp/files/decompressed/libs.spk.zst/libc++_shared.so" dev="dm-10" ino=372071 scontext=u:r:untrusted_app:s0:c213,c257,c512,c768 tcontext=u:object_r:app_data_file:s0:c213,c257,c512,c768 tclass=file app=com.whatsapp
02-22 18:21:33.649 8204 8204 W linker : Warning: "/data/data/com.whatsapp/files/decompressed/libs.spk.zst/libc++_shared.so" unused DT entry: unknown processor-specific (type 0x70000001 arg 0x0) (ignoring)
02-22 18:21:33.658 8204 8204 W com.whatsapp: type=1400 audit(0.0:457045): avc: granted { execute } for path="/data/data/com.whatsapp/files/decompressed/libs.spk.zst/libvlc.so" dev="dm- 10" ino=335014 scontext=u:r:untrusted_app:s0:c213,c257,c512,c768 tcontext=u:object_r:app_data_file:s0:c213,c257,c512,c768 tclass=file app=com.whatsapp
02-22 18:21:33.688 8204 8204 W com.whatsapp: type=1400 audit(0.0:457046): avc: granted { execute } for path="/data/data/com.whatsapp/files/decompressed/libs.spk.zst/libwhatsapp.so" dev="dm-10" ino=335273 scontext=u:r:untrusted_app:s0:c213,c257,c512,c768 tcontext=u:object_r:app_data_file:s0:c213,c257,c512,c768 tclass=file app=com.whatsapp
02-22 18:21:33.808 8204 8204 W com.whatsapp: type=1400 audit(0.0:457047): avc: granted { execute } for path="/data/data/com.whatsapp/files/decompressed/libs.spk.zst/libcurve25519.so" dev="dm-10" ino=372156 scontext=u:r:untrusted_app:s0:c213,c257,c512,c768 tcontext=u:object_r:app_data_file:s0:c213,c257,c512,c768 tclass=file app=com.whatsapp
02-22 18:21:33.828 8204 8204 W com.whatsapp: type=1400 audit(0.0:457048): avc: granted { execute } for path="/data/data/com.whatsapp/files/decompressed/libs.spk.zst/libwhatsapp.so" dev="dm-10" ino=335273 scontext=u:r:untrusted_app:s0:c213,c257,c512,c768 tcontext=u:object_r:app_data_file:s0:c213,c257,c512,c768 tclass=file app=com.whatsapp
02-22 18:21:34.171 8204 8204 W Looper : PerfMonitor longMsg : seq=2 plan=18:21:31.375 late=9ms wall=2693ms running=753ms runnable=675ms io=639ms h=android.app.ActivityThread$H w=110 procState=10
02-22 18:21:34.295 8204 8312 W com.whatsapp: Class X.2rL failed lock verification and will run slower.
02-22 18:21:34.295 8204 8312 W com.whatsapp: Common causes for lock verification issues are non-optimized dex code
02-22 18:21:34.295 8204 8312 W com.whatsapp: and incorrect proguard optimizations.
02-22 18:21:34.802 8204 8317 W com.whatsapp: Long monitor contention with owner WhatsApp Worker #7 (8322) at X.2U6 X.35t.A08()(:-1) waiters=0 in X.2U6 X.35t.A08() for 255ms
02-22 18:21:36.781 8204 8378 W BpBinder: Slow Binder: BpBinder transact took 850 ms, interface=android.app.IActivityManager, code=22 oneway=false
02-22 18:21:37.297 8204 8378 W BpBinder: Slow Binder: BpBinder transact took 482 ms, interface=android.content.IContentProvider, code=1 oneway=false --------- beginning of main
02-22 19:33:45.964 26912 26912 E com.whatsapp: Unknown bits set in runtime_flags: 0x800000
02-22 19:33:45.972 26912 26912 E com.whatsapp: Not starting debugger since process cannot load the jdwp agent.
02-22 19:33:46.200 26912 26912 W ResourceType: CREATING STRING CACHE OF 192 bytes
02-22 19:33:46.251 26912 26912 W System.err: java.lang.ClassNotFoundException: mbmodsd.mbmodsw.ui.views.btn.BtnBK
02-22 19:33:46.254 26912 26912 W System.err: at java.lang.Runtime.nativeLoad(Native Method)
02-22 19:33:46.254 26912 26912 W System.err: at java.lang.Runtime.nativeLoad(Runtime.java:1131)
02-22 19:33:46.254 26912 26912 W System.err: at java.lang.Runtime.loadLibrary0(Runtime.java:1085)
02-22 19:33:46.254 26912 26912 W System.err: at java.lang.Runtime.loadLibrary0(Runtime.java:1008)
02-22 19:33:46.254 26912 26912 W System.err: at java.lang.System.loadLibrary(System.java:1664)
02-22 19:33:46.254 26912 26912 W System.err: at arm.EpicVm.<clinit>(Unknown Source:2)
02-22 19:33:46.254 26912 26912 W System.err: at java.lang.Class.newInstance(Native Method)
02-22 19:33:46.254 26912 26912 W System.err: at android.app.AppComponentFactory.instantiateApplication(AppComponentFactory.java:76)
02-22 19:33:46.255 26912 26912 W System.err: at androidx.core.app.CoreComponentFactory.instantiateApplication(Unknown Source:0)
02-22 19:33:46.255 26912 26912 W System.err: at android.app.Instrumentation.newApplication(Instrumentation.java:1158)
02-22 19:33:46.255 26912 26912 W System.err: at android.app.LoadedApk.makeApplication(LoadedApk.java:1240)
02-22 19:33:46.255 26912 26912 W System.err: at android.app.ActivityThread.handleBindApplication(ActivityThread.java:6928)
02-22 19:33:46.255 26912 26912 W System.err: at android.app.ActivityThread.access$1500(ActivityThread.java:255)
02-22 19:33:46.255 26912 26912 W System.err: at android.app.ActivityThread$H.handleMessage(ActivityThread.java:1978)
02-22 19:33:46.255 26912 26912 W System.err: at android.os.Handler.dispatchMessage(Handler.java:106)
02-22 19:33:46.255 26912 26912 W System.err: at android.os.Looper.loop(Looper.java:236)
02-22 19:33:46.255 26912 26912 W System.err: at android.app.ActivityThread.main(ActivityThread.java:8019)
02-22 19:33:46.255 26912 26912 W System.err: at java.lang.reflect.Method.invoke(Native Method)
02-22 19:33:46.255 26912 26912 W System.err: at com.android.internal.os.RuntimeInit$MethodAndArgsCaller.run(RuntimeInit.java:600)
02-22 19:33:46.255 26912 26912 W System.err: at com.android.internal.os.ZygoteInit.main(ZygoteInit.java:967)
02-22 19:33:46.273 26912 26912 E CustomActivityOnCrash: IMPORTANT WARNING! You already have an UncaughtExceptionHandler, are you sure this is correct? If you use a custom UncaughtExceptionHandler, you must initialize it AFTER CustomActivityOnCrash! Installing anyway, but your original handler will not be called.
02-22 19:33:47.023 26912 26912 W com.whatsapp: Accessing hidden method Lcom/android/org/conscrypt/OpenSSLSocketImpl;->setUseSessionTickets(Z)V (greylist- max-q,test-api, reflection, denied)
02-22 19:33:47.024 26912 26912 W com.whatsapp: Accessing hidden method Lcom/android/org/conscrypt/AbstractConscryptSocket;->setUseSessionTickets(Z)V (greylist-max-q, reflection, denied)
02-22 19:33:47.095 26912 26912 W linker : Warning: "/data/data/com.whatsapp/files/decompressed/libs.spk.zst/libc++_shared.so" unused DT entry: unknown processor-specific (type 0x70000001 arg 0x0) (ignoring)
02-22 19:33:47.088 26912 26912 W com.whatsapp: type=1400 audit(0.0:463283): avc: granted { execute } for path="/data/data/com.whatsapp/files/decompressed/libs.spk.zst/libc++_shared.so" dev="dm-10" ino=372071 scontext=u:r:untrusted_app:s0:c213,c257,c512,c768 tcontext=u:object_r:app_data_file:s0:c213,c257,c512,c768 tclass=file app=com.whatsapp
02-22 19:33:47.108 26912 26912 W com.whatsapp: type=1400 audit(0.0:463285): avc: granted { execute } for path="/data/data/com.whatsapp/files/decompressed/libs.spk.zst/libwhatsapp.so" dev="dm-10" ino=335273 scontext=u:r:untrusted_app:s0:c213,c257,c512,c768 tcontext=u:object_r:app_data_file:s0:c213,c257,c512,c768 tclass=file app=com.whatsapp
02-22 19:33:47.158 26912 26912 W com.whatsapp: type=1400 audit(0.0:463286): avc: granted { execute } for path="/data/data/com.whatsapp/files/decompressed/libs.spk.zst/libcurve25519.so" dev="dm-10" ino=372156 scontext=u:r:untrusted_app:s0:c213,c257,c512,c768 tcontext=u:object_r:app_data_file:s0:c213,c257,c512,c768 tclass=file app=com.whatsapp
02-22 19:33:47.168 26912 26912 W com.whatsapp: type=1400 audit(0.0:463287): avc: granted { execute } for path="/data/data/com.whatsapp/files/decompressed/libs.spk.zst/libwhatsapp.so" dev="dm-10" ino=335273 scontext=u:r:untrusted_app:s0:c213,c257,c512,c768 tcontext=u:object_r:app_data_file:s0:c213,c257,c512,c768 tclass=file app=com.whatsapp --------- beginning of system
02-22 19:33:47.281 26912 26912 W Looper : PerfMonitor longMsg : seq=2 plan=19:33:45.990 late=2ms wall=1286ms running=533ms runnable=44ms io=250ms h=android.app.ActivityThread$H w=110 procState=11
02-22 19:33:47.284 26912 26962 W com.whatsapp: Class X.2rL failed lock verification and will run slower.
02-22 19:33:47.284 26912 26962 W com.whatsapp: Common causes for lock verification issues are non-optimized dex code
02-22 19:33:47.284 26912 26962 W com.whatsapp: and incorrect proguard optimizations.
02-22 19:33:47.358 26912 26912 E libc : Access denied finding property "ro.vendor.df.effect.conflict"
02-22 19:33:47.358 26912 26912 E libc : Access denied finding property "ro.vendor.knock.type"
02-22 19:33:48.922 26912 26959 E SQLiteDatabase: Error inserting transferred=1 media_job_uuid=79db15ea-d8a1-4e56-bfd4-f471e43a48aa transcoded=0 gif_attribution=0 first_scan_length=5715 direct_path=/o1/v/t62.7118-24/f1/m234/up-oil-image-17d6834d- 2508-4c9a-a09b-621ff57b83b5?ccb=9- 4&oh=01_AdSNcWBOc6M4MJyVd5yjRa6Ma7O2sE5hwI_ZAbHydfM2Xg&oe=65FF4361&_nc_sid=000000 thumbnail_height_width_ratio=1.2307693 is_animated_sticker=0 file_hash=041HLP1nHQw33nrnBRaUfR3J2UjvgjDzSMLJYEegwL0= file_path=Media/.Statuses/4c13156ccc5f41b8a23486f66f71ed63.jpg file_size=37406 partial_media_hash=E3QzpsAaD5aVsYPRNo4e60hCP77lOCWqFU4zcOIfhFo= face_x=0 face_y=0 height=1080 trim_to=0 media_key_timestamp=1708644133000 message_url=https://mmg.whatsapp.net/o1/v/t62.7118-24/f1/m234/up-oil-image- 17d6834d-2508-4c9a-a09b-621ff57b83b5?ccb=9- 4&oh=01_AdSNcWBOc6M4MJyVd5yjRa6Ma7O2sE5hwI_ZAbHydfM2Xg&oe=65FF4361&_nc_sid=000000&m ms3=true media_caption=null trim_from=0 mime_type=image/jpeg partial_media_enc_hash=null width=878 original_file_hash=null has_streaming_sidecar=1 autotransfer_retry_enabled=1 media_upload_handle=null message_row_id=382 multicast_id=null enc_file_hash=0As3b12qNYvMaZp/6RX299IllkKL3ZY3Y8ezn/4feTw= mute_video=0 page_count=0 first_scan_sidecar=[B@bc391e7 suspicious_content=0 file_length=37406 media_name=null media_duration=0 chat_row_id=89 media_key=[B@863b194
02-22 19:33:48.922 26912 26959 E SQLiteDatabase: android.database.sqlite.SQLiteConstraintException: UNIQUE constraint failed: message_media.message_row_id (code 1555 SQLITE_CONSTRAINT_PRIMARYKEY)
02-22 19:33:48.922 26912 26959 E SQLiteDatabase: at android.database.sqlite.SQLiteConnection.nativeExecuteForLastInsertedRowId(Native Method)
02-22 19:33:48.922 26912 26959 E SQLiteDatabase: at android.database.sqlite.SQLiteConnection.executeForLastInsertedRowId(SQLiteConnecti on.java:938)
02-22 19:33:48.922 26912 26959 E SQLiteDatabase: at android.database.sqlite.SQLiteSession.executeForLastInsertedRowId(SQLiteSession.jav a:790)
02-22 19:33:48.922 26912 26959 E SQLiteDatabase: at android.database.sqlite.SQLiteStatement.executeInsert(SQLiteStatement.java:88)
02-22 19:33:48.922 26912 26959 E SQLiteDatabase: at android.database.sqlite.SQLiteDatabase.insertWithOnConflict(SQLiteDatabase.java:170 1)
02-22 19:33:48.922 26912 26959 E SQLiteDatabase: at android.database.sqlite.SQLiteDatabase.insert(SQLiteDatabase.java:1570)
02-22 19:33:48.922 26912 26959 E SQLiteDatabase: at X.2tm.A08(Unknown Source:6)
02-22 19:33:48.922 26912 26959 E SQLiteDatabase: at X.35Y.A07(Unknown Source:212)
02-22 19:33:48.922 26912 26959 E SQLiteDatabase: at X.3QF.A14(Unknown Source:470)
02-22 19:33:48.922 26912 26959 E SQLiteDatabase: at X.3gU.run(Unknown Source:982)
02-22 19:33:48.922 26912 26959 E SQLiteDatabase: at android.os.Handler.handleCallback(Handler.java:938)
02-22 19:33:48.922 26912 26959 E SQLiteDatabase: at android.os.Handler.dispatchMessage(Handler.java:99)
02-22 19:33:48.922 26912 26959 E SQLiteDatabase: at X.0zq.dispatchMessage(Unknown Source:4)
02-22 19:33:48.922 26912 26959 E SQLiteDatabase: at android.os.Looper.loop(Looper.java:236)
02-22 19:33:48.922 26912 26959 E SQLiteDatabase: at android.os.HandlerThread.run(HandlerThread.java:67) --------- beginning of system
02-22 20:15:51.072 26912 26912 W Looper : PerfMonitor looperActivity : package=com.whatsapp/.Icon0 time=0ms latency=449ms running=0ms procState=2 ClientTransaction{ callbacks=[android.app.servertransaction.TopResumedActivityChang eItem] } historyMsgCount=1 (msgIndex=1 wall=449ms seq=647 running=91ms runnable=47ms io=238ms h=android.app.ActivityThread$H w=159)
02-22 20:15:51.865 26912 26912 W Activity: Slow Operation: Activity com.whatsapp/.HomeActivity onCreate took 653ms
02-22 20:15:51.911 26912 26912 W Looper : PerfMonitor looperActivity : package=com.whatsapp/.HomeActivity time=0ms latency=825ms running=0ms procState=2 ClientTransaction{ callbacks=[android.app.servertransaction.TopResumedActivityChang eItem] } historyMsgCount=2 (msgIndex=2 wall=806ms seq=652 running=381ms runnable=29ms io=188ms reclaim=4ms late=20ms h=android.app.ActivityThread$H w=159)
02-22 20:15:52.845 26912 26912 W Looper : PerfMonitor doFrame : time=913ms vsyncFrame=0 latency=21ms procState=2 historyMsgCount=23
02-22 20:15:52.894 26912 26912 W Looper : PerfMonitor doFrame : time=48ms vsyncFrame=0 latency=901ms procState=2 historyMsgCount=5 (msgIndex=1 wall=913ms seq=677 running=665ms runnable=89ms io=71ms late=21ms h=android.view.Choreographer$FrameHandler c=android.view.Choreographer$FrameDisplayEventReceiver)
02-22 20:15:52.916 26912 26912 W Looper : PerfMonitor looperActivity : package=com.whatsapp/.HomeActivity time=8ms latency=479ms running=4ms procState=2 ClientTransaction{ lifecycleRequest=android.app.servertransaction.StopActivityItem } historyMsgCount=79 (msgIndex=1 wall=913ms seq=677 running=665ms runnable=89ms io=71ms late=21ms h=android.view.Choreographer$FrameHandler c=android.view.Choreographer$FrameDisplayEventReceiver)
02-22 20:15:52.940 26912 26912 W Looper : PerfMonitor looperActivity : package=com.whatsapp/mbmodsd.mbmodsw.mbsettings.yo.PauseActivity time=23ms latency=455ms running=7ms procState=2 ClientTransaction{ callbacks=[android.app.servertransaction.LaunchActivityItem] lifecycleRequest=android.app.servertransaction.ResumeActivityItem } historyMsgCount=83 (msgIndex=1 wall=913ms seq=677 running=665ms runnable=89ms io=71ms late=21ms h=android.view.Choreographer$FrameHandler c=android.view.Choreographer$FrameDisplayEventReceiver)
02-22 20:15:52.940 26912 26912 W Looper : PerfMonitor looperActivity : package=com.whatsapp/mbmodsd.mbmodsw.mbsettings.yo.PauseActivity time=0ms latency=478ms running=0ms procState=2 ClientTransaction{ callbacks=[android.app.servertransaction.TopResumedActivityChang eItem] } historyMsgCount=84 (msgIndex=1 wall=913ms seq=677 running=665ms runnable=89ms io=71ms late=21ms h=android.view.Choreographer$FrameHandler c=android.view.Choreographer$FrameDisplayEventReceiver)
02-22 20:15:55.786 26912 26912 W Looper : PerfMonitor looperActivity : package=com.whatsapp/.Conversation time=0ms latency=567ms running=0ms procState=2 ClientTransaction{ callbacks=[android.app.servertransaction.TopResumedActivityChang eItem] } historyMsgCount=3 (msgIndex=3 wall=556ms seq=1149 running=404ms io=72ms late=11ms h=android.app.ActivityThread$H w=159)
02-22 20:15:56.195 26912 26912 W Looper : PerfMonitor doFrame : time=409ms vsyncFrame=0 latency=557ms procState=2 historyMsgCount=3 (msgIndex=2 wall=556ms seq=1149 running=404ms io=72ms late=11ms h=android.app.ActivityThread$H w=159)
02-22 20:15:56.264 26912 26912 W Looper : PerfMonitor doFrame : time=29ms vsyncFrame=0 latency=438ms procState=2 historyMsgCount=47 (msgIndex=1 wall=409ms seq=1151 running=342ms io=12ms late=557ms h=android.view.Choreographer$FrameHandler c=android.view.Choreographer$FrameDisplayEventReceiver)
02-22 20:15:59.220 26912 30833 W BpBinder: Slow Binder: BpBinder transact took 631 ms, interface=android.hardware.camera2.ICameraDeviceUser, code=6 oneway=false
02-22 20:15:59.228 26912 30838 W BpBinder: Slow Binder: BpBinder transact took 394 ms, interface=android.media.IMediaMetadataRetriever, code=5 oneway=false
02-22 20:15:59.396 26912 30835 W BpBinder: Slow Binder: BpBinder transact took 560 ms, interface=android.media.IMediaMetadataRetriever, code=5 oneway=false
02-22 20:15:59.559 26912 30840 W BpBinder: Slow Binder: BpBinder transact took 478 ms, interface=android.media.IMediaMetadataRetriever, code=5 oneway=false
02-22 20:15:59.761 26912 30838 W BpBinder: Slow Binder: BpBinder transact took 416 ms, interface=android.media.IMediaMetadataRetriever, code=5 oneway=false
02-22 20:15:59.941 26912 30835 W BpBinder: Slow Binder: BpBinder transact took 459 ms, interface=android.media.IMediaMetadataRetriever, code=5 oneway=false
02-22 20:16:00.076 26912 30840 W BpBinder: Slow Binder: BpBinder transact took 403 ms, interface=android.media.IMediaMetadataRetriever, code=5 oneway=false
02-22 20:16:00.199 26912 30838 W BpBinder: Slow Binder: BpBinder transact took 365 ms, interface=android.media.IMediaMetadataRetriever, code=5 oneway=false
02-22 20:16:00.295 26912 30835 W BpBinder: Slow Binder: BpBinder transact took 248 ms, interface=android.media.IMediaMetadataRetriever, code=5 oneway=false
02-22 20:16:00.423 26912 30840 W BpBinder: Slow Binder: BpBinder transact took 264 ms, interface=android.media.IMediaMetadataRetriever, code=5 oneway=false
02-22 20:16:00.593 26912 30838 W BpBinder: Slow Binder: BpBinder transact took 207 ms, interface=android.media.IMediaMetadataRetriever, code=5 oneway=false
02-22 20:16:00.770 26912 30835 W BpBinder: Slow Binder: BpBinder transact took 203 ms, interface=android.media.IMediaMetadataRetriever, code=5 oneway=false
02-22 20:16:09.207 26912 30832 W BpBinder: Slow Binder: BpBinder transact took 242 ms, interface=android.hardware.camera2.ICameraDeviceUser, code=1 oneway=false
02-22 20:16:20.927 26912 30833 W BpBinder: Slow Binder: BpBinder transact took 514 ms, interface=android.hardware.camera2.ICameraDeviceUser, code=6 oneway=false
02-22 20:16:25.087 26912 30832 W BpBinder: Slow Binder: BpBinder transact took 218 ms, interface=android.hardware.camera2.ICameraDeviceUser, code=1 oneway=false
02-22 20:16:38.861 26912 30833 W BpBinder: Slow Binder: BpBinder transact took 214 ms, interface=android.hardware.camera2.ICameraDeviceUser, code=6 oneway=false
02-22 20:16:39.472 26912 31700 W BpBinder: Slow Binder: BpBinder transact took 613 ms, interface=android.media.IMediaMetadataRetriever, code=5 oneway=false
02-22 20:16:39.554 26912 31706 W BpBinder: Slow Binder: BpBinder transact took 692 ms, interface=android.media.IMediaMetadataRetriever, code=5 oneway=false
02-22 20:16:39.635 26912 31707 W BpBinder: Slow Binder: BpBinder transact took 641 ms, interface=android.media.IMediaMetadataRetriever, code=5 oneway=false
02-22 20:16:39.752 26912 31700 W BpBinder: Slow Binder: BpBinder transact took 210 ms, interface=android.media.IMediaMetadataRetriever, code=5 oneway=false
02-22 20:16:40.005 26912 31706 W BpBinder: Slow Binder: BpBinder transact took 380 ms, interface=android.media.IMediaMetadataRetriever, code=5 oneway=false
02-22 20:16:40.121 26912 31707 W BpBinder: Slow Binder: BpBinder transact took 429 ms, interface=android.media.IMediaMetadataRetriever, code=5 oneway=false
02-22 20:16:40.216 26912 31700 W BpBinder: Slow Binder: BpBinder transact took 341 ms, interface=android.media.IMediaMetadataRetriever, code=5 oneway=false
02-22 20:16:40.349 26912 31706 W BpBinder: Slow Binder: BpBinder transact took 263 ms, interface=android.media.IMediaMetadataRetriever, code=5 oneway=false
02-22 20:16:40.468 26912 31707 W BpBinder: Slow Binder: BpBinder transact took 297 ms, interface=android.media.IMediaMetadataRetriever, code=5 oneway=false
02-22 20:16:40.641 26912 31700 W BpBinder: Slow Binder: BpBinder transact took 361 ms, interface=android.media.IMediaMetadataRetriever, code=5 oneway=false
02-22 20:16:40.814 26912 31707 W BpBinder: Slow Binder: BpBinder transact took 263 ms, interface=android.media.IMediaMetadataRetriever, code=5 oneway=false
02-22 20:16:40.968 26912 31706 W BpBinder: Slow Binder: BpBinder transact took 393 ms, interface=android.media.IMediaMetadataRetriever, code=5 oneway=false
02-22 20:16:41.158 26912 31700 W BpBinder: Slow Binder: BpBinder transact took 356 ms, interface=android.media.IMediaMetadataRetriever, code=5 oneway=false
02-22 20:16:41.326 26912 31707 W BpBinder: Slow Binder: BpBinder transact took 422 ms, interface=android.media.IMediaMetadataRetriever, code=5 oneway=false
02-22 20:16:42.390 26912 31707 W BpBinder: Slow Binder: BpBinder transact took 217 ms, interface=android.media.IMediaMetadataRetriever, code=5 oneway=false
02-22 20:16:42.931 26912 30832 W BpBinder: Slow Binder: BpBinder transact took 201 ms, interface=android.hardware.camera2.ICameraDeviceUser, code=1 oneway=false
02-22 20:17:33.867 26912 26912 W Activity: Slow Operation: Activity com.whatsapp/.camera.CameraActivity onStart took 170ms
02-22 20:17:33.978 26912 26912 W Activity: Slow Operation: Activity com.whatsapp/.camera.CameraActivity onResume took 107ms
02-22 20:17:34.197 26912 30833 W BpBinder: Slow Binder: BpBinder transact took 228 ms, interface=android.hardware.ICameraService, code=4 oneway=false
02-22 20:17:35.146 26912 30833 W BpBinder: Slow Binder: BpBinder transact took 873 ms, interface=android.hardware.camera2.ICameraDeviceUser, code=6 oneway=false
02-22 20:17:35.568 26912 26912 W Activity: Slow Operation: Activity com.whatsapp/.camera.CameraActivity onPause took 88ms
02-22 20:17:35.992 26912 26912 W Activity: Slow Operation: Activity com.whatsapp/.HomeActivity onResume took 190ms
02-22 20:17:36.096 26912 30832 W BpBinder: Slow Binder: BpBinder transact took 596 ms, interface=android.hardware.camera2.ICameraDeviceUser, code=1 oneway=false
02-22 20:17:36.204 26912 26912 W Looper : PerfMonitor doFrame : time=144ms vsyncFrame=0 latency=383ms procState=2 historyMsgCount=5 (msgIndex=4 wall=383ms seq=3377 running=36ms runnable=1ms io=310ms late=12ms h=android.app.ActivityThread$H w=159)
02-22 20:17:47.290 26912 2785 W BpBinder: Slow Binder: BpBinder transact took 370 ms, interface=android.media.IMediaMetadataRetriever, code=5 oneway=false
02-22 20:17:47.317 26912 30833 W BpBinder: Slow Binder: BpBinder transact took 581 ms, interface=android.hardware.camera2.ICameraDeviceUser, code=6 oneway=false
02-22 20:17:47.557 26912 2787 W BpBinder: Slow Binder: BpBinder transact took 638 ms, interface=android.media.IMediaMetadataRetriever, code=5 oneway=false
02-22 20:17:47.845 26912 2793 W BpBinder: Slow Binder: BpBinder transact took 818 ms, interface=android.media.IMediaMetadataRetriever, code=5 oneway=false
02-22 20:17:48.011 26912 2785 W BpBinder: Slow Binder: BpBinder transact took 661 ms, interface=android.media.IMediaMetadataRetriever, code=5 oneway=false
02-22 20:17:48.121 26912 2787 W BpBinder: Slow Binder: BpBinder transact took 467 ms, interface=android.media.IMediaMetadataRetriever, code=5 oneway=false
02-22 20:17:48.206 26912 2793 W BpBinder: Slow Binder: BpBinder transact took 282 ms, interface=android.media.IMediaMetadataRetriever, code=5 oneway=false
02-22 20:17:48.471 26912 2793 W BpBinder: Slow Binder: BpBinder transact took 215 ms, interface=android.media.IMediaMetadataRetriever, code=5 oneway=false
02-22 20:17:48.560 26912 2785 W BpBinder: Slow Binder: BpBinder transact took 238 ms, interface=android.media.IMediaMetadataRetriever, code=5 oneway=false
02-22 20:17:55.270 26912 30832 W BpBinder: Slow Binder: BpBinder transact took 221 ms, interface=android.hardware.camera2.ICameraDeviceUser, code=1 oneway=false
02-22 20:19:39.110 26912 26912 W Activity: Slow Operation: Activity com.whatsapp/.Conversation onStart took 142ms
02-22 20:20:48.242 26912 4561 W BpBinder: Slow Binder: BpBinder transact took 345 ms, interface=android.media.IMediaMetadataRetriever, code=5 oneway=false
02-22 20:20:48.318 26912 30833 W BpBinder: Slow Binder: BpBinder transact took 612 ms, interface=android.hardware.camera2.ICameraDeviceUser, code=6 oneway=false
02-22 20:20:48.324 26912 4558 W BpBinder: Slow Binder: BpBinder transact took 427 ms, interface=android.media.IMediaMetadataRetriever, code=5 oneway=false
02-22 20:20:48.468 26912 4562 W BpBinder: Slow Binder: BpBinder transact took 412 ms, interface=android.media.IMediaMetadataRetriever, code=5 oneway=false
02-22 20:20:48.634 26912 4561 W BpBinder: Slow Binder: BpBinder transact took 336 ms, interface=android.media.IMediaMetadataRetriever, code=5 oneway=false
02-22 20:20:49.081 26912 4558 W BpBinder: Slow Binder: BpBinder transact took 603 ms, interface=android.media.IMediaMetadataRetriever, code=5 oneway=false
02-22 20:20:49.180 26912 4562 W BpBinder: Slow Binder: BpBinder transact took 633 ms, interface=android.media.IMediaMetadataRetriever, code=5 oneway=false
02-22 20:20:49.837 26912 4558 W BpBinder: Slow Binder: BpBinder transact took 252 ms, interface=android.media.IMediaMetadataRetriever, code=5 oneway=false
02-22 20:20:49.913 26912 4562 W BpBinder: Slow Binder: BpBinder transact took 222 ms, interface=android.media.IMediaMetadataRetriever, code=5 oneway=false
02-22 20:20:58.276 26912 30832 W BpBinder: Slow Binder: BpBinder transact took 282 ms, interface=android.hardware.camera2.ICameraDeviceUser, code=1 oneway=false
02-22 20:20:59.065 26912 26912 W Looper : PerfMonitor doFrame : time=27ms vsyncFrame=0 latency=366ms procState=2 historyMsgCount=2 (msgIndex=1 wall=381ms seq=10196 running=119ms io=39ms h=android.os.Handler c=X.0jz)
02-22 20:20:59.303 26912 26967 W BpBinder: Slow Binder: BpBinder transact took 213 ms, interface=android.media.IMediaMetadataRetriever, code=5 oneway=false
02-22 20:20:59.659 26912 5212 W BpBinder: Slow Binder: BpBinder transact took 242 ms, interface=android.media.IMediaMetadataRetriever, code=5 oneway=false
02-22 20:20:59.775 26912 26967 W BpBinder: Slow Binder: BpBinder transact took 273 ms, interface=android.media.IMediaMetadataRetriever, code=5 oneway=false
02-22 20:20:59.927 26912 26978 W BpBinder: Slow Binder: BpBinder transact took 343 ms, interface=android.media.IMediaMetadataRetriever, code=5 oneway=false
02-22 20:21:00.024 26912 5212 W BpBinder: Slow Binder: BpBinder transact took 338 ms, interface=android.media.IMediaMetadataRetriever, code=5 oneway=false
02-22 20:21:00.121 26912 26967 W BpBinder: Slow Binder: BpBinder transact took 343 ms, interface=android.media.IMediaMetadataRetriever, code=5 oneway=false
02-22 20:21:00.221 26912 26978 W BpBinder: Slow Binder: BpBinder transact took 285 ms, interface=android.media.IMediaMetadataRetriever, code=5 oneway=false
02-22 20:21:00.330 26912 5212 W BpBinder: Slow Binder: BpBinder transact took 262 ms, interface=android.media.IMediaMetadataRetriever, code=5 oneway=false
02-22 20:21:00.445 26912 26967 W BpBinder: Slow Binder: BpBinder transact took 322 ms, interface=android.media.IMediaMetadataRetriever, code=5 oneway=false
02-22 20:21:00.539 26912 26978 W BpBinder: Slow Binder: BpBinder transact took 306 ms, interface=android.media.IMediaMetadataRetriever, code=5 oneway=false
02-22 20:21:00.634 26912 5212 W BpBinder: Slow Binder: BpBinder transact took 265 ms, interface=android.media.IMediaMetadataRetriever, code=5 oneway=false
02-22 20:21:00.750 26912 26967 W BpBinder: Slow Binder: BpBinder transact took 302 ms, interface=android.media.IMediaMetadataRetriever, code=5 oneway=false
02-22 20:21:00.885 26912 26978 W BpBinder: Slow Binder: BpBinder transact took 341 ms, interface=android.media.IMediaMetadataRetriever, code=5 oneway=false
02-22 20:21:01.002 26912 5212 W BpBinder: Slow Binder: BpBinder transact took 334 ms, interface=android.media.IMediaMetadataRetriever, code=5 oneway=false
02-22 20:21:01.141 26912 26967 W BpBinder: Slow Binder: BpBinder transact took 389 ms, interface=android.media.IMediaMetadataRetriever, code=5 oneway=false
