01-30 20:59:06.609 14406 14406 W com.mbwhatsapp: type=1400 audit(0.0:316910): avc: granted { execute } for path="/data/data/com.mbwhatsapp/files/decompressed/libs.spk.zst/libvlc.so" dev="dm- 40" ino=92289 scontext=u:r:untrusted_app:s0:c31,c257,c512,c768 tcontext=u:object_r:app_data_file:s0:c31,c257,c512,c768 tclass=file app=com.mbwhatsapp
01-30 20:59:06.613 14406 14406 W com.mbwhatsapp: type=1400 audit(0.0:316911): avc: granted { execute } for path="/data/data/com.mbwhatsapp/files/decompressed/libs.spk.zst/libwhatsapp.so" dev="dm-40" ino=87642 scontext=u:r:untrusted_app:s0:c31,c257,c512,c768 tcontext=u:object_r:app_data_file:s0:c31,c257,c512,c768 tclass=file app=com.mbwhatsapp
01-30 20:59:06.649 14406 14406 W com.mbwhatsapp: type=1400 audit(0.0:316912): avc: granted { execute } for path="/data/data/com.mbwhatsapp/files/decompressed/libs.spk.zst/libcurve25519.so" dev="dm-40" ino=73701 scontext=u:r:untrusted_app:s0:c31,c257,c512,c768 tcontext=u:object_r:app_data_file:s0:c31,c257,c512,c768 tclass=file app=com.mbwhatsapp
01-30 20:59:06.665 14406 14406 W com.mbwhatsapp: type=1400 audit(0.0:316913): avc: granted { execute } for path="/data/data/com.mbwhatsapp/files/decompressed/libs.spk.zst/libwhatsapp.so" dev="dm-40" ino=87642 scontext=u:r:untrusted_app:s0:c31,c257,c512,c768 tcontext=u:object_r:app_data_file:s0:c31,c257,c512,c768 tclass=file app=com.mbwhatsapp
01-30 20:59:06.753 14406 14406 W Looper : PerfMonitor longMsg : seq=2 plan=20:59:05.630 late=8ms wall=1093ms h=android.app.ActivityThread$H w=110 procState=-1
01-30 20:59:06.754 14406 14451 W com.mbwhatsapp: Method void X.2rL.A03(java.lang.Integer) failed lock verification and will run slower.
01-30 20:59:06.754 14406 14451 W com.mbwhatsapp: Common causes for lock verification issues are non-optimized dex code
01-30 20:59:06.754 14406 14451 W com.mbwhatsapp: and incorrect proguard optimizations.
01-30 21:01:10.106 15112 15112 E com.mbwhatsapp: Not starting debugger since process cannot load the jdwp agent.
01-30 21:01:10.115 15112 15112 W System.err: android.system.ErrnoException: open failed: ENOENT (No such file or directory)
01-30 21:01:10.115 15112 15112 W System.err: at libcore.io.Linux.open(Native Method)
01-30 21:01:10.115 15112 15112 W System.err: at libcore.io.ForwardingOs.open(ForwardingOs.java:563)
01-30 21:01:10.115 15112 15112 W System.err: at libcore.io.BlockGuardOs.open(BlockGuardOs.java:274)
01-30 21:01:10.115 15112 15112 W System.err: at libcore.io.ForwardingOs.open(ForwardingOs.java:563)
01-30 21:01:10.115 15112 15112 W System.err: at android.app.ActivityThread$AndroidOs.open(ActivityThread.java:8288)
01-30 21:01:10.115 15112 15112 W System.err: at android.system.Os.open(Os.java:494)
01-30 21:01:10.115 15112 15112 W System.err: at android.os.perfdebug.PerfDebugMonitorImpl.monitorVersionControl(PerfDebugMonitorImp l.java:204)
01-30 21:01:10.115 15112 15112 W System.err: at android.os.perfdebug.PerfDebugMonitorImpl.prepareMonitor(PerfDebugMonitorImpl.java: 185)
01-30 21:01:10.115 15112 15112 W System.err: at android.app.ActivityThread.main(ActivityThread.java:8375)
01-30 21:01:10.115 15112 15112 W System.err: at java.lang.reflect.Method.invoke(Native Method)
01-30 21:01:10.115 15112 15112 W System.err: at com.android.internal.os.RuntimeInit$MethodAndArgsCaller.run(RuntimeInit.java:559)
01-30 21:01:10.115 15112 15112 W System.err: at com.android.internal.os.ZygoteInit.main(ZygoteInit.java:954)
01-30 21:01:10.295 15112 15112 W System.err: java.lang.ClassNotFoundException: mbmodsd.mbmodsw.ui.views.btn.BtnBK
01-30 21:01:10.300 15112 15112 W System.err: at java.lang.Runtime.nativeLoad(Native Method)
01-30 21:01:10.300 15112 15112 W System.err: at java.lang.Runtime.nativeLoad(Runtime.java:1126)
01-30 21:01:10.300 15112 15112 W System.err: at java.lang.Runtime.loadLibrary0(Runtime.java:1080)
01-30 21:01:10.300 15112 15112 W System.err: at java.lang.Runtime.loadLibrary0(Runtime.java:1003)
01-30 21:01:10.300 15112 15112 W System.err: at java.lang.System.loadLibrary(System.java:1661)
01-30 21:01:10.300 15112 15112 W System.err: at arm.EpicVm.<clinit>(Unknown Source:2)
01-30 21:01:10.300 15112 15112 W System.err: at java.lang.Class.newInstance(Native Method)
01-30 21:01:10.300 15112 15112 W System.err: at android.app.AppComponentFactory.instantiateApplication(AppComponentFactory.java:76)
01-30 21:01:10.300 15112 15112 W System.err: at androidx.core.app.CoreComponentFactory.instantiateApplication(Unknown Source:0)
01-30 21:01:10.300 15112 15112 W System.err: at android.app.Instrumentation.newApplication(Instrumentation.java:1252)
01-30 21:01:10.300 15112 15112 W System.err: at android.app.LoadedApk.makeApplicationInner(LoadedApk.java:1485)
01-30 21:01:10.300 15112 15112 W System.err: at android.app.LoadedApk.makeApplicationInner(LoadedApk.java:1422)
01-30 21:01:10.300 15112 15112 W System.err: at android.app.ActivityThread.handleBindApplication(ActivityThread.java:7196)
01-30 21:01:10.300 15112 15112 W System.err: at android.app.ActivityThread.-$ $Nest$mhandleBindApplication(Unknown Source:0)
01-30 21:01:10.300 15112 15112 W System.err: at android.app.ActivityThread$H.handleMessage(ActivityThread.java:2241)
01-30 21:01:10.300 15112 15112 W System.err: at android.os.Handler.dispatchMessage(Handler.java:106)
01-30 21:01:10.300 15112 15112 W System.err: at android.os.Looper.loopOnce(Looper.java:211)
01-30 21:01:10.301 15112 15112 W System.err: at android.os.Looper.loop(Looper.java:300)
01-30 21:01:10.301 15112 15112 W System.err: at android.app.ActivityThread.main(ActivityThread.java:8410)
01-30 21:01:10.301 15112 15112 W System.err: at java.lang.reflect.Method.invoke(Native Method)
01-30 21:01:10.301 15112 15112 W System.err: at com.android.internal.os.RuntimeInit$MethodAndArgsCaller.run(RuntimeInit.java:559)
01-30 21:01:10.301 15112 15112 W System.err: at com.android.internal.os.ZygoteInit.main(ZygoteInit.java:954)
01-30 21:01:10.332 15112 15112 E CustomActivityOnCrash: IMPORTANT WARNING! You already have an UncaughtExceptionHandler, are you sure this is correct? If you use a custom UncaughtExceptionHandler, you must initialize it AFTER CustomActivityOnCrash! Installing anyway, but your original handler will not be called.
01-30 21:01:10.429 15112 15112 W ContextImpl: Failed to ensure /storage/CE93-EDD2/Android/media/com.mbwhatsapp: android.os.ServiceSpecificException: (code -22)
01-30 21:01:11.157 15112 15112 W com.mbwhatsapp: Accessing hidden method Lcom/android/org/conscrypt/OpenSSLSocketImpl;->setUseSessionTickets(Z)V (max- target-q,core-platform-api, reflection, denied)
01-30 21:01:11.157 15112 15112 W com.mbwhatsapp: Accessing hidden method Lcom/android/org/conscrypt/AbstractConscryptSocket;->setUseSessionTickets(Z)V (max- target-q, reflection, denied)
01-30 21:01:11.229 15112 15112 W com.mbwhatsapp: type=1400 aud--------- beginning of system
01-30 21:01:11.508 15112 15112 W Looper : PerfMonitor longMsg : seq=2 plan=21:01:10.129 late=0ms wall=1344ms h=android.app.ActivityThread$H w=110 procState=-1 --------- beginning of main
01-30 21:07:14.761 22219 22219 E com.mbwhatsapp: Not starting debugger since process cannot load the jdwp agent.
01-30 21:07:14.770 22219 22219 W System.err: android.system.ErrnoException: open failed: ENOENT (No such file or directory)
01-30 21:07:14.770 22219 22219 W System.err: at libcore.io.Linux.open(Native Method)
01-30 21:07:14.770 22219 22219 W System.err: at libcore.io.ForwardingOs.open(ForwardingOs.java:563)
01-30 21:07:14.770 22219 22219 W System.err: at libcore.io.BlockGuardOs.open(BlockGuardOs.java:274)
01-30 21:07:14.770 22219 22219 W System.err: at libcore.io.ForwardingOs.open(ForwardingOs.java:563)
01-30 21:07:14.770 22219 22219 W System.err: at android.app.ActivityThread$AndroidOs.open(ActivityThread.java:8288)
01-30 21:07:14.770 22219 22219 W System.err: at android.system.Os.open(Os.java:494)
01-30 21:07:14.770 22219 22219 W System.err: at android.os.perfdebug.PerfDebugMonitorImpl.monitorVersionControl(PerfDebugMonitorImp l.java:204)
01-30 21:07:14.770 22219 22219 W System.err: at android.os.perfdebug.PerfDebugMonitorImpl.prepareMonitor(PerfDebugMonitorImpl.java: 185)
01-30 21:07:14.770 22219 22219 W System.err: at android.app.ActivityThread.main(ActivityThread.java:8375)
01-30 21:07:14.770 22219 22219 W System.err: at java.lang.reflect.Method.invoke(Native Method)
01-30 21:07:14.770 22219 22219 W System.err: at com.android.internal.os.RuntimeInit$MethodAndArgsCaller.run(RuntimeInit.java:559)
01-30 21:07:14.770 22219 22219 W System.err: at com.android.internal.os.ZygoteInit.main(ZygoteInit.java:954)
01-30 21:07:15.279 22219 22219 W System.err: java.lang.ClassNotFoundException: mbmodsd.mbmodsw.ui.views.btn.BtnBK
01-30 21:07:15.293 22219 22219 W System.err: at java.lang.Runtime.nativeLoad(Native Method)
01-30 21:07:15.293 22219 22219 W System.err: at java.lang.Runtime.nativeLoad(Runtime.java:1126)
01-30 21:07:15.293 22219 22219 W System.err: at java.lang.Runtime.loadLibrary0(Runtime.java:1080)
01-30 21:07:15.293 22219 22219 W System.err: at java.lang.Runtime.loadLibrary0(Runtime.java:1003)
01-30 21:07:15.293 22219 22219 W System.err: at java.lang.System.loadLibrary(System.java:1661)
01-30 21:07:15.293 22219 22219 W System.err: at arm.EpicVm.<clinit>(Unknown Source:2)
01-30 21:07:15.293 22219 22219 W System.err: at java.lang.Class.newInstance(Native Method)
01-30 21:07:15.293 22219 22219 W System.err: at android.app.AppComponentFactory.instantiateApplication(AppComponentFactory.java:76)
01-30 21:07:15.293 22219 22219 W System.err: at androidx.core.app.CoreComponentFactory.instantiateApplication(Unknown Source:0)
01-30 21:07:15.293 22219 22219 W System.err: at android.app.Instrumentation.newApplication(Instrumentation.java:1252)
01-30 21:07:15.293 22219 22219 W System.err: at android.app.LoadedApk.makeApplicationInner(LoadedApk.java:1485)
01-30 21:07:15.293 22219 22219 W System.err: at android.app.LoadedApk.makeApplicationInner(LoadedApk.java:1422)
01-30 21:07:15.293 22219 22219 W System.err: at android.app.ActivityThread.handleBindApplication(ActivityThread.java:7196)
01-30 21:07:15.293 22219 22219 W System.err: at android.app.ActivityThread.-$ $Nest$mhandleBindApplication(Unknown Source:0)
01-30 21:07:15.293 22219 22219 W System.err: at android.app.ActivityThread$H.handleMessage(ActivityThread.java:2241)
01-30 21:07:15.293 22219 22219 W System.err: at android.os.Handler.dispatchMessage(Handler.java:106)
01-30 21:07:15.293 22219 22219 W System.err: at android.os.Looper.loopOnce(Looper.java:211)
01-30 21:07:15.293 22219 22219 W System.err: at android.os.Looper.loop(Looper.java:300)
01-30 21:07:15.293 22219 22219 W System.err: at android.app.ActivityThread.main(ActivityThread.java:8410)
01-30 21:07:15.293 22219 22219 W System.err: at java.lang.reflect.Method.invoke(Native Method)
01-30 21:07:15.293 22219 22219 W System.err: at com.android.internal.os.RuntimeInit$Me--------- beginning of system
01-30 21:07:16.663 22219 22219 W Looper : PerfMonitor longMsg : seq=2 plan=21:07:14.786 late=1ms wall=1853ms h=android.app.ActivityThread$H w=110 procState=-1
01-30 21:19:47.663 25661 25661 W Looper : PerfMonitor longMsg : seq=2 plan=21:19:46.279 late=0ms wall=1349ms h=android.app.ActivityThread$H w=110 procState=-1
01-30 21:20:29.182 25816 25816 W Looper : PerfMonitor longMsg : seq=2 plan=21:20:27.745 late=2ms wall=1407ms h=android.app.ActivityThread$H w=110 procState=-1
01-30 21:21:30.986 27266 27266 W Looper : PerfMonitor longMsg : seq=2 plan=21:21:29.866 late=2ms wall=1114ms h=android.app.ActivityThread$H w=110 procState=-1 --------- beginning of main
01-30 21:23:20.108 29117 29117 E com.mbwhatsapp: Not starting debugger since process cannot load the jdwp agent.
01-30 21:23:20.116 29117 29117 W System.err: android.system.ErrnoException: open failed: ENOENT (No such file or directory)
01-30 21:23:20.116 29117 29117 W System.err: at libcore.io.Linux.open(Native Method)
01-30 21:23:20.116 29117 29117 W System.err: at libcore.io.ForwardingOs.open(ForwardingOs.java:563)
01-30 21:23:20.116 29117 29117 W System.err: at libcore.io.BlockGuardOs.open(BlockGuardOs.java:274)
01-30 21:23:20.116 29117 29117 W System.err: at libcore.io.ForwardingOs.open(ForwardingOs.java:563)
01-30 21:23:20.116 29117 29117 W System.err: at android.app.ActivityThread$AndroidOs.open(ActivityThread.java:8288)
01-30 21:23:20.116 29117 29117 W System.err: at android.system.Os.open(Os.java:494)
01-30 21:23:20.116 29117 29117 W System.err: at android.os.perfdebug.PerfDebugMonitorImpl.monitorVersionControl(PerfDebugMonitorImp l.java:204)
01-30 21:23:20.117 29117 29117 W System.err: at android.os.perfdebug.PerfDebugMonitorImpl.prepareMonitor(PerfDebugMonitorImpl.java: 185)
01-30 21:23:20.117 29117 29117 W System.err: at android.app.ActivityThread.main(ActivityThread.java:8375)
01-30 21:23:20.117 29117 29117 W System.err: at java.lang.reflect.Method.invoke(Native Method)
01-30 21:23:20.117 29117 29117 W System.err: at com.android.internal.os.RuntimeInit$MethodAndArgsCaller.run(RuntimeInit.java:559)
01-30 21:23:20.117 29117 29117 W System.err: at com.android.internal.os.ZygoteInit.main(ZygoteInit.java:954)
01-30 21:23:20.393 29117 29117 W System.err: java.lang.ClassNotFoundException: mbmodsd.mbmodsw.ui.views.btn.BtnBK
01-30 21:23:20.395 29117 29117 W System.err: at java.lang.Runtime.nativeLoad(Native Method)
01-30 21:23:20.395 29117 29117 W System.err: at java.lang.Runtime.nativeLoad(Runtime.java:1126)
01-30 21:23:20.395 29117 29117 W System.err: at java.lang.Runtime.loadLibrary0(Runtime.java:1080)
01-30 21:23:20.395 29117 29117 W System.err: at java.lang.Runtime.loadLibrary0(Runtime.java:1003)
01-30 21:23:20.396 29117 29117 W System.err: at java.lang.System.loadLibrary(System.java:1661)
01-30 21:23:20.396 29117 29117 W System.err: at arm.EpicVm.<clinit>(Unknown Source:2)
01-30 21:23:20.396 29117 29117 W System.err: at java.lang.Class.newInstance(Native Method)
01-30 21:23:20.396 29117 29117 W System.err: at android.app.AppComponentFactory.instantiateApplication(AppComponentFactory.java:76)
01-30 21:23:20.396 29117 29117 W System.err: at androidx.core.app.CoreComponentFactory.instantiateApplication(Unknown Source:0)
01-30 21:23:20.396 29117 29117 W System.err: at android.app.Instrumentation.newApplication(Instrumentation.java:1252)
01-30 21:23:20.396 29117 29117 W System.err: at android.app.LoadedApk.makeApplicationInner(LoadedApk.java:1485)
01-30 21:23:20.396 29117 29117 W System.err: at android.app.LoadedApk.makeApplicationInner(LoadedApk.java:1422)
01-30 21:23:20.396 29117 29117 W System.err: at android.app.ActivityThread.handleBindApplication(ActivityThread.java:7196)
01-30 21:23:20.396 29117 29117 W System.err: at android.app.ActivityThread.-$ $Nest$mhandleBindApplication(Unknown Source:0)
01-30 21:23:20.396 29117 29117 W System.err: at android.app.ActivityThread$H.handleMessage(ActivityThread.java:2241)
01-30 21:23:20.396 29117 29117 W System.err: at android.os.Handler.dispatchMessage(Handler.ja--------- beginning of main
01-30 21:23:20.446 29117 29117 E CustomActivityOnCrash: IMPORTANT WARNING! You already have an UncaughtExceptionHandler, are you sure this is correct? If you use a custom UncaughtExceptionHandler, you must initialize it AFTER CustomActivityOnCrash! Installing anyway, but your original handler will not be called.
01-30 21:23:20.495 29117 29117 W ContextImpl: Failed to ensure /storage/CE93-EDD2/Android/media/com.mbwhatsapp: android.os.ServiceSpecificException: (code -22)
01-30 21:23:21.116 29117 29117 W com.mbwhatsapp: Accessing hidden method Lcom/android/org/conscrypt/OpenSSLSocketImpl;->setUseSessionTickets(Z)V (max- target-q,core-platform-api, reflection, denied)
01-30 21:23:21.117 29117 29117 W com.mbwhatsapp: Accessing hidden method Lcom/android/org/conscrypt/AbstractConscryptSocket;->setUseSessionTickets(Z)V (max- target-q, reflection, denied)
01-30 21:23:21.225 29117 29117 W com.mbwhatsapp: type=1400 audit(0.0:319607): avc: granted { execute } for path="/data/data/com.mbwhatsapp/files/decompressed/libs.spk.zst/libc++_shared.so" dev="dm-40" ino=59603 scontext=u:r:untrusted_app:s0:c31,c257,c512,c768 tcontext=u:object_r:app_data_file:s0:c31,c257,c512,c768 tclass=file app=com.mbwhatsapp
01-30 21:23:21.233 29117 29117 W com.mbwhatsapp: type=1400 audit(0.0:319608): avc: granted { execute } for path="/data/data/com.mbwhatsapp/files/decompressed/libs.spk.zst/libvlc.so" dev="dm- 40" ino=92289 scontext=u:r:untrusted_app:s0:c31,c257,c512,c768 tcontext=u:object_r:app_data_file:s0:c31,c257,c512,c768 tclass=file app=com.mbwhatsapp
01-30 21:23:21.237 29117 29117 W com.mbwhatsapp: type=1400 audit(0.0:319609): avc: granted { execute } for path="/data/data/com.mbwhatsapp/files/decompressed/libs.spk.zst/libwhatsapp.so" dev="dm-40" ino=87642 scontext=u:r:untrusted_app:s0:c31,c257,c512,c768 tcontext=u:object_r:app_data_file:s0:c31,c257,c512,c768 tclass=file app=com.mbwhatsapp
01-30 21:23:21.301 29117 29117 W com.mbwhatsapp: type=1400 audit(0.0:319610): avc: granted { execute } for path="/data/data/com.mbwhatsapp/files/decompressed/libs.spk.zst/libcurve25519.so" dev="dm-40" ino=73701 scontext=u:r:untrusted_app:s0:c31,c257,c512,c768 tcontext=u:object_r:app_data_file:s0:c31,c257,c512,c768 tclass=file app=com.mbwhatsapp --------- beginning of system
01-30 21:23:21.434 29117 29117 W Looper : PerfMonitor longMsg : seq=2 plan=21:23:20.131 late=1ms wall=1293ms h=android.app.ActivityThread$H w=110 procState=-1
01-30 21:23:21.448 29117 29286 W com.mbwhatsapp: Method void X.2rL.A03(java.lang.Integer) failed lock verification and will run slower.
01-30 21:23:21.448 29117 29286 W com.mbwhatsapp: Common causes for lock verification issues are non-optimized dex code
01-30 21:23:21.448 29117 29286 W com.mbwhatsapp: and incorrect proguard optimizations.
01-30 21:23:39.546 29609 29609 E com.mbwhatsapp: Not starting debugger since process cannot load the jdwp agent.
01-30 21:23:39.552 29609 29609 W System.err: android.system.ErrnoException: open failed: ENOENT (No such file or directory)
01-30 21:23:39.552 29609 29609 W System.err: at libcore.io.Linux.open(Native Method)
01-30 21:23:39.552 29609 29609 W System.err: at libcore.io.ForwardingOs.open(ForwardingOs.java:563)
01-30 21:23:39.552 29609 29609 W System.err: at libcore.io.BlockGuardOs.open(BlockGuardOs.java:274)
01-30 21:23:39.552 29609 29609 W System.err: at libcore.io.ForwardingOs.open(ForwardingOs.java:563)
01-30 21:23:39.552 29609 29609 W System.err: at android.app.ActivityThread$AndroidOs.open(ActivityThread.java:8288)
01-30 21:23:39.552 29609 29609 W System.err: at android.system.Os.open(Os.java:494)
01-30 21:23:39.552 29609 29609 W System.err: at android.os.perfdebug.PerfDebugMonitorImpl.monitorVersionControl(PerfDebugMonitorImp l.java:204)
01-30 21:23:39.552 29609 29609 W System.err: at android.os.perfdebug.PerfDebugMonitorImpl.prepareMonitor(PerfDebugMonitorImpl.java: 185)
01-30 21:23:39.552 29609 29609 W System.err: at android.app.ActivityThread.main(ActivityThread.java:8375)
01-30 21:23:39.552 29609 29609 W System.err: at java.lang.reflect.Method.invoke(Native Method)
01-30 21:23:39.552 29609 29609 W System.err: at com.android.internal.os.RuntimeInit$MethodAndArgsCaller.run(RuntimeInit.java:559)
01-30 21:23:39.552 29609 29609 W System.err: at com.android.internal.os.ZygoteInit.main(ZygoteInit.java:954)
01-30 21:23:39.621 29609 29609 W System.err: java.lang.ClassNotFoundException: mbmodsd.mbmodsw.ui.views.btn.BtnBK
01-30 21:23:39.621 29609 29609 W System.err: at java.lang.Runtime.nativeLoad(Native Method)
01-30 21:23:39.621 29609 29609 W System.err: at java.lang.Runtime.nativeLoad(Runtime.java:1126)
01-30 21:23:39.621 29609 29609 W System.err: at java.lang.Runtime.loadLibrary0(Runtime.java:1080)
01-30 21:23:39.621 29609 29609 W System.err: at java.lang.Runtime.loadLibrary0(Runtime.java:1003)
01-30 21:23:39.621 29609 29609 W System.err: at java.lang.System.loadLibrary(System.java:1661)
01-30 21:23:39.621 29609 29609 W System.err: at arm.EpicVm.<clinit>(Unknown Source:2)
01-30 21:23:39.621 29609 29609 W System.err: at java.lang.Class.newInstance(Native Method)
01-30 21:23:39.622 29609 29609 W System.err: at android.app.AppComponentFactory.instantiateApplication(AppComponentFactory.java:76)
01-30 21:23:39.622 29609 29609 W System.err: at androidx.core.app.CoreComponentFactory.instantiateApplication(Unknown Source:0)
01-30 21:23:39.622 29609 29609 W System.err: at android.app.Instrumentation.newApplication(Instrumentation.java:1252)
01-30 21:23:39.622 29609 29609 W System.err: at android.app.LoadedApk.makeApplicationInner(LoadedApk.java:1485)
01-30 21:23:39.622 29609 29609 W System.err: at android.app.LoadedApk.makeApplicationInner(LoadedApk.java:1422)
01-30 21:23:39.622 29609 29609 W System.err: at android.app.ActivityThread.handleBindApplication(ActivityThread.java:7196)
01-30 21:23:39.622 29609 29609 W System.err: at android.app.ActivityThread.-$ $Nest$mhandleBindApplication(Unknown Source:0)
01-30 21:23:39.622 29609 29609 W System.err: at android.app.ActivityThread$H.handleMessage(ActivityThread.java:2241)
01-30 21:23:39.622 29609 29609 W System.err: at android.os.Handler.dispatchMessage(Handler.java:106)
01-30 21:23:39.622 29609 29609 W System.err: at android.os.Looper.loopOnce(Looper.java:211)
01-30 21:23:39.622 29609 29609 W System.err: at android.os.Looper.loop(Looper.java:300)
01-30 21:23:39.622 29609 29609 W System.err: at android.app.ActivityThread.main(ActivityThread.java:8410)
01-30 21:23:39.622 29609 29609 W System.err: at java.lang.reflect.Method.invoke(Native Method)
01-30 21:23:39.622 29609 29609 W System.err: at com.android.internal.os.RuntimeInit$MethodAndArgsCaller.run(RuntimeInit.java:559)
01-30 21:23:39.622 29609 29609 W System.err: at com.android.internal.os.ZygoteInit.main(ZygoteInit.java:954)
01-30 21:23:39.627 29609 29609 E CustomActivityOnCrash: IMPORTANT WARNING! You already have an UncaughtExceptionHandler, are you sure this is correct? If you use a custom UncaughtExceptionHandler, you must initialize it AFTER CustomActivityOnCrash! Installing anyway, but your original handler will not be called.
01-30 21:23:39.642 29609 29609 W ContextImpl: Failed to ensure /storage/CE93-EDD2/Android/media/com.mbwhatsapp: android.os.ServiceSpecificException: (code -22)
01-30 21:23:39.723 29609 29609 W com.mbwhatsapp: Accessing hidden method Lcom/android/org/conscrypt/OpenSSLSocketImpl;->setUseSessionTickets(Z)V (max- target-q,core-platform-api, reflection, denied)
01-30 21:23:39.723 29609 29609 W com.mbwhatsapp: Accessing hidden method Lcom/android/org/conscrypt/AbstractConscryptSocket;->setUseSessionTickets(Z)V (max- target-q, reflection, denied)
01-30 21:23:39.729 29609 29609 W com.mbwhatsapp: type=1400 audit(0.0:319618): avc: granted { execute } for path="/data/data/com.mbwhatsapp/files/decompressed/libs.spk.zst/libc++_shared.so" dev="dm-40" ino=59603 scontext=u:r:untrusted_app:s0:c31,c257,c512,c768 tcontext=u:object_r:app_data_file:s0:c31,c257,c512,c768 tclass=file app=com.mbwhatsapp
01-30 21:23:39.733 29609 29609 W com.mbwhatsapp: type=1400 audit(0.0:319619): avc: granted { execute } for path="/data/data/com.mbwhatsapp/files/decompresse--------- beginning of system
01-30 21:37:07.720 5022 5022 W Looper : PerfMonitor longMsg : seq=2 plan=21:37:05.718 late=1ms wall=1999ms h=android.app.ActivityThread$H w=110 procState=-1 --------- beginning of main
01-30 21:54:09.136 12253 12253 E com.mbwhatsapp: Not starting debugger since process cannot load the jdwp agent.
01-30 21:54:09.151 12253 12253 W System.err: android.system.ErrnoException: open failed: ENOENT (No such file or directory)
01-30 21:54:09.151 12253 12253 W System.err: at libcore.io.Linux.open(Native Method)
01-30 21:54:09.151 12253 12253 W System.err: at libcore.io.ForwardingOs.open(ForwardingOs.java:563)
01-30 21:54:09.151 12253 12253 W System.err: at libcore.io.BlockGuardOs.open(BlockGuardOs.java:274)
01-30 21:54:09.151 12253 12253 W System.err: at libcore.io.ForwardingOs.open(ForwardingOs.java:563)
01-30 21:54:09.151 12253 12253 W System.err: at android.app.ActivityThread$AndroidOs.open(ActivityThread.java:8288)
01-30 21:54:09.151 12253 12253 W System.err: at android.system.Os.open(Os.java:494)
01-30 21:54:09.151 12253 12253 W System.err: at android.os.perfdebug.PerfDebugMonitorImpl.monitorVersionControl(PerfDebugMonitorImp l.java:204)
01-30 21:54:09.151 12253 12253 W System.err: at android.os.perfdebug.PerfDebugMonitorImpl.prepareMonitor(PerfDebugMonitorImpl.java: 185)
01-30 21:54:09.151 12253 12253 W System.err: at android.app.ActivityThread.main(ActivityThread.java:8375)
01-30 21:54:09.151 12253 12253 W System.err: at java.lang.reflect.Method.invoke(Native Method)
01-30 21:54:09.151 12253 12253 W System.err: at com.android.internal.os.RuntimeInit$MethodAndArgsCaller.run(RuntimeInit.java:559)
01-30 21:54:09.151 12253 12253 W System.err: at com.android.internal.os.ZygoteInit.main(ZygoteInit.java:954)
01-30 21:54:09.506 12253 12253 W System.err: java.lang.ClassNotFoundException: mbmodsd.mbmodsw.ui.views.btn.BtnBK
01-30 21:54:09.510 12253 12253 W System.err: at java.lang.Runtime.nativeLoad(Native Method)
01-30 21:54:09.511 12253 12253 W System.err: at java.lang.Runtime.nativeLoad(Runtime.java:1126)
01-30 21:54:09.511 12253 12253 W System.err: at java.lang.Runtime.loadLibrary0(Runtime.java:1080)
01-30 21:54:09.511 12253 12253 W System.err: at java.lang.Runtime.loadLibrary0(Runtime.java:1003)
01-30 21:54:09.511 12253 12253 W System.err: at java.lang.System.loadLibrary(System.java:1661)
01-30 21:54:09.511 12253 12253 W System.err: at arm.EpicVm.<clinit>(Unknown Source:2)
01-30 21:54:09.511 12253 12253 W System.err: at java.lang.Class.newInstance(Native Method)
01-30 21:54:09.511 12253 12253 W System.err: at android.app.AppComponentFactory.instantiateApplication(AppComponentFactory.java:76)
01-30 21:54:09.511 12253 12253 W System.err: at androidx.core.app.CoreComponentFactory.instantiateApplication(Unknown Source:0)
01-30 21:54:09.511 12253 12253 W System.err: at android.app.Instrumentation.newApplication(Instrumentation.java:1252)
01-30 21:54:09.511 12253 12253 W System.err: at android.app.LoadedApk.makeApplicationInner(LoadedApk.java:1485)
01-30 21:54:09.511 12253 12253 W System.err: at android.app.LoadedApk.makeApplicationInner(LoadedApk.java:1422)
01-30 21:54:09.511 12253 12253 W System.err: at android.app.ActivityThread.handleBindApplication(ActivityThread.java:7196)
01-30 21:54:09.511 12253 12253 W System.err: at android.app.ActivityThread.-$ $Nest$mhandleBindApplication(Unknown Source:0)
01-30 21:54:09.511 12253 12253 W System.err: at android.app.ActivityThread$H.handleMessage(ActivityThread.java:2241)
01-30 21:54:09.511 12253 12253 W System.err: at android.os.Handler.dispatchMessage(Handler.java:106)
01-30 21:54:09.511 12253 12253 W System.err: at android.os.Looper.loopOnce(Looper.java:211)
01-30 21:54:09.511 12253 12253 W System.err: at android.os.Looper.loop(Looper.java:300)
01-30 21:54:09.511 12253 12253 W System.err: at android.app.ActivityThread.main(ActivityThread.java:8410)
01-30 21:54:09.511 12253 12253 W System.err: at java.lang.reflect.Method.invoke(Native Method)
01-30 21:54:09.511 12253 12253 W System.err: at com.android.internal.os.RuntimeInit$Me--------- beginning of system
01-30 21:54:10.903 12253 12253 W Looper : PerfMonitor longMsg : seq=2 plan=21:54:09.187 late=9ms wall=1702ms h=android.app.ActivityThread$H w=110 procState=-1 --------- beginning of main
01-30 21:58:06.368 14828 14828 E com.mbwhatsapp: Not starting debugger since process cannot load the jdwp agent.
01-30 21:58:06.379 14828 14828 W System.err: android.system.ErrnoException: open failed: ENOENT (No such file or directory)
01-30 21:58:06.379 14828 14828 W System.err: at libcore.io.Linux.open(Native Method)
01-30 21:58:06.379 14828 14828 W System.err: at libcore.io.ForwardingOs.open(ForwardingOs.java:563)
01-30 21:58:06.379 14828 14828 W System.err: at libcore.io.BlockGuardOs.open(BlockGuardOs.java:274)
01-30 21:58:06.379 14828 14828 W System.err: at libcore.io.ForwardingOs.open(ForwardingOs.java:563)
01-30 21:58:06.379 14828 14828 W System.err: at android.app.ActivityThread$AndroidOs.open(ActivityThread.java:8288)
01-30 21:58:06.379 14828 14828 W System.err: at android.system.Os.open(Os.java:494)
01-30 21:58:06.379 14828 14828 W System.err: at android.os.perfdebug.PerfDebugMonitorImpl.monitorVersionControl(PerfDebugMonitorImp l.java:204)
01-30 21:58:06.379 14828 14828 W System.err: at android.os.perfdebug.PerfDebugMonitorImpl.prepareMonitor(PerfDebugMonitorImpl.java: 185)
01-30 21:58:06.379 14828 14828 W System.err: at android.app.ActivityThread.main(ActivityThread.java:8375)
01-30 21:58:06.379 14828 14828 W System.err: at java.lang.reflect.Method.invoke(Native Method)
01-30 21:58:06.379 14828 14828 W System.err: at com.android.internal.os.RuntimeInit$MethodAndArgsCaller.run(RuntimeInit.java:559)
01-30 21:58:06.379 14828 14828 W System.err: at com.android.internal.os.ZygoteInit.main(ZygoteInit.java:954)
01-30 21:58:06.763 14828 14828 W System.err: java.lang.ClassNotFoundException: mbmodsd.mbmodsw.ui.views.btn.BtnBK
01-30 21:58:06.770 14828 14828 W System.err: at java.lang.Runtime.nativeLoad(Native Method)
01-30 21:58:06.770 14828 14828 W System.err: at java.lang.Runtime.nativeLoad(Runtime.java:1126)
01-30 21:58:06.770 14828 14828 W System.err: at java.lang.Runtime.loadLibrary0(Runtime.java:1080)
01-30 21:58:06.770 14828 14828 W System.err: at java.lang.Runtime.loadLibrary0(Runtime.java:1003)
01-30 21:58:06.770 14828 14828 W System.err: at java.lang.System.loadLibrary(System.java:1661)
01-30 21:58:06.770 14828 14828 W System.err: at arm.EpicVm.<clinit>(Unknown Source:2)
01-30 21:58:06.770 14828 14828 W System.err: at java.lang.Class.newInstance(Native Method)
01-30 21:58:06.770 14828 14828 W System.err: at android.app.AppComponentFactory.instantiateApplication(AppComponentFactory.java:76)
01-30 21:58:06.770 14828 14828 W System.err: at androidx.core.app.CoreComponentFactory.instantiateApplication(Unknown Source:0)
01-30 21:58:06.771 14828 14828 W System.err: at android.app.Instrumentation.newApplication(Instrumentation.java:1252)
01-30 21:58:06.771 14828 14828 W System.err: at android.app.LoadedApk.makeApplicationInner(LoadedApk.java:1485)
01-30 21:58:06.771 14828 14828 W System.err: at android.app.LoadedApk.makeApplicationInner(LoadedApk.java:1422)
01-30 21:58:06.771 14828 14828 W System.err: at android.app.ActivityThread.handleBindApplication(ActivityThread.java:7196)
01-30 21:58:06.771 14828 14828 W System.err: at android.app.ActivityThread.-$ $Nest$mhandleBindApplication(Unknown Source:0)
01-30 21:58:06.771 14828 14828 W System.err: at android.app.ActivityThread$H.handleMessage(ActivityThread.java:2241)
01-30 21:58:06.771 14828 14828 W System.err: at android.os.Handler.dispatchMessage(Handler.java:106)
01-30 21:58:06.771 14828 14828 W System.err: at android.os.Looper.loopOnce(Looper.java:211)
01-30 21:58:06.771 14828 14828 W System.err: at android.os.Looper.loop(Looper.java:300)
01-30 21:58:06.771 14828 14828 W System.err: at android.app.ActivityThread.main(ActivityThread.java:8410)
01-30 21:58:06.771 14828 14828 W System.err: at java.lang.reflect.Method.invoke(Native Method)
01-30 21:58:06.771 14828 14828 W System.err: at com.android.internal.os.RuntimeInit$MethodAndArgsCaller.run(RuntimeInit.java:559)
01-30 21:58:06.771 14828 14828 W System.err: at com.android.internal.os.ZygoteInit.main(ZygoteInit.java:954)
01-30 21:58:06.825 14828 14828 E CustomActivityOnCrash: IMPORTANT WARNING! You already have an UncaughtExceptionHandler, are you sure this is correct? If you use a custom UncaughtExceptionHandler, you must initialize it AFTER CustomActivityOnCrash! Installing anyway, but your original handler will not be called.
01-30 21:58:06.934 14828 14828 W ContextImpl: Failed to ensure /storage/CE93-EDD2/Android/media/com.mbwhatsapp: android.os.ServiceSpecificException: (code -22)
01-30 21:58:07.662 14828 14828 W com.mbwhatsapp: Accessing hidden method Lcom/android/org/conscrypt/OpenSSLSocketImpl;->setUseSessionTickets(Z)V (max- target-q,core-platform-api, reflection, denied)
01-30 21:58:07.662 14828 14828 W com.mbwhatsapp: Accessing hidden method Lcom/android/org/conscrypt/AbstractConscryptSocket;->setUseSessionTickets(Z)V (max- target-q, reflection, denied)
01-30 21:58:07.710 14828 14828 W com.mbwhatsapp: type=1400 audit(0.0:324495): avc: granted { execute } for path="/data/data/com.mbwhatsapp/files/decompressed/libs.spk.zst/libc++_shared.so" dev="dm-40" ino=59603 scontext=u:r:untrusted_app:s0:c31,c257,c512,c768 tcontext=u:object_r:app_data_file:s0:c31,c257,c512,c768 tclass=file app=com.mbwhatsapp
01-30 21:58:07.718 14828 14828 W com.mbwhatsapp: type=1400 audit(0.0:324496): avc: granted { execute } for path="/data/data/com.mbwhatsapp/files/decompressed/libs.spk.zst/libvlc.so" dev="dm- 40" ino=92289 scontext=u:r:untrusted_app:s0:c31,c257,c512,c768 tcontext=u:object_r:app_data_file:s0:c31,c257,c512,c768 tclass=file app=com.mbwhatsapp
01-30 21:58:07.722 14828 14828 W com.mbwhatsapp: type=1400 audit(0.0:324497): avc: granted { execute } for path="/data/data/com.mbwhatsapp/files/decompressed/libs.spk.zst/libwhatsapp.so" dev="dm-40" ino=87642 scontext=u:r:untrusted_app:s0:c31,c257,c512,c768 tcontext=u:object_r:app_data_file:s0:c31,c257,c512,c768 tclass=file app=com.mbwhatsapp
01-30 21:58:07.790 14828 14828 W com.mbwhatsapp: type=1400 audit(0.0:324498): avc: granted { execute } for path="/data/data/com.mbwhatsapp/files/decompressed/libs.spk.zst/libcurve25519.so" dev="dm-40" ino=73701 scontext=u:r:untrusted_app:s0:c31,c257,c512,c768 tcontext=u:object_r:app_data_file:s0:c31,c257,c512,c768 tclass=file app=com.mbwhatsapp
01-30 21:58:07.810 14828 14828 W com.mbwhatsapp: type=1400 audit(0.0:324499): avc: granted { execute } for path="/data/data/com.mbwhatsapp/files/decompressed/libs.spk.zst/libwhatsapp.so" dev="dm-40" ino=87642 scontext=u:r:untrusted_app:s0:c31,c257,c512,c768 tcontext=u:object_r:app_data_file:s0:c31,c257,c512,c768 tclass=file app=com.mbwhatsapp
01-30 21:58:07.941 14828 14828 W Looper : PerfMonitor longMsg : seq=2 plan=21:58:06.416 late=8ms wall=1510ms h=android.app.ActivityThread$H w=110 procState=-1
01-30 21:58:07.948 14828 15055 W com.mbwhatsapp: Method void X.2rL.A03(java.lang.Integer) failed lock verification and will run slower.
01-30 21:58:07.948 14828 15055 W com.mbwhatsapp: Common causes for lock verification issues are non-optimized dex code
01-30 21:58:07.948 14828 15055 W com.mbwhatsapp: and incorrect proguard optimizations.
01-30 21:58:07.956 14828 14828 W com.mbwhatsapp: Method void X.0eU.A0h(X.0tK, boolean) failed lock verification and will run slower.
01-30 21:58:08.094 14828 14828 W libc : Access denied finding property "ro.vendor.df.effect.conflict"
01-30 21:58:08.140 14828 14828 W Looper : PerfMonitor looperActivity : package=com.mbwhatsapp/.Icon0 time=199ms latency=1521ms procState=-1 historyMsgCount=2 (msgIndex=2 wall=1510ms seq=2 late=8ms h=android.app.ActivityThread$H w=110)
01-30 21:58:08.140 14828 14828 W Looper : PerfMonitor looperActivity : package=com.mbwhatsapp/.Icon0 time=0ms latency=1715ms procState=-1 historyMsgCount=2 (msgIndex=1 wall=1510ms seq=2 late=8ms h=android.app.ActivityThread$H w=110) (msgIndex=2 wall=199ms seq=3 late=1521ms h=android.app.ActivityThread$H w=159)
01-30 21:58:08.183 14828 14828 W com.mbwhatsapp: Method void com.mbwhatsapp.HomeActivity.A6e() failed lock verification and will run slower.
01-30 21:58:08.583 14828 14828 E ArmVmp : Match on catch block at 0x0a in for 0x72f9148031
01-30 21:58:08.607 14828 14828 E ArmVmp : Match on catch block at 0x0a in for 0x72f914804d
01-30 21:58:08.712 14828 14828 W Activity: Can request only one set of permissions at a time
01-30 21:58:08.783 14828 14828 W Activity: PerfMonitor: Slow Operation: Activity com.mbwhatsapp/.HomeActivity onCreate took 580ms
01-30 21:58:08.812 14828 14828 W Looper : PerfMonitor looperActivity : package=com.mbwhatsapp/.HomeActivity time=0ms latency=650ms procState=-1 historyMsgCount=2 (msgIndex=2 wall=638ms seq=15 late=13ms h=android.app.ActivityThread$H w=159)
01-30 21:58:08.839 14828 15122 W com.mbwhatsapp: Accessing hidden method Lcom/android/org/conscrypt/ConscryptEngineSocket;->setUseSessionTickets(Z)V (max- target-q,core-platform-api, reflection, denied)
01-30 21:58:08.839 14828 15122 W com.mbwhatsapp: Accessing hidden method Lcom/android/org/conscrypt/OpenSSLSocketImpl;->setUseSessionTickets(Z)V (max- target-q,core-platform-api, reflection, denied)
01-30 21:58:08.839 14828 15122 W com.mbwhatsapp: Accessing hidden method Lcom/android/org/conscrypt/AbstractConscryptSocket;->setUseSessionTickets(Z)V (max- target-q, reflection, denied)
01-30 21:58:08.839 14828 15122 W com.mbwhatsapp: Accessing hidden method Lcom/android/org/conscrypt/ConscryptEngineSocket;->setHostname(Ljava/lang/String;)V (max-target-q,core-platform-api, reflection, denied)
01-30 21:58:08.839 14828 15122 W com.mbwhatsapp: Accessing hidden method Lcom/android/org/conscrypt/OpenSSLSocketImpl;->setHostname(Ljava/lang/String;)V (max-target-q,core-platform-api, reflection, denied)
01-30 21:58:08.839 14828 15122 W com.mbwhatsapp: Accessing hidden method Lcom/android/org/conscrypt/AbstractConscryptSocket;->setHostname(Ljava/lang/ String;)V (max-target-q, reflection, denied)
01-30 21:58:08.839 14828 15122 W com.mbwhatsapp: Accessing hidden method Lcom/android/org/conscrypt/OpenSSLSocketImpl;->setAlpnProtocols([B)V (max-target- q,core-platform-api, reflection, denied)
01-30 21:58:08.840 14828 15122 W com.mbwhatsapp: Accessing hidden method Lcom/android/org/conscrypt/AbstractConscryptSocket;->setAlpnProtocols([B)V (max- target-q, reflection, denied)
01-30 21:58:08.979 14828 15117 W libc : Access denied finding property "vendor.migl.debug"
01-30 21:58:08.982 14828 15117 E libEGL : pre_cache appList: ,,,
01-30 21:58:09.007 14828 15117 E LB : fail to open node: No such file or directory
01-30 21:58:09.009 14828 15117 E perf_hint: Session creation failed, mPreferredRateNanos: -1
01-30 21:58:09.168 14828 15161 W ContextImpl: Failed to ensure /storage/CE93-EDD2/Android/media/com.mbwhatsapp: android.os.ServiceSpecificException: (code -22)
01-30 21:58:09.578 14828 15122 W com.mbwhatsapp: Accessing hidden method Lcom/android/org/conscrypt/OpenSSLSocketImpl;->getAlpnSelectedProtocol()[B (max- target-q,core-platform-api, reflection, denied)
01-30 21:58:09.578 14828 15122 W com.mbwhatsapp: Accessing hidden method Lcom/android/org/conscrypt/AbstractConscryptSocket;->getAlpnSelectedProtocol()[B (max-target-q, reflection, denied)
01-30 21:58:09.671 14828 14828 W FingerprintManager: Invalid acquired message: 6, 22
01-30 21:58:10.307 14828 14828 E ArmVmp : Match on catch block at 0x0a in for 0x72f9148035
01-30 21:58:10.847 14828 15279 W LOTTIE : Animation contains merge paths. Merge paths are only supported on KitKat+ and must be manually enabled by calling enableMergePathsForKitKatAndAbove().
01-30 21:58:11.251 14828 14828 E RecyclerView: No adapter attached; skipping layout
01-30 21:58:11.298 14828 15117 E perf_hint: Session creation failed, mPreferredRateNanos: -1
01-30 21:58:11.298 14828 14828 W Looper : PerfMonitor doFrame : time=560ms vsyncFrame=0 latency=4ms procState=-1 historyMsgCount=4
01-30 21:58:11.332 14828 14828 E RecyclerView: No adapter attached; skipping layout
01-30 21:58:11.338 14828 14828 W Looper : PerfMonitor doFrame : time=39ms vsyncFrame=0 latency=548ms procState=-1 historyMsgCount=6 (msgIndex=1 wall=560ms seq=213 late=4ms h=android.view.Choreographer$FrameHandler c=android.view.Choreographer$FrameDisplayEventReceiver)
01-30 21:58:11.353 14828 14828 W LOTTIE : Animation contains merge paths but they are disabled.
01-30 21:58:11.960 14828 14828 E ArmVmp : Match on catch block at 0x5b in for 0x72f914801d
01-30 21:58:12.548 14828 14828 W MirrorManager: this model don't Support
01-30 21:58:12.855 14828 15391 E RenderScript: Failed to find hal setup entry points: undefined symbol: rsdHalAbort
01-30 21:58:12.855 14828 15391 E RenderScript: Failed to load runtime , loading default
01-30 21:58:13.028 14828 15055 W ContextImpl: Failed to ensure /storage/CE93-EDD2/Android/data/com.mbwhatsapp/cache: android.os.ServiceSpecificException: (code -22)
01-30 21:58:13.086 14828 14828 E ArmVmp : Match on catch block at 0x0a in for 0x72f9148035
01-30 21:58:13.092 14828 14828 E ArmVmp : Match on catch block at 0x0a in for 0x72f9148035
01-30 21:58:13.142 14828 14828 W Looper : PerfMonitor looperActivity : package=com.mbwhatsapp/.Conversation time=1ms latency=411ms procState=-1 historyMsgCount=7 (msgIndex=1 wall=62ms seq=612 late=11ms h=android.app.ActivityThread$H w=159) (msgIndex=7 wall=395ms seq=618 late=18ms h=android.app.ActivityThread$H w=159)
01-30 21:58:13.375 14828 14828 E ArmVmp : Match on catch block at 0xc3 in for 0x72f9148021
01-30 21:58:13.381 14828 14828 E ArmVmp : Match on catch block at 0xc3 in for 0x72f9148021
01-30 21:58:13.405 14828 15117 E perf_hint: Session creation failed, mPreferredRateNanos: -1
01-30 21:58:13.405 14828 14828 W Looper : PerfMonitor doFrame : time=263ms vsyncFrame=0 latency=391ms procState=-1 historyMsgCount=2 (msgIndex=1 wall=395ms seq=618 late=18ms h=android.app.ActivityThread$H w=159)
01-30 21:58:13.439 14828 14828 E ArmVmp : Match on catch block at 0xc3 in for 0x72f9148025
01-30 21:58:13.445 14828 14828 E ArmVmp : Match on catch block at 0xc3 in for 0x72f9148025
01-30 21:58:13.515 14828 14828 E ArmVmp : Match on catch block at 0xc3 in for 0x72f9148025
01-30 21:58:13.517 14828 14828 E ArmVmp : Match on catch block at 0xc3 in for 0x72f9148025
01-30 21:58:13.541 14828 14828 E ArmVmp : Match on catch block at 0xc3 in for 0x72f9148025
01-30 21:58:13.544 14828 14828 E ArmVmp : Match on catch block at 0xc3 in for 0x72f9148025
01-30 21:58:13.555 14828 14828 E ArmVmp : Match on catch block at 0xc3 in for 0x72f9148025
01-30 21:58:13.558 14828 14828 E ArmVmp : Match on catch block at 0xc3 in for 0x72f9148025
01-30 21:58:13.567 14828 14828 E ArmVmp : Match on catch block at 0xc3 in for 0x72f9148025
01-30 21:58:13.571 14828 14828 E ArmVmp : Match on catch block at 0xc3 in for 0x72f9148025
01-30 21:58:13.590 14828 14828 E ArmVmp : Match on catch block at 0xc3 in for 0x72f9148025
01-30 21:58:13.592 14828 14828 E ArmVmp : Match on catch block at 0xc3 in for 0x72f9148025
01-30 21:58:13.607 14828 14828 E ArmVmp : Match on catch block at 0xc3 in for 0x72f9148025
01-30 21:58:13.609 14828 14828 E ArmVmp : Match on catch block at 0xc3 in for 0x72f9148025
01-30 21:58:13.613 14828 14828 E ArmVmp : Match on catch block at 0xc3 in for 0x72f9148025
01-30 21:58:13.615 14828 14828 E ArmVmp : Match on catch block at 0xc3 in for 0x72f9148025
01-30 21:58:13.624 14828 14828 E ArmVmp : Match on catch block at 0xc3 in for 0x72f9148025
01-30 21:58:13.626 14828 14828 E ArmVmp : Match on catch block at 0xc3 in for 0x72f9148025
01-30 21:58:13.953 14828 14828 E ArmVmp : Match on catch block at 0xc3 in for 0x72f9148025
01-30 21:58:13.955 14828 14828 E ArmVmp : Match on catch block at 0xc3 in for 0x72f9148025
01-30 21:58:13.970 14828 14828 E ArmVmp : Match on catch block at 0xc3 in for 0x72f9148025
01-30 21:58:13.971 14828 14828 E ArmVmp : Match on catch block at 0xc3 in for 0x72f9148025
01-30 21:58:13.986 14828 14828 E ArmVmp : Match on catch block at 0xc3 in for 0x72f9148025
01-30 21:58:13.987 14828 14828 E ArmVmp : Match on catch block at 0xc3 in for 0x72f9148025
01-30 21:58:14.002 14828 14828 E ArmVmp : Match on catch block at 0xc3 in for 0x72f9148025
01-30 21:58:14.004 14828 14828 E ArmVmp : Match on catch block at 0xc3 in for 0x72f9148025
01-30 21:58:14.019 14828 14828 E ArmVmp : Match on catch block at 0xc3 in for 0x72f9148025
01-30 21:58:14.021 14828 14828 E ArmVmp : Match on catch block at 0xc3 in for 0x72f9148025
01-30 21:58:14.036 14828 14828 E ArmVmp : Match on catch block at 0xc3 in for 0x72f9148025
01-30 21:58:14.038 14828 14828 E ArmVmp : Match on catch block at 0xc3 in for 0x72f9148025
01-30 21:58:14.052 14828 14828 E ArmVmp : Match on catch block at 0xc3 in for 0x72f9148025
01-30 21:58:14.054 14828 14828 E ArmVmp : Match on catch block at 0xc3 in for 0x72f9148025
01-30 21:58:14.069 14828 14828 E ArmVmp : Match on catch block at 0xc3 in for 0x72f9148025
01-30 21:58:14.071 14828 14828 E ArmVmp : Match on catch block at 0xc3 in for 0x72f9148025
01-30 21:58:14.086 14828 14828 E ArmVmp : Match on catch block at 0xc3 in for 0x72f9148025
01-30 21:58:14.088 14828 14828 E ArmVmp : Match on catch block at 0xc3 in for 0x72f9148025
01-30 21:58:14.102 14828 14828 E ArmVmp : Match on catch block at 0xc3 in for 0x72f9148025
01-30 21:58:14.104 14828 14828 E ArmVmp : Match on catch block at 0xc3 in for 0x72f9148025
01-30 21:58:14.119 14828 14828 E ArmVmp : Match on catch block at 0xc3 in for 0x72f9148025
01-30 21:58:14.121 14828 14828 E ArmVmp : Match on catch block at 0xc3 in for 0x72f9148025
01-30 21:58:14.136 14828 14828 E ArmVmp : Match on catch block at 0xc3 in for 0x72f9148025
01-30 21:58:14.138 14828 14828 E ArmVmp : Match on catch block at 0xc3 in for 0x72f9148025
01-30 21:58:14.152 14828 14828 E ArmVmp : Match on catch block at 0xc3 in for 0x72f9148025
01-30 21:58:14.154 14828 14828 E ArmVmp : Match on catch block at 0xc3 in for 0x72f9148025
01-30 21:58:14.169 14828 14828 E ArmVmp : Match on catch block at 0xc3 in for 0x72f9148025
01-30 21:58:14.171 14828 14828 E ArmVmp : Match on catch block at 0xc3 in for 0x72f9148025
01-30 21:58:14.186 14828 14828 E ArmVmp : Match on catch block at 0xc3 in for 0x72f9148025
01-30 21:58:14.187 14828 14828 E ArmVmp : Match on catch block at 0xc3 in for 0x72f9148025
01-30 21:58:14.202 14828 14828 E ArmVmp : Match on catch block at 0xc3 in for 0x72f9148025
01-30 21:58:14.204 14828 14828 E ArmVmp : Match on catch block at 0xc3 in for 0x72f9148025
01-30 21:58:14.219 14828 14828 E ArmVmp : Match on catch block at 0xc3 in for 0x72f9148025
01-30 21:58:14.221 14828 14828 E ArmVmp : Match on catch block at 0xc3 in for 0x72f9148025
01-30 21:58:14.236 14828 14828 E ArmVmp : Match on catch block at 0xc3 in for 0x72f9148025
01-30 21:58:14.237 14828 14828 E ArmVmp : Match on catch block at 0xc3 in for 0x72f9148025
01-30 21:58:14.252 14828 14828 E ArmVmp : Match on catch block at 0xc3 in for 0x72f9148025
01-30 21:58:14.254 14828 14828 E ArmVmp : Match on catch block at 0xc3 in for 0x72f9148025
01-30 21:58:14.269 14828 14828 E ArmVmp : Match on catch block at 0xc3 in for 0x72f9148025
01-30 21:58:14.271 14828 14828 E ArmVmp : Match on catch block at 0xc3 in for 0x72f9148025
01-30 21:58:14.552 14828 14828 E ArmVmp : Match on catch block at 0xc3 in for 0x72f9148025
01-30 21:58:14.553 14828 15113 W Looper : PerfMonitor longMsg : seq=2 plan=21:58:08.816 late=0ms wall=5736ms h=X.10H w=0 procState=-1
01-30 21:58:14.555 14828 14828 E ArmVmp : Match on catch block at 0xc3 in for 0x72f9148025
01-30 21:58:15.054 14828 14828 E ArmVmp : Match on catch block at 0xc3 in for 0x72f9148025
01-30 21:58:15.058 14828 14828 E ArmVmp : Match on catch block at 0xc3 in for 0x72f9148025
01-30 21:58:15.104 14828 14828 E ArmVmp : Match on catch block at 0xc3 in for 0x72f9148025
01-30 21:58:15.112 14828 14828 E ArmVmp : Match on catch block at 0xc3 in for 0x72f9148025
01-30 21:58:15.120 14828 14828 E ArmVmp : Match on catch block at 0xc3 in for 0x72f9148025
01-30 21:58:15.126 14828 14828 E ArmVmp : Match on catch block at 0xc3 in for 0x72f9148025
01-30 21:58:15.137 14828 14828 E ArmVmp : Match on catch block at 0xc3 in for 0x72f9148025
01-30 21:58:15.143 14828 14828 E ArmVmp : Match on catch block at 0xc3 in for 0x72f9148025
01-30 21:58:15.154 14828 14828 E ArmVmp : Match on catch block at 0xc3 in for 0x72f9148025
01-30 21:58:15.160 14828 14828 E ArmVmp : Match on catch block at 0xc3 in for 0x72f9148025
01-30 21:58:15.170 14828 14828 E ArmVmp : Match on catch block at 0xc3 in for 0x72f9148025
01-30 21:58:15.172 14828 14828 E ArmVmp : Match on catch block at 0xc3 in for 0x72f9148025
01-30 21:58:15.186 14828 14828 E ArmVmp : Match on catch block at 0xc3 in for 0x72f9148025
01-30 21:58:15.188 14828 14828 E ArmVmp : Match on catch block at 0xc3 in for 0x72f9148025
01-30 21:58:15.204 14828 14828 E ArmVmp : Match on catch block at 0xc3 in for 0x72f9148025
01-30 21:58:15.207 14828 14828 E ArmVmp : Match on catch block at 0xc3 in for 0x72f9148025
01-30 21:58:15.221 14828 14828 E ArmVmp : Match on catch block at 0xc3 in for 0x72f9148025
01-30 21:58:15.224 14828 14828 E ArmVmp : Match on catch block at 0xc3 in for 0x72f9148025
01-30 21:58:15.237 14828 14828 E ArmVmp : Match on catch block at 0xc3 in for 0x72f9148025
01-30 21:58:15.241 14828 14828 E ArmVmp : Match on catch block at 0xc3 in for 0x72f9148025
01-30 21:58:15.254 14828 14828 E ArmVmp : Match on catch block at 0xc3 in for 0x72f9148025
01-30 21:58:15.258 14828 14828 E ArmVmp : Match on catch block at 0xc3 in for 0x72f9148025
01-30 21:58:15.270 14828 14828 E ArmVmp : Match on catch block at 0xc3 in for 0x72f9148025
01-30 21:58:15.273 14828 14828 E ArmVmp : Match on catch block at 0xc3 in for 0x72f9148025
01-30 21:58:15.286 14828 14828 E ArmVmp : Match on catch block at 0xc3 in for 0x72f9148025
01-30 21:58:15.289 14828 14828 E ArmVmp : Match on catch block at 0xc3 in for 0x72f9148025
01-30 21:58:15.303 14828 14828 E ArmVmp : Match on catch block at 0xc3 in for 0x72f9148025
01-30 21:58:15.306 14828 14828 E ArmVmp : Match on catch block at 0xc3 in for 0x72f9148025
01-30 21:58:15.321 14828 14828 E ArmVmp : Match on catch block at 0xc3 in for 0x72f9148025
01-30 21:58:15.324 14828 14828 E ArmVmp : Match on catch block at 0xc3 in for 0x72f9148025
01-30 21:58:15.338 14828 14828 E ArmVmp : Match on catch block at 0xc3 in for 0x72f9148025
01-30 21:58:15.343 14828 14828 E ArmVmp : Match on catch block at 0xc3 in for 0x72f9148025
01-30 21:58:15.354 14828 14828 E ArmVmp : Match on catch block at 0xc3 in for 0x72f9148025
01-30 21:58:15.357 14828 14828 E ArmVmp : Match on catch block at 0xc3 in for 0x72f9148025
01-30 21:58:15.370 14828 14828 E ArmVmp : Match on catch block at 0xc3 in for 0x72f9148025
