01-30 19:04:54.547 11386 11386 E ArmVmp : Match on catch block at 0xc3 in for 0x72f9148025
01-30 19:04:54.577 11386 11386 W com.mbwhatsapp: Method void com.mbwhatsapp.HomeActivity.A6e() failed lock verification and will run slower.
01-30 19:04:54.994 11386 11386 E ArmVmp : Match on catch block at 0x0a in for 0x72f9148031
01-30 19:04:55.026 11386 11386 E ArmVmp : Match on catch block at 0x0a in for 0x72f914804d
01-30 19:04:55.104 11386 12220 W com.mbwhatsapp: Accessing hidden method Lcom/android/org/conscrypt/ConscryptEngineSocket;->setUseSessionTickets(Z)V (max- target-q,core-platform-api, reflection, denied)
01-30 19:04:55.104 11386 12220 W com.mbwhatsapp: Accessing hidden method Lcom/android/org/conscrypt/OpenSSLSocketImpl;->setUseSessionTickets(Z)V (max- target-q,core-platform-api, reflection, denied)
01-30 19:04:55.104 11386 12220 W com.mbwhatsapp: Accessing hidden method Lcom/android/org/conscrypt/AbstractConscryptSocket;->setUseSessionTickets(Z)V (max- target-q, reflection, denied)
01-30 19:04:55.104 11386 12220 W com.mbwhatsapp: Accessing hidden method Lcom/android/org/conscrypt/ConscryptEngineSocket;->setHostname(Ljava/lang/String;)V (max-target-q,core-platform-api, reflection, denied)
01-30 19:04:55.104 11386 12220 W com.mbwhatsapp: Accessing hidden method Lcom/android/org/conscrypt/OpenSSLSocketImpl;->setHostname(Ljava/lang/String;)V (max-target-q,core-platform-api, reflection, denied)
01-30 19:04:55.105 11386 12220 W com.mbwhatsapp: Accessing hidden method Lcom/android/org/conscrypt/AbstractConscryptSocket;->setHostname(Ljava/lang/ String;)V (max-target-q, reflection, denied)
01-30 19:04:55.105 11386 12220 W com.mbwhatsapp: Accessing hidden method Lcom/android/org/conscrypt/OpenSSLSocketImpl;->setAlpnProtocols([B)V (max-target- q,core-platform-api, reflection, denied)
01-30 19:04:55.105 11386 12220 W com.mbwhatsapp: Accessing hidden method Lcom/android/org/conscrypt/AbstractConscryptSocket;->setAlpnProtocols([B)V (max- target-q, reflection, denied)
01-30 19:04:55.166 11386 11386 W Activity: Can request only one set of permissions at a time
01-30 19:04:55.190 11386 12220 W com.mbwhatsapp: Accessing hidden method Lcom/android/org/conscrypt/OpenSSLSocketImpl;->getAlpnSelectedProtocol()[B (max- target-q,core-platform-api, reflection, denied)
01-30 19:04:55.190 11386 12220 W com.mbwhatsapp: Accessing hidden method Lcom/android/org/conscrypt/AbstractConscryptSocket;->getAlpnSelectedProtocol()[B (max-target-q, reflection, denied)
01-30 19:04:55.220 11386 11386 W Activity: PerfMonitor: Slow Operation: Activity com.mbwhatsapp/.HomeActivity onCreate took 623ms
01-30 19:04:55.251 11386 11386 W Looper : PerfMonitor looperActivity : package=com.mbwhatsapp/.HomeActivity time=0ms latency=725ms procState=-1 historyMsgCount=7 (msgIndex=7 wall=698ms seq=1317 late=28ms h=android.app.ActivityThread$H w=159)
01-30 19:04:55.252 11386 11386 E ArmVmp : Match on catch block at 0xc3 in for 0x72f9148025
01-30 19:04:55.256 11386 11386 E ArmVmp : Match on catch block at 0xc3 in for 0x72f9148025
01-30 19:04:55.257 11386 11386 E ArmVmp : Match on catch block at 0xc3 in for 0x72f9148025
01-30 19:04:55.361 11386 12242 W LOTTIE : Animation contains merge paths. Merge paths are only supported on KitKat+ and must be manually enabled by calling enableMergePathsForKitKatAndAbove().
01-30 19:04:55.803 11386 11386 E RecyclerView: No adapter attached; skipping layout
01-30 19:04:55.845 11386 11609 E perf_hint: Session creation failed, mPreferredRateNanos: -1
01-30 19:04:55.846 11386 11386 W Looper : PerfMonitor doFrame : time=595ms vsyncFrame=0 latency=684ms procState=-1 historyMsgCount=2 (msgIndex=1 wall=698ms seq=1317 late=28ms h=android.app.ActivityThread$H w=159)
01-30 19:04:55.853 11386 11386 W Looper : PerfMonitor looperActivity : package=com.mbwhatsapp/.HomeActivity time=0ms latency=793ms procState=-1 historyMsgCount=15 (msgIndex=1 wall=698ms seq=1317 late=28ms h=android.app.ActivityThread$H w=159) (msgIndex=3 wall=595ms seq=1319 late=684ms h=android.view.Choreographer$FrameHandler c=android.view.Choreographer$FrameDisplayEventReceiver)
01-30 19:04:55.865 11386 11386 W Looper : PerfMonitor looperActivity : package=com.mbwhatsapp/.HomeActivity time=12ms latency=793ms procState=-1 historyMsgCount=16 (msgIndex=1 wall=698ms seq=1317 late=28ms h=android.app.ActivityThread$H w=159) (msgIndex=3 wall=595ms seq=1319 late=684ms h=android.view.Choreographer$FrameHandler c=android.view.Choreographer$FrameDisplayEventReceiver)
01-30 19:04:55.948 11386 11386 E ArmVmp : Match on catch block at 0xc3 in for 0x72f9148025
01-30 19:04:55.952 11386 11386 E ArmVmp : Match on catch block at 0xc3 in for 0x72f9148025
01-30 19:04:55.954 11386 11386 E ArmVmp : Match on catch block at 0xc3 in for 0x72f9148025
01-30 19:04:55.978 11386 11386 E RecyclerView: No adapter attached; skipping layout
01-30 19:04:55.991 11386 11386 W Looper : PerfMonitor doFrame : time=119ms vsyncFrame=0 latency=605ms procState=-1 historyMsgCount=28 (msgIndex=1 wall=595ms seq=1319 late=684ms h=android.view.Choreographer$FrameHandler c=android.view.Choreographer$FrameDisplayEventReceiver)
01-30 19:04:55.995 11386 11386 W LOTTIE : Animation contains merge paths but they are disabled.
01-30 19:04:56.018 11386 11386 E ArmVmp : Match on catch block at 0x0a in for 0x72f9148035
01-30 19:04:56.036 11386 11386 W Looper : PerfMonitor looperActivity : package=com.mbwhatsapp/mbmodsd.mbmodsw.mbsettings.yo.PauseActivity time=25ms latency=446ms procState=-1 historyMsgCount=113 (msgIndex=1 wall=595ms seq=1319 late=684ms h=android.view.Choreographer$FrameHandler c=android.view.Choreographer$FrameDisplayEventReceiver) (msgIndex=29 wall=119ms seq=1347 late=605ms h=android.view.Choreographer$FrameHandler c=android.view.Choreographer$FrameDisplayEventReceiver)
01-30 19:04:56.201 11386 11609 E perf_hint: Session creation failed, mPreferredRateNanos: -1
01-30 19:04:56.875 11386 11386 W OnBackInvokedCallback: OnBackInvokedCallback is not enabled for the application.
01-30 19:04:56.875 11386 11386 W OnBackInvokedCallback: Set 'android:enableOnBackInvokedCallback="true"' in the application manifest.
01-30 19:04:56.980 11386 11386 E ArmVmp : Match on catch block at 0x5b in for 0x72f914801d
01-30 19:04:57.007 11386 11386 W OnBackInvokedCallback: OnBackInvokedCallback is not enabled for the application.
01-30 19:04:57.007 11386 11386 W OnBackInvokedCallback: Set 'android:enableOnBackInvokedCallback="true"' in the application manifest.
01-30 19:05:00.957 11386 11638 W ContextImpl: Failed to ensure /storage/CE93-EDD2/Android/data/com.mbwhatsapp/cache: android.os.ServiceSpecificException: (code -22)
01-30 19:05:00.998 11386 11386 E ArmVmp : Match on catch block at 0x0a in for 0x72f9148035
01-30 19:05:01.002 11386 11386 E ArmVmp : Match on catch block at 0x0a in for 0x72f9148035
01-30 19:05:01.245 11386 11386 E ArmVmp : Match on catch block at 0xc3 in for 0x72f9148021
01-30 19:05:01.251 11386 11386 E ArmVmp : Match on catch block at 0xc3 in for 0x72f9148021
01-30 19:05:01.273 11386 11609 E perf_hint: Session creation failed, mPreferredRateNanos: -1
01-30 19:05:01.334 11386 11386 E ArmVmp : Match on catch block at 0xc3 in for 0x72f9148025
01-30 19:05:01.341 11386 11386 E ArmVmp : Match on catch block at 0xc3 in for 0x72f9148025
01-30 19:05:01.381 11386 11386 E ArmVmp : Match on catch block at 0xc3 in for 0x72f9148025
01-30 19:05:01.386 11386 11386 E ArmVmp : Match on catch block at 0xc3 in for 0x72f9148025
01-30 19:05:01.425 11386 11386 E ArmVmp : Match on catch block at 0xc3 in for 0x72f9148025
01-30 19:05:01.430 11386 11386 E ArmVmp : Match on catch block at 0xc3 in for 0x72f9148025
01-30 19:05:01.449 11386 11386 E ArmVmp : Match on catch block at 0xc3 in for 0x72f9148025
01-30 19:05:01.459 11386 11386 E ArmVmp : Match on catch block at 0xc3 in for 0x72f9148025
01-30 19:05:01.488 11386 11386 E ArmVmp : Match on catch block at 0xc3 in for 0x72f9148025
01-30 19:05:01.510 11386 11386 E ArmVmp : Match on catch block at 0xc3 in for 0x72f9148025
01-30 19:05:01.548 11386 11386 E ArmVmp : Match on catch block at 0xc3 in for 0x72f9148025
01-30 19:05:01.552 11386 11386 E ArmVmp : Match on catch block at 0xc3 in for 0x72f9148025
01-30 19:05:01.620 11386 11386 E ArmVmp : Match on catch block at 0xc3 in for 0x72f9148025
01-30 19:05:01.626 11386 11386 E ArmVmp : Match on catch block at 0xc3 in for 0x72f9148025
01-30 19:05:01.687 11386 11386 E ArmVmp : Match on catch block at 0xc3 in for 0x72f9148025
01-30 19:05:01.692 11386 11386 E ArmVmp : Match on catch block at 0xc3 in for 0x72f9148025
01-30 19:05:01.752 11386 11386 E ArmVmp : Match on catch block at 0xc3 in for 0x72f9148025
01-30 19:05:01.755 11386 11386 E ArmVmp : Match on catch block at 0xc3 in for 0x72f9148025
01-30 19:05:01.835 11386 11386 E ArmVmp : Match on catch block at 0xc3 in for 0x72f9148025
01-30 19:05:01.838 11386 11386 E ArmVmp : Match on catch block at 0xc3 in for 0x72f9148025
01-30 19:05:01.855 11386 11386 E ArmVmp : Match on catch block at 0xc3 in for 0x72f9148025
01-30 19:05:01.859 11386 11386 E ArmVmp : Match on catch block at 0xc3 in for 0x72f9148025
01-30 19:05:01.883 11386 11386 E ArmVmp : Match on catch block at 0xc3 in for 0x72f9148025
01-30 19:05:01.886 11386 11386 E ArmVmp : Match on catch block at 0xc3 in for 0x72f9148025
01-30 19:05:01.891 11386 11386 E ArmVmp : Match on catch block at 0xc3 in for 0x72f9148025
01-30 19:05:01.896 11386 11386 E ArmVmp : Match on catch block at 0xc3 in for 0x72f9148025
01-30 19:05:01.907 11386 11386 E ArmVmp : Match on catch block at 0xc3 in for 0x72f9148025
01-30 19:05:01.911 11386 11386 E ArmVmp : Match on catch block at 0xc3 in for 0x72f9148025
01-30 19:05:01.921 11386 11386 W OnBackInvokedCallback: OnBackInvokedCallback is not enabled for the application.
01-30 19:05:01.921 11386 11386 W OnBackInvokedCallback: Set 'android:enableOnBackInvokedCallback="true"' in the application manifest.
01-30 19:05:01.937 11386 11386 E ArmVmp : Match on catch block at 0xc3 in for 0x72f9148025
01-30 19:05:01.945 11386 11386 E ArmVmp : Match on catch block at 0xc3 in for 0x72f9148025
01-30 19:05:01.954 11386 11386 E ArmVmp : Match on catch block at 0xc3 in for 0x72f9148025
01-30 19:05:01.960 11386 11386 E ArmVmp : Match on catch block at 0xc3 in for 0x72f9148025
01-30 19:05:01.986 11386 11386 E ArmVmp : Match on catch block at 0xc3 in for 0x72f9148025
01-30 19:05:01.991 11386 11386 E ArmVmp : Match on catch block at 0xc3 in for 0x72f9148025
01-30 19:05:02.003 11386 11386 E ArmVmp : Match on catch block at 0xc3 in for 0x72f9148025
01-30 19:05:02.009 11386 11386 E ArmVmp : Match on catch block at 0xc3 in for 0x72f9148025
01-30 19:05:02.022 11386 11386 E ArmVmp : Match on catch block at 0xc3 in for 0x72f9148025
01-30 19:05:02.027 11386 11386 E ArmVmp : Match on catch block at 0xc3 in for 0x72f9148025
01-30 19:05:02.036 11386 11386 E ArmVmp : Match on catch block at 0xc3 in for 0x72f9148025
01-30 19:05:02.041 11386 11386 E ArmVmp : Match on catch block at 0xc3 in for 0x72f9148025
01-30 19:05:02.052 11386 11386 E ArmVmp : Match on catch block at 0xc3 in for 0x72f9148025
01-30 19:05:02.057 11386 11386 E ArmVmp : Match on catch block at 0xc3 in for 0x72f9148025
01-30 19:05:02.069 11386 11386 E ArmVmp : Match on catch block at 0xc3 in for 0x72f9148025
01-30 19:05:02.078 11386 11386 E ArmVmp : Match on catch block at 0xc3 in for 0x72f9148025
01-30 19:05:02.087 11386 11386 E ArmVmp : Match on catch block at 0xc3 in for 0x72f9148025
01-30 19:05:02.096 11386 11386 E ArmVmp : Match on catch block at 0xc3 in for 0x72f9148025
01-30 19:05:02.119 11386 11386 E ArmVmp : Match on catch block at 0xc3 in for 0x72f9148025
01-30 19:05:02.126 11386 11386 E ArmVmp : Match on catch block at 0xc3 in for 0x72f9148025
01-30 19:05:02.138 11386 11386 E ArmVmp : Match on catch block at 0xc3 in for 0x72f9148025
01-30 19:05:02.141 11386 11386 E ArmVmp : Match on catch block at 0xc3 in for 0x72f9148025
01-30 19:05:02.153 11386 11386 E ArmVmp : Match on catch block at 0xc3 in for 0x72f9148025
01-30 19:05:02.158 11386 11386 E ArmVmp : Match on catch block at 0xc3 in for 0x72f9148025
01-30 19:05:02.170 11386 11386 E ArmVmp : Match on catch block at 0xc3 in for 0x72f9148025
01-30 19:05:02.175 11386 11386 E ArmVmp : Match on catch block at 0xc3 in for 0x72f9148025
01-30 19:05:02.198 11386 11386 E ArmVmp : Match on catch block at 0xc3 in for 0x72f9148025
01-30 19:05:02.201 11386 11386 E ArmVmp : Match on catch block at 0xc3 in for 0x72f9148025
01-30 19:05:02.208 11386 11386 E ArmVmp : Match on catch block at 0xc3 in for 0x72f9148025
01-30 19:05:02.211 11386 11386 E ArmVmp : Match on catch block at 0xc3 in for 0x72f9148025
01-30 19:05:02.435 11386 11386 E ArmVmp : Match on catch block at 0xc3 in for 0x72f9148025
01-30 19:05:02.438 11386 11386 E ArmVmp : Match on catch block at 0xc3 in for 0x72f9148025
01-30 19:05:02.645 11386 11386 E ArmVmp : Match on catch block at 0xc3 in for 0x72f9148025
01-30 19:05:02.653 11386 11386 E ArmVmp : Match on catch block at 0xc3 in for 0x72f9148025
01-30 19:05:02.676 11386 11386 E ArmVmp : Match on catch block at 0xc3 in for 0x72f9148025
01-30 19:05:02.679 11386 11386 E ArmVmp : Match on catch block at 0xc3 in for 0x72f9148025
01-30 19:05:02.685 11386 11386 E ArmVmp : Match on catch block at 0xc3 in for 0x72f9148025
01-30 19:05:02.691 11386 11386 E ArmVmp : Match on catch block at 0xc3 in for 0x72f9148025
01-30 19:05:02.704 11386 11386 E ArmVmp : Match on catch block at 0xc3 in for 0x72f9148025
01-30 19:05:02.709 11386 11386 E ArmVmp : Match on catch block at 0xc3 in for 0x72f9148025
01-30 19:05:02.719 11386 11386 E ArmVmp : Match on catch block at 0xc3 in for 0x72f9148025
01-30 19:05:02.723 11386 11386 E ArmVmp : Match on catch block at 0xc3 in for 0x72f9148025
01-30 19:05:02.736 11386 11386 E ArmVmp : Match on catch block at 0xc3 in for 0x72f9148025
01-30 19:05:02.743 11386 11386 E ArmVmp : Match on catch block at 0xc3 in for 0x72f9148025
01-30 19:05:02.769 11386 11386 E ArmVmp : Match on catch block at 0xc3 in for 0x72f9148025
01-30 19:05:02.776 11386 11386 E ArmVmp : Match on catch block at 0xc3 in for 0x72f9148025
01-30 19:05:02.786 11386 11386 E ArmVmp : Match on catch block at 0xc3 in for 0x72f9148025
01-30 19:05:02.792 11386 11386 E ArmVmp : Match on catch block at 0xc3 in for 0x72f9148025
01-30 19:05:02.804 11386 11386 E ArmVmp : Match on catch block at 0xc3 in for 0x72f9148025
01-30 19:05:02.814 11386 11386 E ArmVmp : Match on catch block at 0xc3 in for 0x72f9148025
01-30 19:05:02.836 11386 11386 E ArmVmp : Match on catch block at 0xc3 in for 0x72f9148025
01-30 19:05:02.841 11386 11386 E ArmVmp : Match on catch block at 0xc3 in for 0x72f9148025
01-30 19:05:02.854 11386 11386 E ArmVmp : Match on catch block at 0xc3 in for 0x72f9148025
01-30 19:05:02.858 11386 11386 E ArmVmp : Match on catch block at 0xc3 in for 0x72f9148025
01-30 19:05:02.885 11386 11386 E ArmVmp : Match on catch block at 0xc3 in for 0x72f9148025
01-30 19:05:02.893 11386 11386 E ArmVmp : Match on catch block at 0xc3 in for 0x72f9148025
01-30 19:05:03.389 11386 11386 E ArmVmp : Match on catch block at 0xc3 in for 0x72f9148025
01-30 19:05:03.403 11386 11386 E ArmVmp : Match on catch block at 0xc3 in for 0x72f9148025
01-30 19:05:03.805 11386 11386 E ArmVmp : Match on catch block at 0xc3 in for 0x72f9148025
01-30 19:05:03.810 11386 11386 E ArmVmp : Match on catch block at 0xc3 in for 0x72f9148025
01-30 19:05:03.832 11386 11638 W ContextImpl: Failed to ensure /storage/CE93-EDD2/Android/data/com.mbwhatsapp/cache: android.os.ServiceSpecificException: (code -22)
01-30 19:05:03.835 11386 11386 E ArmVmp : Match on catch block at 0xc3 in for 0x72f9148025
01-30 19:05:03.839 11386 11386 E ArmVmp : Match on catch block at 0xc3 in for 0x72f9148025
01-30 19:05:03.860 11386 11386 E ArmVmp : Match on catch block at 0xc3 in for 0x72f9148025
01-30 19:05:03.863 11386 11386 E ArmVmp : Match on catch block at 0xc3 in for 0x72f9148025
01-30 19:05:03.869 11386 11386 E ArmVmp : Match on catch block at 0xc3 in for 0x72f9148025
01-30 19:05:03.873 11386 11386 E ArmVmp : Match on catch block at 0xc3 in for 0x72f9148025
01-30 19:05:03.886 11386 11386 E ArmVmp : Match on catch block at 0xc3 in for 0x72f9148025
01-30 19:05:03.897 11386 11386 E ArmVmp : Match on catch block at 0xc3 in for 0x72f9148025
01-30 19:05:03.902 11386 11386 E ArmVmp : Match on catch block at 0xc3 in for 0x72f9148025
01-30 19:05:03.904 11386 11386 E ArmVmp : Match on catch block at 0xc3 in for 0x72f9148025
01-30 19:05:03.918 11386 11386 E ArmVmp : Match on catch block at 0xc3 in for 0x72f9148025
01-30 19:05:03.920 11386 11386 E ArmVmp : Match on catch block at 0xc3 in for 0x72f9148025
01-30 19:05:03.935 11386 11386 E ArmVmp : Match on catch block at 0xc3 in for 0x72f9148025
01-30 19:05:03.938 11386 11386 E ArmVmp : Match on catch block at 0xc3 in for 0x72f9148025
01-30 19:05:03.976 11386 11386 E ArmVmp : Match on catch block at 0xc3 in for 0x72f9148025
01-30 19:05:03.979 11386 11386 E ArmVmp : Match on catch block at 0xc3 in for 0x72f9148025
01-30 19:05:03.993 11386 11386 E ArmVmp : Match on catch block at 0xc3 in for 0x72f9148025
01-30 19:05:03.997 11386 11386 E ArmVmp : Match on catch block at 0xc3 in for 0x72f9148025
01-30 19:05:04.007 11386 11386 E ArmVmp : Match on catch block at 0xc3 in for 0x72f9148025
01-30 19:05:04.009 11386 11386 E ArmVmp : Match on catch block at 0xc3 in for 0x72f9148025
01-30 19:05:04.018 11386 11386 E ArmVmp : Match on catch block at 0xc3 in for 0x72f9148025
01-30 19:05:04.025 11386 11386 E ArmVmp : Match on catch block at 0xc3 in for 0x72f9148025
01-30 19:05:04.336 11386 11386 E ArmVmp : Match on catch block at 0xc3 in for 0x72f9148025
01-30 19:05:04.341 11386 11386 E ArmVmp : Match on catch block at 0xc3 in for 0x72f9148025
01-30 19:05:04.490 11386 11386 E ArmVmp : Match on catch block at 0xc3 in for 0x72f9148025
01-30 19:05:04.494 11386 11386 E ArmVmp : Match on catch block at 0xc3 in for 0x72f9148025
01-30 19:05:04.507 11386 11386 E ArmVmp : Match on catch block at 0xc3 in for 0x72f9148025
01-30 19:05:04.512 11386 11386 E ArmVmp : Match on catch block at 0xc3 in for 0x72f9148025
01-30 19:05:04.515 11386 11692 W MediaPlayer: Use of stream types is deprecated for operations other than volume control
01-30 19:05:04.515 11386 11692 W MediaPlayer: See the documentation of setAudioStreamType() for what to use instead with android.media.AudioAttributes to qualify your playback use case
01-30 19:05:04.519 11386 11386 E ArmVmp : Match on catch block at 0xc3 in for 0x72f9148025
01-30 19:05:04.522 11386 11386 E ArmVmp : Match on catch block at 0xc3 in for 0x72f9148025
01-30 19:05:04.536 11386 11386 E ArmVmp : Match on catch block at 0xc3 in for 0x72f9148025
01-30 19:05:04.539 11386 11386 E ArmVmp : Match on catch block at 0xc3 in for 0x72f9148025
01-30 19:05:04.564 11386 11386 E ArmVmp : Match on catch block at 0xc3 in for 0x72f9148025
01-30 19:05:04.567 11386 11386 E ArmVmp : Match on catch block at 0xc3 in for 0x72f9148025
01-30 19:05:04.866 11386 11386 E ArmVmp : Match on catch block at 0xc3 in for 0x72f9148025
01-30 19:05:04.869 11386 11386 E ArmVmp : Match on catch block at 0xc3 in for 0x72f9148025
01-30 19:05:04.925 11386 11386 W Looper : PerfMonitor doFrame : time=339ms vsyncFrame=0 latency=20ms procState=-1 historyMsgCount=3
01-30 19:05:04.932 11386 11386 E ArmVmp : Match on catch block at 0xc3 in for 0x72f9148025
01-30 19:05:04.939 11386 11386 E ArmVmp : Match on catch block at 0xc3 in for 0x72f9148025
01-30 19:05:04.962 11386 11386 W Looper : PerfMonitor doFrame : time=32ms vsyncFrame=0 latency=330ms procState=-1 historyMsgCount=14 (msgIndex=1 wall=339ms seq=2388 late=20ms h=android.view.Choreographer$FrameHandler c=android.view.Choreographer$FrameDisplayEventReceiver)
01-30 19:05:05.009 11386 11386 E ArmVmp : Match on catch block at 0xc3 in for 0x72f9148025
01-30 19:05:05.012 11386 11386 E ArmVmp : Match on catch block at 0xc3 in for 0x72f9148025
01-30 19:05:05.023 11386 11386 W OnBackInvokedCallback: OnBackInvokedCallback is not enabled for the application.
01-30 19:05:05.023 11386 11386 W OnBackInvokedCallback: Set 'android:enableOnBackInvokedCallback="true"' in the application manifest.
01-30 19:05:05.029 11386 11386 E ArmVmp : Match on catch block at 0xc3 in for 0x72f9148025
01-30 19:05:05.034 11386 11386 E ArmVmp : Match on catch block at 0xc3 in for 0x72f9148025
01-30 19:05:05.044 11386 11386 W RemoteInputConnectionImpl: requestCursorAnchorInfo on inactive InputConnection
01-30 19:05:05.092 11386 11386 E ArmVmp : Match on catch block at 0xc3 in for 0x72f9148025
01-30 19:05:05.096 11386 11386 E ArmVmp : Match on catch block at 0xc3 in for 0x72f9148025
01-30 19:05:05.105 11386 11386 E ArmVmp : Match on catch block at 0xc3 in for 0x72f9148025
01-30 19:05:05.107 11386 11386 E ArmVmp : Match on catch block at 0xc3 in for 0x72f9148025
01-30 19:05:05.403 11386 11386 E ArmVmp : Match on catch block at 0xc3 in for 0x72f9148025
01-30 19:05:05.410 11386 11386 E ArmVmp : Match on catch block at 0xc3 in for 0x72f9148025
01-30 19:05:05.421 11386 11386 E ArmVmp : Match on catch block at 0xc3 in for 0x72f9148025
01-30 19:05:05.428 11386 11386 E ArmVmp : Match on catch block at 0xc3 in for 0x72f9148025
01-30 19:05:05.465 11386 11386 E ArmVmp : Match on catch block at 0xc3 in for 0x72f9148025
01-30 19:05:05.468 11386 11386 E ArmVmp : Match on catch block at 0xc3 in for 0x72f9148025
01-30 19:05:06.051 11386 11609 E perf_hint: Session creation failed, mPreferredRateNanos: -1
01-30 19:05:06.898 11386 11386 W ResourceType: Bad XML block: header size 18254 or total size 169478669 is larger than data size 380
01-30 19:05:06.903 11386 11386 W ResourceType: Bad XML block: header size 18254 or total size 169478669 is larger than data size 431
01-30 19:05:06.915 11386 11386 W ResourceType: Bad XML block: header size 18254 or total size 169478669 is larger than data size 677
01-30 19:05:06.919 11386 11386 W ResourceType: Bad XML block: header size 18254 or total size 169478669 is larger than data size 248
01-30 19:05:06.929 11386 11386 W ResourceType: Bad XML block: header size 18254 or total size 169478669 is larger than data size 571
01-30 19:05:06.937 11386 11386 W ResourceType: Bad XML block: header size 18254 or total size 169478669 is larger than data size 333
01-30 19:05:06.943 11386 11386 W ResourceType: Bad XML block: header size 18254 or total size 169478669 is larger than data size 650
01-30 19:05:06.947 11386 11386 W ResourceType: Bad XML block: header size 18254 or total size 169478669 is larger than data size 1150
01-30 19:05:06.951 11386 11386 W ResourceType: Bad XML block: header size 18254 or total size 169478669 is larger than data size 491
01-30 19:05:06.955 11386 11386 W ResourceType: Bad XML block: header size 18254 or total size 169478669 is larger than data size 1150
01-30 19:05:06.959 11386 11386 W ResourceType: Bad XML block: header size 18254 or total size 169478669 is larger than data size 659
01-30 19:05:06.962 11386 11386 W ResourceType: Bad XML block: header size 18254 or total size 169478669 is larger than data size 593
01-30 19:05:06.971 11386 11386 W ResourceType: Bad XML block: header size 18254 or total size 169478669 is larger than data size 1171
01-30 19:05:06.975 11386 11386 W ResourceType: Bad XML block: header size 18254 or total size 169478669 is larger than data size 510
01-30 19:05:07.019 11386 11386 W ResourceType: Bad XML block: header size 18254 or total size 169478669 is larger than data size 853
01-30 19:05:07.069 11386 11386 W ResourceType: Bad XML block: header size 18254 or total size 169478669 is larger than data size 650
01-30 19:05:07.104 11386 11386 W Looper : PerfMonitor looperActivity : package=com.mbwhatsapp/.chatinfo.ContactInfoActivity time=0ms latency=336ms procState=-1 historyMsgCount=4 (msgIndex=4 wall=330ms seq=2658 late=7ms h=android.app.ActivityThread$H w=159)
01-30 19:05:07.146 11386 11386 W View : requestLayout() improperly called by android.widget.Space{2b79a7f I.ED..... ......I. 24,72-32,80 #7f0b00ba app:id/action_tile_spacing} during layout: running second layout pass
01-30 19:05:07.147 11386 11386 W View : requestLayout() improperly called by android.widget.Space{679aa4c I.ED..... ......I. 24,72-32,80 #7f0b00ba app:id/action_tile_spacing} during layout: running second layout pass
01-30 19:05:07.147 11386 11386 W View : requestLayout() improperly called by android.widget.Space{678da95 I.ED..... ......I. 24,72-32,80 #7f0b00ba app:id/action_tile_spacing} during layout: running second layout pass
01-30 19:05:07.196 11386 11609 E perf_hint: Session creation failed, mPreferredRateNanos: -1
01-30 19:05:07.200 11386 11386 W Looper : PerfMonitor doFrame : time=95ms vsyncFrame=0 latency=321ms procState=-1 historyMsgCount=3 (msgIndex=1 wall=330ms seq=2658 late=7ms h=android.app.ActivityThread$H w=159)
01-30 19:05:07.822 11386 11386 W ResourceType: Bad XML block: header size 18254 or total size 169478669 is larger than data size 650
01-30 19:05:07.923 11386 11609 E libEGL : pre_cache appList: ,,,
01-30 19:05:08.136 11386 11386 W View : requestLayout() improperly called by com.mbwhatsapp.TextEmojiLabel{b0e3cda VFED..C.. ......ID 0,0-224,52 #7f0b06ab app:id/conversation_contact_name} during layout: running second layout pass
01-30 19:05:08.288 11386 11386 W View : requestLayout() improperly called by com.mbwhatsapp.TextEmojiLabel{b0e3cda VFED..C.. ......ID 0,0-224,52 #7f0b06ab app:id/conversation_contact_name} during layout: running second layout pass
01-30 19:05:08.453 11386 11386 W View : requestLayout() improperly called by com.mbwhatsapp.TextEmojiLabel{b0e3cda VFED..C.. ......ID 0,0-224,52 #7f0b06ab app:id/conversation_contact_name} during layout: running second layout pass
01-30 19:05:08.470 11386 11386 W View : requestLayout() improperly called by com.mbwhatsapp.TextEmojiLabel{b0e3cda VFED..C.. ......ID 0,0-224,52 #7f0b06ab app:id/conversation_contact_name} during layout: running second layout pass
01-30 19:05:08.488 11386 11386 W View : requestLayout() improperly called by com.mbwhatsapp.TextEmojiLabel{b0e3cda VFED..C.. ......ID 0,0-224,52 #7f0b06ab app:id/conversation_contact_name} during layout: running second layout pass
01-30 19:05:10.062 11386 11609 E perf_hint: Session creation failed, mPreferredRateNanos: -1
01-30 19:05:12.122 11386 11609 E perf_hint: Session creation failed, mPreferredRateNanos: -1
01-30 19:05:12.272 11386 11609 E FrameEvents: updateAcquireFence: Did not find frame.
01-30 19:05:12.276 11386 11609 E FrameEvents: updateAcquireFence: Did not find frame.
01-30 19:05:12.519 11386 11386 W VRI[MediaViewActivity]: Dropping event (paused for transition):MotionEvent { action=ACTION_DOWN, actionButton=0, id[0]=0, x[0]=98.0, y[0]=941.0, toolType[0]=TOOL_TYPE_FINGER, buttonState=0, classification=NONE, metaState=0, flags=0x100000, edgeFlags=0x0, pointerCount=1, historySize=0, eventTime=113630244, downTime=113630244, deviceId=5, source=0x1002, displayId=0, eventId=133671015 }
01-30 19:05:12.562 11386 11386 W VRI[MediaViewActivity]: Cancelling event (paused for transition):MotionEvent { action=ACTION_CANCEL, actionButton=0, id[0]=0, x[0]=98.0, y[0]=941.0, toolType[0]=TOOL_TYPE_FINGER, buttonState=0, classification=NONE, metaState=0, flags=0x100000, edgeFlags=0x0, pointerCount=1, historySize=0, eventTime=113630343, downTime=113630244, deviceId=5, source=0x1002, displayId=0, eventId=846482995 }
01-30 19:05:12.562 11386 11386 W VRI[MediaViewActivity]: Cancelling event (paused for transition):MotionEvent { ac--------- beginning of system
01-30 19:05:42.259 11386 11386 W Looper : PerfMonitor doFrame : time=1ms vsyncFrame=0 latency=323ms procState=-1
01-30 19:05:49.989 11386 11386 W Looper : PerfMonitor doFrame : time=25ms vsyncFrame=0 latency=530ms procState=-1 historyMsgCount=1 (msgIndex=1 wall=661ms seq=6002 late=12ms h=android.os.Handler c=X.3ds)
01-30 19:07:24.627 17238 17238 W Looper : PerfMonitor longMsg : seq=2 plan=19:07:23.183 late=2ms wall=1416ms h=android.app.ActivityThread$H w=110 procState=-1 --------- beginning of main
01-30 19:09:19.332 18512 18512 E com.mbwhatsapp: Not starting debugger since process cannot load the jdwp agent.
01-30 19:09:19.340 18512 18512 W System.err: android.system.ErrnoException: open failed: ENOENT (No such file or directory)
01-30 19:09:19.340 18512 18512 W System.err: at libcore.io.Linux.open(Native Method)
01-30 19:09:19.340 18512 18512 W System.err: at libcore.io.ForwardingOs.open(ForwardingOs.java:563)
01-30 19:09:19.340 18512 18512 W System.err: at libcore.io.BlockGuardOs.open(BlockGuardOs.java:274)
01-30 19:09:19.340 18512 18512 W System.err: at libcore.io.ForwardingOs.open(ForwardingOs.java:563)
01-30 19:09:19.340 18512 18512 W System.err: at android.app.ActivityThread$AndroidOs.open(ActivityThread.java:8288)
01-30 19:09:19.340 18512 18512 W System.err: at android.system.Os.open(Os.java:494)
01-30 19:09:19.340 18512 18512 W System.err: at android.os.perfdebug.PerfDebugMonitorImpl.monitorVersionControl(PerfDebugMonitorImp l.java:204)
01-30 19:09:19.340 18512 18512 W System.err: at android.os.perfdebug.PerfDebugMonitorImpl.prepareMonitor(PerfDebugMonitorImpl.java: 185)
01-30 19:09:19.340 18512 18512 W System.err: at android.app.ActivityThread.main(ActivityThread.java:8375)
01-30 19:09:19.340 18512 18512 W System.err: at java.lang.reflect.Method.invoke(Native Method)
01-30 19:09:19.340 18512 18512 W System.err: at com.android.internal.os.RuntimeInit$MethodAndArgsCaller.run(RuntimeInit.java:559)
01-30 19:09:19.340 18512 18512 W System.err: at com.android.internal.os.ZygoteInit.main(ZygoteInit.java:954)
01-30 19:09:19.559 18512 18512 W System.err: java.lang.ClassNotFoundException: mbmodsd.mbmodsw.ui.views.btn.BtnBK
01-30 19:09:19.565 18512 18512 W System.err: at java.lang.Runtime.nativeLoad(Native Method)
01-30 19:09:19.565 18512 18512 W System.err: at java.lang.Runtime.nativeLoad(Runtime.java:1126)
01-30 19:09:19.565 18512 18512 W System.err: at java.lang.Runtime.loadLibrary0(Runtime.java:1080)
01-30 19:09:19.565 18512 18512 W System.err: at java.lang.Runtime.loadLibrary0(Runtime.java:1003)
01-30 19:09:19.565 18512 18512 W System.err: at java.lang.System.loadLibrary(System.java:1661)
01-30 19:09:19.565 18512 18512 W System.err: at arm.EpicVm.<clinit>(Unknown Source:2)
01-30 19:09:19.565 18512 18512 W System.err: at java.lang.Class.newInstance(Native Method)
01-30 19:09:19.565 18512 18512 W System.err: at android.app.AppComponentFactory.instantiateApplication(AppComponentFactory.java:76)
01-30 19:09:19.565 18512 18512 W System.err: at androidx.core.app.CoreComponentFactory.instantiateApplication(Unknown Source:0)
01-30 19:09:19.565 18512 18512 W System.err: at android.app.Instrumentation.newApplication(Instrumentation.java:1252)
01-30 19:09:19.565 18512 18512 W System.err: at android.app.LoadedApk.makeApplicationInner(LoadedApk.java:1485)
01-30 19:09:19.565 18512 18512 W System.err: at android.app.LoadedApk.makeApplicationInner(LoadedApk.java:1422)
01-30 19:09:19.565 18512 18512 W System.err: at android.app.ActivityThread.handleBindApplication(ActivityThread.java:7196)
01-30 19:09:19.565 18512 18512 W System.err: at android.app.ActivityThread.-$ $Nest$mhandleBindApplication(Unknown Source:0)
01-30 19:09:19.565 18512 18512 W System.err: at android.app.ActivityThread$H.handleMessage(ActivityThread.java:2241)
01-30 19:09:19.565 18512 18512 W System.err: at android.os.Handler.dispatchMessage(Handler.java:106)
01-30 19:09:19.565 18512 18512 W System.err: at android.os.Looper.loopOnce(Looper.java:211)
01-30 19:09:19.565 18512 18512 W System.err: at android.os.Looper.loop(Looper.java:300)
01-30 19:09:19.565 18512 18512 W System.err: at android.app.ActivityThread.main(ActivityThread.java:8410)
01-30 19:09:19.565 18512 18512 W System.err: at java.lang.reflect.Method.invoke(Native Method)
01-30 19:09:19.565 18512 18512 W System.err: at com.android.internal.os.RuntimeInit$MethodAndArgsCaller.run(RuntimeInit.java:559)
01-30 19:09:19.565 18512 18512 W System.err: at com.android.internal.os.ZygoteInit.main(ZygoteInit.java:954)
01-30 19:09:19.597 18512 18512 E CustomActivityOnCrash: IMPORTANT WARNING! You already have an UncaughtExceptionHandler, are you sure this is correct? If you use a custom UncaughtExceptionHandler, you must initialize it AFTER CustomActivityOnCrash! Installing anyway, but your original handler will not be called.
01-30 19:09:19.689 18512 18512 W ContextImpl: Failed to ensure /storage/CE93-EDD2/Android/media/com.mbwhatsapp: android.os.ServiceSpecificException: (code -22)
01-30 19:09:19.719 18512 18530 W LibraryVersion: Failed to get app version for libraryName: firebase-iid
01-30 19:09:20.641 18512 18512 W com.mbwhatsapp: Accessing hidden method Lcom/android/org/conscrypt/OpenSSLSocketImpl;->setUseSessionTickets(Z)V (max- target-q,core-platform-api, reflection, denied)
01-30 19:09:20.642 18512 18512 W com.mbwhatsapp: Accessing hidden method Lcom/android/org/conscrypt/AbstractConscryptSocket;->setUseSessionTickets(Z)V (max- target-q, reflection, denied)
01-30 19:09:20.721 18512 18512 W com.mbwhatsapp: type=1400 audit(0.0:309106): avc: granted { execute } for path="/data/data/com.mbwhatsapp/files/decompressed/libs.spk.zst/libc++_shared.so" dev="dm-40" ino=59603 scontext=u:r:untrusted_app:s0:c31,c257,c512,c768 tcontext=u:object_r:app_data_file:s0:c31,c257,c512,c768 tclass=file app=com.mbwhatsapp
01-30 19:09:20.733 18512 18512 W com.mbwhatsapp: type=1400 audit(0.0:309107): avc: granted { execute } for path="/data/data/com.mbwhatsapp/files/decompressed/libs.spk.zst/libvlc.so" dev="dm- 40" ino=92289 scontext=u:r:untrusted_app:s0:c31,c257,c512,c768 tcontext=u:object_r:app_data_file:s0:c31,c257,c512,c768 tclass=file app=com.mbwhatsapp
01-30 19:09:20.753 18512 18512 W com.mbwhatsapp: type=1400 audit(0.0:309108): avc: granted { execute } for path="/data/data/com.mbwhatsapp/files/decompressed/libs.spk.zst/libwhatsapp.so" dev="dm-40" ino=87642 scontext=u:r:untrusted_app:s0:c31,c257,c512,c768 tcontext=u:object_r:app_data_file:s0:c31,c257,c512,c768 tclass=file app=com.mbwhatsapp
01-30 19:09:20.817 18512 18512 W com.mbwhatsapp: type=1400 audit(0.0:309109): avc: granted { execute } for path="/data/data/com.mbwhatsapp/files/decompressed/libs.spk.zst/libcurve25519.so" dev="dm-40" ino=73701 scontext=u:r:untrusted_app:s0:c31,c257,c512,c768 tcontext=u:object_r:app_data_file:s0:c31,c257,c512,c768 tclass=file app=com.mbwhatsapp
01-30 19:09:20.845 18512 18512 W com.mbwhatsapp: type=1400 audit(0.0:309110): avc: granted { execute } for path="/data/data/com.mbwhatsapp/files/decompressed/libs.spk.zst/libwhatsapp.so" dev="dm-40" ino=87642 scontext=u:r:untrusted_app:s0:c31,c257,c512,c768 tcontext=u:object_r:app_data_file:s0:c31,c257,c512,c768 tclass=file app=com.mbwhatsapp
01-30 19:09:20.845 18512 18512 W com.mbwhatsapp: type=1400 audit(0.0:309111): avc: granted { execute } for path="/data/data/com.mbwhatsapp/files/decompressed/libs.spk.zst/libwhatsapp.so" dev="dm-40" ino=87642 scontext=u:r:untrusted_app:s0:c31,c257,c512,c768 tcontext=u:object_r:app_data_file:s0:c31,c257,c512,c768 tclass=file app=com.mbwhatsapp
01-30 19:09:20.845 18512 18512 W com.mbwhatsapp: type=1400 audit(0.0:309112): avc: granted { execute } for path="/data/data/com.mbwhatsapp/files/decompressed/libs.spk.zst/libwhatsapp.so" dev="dm-40" ino=87642 scontext=u:r:untrusted_app:s0:c31,c257,c512,c768 tcontext=u:object_r:app_data_file:s0:c31,c257,c512,c768 tclass=file app=com.mbwhatsapp
01-30 19:09:21.047 18512 18561 W com.mbwhatsapp: Method void X.2rL.A03(java.lang.Integer) failed lock verification and will run slower.
01-30 19:09:21.047 18512 18561 W com.mbwhatsapp: Common causes for lock verification issues are non-optimized--------- beginning of system
01-30 19:09:21.092 18512 18512 W Looper : PerfMonitor longMsg : seq=2 plan=19:09:19.354 late=1ms wall=1686ms h=android.app.ActivityThread$H w=110 procState=-1 --------- beginning of main
01-30 19:09:21.608 18512 18613 W ContextImpl: Failed to ensure /storage/CE93-EDD2/Android/media/com.mbwhatsapp: android.os.ServiceSpecificException: (code -22)
01-30 19:09:22.735 18512 18721 W com.mbwhatsapp: Long monitor contention with owner Notifications (18698) at android.content.IContentProvider android.app.ActivityThread.acquireProvider(android.content.Context, java.lang.String, int, boolean)(ActivityThread.java:7546) waiters=0 in android.content.IContentProvider android.app.ActivityThread.acquireProvider(android.content.Context, java.lang.String, int, boolean) for 176ms
01-30 19:09:22.931 18512 18698 W BpBinder: PerfMonitor binderTransact : time=202ms interface=android.content.IContentProvider code=1
01-30 19:09:23.064 18512 18698 W com.mbwhatsapp: Accessing hidden field Landroid/app/Notification;->extraNotification:Landroid/app/MiuiNotification; (blocked, reflection, denied)
01-30 19:09:23.234 18512 18698 W com.mbwhatsapp: Accessing hidden field Landroid/app/Notification;->extraNotification:Landroid/app/MiuiNotification; (blocked, reflection, denied)
01-30 19:09:23.281 18512 18764 W com.mbwhatsapp: Accessing hidden method Landroid/app/MiuiNotification;-><init>()V (blocked, reflection, denied)
01-30 19:09:23.306 18512 18698 W com.mbwhatsapp: Accessing hidden field Landroid/app/Notification;->extraNotification:Landroid/app/MiuiNotification; (blocked, reflection, denied)
01-30 19:09:23.319 18512 18698 W com.mbwhatsapp: Accessing hidden field Landroid/app/Notification;->extraNotification:Landroid/app/MiuiNotification; (blocked, reflection, denied)
01-30 19:09:23.331 18512 18764 W com.mbwhatsapp: Accessing hidden method Landroid/app/MiuiNotification;-><init>()V (blocked, reflection, denied)
01-30 19:09:42.715 19198 19198 E com.mbwhatsapp: Not starting debugger since process cannot load the jdwp agent.
01-30 19:09:42.730 19198 19198 W System.err: android.system.ErrnoException: open failed: ENOENT (No such file or directory)
01-30 19:09:42.730 19198 19198 W System.err: at libcore.io.Linux.open(Native Method)
01-30 19:09:42.730 19198 19198 W System.err: at libcore.io.ForwardingOs.open(ForwardingOs.java:563)
01-30 19:09:42.730 19198 19198 W System.err: at libcore.io.BlockGuardOs.open(BlockGuardOs.java:274)
01-30 19:09:42.730 19198 19198 W System.err: at libcore.io.ForwardingOs.open(ForwardingOs.java:563)
01-30 19:09:42.730 19198 19198 W System.err: at android.app.ActivityThread$AndroidOs.open(ActivityThread.java:8288)
01-30 19:09:42.730 19198 19198 W System.err: at android.system.Os.open(Os.java:494)
01-30 19:09:42.730 19198 19198 W System.err: at android.os.perfdebug.PerfDebugMonitorImpl.monitorVersionControl(PerfDebugMonitorImp l.java:204)
01-30 19:09:42.730 19198 19198 W System.err: at android.os.perfdebug.PerfDebugMonitorImpl.prepareMonitor(PerfDebugMonitorImpl.java: 185)
01-30 19:09:42.730 19198 19198 W System.err: at android.app.ActivityThread.main(ActivityThread.java:8375)
01-30 19:09:42.730 19198 19198 W System.err: at java.lang.reflect.Method.invoke(Native Method)
01-30 19:09:42.730 19198 19198 W System.err: at com.android.internal.os.RuntimeInit$MethodAndArgsCaller.run(RuntimeInit.java:559)
01-30 19:09:42.730 19198 19198 W System.err: at com.android.internal.os.ZygoteInit.main(ZygoteInit.java:954)
01-30 19:09:43.148 19198 19198 W System.err: java.lang.ClassNotFoundException: mbmodsd.mbmodsw.ui.views.btn.BtnBK
01-30 19:09:43.156 19198 19198 W System.err: at java.lang.Runtime.nativeLoad(Native Method)
01-30 19:09:43.156 19198 19198 W System.err: at java.lang.Runtime.nativeLoad(Runtime.java:1126)
01-30 19:09:43.156 19198 19198 W System.err: at java.lang.Runtime.loadLibrary0(Runtime.java:1080)
01-30 19:09:43.156 19198 19198 W System.err: at java.lang.Runtime.loadLibrary0(Runtime.java:1003)
01-30 19:09:43.156 19198 19198 W System.err: at java.lang.System.loadLibrary(System.java:1661)
01-30 19:09:43.156 19198 19198 W System.err: at arm.EpicVm.<clinit>(Unknown Source:2)
01-30 19:09:43.156 19198 19198 W System.err: at java.lang.Class.newInstance(Native Method)
01-30 19:09:43.156 19198 19198 W System.err: at android.app.AppComponentFactory.instantiateApplication(AppComponentFactory.java:76)
01-30 19:09:43.156 19198 19198 W System.err: at androidx.core.app.CoreComponentFactory.instantiateApplication(Unknown Source:0)
01-30 19:09:43.156 19198 19198 W System.err: at android.app.Instrumentation.newApplication(Instrumentation.java:1252)
01-30 19:09:43.156 19198 19198 W System.err: at android.app.LoadedApk.makeApplicationInner(LoadedApk.java:1485)
01-30 19:09:43.156 19198 19198 W System.err: at android.app.LoadedApk.makeApplicationInner(LoadedApk.java:1422)
01-30 19:09:43.156 19198 19198 W System.err: at android.app.ActivityThread.handleBindApplication(ActivityThread.java:7196)
01-30 19:09:43.157 19198 19198 W System.err: at android.app.ActivityThread.-$ $Nest$mhandleBindApplication(Unknown Source:0)
01-30 19:09:43.157 19198 19198 W System.err: at android.app.ActivityThread$H.handleMessage(ActivityThread.java:2241)
01-30 19:09:43.157 19198 19198 W System.err: at android.os.Handler.dispatchMessage(Handler.java:106)
01-30 19:09:43.157 19198 19198 W System.err: at android.os.Looper.loopOnce(Looper.java:211)
01-30 19:09:43.157 19198 19198 W System.err: at android.os.Looper.loop(Looper.java:300)
01-30 19:09:43.157 19198 19198 W System.err: at android.app.ActivityThread.main(ActivityThread.java:8410)
01-30 19:09:43.157 19198 19198 W System.err: at java.lang.reflect.Method.invoke(Native Method)
01-30 19:09:43.157 19198 19198 W System.err: at com.android.internal.os.RuntimeInit$MethodAndArgsCaller.run(RuntimeInit.java:559)
01-30 19:09:43.157 19198 19198 W System.err: at com.android.internal.os.ZygoteInit.main(ZygoteInit.java:954)
01-30 19:09:43.192 19198 19198 E CustomActivityOnCrash: IMPORTANT WARNING! You already have an UncaughtExceptionHandler, are you sure this is correct? If you use a custom UncaughtExceptionHandler, you must initialize it AFTER CustomActivityOnCrash! Installing anyway, but your original handler will not be called.
01-30 19:09:43.290 19198 19198 W ContextImpl: Failed to ensure /storage/CE93-EDD2/Android/media/com.mbwhatsapp: android.os.ServiceSpecificException: (code -22)
01-30 19:09:44.377 19198 19198 W com.mbwhatsapp: Accessing hidden method Lcom/android/org/conscrypt/OpenSSLSocketImpl;->setUseSessionTickets(Z)V (max- target-q,core-platform-api, reflection, denied)
01-30 19:09:44.377 19198 19198 W com.mbwhatsapp: Accessing hidden method Lcom/android/org/conscrypt/AbstractConscryptSocket;->setUseSessionTickets(Z)V (max- target-q, reflection, denied)
01-30 19:09:44.441 19198 19198 W com.mbwhatsapp: type=1400 audit(0.0:309118): avc: granted { execute } for path="/data/data/com.mbwhatsapp/files/decompressed/libs.spk.zst/libc++_shared.so" dev="dm-40" ino=59603 scontext=u:r:untrusted_app:s0:c31,c257,c512,c768 tcontext=u:object_r:app_data_file:s0:c31,c257,c512,c768 tclass=file app=com.mbwhatsapp
01-30 19:09:44.449 19198 19198 W com.mbwhatsapp: type=1400 audit(0.0:309119): avc: granted { execute } for path="/data/data/com.mbwhatsapp/files/decompressed/libs.spk.zst/libvlc.so" dev="dm- 40" ino=92289 scontext=u:r:untrusted_app:s0:c31,c257,c512,c768 tcontext=u:object_r:app_data_file:s0:c31,c257,c512,c768 tclass=file app=com.mbwhatsapp
01-30 19:09:44.457 19198 19198 W com.mbwhatsapp: type=1400 audit(0.0:309120): avc: granted { execute } for path="/data/data/com.mbwhatsapp/files/decompressed/libs.spk.zst/libwhatsapp.so" dev="dm-40" ino=87642 scontext=u:r:untrusted_app:s0:c31,c257,c512,c768 tcontext=u:object_r:app_data_file:s0:c31,c257,c512,c768 tclass=file app=com.mbwhatsapp
01-30 19:09:44.525 19198 19198 W com.mbwhatsapp: type=1400 audit(0.0:309121): avc: granted { execute } for path="/data/data/com.mbwhatsapp/files/decompressed/libs.spk.zst/libcurve25519.so" dev="dm-40" ino=73701 scontext=u:r:untrusted_app:s0:c31,c257,c512,c768 tcontext=u:object_r:app_data_file:s0:c31,c257,c512,c768 tclass=fil--------- beginning of main
01-30 19:09:44.541 19198 19198 W com.mbwhatsapp: type=1400 audit(0.0:309122): avc: granted { execute } for path="/data/data/com.mbwhatsapp/files/decompressed/libs.spk.zst/libwhatsapp.so" dev="dm-40" ino=87642 scontext=u:r:untrusted_app:s0:c31,c257,c512,c768 tcontext=u:object_r:app_data_file:s0:c31,c257,c512,c768 tclass=file app=com.mbwhatsapp
01-30 19:09:44.541 19198 19198 W com.mbwhatsapp: type=1400 audit(0.0:309123): avc: granted { execute } for path="/data/data/com.mbwhatsapp/files/decompressed/libs.spk.zst/libwhatsapp.so" dev="dm-40" ino=87642 scontext=u:r:untrusted_app:s0:c31,c257,c512,c768 tcontext=u:object_r:app_data_file:s0:c31,c257,c512,c768 tclass=file app=com.mbwhatsapp
01-30 19:09:44.641 19198 19250 W com.mbwhatsapp: Method void X.2rL.A03(java.lang.Integer) failed lock verification and will run slower.
01-30 19:09:44.641 19198 19250 W com.mbwhatsapp: Common causes for lock verification issues are non-optimized dex code
01-30 19:09:44.641 19198 19250 W com.mbwhatsapp: and incorrect proguard optimizations. --------- beginning of system
01-30 19:09:44.710 19198 19198 W Looper : PerfMonitor longMsg : seq=2 plan=19:09:42.748 late=11ms wall=1876ms h=android.app.ActivityThread$H w=110 procState=-1
01-30 19:10:15.210 19622 19622 E com.mbwhatsapp: Not starting debugger since process cannot load the jdwp agent.
01-30 19:10:15.220 19622 19622 W System.err: android.system.ErrnoException: open failed: ENOENT (No such file or directory)
01-30 19:10:15.220 19622 19622 W System.err: at libcore.io.Linux.open(Native Method)
01-30 19:10:15.220 19622 19622 W System.err: at libcore.io.ForwardingOs.open(ForwardingOs.java:563)
01-30 19:10:15.220 19622 19622 W System.err: at libcore.io.BlockGuardOs.open(BlockGuardOs.java:274)
01-30 19:10:15.220 19622 19622 W System.err: at libcore.io.ForwardingOs.open(ForwardingOs.java:563)
01-30 19:10:15.220 19622 19622 W System.err: at android.app.ActivityThread$AndroidOs.open(ActivityThread.java:8288)
01-30 19:10:15.220 19622 19622 W System.err: at android.system.Os.open(Os.java:494)
01-30 19:10:15.220 19622 19622 W System.err: at android.os.perfdebug.PerfDebugMonitorImpl.monitorVersionControl(PerfDebugMonitorImp l.java:204)
01-30 19:10:15.220 19622 19622 W System.err: at android.os.perfdebug.PerfDebugMonitorImpl.prepareMonitor(PerfDebugMonitorImpl.java: 185)
01-30 19:10:15.220 19622 19622 W System.err: at android.app.ActivityThread.main(ActivityThread.java:8375)
01-30 19:10:15.220 19622 19622 W System.err: at java.lang.reflect.Method.invoke(Native Method)
01-30 19:10:15.220 19622 19622 W System.err: at com.android.internal.os.RuntimeInit$MethodAndArgsCaller.run(RuntimeInit.java:559)
01-30 19:10:15.220 19622 19622 W System.err: at com.android.internal.os.ZygoteInit.main(ZygoteInit.java:954)
01-30 19:10:15.430 19622 19622 W System.err: java.lang.ClassNotFoundException: mbmodsd.mbmodsw.ui.views.btn.BtnBK
01-30 19:10:15.431 19622 19622 W System.err: at java.lang.Runtime.nativeLoad(Native Method)
01-30 19:10:15.431 19622 19622 W System.err: at java.lang.Runtime.nativeLoad(Runtime.java:1126)
01-30 19:10:15.431 19622 19622 W System.err: at java.lang.Runtime.loadLibrary0(Runtime.java:1080)
01-30 19:10:15.432 19622 19622 W System.err: at java.lang.Runtime.loadLibrary0(Runtime.java:1003)
01-30 19:10:15.432 19622 19622 W System.err: at java.lang.System.loadLibrary(System.java:1661)
01-30 19:10:15.432 19622 19622 W System.err: at arm.EpicVm.<clinit>(Unknown Source:2)
01-30 19:10:15.432 19622 19622 W System.err: at java.lang.Class.newInstance(Native Method)
01-30 19:10:15.432 19622 19622 W System.err: at android.app.AppComponentFactory.instantiateApplication(AppComponentFactory.java:76)
01-30 19:10:15.432 19622 19622 W System.err: at androidx.core.app.CoreComponentFactory.instantiateApplication(Unknown Source:0)
01-30 19:10:15.432 19622 19622 W System.err: at android.app.Instrumentation.newApplication(Instrumentation.java:1252)
01-30 19:10:15.432 19622 19622 W System.err: at android.app.LoadedApk.makeApplicationInner(LoadedApk.java:1485)
01-30 19:10:15.432 19622 19622 W System.err: at android.app.LoadedApk.makeApplicationInner(LoadedApk.java:1422)
01-30 19:10:15.432 19622 19622 W System.err: at android.app.ActivityThread.handleBindApplication(ActivityThread.java:7196)
01-30 19:10:15.432 19622 19622 W System.err: at android.app.ActivityThread.-$ $Nest$mhandleBindApplication(Unknown Source:0)
01-30 19:10:15.432 19622 19622 W System.err: at android.app.ActivityThread$H.handleMessage(ActivityThread.java:2241)
01-30 19:10:15.432 19622 19622 W System.err: at android.os.Handler.dispatchMessage(Handler.java:106)
01-30 19:10:15.432 19622 19622 W System.err: at android.os.Looper.loopOnce(Looper.java:211)
01-30 19:10:15.432 19622 19622 W System.err: at android.os.Looper.loop(Looper.java:300)
01-30 19:10:15.432 19622 19622 W System.err: at android.app.ActivityThread.main(ActivityThread.java:8410)
01-30 19:10:15.432 19622 19622 W System.err: at java.lang.reflect.Method.invoke(Native Method)
01-30 19:10:15.432 19622 19622 W System.err: at com.android.internal.os.RuntimeInit$MethodAndArgsCaller.run(RuntimeInit.java:559)
01-30 19:10:15.432 19622 19622 W System.err: at com.android.internal.os.ZygoteInit.main(ZygoteInit.java:954)
01-30 19:10:15.465 19622 19622 E CustomActivityOnCrash: IMPORTANT WARNING! You already have an UncaughtExceptionHandler, are you sure this is correct? If you use a custom UncaughtExceptionHandler, you must initialize it AFTER CustomActivityOnCrash! Installing anyway, but your original handler will not be called.
01-30 19:10:15.548 19622 19622 W ContextImpl: Failed to ensure /storage/CE93-EDD2/Android/media/com.mbwhatsapp: android.os.ServiceSpecificException: (code -22)
01-30 19:10:16.416 19622 19622 W com.mbwhatsapp: Accessing hidden method Lcom/android/org/conscrypt/OpenSSLSocketImpl;->setUseSessionTickets(Z)V (max- target-q,core-platform-api, reflection, denied)
01-30 19:10:16.416 19622 19622 W com.mbwhatsapp: Accessing hidden method Lcom/android/org/conscrypt/AbstractConscryptSocket;->setUseSessionTickets(Z)V (max- target-q, reflection, denied)
