01-30 14:08:33.418 11823 11823 W System.err: at libcore.io.BlockGuardOs.open(BlockGuardOs.java:274)
01-30 14:08:33.418 11823 11823 W System.err: at libcore.io.ForwardingOs.open(ForwardingOs.java:563)
01-30 14:08:33.418 11823 11823 W System.err: at android.app.ActivityThread$AndroidOs.open(ActivityThread.java:8288)
01-30 14:08:33.418 11823 11823 W System.err: at android.system.Os.open(Os.java:494)
01-30 14:08:33.418 11823 11823 W System.err: at android.os.perfdebug.PerfDebugMonitorImpl.monitorVersionControl(PerfDebugMonitorImp l.java:204)
01-30 14:08:33.418 11823 11823 W System.err: at android.os.perfdebug.PerfDebugMonitorImpl.prepareMonitor(PerfDebugMonitorImpl.java: 185)
01-30 14:08:33.418 11823 11823 W System.err: at android.app.ActivityThread.main(ActivityThread.java:8375)
01-30 14:08:33.418 11823 11823 W System.err: at java.lang.reflect.Method.invoke(Native Method)
01-30 14:08:33.418 11823 11823 W System.err: at com.android.internal.os.RuntimeInit$MethodAndArgsCaller.run(RuntimeInit.java:559)
01-30 14:08:33.418 11823 11823 W System.err: at com.android.internal.os.ZygoteInit.main(ZygoteInit.java:954)
01-30 14:08:33.926 11823 11823 W System.err: java.lang.ClassNotFoundException: mbmodsd.mbmodsw.ui.views.btn.BtnBK
01-30 14:08:33.930 11823 11823 W System.err: at java.lang.Runtime.nativeLoad(Native Method)
01-30 14:08:33.930 11823 11823 W System.err: at java.lang.Runtime.nativeLoad(Runtime.java:1126)
01-30 14:08:33.930 11823 11823 W System.err: at java.lang.Runtime.loadLibrary0(Runtime.java:1080)
01-30 14:08:33.930 11823 11823 W System.err: at java.lang.Runtime.loadLibrary0(Runtime.java:1003)
01-30 14:08:33.930 11823 11823 W System.err: at java.lang.System.loadLibrary(System.java:1661)
01-30 14:08:33.930 11823 11823 W System.err: at arm.EpicVm.<clinit>(Unknown Source:2)
01-30 14:08:33.930 11823 11823 W System.err: at java.lang.Class.newInstance(Native Method)
01-30 14:08:33.930 11823 11823 W System.err: at android.app.AppComponentFactory.instantiateApplication(AppComponentFactory.java:76)
01-30 14:08:33.930 11823 11823 W System.err: at androidx.core.app.CoreComponentFactory.instantiateApplication(Unknown Source:0)
01-30 14:08:33.930 11823 11823 W System.err: at android.app.Instrumentation.newApplication(Instrumentation.java:1252)
01-30 14:08:33.930 11823 11823 W System.err: at android.app.LoadedApk.makeApplicationInner(LoadedApk.java:1485)
01-30 14:08:33.930 11823 11823 W System.err: at android.app.LoadedApk.makeApplicationInner(LoadedApk.java:1422)
01-30 14:08:33.930 11823 11823 W System.err: at android.app.ActivityThread.handleBindApplication(ActivityThread.java:7196)
01-30 14:08:33.930 11823 11823 W System.err: at android.app.ActivityThread.-$ $Nest$mhandleBindApplication(Unknown Source:0)
01-30 14:08:33.930 11823 11823 W System.err: at android.app.ActivityThread$H.handleMessage(ActivityThread.java:2241)
01-30 14:08:33.930 11823 11823 W System.err: at android.os.Handler.dispatchMessage(Handler.java:106)
01-30 14:08:33.930 11823 11823 W System.err: at android.os.Looper.loopOnce(Looper.java:211)
01-30 14:08:33.930 11823 11823 W System.err: at android.os.Looper.loop(Looper.java:300)
01-30 14:08:33.930 11823 11823 W System.err: at android.app.ActivityThread.main(ActivityThread.java:8410)
01-30 14:08:33.930 11823 11823 W System.err: at java.lang.reflect.Method.invoke(Native Method)
01-30 14:08:33.930 11823 11823 W System.err: at com.android.internal.os.RuntimeInit$MethodAndArgsCaller.run(RuntimeI--------- beginning of main
01-30 14:08:33.999 11823 11823 E CustomActivityOnCrash: IMPORTANT WARNING! You already have an UncaughtExceptionHandler, are you sure this is correct? If you use a custom UncaughtExceptionHandler, you must initialize it AFTER CustomActivityOnCrash! Installing anyway, but your original handler will not be called.
01-30 14:08:35.697 11823 11823 W com.mbwhatsapp: Accessing hidden method Lcom/android/org/conscrypt/OpenSSLSocketImpl;->setUseSessionTickets(Z)V (max- target-q,core-platform-api, reflection, denied)
01-30 14:08:35.705 11823 11823 W com.mbwhatsapp: Accessing hidden method Lcom/android/org/conscrypt/AbstractConscryptSocket;->setUseSessionTickets(Z)V (max- target-q, reflection, denied)
01-30 14:08:36.415 11823 12374 W com.mbwhatsapp: Method void X.2rL.A03(java.lang.Integer) failed lock verification and will run slower.
01-30 14:08:36.415 11823 12374 W com.mbwhatsapp: Common causes for lock verification issues are non-optimized dex code
01-30 14:08:36.415 11823 12374 W com.mbwhatsapp: and incorrect proguard optimizations. --------- beginning of system
01-30 14:08:36.462 11823 11823 W Looper : PerfMonitor longMsg : seq=2 plan=14:08:33.491 late=4ms wall=2887ms h=android.app.ActivityThread$H w=110 procState=-1
01-30 14:08:38.309 12740 12740 E com.mbwhatsapp: Not starting debugger since process cannot load the jdwp agent.
01-30 14:08:38.318 12740 12740 W System.err: android.system.ErrnoException: open failed: ENOENT (No such file or directory)
01-30 14:08:38.319 12740 12740 W System.err: at libcore.io.Linux.open(Native Method)
01-30 14:08:38.319 12740 12740 W System.err: at libcore.io.ForwardingOs.open(ForwardingOs.java:563)
01-30 14:08:38.319 12740 12740 W System.err: at libcore.io.BlockGuardOs.open(BlockGuardOs.java:274)
01-30 14:08:38.319 12740 12740 W System.err: at libcore.io.ForwardingOs.open(ForwardingOs.java:563)
01-30 14:08:38.319 12740 12740 W System.err: at android.app.ActivityThread$AndroidOs.open(ActivityThread.java:8288)
01-30 14:08:38.319 12740 12740 W System.err: at android.system.Os.open(Os.java:494)
01-30 14:08:38.319 12740 12740 W System.err: at android.os.perfdebug.PerfDebugMonitorImpl.monitorVersionControl(PerfDebugMonitorImp l.java:204)
01-30 14:08:38.319 12740 12740 W System.err: at android.os.perfdebug.PerfDebugMonitorImpl.prepareMonitor(PerfDebugMonitorImpl.java: 185)
01-30 14:08:38.319 12740 12740 W System.err: at android.app.ActivityThread.main(ActivityThread.java:8375)
01-30 14:08:38.319 12740 12740 W System.err: at java.lang.reflect.Method.invoke(Native Method)
01-30 14:08:38.319 12740 12740 W System.err: at com.android.internal.os.RuntimeInit$MethodAndArgsCaller.run(RuntimeInit.java:559)
01-30 14:08:38.319 12740 12740 W System.err: at com.android.internal.os.ZygoteInit.main(ZygoteInit.java:954)
01-30 14:08:38.597 12740 12740 W System.err: java.lang.ClassNotFoundException: mbmodsd.mbmodsw.ui.views.btn.BtnBK
01-30 14:08:38.598 12740 12740 W System.err: at java.lang.Runtime.nativeLoad(Native Method)
01-30 14:08:38.598 12740 12740 W System.err: at java.lang.Runtime.nativeLoad(Runtime.java:1126)
01-30 14:08:38.598 12740 12740 W System.err: at java.lang.Runtime.loadLibrary0(Runtime.java:1080)
01-30 14:08:38.598 12740 12740 W System.err: at java.lang.Runtime.loadLibrary0(Runtime.java:1003)
01-30 14:08:38.598 12740 12740 W System.err: at java.lang.System.loadLibrary(System.java:1661)
01-30 14:08:38.598 12740 12740 W System.err: at arm.EpicVm.<clinit>(Unknown Source:2)
01-30 14:08:38.598 12740 12740 W System.err: at java.lang.Class.newInstance(Native Method)
01-30 14:08:38.598 12740 12740 W System.err: at android.app.AppComponentFactory.instantiateApplication(AppComponentFactory.java:76)
01-30 14:08:38.598 12740 12740 W System.err: at androidx.core.app.CoreComponentFactory.instantiateApplication(Unknown Source:0)
01-30 14:08:38.599 12740 12740 W System.err: at android.app.Instrumentation.newApplication(Instrumentation.java:1252)
01-30 14:08:38.599 12740 12740 W System.err: at android.app.LoadedApk.makeApplicationInner(LoadedApk.java:1485)
01-30 14:08:38.599 12740 12740 W System.err: at android.app.LoadedApk.makeApplicationInner(LoadedApk.java:1422)
01-30 14:08:38.599 12740 12740 W System.err: at android.app.ActivityThread.handleBindApplication(ActivityThread.java:7196)
01-30 14:08:38.599 12740 12740 W System.err: at android.app.ActivityThread.-$ $Nest$mhandleBindApplication(Unknown Source:0)
01-30 14:08:38.599 12740 12740 W System.err: at android.app.ActivityThread$H.handleMessage(ActivityThread.java:2241)
01-30 14:08:38.599 12740 12740 W System.err: at android.os.Handler.dispatchMessage(Handler.java:106)
01-30 14:08:38.599 12740 12740 W System.err: at android.os.Looper.loopOnce(Looper.java:211)
01-30 14:08:38.599 12740 12740 W System.err: at android.os.Looper.loop(Looper.java:300)
01-30 14:08:38.599 12740 12740 W System.err: at android.app.ActivityThread.main(ActivityThread.java:8410)
01-30 14:08:38.599 12740 12740 W System.err: at java.lang.reflect.Method.invoke(Native Method)
01-30 14:08:38.599 12740 12740 W System.err: at com.android.internal.os.RuntimeInit$MethodAndArgsCaller.run(RuntimeInit.java:559)
01-30 14:08:38.599 12740 12740 W System.err: at com.android.internal.os.ZygoteInit.main(ZygoteInit.java:954)
01-30 14:08:38.609 12740 12740 E CustomActivityOnCrash: IMPORTANT WARNING! You already have an UncaughtExceptionHandler, are you sure this is correct? If you use a custom UncaughtExceptionHandler, you must initialize it AFTER CustomActivityOnCrash! Installing anyway, but your original handler will not be called.
01-30 14:08:39.191 12740 12740 W com.mbwhatsapp: Accessing hidden method Lcom/android/org/conscrypt/OpenSSLSocketImpl;->setUseSessionTickets(Z)V (max- target-q,core-platform-api, reflection, denied)
01-30 14:08:39.192 12740 12740 W com.mbwhatsapp: Accessing hidden method Lcom/android/org/conscrypt/AbstractConscryptSocket;->setUseSessionTickets(Z)V (max- target-q, reflection, denied)
01-30 14:08:39.274 12740 12740 W com.mbwhatsapp: type=1400 audit(0.0:259691): avc: granted { execute } for path="/data/data/com.mbwhatsapp/files/decompressed/libs.spk.zst/libc++_shared.so" dev="dm-40" ino=59603 scontext=u:r:untrusted_app:s0:c31,c257,c512,c768 tcontext=u:object_r:app_data_file:s0:c31,c257,c512,c768 tclass=file app=com.mbwhatsapp
01-30 14:08:39.274 12740 12740 W com.mbwhatsapp: type=1400 audit(0.0:259692): avc: granted { execute } for path="/data/data/com.mbwhatsapp/files/decompressed/libs.spk.zst/libvlc.so" dev="dm- 40" ino=92289 scontext=u:r:untrusted_app:s0:c31,c257,c512,c768 tcontext=u:object_r:app_data_file:s0:c31,c257,c512,c768 tclass=file app=com.mbwhatsapp
01-30 14:08:39.326 12740 12740 W com.mbwhatsapp: type=1400 audit(0.0:259694): avc: granted { execute } for path="/data/data/com.mbwhatsapp/files/decompressed/libs.spk.zst/libwhatsapp.so" dev="dm-40" ino=87642 scontext=u:r:untrusted_app:s0:c31,c257,c512,c768 tcontext=u:object_r:app_data_file:s0:c31,c257,c512,c768 tclass=file app=com.mbwhatsapp
01-30 14:08:39.354 12740 12740 W com.mbwhatsapp: type=1400 audit(0.0:259695): avc: granted { execute } for path="/data/data/com.mbwhatsapp/files/decompressed/libs.spk.zst/libcurve25519.so" dev="dm-40" ino=73701 scontext=u:r:untrusted_app:s0:c31,c257,c512,c768 tcontext=u:object_r:app_data_file:s0:c31,c257,c512,c768 tclass=file app=com.mbwhatsapp
01-30 14:08:39.625 12740 12936 W com.mbwhatsapp: Method void X.2rL.A03(java.lang.Integer) failed lock verification and will run slower.
01-30 14:08:39.625 12740 12936 W com.mbwhatsapp: Common causes for lock verification issues are non-optimized dex code
01-30 14:08:39.625 12740 12936 W com.mbwhatsapp: and incorrect proguard optimizations.
01-30 14:08:39.633 12740 12740 W Looper : PerfMonitor longMsg : seq=2 plan=14:08:38.343 late=21ms wall=1193ms h=android.app.ActivityThread$H w=110 procState=-1
01-30 14:08:39.647 12740 12740 W com.mbwhatsapp: Method void X.0eU.A0h(X.0tK, boolean) failed lock verification and will run slower.
01-30 14:08:39.840 12740 12740 W libc : Access denied finding property "ro.vendor.df.effect.conflict"
01-30 14:08:39.912 12740 12740 W Looper : PerfMonitor looperActivity : package=com.mbwhatsapp/.Icon0 time=279ms latency=1275ms procState=-1 historyMsgCount=2 (msgIndex=2 wall=1193ms seq=2 late=21ms h=android.app.ActivityThread$H w=110)
01-30 14:08:39.913 12740 12740 W Looper : PerfMonitor looperActivity : package=com.mbwhatsapp/.Icon0 time=0ms latency=1554ms procState=-1 historyMsgCount=3 (msgIndex=2 wall=1193ms seq=2 late=21ms h=android.app.ActivityThread$H w=110) (msgIndex=3 wall=279ms seq=3 late=1275ms h=android.app.ActivityThread$H w=159)
01-30 14:08:40.039 12740 12740 W com.mbwhatsapp: Method void com.mbwhatsapp.HomeActivity.A6e() failed lock verification and will run slower.
01-30 14:08:41.415 12740 12740 E ArmVmp : Match on catch block at 0x0a in for 0x72f9148031
01-30 14:08:41.533 12740 12740 E ArmVmp : Match on catch block at 0x0a in for 0x72f914804d
01-30 14:08:41.682 12740 13294 W com.mbwhatsapp: Accessing hidden method Lcom/android/org/conscrypt/ConscryptEngineSocket;->setUseSessionTickets(Z)V (max- target-q,core-platform-api, reflection, denied)
01-30 14:08:41.682 12740 13294 W com.mbwhatsapp: Accessing hidden method Lcom/android/org/conscrypt/OpenSSLSocketImpl;->setUseSessionTickets(Z)V (max- target-q,core-platform-api, reflection, denied)
01-30 14:08:41.682 12740 13294 W com.mbwhatsapp: Accessing hidden method Lcom/android/org/conscrypt/AbstractConscryptSocket;->setUseSessionTickets(Z)V (max- target-q, reflection, denied)
01-30 14:08:41.683 12740 13294 W com.mbwhatsapp: Accessing hidden method Lcom/android/org/conscrypt/ConscryptEngineSocket;->setHostname(Ljava/lang/String;)V (max-target-q,core-platform-api, reflection, denied)
01-30 14:08:41.683 12740 13294 W com.mbwhatsapp: Accessing hidden method Lcom/android/org/conscrypt/OpenSSLSocketImpl;->setHostname(Ljava/lang/String;)V (max-target-q,core-platform-api, reflection, denied)
01-30 14:08:41.683 12740 13294 W com.mbwhatsapp: Accessing hidden method Lcom/android/org/conscrypt/AbstractConscryptSocket;->setHostname(Ljava/lang/ String;)V (max-target-q, reflection, denied)
01-30 14:08:41.683 12740 13294 W com.mbwhatsapp: Accessing hidden method Lcom/android/org/conscrypt/OpenSSLSocketImpl;->setAlpnProtocols([B)V (max-target- q,core-platform-api, reflection, denied)
01-30 14:08:41.683 12740 13294 W com.mbwhatsapp: Accessing hidden method Lcom/android/org/conscrypt/AbstractConscryptSocket;->setAlpnProtocols([B)V (max- target-q, reflection, denied)
01-30 14:08:41.935 12740 13294 W com.mbwhatsapp: Accessing hidden method Lcom/android/org/conscrypt/OpenSSLSocketImpl;->getAlpnSelectedProtocol()[B (max- target-q,core-platform-api, reflection, denied)
01-30 14:08:41.935 12740 13294 W com.mbwhatsapp: Accessing hidden method Lcom/android/org/conscrypt/AbstractConscryptSocket;->getAlpnSelectedProtocol()[B (max-target-q, reflection, denied)
01-30 14:08:42.021 12740 12740 W BpBinder: PerfMonitor binderTransact : time=250ms interface=android.app.IActivityTaskManager code=1
01-30 14:08:42.021 12740 12740 W Activity: Can request only one set of permissions at a time
01-30 14:08:42.440 12740 12740 W Activity: PerfMonitor: Slow Operation: Activity com.mbwhatsapp/.HomeActivity onCreate took 2323ms
01-30 14:08:42.607 12740 12740 W Activity: PerfMonitor: Slow Operation: Activity com.mbwhatsapp/.HomeActivity onStart took 163ms
01-30 14:08:42.782 12740 12740 W Activity: PerfMonitor: Slow Operation: Activity com.mbwhatsapp/.HomeActivity onResume took 172ms
01-30 14:08:42.785 12740 12740 W Looper : PerfMonitor longMsg : seq=20 plan=14:08:40.000 late=17ms wall=2767ms h=android.app.ActivityThread$H w=159 procState=-1
01-30 14:08:42.785 12740 12740 W Looper : PerfMonitor looperActivity : package=com.mbwhatsapp/.HomeActivity time=0ms latency=2785ms procState=-1 historyMsgCount=4 (msgIndex=4 wall=2767ms seq=20 late=17ms h=android.app.ActivityThread$H w=159)
01-30 14:08:42.924 12740 12740 W Looper : PerfMonitor looperActivity : package=com.mbwhatsapp/.HomeActivity time=32ms latency=1179ms procState=-1 historyMsgCount=19 (msgIndex=1 wall=2767ms seq=20 late=17ms h=android.app.ActivityThread$H w=159)
01-30 14:08:42.963 12740 12740 W Looper : PerfMonitor looperActivity : package=com.mbwhatsapp/.HomeActivity time=38ms latency=1211ms procState=-1 historyMsgCount=20 (msgIndex=1 wall=2767ms seq=20 late=17ms h=android.app.ActivityThread$H w=159)
01-30 14:08:43.025 12740 12740 E ArmVmp : Match on catch block at 0x0a in for 0x72f9148035
01-30 14:08:43.047 12740 12740 W Looper : PerfMonitor looperActivity : package=com.mbwhatsapp/mbmodsd.mbmodsw.mbsettings.yo.PauseActivity time=44ms latency=747ms procState=-1 historyMsgCount=27 (msgIndex=1 wall=2767ms seq=20 late=17ms h=android.app.ActivityThread$H w=159)
01-30 14:08:43.278 12740 12740 W Looper : PerfMonitor looperActivity : package=com.mbwhatsapp/.authentication.AppAuthenticationActivity time=1ms latency=402ms procState=-1 historyMsgCount=26 (msgIndex=26 wall=171ms seq=62 late=233ms h=android.app.ActivityThread$H w=159)
01-30 14:08:43.278 12740 12740 W Looper : PerfMonitor looperActivity : package=com.mbwhatsapp/mbmodsd.mbmodsw.mbsettings.yo.PauseActivity time=0ms latency=379ms procState=-1 historyMsgCount=26 (msgIndex=24 wall=171ms seq=62 late=233ms h=android.app.ActivityThread$H w=159)
01-30 14:08:43.285 12740 12740 W Looper : PerfMonitor looperActivity : package=com.mbwhatsapp/.HomeActivity time=6ms latency=379ms procState=-1 historyMsgCount=27 (msgIndex=24 wall=171ms seq=62 late=233ms h=android.app.ActivityThread$H w=159)
01-30 14:08:43.468 12740 13050 W libc : Access denied finding property "vendor.migl.debug"
01-30 14:08:43.472 12740 13050 E libEGL : pre_cache appList: ,,,
01-30 14:08:43.541 12740 13050 E LB : fail to open node: No such file or directory
01-30 14:08:43.546 12740 13050 E perf_hint: Session creation failed, mPreferredRateNanos: -1
01-30 14:08:43.786 12740 13050 W RenderInspector: DequeueBuffer time out on com.mbwhatsapp/com.mbwhatsapp.authentication.AppAuthenticationActivity, count=1, avg=17 ms, max=17 ms.
01-30 14:08:44.075 12740 13050 E perf_hint: Session creation failed, mPreferredRateNanos: -1
01-30 14:08:44.338 12740 13050 W RenderInspector: DequeueBuffer time out on Toast, count=1, avg=18 ms, max=18 ms.
01-30 14:08:44.343 12740 12792 W LibraryVersion: Failed to get app version for libraryName: firebase-iid
01-30 14:08:44.398 12740 12740 W FingerprintManager: Invalid acquired message: 6, 22
01-30 14:08:45.046 12740 12740 W com.mbwhatsapp: type=1400 audit(0.0:259910): avc: granted { execute } for comm=4D65646961446F776E6C6F61642023 path="/data/data/com.mbwhatsapp/files/decompressed/libs.spk.zst/libstatic-webp.so" dev="dm-40" ino=61272 scontext=u:r:untrusted_app:s0:c31,c257,c512,c768 tcontext=u:object_r:app_data_file:s0:c31,c257,c512,c768 tclass=file app=com.mbwhatsapp
01-30 14:08:45.087 12740 13413 W BpBinder: PerfMonitor binderTransact : time=245ms interface=android.app.job.IJobScheduler code=2
01-30 14:08:45.266 12740 12917 E SQLiteDatabase: Error inserting transferred=1 media_job_uuid=7d37d7e4-c9c7-4454-ae90-414f01cec5c5 transcoded=0 gif_attribution=0 first_scan_length=11354 direct_path=/v/t62.15575- 24/32719242_885793893295294_2714219620644352018_n.enc?ccb=11- 4&oh=01_AdRNoV2AxFp7A5ooqHJjS7Jr3hFnN5rN8EBO-aM3j_n7ow&oe=65E0AA69&_nc_sid=5e03e0 thumbnail_height_width_ratio=1.0 is_animated_sticker=1 file_hash=7ogwmsi1luC1RRg0LOfnvosYBMph4pDUopkWVV/CFAw= file_path=Media/MBWhatsApp Stickers/STK-20240118-WA0012.webp file_size=0 partial_media_hash=null face_x=0 face_y=0 height=64 trim_to=0 media_key_timestamp=1706564663000 message_url=https://mmg.whatsapp.net/v/t62.15575- 24/32719242_885793893295294_2714219620644352018_n.enc?ccb=11- 4&oh=01_AdRNoV2AxFp7A5ooqHJjS7Jr3hFnN5rN8EBO- aM3j_n7ow&oe=65E0AA69&_nc_sid=5e03e0&mms3=true media_caption=null trim_from=0 mime_type=image/webp partial_media_enc_hash=null width=64 original_file_hash=null has_streaming_sidecar=0 autotransfer_retry_enabled=1 media_upload_handle=null message_row_id=5997 multicast_id=null enc_file_hash=y76kMSSPuL9zzlymQoSZ9hRcLHXMxK5g7yXqKpKrE7Q= mute_video=0 page_count=0 first_scan_sidecar=[B@37b6264 suspicious_content=0 file_length=47044 media_name=null media_duration=0 chat_row_id=71 media_key=[B@db8ccd
01-30 14:08:45.266 12740 12917 E SQLiteDatabase: android.database.sqlite.SQLiteConstraintException: UNIQUE constraint failed: message_media.message_row_id (code 1555 SQLITE_CONSTRAINT_PRIMARYKEY)
01-30 14:08:45.266 12740 12917 E SQLiteDatabase: at android.database.sqlite.SQLiteConnection.nativeExecuteForLastInsertedRowId(Native Method)
01-30 14:08:45.266 12740 12917 E SQLiteDatabase: at android.database.sqlite.SQLiteConnection.executeForLastInsertedRowId(SQLiteConnecti on.java:961)
01-30 14:08:45.266 12740 12917 E SQLiteDatabase: at android.database.sqlite.SQLiteSession.executeForLastInsertedRowId(SQLiteSession.jav a:790)
01-30 14:08:45.266 12740 12917 E SQLiteDatabase: at android.database.sqlite.SQLiteStatement.executeInsert(SQLiteStatement.java:89)
01-30 14:08:45.266 12740 12917 E SQLiteDatabase: at android.database.sqlite.SQLiteDatabase.insertWithOnConflict(SQLiteDatabase.java:186 8)
01-30 14:08:45.266 12740 12917 E SQLiteDatabase: at android.database.sqlite.SQLiteDatabase.insert(SQLiteDatabase.java:1737)
01-30 14:08:45.266 12740 12917 E SQLiteDatabase: at X.2tm.A08(Unknown Source:6)
01-30 14:08:45.266 12740 12917 E SQLiteDatabase: at X.35Y.A07(Unknown Source:212)
01-30 14:08:45.266 12740 12917 E SQLiteDatabase: at X.3QF.A14(Unknown Source:470)
01-30 14:08:45.266 12740 12917 E SQLiteDatabase: at X.3gU.run(Unknown Source:982)
01-30 14:08:45.266 12740 12917 E SQLiteDatabase: at android.os.Handler.handleCallback(Handler.java:942)
01-30 14:08:45.266 12740 12917 E SQLiteDatabase: at android.os.Handler.dispatchMessage(Handler.java:99)
01-30 14:08:45.266 12740 12917 E SQLiteDatabase: at X.0zq.dispatchMessage(Unknown Source:4)
01-30 14:08:45.266 12740 12917 E SQLiteDatabase: at android.os.Looper.loopOnce(Looper.java:211)
01-30 14:08:45.266 12740 12917 E SQLiteDatabase: at android.os.Looper.loop(Looper.java:300)
01-30 14:08:45.266 12740 12917 E SQLiteDatabase: at android.os.HandlerThread.run(HandlerThread.java:67)
01-30 14:08:45.990 12740 13853 W LOTTIE : Animation contains merge paths. Merge paths are only supported on KitKat+ and must be manually enabled by calling enableMergePathsForKitKatAndAbove().
01-30 14:08:46.240 12740 13574 W com.mbwhatsapp: Long monitor contention with owner Notifications (13667) at android.content.IContentProvider android.app.ActivityThread.acquireProvider(android.content.Context, java.lang.String, int, boolean)(ActivityThread.java:7546) waiters=0 in android.content.IContentProvider android.app.ActivityThread.acquireProvider(android.content.Context, java.lang.String, int, boolean) for 827ms
01-30 14:08:46.472 12740 13667 W BpBinder: PerfMonitor binderTransact : time=242ms interface=android.content.IContentProvider code=1
01-30 14:08:46.483 12740 13574 W BpBinder: PerfMonitor binderTransact : time=236ms interface=android.content.IContentProvider code=1
01-30 14:08:46.570 12740 13574 W Looper : PerfMonitor longMsg : seq=2 plan=14:08:45.387 late=9ms wall=1173ms h=android.os.Handler c=X.3fp procState=-1
01-30 14:08:46.573 12740 13667 W com.mbwhatsapp: Accessing hidden field Landroid/app/Notification;->extraNotification:Landroid/app/MiuiNotification; (blocked, reflection, denied)
01-30 14:08:46.736 12740 13667 W com.mbwhatsapp: Accessing hidden field Landroid/app/Notification;->extraNotification:Landroid/app/MiuiNotification; (blocked, reflection, denied)
01-30 14:08:46.801 12740 13667 W Looper : PerfMonitor longMsg : seq=2 plan=14:08:44.344 late=122ms wall=2329ms h=android.os.Handler c=X.3gC procState=-1
01-30 14:08:46.819 12740 14018 W com.mbwhatsapp: Accessing hidden method Landroid/app/MiuiNotification;-><init>()V (blocked, reflection, denied)
01-30 14:08:47.052 12740 12740 E RecyclerView: No adapter attached; skipping layout
01-30 14:08:47.155 12740 13050 E perf_hint: Session creation failed, mPreferredRateNanos: -1
01-30 14:08:47.156 12740 12740 W Looper : PerfMonitor longMsg : seq=381 plan=14:08:45.696 late=4ms wall=1455ms h=android.view.Choreographer$FrameHandler c=android.view.Choreographer$FrameDisplayEventReceiver procState=-1
01-30 14:08:47.156 12740 12740 W Looper : PerfMonitor doFrame : time=1455ms vsyncFrame=0 latency=4ms procState=-1 historyMsgCount=4 (msgIndex=1 wall=74ms seq=377 h=android.app.ActivityThread$H w=159)
01-30 14:08:47.219 12740 12740 E RecyclerView: No adapter attached; skipping layout
01-30 14:08:47.227 12740 12740 W Looper : PerfMonitor doFrame : time=67ms vsyncFrame=0 latency=1430ms procState=-1 historyMsgCount=20 (msgIndex=1 wall=1455ms seq=381 late=4ms h=android.view.Choreographer$FrameHandler c=android.view.Choreographer$FrameDisplayEventReceiver)
01-30 14:08:47.310 12740 12740 W LOTTIE : Animation contains merge paths but they are disabled.
01-30 14:08:47.426 12740 13050 E perf_hint: Session creation failed, mPreferredRateNanos: -1
01-30 14:08:47.862 12740 12740 W Looper : PerfMonitor looperActivity : package=com.mbwhatsapp/.backup.google.GoogleDriveNewUserSetupActivity time=0ms latency=365ms procState=-1 historyMsgCount=35 (msgIndex=13 wall=68ms seq=565 late=128ms h=android.os.AsyncTask$InternalHandler w=1) (msgIndex=35 wall=265ms seq=587 late=102ms h=android.app.ActivityThread$H w=159)
01-30 14:08:48.422 12740 13667 W com.mbwhatsapp: Accessing hidden field Landroid/app/Notification;->extraNotification:Landroid/app/MiuiNotification; (blocked, reflection, denied)
01-30 14:08:48.481 12740 13667 W com.mbwhatsapp: Accessing hidden field Landroid/app/Notification;->extraNotification:Landroid/app/MiuiNotification; (blocked, reflection, denied)
01-30 14:08:48.556 12740 13050 E perf_hint: Session creation failed, mPreferredRateNanos: -1
01-30 14:08:48.619 12740 12740 W Looper : PerfMonitor doFrame : time=98ms vsyncFrame=0 latency=340ms procState=-1 historyMsgCount=23 (msgIndex=1 wall=284ms seq=662 late=149ms h=android.view.Choreographer$FrameHandler c=android.view.Choreographer$FrameDisplayEventReceiver)
01-30 14:08:48.768 12740 12749 W com.mbwhatsapp: Cleared Reference was only reachable from finalizer (only reported once)
01-30 14:08:48.845 12740 12740 E ArmVmp : Match on catch block at 0x5b in for 0x72f914801d
01-30 14:08:49.170 12740 12740 W MirrorManager: this model don't Support
01-30 14:08:49.510 12740 14215 E RenderScript: Failed to find hal setup entry points: undefined symbol: rsdHalAbort
01-30 14:08:49.510 12740 14215 E RenderScript: Failed to load runtime , loading default
01-30 14:08:49.852 12740 12740 E ArmVmp : Match on catch block at 0x0a in for 0x72f9148035
01-30 14:08:49.860 12740 12740 E ArmVmp : Match on catch block at 0x0a in for 0x72f9148035
01-30 14:08:49.906 12740 12740 W Activity: PerfMonitor: Slow Operation: Activity com.mbwhatsapp/.Conversation onStart took 121ms
01-30 14:08:49.966 12740 12740 W Looper : PerfMonitor looperActivity : package=com.mbwhatsapp/.Conversation time=1ms latency=637ms procState=-1 historyMsgCount=6 (msgIndex=5 wall=630ms seq=841 late=9ms h=android.app.ActivityThread$H w=159)
01-30 14:08:50.301 12740 12740 E ArmVmp : Match on catch block at 0xc3 in for 0x72f9148021
01-30 14:08:50.327 12740 12740 E ArmVmp : Match on catch block at 0xc3 in for 0x72f9148021
01-30 14:08:50.337 12740 12740 E ArmVmp : Match on catch block at 0xc3 in for 0x72f9148021
01-30 14:08:50.429 12740 13050 E perf_hint: Session creation failed, mPreferredRateNanos: -1
01-30 14:08:50.431 12740 12740 W Looper : PerfMonitor doFrame : time=465ms vsyncFrame=0 latency=619ms procState=-1 historyMsgCount=3 (msgIndex=1 wall=630ms seq=841 late=9ms h=android.app.ActivityThread$H w=159)
01-30 14:08:50.497 12740 12740 E ArmVmp : Match on catch block at 0xc3 in for 0x72f9148025
01-30 14:08:50.506 12740 12740 E ArmVmp : Match on catch block at 0xc3 in for 0x72f9148025
01-30 14:08:50.508 12740 12740 E ArmVmp : Match on catch block at 0xc3 in for 0x72f9148025
01-30 14:08:50.538 12740 12740 W Looper : PerfMonitor doFrame : time=67ms vsyncFrame=0 latency=491ms procState=-1 historyMsgCount=56 (msgIndex=1 wall=465ms seq=844 late=619ms h=android.view.Choreographer$FrameHandler c=android.view.Choreographer$FrameDisplayEventReceiver)
01-30 14:08:50.602 12740 12740 E ArmVmp : Match on catch block at 0xc3 in for 0x72f9148025
01-30 14:08:50.612 12740 12740 E ArmVmp : Match on catch block at 0xc3 in for 0x72f9148025
01-30 14:08:50.622 12740 12740 E ArmVmp : Match on catch block at 0xc3 in for 0x72f9148025
01-30 14:08:50.653 12740 12740 E ArmVmp : Match on catch block at 0xc3 in for 0x72f9148025
01-30 14:08:50.661 12740 12740 E ArmVmp : Match on catch block at 0xc3 in for 0x72f9148025
01-30 14:08:50.662 12740 14018 W com.mbwhatsapp: Accessing hidden method Landroid/app/MiuiNotification;-><init>()V (blocked, reflection, denied)
01-30 14:08:50.668 12740 12740 E ArmVmp : Match on catch block at 0xc3 in for 0x72f9148025
01-30 14:08:50.727 12740 12740 E ArmVmp : Match on catch block at 0xc3 in for 0x72f9148025
01-30 14:08:50.736 12740 12740 E ArmVmp : Match on catch block at 0xc3 in for 0x72f9148025
01-30 14:08:50.743 12740 12740 E ArmVmp : Match on catch block at 0xc3 in for 0x72f9148025
01-30 14:08:50.753 12740 12740 E ArmVmp : Match on catch block at 0xc3 in for 0x72f9148025
01-30 14:08:50.760 12740 12740 E ArmVmp : Match on catch block at 0xc3 in for 0x72f9148025
01-30 14:08:50.763 12740 12740 E ArmVmp : Match on catch block at 0xc3 in for 0x72f9148025
01-30 14:08:50.798 12740 12740 E ArmVmp : Match on catch block at 0xc3 in for 0x72f9148025
01-30 14:08:50.805 12740 12740 E ArmVmp : Match on catch block at 0xc3 in for 0x72f9148025
01-30 14:08:50.809 12740 12740 E ArmVmp : Match on catch block at 0xc3 in for 0x72f9148025
01-30 14:08:50.815 12740 12740 E ArmVmp : Match on catch block at 0xc3 in for 0x72f9148025
01-30 14:08:50.821 12740 12740 E ArmVmp : Match on catch block at 0xc3 in for 0x72f9148025
01-30 14:08:50.824 12740 12740 E ArmVmp : Match on catch block at 0xc3 in for 0x72f9148025
01-30 14:08:50.848 12740 12740 E ArmVmp : Match on catch block at 0xc3 in for 0x72f9148025
01-30 14:08:50.853 12740 12740 E ArmVmp : Match on catch block at 0xc3 in for 0x72f9148025
01-30 14:08:50.859 12740 12740 E ArmVmp : Match on catch block at 0xc3 in for 0x72f9148025
01-30 14:08:50.882 12740 12740 E ArmVmp : Match on catch block at 0xc3 in for 0x72f9148025
01-30 14:08:50.890 12740 12740 E ArmVmp : Match on catch block at 0xc3 in for 0x72f9148025
01-30 14:08:50.895 12740 12740 E ArmVmp : Match on catch block at 0xc3 in for 0x72f9148025
01-30 14:08:50.915 12740 14018 W com.mbwhatsapp: Accessing hidden method Landroid/app/MiuiNotification;-><init>()V (blocked, reflection, denied)
01-30 14:08:50.917 12740 12740 E ArmVmp : Match on catch block at 0xc3 in for 0x72f9148025
01-30 14:08:50.923 12740 12740 E ArmVmp : Match on catch block at 0xc3 in for 0x72f9148025
01-30 14:08:50.925 12740 12740 E ArmVmp : Match on catch block at 0xc3 in for 0x72f9148025
01-30 14:08:50.939 12740 12740 E ArmVmp : Match on catch block at 0xc3 in for 0x72f9148025
01-30 14:08:50.945 12740 12740 E ArmVmp : Match on catch block at 0xc3 in for 0x72f9148025
01-30 14:08:50.953 12740 12740 E ArmVmp : Match on catch block at 0xc3 in for 0x72f9148025
01-30 14:08:51.001 12740 12740 E ArmVmp : Match on catch block at 0xc3 in for 0x72f9148025
01-30 14:08:51.006 12740 12740 E ArmVmp : Match on catch block at 0xc3 in for 0x72f9148025
01-30 14:08:51.009 12740 12740 E ArmVmp : Match on catch block at 0xc3 in for 0x72f9148025
01-30 14:08:51.045 12740 12740 E ArmVmp : Match on catch block at 0xc3 in for 0x72f9148025
01-30 14:08:51.048 12740 12740 E ArmVmp : Match on catch block at 0xc3 in for 0x72f9148025
01-30 14:08:51.051 12740 12740 E ArmVmp : Match on catch block at 0xc3 in for 0x72f9148025
01-30 14:08:51.081 12740 12740 E ArmVmp : Match on catch block at 0xc3 in for 0x72f9148025
01-30 14:08:51.097 12740 12740 E ArmVmp : Match on catch block at 0xc3 in for 0x72f9148025
01-30 14:08:51.102 12740 12740 E ArmVmp : Match on catch block at 0xc3 in for 0x72f9148025
01-30 14:08:51.115 12740 12740 E ArmVmp : Match on catch block at 0xc3 in for 0x72f9148025
01-30 14:08:51.119 12740 12740 E ArmVmp : Match on catch block at 0xc3 in for 0x72f9148025
01-30 14:08:51.121 12740 12740 E ArmVmp : Match on catch block at 0xc3 in for 0x72f9148025
01-30 14:08:51.183 12740 12740 E ArmVmp : Match on catch block at 0xc3 in for 0x72f9148025
01-30 14:08:51.189 12740 12740 E ArmVmp : Match on catch block at 0xc3 in for 0x72f9148025
01-30 14:08:51.192 12740 12740 E ArmVmp : Match on catch block at 0xc3 in for 0x72f9148025
01-30 14:08:51.249 12740 12740 E ArmVmp : Match on catch block at 0xc3 in for 0x72f9148025
01-30 14:08:51.253 12740 12740 E ArmVmp : Match on catch block at 0xc3 in for 0x72f9148025
01-30 14:08:51.255 12740 12740 E ArmVmp : Match on catch block at 0xc3 in for 0x72f9148025
01-30 14:08:51.332 12740 12740 E ArmVmp : Match on catch block at 0xc3 in for 0x72f9148025
01-30 14:08:51.336 12740 12740 E ArmVmp : Match on catch block at 0xc3 in for 0x72f9148025
01-30 14:08:51.338 12740 12740 E ArmVmp : Match on catch block at 0xc3 in for 0x72f9148025
01-30 14:08:51.358 12740 12740 E ArmVmp : Match on catch block at 0xc3 in for 0x72f9148025
01-30 14:08:51.361 12740 12740 E ArmVmp : Match on catch block at 0xc3 in for 0x72f9148025
01-30 14:08:51.363 12740 12740 E ArmVmp : Match on catch block at 0xc3 in for 0x72f9148025
01-30 14:08:51.376 12740 12740 E ArmVmp : Match on catch block at 0xc3 in for 0x72f9148025
01-30 14:08:51.379 12740 12740 E ArmVmp : Match on catch block at 0xc3 in for 0x72f9148025
01-30 14:08:51.381 12740 12740 E ArmVmp : Match on catch block at 0xc3 in for 0x72f9148025
01-30 14:08:51.399 12740 12740 E ArmVmp : Match on catch block at 0xc3 in for 0x72f9148025
01-30 14:08:51.402 12740 12740 E ArmVmp : Match on catch block at 0xc3 in for 0x72f9148025
01-30 14:08:51.403 12740 12740 E ArmVmp : Match on catch block at 0xc3 in for 0x72f9148025
01-30 14:08:51.465 12740 12740 E ArmVmp : Match on catch block at 0xc3 in for 0x72f9148025
01-30 14:08:51.468 12740 12740 E ArmVmp : Match on catch block at 0xc3 in for 0x72f9148025
01-30 14:08:51.471 12740 12740 E ArmVmp : Match on catch block at 0xc3 in for 0x72f9148025
01-30 14:08:51.573 12740 12740 E ArmVmp : Match on catch block at 0xc3 in for 0x72f9148025
01-30 14:08:51.583 12740 12740 E ArmVmp : Match on catch block at 0xc3 in for 0x72f9148025
01-30 14:08:51.589 12740 12740 E ArmVmp : Match on catch block at 0xc3 in for 0x72f9148025
01-30 14:08:51.599 12740 12740 E ArmVmp : Match on catch block at 0xc3 in for 0x72f9148025
01-30 14:08:51.607 12740 12740 E ArmVmp : Match on catch block at 0xc3 in for 0x72f9148025
01-30 14:08:51.617 12740 12740 E ArmVmp : Match on catch block at 0xc3 in for 0x72f9148025
01-30 14:08:51.640 12740 12740 E ArmVmp : Match on catch block at 0xc3 in for 0x72f9148025
01-30 14:08:51.650 12740 12740 E ArmVmp : Match on catch block at 0xc3 in for 0x72f9148025
01-30 14:08:51.659 12740 12740 E ArmVmp : Match on catch block at 0xc3 in for 0x72f9148025
01-30 14:08:51.675 12740 12740 W OnBackInvokedCallback: OnBackInvokedCallback is not enabled for the application.
01-30 14:08:51.675 12740 12740 W OnBackInvokedCallback: Set 'android:enableOnBackInvokedCallback="true"' in the application manifest.
01-30 14:08:51.682 12740 12740 E ArmVmp : Match on catch block at 0xc3 in for 0x72f9148025
01-30 14:08:51.687 12740 12740 E ArmVmp : Match on catch block at 0xc3 in for 0x72f9148025
01-30 14:08:51.691 12740 12740 E ArmVmp : Match on catch block at 0xc3 in for 0x72f9148025
01-30 14:08:51.765 12740 12740 E ArmVmp : Match on catch block at 0xc3 in for 0x72f9148025
01-30 14:08:51.769 12740 12740 E ArmVmp : Match on catch block at 0xc3 in for 0x72f9148025
01-30 14:08:51.772 12740 12740 E ArmVmp : Match on catch block at 0xc3 in for 0x72f9148025
01-30 14:08:51.818 12740 12740 E ArmVmp : Match on catch block at 0xc3 in for 0x72f9148025
01-30 14:08:51.822 12740 12740 E ArmVmp : Match on catch block at 0xc3 in for 0x72f9148025
01-30 14:08:51.823 12740 12740 E ArmVmp : Match on catch block at 0xc3 in for 0x72f9148025
01-30 14:08:51.832 12740 12740 E ArmVmp : Match on catch block at 0xc3 in for 0x72f9148025
01-30 14:08:51.835 12740 12740 E ArmVmp : Match on catch block at 0xc3 in for 0x72f9148025
01-30 14:08:51.839 12740 12740 E ArmVmp : Match on catch block at 0xc3 in for 0x72f9148025
01-30 14:08:51.898 12740 12740 E ArmVmp : Match on catch block at 0xc3 in for 0x72f9148025
01-30 14:08:51.907 12740 12740 E ArmVmp : Match on catch block at 0xc3 in for 0x72f9148025
01-30 14:08:51.910 12740 12740 E ArmVmp : Match on catch block at 0xc3 in for 0x72f9148025
01-30 14:08:51.982 12740 12740 E ArmVmp : Match on catch block at 0xc3 in for 0x72f9148025
01-30 14:08:51.986 12740 12740 E ArmVmp : Match on catch block at 0xc3 in for 0x72f9148025
01-30 14:08:51.989 12740 12740 E ArmVmp : Match on catch block at 0xc3 in for 0x72f9148025
01-30 14:08:52.044 12740 12740 E ArmVmp : Match on catch block at 0xc3 in for 0x72f9148025
01-30 14:08:52.050 12740 12740 E ArmVmp : Match on catch block at 0xc3 in for 0x72f9148025
01-30 14:08:52.058 12740 12740 E ArmVmp : Match on catch block at 0xc3 in for 0x72f9148025
01-30 14:08:52.105 12740 12740 E ArmVmp : Match on catch block at 0xc3 in for 0x72f9148025
01-30 14:08:52.111 12740 12740 E ArmVmp : Match on catch block at 0xc3 in for 0x72f9148025
01-30 14:08:52.122 12740 12740 E ArmVmp : Match on catch block at 0xc3 in for 0x72f9148025
01-30 14:08:52.150 12740 12740 E ArmVmp : Match on catch block at 0xc3 in for 0x72f9148025
01-30 14:08:52.160 12740 12740 E ArmVmp : Match on catch block at 0xc3 in for 0x72f9148025
01-30 14:08:52.164 12740 12740 E ArmVmp : Match on catch block at 0xc3 in for 0x72f9148025
01-30 14:08:52.184 12740 12740 E ArmVmp : Match on catch block at 0xc3 in for 0x72f9148025
01-30 14:08:52.195 12740 12740 E ArmVmp : Match on catch block at 0xc3 in for 0x72f9148025
01-30 14:08:52.204 12740 12740 E ArmVmp : Match on catch block at 0xc3 in for 0x72f9148025
01-30 14:08:52.250 12740 12740 E ArmVmp : Match on catch block at 0xc3 in for 0x72f9148025
01-30 14:08:52.254 12740 12740 E ArmVmp : Match on catch block at 0xc3 in for 0x72f9148025
01-30 14:08:52.259 12740 12740 E ArmVmp : Match on catch block at 0xc3 in for 0x72f9148025
01-30 14:08:52.332 12740 12740 E ArmVmp : Match on catch block at 0xc3 in for 0x72f9148025
01-30 14:08:52.339 12740 12740 E ArmVmp : Match on catch block at 0xc3 in for 0x72f9148025
01-30 14:08:52.342 12740 12740 E ArmVmp : Match on catch block at 0xc3 in for 0x72f9148025
01-30 14:08:52.400 12740 12740 E ArmVmp : Match on catch block at 0xc3 in for 0x72f9148025
01-30 14:08:52.412 12740 12740 E ArmVmp : Match on catch block at 0xc3 in for 0x72f9148025
01-30 14:08:52.418 12740 12740 E ArmVmp : Match on catch block at 0xc3 in for 0x72f9148025
01-30 14:08:52.465 12740 12740 E ArmVmp : Match on catch block at 0xc3 in for 0x72f9148025
01-30 14:08:52.475 12740 12740 E ArmVmp : Match on catch block at 0xc3 in for 0x72f9148025
01-30 14:08:52.488 12740 12740 E ArmVmp : Match on catch block at 0xc3 in for 0x72f9148025
01-30 14:08:52.522 12740 12740 E ArmVmp : Match on catch block at 0xc3 in for 0x72f9148025
01-30 14:08:52.527 12740 12740 E ArmVmp : Match on catch block at 0xc3 in for 0x72f9148025
01-30 14:08:52.540 12740 12740 E ArmVmp : Match on catch block at 0xc3 in for 0x72f9148025
01-30 14:08:52.573 12740 12740 E ArmVmp : Match on catch block at 0xc3 in for 0x72f9148025
01-30 14:08:52.578 12740 12740 E ArmVmp : Match on catch block at 0xc3 in for 0x72f9148025
01-30 14:08:52.585 12740 12740 E ArmVmp : Match on catch block at 0xc3 in for 0x72f9148025
01-30 14:08:52.600 12740 12740 E ArmVmp : Match on catch block at 0xc3 in for 0x72f9148025
01-30 14:08:52.606 12740 12740 E ArmVmp : Match on catch block at 0xc3 in for 0x72f9148025
01-30 14:08:52.610 12740 12740 E ArmVmp : Match on catch block at 0xc3 in for 0x72f9148025
01-30 14:08:52.620 12740 12740 E ArmVmp : Match on catch block at 0xc3 in for 0x72f9148025
01-30 14:08:52.636 12740 12740 E ArmVmp : Match on catch block at 0xc3 in for 0x72f9148025
01-30 14:08:52.641 12740 12740 E ArmVmp : Match on catch block at 0xc3 in for 0x72f9148025
01-30 14:08:52.650 12740 12740 E ArmVmp : Match on catch block at 0xc3 in for 0x72f9148025
01-30 14:08:52.658 12740 12740 E ArmVmp : Match on catch block at 0xc3 in for 0x72f9148025
01-30 14:08:52.663 12740 12740 E ArmVmp : Match on catch block at 0xc3 in for 0x72f9148025
01-30 14:08:52.674 12740 12740 E ArmVmp : Match on catch block at 0xc3 in for 0x72f9148025
01-30 14:08:52.678 12740 12740 E ArmVmp : Match on catch block at 0xc3 in for 0x72f9148025
01-30 14:08:52.681 12740 12740 E ArmVmp : Match on catch block at 0xc3 in for 0x72f9148025
01-30 14:08:52.700 12740 12740 E ArmVmp : Match on catch block at 0xc3 in for 0x72f9148025
01-30 14:08:52.707 12740 12740 E ArmVmp : Match on catch block at 0xc3 in for 0x72f9148025
01-30 14:08:52.710 12740 12740 E ArmVmp : Match on catch block at 0xc3 in for 0x72f9148025
01-30 14:08:52.715 12740 12740 E ArmVmp : Match on catch block at 0xc3 in for 0x72f9148025
01-30 14:08:52.720 12740 12740 E ArmVmp : Match on catch block at 0xc3 in for 0x72f9148025
01-30 14:08:52.725 12740 12740 E ArmVmp : Match on catch block at 0xc3 in for 0x72f9148025
01-30 14:08:52.735 12740 12740 E ArmVmp : Match on catch block at 0xc3 in for 0x72f9148025
01-30 14:08:52.738 12740 12740 E ArmVmp : Match on catch block at 0xc3 in for 0x72f9148025
01-30 14:08:52.741 12740 12740 E ArmVmp : Match on catch block at 0xc3 in for 0x72f9148025
01-30 14:08:52.769 12740 12740 E ArmVmp : Match on catch block at 0xc3 in for 0x72f9148025
01-30 14:08:52.776 12740 12740 E ArmVmp : Match on catch block at 0xc3 in for 0x72f9148025
01-30 14:08:52.778 12740 12740 E ArmVmp : Match on catch block at 0xc3 in for 0x72f9148025
01-30 14:08:52.819 12740 12740 E ArmVmp : Match on catch block at 0xc3 in for 0x72f9148025
01-30 14:08:52.827 12740 12740 E ArmVmp : Match on catch block at 0xc3 in for 0x72f9148025
01-30 14:08:52.838 12740 12740 E ArmVmp : Match on catch block at 0xc3 in for 0x72f9148025
01-30 14:08:52.865 12740 12740 E ArmVmp : Match on catch block at 0xc3 in for 0x72f9148025
01-30 14:08:52.874 12740 12740 E ArmVmp : Match on catch block at 0xc3 in for 0x72f9148025
01-30 14:08:52.887 12740 12740 E ArmVmp : Match on catch block at 0xc3 in for 0x72f9148025
01-30 14:08:52.932 12740 12740 E ArmVmp : Match on catch block at 0xc3 in for 0x72f9148025
01-30 14:08:52.949 12740 12740 E ArmVmp : Match on catch block at 0xc3 in for 0x72f9148025
01-30 14:08:52.960 12740 12740 E ArmVmp : Match on catch block at 0xc3 in for 0x72f9148025
01-30 14:08:53.002 12740 12740 E ArmVmp : Match on catch block at 0xc3 in for 0x72f9148025
01-30 14:08:53.014 12740 12740 E ArmVmp : Match on catch block at 0xc3 in for 0x72f9148025
01-30 14:08:53.022 12740 12740 E ArmVmp : Match on catch block at 0xc3 in for 0x72f9148025
01-30 14:08:53.049 12740 12740 E ArmVmp : Match on catch block at 0xc3 in for 0x72f9148025
01-30 14:08:53.059 12740 12740 E ArmVmp : Match on catch block at 0xc3 in for 0x72f9148025
01-30 14:08:53.076 12740 12740 E ArmVmp : Match on catch block at 0xc3 in for 0x72f9148025
01-30 14:08:53.133 12740 12740 E ArmVmp : Match on catch block at 0xc3 in for 0x72f9148025
01-30 14:08:53.152 12740 12740 E ArmVmp : Match on catch block at 0xc3 in for 0x72f9148025
01-30 14:08:53.168 12740 12740 E ArmVmp : Match on catch block at 0xc3 in for 0x72f9148025
01-30 14:08:53.403 12740 12740 E ArmVmp : Match on catch block at 0xc3 in for 0x72f9148025
01-30 14:08:53.407 12740 12740 E ArmVmp : Match on catch block at 0xc3 in for 0x72f9148025
01-30 14:08:53.413 12740 12740 E ArmVmp : Match on catch block at 0xc3 in for 0x72f9148025
01-30 14:08:53.450 12740 12740 E ArmVmp : Match on catch block at 0xc3 in for 0x72f9148025
01-30 14:08:53.457 12740 12740 E ArmVmp : Match on catch block at 0xc3 in for 0x72f9148025
01-30 14:08:53.461 12740 12740 E ArmVmp : Match on catch block at 0xc3 in for 0x72f9148025
01-30 14:08:53.531 12740 12740 E ArmVmp : Match on catch block at 0xc3 in for 0x72f9148025
01-30 14:08:53.540 12740 12740 E ArmVmp : Match on catch block at 0xc3 in for 0x72f9148025
01-30 14:08:53.543 12740 12740 E ArmVmp : Match on catch block at 0xc3 in for 0x72f9148025
01-30 14:08:53.648 12740 12740 E ArmVmp : Match on catch block at 0xc3 in for 0x72f9148025
01-30 14:08:53.652 12740 12740 E ArmVmp : Match on catch block at 0xc3 in for 0x72f9148025
01-30 14:08:53.663 12740 12740 E ArmVmp : Match on catch block at 0xc3 in for 0x72f9148025
01-30 14:08:53.683 12740 12740 E ArmVmp : Match on catch block at 0xc3 in for 0x72f9148025
01-30 14:08:53.689 12740 12740 E ArmVmp : Match on catch block at 0xc3 in for 0x72f9148025
01-30 14:08:53.692 12740 12740 E ArmVmp : Match on catch block at 0xc3 in for 0x72f9148025
01-30 14:08:53.699 12740 12740 E ArmVmp : Match on catch block at 0xc3 in for 0x72f9148025
01-30 14:08:53.707 12740 12740 E ArmVmp : Match on catch block at 0xc3 in for 0x72f9148025
01-30 14:08:53.710 12740 12740 E ArmVmp : Match on catch block at 0xc3 in for 0x72f9148025
01-30 14:08:53.715 12740 12740 E ArmVmp : Match on catch block at 0xc3 in for 0x72f9148025
01-30 14:08:53.727 12740 12740 E ArmVmp : Match on catch block at 0xc3 in for 0x72f9148025
01-30 14:08:53.736 12740 12740 E ArmVmp : Match on catch block at 0xc3 in for 0x72f9148025
01-30 14:08:53.741 12740 12740 E ArmVmp : Match on catch block at 0xc3 in for 0x72f9148025
01-30 14:08:53.751 12740 12740 E ArmVmp : Match on catch block at 0xc3 in for 0x72f9148025
01-30 14:08:53.757 12740 12740 E ArmVmp : Match on catch block at 0xc3 in for 0x72f9148025
01-30 14:08:53.765 12740 12740 E ArmVmp : Match on catch block at 0xc3 in for 0x72f9148025
01-30 14:08:53.770 12740 12740 E ArmVmp : Match on catch block at 0xc3 in for 0x72f9148025
01-30 14:08:53.774 12740 12740 E ArmVmp : Match on catch block at 0xc3 in for 0x72f9148025
01-30 14:08:53.782 12740 12740 E ArmVmp : Match on catch block at 0xc3 in for 0x72f9148025
01-30 14:08:53.787 12740 12740 E ArmVmp : Match on catch block at 0xc3 in for 0x72f9148025
01-30 14:08:53.789 12740 12740 E ArmVmp : Match on catch block at 0xc3 in for 0x72f9148025
01-30 14:08:53.799 12740 12740 E ArmVmp : Match on catch block at 0xc3 in for 0x72f9148025
01-30 14:08:53.803 12740 12740 E ArmVmp : Match on catch block at 0xc3 in for 0x72f9148025
01-30 14:08:53.808 12740 12740 E ArmVmp : Match on catch block at 0xc3 in for 0x72f9148025
01-30 14:08:53.816 12740 12740 E ArmVmp : Match on catch block at 0xc3 in for 0x72f9148025
01-30 14:08:53.825 12740 12740 E ArmVmp : Match on catch block at 0xc3 in for 0x72f9148025
01-30 14:08:53.833 12740 12740 E ArmVmp : Match on catch block at 0xc3 in for 0x72f9148025
01-30 14:08:53.854 12740 12740 E ArmVmp : Match on catch block at 0xc3 in for 0x72f9148025
01-30 14:08:53.862 12740 12740 E ArmVmp : Match on catch block at 0xc3 in for 0x72f9148025
01-30 14:08:53.868 12740 12740 E ArmVmp : Match on catch block at 0xc3 in for 0x72f9148025
01-30 14:08:53.873 12740 12740 E ArmVmp : Match on catch block at 0xc3 in for 0x72f9148025
01-30 14:08:53.877 12740 12740 E ArmVmp : Match on catch block at 0xc3 in for 0x72f9148025
01-30 14:08:53.881 12740 12740 E ArmVmp : Match on catch block at 0xc3 in for 0x72f9148025
01-30 14:08:53.888 12740 12740 E ArmVmp : Match on catch block at 0xc3 in for 0x72f9148025
01-30 14:08:53.892 12740 12740 E ArmVmp : Match on catch block at 0xc3 in for 0x72f9148025
01-30 14:08:53.896 12740 12740 E ArmVmp : Match on catch block at 0xc3 in for 0x72f9148025
01-30 14:08:53.915 12740 12740 E ArmVmp : Match on catch block at 0xc3 in for 0x72f9148025
01-30 14:08:53.920 12740 12740 E ArmVmp : Match on catch block at 0xc3 in for 0x72f9148025
01-30 14:08:53.924 12740 12740 E ArmVmp : Match on catch block at 0xc3 in for 0x72f9148025
01-30 14:08:54.132 12740 12740 E ArmVmp : Match on catch block at 0xc3 in for 0x72f9148025
01-30 14:08:54.137 12740 12740 E ArmVmp : Match on catch block at 0xc3 in for 0x72f9148025
01-30 14:08:54.142 12740 12740 E ArmVmp : Match on catch block at 0xc3 in for 0x72f9148025
01-30 14:08:54.348 12740 12740 E ArmVmp : Match on catch block at 0xc3 in for 0x72f9148025
01-30 14:08:54.351 12740 12740 E ArmVmp : Match on catch block at 0xc3 in for 0x72f9148025
01-30 14:08:54.353 12740 12740 E ArmVmp : Match on catch block at 0xc3 in for 0x72f9148025
01-30 14:08:54.849 12740 12740 E ArmVmp : Match on catch block at 0xc3 in for 0x72f9148025
01-30 14:08:54.853 12740 12740 E ArmVmp : Match on catch block at 0xc3 in for 0x72f9148025
01-30 14:08:54.855 12740 12740 E ArmVmp : Match on catch block at 0xc3 in for 0x72f9148025
01-30 14:08:54.882 12740 12740 E ArmVmp : Match on catch block at 0xc3 in for 0x72f9148025
01-30 14:08:54.890 12740 12740 E ArmVmp : Match on catch block at 0xc3 in for 0x72f9148025
01-30 14:08:54.893 12740 12740 E ArmVmp : Match on catch block at 0xc3 in for 0x72f9148025
01-30 14:08:55.232 12740 12740 E ArmVmp : Match on catch block at 0xc3 in for 0x72f9148025
01-30 14:08:55.238 12740 12740 E ArmVmp : Match on catch block at 0xc3 in for 0x72f9148025
01-30 14:08:55.241 12740 12740 E ArmVmp : Match on catch block at 0xc3 in for 0x72f9148025
01-30 14:08:55.381 12740 12740 E ArmVmp : Match on catch block at 0xc3 in for 0x72f9148025
01-30 14:08:55.385 12740 12740 E ArmVmp : Match on catch block at 0xc3 in for 0x72f9148025
01-30 14:08:55.387 12740 12740 E ArmVmp : Match on catch block at 0xc3 in for 0x72f9148025
01-30 14:08:55.465 12740 12740 E ArmVmp : Match on catch block at 0xc3 in for 0x72f9148025
01-30 14:08:55.470 12740 12740 E ArmVmp : Match on catch block at 0xc3 in for 0x72f9148025
01-30 14:08:55.472 12740 12740 E ArmVmp : Match on catch block at 0xc3 in for 0x72f9148025
01-30 14:08:55.683 12740 12740 E ArmVmp : Match on catch block at 0xc3 in for 0x72f9148025
01-30 14:08:55.688 12740 12740 E ArmVmp : Match on catch block at 0xc3 in for 0x72f9148025
01-30 14:08:55.691 12740 12740 E ArmVmp : Match on catch block at 0xc3 in for 0x72f9148025
01-30 14:08:55.782 12740 12740 E ArmVmp : Match on catch block at 0xc3 in for 0x72f9148025
01-30 14:08:55.786 12740 12740 E ArmVmp : Match on catch block at 0xc3 in for 0x72f9148025
01-30 14:08:55.791 12740 12740 E ArmVmp : Match on catch block at 0xc3 in for 0x72f9148025
01-30 14:08:55.898 12740 12740 E ArmVmp : Match on catch block at 0xc3 in for 0x72f9148025
