01-30 14:05:37.104 647 647 E ArmVmp : Match on catch block at 0xc3 in for 0x72f9148025
01-30 14:05:37.113 647 647 E ArmVmp : Match on catch block at 0xc3 in for 0x72f9148025
01-30 14:05:37.120 647 647 E ArmVmp : Match on catch block at 0xc3 in for 0x72f9148025
01-30 14:05:37.129 647 647 E ArmVmp : Match on catch block at 0xc3 in for 0x72f9148025
01-30 14:05:37.133 647 647 E ArmVmp : Match on catch block at 0xc3 in for 0x72f9148025
01-30 14:05:37.145 647 647 E ArmVmp : Match on catch block at 0xc3 in for 0x72f9148025
01-30 14:05:37.148 647 647 E ArmVmp : Match on catch block at 0xc3 in for 0x72f9148025
01-30 14:05:37.162 647 647 E ArmVmp : Match on catch block at 0xc3 in for 0x72f9148025
01-30 14:05:37.166 647 647 E ArmVmp : Match on catch block at 0xc3 in for 0x72f9148025
01-30 14:05:37.179 647 647 E ArmVmp : Match on catch block at 0xc3 in for 0x72f9148025
01-30 14:05:37.183 647 647 E ArmVmp : Match on catch block at 0xc3 in for 0x72f9148025
01-30 14:05:37.195 647 647 E ArmVmp : Match on catch block at 0xc3 in for 0x72f9148025
01-30 14:05:37.200 647 647 E ArmVmp : Match on catch block at 0xc3 in for 0x72f9148025
01-30 14:05:37.212 647 647 E ArmVmp : Match on catch block at 0xc3 in for 0x72f9148025
01-30 14:05:37.216 647 647 E ArmVmp : Match on catch block at 0xc3 in for 0x72f9148025
01-30 14:05:37.229 647 647 E ArmVmp : Match on catch block at 0xc3 in for 0x72f9148025
01-30 14:05:37.233 647 647 E ArmVmp : Match on catch block at 0xc3 in for 0x72f9148025
01-30 14:05:37.246 647 647 E ArmVmp : Match on catch block at 0xc3 in for 0x72f9148025
01-30 14:05:37.250 647 647 E ArmVmp : Match on catch block at 0xc3 in for 0x72f9148025
01-30 14:05:37.262 647 647 E ArmVmp : Match on catch block at 0xc3 in for 0x72f9148025
01-30 14:05:37.266 647 647 E ArmVmp : Match on catch block at 0xc3 in for 0x72f9148025
01-30 14:05:37.279 647 647 E ArmVmp : Match on catch block at 0xc3 in for 0x72f9148025
01-30 14:05:37.283 647 647 E ArmVmp : Match on catch block at 0xc3 in for 0x72f9148025
01-30 14:05:37.296 647 647 E ArmVmp : Match on catch block at 0xc3 in for 0x72f9148025
01-30 14:05:37.300 647 647 E ArmVmp : Match on catch block at 0xc3 in for 0x72f9148025
01-30 14:05:37.312 647 647 E ArmVmp : Match on catch block at 0xc3 in for 0x72f9148025
01-30 14:05:37.317 647 647 E ArmVmp : Match on catch block at 0xc3 in for 0x72f9148025
01-30 14:05:37.329 647 647 E ArmVmp : Match on catch block at 0xc3 in for 0x72f9148025
01-30 14:05:37.333 647 647 E ArmVmp : Match on catch block at 0xc3 in for 0x72f9148025
01-30 14:05:37.345 647 647 E ArmVmp : Match on catch block at 0xc3 in for 0x72f9148025
01-30 14:05:37.350 647 647 E ArmVmp : Match on catch block at 0xc3 in for 0x72f9148025
01-30 14:05:37.362 647 647 E ArmVmp : Match on catch block at 0xc3 in for 0x72f9148025
01-30 14:05:37.366 647 647 E ArmVmp : Match on catch block at 0xc3 in for 0x72f9148025
01-30 14:05:37.379 647 647 E ArmVmp : Match on catch block at 0xc3 in for 0x72f9148025
01-30 14:05:37.386 647 647 E ArmVmp : Match on catch block at 0xc3 in for 0x72f9148025
01-30 14:05:37.413 647 647 E ArmVmp : Match on catch block at 0xc3 in for 0x72f9148025
01-30 14:05:37.420 647 647 E ArmVmp : Match on catch block at 0xc3 in for 0x72f9148025
01-30 14:05:37.645 647 647 E ArmVmp : Match on catch block at 0xc3 in for 0x72f9148025
01-30 14:05:37.651 647 647 E ArmVmp : Match on catch block at 0xc3 in for 0x72f9148025
01-30 14:05:37.796 647 647 E ArmVmp : Match on catch block at 0xc3 in for 0x72f9148025
01-30 14:05:37.801 647 647 E ArmVmp : Match on catch block at 0xc3 in for 0x72f9148025
01-30 14:05:37.945 647 647 E ArmVmp : Match on catch block at 0xc3 in for 0x72f9148025
01-30 14:05:37.951 647 647 E ArmVmp : Match on catch block at 0xc3 in for 0x72f9148025
01-30 14:05:38.128 647 647 E ArmVmp : Match on catch block at 0xc3 in for 0x72f9148025
01-30 14:05:38.133 647 647 E ArmVmp : Match on catch block at 0xc3 in for 0x72f9148025
01-30 14:05:38.295 647 647 E ArmVmp : Match on catch block at 0xc3 in for 0x72f9148025
01-30 14:05:38.300 647 647 E ArmVmp : Match on catch block at 0xc3 in for 0x72f9148025
01-30 14:05:38.412 647 647 E ArmVmp : Match on catch block at 0xc3 in for 0x72f9148025
01-30 14:05:38.417 647 647 E ArmVmp : Match on catch block at 0xc3 in for 0x72f9148025
01-30 14:05:38.701 647 647 E ArmVmp : Match on catch block at 0xc3 in for 0x72f9148025
01-30 14:05:38.716 647 647 E ArmVmp : Match on catch block at 0xc3 in for 0x72f9148025
01-30 14:05:38.731 647 647 E ArmVmp : Match on catch block at 0xc3 in for 0x72f9148025
01-30 14:05:38.737 647 647 E ArmVmp : Match on catch block at 0xc3 in for 0x72f9148025
01-30 14:05:38.746 647 647 E ArmVmp : Match on catch block at 0xc3 in for 0x72f9148025
01-30 14:05:38.755 647 647 E ArmVmp : Match on catch block at 0xc3 in for 0x72f9148025
01-30 14:05:38.762 647 647 E ArmVmp : Match on catch block at 0xc3 in for 0x72f9148025
01-30 14:05:38.769 647 647 E ArmVmp : Match on catch block at 0xc3 in for 0x72f9148025
01-30 14:05:38.779 647 647 E ArmVmp : Match on catch block at 0xc3 in for 0x72f9148025
01-30 14:05:38.787 647 647 E ArmVmp : Match on catch block at 0xc3 in for 0x72f9148025
01-30 14:05:38.795 647 647 E ArmVmp : Match on catch block at 0xc3 in for 0x72f9148025
01-30 14:05:38.800 647 647 E ArmVmp : Match on catch block at 0xc3 in for 0x72f9148025
01-30 14:05:38.812 647 647 E ArmVmp : Match on catch block at 0xc3 in for 0x72f9148025
01-30 14:05:38.816 647 647 E ArmVmp : Match on catch block at 0xc3 in for 0x72f9148025
01-30 14:05:38.828 647 647 E ArmVmp : Match on catch block at 0xc3 in for 0x72f9148025
01-30 14:05:38.833 647 647 E ArmVmp : Match on catch block at 0xc3 in for 0x72f9148025
01-30 14:05:38.845 647 647 E ArmVmp : Match on catch block at 0xc3 in for 0x72f9148025
01-30 14:05:38.849 647 647 E ArmVmp : Match on catch block at 0xc3 in for 0x72f9148025
01-30 14:05:38.862 647 647 E ArmVmp : Match on catch block at 0xc3 in for 0x72f9148025
01-30 14:05:38.866 647 647 E ArmVmp : Match on catch block at 0xc3 in for 0x72f9148025
01-30 14:05:38.879 647 647 E ArmVmp : Match on catch block at 0xc3 in for 0x72f9148025
01-30 14:05:38.883 647 647 E ArmVmp : Match on catch block at 0xc3 in for 0x72f9148025
01-30 14:05:38.895 647 647 E ArmVmp : Match on catch block at 0xc3 in for 0x72f9148025
01-30 14:05:38.900 647 647 E ArmVmp : Match on catch block at 0xc3 in for 0x72f9148025
01-30 14:05:38.912 647 647 E ArmVmp : Match on catch block at 0xc3 in for 0x72f9148025
01-30 14:05:38.916 647 647 E ArmVmp : Match on catch block at 0xc3 in for 0x72f9148025
01-30 14:05:38.929 647 647 E ArmVmp : Match on catch block at 0xc3 in for 0x72f9148025
01-30 14:05:38.933 647 647 E ArmVmp : Match on catch block at 0xc3 in for 0x72f9148025
01-30 14:05:38.945 647 647 E ArmVmp : Match on catch block at 0xc3 in for 0x72f9148025
01-30 14:05:38.949 647 647 E ArmVmp : Match on catch block at 0xc3 in for 0x72f9148025
01-30 14:05:39.432 647 647 E ArmVmp : Match on catch block at 0xc3 in for 0x72f9148025
01-30 14:05:39.440 647 647 E ArmVmp : Match on catch block at 0xc3 in for 0x72f9148025
01-30 14:05:39.931 647 647 E ArmVmp : Match on catch block at 0xc3 in for 0x72f9148025
01-30 14:05:39.940 647 647 E ArmVmp : Match on catch block at 0xc3 in for 0x72f9148025
01-30 14:05:40.432 647 647 E ArmVmp : Match on catch block at 0xc3 in for 0x72f9148025
01-30 14:05:40.445 647 647 E ArmVmp : Match on catch block at 0xc3 in for 0x72f9148025
01-30 14:05:40.512 647 647 E ArmVmp : Match on catch block at 0xc3 in for 0x72f9148025
01-30 14:05:40.516 647 647 E ArmVmp : Match on catch block at 0xc3 in for 0x72f9148025
01-30 14:05:41.014 647 647 E ArmVmp : Match on catch block at 0xc3 in for 0x72f9148025
01-30 14:05:41.027 647 647 E ArmVmp : Match on catch block at 0xc3 in for 0x72f9148025
01-30 14:05:41.146 647 647 E ArmVmp : Match on catch block at 0xc3 in for 0x72f9148025
01-30 14:05:41.158 647 647 E ArmVmp : Match on catch block at 0xc3 in for 0x72f9148025
01-30 14:05:41.295 647 647 E ArmVmp : Match on catch block at 0xc3 in for 0x72f9148025
01-30 14:05:41.300 647 647 E ArmVmp : Match on catch block at 0xc3 in for 0x72f9148025
01-30 14:05:41.412 647 647 E ArmVmp : Match on catch block at 0xc3 in for 0x72f9148025
01-30 14:05:41.417 647 647 E ArmVmp : Match on catch block at 0xc3 in for 0x72f9148025
01-30 14:05:41.915 647 647 E ArmVmp : Match on catch block at 0xc3 in for 0x72f9148025
01-30 14:05:41.926 647 647 E ArmVmp : Match on catch block at 0xc3 in for 0x72f9148025
01-30 14:05:42.172 647 647 E ArmVmp : Match on catch block at 0xc3 in for 0x72f9148025
01-30 14:05:42.175 647 647 E ArmVmp : Match on catch block at 0xc3 in for 0x72f9148025
01-30 14:05:42.181 647 647 E ArmVmp : Match on catch block at 0xc3 in for 0x72f9148025
01-30 14:05:42.185 647 647 E ArmVmp : Match on catch block at 0xc3 in for 0x72f9148025
01-30 14:05:42.665 647 647 E ArmVmp : Match on catch block at 0xc3 in for 0x72f9148025
01-30 14:05:42.674 647 647 E ArmVmp : Match on catch block at 0xc3 in for 0x72f9148025
01-30 14:05:43.164 647 647 E ArmVmp : Match on catch block at 0xc3 in for 0x72f9148025
01-30 14:05:43.175 647 647 E ArmVmp : Match on catch block at 0xc3 in for 0x72f9148025
01-30 14:05:43.329 647 647 E ArmVmp : Match on catch block at 0xc3 in for 0x72f9148025
01-30 14:05:43.333 647 647 E ArmVmp : Match on catch block at 0xc3 in for 0x72f9148025
01-30 14:05:43.529 647 647 E ArmVmp : Match on catch block at 0xc3 in for 0x72f9148025
01-30 14:05:43.534 647 647 E ArmVmp : Match on catch block at 0xc3 in for 0x72f9148025
01-30 14:05:43.712 647 647 E ArmVmp : Match on catch block at 0xc3 in for 0x72f9148025
01-30 14:05:43.721 647 647 E ArmVmp : Match on catch block at 0xc3 in for 0x72f9148025
01-30 14:05:43.762 647 647 E ArmVmp : Match on catch block at 0xc3 in for 0x72f9148025
01-30 14:05:43.766 647 647 E ArmVmp : Match on catch block at 0xc3 in for 0x72f9148025
01-30 14:05:43.779 647 647 E ArmVmp : Match on catch block at 0xc3 in for 0x72f9148025
01-30 14:05:43.783 647 647 E ArmVmp : Match on catch block at 0xc3 in for 0x72f9148025
01-30 14:05:43.795 647 647 E ArmVmp : Match on catch block at 0xc3 in for 0x72f9148025
01-30 14:05:43.800 647 647 E ArmVmp : Match on catch block at 0xc3 in for 0x72f9148025
01-30 14:05:43.812 647 647 E ArmVmp : Match on catch block at 0xc3 in for 0x72f9148025
01-30 14:05:43.817 647 647 E ArmVmp : Match on catch block at 0xc3 in for 0x72f9148025
01-30 14:05:43.829 647 647 E ArmVmp : Match on catch block at 0xc3 in for 0x72f9148025
01-30 14:05:43.833 647 647 E ArmVmp : Match on catch block at 0xc3 in for 0x72f9148025
01-30 14:05:43.845 647 647 E ArmVmp : Match on catch block at 0xc3 in for 0x72f9148025
01-30 14:05:43.851 647 647 E ArmVmp : Match on catch block at 0xc3 in for 0x72f9148025
01-30 14:05:43.862 647 647 E ArmVmp : Match on catch block at 0xc3 in for 0x72f9148025
01-30 14:05:43.866 647 647 E ArmVmp : Match on catch block at 0xc3 in for 0x72f9148025
01-30 14:05:43.878 647 647 E ArmVmp : Match on catch block at 0xc3 in for 0x72f9148025
01-30 14:05:43.883 647 647 E ArmVmp : Match on catch block at 0xc3 in for 0x72f9148025
01-30 14:05:43.894 647 647 E ArmVmp : Match on catch block at 0xc3 in for 0x72f9148025
01-30 14:05:43.897 647 647 E ArmVmp : Match on catch block at 0xc3 in for 0x72f9148025
01-30 14:05:43.911 647 647 E ArmVmp : Match on catch block at 0xc3 in for 0x72f9148025
01-30 14:05:43.914 647 647 E ArmVmp : Match on catch block at 0xc3 in for 0x72f9148025
01-30 14:05:43.929 647 647 E ArmVmp : Match on catch block at 0xc3 in for 0x72f9148025
01-30 14:05:43.933 647 647 E ArmVmp : Match on catch block at 0xc3 in for 0x72f9148025
01-30 14:05:43.945 647 647 E ArmVmp : Match on catch block at 0xc3 in for 0x72f9148025
01-30 14:05:43.950 647 647 E ArmVmp : Match on catch block at 0xc3 in for 0x72f9148025
01-30 14:05:43.962 647 647 E ArmVmp : Match on catch block at 0xc3 in for 0x72f9148025
01-30 14:05:43.966 647 647 E ArmVmp : Match on catch block at 0xc3 in for 0x72f9148025
01-30 14:05:43.979 647 647 E ArmVmp : Match on catch block at 0xc3 in for 0x72f9148025
01-30 14:05:43.983 647 647 E ArmVmp : Match on catch block at 0xc3 in for 0x72f9148025
01-30 14:05:43.995 647 647 E ArmVmp : Match on catch block at 0xc3 in for 0x72f9148025
01-30 14:05:44.000 647 647 E ArmVmp : Match on catch block at 0xc3 in for 0x72f9148025
01-30 14:05:44.011 647 647 E ArmVmp : Match on catch block at 0xc3 in for 0x72f9148025
01-30 14:05:44.015 647 647 E ArmVmp : Match on catch block at 0xc3 in for 0x72f9148025
01-30 14:05:44.095 647 647 E ArmVmp : Match on catch block at 0xc3 in for 0x72f9148025
01-30 14:05:44.099 647 647 E ArmVmp : Match on catch block at 0xc3 in for 0x72f9148025
01-30 14:05:44.278 647 647 E ArmVmp : Match on catch block at 0xc3 in for 0x72f9148025
01-30 14:05:44.283 647 647 E ArmVmp : Match on catch block at 0xc3 in for 0x72f9148025
01-30 14:05:44.646 647 647 E ArmVmp : Match on catch block at 0xc3 in for 0x72f9148025
01-30 14:05:44.652 647 647 E ArmVmp : Match on catch block at 0xc3 in for 0x72f9148025
01-30 14:05:44.811 647 647 E ArmVmp : Match on catch block at 0xc3 in for 0x72f9148025
01-30 14:05:44.819 647 647 E ArmVmp : Match on catch block at 0xc3 in for 0x72f9148025
01-30 14:05:44.980 647 647 E ArmVmp : Match on catch block at 0xc3 in for 0x72f9148025
01-30 14:05:44.991 647 647 E ArmVmp : Match on catch block at 0xc3 in for 0x72f9148025
01-30 14:05:45.315 647 647 E ArmVmp : Match on catch block at 0xc3 in for 0x72f9148025
01-30 14:05:45.330 647 647 E ArmVmp : Match on catch block at 0xc3 in for 0x72f9148025
01-30 14:05:45.812 647 647 E ArmVmp : Match on catch block at 0xc3 in for 0x72f9148025
01-30 14:05:45.820 647 647 E ArmVmp : Match on catch block at 0xc3 in for 0x72f9148025
01-30 14:05:46.312 647 647 E ArmVmp : Match on catch block at 0xc3 in for 0x72f9148025
01-30 14:05:46.316 647 647 E ArmVmp : Match on catch block at 0xc3 in for 0x72f9148025
01-30 14:05:46.813 647 647 E ArmVmp : Match on catch block at 0xc3 in for 0x72f9148025
01-30 14:05:46.823 647 647 E ArmVmp : Match on catch block at 0xc3 in for 0x72f9148025
01-30 14:05:47.424 647 647 E ArmVmp : Match on catch block at 0xc3 in for 0x72f9148025
01-30 14:05:47.434 647 647 E ArmVmp : Match on catch block at 0xc3 in for 0x72f9148025
01-30 14:05:47.637 647 4080 W com.mbwhatsapp: Long monitor contention with owner High Pri Worker #3 (1639) at android.database.sqlite.SQLiteConnection android.database.sqlite.SQLiteConnectionPool.waitForConnection(java.lang.String, int, android.os.CancellationSignal)(SQLiteConnectionPool.java:710) waiters=1 in android.database.sqlite.SQLiteConnection android.database.sqlite.SQLiteConnectionPool.waitForConnection(java.lang.String, int, android.os.CancellationSignal) for 333ms
01-30 14:05:47.638 647 4093 W com.mbwhatsapp: Long monitor contention with owner High Pri Worker #3 (1639) at android.database.sqlite.SQLiteConnection android.database.sqlite.SQLiteConnectionPool.waitForConnection(java.lang.String, int, android.os.CancellationSignal)(SQLiteConnectionPool.java:710) waiters=3 in android.database.sqlite.SQLiteConnection android.database.sqlite.SQLiteConnectionPool.waitForConnection(java.lang.String, int, android.os.CancellationSignal) for 316ms
01-30 14:05:47.667 647 4087 W com.mbwhatsapp: Long monitor contention with owner High Pri Worker #3 (1639) at android.database.sqlite.SQLiteConnection android.database.sqlite.SQLiteConnectionPool.waitForConnection(java.lang.String, int, android.os.CancellationSignal)(SQLiteConnectionPool.java:710) waiters=4 in android.database.sqlite.SQLiteConnection android.database.sqlite.SQLiteConnectionPool.waitForConnection(java.lang.String, int, android.os.CancellationSignal) for 345ms
01-30 14:05:47.700 647 4081 W com.mbwhatsapp: Long monitor contention with owner High Pri Worker #3 (1639) at android.database.sqlite.SQLiteConnection android.database.sqlite.SQLiteConnectionPool.waitForConnection(java.lang.String, int, android.os.CancellationSignal)(SQLiteConnectionPool.java:710) waiters=0 in android.database.sqlite.SQLiteConnection android.database.sqlite.SQLiteConnectionPool.waitForConnection(java.lang.String, int, android.os.CancellationSignal) for 401ms
01-30 14:05:47.701 647 4083 W com.mbwhatsapp: Long monitor contention with owner High Pri Worker #3 (1639) at android.database.sqlite.SQLiteConnection android.database.sqlite.SQLiteConnectionPool.waitForConnection(java.lang.String, int, android.os.CancellationSignal)(SQLiteConnectionPool.java:710) waiters=2 in android.database.sqlite.SQLiteConnection android.database.sqlite.SQLiteConnectionPool.waitForConnection(java.lang.String, int, android.os.CancellationSignal) for 389ms
01-30 14:05:47.704 647 4099 W com.mbwhatsapp: Long monitor contention with owner High Pri Worker #3 (1639) at android.database.sqlite.SQLiteConnection android.database.sqlite.SQLiteConnectionPool.waitForConnection(java.lang.String, int, android.os.CancellationSignal)(SQLiteConnectionPool.java:710) waiters=7 in android.database.sqlite.SQLiteConnection android.database.sqlite.SQLiteConnectionPool.waitForConnection(java.lang.String, int, android.os.CancellationSignal) for 315ms
01-30 14:05:47.723 647 647 E ArmVmp : Match on catch block at 0xc3 in for 0x72f9148025
01-30 14:05:47.750 647 647 E ArmVmp : Match on catch block at 0xc3 in for 0x72f9148025
01-30 14:05:47.859 647 647 E ArmVmp : Match on catch block at 0xc3 in for 0x72f9148025
01-30 14:05:47.868 647 647 E ArmVmp : Match on catch block at 0xc3 in for 0x72f9148025
01-30 14:05:47.929 647 647 E ArmVmp : Match on catch block at 0xc3 in for 0x72f9148025
01-30 14:05:47.945 647 647 E ArmVmp : Match on catch block at 0xc3 in for 0x72f9148025
01-30 14:05:48.046 647 647 E ArmVmp : Match on catch block at 0xc3 in for 0x72f9148025
01-30 14:05:48.059 647 647 E ArmVmp : Match on catch block at 0xc3 in for 0x72f9148025
01-30 14:05:48.591 647 647 W BpBinder: PerfMonitor binderTransact : time=338ms interface=android.app.job.IJobCallback code=2
01-30 14:05:48.692 647 647 E ArmVmp : Match on catch block at 0xc3 in for 0x72f9148025
01-30 14:05:48.712 647 647 E ArmVmp : Match on catch block at 0xc3 in for 0x72f9148025
01-30 14:05:48.719 647 647 W Looper : PerfMonitor doFrame : time=30ms vsyncFrame=0 latency=447ms procState=-1 historyMsgCount=10 (msgIndex=5 wall=341ms seq=1520 late=69ms h=android.app.job.JobServiceEngine$JobHandler w=1) (msgIndex=9 wall=75ms seq=1524 late=385ms h=X.109 w=0)
01-30 14:05:48.880 647 738 W com.mbwhatsapp: Suspending all threads took: 10.111ms
01-30 14:05:49.018 647 647 W Looper : PerfMonitor doFrame : time=2ms vsyncFrame=0 latency=323ms procState=-1 historyMsgCount=13 (msgIndex=3 wall=208ms seq=1528 late=474ms h=android.os.Handler c=mbmodsd.mbmodsw.ui.views.toast.MBON$2) (msgIndex=5 wall=66ms seq=1530 late=695ms h=X.10F w=5)
01-30 14:05:49.235 647 647 E ArmVmp : Match on catch block at 0xc3 in for 0x72f9148025
01-30 14:05:49.254 647 647 E ArmVmp : Match on catch block at 0xc3 in for 0x72f9148025
01-30 14:05:49.317 647 1561 E perf_hint: Session creation failed, mPreferredRateNanos: -1
01-30 14:05:49.366 647 647 E ArmVmp : Match on catch block at 0xc3 in for 0x72f9148025
01-30 14:05:49.371 647 647 E ArmVmp : Match on catch block at 0xc3 in for 0x72f9148025
01-30 14:05:49.538 647 647 E ArmVmp : Match on catch block at 0xc3 in for 0x72f9148025
01-30 14:05:49.557 647 647 E ArmVmp : Match on catch block at 0xc3 in for 0x72f9148025
01-30 14:05:49.598 647 4291 W com.mbwhatsapp: Accessing hidden method Landroid/app/MiuiNotification;-><init>()V (blocked, reflection, denied)
01-30 14:05:49.825 647 647 E ArmVmp : Match on catch block at 0xc3 in for 0x72f9148025
01-30 14:05:49.849 647 647 E ArmVmp : Match on catch block at 0xc3 in for 0x72f9148025
01-30 14:05:49.937 647 647 E ArmVmp : Match on catch block at 0xc3 in for 0x72f9148025
01-30 14:05:49.948 647 647 E ArmVmp : Match on catch block at 0xc3 in for 0x72f9148025
01-30 14:05:50.098 647 647 E ArmVmp : Match on catch block at 0xc3 in for 0x72f9148025
01-30 14:05:50.119 647 647 E ArmVmp : Match on catch block at 0xc3 in for 0x72f9148025
01-30 14:05:50.496 647 647 E ArmVmp : Match on catch block at 0xc3 in for 0x72f9148025
01-30 14:05:50.511 647 647 E ArmVmp : Match on catch block at 0xc3 in for 0x72f9148025
01-30 14:05:50.729 647 647 E ArmVmp : Match on catch block at 0xc3 in for 0x72f9148025
01-30 14:05:50.764 647 647 E ArmVmp : Match on catch block at 0xc3 in for 0x72f9148025
01-30 14:05:50.812 647 647 E ArmVmp : Match on catch block at 0xc3 in for 0x72f9148025
01-30 14:05:50.821 647 647 E ArmVmp : Match on catch block at 0xc3 in for 0x72f9148025
01-30 14:05:50.912 647 647 E ArmVmp : Match on catch block at 0xc3 in for 0x72f9148025
01-30 14:05:50.922 647 647 E ArmVmp : Match on catch block at 0xc3 in for 0x72f9148025
01-30 14:05:51.109 647 1561 E perf_hint: Session creation failed, mPreferredRateNanos: -1
01-30 14:05:51.242 647 1745 W Looper : PerfMonitor longMsg : seq=3 plan=14:05:49.449 late=8ms wall=1763ms h=android.os.Handler c=X.3fp procState=-1
01-30 14:05:51.434 647 647 E ArmVmp : Match on catch block at 0xc3 in for 0x72f9148025
01-30 14:05:51.464 647 647 E ArmVmp : Match on catch block at 0xc3 in for 0x72f9148025
01-30 14:05:51.628 647 647 E ArmVmp : Match on catch block at 0xc3 in for 0x72f9148025
01-30 14:05:51.639 647 647 E ArmVmp : Match on catch block at 0xc3 in for 0x72f9148025
01-30 14:05:51.904 647 647 E ArmVmp : Match on catch block at 0xc3 in for 0x72f9148025
01-30 14:05:51.912 647 647 E ArmVmp : Match on catch block at 0xc3 in for 0x72f9148025
01-30 14:05:51.933 647 647 E ArmVmp : Match on catch block at 0xc3 in for 0x72f9148025
01-30 14:05:51.937 647 647 E ArmVmp : Match on catch block at 0xc3 in for 0x72f9148025
01-30 14:05:52.128 647 647 E ArmVmp : Match on catch block at 0xc3 in for 0x72f9148025
01-30 14:05:52.135 647 647 E ArmVmp : Match on catch block at 0xc3 in for 0x72f9148025
01-30 14:05:52.429 647 647 E ArmVmp : Match on catch block at 0xc3 in for 0x72f9148025
01-30 14:05:52.459 647 647 E ArmVmp : Match on catch block at 0xc3 in for 0x72f9148025
01-30 14:05:52.561 647 647 E ArmVmp : Match on catch block at 0xc3 in for 0x72f9148025
01-30 14:05:52.590 647 647 E ArmVmp : Match on catch block at 0xc3 in for 0x72f9148025
01-30 14:05:53.295 647 647 E ArmVmp : Match on catch block at 0xc3 in for 0x72f9148025
01-30 14:05:53.324 647 647 E ArmVmp : Match on catch block at 0xc3 in for 0x72f9148025
01-30 14:05:53.380 647 647 E ArmVmp : Match on catch block at 0xc3 in for 0x72f9148025
01-30 14:05:53.397 647 647 E ArmVmp : Match on catch block at 0xc3 in for 0x72f9148025
01-30 14:05:53.485 647 647 E ArmVmp : Match on catch block at 0xc3 in for 0x72f9148025
01-30 14:05:53.505 647 647 E ArmVmp : Match on catch block at 0xc3 in for 0x72f9148025
01-30 14:05:53.519 647 647 E ArmVmp : Match on catch block at 0xc3 in for 0x72f9148025
01-30 14:05:53.534 647 647 E ArmVmp : Match on catch block at 0xc3 in for 0x72f9148025
01-30 14:05:53.546 647 647 E ArmVmp : Match on catch block at 0xc3 in for 0x72f9148025
01-30 14:05:53.552 647 647 E ArmVmp : Match on catch block at 0xc3 in for 0x72f9148025
01-30 14:05:53.591 647 647 E ArmVmp : Match on catch block at 0xc3 in for 0x72f9148025
01-30 14:05:53.597 647 647 E ArmVmp : Match on catch block at 0xc3 in for 0x72f9148025
01-30 14:05:53.612 647 647 E ArmVmp : Match on catch block at 0xc3 in for 0x72f9148025
01-30 14:05:53.623 647 647 E ArmVmp : Match on catch block at 0xc3 in for 0x72f9148025
01-30 14:05:53.635 647 647 E ArmVmp : Match on catch block at 0xc3 in for 0x72f9148025
01-30 14:05:53.640 647 647 E ArmVmp : Match on catch block at 0xc3 in for 0x72f9148025
01-30 14:05:53.653 647 647 E ArmVmp : Match on catch block at 0xc3 in for 0x72f9148025
01-30 14:05:53.664 647 647 E ArmVmp : Match on catch block at 0xc3 in for 0x72f9148025
01-30 14:05:53.678 647 647 E ArmVmp : Match on catch block at 0xc3 in for 0x72f9148025
01-30 14:05:53.684 647 647 E ArmVmp : Match on catch block at 0xc3 in for 0x72f9148025
01-30 14:05:53.705 647 647 E ArmVmp : Match on catch block at 0xc3 in for 0x72f9148025
01-30 14:05:53.717 647 647 E ArmVmp : Match on catch block at 0xc3 in for 0x72f9148025
01-30 14:05:53.733 647 647 E ArmVmp : Match on catch block at 0xc3 in for 0x72f9148025
01-30 14:05:53.753 647 647 E ArmVmp : Match on catch block at 0xc3 in for 0x72f9148025
01-30 14:05:53.928 647 647 E ArmVmp : Match on catch block at 0xc3 in for 0x72f9148025
01-30 14:05:53.932 647 647 E ArmVmp : Match on catch block at 0xc3 in for 0x72f9148025
01-30 14:05:53.971 647 1461 E SQLiteDatabase: Error inserting transferred=0 media_job_uuid=2b7a9740-9357-4495-b061-54cdfd7c6ec6 transcoded=0 gif_attribution=0 first_scan_length=0 direct_path=/v/t62.7161- 24/28834934_700761485374584_8105913919646013236_n.enc?ccb=11- 4&oh=01_AdQQjFpP_K6O2ztD3YDJZrd3er0wk-DcUxEoMk-7qiYg-Q&oe=65E0C6C8&_nc_sid=5e03e0 thumbnail_height_width_ratio=1.7777778 is_animated_sticker=0 file_hash=mBpU8tn+62E1QWGK8IjTuByArbln43KUhWK9Pc8sWPc= file_path=null file_size=0 partial_media_hash=null face_x=0 face_y=0 height=656 trim_to=0 media_key_timestamp=1706639253000 message_url=https://mmg.whatsapp.net/v/t62.7161- 24/28834934_700761485374584_8105913919646013236_n.enc?ccb=11- 4&oh=01_AdQQjFpP_K6O2ztD3YDJZrd3er0wk-DcUxEoMk-7qiYg- Q&oe=65E0C6C8&_nc_sid=5e03e0&mms3=true media_caption=null trim_from=0 mime_type=video/mp4 partial_media_enc_hash=null width=368 original_file_hash=null has_streaming_sidecar=1 autotransfer_retry_enabled=1 media_upload_handle=null message_row_id=5995 multicast_id=null enc_file_hash=DJpwwzBgt3XeEiuMlfdVMFOdxN678woM3igzojwRg3I= mute_video=0 page_count=0 first_scan_sidecar=null suspicious_content=0 file_length=941452 media_name=null media_duration=9 chat_row_id=50 media_key=[B@634fa90
01-30 14:05:53.971 647 1461 E SQLiteDatabase: android.database.sqlite.SQLiteConstraintException: UNIQUE constraint failed: message_media.message_row_id (code 1555 SQLITE_CONSTRAINT_PRIMARYKEY)
01-30 14:05:53.971 647 1461 E SQLiteDatabase: at android.database.sqlite.SQLiteConnection.nativeExecuteForLastInsertedRowId(Native Method)
01-30 14:05:53.971 647 1461 E SQLiteDatabase: at android.database.sqlite.SQLiteConnection.executeForLastInsertedRowId(SQLiteConnecti on.java:961)
01-30 14:05:53.971 647 1461 E SQLiteDatabase: at android.database.sqlite.SQLiteSession.executeForLastInsertedRowId(SQLiteSession.jav a:790)
01-30 14:05:53.971 647 1461 E SQLiteDatabase: at android.database.sqlite.SQLiteStatement.executeInsert(SQLiteStatement.java:89)
01-30 14:05:53.971 647 1461 E SQLiteDatabase: at android.database.sqlite.SQLiteDatabase.insertWithOnConflict(SQLiteDatabase.java:186 8)
01-30 14:05:53.971 647 1461 E SQLiteDatabase: at android.database.sqlite.SQLiteDatabase.insert(SQLiteDatabase.java:1737)
01-30 14:05:53.971 647 1461 E SQLiteDatabase: at X.2tm.A08(Unknown Source:6)
01-30 14:05:53.971 647 1461 E SQLiteDatabase: at X.35Y.A07(Unknown Source:212)
01-30 14:05:53.971 647 1461 E SQLiteDatabase: at X.3QF.A14(Unknown Source:470)
01-30 14:05:53.971 647 1461 E SQLiteDatabase: at X.3gU.run(Unknown Source:982)
01-30 14:05:53.971 647 1461 E SQLiteDatabase: at android.os.Handler.handleCallback(Handler.java:942)
01-30 14:05:53.971 647 1461 E SQLiteDatabase: at android.os.Handler.dispatchMessage(Handler.java:99)
01-30 14:05:53.971 647 1461 E SQLiteDatabase: at X.0zq.dispatchMessage(Unknown Source:4)
01-30 14:05:53.971 647 1461 E SQLiteDatabase: at android.os.Looper.loopOnce(Looper.java:211)
01-30 14:05:53.971 647 1461 E SQLiteDatabase: at android.os.Looper.loop(Looper.java:300)
01-30 14:05:53.971 647 1461 E SQLiteDatabase: at android.os.HandlerThread.run(HandlerThread.java:67)
01-30 14:05:54.076 647 4291 W com.mbwhatsapp: Accessing hidden method Landroid/app/MiuiNotification;-><init>()V (blocked, reflection, denied)
01-30 14:05:54.082 647 647 E ArmVmp : Match on catch block at 0xc3 in for 0x72f9148025
01-30 14:05:54.095 647 647 E ArmVmp : Match on catch block at 0xc3 in for 0x72f9148025
01-30 14:05:54.431 647 647 E ArmVmp : Match on catch block at 0xc3 in for 0x72f9148025
01-30 14:05:54.441 647 647 E ArmVmp : Match on catch block at 0xc3 in for 0x72f9148025
01-30 14:05:54.581 647 647 E ArmVmp : Match on catch block at 0xc3 in for 0x72f9148025
01-30 14:05:54.645 647 647 E ArmVmp : Match on catch block at 0xc3 in for 0x72f9148025
01-30 14:05:54.670 647 647 E ArmVmp : Match on catch block at 0xc3 in for 0x72f9148025
01-30 14:05:54.693 647 647 E ArmVmp : Match on catch block at 0xc3 in for 0x72f9148025
01-30 14:05:54.766 647 647 E ArmVmp : Match on catch block at 0xc3 in for 0x72f9148025
01-30 14:05:54.775 647 647 E ArmVmp : Match on catch block at 0xc3 in for 0x72f9148025
01-30 14:05:55.264 647 647 E ArmVmp : Match on catch block at 0xc3 in for 0x72f9148025
01-30 14:05:55.280 647 647 E ArmVmp : Match on catch block at 0xc3 in for 0x72f9148025
01-30 14:05:55.648 647 647 E ArmVmp : Match on catch block at 0xc3 in for 0x72f9148025
01-30 14:05:55.664 647 647 E ArmVmp : Match on catch block at 0xc3 in for 0x72f9148025
01-30 14:05:55.796 647 647 E ArmVmp : Match on catch block at 0xc3 in for 0x72f9148025
01-30 14:05:55.801 647 647 E ArmVmp : Match on catch block at 0xc3 in for 0x72f9148025
01-30 14:05:55.997 647 647 E ArmVmp : Match on catch block at 0xc3 in for 0x72f9148025
01-30 14:05:56.010 647 647 E ArmVmp : Match on catch block at 0xc3 in for 0x72f9148025
01-30 14:05:56.162 647 647 E ArmVmp : Match on catch block at 0xc3 in for 0x72f9148025
01-30 14:05:56.168 647 647 E ArmVmp : Match on catch block at 0xc3 in for 0x72f9148025
01-30 14:05:56.179 647 647 E ArmVmp : Match on catch block at 0xc3 in for 0x72f9148025
01-30 14:05:56.191 647 647 E ArmVmp : Match on catch block at 0xc3 in for 0x72f9148025
01-30 14:05:56.202 647 647 E ArmVmp : Match on catch block at 0xc3 in for 0x72f9148025
01-30 14:05:56.213 647 647 E ArmVmp : Match on catch block at 0xc3 in for 0x72f9148025
01-30 14:05:56.231 647 647 E ArmVmp : Match on catch block at 0xc3 in for 0x72f9148025
01-30 14:05:56.267 647 647 E ArmVmp : Match on catch block at 0xc3 in for 0x72f9148025
01-30 14:05:56.278 647 647 E ArmVmp : Match on catch block at 0xc3 in for 0x72f9148025
01-30 14:05:56.291 647 647 E ArmVmp : Match on catch block at 0xc3 in for 0x72f9148025
01-30 14:05:56.304 647 647 E ArmVmp : Match on catch block at 0xc3 in for 0x72f9148025
01-30 14:05:56.316 647 647 E ArmVmp : Match on catch block at 0xc3 in for 0x72f9148025
01-30 14:05:56.329 647 647 E ArmVmp : Match on catch block at 0xc3 in for 0x72f9148025
01-30 14:05:56.349 647 647 E ArmVmp : Match on catch block at 0xc3 in for 0x72f9148025
01-30 14:05:56.361 647 647 E ArmVmp : Match on catch block at 0xc3 in for 0x72f9148025
01-30 14:05:56.365 647 647 E ArmVmp : Match on catch block at 0xc3 in for 0x72f9148025
01-30 14:05:56.378 647 647 E ArmVmp : Match on catch block at 0xc3 in for 0x72f9148025
01-30 14:05:56.382 647 647 E ArmVmp : Match on catch block at 0xc3 in for 0x72f9148025
01-30 14:05:56.396 647 647 E ArmVmp : Match on catch block at 0xc3 in for 0x72f9148025
01-30 14:05:56.404 647 647 E ArmVmp : Match on catch block at 0xc3 in for 0x72f9148025
01-30 14:05:56.414 647 647 E ArmVmp : Match on catch block at 0xc3 in for 0x72f9148025
01-30 14:05:56.421 647 647 E ArmVmp : Match on catch block at 0xc3 in for 0x72f9148025
01-30 14:05:56.496 647 647 E ArmVmp : Match on catch block at 0xc3 in for 0x72f9148025
01-30 14:05:56.509 647 647 E ArmVmp : Match on catch block at 0xc3 in for 0x72f9148025
01-30 14:05:56.995 647 647 E ArmVmp : Match on catch block at 0xc3 in for 0x72f9148025
01-30 14:05:56.999 647 647 E ArmVmp : Match on catch block at 0xc3 in for 0x72f9148025
01-30 14:05:57.495 647 647 E ArmVmp : Match on catch block at 0xc3 in for 0x72f9148025
01-30 14:05:57.505 647 647 E ArmVmp : Match on catch block at 0xc3 in for 0x72f9148025
01-30 14:05:57.528 647 647 E ArmVmp : Match on catch block at 0xc3 in for 0x72f9148025
01-30 14:05:57.537 647 647 E ArmVmp : Match on catch block at 0xc3 in for 0x72f9148025
01-30 14:05:58.028 647 647 E ArmVmp : Match on catch block at 0xc3 in for 0x72f9148025
01-30 14:05:58.040 647 647 E ArmVmp : Match on catch block at 0xc3 in for 0x72f9148025
01-30 14:05:58.143 647 1461 E SQLiteDatabase: Error inserting transferred=0 media_job_uuid=63c5ffeb-7db2-46a7-80fd-e05a21b593eb transcoded=0 gif_attribution=0 first_scan_length=0 direct_path=/v/t62.7161- 24/40931284_876955840778199_3680505598974150459_n.enc?ccb=11- 4&oh=01_AdT_3wk1sBhkUunGqWyBFmgXJT7U6jT1UWfw_EYLd7oW-A&oe=65E05ECB&_nc_sid=5e03e0 thumbnail_height_width_ratio=1.7777778 is_animated_sticker=0 file_hash=OV+cTk0PC2ntSK1Zr+yZpl1Weg8MzFmdWYKVUu4QKtg= file_path=null file_size=0 partial_media_hash=null face_x=0 face_y=0 height=656 trim_to=0 media_key_timestamp=1706619663000 message_url=https://mmg.whatsapp.net/v/t62.7161- 24/40931284_876955840778199_3680505598974150459_n.enc?ccb=11- 4&oh=01_AdT_3wk1sBhkUunGqWyBFmgXJT7U6jT1UWfw_EYLd7oW- A&oe=65E05ECB&_nc_sid=5e03e0&mms3=true media_caption=null trim_from=0 mime_type=video/mp4 partial_media_enc_hash=null width=368 original_file_hash=null has_streaming_sidecar=1 autotransfer_retry_enabled=1 media_upload_handle=null message_row_id=5994 multicast_id=null enc_file_hash=shQ5tdz+RD2jhBm6ykvAIs4wSHyVpIvd1Mi16v6j3ac= mute_video=0 page_count=0 first_scan_sidecar=null suspicious_content=0 file_length=4044651 media_name=null media_duration=23 chat_row_id=50 media_key=[B@8b523ae
01-30 14:05:58.143 647 1461 E SQLiteDatabase: android.database.sqlite.SQLiteConstraintException: UNIQUE constraint failed: message_media.message_row_id (code 1555 SQLITE_CONSTRAINT_PRIMARYKEY)
01-30 14:05:58.143 647 1461 E SQLiteDatabase: at android.database.sqlite.SQLiteConnection.nativeExecuteForLastInsertedRowId(Native Method)
01-30 14:05:58.143 647 1461 E SQLiteDatabase: at android.database.sqlite.SQLiteConnection.executeForLastInsertedRowId(SQLiteConnecti on.java:961)
01-30 14:05:58.143 647 1461 E SQLiteDatabase: at android.database.sqlite.SQLiteSession.executeForLastInsertedRowId(SQLiteSession.jav a:790)
01-30 14:05:58.143 647 1461 E SQLiteDatabase: at android.database.sqlite.SQLiteStatement.executeInsert(SQLiteStatement.java:89)
01-30 14:05:58.143 647 1461 E SQLiteDatabase: at android.database.sqlite.SQLiteDatabase.insertWithOnConflict(SQLiteDatabase.java:186 8)
01-30 14:05:58.143 647 1461 E SQLiteDatabase: at android.database.sqlite.SQLiteDatabase.insert(SQLiteDatabase.java:1737)
01-30 14:05:58.143 647 1461 E SQLiteDatabase: at X.2tm.A08(Unknown Source:6)
01-30 14:05:58.143 647 1461 E SQLiteDatabase: at X.35Y.A07(Unknown Source:212)
01-30 14:05:58.143 647 1461 E SQLiteDatabase: at X.3QF.A14(Unknown Source:470)
01-30 14:05:58.143 647 1461 E SQLiteDatabase: at X.3gU.run(Unknown Source:982)
01-30 14:05:58.143 647 1461 E SQLiteDatabase: at android.os.Handler.handleCallback(Handler.java:942)
01-30 14:05:58.143 647 1461 E SQLiteDatabase: at android.os.Handler.dispatchMessage(Handler.java:99)
01-30 14:05:58.143 647 1461 E SQLiteDatabase: at X.0zq.dispatchMessage(Unknown Source:4)
01-30 14:05:58.143 647 1461 E SQLiteDatabase: at android.os.Looper.loopOnce(Looper.java:211)
01-30 14:05:58.143 647 1461 E SQLiteDatabase: at android.os.Looper.loop(Looper.java:300)
01-30 14:05:58.143 647 1461 E SQLiteDatabase: at android.os.HandlerThread.run(HandlerThread.java:67)
01-30 14:05:58.166 647 4291 W com.mbwhatsapp: Accessing hidden method Landroid/app/MiuiNotification;-><init>()V (blocked, reflection, denied)
01-30 14:05:58.483 647 647 E ArmVmp : Match on catch block at 0xc3 in for 0x72f9148025
01-30 14:05:58.493 647 647 E ArmVmp : Match on catch block at 0xc3 in for 0x72f9148025
01-30 14:05:58.995 647 647 E ArmVmp : Match on catch block at 0xc3 in for 0x72f9148025
01-30 14:05:59.002 647 647 E ArmVmp : Match on catch block at 0xc3 in for 0x72f9148025
01-30 14:05:59.113 647 647 E ArmVmp : Match on catch block at 0xc3 in for 0x72f9148025
01-30 14:05:59.121 647 647 E ArmVmp : Match on catch block at 0xc3 in for 0x72f9148025
01-30 14:05:59.361 647 647 E ArmVmp : Match on catch block at 0xc3 in for 0x72f9148025
01-30 14:05:59.382 647 647 E ArmVmp : Match on catch block at 0xc3 in for 0x72f9148025
01-30 14:05:59.511 647 647 E ArmVmp : Match on catch block at 0xc3 in for 0x72f9148025
01-30 14:05:59.515 647 647 E ArmVmp : Match on catch block at 0xc3 in for 0x72f9148025
01-30 14:05:59.781 647 647 E ArmVmp : Match on catch block at 0xc3 in for 0x72f9148025
01-30 14:05:59.788 647 647 E ArmVmp : Match on catch block at 0xc3 in for 0x72f9148025
01-30 14:05:59.932 647 647 E ArmVmp : Match on catch block at 0xc3 in for 0x72f9148025
01-30 14:05:59.938 647 647 E ArmVmp : Match on catch block at 0xc3 in for 0x72f9148025
01-30 14:06:00.028 647 647 E ArmVmp : Match on catch block at 0xc3 in for 0x72f9148025
01-30 14:06:00.033 647 647 E ArmVmp : Match on catch block at 0xc3 in for 0x72f9148025
01-30 14:06:00.313 647 647 E ArmVmp : Match on catch block at 0xc3 in for 0x72f9148025
01-30 14:06:00.323 647 647 E ArmVmp : Match on catch block at 0xc3 in for 0x72f9148025
01-30 14:06:00.495 647 647 E ArmVmp : Match on catch block at 0xc3 in for 0x72f9148025
01-30 14:06:00.502 647 647 E ArmVmp : Match on catch block at 0xc3 in for 0x72f9148025
01-30 14:06:00.818 647 647 E ArmVmp : Match on catch block at 0xc3 in for 0x72f9148025
01-30 14:06:00.827 647 647 E ArmVmp : Match on catch block at 0xc3 in for 0x72f9148025
01-30 14:06:00.865 647 647 E ArmVmp : Match on catch block at 0xc3 in for 0x72f9148025
01-30 14:06:00.880 647 647 E ArmVmp : Match on catch block at 0xc3 in for 0x72f9148025
01-30 14:06:00.980 647 647 E ArmVmp : Match on catch block at 0xc3 in for 0x72f9148025
01-30 14:06:00.983 647 647 E ArmVmp : Match on catch block at 0xc3 in for 0x72f9148025
01-30 14:06:01.478 647 647 E ArmVmp : Match on catch block at 0xc3 in for 0x72f9148025
01-30 14:06:01.484 647 647 E ArmVmp : Match on catch block at 0xc3 in for 0x72f9148025
01-30 14:06:01.601 647 647 E ArmVmp : Match on catch block at 0xc3 in for 0x72f9148025
01-30 14:06:01.606 647 647 E ArmVmp : Match on catch block at 0xc3 in for 0x72f9148025
01-30 14:06:02.095 647 647 E ArmVmp : Match on catch block at 0xc3 in for 0x72f9148025
01-30 14:06:02.102 647 647 E ArmVmp : Match on catch block at 0xc3 in for 0x72f9148025
01-30 14:06:02.564 647 647 E ArmVmp : Match on catch block at 0xc3 in for 0x72f9148025
01-30 14:06:02.578 647 647 E ArmVmp : Match on catch block at 0xc3 in for 0x72f9148025
01-30 14:06:02.728 647 647 E ArmVmp : Match on catch block at 0xc3 in for 0x72f9148025
01-30 14:06:02.735 647 647 E ArmVmp : Match on catch block at 0xc3 in for 0x72f9148025
01-30 14:06:03.061 647 647 E ArmVmp : Match on catch block at 0xc3 in for 0x72f9148025
01-30 14:06:03.067 647 647 E ArmVmp : Match on catch block at 0xc3 in for 0x72f9148025
01-30 14:06:03.362 647 647 E ArmVmp : Match on catch block at 0xc3 in for 0x72f9148025
01-30 14:06:03.369 647 647 E ArmVmp : Match on catch block at 0xc3 in for 0x72f9148025
01-30 14:06:03.596 647 647 E ArmVmp : Match on catch block at 0xc3 in for 0x72f9148025
01-30 14:06:03.603 647 647 E ArmVmp : Match on catch block at 0xc3 in for 0x72f9148025
01-30 14:06:03.811 647 647 E ArmVmp : Match on catch block at 0xc3 in for 0x72f9148025
01-30 14:06:03.822 647 647 E ArmVmp : Match on catch block at 0xc3 in for 0x72f9148025
01-30 14:06:03.945 647 647 E ArmVmp : Match on catch block at 0xc3 in for 0x72f9148025
01-30 14:06:03.950 647 647 E ArmVmp : Match on catch block at 0xc3 in for 0x72f9148025
01-30 14:06:04.445 647 647 E ArmVmp : Match on catch block at 0xc3 in for 0x72f9148025
01-30 14:06:04.448 647 647 E ArmVmp : Match on catch block at 0xc3 in for 0x72f9148025
01-30 14:06:04.514 647 647 E ArmVmp : Match on catch block at 0xc3 in for 0x72f9148025
01-30 14:06:04.520 647 647 E ArmVmp : Match on catch block at 0xc3 in for 0x72f9148025
01-30 14:06:04.678 647 647 E ArmVmp : Match on catch block at 0xc3 in for 0x72f9148025
01-30 14:06:04.680 647 647 E ArmVmp : Match on catch block at 0xc3 in for 0x72f9148025
01-30 14:06:05.029 647 647 E ArmVmp : Match on catch block at 0xc3 in for 0x72f9148025
01-30 14:06:05.033 647 647 E ArmVmp : Match on catch block at 0xc3 in for 0x72f9148025
01-30 14:06:05.528 647 647 E ArmVmp : Match on catch block at 0xc3 in for 0x72f9148025
01-30 14:06:05.531 647 647 E ArmVmp : Match on catch block at 0xc3 in for 0x72f9148025
01-30 14:06:06.029 647 647 E ArmVmp : Match on catch block at 0xc3 in for 0x72f9148025
01-30 14:06:06.036 647 647 E ArmVmp : Match on catch block at 0xc3 in for 0x72f9148025
01-30 14:06:06.245 647 647 E ArmVmp : Match on catch block at 0xc3 in for 0x72f9148025
01-30 14:06:06.261 647 647 E ArmVmp : Match on catch block at 0xc3 in for 0x72f9148025
01-30 14:06:06.612 647 647 E ArmVmp : Match on catch block at 0xc3 in for 0x72f9148025
01-30 14:06:06.620 647 647 E ArmVmp : Match on catch block at 0xc3 in for 0x72f9148025
01-30 14:06:07.015 647 647 E ArmVmp : Match on catch block at 0xc3 in for 0x72f9148025
01-30 14:06:07.018 647 647 E ArmVmp : Match on catch block at 0xc3 in for 0x72f9148025
01-30 14:06:07.179 647 647 E ArmVmp : Match on catch block at 0xc3 in for 0x72f9148025
01-30 14:06:07.186 647 647 E ArmVmp : Match on catch block at 0xc3 in for 0x72f9148025
01-30 14:06:07.522 647 647 E ArmVmp : Match on catch block at 0xc3 in for 0x72f9148025
01-30 14:06:07.547 647 647 E ArmVmp : Match on catch block at 0xc3 in for 0x72f9148025
01-30 14:06:07.569 647 647 E ArmVmp : Match on catch block at 0xc3 in for 0x72f9148025
01-30 14:06:07.576 647 647 E ArmVmp : Match on catch block at 0xc3 in for 0x72f9148025
01-30 14:06:07.662 647 647 E ArmVmp : Match on catch block at 0xc3 in for 0x72f9148025
01-30 14:06:07.667 647 647 E ArmVmp : Match on catch block at 0xc3 in for 0x72f9148025
01-30 14:06:07.696 647 647 E ArmVmp : Match on catch block at 0xc3 in for 0x72f9148025
01-30 14:06:07.699 647 647 E ArmVmp : Match on catch block at 0xc3 in for 0x72f9148025
01-30 14:06:07.796 647 647 E ArmVmp : Match on catch block at 0xc3 in for 0x72f9148025
01-30 14:06:07.800 647 647 E ArmVmp : Match on catch block at 0xc3 in for 0x72f9148025
01-30 14:06:07.853 647 647 E ArmVmp : Match on catch block at 0xc3 in for 0x72f9148025
01-30 14:06:07.856 647 647 E ArmVmp : Match on catch block at 0xc3 in for 0x72f9148025
01-30 14:06:07.863 647 647 E ArmVmp : Match on catch block at 0xc3 in for 0x72f9148025
01-30 14:06:07.866 647 647 E ArmVmp : Match on catch block at 0xc3 in for 0x72f9148025
01-30 14:06:07.878 647 647 E ArmVmp : Match on catch block at 0xc3 in for 0x72f9148025
01-30 14:06:07.884 647 647 E ArmVmp : Match on catch block at 0xc3 in for 0x72f9148025
01-30 14:06:07.895 647 647 E ArmVmp : Match on catch block at 0xc3 in for 0x72f9148025
01-30 14:06:07.902 647 647 E ArmVmp : Match on catch block at 0xc3 in for 0x72f9148025
01-30 14:06:07.915 647 647 E ArmVmp : Match on catch block at 0xc3 in for 0x72f9148025
01-30 14:06:07.922 647 647 E ArmVmp : Match on catch block at 0xc3 in for 0x72f9148025
01-30 14:06:08.098 647 647 E ArmVmp : Match on catch block at 0xc3 in for 0x72f9148025
01-30 14:06:08.103 647 647 E ArmVmp : Match on catch block at 0xc3 in for 0x72f9148025
01-30 14:06:08.124 647 647 E ArmVmp : Match on catch block at 0xc3 in for 0x72f9148025
01-30 14:06:08.135 647 647 E ArmVmp : Match on catch block at 0xc3 in for 0x72f9148025
01-30 14:06:08.155 647 647 E ArmVmp : Match on catch block at 0xc3 in for 0x72f9148025
01-30 14:06:08.163 647 647 E ArmVmp : Match on catch block at 0xc3 in for 0x72f9148025
01-30 14:06:08.178 647 647 E ArmVmp : Match on catch block at 0xc3 in for 0x72f9148025
01-30 14:06:08.187 647 647 E ArmVmp : Match on catch block at 0xc3 in for 0x72f9148025
01-30 14:06:08.278 647 647 E ArmVmp : Match on catch block at 0xc3 in for 0x72f9148025
01-30 14:06:08.282 647 647 E ArmVmp : Match on catch block at 0xc3 in for 0x72f9148025
01-30 14:06:08.370 647 647 E ArmVmp : Match on catch block at 0xc3 in for 0x72f9148025
01-30 14:06:08.374 647 647 E ArmVmp : Match on catch block at 0xc3 in for 0x72f9148025
01-30 14:06:08.384 647 647 E ArmVmp : Match on catch block at 0xc3 in for 0x72f9148025
01-30 14:06:08.387 647 647 E ArmVmp : Match on catch block at 0xc3 in for 0x72f9148025
01-30 14:06:08.438 647 1614 W MediaPlayer: Use of stream types is deprecated for operations other than volume control
01-30 14:06:08.438 647 1614 W MediaPlayer: See the documentation of setAudioStreamType() for what to use instead with android.media.AudioAttributes to qualify your playback use case
01-30 14:06:08.583 647 647 E ArmVmp : Match on catch block at 0xc3 in for 0x72f9148025
01-30 14:06:08.586 647 647 E ArmVmp : Match on catch block at 0xc3 in for 0x72f9148025
01-30 14:06:08.595 647 647 E ArmVmp : Match on catch block at 0xc3 in for 0x72f9148025
01-30 14:06:08.597 647 647 E ArmVmp : Match on catch block at 0xc3 in for 0x72f9148025
01-30 14:06:08.631 647 647 E ArmVmp : Match on catch block at 0xc3 in for 0x72f9148025
01-30 14:06:08.634 647 647 E ArmVmp : Match on catch block at 0xc3 in for 0x72f9148025
01-30 14:06:08.645 647 647 E ArmVmp : Match on catch block at 0xc3 in for 0x72f9148025
01-30 14:06:08.648 647 647 E ArmVmp : Match on catch block at 0xc3 in for 0x72f9148025
01-30 14:06:08.778 647 647 E ArmVmp : Match on catch block at 0xc3 in for 0x72f9148025
01-30 14:06:08.781 647 647 E ArmVmp : Match on catch block at 0xc3 in for 0x72f9148025
01-30 14:06:09.143 647 647 W AidlConversion: aidl2legacy_AudioChannelLayout_audio_channel_mask_t: no legacy output audio_channel_mask_t found for AudioChannelLayout{layoutMask: 16}
01-30 14:06:09.279 647 647 E ArmVmp : Match on catch block at 0xc3 in for 0x72f9148025
01-30 14:06:09.287 647 647 E ArmVmp : Match on catch block at 0xc3 in for 0x72f9148025
01-30 14:06:09.496 647 647 E ArmVmp : Match on catch block at 0xc3 in for 0x72f9148025
01-30 14:06:09.507 647 647 E ArmVmp : Match on catch block at 0xc3 in for 0x72f9148025
01-30 14:06:09.565 647 647 E ArmVmp : Match on catch block at 0xc3 in for 0x72f9148025
01-30 14:06:09.574 647 647 E ArmVmp : Match on catch block at 0xc3 in for 0x72f9148025
01-30 14:06:09.705 647 647 E ArmVmp : Match on catch block at 0xc3 in for 0x72f9148025
01-30 14:06:09.722 647 647 E ArmVmp : Match on catch block at 0xc3 in for 0x72f9148025
01-30 14:06:09.840 647 647 E ArmVmp : Match on catch block at 0xc3 in for 0x72f9148025
01-30 14:06:09.850 647 647 E ArmVmp : Match on catch block at 0xc3 in for 0x72f9148025
01-30 14:06:10.130 647 647 E ArmVmp : Match on catch block at 0xc3 in for 0x72f9148025
01-30 14:06:10.136 647 647 E ArmVmp : Match on catch block at 0xc3 in for 0x72f9148025
01-30 14:06:10.252 647 647 E ArmVmp : Match on catch block at 0xc3 in for 0x72f9148025
01-30 14:06:10.262 647 647 E ArmVmp : Match on catch block at 0xc3 in for 0x72f9148025
01-30 14:06:10.275 647 647 W OnBackInvokedCallback: OnBackInvokedCallback is not enabled for the application.
01-30 14:06:10.275 647 647 W OnBackInvokedCallback: Set 'android:enableOnBackInvokedCallback="true"' in the application manifest.
01-30 14:06:10.351 647 647 W RemoteInputConnectionImpl: requestCursorAnchorInfo on inactive InputConnection
01-30 14:06:10.364 647 1561 W RenderInspector: DequeueBuffer time out on com.mbwhatsapp/com.mbwhatsapp.Conversation, count=1, avg=29 ms, max=29 ms.
01-30 14:06:10.475 647 647 E ArmVmp : Match on catch block at 0xc3 in for 0x72f9148025
01-30 14:06:10.501 647 647 E ArmVmp : Match on catch block at 0xc3 in for 0x72f9148025
01-30 14:06:10.566 647 647 E ArmVmp : Match on catch block at 0xc3 in for 0x72f9148025
01-30 14:06:10.575 647 647 E ArmVmp : Match on catch block at 0xc3 in for 0x72f9148025
01-30 14:06:10.605 647 1561 W RenderInspector: DequeueBuffer time out on com.mbwhatsapp/com.mbwhatsapp.Conversation, count=1, avg=26 ms, max=26 ms.
01-30 14:06:10.671 647 647 E ArmVmp : Match on catch block at 0xc3 in for 0x72f9148025
01-30 14:06:10.683 647 647 E ArmVmp : Match on catch block at 0xc3 in for 0x72f9148025
01-30 14:06:10.834 647 647 W OnBackInvokedCallback: OnBackInvokedCallback is not enabled for the application.
01-30 14:06:10.834 647 647 W OnBackInvokedCallback: Set 'android:enableOnBackInvokedCallback="true"' in the application manifest.
01-30 14:06:11.529 647 647 W RemoteInputConnectionImpl: requestCursorAnchorInfo on inactive InputConnection
01-30 14:06:11.553 647 647 E ImeBackDispatcher: Ime callback not found. Ignoring unregisterReceivedCallback. callbackId: 128192
01-30 14:06:11.921 647 647 W Activity: PerfMonitor: Slow Operation: Activity com.mbwhatsapp/.HomeActivity onPause took 107ms
01-30 14:06:12.291 647 647 W BpBinder: PerfMonitor binderTransact : time=264ms interface=android.view.IWindowSession code=5
01-30 14:06:12.490 647 647 W Looper : PerfMonitor doFrame : time=516ms vsyncFrame=0 latency=0ms procState=-1
01-30 14:06:13.142 647 647 W Activity: PerfMonitor: Slow Operation: Activity com.mbwhatsapp/.HomeActivity onStop took 245ms
01-30 14:06:13.311 647 647 W Looper : PerfMonitor looperActivity : package=com.mbwhatsapp/.HomeActivity time=450ms latency=896ms procState=-1 historyMsgCount=2 (msgIndex=1 wall=516ms seq=2647 h=android.view.Choreographer$FrameHandler c=android.view.Choreographer$FrameDisplayEventReceiver) (msgIndex=2 wall=369ms seq=2648 late=526ms h=android.view.ViewRootImpl$ViewRootHandler w=6)
01-30 14:06:13.333 647 647 W Looper : PerfMonitor doFrame : time=2ms vsyncFrame=0 latency=813ms procState=-1 historyMsgCount=6 (msgIndex=1 wall=369ms seq=2648 late=526ms h=android.view.ViewRootImpl$ViewRootHandler w=6) (msgIndex=2 wall=450ms seq=2649 late=896ms h=android.app.Activ--------- beginning of system
01-30 14:06:55.895 647 647 W BpBinder: PerfMonitor binderTransact : time=205ms interface=android.app.job.IJobCallback code=2 --------- beginning of main
01-30 14:08:33.384 11823 11823 E com.mbwhatsapp: Not starting debugger since process cannot load the jdwp agent.
01-30 14:08:33.417 11823 11823 W System.err: android.system.ErrnoException: open failed: ENOENT (No such file or directory)
01-30 14:08:33.418 11823 11823 W System.err: at libcore.io.Linux.open(Native Method)
01-30 14:08:33.418 11823 11823 W System.err: at libcore.io.ForwardingOs.open(ForwardingOs.java:563)
