01-30 19:04:31.221 11386 11386 W ContextImpl: Failed to ensure /storage/CE93-EDD2/Android/media/com.mbwhatsapp: android.os.ServiceSpecificException: (code -22)
01-30 19:04:31.231 11386 11386 E ArmVmp : Match on catch block at 0x0a in for 0x72f9148035
01-30 19:04:31.237 11386 11386 E ArmVmp : Match on catch block at 0x0a in for 0x72f9148035
01-30 19:04:31.339 11386 11386 W Looper : PerfMonitor looperActivity : package=com.mbwhatsapp/.Conversation time=961ms latency=1512ms procState=-1 historyMsgCount=2 (msgIndex=2 wall=1488ms seq=2 late=8ms h=android.app.ActivityThread$H w=110)
01-30 19:04:31.340 11386 11386 W Looper : PerfMonitor looperActivity : package=com.mbwhatsapp/.Conversation time=0ms latency=2468ms procState=-1 historyMsgCount=2 (msgIndex=1 wall=1488ms seq=2 late=8ms h=android.app.ActivityThread$H w=110) (msgIndex=2 wall=961ms seq=3 late=1512ms h=android.app.ActivityThread$H w=159)
01-30 19:04:31.583 11386 11609 W libc : Access denied finding property "vendor.migl.debug"
01-30 19:04:31.587 11386 11609 E libEGL : pre_cache appList: ,,,
01-30 19:04:31.633 11386 11609 E LB : fail to open node: No such file or directory
01-30 19:04:31.641 11386 11609 E perf_hint: Session creation failed, mPreferredRateNanos: -1
01-30 19:04:32.306 11386 11386 W FingerprintManager: Invalid acquired message: 6, 22
01-30 19:04:32.984 11386 11386 E ArmVmp : Match on catch block at 0x0a in for 0x72f9148035
01-30 19:04:32.988 11386 11386 E ArmVmp : Match on catch block at 0x0a in for 0x72f9148035
01-30 19:04:33.316 11386 11386 E ArmVmp : Match on catch block at 0xc3 in for 0x72f9148021
01-30 19:04:33.322 11386 11386 E ArmVmp : Match on catch block at 0xc3 in for 0x72f9148021
01-30 19:04:33.324 11386 11386 E ArmVmp : Match on catch block at 0xc3 in for 0x72f9148021
01-30 19:04:33.345 11386 11386 W MirrorManager: this model don't Support
01-30 19:04:33.373 11386 11609 E perf_hint: Session creation failed, mPreferredRateNanos: -1
01-30 19:04:33.374 11386 11386 W Looper : PerfMonitor doFrame : time=350ms vsyncFrame=0 latency=7ms procState=-1 historyMsgCount=12 (msgIndex=1 wall=51ms seq=214 late=3ms h=android.app.ActivityThread$H w=159)
01-30 19:04:33.412 11386 11386 E ArmVmp : Match on catch block at 0xc3 in for 0x72f9148025
01-30 19:04:33.415 11386 11386 E ArmVmp : Match on catch block at 0xc3 in for 0x72f9148025
01-30 19:04:33.416 11386 11386 E ArmVmp : Match on catch block at 0xc3 in for 0x72f9148025
01-30 19:04:33.423 11386 11386 W Looper : PerfMonitor doFrame : time=25ms vsyncFrame=0 latency=365ms procState=-1 historyMsgCount=20 (msgIndex=1 wall=350ms seq=226 late=7ms h=android.view.Choreographer$FrameHandler c=android.view.Choreographer$FrameDisplayEventReceiver)
01-30 19:04:33.472 11386 11386 E ArmVmp : Match on catch block at 0xc3 in for 0x72f9148025
01-30 19:04:33.475 11386 11386 E ArmVmp : Match on catch block at 0xc3 in for 0x72f9148025
01-30 19:04:33.478 11386 11386 E ArmVmp : Match on catch block at 0xc3 in for 0x72f9148025
01-30 19:04:33.541 11386 11386 E ArmVmp : Match on catch block at 0xc3 in for 0x72f9148025
01-30 19:04:33.547 11386 11386 E ArmVmp : Match on catch block at 0xc3 in for 0x72f9148025
01-30 19:04:33.549 11386 11386 E ArmVmp : Match on catch block at 0xc3 in for 0x72f9148025
01-30 19:04:33.568 11386 11386 E ArmVmp : Match on catch block at 0xc3 in for 0x72f9148025
01-30 19:04:33.572 11386 11386 E ArmVmp : Match on catch block at 0xc3 in for 0x72f9148025
01-30 19:04:33.573 11386 11386 E ArmVmp : Match on catch block at 0xc3 in for 0x72f9148025
01-30 19:04:33.580 11386 11806 W com.mbwhatsapp: Accessing hidden method Landroid/app/MiuiNotification;-><init>()V (blocked, reflection, denied)
01-30 19:04:33.580 11386 11386 E ArmVmp : Match on catch block at 0xc3 in for 0x72f9148025
01-30 19:04:33.583 11386 11386 E ArmVmp : Match on catch block at 0xc3 in for 0x72f9148025
01-30 19:04:33.586 11386 11386 E ArmVmp : Match on catch block at 0xc3 in for 0x72f9148025
01-30 19:04:33.591 11386 11386 E ArmVmp : Match on catch block at 0xc3 in for 0x72f9148025
01-30 19:04:33.594 11386 11386 E ArmVmp : Match on catch block at 0xc3 in for 0x72f9148025
01-30 19:04:33.595 11386 11386 E ArmVmp : Match on catch block at 0xc3 in for 0x72f9148025
01-30 19:04:33.602 11386 11386 E ArmVmp : Match on catch block at 0xc3 in for 0x72f9148025
01-30 19:04:33.606 11386 11386 E ArmVmp : Match on catch block at 0xc3 in for 0x72f9148025
01-30 19:04:33.607 11386 11386 E ArmVmp : Match on catch block at 0xc3 in for 0x72f9148025
01-30 19:04:33.619 11386 11386 E ArmVmp : Match on catch block at 0xc3 in for 0x72f9148025
01-30 19:04:33.621 11386 11386 E ArmVmp : Match on catch block at 0xc3 in for 0x72f9148025
01-30 19:04:33.623 11386 11386 E ArmVmp : Match on catch block at 0xc3 in for 0x72f9148025
01-30 19:04:33.636 11386 11386 E ArmVmp : Match on catch block at 0xc3 in for 0x72f9148025
01-30 19:04:33.639 11386 11386 E ArmVmp : Match on catch block at 0xc3 in for 0x72f9148025
01-30 19:04:33.641 11386 11386 E ArmVmp : Match on catch block at 0xc3 in for 0x72f9148025
01-30 19:04:33.803 11386 11806 W com.mbwhatsapp: Accessing hidden method Landroid/app/MiuiNotification;-><init>()V (blocked, reflection, denied)
01-30 19:04:33.844 11386 11386 E ArmVmp : Match on catch block at 0xc3 in for 0x72f9148025
01-30 19:04:33.846 11386 11386 E ArmVmp : Match on catch block at 0xc3 in for 0x72f9148025
01-30 19:04:33.847 11386 11386 E ArmVmp : Match on catch block at 0xc3 in for 0x72f9148025
01-30 19:04:33.852 11386 11386 E ArmVmp : Match on catch block at 0xc3 in for 0x72f9148025
01-30 19:04:33.855 11386 11386 E ArmVmp : Match on catch block at 0xc3 in for 0x72f9148025
01-30 19:04:33.857 11386 11386 E ArmVmp : Match on catch block at 0xc3 in for 0x72f9148025
01-30 19:04:33.869 11386 11386 E ArmVmp : Match on catch block at 0xc3 in for 0x72f9148025
01-30 19:04:33.872 11386 11386 E ArmVmp : Match on catch block at 0xc3 in for 0x72f9148025
01-30 19:04:33.873 11386 11386 E ArmVmp : Match on catch block at 0xc3 in for 0x72f9148025
01-30 19:04:33.885 11386 11386 E ArmVmp : Match on catch block at 0xc3 in for 0x72f9148025
01-30 19:04:33.887 11386 11386 E ArmVmp : Match on catch block at 0xc3 in for 0x72f9148025
01-30 19:04:33.888 11386 11386 E ArmVmp : Match on catch block at 0xc3 in for 0x72f9148025
01-30 19:04:33.902 11386 11386 E ArmVmp : Match on catch block at 0xc3 in for 0x72f9148025
01-30 19:04:33.904 11386 11386 E ArmVmp : Match on catch block at 0xc3 in for 0x72f9148025
01-30 19:04:33.905 11386 11386 E ArmVmp : Match on catch block at 0xc3 in for 0x72f9148025
01-30 19:04:33.918 11386 11386 E ArmVmp : Match on catch block at 0xc3 in for 0x72f9148025
01-30 19:04:33.920 11386 11386 E ArmVmp : Match on catch block at 0xc3 in for 0x72f9148025
01-30 19:04:33.922 11386 11386 E ArmVmp : Match on catch block at 0xc3 in for 0x72f9148025
01-30 19:04:33.935 11386 11386 E ArmVmp : Match on catch block at 0xc3 in for 0x72f9148025
01-30 19:04:33.938 11386 11386 E ArmVmp : Match on catch block at 0xc3 in for 0x72f9148025
01-30 19:04:33.940 11386 11386 E ArmVmp : Match on catch block at 0xc3 in for 0x72f9148025
01-30 19:04:33.952 11386 11386 E ArmVmp : Match on catch block at 0xc3 in for 0x72f9148025
01-30 19:04:33.954 11386 11386 E ArmVmp : Match on catch block at 0xc3 in for 0x72f9148025
01-30 19:04:33.955 11386 11386 E ArmVmp : Match on catch block at 0xc3 in for 0x72f9148025
01-30 19:04:33.968 11386 11386 E ArmVmp : Match on catch block at 0xc3 in for 0x72f9148025
01-30 19:04:33.970 11386 11386 E ArmVmp : Match on catch block at 0xc3 in for 0x72f9148025
01-30 19:04:33.971 11386 11386 E ArmVmp : Match on catch block at 0xc3 in for 0x72f9148025
01-30 19:04:33.985 11386 11386 E ArmVmp : Match on catch block at 0xc3 in for 0x72f9148025
01-30 19:04:33.987 11386 11386 E ArmVmp : Match on catch block at 0xc3 in for 0x72f9148025
01-30 19:04:33.988 11386 11386 E ArmVmp : Match on catch block at 0xc3 in for 0x72f9148025
01-30 19:04:34.004 11386 11386 E ArmVmp : Match on catch block at 0xc3 in for 0x72f9148025
01-30 19:04:34.006 11386 11386 E ArmVmp : Match on catch block at 0xc3 in for 0x72f9148025
01-30 19:04:34.007 11386 11386 E ArmVmp : Match on catch block at 0xc3 in for 0x72f9148025
01-30 19:04:34.019 11386 11386 E ArmVmp : Match on catch block at 0xc3 in for 0x72f9148025
01-30 19:04:34.021 11386 11386 E ArmVmp : Match on catch block at 0xc3 in for 0x72f9148025
01-30 19:04:34.023 11386 11386 E ArmVmp : Match on catch block at 0xc3 in for 0x72f9148025
01-30 19:04:34.035 11386 11386 E ArmVmp : Match on catch block at 0xc3 in for 0x72f9148025
01-30 19:04:34.038 11386 11386 E ArmVmp : Match on catch block at 0xc3 in for 0x72f9148025
01-30 19:04:34.039 11386 11386 E ArmVmp : Match on catch block at 0xc3 in for 0x72f9148025
01-30 19:04:34.052 11386 11386 E ArmVmp : Match on catch block at 0xc3 in for 0x72f9148025
01-30 19:04:34.055 11386 11386 E ArmVmp : Match on catch block at 0xc3 in for 0x72f9148025
01-30 19:04:34.057 11386 11386 E ArmVmp : Match on catch block at 0xc3 in for 0x72f9148025
01-30 19:04:34.069 11386 11386 E ArmVmp : Match on catch block at 0xc3 in for 0x72f9148025
01-30 19:04:34.071 11386 11386 E ArmVmp : Match on catch block at 0xc3 in for 0x72f9148025
01-30 19:04:34.073 11386 11386 E ArmVmp : Match on catch block at 0xc3 in for 0x72f9148025
01-30 19:04:34.085 11386 11386 E ArmVmp : Match on catch block at 0xc3 in for 0x72f9148025
01-30 19:04:34.087 11386 11386 E ArmVmp : Match on catch block at 0xc3 in for 0x72f9148025
01-30 19:04:34.089 11386 11386 E ArmVmp : Match on catch block at 0xc3 in for 0x72f9148025
01-30 19:04:34.102 11386 11386 E ArmVmp : Match on catch block at 0xc3 in for 0x72f9148025
01-30 19:04:34.104 11386 11386 E ArmVmp : Match on catch block at 0xc3 in for 0x72f9148025
01-30 19:04:34.105 11386 11386 E ArmVmp : Match on catch block at 0xc3 in for 0x72f9148025
01-30 19:04:34.119 11386 11386 E ArmVmp : Match on catch block at 0xc3 in for 0x72f9148025
01-30 19:04:34.121 11386 11386 E ArmVmp : Match on catch block at 0xc3 in for 0x72f9148025
01-30 19:04:34.123 11386 11386 E ArmVmp : Match on catch block at 0xc3 in for 0x72f9148025
01-30 19:04:34.136 11386 11386 E ArmVmp : Match on catch block at 0xc3 in for 0x72f9148025
01-30 19:04:34.139 11386 11386 E ArmVmp : Match on catch block at 0xc3 in for 0x72f9148025
01-30 19:04:34.141 11386 11386 E ArmVmp : Match on catch block at 0xc3 in for 0x72f9148025
01-30 19:04:34.153 11386 11386 E ArmVmp : Match on catch block at 0xc3 in for 0x72f9148025
01-30 19:04:34.157 11386 11386 E ArmVmp : Match on catch block at 0xc3 in for 0x72f9148025
01-30 19:04:34.159 11386 11386 E ArmVmp : Match on catch block at 0xc3 in for 0x72f9148025
01-30 19:04:34.540 11386 11386 E ArmVmp : Match on catch block at 0xc3 in for 0x72f9148025
01-30 19:04:34.550 11386 11386 E ArmVmp : Match on catch block at 0xc3 in for 0x72f9148025
01-30 19:04:34.554 11386 11386 E ArmVmp : Match on catch block at 0xc3 in for 0x72f9148025
01-30 19:04:35.038 11386 11386 E ArmVmp : Match on catch block at 0xc3 in for 0x72f9148025
01-30 19:04:35.045 11386 11386 E ArmVmp : Match on catch block at 0xc3 in for 0x72f9148025
01-30 19:04:35.048 11386 11386 E ArmVmp : Match on catch block at 0xc3 in for 0x72f9148025
01-30 19:04:35.538 11386 11386 E ArmVmp : Match on catch block at 0xc3 in for 0x72f9148025
01-30 19:04:35.548 11386 11386 E ArmVmp : Match on catch block at 0xc3 in for 0x72f9148025
01-30 19:04:35.552 11386 11386 E ArmVmp : Match on catch block at 0xc3 in for 0x72f9148025
01-30 19:04:35.621 11386 11386 E ArmVmp : Match on catch block at 0xc3 in for 0x72f9148025
01-30 19:04:35.630 11386 11386 E ArmVmp : Match on catch block at 0xc3 in for 0x72f9148025
01-30 19:04:35.634 11386 11386 E ArmVmp : Match on catch block at 0xc3 in for 0x72f9148025
01-30 19:04:35.645 11386 11386 E ArmVmp : Match on catch block at 0xc3 in for 0x72f9148025
01-30 19:04:35.653 11386 11386 E ArmVmp : Match on catch block at 0xc3 in for 0x72f9148025
01-30 19:04:35.660 11386 11386 E ArmVmp : Match on catch block at 0xc3 in for 0x72f9148025
01-30 19:04:35.669 11386 11386 E ArmVmp : Match on catch block at 0xc3 in for 0x72f9148025
01-30 19:04:35.672 11386 11386 E ArmVmp : Match on catch block at 0xc3 in for 0x72f9148025
01-30 19:04:35.673 11386 11386 E ArmVmp : Match on catch block at 0xc3 in for 0x72f9148025
01-30 19:04:35.685 11386 11386 E ArmVmp : Match on catch block at 0xc3 in for 0x72f9148025
01-30 19:04:35.688 11386 11386 E ArmVmp : Match on catch block at 0xc3 in for 0x72f9148025
01-30 19:04:35.689 11386 11386 E ArmVmp : Match on catch block at 0xc3 in for 0x72f9148025
01-30 19:04:35.702 11386 11386 E ArmVmp : Match on catch block at 0xc3 in for 0x72f9148025
01-30 19:04:35.705 11386 11386 E ArmVmp : Match on catch block at 0xc3 in for 0x72f9148025
01-30 19:04:35.707 11386 11386 E ArmVmp : Match on catch block at 0xc3 in for 0x72f9148025
01-30 19:04:35.719 11386 11386 E ArmVmp : Match on catch block at 0xc3 in for 0x72f9148025
01-30 19:04:35.723 11386 11386 E ArmVmp : Match on catch block at 0xc3 in for 0x72f9148025
01-30 19:04:35.724 11386 11386 E ArmVmp : Match on catch block at 0xc3 in for 0x72f9148025
01-30 19:04:35.736 11386 11386 E ArmVmp : Match on catch block at 0xc3 in for 0x72f9148025
01-30 19:04:35.739 11386 11386 E ArmVmp : Match on catch block at 0xc3 in for 0x72f9148025
01-30 19:04:35.741 11386 11386 E ArmVmp : Match on catch block at 0xc3 in for 0x72f9148025
01-30 19:04:35.755 11386 11386 E ArmVmp : Match on catch block at 0xc3 in for 0x72f9148025
01-30 19:04:35.764 11386 11386 E ArmVmp : Match on catch block at 0xc3 in for 0x72f9148025
01-30 19:04:35.767 11386 11386 E ArmVmp : Match on catch block at 0xc3 in for 0x72f9148025
01-30 19:04:35.776 11386 11386 E ArmVmp : Match on catch block at 0xc3 in for 0x72f9148025
01-30 19:04:35.782 11386 11386 E ArmVmp : Match on catch block at 0xc3 in for 0x72f9148025
01-30 19:04:35.784 11386 11386 E ArmVmp : Match on catch block at 0xc3 in for 0x72f9148025
01-30 19:04:35.788 11386 11386 E ArmVmp : Match on catch block at 0xc3 in for 0x72f9148025
01-30 19:04:35.795 11386 11386 E ArmVmp : Match on catch block at 0xc3 in for 0x72f9148025
01-30 19:04:35.800 11386 11386 E ArmVmp : Match on catch block at 0xc3 in for 0x72f9148025
01-30 19:04:35.805 11386 11386 E ArmVmp : Match on catch block at 0xc3 in for 0x72f9148025
01-30 19:04:35.809 11386 11386 E ArmVmp : Match on catch block at 0xc3 in for 0x72f9148025
01-30 19:04:35.812 11386 11386 E ArmVmp : Match on catch block at 0xc3 in for 0x72f9148025
01-30 19:04:35.820 11386 11386 E ArmVmp : Match on catch block at 0xc3 in for 0x72f9148025
01-30 19:04:35.824 11386 11386 E ArmVmp : Match on catch block at 0xc3 in for 0x72f9148025
01-30 19:04:35.826 11386 11386 E ArmVmp : Match on catch block at 0xc3 in for 0x72f9148025
01-30 19:04:35.837 11386 11386 E ArmVmp : Match on catch block at 0xc3 in for 0x72f9148025
01-30 19:04:35.843 11386 11386 E ArmVmp : Match on catch block at 0xc3 in for 0x72f9148025
01-30 19:04:35.853 11386 11386 E ArmVmp : Match on catch block at 0xc3 in for 0x72f9148025
01-30 19:04:35.868 11386 11386 E ArmVmp : Match on catch block at 0xc3 in for 0x72f9148025
01-30 19:04:35.873 11386 11386 E ArmVmp : Match on catch block at 0xc3 in for 0x72f9148025
01-30 19:04:35.879 11386 11386 E ArmVmp : Match on catch block at 0xc3 in for 0x72f9148025
01-30 19:04:35.904 11386 11386 E ArmVmp : Match on catch block at 0xc3 in for 0x72f9148025
01-30 19:04:35.907 11386 11386 E ArmVmp : Match on catch block at 0xc3 in for 0x72f9148025
01-30 19:04:35.908 11386 11386 E ArmVmp : Match on catch block at 0xc3 in for 0x72f9148025
01-30 19:04:35.920 11386 11386 E ArmVmp : Match on catch block at 0xc3 in for 0x72f9148025
01-30 19:04:35.923 11386 11386 E ArmVmp : Match on catch block at 0xc3 in for 0x72f9148025
01-30 19:04:35.924 11386 11386 E ArmVmp : Match on catch block at 0xc3 in for 0x72f9148025
01-30 19:04:35.936 11386 11386 E ArmVmp : Match on catch block at 0xc3 in for 0x72f9148025
01-30 19:04:35.940 11386 11386 E ArmVmp : Match on catch block at 0xc3 in for 0x72f9148025
01-30 19:04:35.942 11386 11386 E ArmVmp : Match on catch block at 0xc3 in for 0x72f9148025
01-30 19:04:35.968 11386 11386 E ArmVmp : Match on catch block at 0xc3 in for 0x72f9148025
01-30 19:04:35.972 11386 11386 E ArmVmp : Match on catch block at 0xc3 in for 0x72f9148025
01-30 19:04:35.975 11386 11386 E ArmVmp : Match on catch block at 0xc3 in for 0x72f9148025
01-30 19:04:35.980 11386 11386 E ArmVmp : Match on catch block at 0xc3 in for 0x72f9148025
01-30 19:04:35.986 11386 11386 E ArmVmp : Match on catch block at 0xc3 in for 0x72f9148025
01-30 19:04:35.989 11386 11386 E ArmVmp : Match on catch block at 0xc3 in for 0x72f9148025
01-30 19:04:35.994 11386 11386 E ArmVmp : Match on catch block at 0xc3 in for 0x72f9148025
01-30 19:04:35.998 11386 11386 E ArmVmp : Match on catch block at 0xc3 in for 0x72f9148025
01-30 19:04:36.001 11386 11386 E ArmVmp : Match on catch block at 0xc3 in for 0x72f9148025
01-30 19:04:36.023 11386 11386 E ArmVmp : Match on catch block at 0xc3 in for 0x72f9148025
01-30 19:04:36.026 11386 11386 E ArmVmp : Match on catch block at 0xc3 in for 0x72f9148025
01-30 19:04:36.029 11386 11386 E ArmVmp : Match on catch block at 0xc3 in for 0x72f9148025
01-30 19:04:36.046 11386 11386 E ArmVmp : Match on catch block at 0xc3 in for 0x72f9148025
01-30 19:04:36.049 11386 11386 E ArmVmp : Match on catch block at 0xc3 in for 0x72f9148025
01-30 19:04:36.051 11386 11386 E ArmVmp : Match on catch block at 0xc3 in for 0x72f9148025
01-30 19:04:36.066 11386 11386 E ArmVmp : Match on catch block at 0xc3 in for 0x72f9148025
01-30 19:04:36.069 11386 11386 E ArmVmp : Match on catch block at 0xc3 in for 0x72f9148025
01-30 19:04:36.072 11386 11386 E ArmVmp : Match on catch block at 0xc3 in for 0x72f9148025
01-30 19:04:36.078 11386 11386 E ArmVmp : Match on catch block at 0xc3 in for 0x72f9148025
01-30 19:04:36.083 11386 11386 E ArmVmp : Match on catch block at 0xc3 in for 0x72f9148025
01-30 19:04:36.086 11386 11386 E ArmVmp : Match on catch block at 0xc3 in for 0x72f9148025
01-30 19:04:36.095 11386 11386 E ArmVmp : Match on catch block at 0xc3 in for 0x72f9148025
01-30 19:04:36.099 11386 11386 E ArmVmp : Match on catch block at 0xc3 in for 0x72f9148025
01-30 19:04:36.101 11386 11386 E ArmVmp : Match on catch block at 0xc3 in for 0x72f9148025
01-30 19:04:36.106 11386 11386 E ArmVmp : Match on catch block at 0xc3 in for 0x72f9148025
01-30 19:04:36.110 11386 11386 E ArmVmp : Match on catch block at 0xc3 in for 0x72f9148025
01-30 19:04:36.112 11386 11386 E ArmVmp : Match on catch block at 0xc3 in for 0x72f9148025
01-30 19:04:36.121 11386 11386 E ArmVmp : Match on catch block at 0xc3 in for 0x72f9148025
01-30 19:04:36.124 11386 11386 E ArmVmp : Match on catch block at 0xc3 in for 0x72f9148025
01-30 19:04:36.126 11386 11386 E ArmVmp : Match on catch block at 0xc3 in for 0x72f9148025
01-30 19:04:36.138 11386 11386 E ArmVmp : Match on catch block at 0xc3 in for 0x72f9148025
01-30 19:04:36.142 11386 11386 E ArmVmp : Match on catch block at 0xc3 in for 0x72f9148025
01-30 19:04:36.144 11386 11386 E ArmVmp : Match on catch block at 0xc3 in for 0x72f9148025
01-30 19:04:36.153 11386 11386 E ArmVmp : Match on catch block at 0xc3 in for 0x72f9148025
01-30 19:04:36.156 11386 11386 E ArmVmp : Match on catch block at 0xc3 in for 0x72f9148025
01-30 19:04:36.158 11386 11386 E ArmVmp : Match on catch block at 0xc3 in for 0x72f9148025
01-30 19:04:36.170 11386 11386 E ArmVmp : Match on catch block at 0xc3 in for 0x72f9148025
01-30 19:04:36.172 11386 11386 E ArmVmp : Match on catch block at 0xc3 in for 0x72f9148025
01-30 19:04:36.174 11386 11386 E ArmVmp : Match on catch block at 0xc3 in for 0x72f9148025
01-30 19:04:36.186 11386 11386 E ArmVmp : Match on catch block at 0xc3 in for 0x72f9148025
01-30 19:04:36.189 11386 11386 E ArmVmp : Match on catch block at 0xc3 in for 0x72f9148025
01-30 19:04:36.190 11386 11386 E ArmVmp : Match on catch block at 0xc3 in for 0x72f9148025
01-30 19:04:36.204 11386 11386 E ArmVmp : Match on catch block at 0xc3 in for 0x72f9148025
01-30 19:04:36.207 11386 11386 E ArmVmp : Match on catch block at 0xc3 in for 0x72f9148025
01-30 19:04:36.209 11386 11386 E ArmVmp : Match on catch block at 0xc3 in for 0x72f9148025
01-30 19:04:36.220 11386 11386 E ArmVmp : Match on catch block at 0xc3 in for 0x72f9148025
01-30 19:04:36.225 11386 11386 E ArmVmp : Match on catch block at 0xc3 in for 0x72f9148025
01-30 19:04:36.227 11386 11386 E ArmVmp : Match on catch block at 0xc3 in for 0x72f9148025
01-30 19:04:36.241 11386 11386 E ArmVmp : Match on catch block at 0xc3 in for 0x72f9148025
01-30 19:04:36.246 11386 11386 E ArmVmp : Match on catch block at 0xc3 in for 0x72f9148025
01-30 19:04:36.249 11386 11386 E ArmVmp : Match on catch block at 0xc3 in for 0x72f9148025
01-30 19:04:36.257 11386 11386 E ArmVmp : Match on catch block at 0xc3 in for 0x72f9148025
01-30 19:04:36.261 11386 11386 E ArmVmp : Match on catch block at 0xc3 in for 0x72f9148025
01-30 19:04:36.262 11386 11386 E ArmVmp : Match on catch block at 0xc3 in for 0x72f9148025
01-30 19:04:36.270 11386 11386 E ArmVmp : Match on catch block at 0xc3 in for 0x72f9148025
01-30 19:04:36.274 11386 11386 E ArmVmp : Match on catch block at 0xc3 in for 0x72f9148025
01-30 19:04:36.275 11386 11386 E ArmVmp : Match on catch block at 0xc3 in for 0x72f9148025
01-30 19:04:36.292 11386 11386 E ArmVmp : Match on catch block at 0xc3 in for 0x72f9148025
01-30 19:04:36.295 11386 11386 E ArmVmp : Match on catch block at 0xc3 in for 0x72f9148025
01-30 19:04:36.297 11386 11386 E ArmVmp : Match on catch block at 0xc3 in for 0x72f9148025
01-30 19:04:36.303 11386 11386 E ArmVmp : Match on catch block at 0xc3 in for 0x72f9148025
01-30 19:04:36.307 11386 11386 E ArmVmp : Match on catch block at 0xc3 in for 0x72f9148025
01-30 19:04:36.310 11386 11386 E ArmVmp : Match on catch block at 0xc3 in for 0x72f9148025
01-30 19:04:36.321 11386 11386 E ArmVmp : Match on catch block at 0xc3 in for 0x72f9148025
01-30 19:04:36.323 11386 11386 E ArmVmp : Match on catch block at 0xc3 in for 0x72f9148025
01-30 19:04:36.325 11386 11386 E ArmVmp : Match on catch block at 0xc3 in for 0x72f9148025
01-30 19:04:36.536 11386 11386 E ArmVmp : Match on catch block at 0xc3 in for 0x72f9148025
01-30 19:04:36.540 11386 11386 E ArmVmp : Match on catch block at 0xc3 in for 0x72f9148025
01-30 19:04:36.542 11386 11386 E ArmVmp : Match on catch block at 0xc3 in for 0x72f9148025
01-30 19:04:36.569 11386 11386 E ArmVmp : Match on catch block at 0xc3 in for 0x72f9148025
01-30 19:04:36.573 11386 11386 E ArmVmp : Match on catch block at 0xc3 in for 0x72f9148025
01-30 19:04:36.575 11386 11386 E ArmVmp : Match on catch block at 0xc3 in for 0x72f9148025
01-30 19:04:36.653 11386 11386 E ArmVmp : Match on catch block at 0xc3 in for 0x72f9148025
01-30 19:04:36.656 11386 11386 E ArmVmp : Match on catch block at 0xc3 in for 0x72f9148025
01-30 19:04:36.658 11386 11386 E ArmVmp : Match on catch block at 0xc3 in for 0x72f9148025
01-30 19:04:36.687 11386 11386 E ArmVmp : Match on catch block at 0xc3 in for 0x72f9148025
01-30 19:04:36.690 11386 11386 E ArmVmp : Match on catch block at 0xc3 in for 0x72f9148025
01-30 19:04:36.692 11386 11386 E ArmVmp : Match on catch block at 0xc3 in for 0x72f9148025
01-30 19:04:36.719 11386 11386 E ArmVmp : Match on catch block at 0xc3 in for 0x72f9148025
01-30 19:04:36.723 11386 11386 E ArmVmp : Match on catch block at 0xc3 in for 0x72f9148025
01-30 19:04:36.725 11386 11386 E ArmVmp : Match on catch block at 0xc3 in for 0x72f9148025
01-30 19:04:36.753 11386 11386 E ArmVmp : Match on catch block at 0xc3 in for 0x72f9148025
01-30 19:04:36.756 11386 11386 E ArmVmp : Match on catch block at 0xc3 in for 0x72f9148025
01-30 19:04:36.757 11386 11386 E ArmVmp : Match on catch block at 0xc3 in for 0x72f9148025
01-30 19:04:36.803 11386 11386 E ArmVmp : Match on catch block at 0xc3 in for 0x72f9148025
01-30 19:04:36.806 11386 11386 E ArmVmp : Match on catch block at 0xc3 in for 0x72f9148025
01-30 19:04:36.808 11386 11386 E ArmVmp : Match on catch block at 0xc3 in for 0x72f9148025
01-30 19:04:36.903 11386 11386 E ArmVmp : Match on catch block at 0xc3 in for 0x72f9148025
01-30 19:04:36.907 11386 11386 E ArmVmp : Match on catch block at 0xc3 in for 0x72f9148025
01-30 19:04:36.909 11386 11386 E ArmVmp : Match on catch block at 0xc3 in for 0x72f9148025
01-30 19:04:37.019 11386 11386 E ArmVmp : Match on catch block at 0xc3 in for 0x72f9148025
01-30 19:04:37.022 11386 11386 E ArmVmp : Match on catch block at 0xc3 in for 0x72f9148025
01-30 19:04:37.023 11386 11386 E ArmVmp : Match on catch block at 0xc3 in for 0x72f9148025
01-30 19:04:37.069 11386 11386 E ArmVmp : Match on catch block at 0xc3 in for 0x72f9148025
01-30 19:04:37.071 11386 11386 E ArmVmp : Match on catch block at 0xc3 in for 0x72f9148025
01-30 19:04:37.073 11386 11386 E ArmVmp : Match on catch block at 0xc3 in for 0x72f9148025
01-30 19:04:37.086 11386 11386 E ArmVmp : Match on catch block at 0xc3 in for 0x72f9148025
01-30 19:04:37.089 11386 11386 E ArmVmp : Match on catch block at 0xc3 in for 0x72f9148025
01-30 19:04:37.091 11386 11386 E ArmVmp : Match on catch block at 0xc3 in for 0x72f9148025
01-30 19:04:37.103 11386 11386 E ArmVmp : Match on catch block at 0xc3 in for 0x72f9148025
01-30 19:04:37.105 11386 11386 E ArmVmp : Match on catch block at 0xc3 in for 0x72f9148025
01-30 19:04:37.106 11386 11386 E ArmVmp : Match on catch block at 0xc3 in for 0x72f9148025
01-30 19:04:37.119 11386 11386 E ArmVmp : Match on catch block at 0xc3 in for 0x72f9148025
01-30 19:04:37.122 11386 11386 E ArmVmp : Match on catch block at 0xc3 in for 0x72f9148025
01-30 19:04:37.123 11386 11386 E ArmVmp : Match on catch block at 0xc3 in for 0x72f9148025
01-30 19:04:37.136 11386 11386 E ArmVmp : Match on catch block at 0xc3 in for 0x72f9148025
01-30 19:04:37.139 11386 11386 E ArmVmp : Match on catch block at 0xc3 in for 0x72f9148025
01-30 19:04:37.140 11386 11386 E ArmVmp : Match on catch block at 0xc3 in for 0x72f9148025
01-30 19:04:37.153 11386 11386 E ArmVmp : Match on catch block at 0xc3 in for 0x72f9148025
01-30 19:04:37.157 11386 11386 E ArmVmp : Match on catch block at 0xc3 in for 0x72f9148025
01-30 19:04:37.159 11386 11386 E ArmVmp : Match on catch block at 0xc3 in for 0x72f9148025
01-30 19:04:37.170 11386 11386 E ArmVmp : Match on catch block at 0xc3 in for 0x72f9148025
01-30 19:04:37.173 11386 11386 E ArmVmp : Match on catch block at 0xc3 in for 0x72f9148025
01-30 19:04:37.175 11386 11386 E ArmVmp : Match on catch block at 0xc3 in for 0x72f9148025
01-30 19:04:37.187 11386 11386 E ArmVmp : Match on catch block at 0xc3 in for 0x72f9148025
01-30 19:04:37.190 11386 11386 E ArmVmp : Match on catch block at 0xc3 in for 0x72f9148025
01-30 19:04:37.191 11386 11386 E ArmVmp : Match on catch block at 0xc3 in for 0x72f9148025
01-30 19:04:37.203 11386 11386 E ArmVmp : Match on catch block at 0xc3 in for 0x72f9148025
01-30 19:04:37.206 11386 11386 E ArmVmp : Match on catch block at 0xc3 in for 0x72f9148025
01-30 19:04:37.208 11386 11386 E ArmVmp : Match on catch block at 0xc3 in for 0x72f9148025
01-30 19:04:37.220 11386 11386 E ArmVmp : Match on catch block at 0xc3 in for 0x72f9148025
01-30 19:04:37.222 11386 11386 E ArmVmp : Match on catch block at 0xc3 in for 0x72f9148025
01-30 19:04:37.224 11386 11386 E ArmVmp : Match on catch block at 0xc3 in for 0x72f9148025
01-30 19:04:37.236 11386 11386 E ArmVmp : Match on catch block at 0xc3 in for 0x72f9148025
01-30 19:04:37.239 11386 11386 E ArmVmp : Match on catch block at 0xc3 in for 0x72f9148025
01-30 19:04:37.242 11386 11386 E ArmVmp : Match on catch block at 0xc3 in for 0x72f9148025
01-30 19:04:37.253 11386 11386 E ArmVmp : Match on catch block at 0xc3 in for 0x72f9148025
01-30 19:04:37.255 11386 11386 E ArmVmp : Match on catch block at 0xc3 in for 0x72f9148025
01-30 19:04:37.257 11386 11386 E ArmVmp : Match on catch block at 0xc3 in for 0x72f9148025
01-30 19:04:37.269 11386 11386 E ArmVmp : Match on catch block at 0xc3 in for 0x72f9148025
01-30 19:04:37.273 11386 11386 E ArmVmp : Match on catch block at 0xc3 in for 0x72f9148025
01-30 19:04:37.274 11386 11386 E ArmVmp : Match on catch block at 0xc3 in for 0x72f9148025
01-30 19:04:37.288 11386 11386 E ArmVmp : Match on catch block at 0xc3 in for 0x72f9148025
01-30 19:04:37.292 11386 11386 E ArmVmp : Match on catch block at 0xc3 in for 0x72f9148025
01-30 19:04:37.294 11386 11386 E ArmVmp : Match on catch block at 0xc3 in for 0x72f9148025
01-30 19:04:37.303 11386 11386 E ArmVmp : Match on catch block at 0xc3 in for 0x72f9148025
01-30 19:04:37.306 11386 11386 E ArmVmp : Match on catch block at 0xc3 in for 0x72f9148025
01-30 19:04:37.308 11386 11386 E ArmVmp : Match on catch block at 0xc3 in for 0x72f9148025
01-30 19:04:37.320 11386 11386 E ArmVmp : Match on catch block at 0xc3 in for 0x72f9148025
01-30 19:04:37.326 11386 11386 E ArmVmp : Match on catch block at 0xc3 in for 0x72f9148025
01-30 19:04:37.329 11386 11386 E ArmVmp : Match on catch block at 0xc3 in for 0x72f9148025
01-30 19:04:37.337 11386 11386 E ArmVmp : Match on catch block at 0xc3 in for 0x72f9148025
01-30 19:04:37.341 11386 11386 E ArmVmp : Match on catch block at 0xc3 in for 0x72f9148025
01-30 19:04:37.342 11386 11386 E ArmVmp : Match on catch block at 0xc3 in for 0x72f9148025
01-30 19:04:37.353 11386 11386 E ArmVmp : Match on catch block at 0xc3 in for 0x72f9148025
01-30 19:04:37.356 11386 11386 E ArmVmp : Match on catch block at 0xc3 in for 0x72f9148025
01-30 19:04:37.358 11386 11386 E ArmVmp : Match on catch block at 0xc3 in for 0x72f9148025
01-30 19:04:37.371 11386 11386 E ArmVmp : Match on catch block at 0xc3 in for 0x72f9148025
01-30 19:04:37.375 11386 11386 E ArmVmp : Match on catch block at 0xc3 in for 0x72f9148025
01-30 19:04:37.377 11386 11386 E ArmVmp : Match on catch block at 0xc3 in for 0x72f9148025
01-30 19:04:37.387 11386 11386 E ArmVmp : Match on catch block at 0xc3 in for 0x72f9148025
01-30 19:04:37.392 11386 11386 E ArmVmp : Match on catch block at 0xc3 in for 0x72f9148025
01-30 19:04:37.394 11386 11386 E ArmVmp : Match on catch block at 0xc3 in for 0x72f9148025
01-30 19:04:37.404 11386 11386 E ArmVmp : Match on catch block at 0xc3 in for 0x72f9148025
01-30 19:04:37.407 11386 11386 E ArmVmp : Match on catch block at 0xc3 in for 0x72f9148025
01-30 19:04:37.409 11386 11386 E ArmVmp : Match on catch block at 0xc3 in for 0x72f9148025
01-30 19:04:37.422 11386 11386 E ArmVmp : Match on catch block at 0xc3 in for 0x72f9148025
01-30 19:04:37.425 11386 11386 E ArmVmp : Match on catch block at 0xc3 in for 0x72f9148025
01-30 19:04:37.427 11386 11386 E ArmVmp : Match on catch block at 0xc3 in for 0x72f9148025
01-30 19:04:37.437 11386 11386 E ArmVmp : Match on catch block at 0xc3 in for 0x72f9148025
01-30 19:04:37.441 11386 11386 E ArmVmp : Match on catch block at 0xc3 in for 0x72f9148025
01-30 19:04:37.443 11386 11386 E ArmVmp : Match on catch block at 0xc3 in for 0x72f9148025
01-30 19:04:37.454 11386 11386 E ArmVmp : Match on catch block at 0xc3 in for 0x72f9148025
01-30 19:04:37.457 11386 11386 E ArmVmp : Match on catch block at 0xc3 in for 0x72f9148025
01-30 19:04:37.459 11386 11386 E ArmVmp : Match on catch block at 0xc3 in for 0x72f9148025
01-30 19:04:37.470 11386 11386 E ArmVmp : Match on catch block at 0xc3 in for 0x72f9148025
01-30 19:04:37.473 11386 11386 E ArmVmp : Match on catch block at 0xc3 in for 0x72f9148025
01-30 19:04:37.474 11386 11386 E ArmVmp : Match on catch block at 0xc3 in for 0x72f9148025
01-30 19:04:37.487 11386 11386 E ArmVmp : Match on catch block at 0xc3 in for 0x72f9148025
01-30 19:04:37.490 11386 11386 E ArmVmp : Match on catch block at 0xc3 in for 0x72f9148025
01-30 19:04:37.491 11386 11386 E ArmVmp : Match on catch block at 0xc3 in for 0x72f9148025
01-30 19:04:37.503 11386 11386 E ArmVmp : Match on catch block at 0xc3 in for 0x72f9148025
01-30 19:04:37.506 11386 11386 E ArmVmp : Match on catch block at 0xc3 in for 0x72f9148025
01-30 19:04:37.508 11386 11386 E ArmVmp : Match on catch block at 0xc3 in for 0x72f9148025
01-30 19:04:37.520 11386 11386 E ArmVmp : Match on catch block at 0xc3 in for 0x72f9148025
01-30 19:04:37.523 11386 11386 E ArmVmp : Match on catch block at 0xc3 in for 0x72f9148025
01-30 19:04:37.525 11386 11386 E ArmVmp : Match on catch block at 0xc3 in for 0x72f9148025
01-30 19:04:37.536 11386 11386 E ArmVmp : Match on catch block at 0xc3 in for 0x72f9148025
01-30 19:04:37.539 11386 11386 E ArmVmp : Match on catch block at 0xc3 in for 0x72f9148025
01-30 19:04:37.541 11386 11386 E ArmVmp : Match on catch block at 0xc3 in for 0x72f9148025
01-30 19:04:37.544 11386 11386 E ArmVmp : Match on catch block at 0xc3 in for 0x72f9148025
01-30 19:04:37.546 11386 11386 E ArmVmp : Match on catch block at 0xc3 in for 0x72f9148025
01-30 19:04:37.548 11386 11386 E ArmVmp : Match on catch block at 0xc3 in for 0x72f9148025
01-30 19:04:37.553 11386 11386 E ArmVmp : Match on catch block at 0xc3 in for 0x72f9148025
01-30 19:04:37.556 11386 11386 E ArmVmp : Match on catch block at 0xc3 in for 0x72f9148025
01-30 19:04:37.558 11386 11386 E ArmVmp : Match on catch block at 0xc3 in for 0x72f9148025
01-30 19:04:37.570 11386 11386 E ArmVmp : Match on catch block at 0xc3 in for 0x72f9148025
01-30 19:04:37.572 11386 11386 E ArmVmp : Match on catch block at 0xc3 in for 0x72f9148025
01-30 19:04:37.574 11386 11386 E ArmVmp : Match on catch block at 0xc3 in for 0x72f9148025
01-30 19:04:37.955 11386 11386 E ArmVmp : Match on catch block at 0xc3 in for 0x72f9148025
01-30 19:04:37.963 11386 11386 E ArmVmp : Match on catch block at 0xc3 in for 0x72f9148025
01-30 19:04:37.965 11386 11386 E ArmVmp : Match on catch block at 0xc3 in for 0x72f9148025
01-30 19:04:37.969 11386 11386 E ArmVmp : Match on catch block at 0xc3 in for 0x72f9148025
01-30 19:04:37.973 11386 11386 E ArmVmp : Match on catch block at 0xc3 in for 0x72f9148025
01-30 19:04:37.976 11386 11386 E ArmVmp : Match on catch block at 0xc3 in for 0x72f9148025
01-30 19:04:37.986 11386 11386 E ArmVmp : Match on catch block at 0xc3 in for 0x72f9148025
01-30 19:04:37.990 11386 11386 E ArmVmp : Match on catch block at 0xc3 in for 0x72f9148025
01-30 19:04:37.992 11386 11386 E ArmVmp : Match on catch block at 0xc3 in for 0x72f9148025
01-30 19:04:38.003 11386 11386 E ArmVmp : Match on catch block at 0xc3 in for 0x72f9148025
01-30 19:04:38.007 11386 11386 E ArmVmp : Match on catch block at 0xc3 in for 0x72f9148025
01-30 19:04:38.009 11386 11386 E ArmVmp : Match on catch block at 0xc3 in for 0x72f9148025
01-30 19:04:38.020 11386 11386 E ArmVmp : Match on catch block at 0xc3 in for 0x72f9148025
01-30 19:04:38.024 11386 11386 E ArmVmp : Match on catch block at 0xc3 in for 0x72f9148025
01-30 19:04:38.026 11386 11386 E ArmVmp : Match on catch block at 0xc3 in for 0x72f9148025
01-30 19:04:38.036 11386 11386 E ArmVmp : Match on catch block at 0xc3 in for 0x72f9148025
01-30 19:04:38.041 11386 11386 E ArmVmp : Match on catch block at 0xc3 in for 0x72f9148025
01-30 19:04:38.043 11386 11386 E ArmVmp : Match on catch block at 0xc3 in for 0x72f9148025
01-30 19:04:38.053 11386 11386 E ArmVmp : Match on catch block at 0xc3 in for 0x72f9148025
01-30 19:04:38.057 11386 11386 E ArmVmp : Match on catch block at 0xc3 in for 0x72f9148025
01-30 19:04:38.059 11386 11386 E ArmVmp : Match on catch block at 0xc3 in for 0x72f9148025
01-30 19:04:38.070 11386 11386 E ArmVmp : Match on catch block at 0xc3 in for 0x72f9148025
01-30 19:04:38.074 11386 11386 E ArmVmp : Match on catch block at 0xc3 in for 0x72f9148025
01-30 19:04:38.076 11386 11386 E ArmVmp : Match on catch block at 0xc3 in for 0x72f9148025
01-30 19:04:38.086 11386 11386 E ArmVmp : Match on catch block at 0xc3 in for 0x72f9148025
01-30 19:04:38.091 11386 11386 E ArmVmp : Match on catch block at 0xc3 in for 0x72f9148025
01-30 19:04:38.093 11386 11386 E ArmVmp : Match on catch block at 0xc3 in for 0x72f9148025
01-30 19:04:38.103 11386 11386 E ArmVmp : Match on catch block at 0xc3 in for 0x72f9148025
01-30 19:04:38.107 11386 11386 E ArmVmp : Match on catch block at 0xc3 in for 0x72f9148025
01-30 19:04:38.109 11386 11386 E ArmVmp : Match on catch block at 0xc3 in for 0x72f9148025
01-30 19:04:38.120 11386 11386 E ArmVmp : Match on catch block at 0xc3 in for 0x72f9148025
01-30 19:04:38.124 11386 11386 E ArmVmp : Match on catch block at 0xc3 in for 0x72f9148025
01-30 19:04:38.126 11386 11386 E ArmVmp : Match on catch block at 0xc3 in for 0x72f9148025
01-30 19:04:38.136 11386 11386 E ArmVmp : Match on catch block at 0xc3 in for 0x72f9148025
01-30 19:04:38.141 11386 11386 E ArmVmp : Match on catch block at 0xc3 in for 0x72f9148025
01-30 19:04:38.143 11386 11386 E ArmVmp : Match on catch block at 0xc3 in for 0x72f9148025
01-30 19:04:38.153 11386 11386 E ArmVmp : Match on catch block at 0xc3 in for 0x72f9148025
01-30 19:04:38.157 11386 11386 E ArmVmp : Match on catch block at 0xc3 in for 0x72f9148025
01-30 19:04:38.159 11386 11386 E ArmVmp : Match on catch block at 0xc3 in for 0x72f9148025
01-30 19:04:38.170 11386 11386 E ArmVmp : Match on catch block at 0xc3 in for 0x72f9148025
01-30 19:04:38.174 11386 11386 E ArmVmp : Match on catch block at 0xc3 in for 0x72f9148025
01-30 19:04:38.177 11386 11386 E ArmVmp : Match on catch block at 0xc3 in for 0x72f9148025
01-30 19:04:38.186 11386 11386 E ArmVmp : Match on catch block at 0xc3 in for 0x72f9148025
01-30 19:04:38.191 11386 11386 E ArmVmp : Match on catch block at 0xc3 in for 0x72f9148025
01-30 19:04:38.193 11386 11386 E ArmVmp : Match on catch block at 0xc3 in for 0x72f9148025
01-30 19:04:38.203 11386 11386 E ArmVmp : Match on catch block at 0xc3 in for 0x72f9148025
01-30 19:04:38.207 11386 11386 E ArmVmp : Match on catch block at 0xc3 in for 0x72f9148025
01-30 19:04:38.209 11386 11386 E ArmVmp : Match on catch block at 0xc3 in for 0x72f9148025
01-30 19:04:38.220 11386 11386 E ArmVmp : Match on catch block at 0xc3 in for 0x72f9148025
01-30 19:04:38.224 11386 11386 E ArmVmp : Match on catch block at 0xc3 in for 0x72f9148025
01-30 19:04:38.226 11386 11386 E ArmVmp : Match on catch block at 0xc3 in for 0x72f9148025
01-30 19:04:38.586 11386 11386 E ArmVmp : Match on catch block at 0xc3 in for 0x72f9148025
01-30 19:04:38.593 11386 11386 E ArmVmp : Match on catch block at 0xc3 in for 0x72f9148025
01-30 19:04:38.597 11386 11386 E ArmVmp : Match on catch block at 0xc3 in for 0x72f9148025
01-30 19:04:39.085 11386 11386 E ArmVmp : Match on catch block at 0xc3 in for 0x72f9148025
01-30 19:04:39.089 11386 11386 E ArmVmp : Match on catch block at 0xc3 in for 0x72f9148025
01-30 19:04:39.091 11386 11386 E ArmVmp : Match on catch block at 0xc3 in for 0x72f9148025
01-30 19:04:39.114 11386 11396 W com.mbwhatsapp: Cleared Reference was only reachable from finalizer (only reported once)
01-30 19:04:39.268 11386 11386 E ArmVmp : Match on catch block at 0xc3 in for 0x72f9148025
01-30 19:04:39.270 11386 11386 E ArmVmp : Match on catch block at 0xc3 in for 0x72f9148025
01-30 19:04:39.272 11386 11386 E ArmVmp : Match on catch block at 0xc3 in for 0x72f9148025
01-30 19:04:39.286 11386 11609 E FrameEvents: updateAcquireFence: Did not find frame.
01-30 19:04:39.396 11386 11386 E ArmVmp : Match on catch block at 0xc3 in for 0x72f9148025
01-30 19:04:39.400 11386 11386 E ArmVmp : Match on catch block at 0xc3 in for 0x72f9148025
01-30 19:04:39.403 11386 11386 E ArmVmp : Match on catch block at 0xc3 in for 0x72f9148025
01-30 19:04:39.413 11386 11386 E ArmVmp : Match on catch block at 0xc3 in for 0x72f9148025
01-30 19:04:39.416 11386 11386 E ArmVmp : Match on catch block at 0xc3 in for 0x72f9148025
01-30 19:04:39.418 11386 11386 E ArmVmp : Match on catch block at 0xc3 in for 0x72f9148025
01-30 19:04:39.456 11386 11609 E perf_hint: Session creation failed, mPreferredRateNanos: -1
01-30 19:04:39.458 11386 11386 E ArmVmp : Match on catch block at 0xc3 in for 0x72f9148025
01-30 19:04:39.460 11386 11386 E ArmVmp : Match on catch block at 0xc3 in for 0x72f9148025
01-30 19:04:39.462 11386 11386 E ArmVmp : Match on catch block at 0xc3 in for 0x72f9148025
01-30 19:04:39.484 11386 11386 E ArmVmp : Match on catch block at 0xc3 in for 0x72f9148025
01-30 19:04:39.489 11386 11386 E ArmVmp : Match on catch block at 0xc3 in for 0x72f9148025
01-30 19:04:39.493 11386 11386 E ArmVmp : Match on catch block at 0xc3 in for 0x72f9148025
01-30 19:04:39.507 11386 11386 E ArmVmp : Match on catch block at 0xc3 in for 0x72f9148025
01-30 19:04:39.510 11386 11386 E ArmVmp : Match on catch block at 0xc3 in for 0x72f9148025
01-30 19:04:39.512 11386 11386 E ArmVmp : Match on catch block at 0xc3 in for 0x72f9148025
01-30 19:04:39.523 11386 11386 E ArmVmp : Match on catch block at 0xc3 in for 0x72f9148025
01-30 19:04:39.526 11386 11386 E ArmVmp : Match on catch block at 0xc3 in for 0x72f9148025
01-30 19:04:39.530 11386 11386 E ArmVmp : Match on catch block at 0xc3 in for 0x72f9148025
01-30 19:04:40.993 11386 11386 E ArmVmp : Match on catch block at 0xc3 in for 0x72f9148025
01-30 19:04:40.996 11386 11386 E ArmVmp : Match on catch block at 0xc3 in for 0x72f9148025
01-30 19:04:40.998 11386 11386 E ArmVmp : Match on catch block at 0xc3 in for 0x72f9148025
01-30 19:04:53.048 11386 11609 E FrameEvents: updateAcquireFence: Did not find frame.
01-30 19:04:53.053 11386 11386 E ArmVmp : Match on catch block at 0xc3 in for 0x72f9148025
01-30 19:04:53.057 11386 11386 E ArmVmp : Match on catch block at 0xc3 in for 0x72f9148025
01-30 19:04:53.059 11386 11386 E ArmVmp : Match on catch block at 0xc3 in for 0x72f9148025
01-30 19:04:53.069 11386 11386 E ArmVmp : Match on catch block at 0xc3 in for 0x72f9148025
01-30 19:04:53.072 11386 11386 E ArmVmp : Match on catch block at 0xc3 in for 0x72f9148025
01-30 19:04:53.078 11386 11386 E ArmVmp : Match on catch block at 0xc3 in for 0x72f9148025
01-30 19:04:53.353 11386 11386 E ArmVmp : Match on catch block at 0xc3 in for 0x72f9148025
01-30 19:04:53.357 11386 11386 E ArmVmp : Match on catch block at 0xc3 in for 0x72f9148025
01-30 19:04:53.359 11386 11386 E ArmVmp : Match on catch block at 0xc3 in for 0x72f9148025
01-30 19:04:53.374 11386 11386 E ArmVmp : Match on catch block at 0xc3 in for 0x72f9148025
01-30 19:04:53.377 11386 11386 E ArmVmp : Match on catch block at 0xc3 in for 0x72f9148025
01-30 19:04:53.378 11386 11386 E ArmVmp : Match on catch block at 0xc3 in for 0x72f9148025
01-30 19:04:53.397 11386 11386 E ArmVmp : Match on catch block at 0xc3 in for 0x72f9148025
01-30 19:04:53.400 11386 11386 E ArmVmp : Match on catch block at 0xc3 in for 0x72f9148025
01-30 19:04:53.402 11386 11386 E ArmVmp : Match on catch block at 0xc3 in for 0x72f9148025
01-30 19:04:53.499 11386 11386 E ArmVmp : Match on catch block at 0xc3 in for 0x72f9148025
01-30 19:04:53.501 11386 11386 E ArmVmp : Match on catch block at 0xc3 in for 0x72f9148025
01-30 19:04:53.504 11386 11386 E ArmVmp : Match on catch block at 0xc3 in for 0x72f9148025
01-30 19:04:53.515 11386 11386 E ArmVmp : Match on catch block at 0xc3 in for 0x72f9148025
01-30 19:04:53.517 11386 11386 E ArmVmp : Match on catch block at 0xc3 in for 0x72f9148025
01-30 19:04:53.519 11386 11386 E ArmVmp : Match on catch block at 0xc3 in for 0x72f9148025
01-30 19:04:53.525 11386 11386 E ArmVmp : Match on catch block at 0xc3 in for 0x72f9148025
01-30 19:04:53.528 11386 11386 E ArmVmp : Match on catch block at 0xc3 in for 0x72f9148025
01-30 19:04:53.529 11386 11386 E ArmVmp : Match on catch block at 0xc3 in for 0x72f9148025
01-30 19:04:53.536 11386 11386 E ArmVmp : Match on catch block at 0xc3 in for 0x72f9148025
01-30 19:04:53.540 11386 11386 E ArmVmp : Match on catch block at 0xc3 in for 0x72f9148025
01-30 19:04:53.541 11386 11386 E ArmVmp : Match on catch block at 0xc3 in for 0x72f9148025
01-30 19:04:53.556 11386 11386 E ArmVmp : Match on catch block at 0xc3 in for 0x72f9148025
01-30 19:04:53.558 11386 11386 E ArmVmp : Match on catch block at 0xc3 in for 0x72f9148025
01-30 19:04:53.560 11386 11386 E ArmVmp : Match on catch block at 0xc3 in for 0x72f9148025
01-30 19:04:53.569 11386 11386 E ArmVmp : Match on catch block at 0xc3 in for 0x72f9148025
01-30 19:04:53.574 11386 11386 E ArmVmp : Match on catch block at 0xc3 in for 0x72f9148025
01-30 19:04:53.575 11386 11386 E ArmVmp : Match on catch block at 0xc3 in for 0x72f9148025
01-30 19:04:53.586 11386 11386 E ArmVmp : Match on catch block at 0xc3 in for 0x72f9148025
01-30 19:04:53.589 11386 11386 E ArmVmp : Match on catch block at 0xc3 in for 0x72f9148025
01-30 19:04:53.590 11386 11386 E ArmVmp : Match on catch block at 0xc3 in for 0x72f9148025
01-30 19:04:53.602 11386 11386 E ArmVmp : Match on catch block at 0xc3 in for 0x72f9148025
01-30 19:04:53.605 11386 11386 E ArmVmp : Match on catch block at 0xc3 in for 0x72f9148025
01-30 19:04:53.607 11386 11386 E ArmVmp : Match on catch block at 0xc3 in for 0x72f9148025
01-30 19:04:53.619 11386 11386 E ArmVmp : Match on catch block at 0xc3 in for 0x72f9148025
01-30 19:04:53.622 11386 11386 E ArmVmp : Match on catch block at 0xc3 in for 0x72f9148025
01-30 19:04:53.623 11386 11386 E ArmVmp : Match on catch block at 0xc3 in for 0x72f9148025
01-30 19:04:53.636 11386 11386 E ArmVmp : Match on catch block at 0xc3 in for 0x72f9148025
01-30 19:04:53.638 11386 11386 E ArmVmp : Match on catch block at 0xc3 in for 0x72f9148025
01-30 19:04:53.640 11386 11386 E ArmVmp : Match on catch block at 0xc3 in for 0x72f9148025
01-30 19:04:53.653 11386 11386 E ArmVmp : Match on catch block at 0xc3 in for 0x72f9148025
01-30 19:04:53.655 11386 11386 E ArmVmp : Match on catch block at 0xc3 in for 0x72f9148025
01-30 19:04:53.656 11386 11386 E ArmVmp : Match on catch block at 0xc3 in for 0x72f9148025
01-30 19:04:53.669 11386 11386 E ArmVmp : Match on catch block at 0xc3 in for 0x72f9148025
01-30 19:04:53.671 11386 11386 E ArmVmp : Match on catch block at 0xc3 in for 0x72f9148025
01-30 19:04:53.673 11386 11386 E ArmVmp : Match on catch block at 0xc3 in for 0x72f9148025
01-30 19:04:53.685 11386 11386 E ArmVmp : Match on catch block at 0xc3 in for 0x72f9148025
01-30 19:04:53.687 11386 11386 E ArmVmp : Match on catch block at 0xc3 in for 0x72f9148025
01-30 19:04:53.688 11386 11386 E ArmVmp : Match on catch block at 0xc3 in for 0x72f9148025
01-30 19:04:53.702 11386 11386 E ArmVmp : Match on catch block at 0xc3 in for 0x72f9148025
01-30 19:04:53.704 11386 11386 E ArmVmp : Match on catch block at 0xc3 in for 0x72f9148025
01-30 19:04:53.706 11386 11386 E ArmVmp : Match on catch block at 0xc3 in for 0x72f9148025
01-30 19:04:53.719 11386 11386 E ArmVmp : Match on catch block at 0xc3 in for 0x72f9148025
01-30 19:04:53.721 11386 11386 E ArmVmp : Match on catch block at 0xc3 in for 0x72f9148025
01-30 19:04:53.722 11386 11386 E ArmVmp : Match on catch block at 0xc3 in for 0x72f9148025
01-30 19:04:53.735 11386 11386 E ArmVmp : Match on catch block at 0xc3 in for 0x72f9148025
01-30 19:04:53.738 11386 11386 E ArmVmp : Match on catch block at 0xc3 in for 0x72f9148025
01-30 19:04:53.739 11386 11386 E ArmVmp : Match on catch block at 0xc3 in for 0x72f9148025
01-30 19:04:53.752 11386 11386 E ArmVmp : Match on catch block at 0xc3 in for 0x72f9148025
01-30 19:04:53.755 11386 11386 E ArmVmp : Match on catch block at 0xc3 in for 0x72f9148025
01-30 19:04:53.756 11386 11386 E ArmVmp : Match on catch block at 0xc3 in for 0x72f9148025
01-30 19:04:53.768 11386 11386 E ArmVmp : Match on catch block at 0xc3 in for 0x72f9148025
01-30 19:04:53.771 11386 11386 E ArmVmp : Match on catch block at 0xc3 in for 0x72f9148025
01-30 19:04:53.772 11386 11386 E ArmVmp : Match on catch block at 0xc3 in for 0x72f9148025
01-30 19:04:53.785 11386 11386 E ArmVmp : Match on catch block at 0xc3 in for 0x72f9148025
01-30 19:04:53.788 11386 11386 E ArmVmp : Match on catch block at 0xc3 in for 0x72f9148025
01-30 19:04:53.789 11386 11386 E ArmVmp : Match on catch block at 0xc3 in for 0x72f9148025
01-30 19:04:53.802 11386 11386 E ArmVmp : Match on catch block at 0xc3 in for 0x72f9148025
01-30 19:04:53.805 11386 11386 E ArmVmp : Match on catch block at 0xc3 in for 0x72f9148025
01-30 19:04:53.806 11386 11386 E ArmVmp : Match on catch block at 0xc3 in for 0x72f9148025
01-30 19:04:53.818 11386 11386 E ArmVmp : Match on catch block at 0xc3 in for 0x72f9148025
01-30 19:04:53.821 11386 11386 E ArmVmp : Match on catch block at 0xc3 in for 0x72f9148025
01-30 19:04:53.822 11386 11386 E ArmVmp : Match on catch block at 0xc3 in for 0x72f9148025
01-30 19:04:53.835 11386 11386 E ArmVmp : Match on catch block at 0xc3 in for 0x72f9148025
01-30 19:04:53.837 11386 11386 E ArmVmp : Match on catch block at 0xc3 in for 0x72f9148025
01-30 19:04:53.839 11386 11386 E ArmVmp : Match on catch block at 0xc3 in for 0x72f9148025
01-30 19:04:53.852 11386 11386 E ArmVmp : Match on catch block at 0xc3 in for 0x72f9148025
01-30 19:04:53.855 11386 11386 E ArmVmp : Match on catch block at 0xc3 in for 0x72f9148025
01-30 19:04:53.856 11386 11386 E ArmVmp : Match on catch block at 0xc3 in for 0x72f9148025
01-30 19:04:53.868 11386 11386 E ArmVmp : Match on catch block at 0xc3 in for 0x72f9148025
01-30 19:04:53.871 11386 11386 E ArmVmp : Match on catch block at 0xc3 in for 0x72f9148025
01-30 19:04:53.872 11386 11386 E ArmVmp : Match on catch block at 0xc3 in for 0x72f9148025
01-30 19:04:53.885 11386 11386 E ArmVmp : Match on catch block at 0xc3 in for 0x72f9148025
01-30 19:04:53.887 11386 11386 E ArmVmp : Match on catch block at 0xc3 in for 0x72f9148025
01-30 19:04:53.889 11386 11386 E ArmVmp : Match on catch block at 0xc3 in for 0x72f9148025
01-30 19:04:53.968 11386 11386 E ArmVmp : Match on catch block at 0xc3 in for 0x72f9148025
01-30 19:04:53.971 11386 11386 E ArmVmp : Match on catch block at 0xc3 in for 0x72f9148025
01-30 19:04:53.972 11386 11386 E ArmVmp : Match on catch block at 0xc3 in for 0x72f9148025
01-30 19:04:54.493 11386 11386 E ArmVmp : Match on catch block at 0xc3 in for 0x72f9148025
01-30 19:04:54.497 11386 11386 E ArmVmp : Match on catch block at 0xc3 in for 0x72f9148025
01-30 19:04:54.499 11386 11386 E ArmVmp : Match on catch block at 0xc3 in for 0x72f9148025
01-30 19:04:54.531 11386 11386 E ArmVmp : Match on catch block at 0xc3 in for 0x72f9148025
01-30 19:04:54.542 11386 11386 E ArmVmp : Match on catch block at 0xc3 in for 0x72f9148025
