01-30 14:08:55.903 12740 12740 E ArmVmp : Match on catch block at 0xc3 in for 0x72f9148025
01-30 14:08:55.905 12740 12740 E ArmVmp : Match on catch block at 0xc3 in for 0x72f9148025
01-30 14:08:56.399 12740 12740 E ArmVmp : Match on catch block at 0xc3 in for 0x72f9148025
01-30 14:08:56.405 12740 12740 E ArmVmp : Match on catch block at 0xc3 in for 0x72f9148025
01-30 14:08:56.409 12740 12740 E ArmVmp : Match on catch block at 0xc3 in for 0x72f9148025
01-30 14:08:56.715 12740 12740 E ArmVmp : Match on catch block at 0xc3 in for 0x72f9148025
01-30 14:08:56.719 12740 12740 E ArmVmp : Match on catch block at 0xc3 in for 0x72f9148025
01-30 14:08:56.721 12740 12740 E ArmVmp : Match on catch block at 0xc3 in for 0x72f9148025
01-30 14:08:57.218 12740 12740 E ArmVmp : Match on catch block at 0xc3 in for 0x72f9148025
01-30 14:08:57.232 12740 12740 E ArmVmp : Match on catch block at 0xc3 in for 0x72f9148025
01-30 14:08:57.236 12740 12740 E ArmVmp : Match on catch block at 0xc3 in for 0x72f9148025
01-30 14:08:57.715 12740 12740 E ArmVmp : Match on catch block at 0xc3 in for 0x72f9148025
01-30 14:08:57.720 12740 12740 E ArmVmp : Match on catch block at 0xc3 in for 0x72f9148025
01-30 14:08:57.723 12740 12740 E ArmVmp : Match on catch block at 0xc3 in for 0x72f9148025
01-30 14:08:57.899 12740 12740 E ArmVmp : Match on catch block at 0xc3 in for 0x72f9148025
01-30 14:08:57.903 12740 12740 E ArmVmp : Match on catch block at 0xc3 in for 0x72f9148025
01-30 14:08:57.906 12740 12740 E ArmVmp : Match on catch block at 0xc3 in for 0x72f9148025
01-30 14:08:58.399 12740 12740 E ArmVmp : Match on catch block at 0xc3 in for 0x72f9148025
01-30 14:08:58.404 12740 12740 E ArmVmp : Match on catch block at 0xc3 in for 0x72f9148025
01-30 14:08:58.407 12740 12740 E ArmVmp : Match on catch block at 0xc3 in for 0x72f9148025
01-30 14:08:58.416 12740 12740 E ArmVmp : Match on catch block at 0xc3 in for 0x72f9148025
01-30 14:08:58.419 12740 12740 E ArmVmp : Match on catch block at 0xc3 in for 0x72f9148025
01-30 14:08:58.421 12740 12740 E ArmVmp : Match on catch block at 0xc3 in for 0x72f9148025
01-30 14:08:58.549 12740 12740 E ArmVmp : Match on catch block at 0xc3 in for 0x72f9148025
01-30 14:08:58.552 12740 12740 E ArmVmp : Match on catch block at 0xc3 in for 0x72f9148025
01-30 14:08:58.555 12740 12740 E ArmVmp : Match on catch block at 0xc3 in for 0x72f9148025
01-30 14:08:58.610 12740 12740 E ArmVmp : Match on catch block at 0xc3 in for 0x72f9148025
01-30 14:08:58.614 12740 12740 E ArmVmp : Match on catch block at 0xc3 in for 0x72f9148025
01-30 14:08:58.615 12740 12740 E ArmVmp : Match on catch block at 0xc3 in for 0x72f9148025
01-30 14:08:58.634 12740 12740 E ArmVmp : Match on catch block at 0xc3 in for 0x72f9148025
01-30 14:08:58.637 12740 12740 E ArmVmp : Match on catch block at 0xc3 in for 0x72f9148025
01-30 14:08:58.644 12740 12740 E ArmVmp : Match on catch block at 0xc3 in for 0x72f9148025
01-30 14:08:58.647 12740 12740 E ArmVmp : Match on catch block at 0xc3 in for 0x72f9148025
01-30 14:08:58.652 12740 12740 E ArmVmp : Match on catch block at 0xc3 in for 0x72f9148025
01-30 14:08:58.659 12740 12740 E ArmVmp : Match on catch block at 0xc3 in for 0x72f9148025
01-30 14:08:58.665 12740 12740 E ArmVmp : Match on catch block at 0xc3 in for 0x72f9148025
01-30 14:08:58.675 12740 12740 E ArmVmp : Match on catch block at 0xc3 in for 0x72f9148025
01-30 14:08:58.688 12740 12740 E ArmVmp : Match on catch block at 0xc3 in for 0x72f9148025
01-30 14:08:58.692 12740 12740 E ArmVmp : Match on catch block at 0xc3 in for 0x72f9148025
01-30 14:08:58.698 12740 12740 E ArmVmp : Match on catch block at 0xc3 in for 0x72f9148025
01-30 14:08:58.702 12740 12740 E ArmVmp : Match on catch block at 0xc3 in for 0x72f9148025
01-30 14:08:58.715 12740 12740 E ArmVmp : Match on catch block at 0xc3 in for 0x72f9148025
01-30 14:08:58.719 12740 12740 E ArmVmp : Match on catch block at 0xc3 in for 0x72f9148025
01-30 14:08:58.762 12740 12740 E ArmVmp : Match on catch block at 0xc3 in for 0x72f9148025
01-30 14:08:58.764 12740 12740 E ArmVmp : Match on catch block at 0xc3 in for 0x72f9148025
01-30 14:08:58.775 12740 12740 E ArmVmp : Match on catch block at 0xc3 in for 0x72f9148025
01-30 14:08:58.778 12740 12740 E ArmVmp : Match on catch block at 0xc3 in for 0x72f9148025
01-30 14:08:58.889 12740 12740 E ArmVmp : Match on catch block at 0xc3 in for 0x72f9148025
01-30 14:08:58.891 12740 12740 E ArmVmp : Match on catch block at 0xc3 in for 0x72f9148025
01-30 14:08:58.898 12740 12740 E ArmVmp : Match on catch block at 0xc3 in for 0x72f9148025
01-30 14:08:58.901 12740 12740 E ArmVmp : Match on catch block at 0xc3 in for 0x72f9148025
01-30 14:08:58.985 12740 13050 E perf_hint: Session creation failed, mPreferredRateNanos: -1
01-30 14:08:59.070 12740 12740 E ArmVmp : Match on catch block at 0xc3 in for 0x72f9148025
01-30 14:08:59.074 12740 12740 E ArmVmp : Match on catch block at 0xc3 in for 0x72f9148025
01-30 14:08:59.087 12740 12740 E ArmVmp : Match on catch block at 0xc3 in for 0x72f9148025
01-30 14:08:59.091 12740 12740 E ArmVmp : Match on catch block at 0xc3 in for 0x72f9148025
01-30 14:08:59.116 12740 12740 E ArmVmp : Match on catch block at 0xc3 in for 0x72f9148025
01-30 14:08:59.119 12740 12740 E ArmVmp : Match on catch block at 0xc3 in for 0x72f9148025
01-30 14:08:59.121 12740 13386 W MediaPlayer: Use of stream types is deprecated for operations other than volume control
01-30 14:08:59.121 12740 13386 W MediaPlayer: See the documentation of setAudioStreamType() for what to use instead with android.media.AudioAttributes to qualify your playback use case
01-30 14:08:59.338 12740 12740 E ArmVmp : Match on catch block at 0xc3 in for 0x72f9148025
01-30 14:08:59.342 12740 12740 E ArmVmp : Match on catch block at 0xc3 in for 0x72f9148025
01-30 14:08:59.352 12740 12740 E ArmVmp : Match on catch block at 0xc3 in for 0x72f9148025
01-30 14:08:59.357 12740 12740 E ArmVmp : Match on catch block at 0xc3 in for 0x72f9148025
01-30 14:08:59.617 12740 12740 E ArmVmp : Match on catch block at 0xc3 in for 0x72f9148025
01-30 14:08:59.625 12740 12740 E ArmVmp : Match on catch block at 0xc3 in for 0x72f9148025
01-30 14:08:59.660 12740 12740 W AidlConversion: aidl2legacy_AudioChannelLayout_audio_channel_mask_t: no legacy output audio_channel_mask_t found for AudioChannelLayout{layoutMask: 16}
01-30 14:09:00.118 12740 12740 E ArmVmp : Match on catch block at 0xc3 in for 0x72f9148025
01-30 14:09:00.128 12740 12740 E ArmVmp : Match on catch block at 0xc3 in for 0x72f9148025
01-30 14:09:00.617 12740 12740 E ArmVmp : Match on catch block at 0xc3 in for 0x72f9148025
01-30 14:09:00.626 12740 12740 E ArmVmp : Match on catch block at 0xc3 in for 0x72f9148025
01-30 14:09:00.949 12740 12740 E ArmVmp : Match on catch block at 0xc3 in for 0x72f9148025
01-30 14:09:00.957 12740 12740 E ArmVmp : Match on catch block at 0xc3 in for 0x72f9148025
01-30 14:09:00.988 12740 12740 E ArmVmp : Match on catch block at 0xc3 in for 0x72f9148025
01-30 14:09:00.993 12740 12740 E ArmVmp : Match on catch block at 0xc3 in for 0x72f9148025
01-30 14:09:01.000 12740 12740 E ArmVmp : Match on catch block at 0xc3 in for 0x72f9148025
01-30 14:09:01.004 12740 12740 E ArmVmp : Match on catch block at 0xc3 in for 0x72f9148025
01-30 14:09:01.016 12740 12740 E ArmVmp : Match on catch block at 0xc3 in for 0x72f9148025
01-30 14:09:01.019 12740 12740 E ArmVmp : Match on catch block at 0xc3 in for 0x72f9148025
01-30 14:09:01.032 12740 12740 E ArmVmp : Match on catch block at 0xc3 in for 0x72f9148025
01-30 14:09:01.036 12740 12740 E ArmVmp : Match on catch block at 0xc3 in for 0x72f9148025
01-30 14:09:01.049 12740 12740 E ArmVmp : Match on catch block at 0xc3 in for 0x72f9148025
01-30 14:09:01.053 12740 12740 E ArmVmp : Match on catch block at 0xc3 in for 0x72f9148025
01-30 14:09:01.066 12740 12740 E ArmVmp : Match on catch block at 0xc3 in for 0x72f9148025
01-30 14:09:01.070 12740 12740 E ArmVmp : Match on catch block at 0xc3 in for 0x72f9148025
01-30 14:09:01.083 12740 12740 E ArmVmp : Match on catch block at 0xc3 in for 0x72f9148025
01-30 14:09:01.087 12740 12740 E ArmVmp : Match on catch block at 0xc3 in for 0x72f9148025
01-30 14:09:01.099 12740 12740 E ArmVmp : Match on catch block at 0xc3 in for 0x72f9148025
01-30 14:09:01.104 12740 12740 E ArmVmp : Match on catch block at 0xc3 in for 0x72f9148025
01-30 14:09:01.116 12740 12740 E ArmVmp : Match on catch block at 0xc3 in for 0x72f9148025
01-30 14:09:01.120 12740 12740 E ArmVmp : Match on catch block at 0xc3 in for 0x72f9148025
01-30 14:09:01.133 12740 12740 E ArmVmp : Match on catch block at 0xc3 in for 0x72f9148025
01-30 14:09:01.137 12740 12740 E ArmVmp : Match on catch block at 0xc3 in for 0x72f9148025
01-30 14:09:01.149 12740 12740 E ArmVmp : Match on catch block at 0xc3 in for 0x72f9148025
01-30 14:09:01.153 12740 12740 E ArmVmp : Match on catch block at 0xc3 in for 0x72f9148025
01-30 14:09:01.166 12740 12740 E ArmVmp : Match on catch block at 0xc3 in for 0x72f9148025
01-30 14:09:01.170 12740 12740 E ArmVmp : Match on catch block at 0xc3 in for 0x72f9148025
01-30 14:09:01.183 12740 12740 E ArmVmp : Match on catch block at 0xc3 in for 0x72f9148025
01-30 14:09:01.186 12740 12740 E ArmVmp : Match on catch block at 0xc3 in for 0x72f9148025
01-30 14:09:01.199 12740 12740 E ArmVmp : Match on catch block at 0xc3 in for 0x72f9148025
01-30 14:09:01.202 12740 12740 E ArmVmp : Match on catch block at 0xc3 in for 0x72f9148025
01-30 14:09:01.618 12740 12740 E ArmVmp : Match on catch block at 0xc3 in for 0x72f9148025
01-30 14:09:01.628 12740 12740 E ArmVmp : Match on catch block at 0xc3 in for 0x72f9148025
01-30 14:09:02.117 12740 12740 E ArmVmp : Match on catch block at 0xc3 in for 0x72f9148025
01-30 14:09:02.120 12740 12740 E ArmVmp : Match on catch block at 0xc3 in for 0x72f9148025
01-30 14:09:02.616 12740 12740 E ArmVmp : Match on catch block at 0xc3 in for 0x72f9148025
01-30 14:09:02.625 12740 12740 E ArmVmp : Match on catch block at 0xc3 in for 0x72f9148025
01-30 14:09:03.116 12740 12740 E ArmVmp : Match on catch block at 0xc3 in for 0x72f9148025
01-30 14:09:03.122 12740 12740 E ArmVmp : Match on catch block at 0xc3 in for 0x72f9148025
01-30 14:09:03.617 12740 12740 E ArmVmp : Match on catch block at 0xc3 in for 0x72f9148025
01-30 14:09:03.625 12740 12740 E ArmVmp : Match on catch block at 0xc3 in for 0x72f9148025
01-30 14:09:04.133 12740 12740 E ArmVmp : Match on catch block at 0xc3 in for 0x72f9148025
01-30 14:09:04.139 12740 12740 E ArmVmp : Match on catch block at 0xc3 in for 0x72f9148025
01-30 14:09:04.633 12740 12740 E ArmVmp : Match on catch block at 0xc3 in for 0x72f9148025
01-30 14:09:04.640 12740 12740 E ArmVmp : Match on catch block at 0xc3 in for 0x72f9148025
01-30 14:09:05.133 12740 12740 E ArmVmp : Match on catch block at 0xc3 in for 0x72f9148025
01-30 14:09:05.141 12740 12740 E ArmVmp : Match on catch block at 0xc3 in for 0x72f9148025
01-30 14:09:05.216 12740 13050 E perf_hint: Session creation failed, mPreferredRateNanos: -1
01-30 14:09:05.651 12740 12740 E ArmVmp : Match on catch block at 0xc3 in for 0x72f9148025
01-30 14:09:05.657 12740 12740 E ArmVmp : Match on catch block at 0xc3 in for 0x72f9148025
01-30 14:09:06.167 12740 12740 E ArmVmp : Match on catch block at 0xc3 in for 0x72f9148025
01-30 14:09:06.172 12740 12740 E ArmVmp : Match on catch block at 0xc3 in for 0x72f9148025
01-30 14:09:06.666 12740 12740 E ArmVmp : Match on catch block at 0xc3 in for 0x72f9148025
01-30 14:09:06.670 12740 12740 E ArmVmp : Match on catch block at 0xc3 in for 0x72f9148025
01-30 14:09:07.168 12740 12740 E ArmVmp : Match on catch block at 0xc3 in for 0x72f9148025
01-30 14:09:07.179 12740 12740 E ArmVmp : Match on catch block at 0xc3 in for 0x72f9148025
01-30 14:09:07.667 12740 12740 E ArmVmp : Match on catch block at 0xc3 in for 0x72f9148025
01-30 14:09:07.673 12740 12740 E ArmVmp : Match on catch block at 0xc3 in for 0x72f9148025
01-30 14:09:08.167 12740 12740 E ArmVmp : Match on catch block at 0xc3 in for 0x72f9148025
01-30 14:09:08.173 12740 12740 E ArmVmp : Match on catch block at 0xc3 in for 0x72f9148025
01-30 14:09:08.669 12740 12740 E ArmVmp : Match on catch block at 0xc3 in for 0x72f9148025
01-30 14:09:08.679 12740 12740 E ArmVmp : Match on catch block at 0xc3 in for 0x72f9148025
01-30 14:09:09.200 12740 12740 E ArmVmp : Match on catch block at 0xc3 in for 0x72f9148025
01-30 14:09:09.207 12740 12740 E ArmVmp : Match on catch block at 0xc3 in for 0x72f9148025
01-30 14:09:09.698 12740 12740 E ArmVmp : Match on catch block at 0xc3 in for 0x72f9148025
01-30 14:09:09.701 12740 12740 E ArmVmp : Match on catch block at 0xc3 in for 0x72f9148025
01-30 14:09:10.202 12740 12740 E ArmVmp : Match on catch block at 0xc3 in for 0x72f9148025
01-30 14:09:10.213 12740 12740 E ArmVmp : Match on catch block at 0xc3 in for 0x72f9148025
01-30 14:09:10.701 12740 12740 E ArmVmp : Match on catch block at 0xc3 in for 0x72f9148025
01-30 14:09:10.712 12740 12740 E ArmVmp : Match on catch block at 0xc3 in for 0x72f9148025
01-30 14:09:11.200 12740 12740 E ArmVmp : Match on catch block at 0xc3 in for 0x72f9148025
01-30 14:09:11.205 12740 12740 E ArmVmp : Match on catch block at 0xc3 in for 0x72f9148025
01-30 14:09:11.701 12740 12740 E ArmVmp : Match on catch block at 0xc3 in for 0x72f9148025
01-30 14:09:11.708 12740 12740 E ArmVmp : Match on catch block at 0xc3 in for 0x72f9148025
01-30 14:09:12.201 12740 12740 E ArmVmp : Match on catch block at 0xc3 in for 0x72f9148025
01-30 14:09:12.208 12740 12740 E ArmVmp : Match on catch block at 0xc3 in for 0x72f9148025
01-30 14:09:12.702 12740 12740 E ArmVmp : Match on catch block at 0xc3 in for 0x72f9148025
01-30 14:09:12.708 12740 12740 E ArmVmp : Match on catch block at 0xc3 in for 0x72f9148025
01-30 14:09:13.202 12740 12740 E ArmVmp : Match on catch block at 0xc3 in for 0x72f9148025
01-30 14:09:13.215 12740 12740 E ArmVmp : Match on catch block at 0xc3 in for 0x72f9148025
01-30 14:09:13.699 12740 12740 E ArmVmp : Match on catch block at 0xc3 in for 0x72f9148025
01-30 14:09:13.703 12740 12740 E ArmVmp : Match on catch block at 0xc3 in for 0x72f9148025
01-30 14:09:14.218 12740 12740 E ArmVmp : Match on catch block at 0xc3 in for 0x72f9148025
01-30 14:09:14.225 12740 12740 E ArmVmp : Match on catch block at 0xc3 in for 0x72f9148025
01-30 14:09:14.718 12740 12740 E ArmVmp : Match on catch block at 0xc3 in for 0x72f9148025
01-30 14:09:14.725 12740 12740 E ArmVmp : Match on catch block at 0xc3 in for 0x72f9148025
01-30 14:09:15.217 12740 12740 E ArmVmp : Match on catch block at 0xc3 in for 0x72f9148025
01-30 14:09:15.225 12740 12740 E ArmVmp : Match on catch block at 0xc3 in for 0x72f9148025
01-30 14:09:15.720 12740 12740 E ArmVmp : Match on catch block at 0xc3 in for 0x72f9148025
01-30 14:09:15.729 12740 12740 E ArmVmp : Match on catch block at 0xc3 in for 0x72f9148025
01-30 14:09:16.217 12740 12740 E ArmVmp : Match on catch block at 0xc3 in for 0x72f9148025
01-30 14:09:16.223 12740 12740 E ArmVmp : Match on catch block at 0xc3 in for 0x72f9148025
01-30 14:09:16.718 12740 12740 E ArmVmp : Match on catch block at 0xc3 in for 0x72f9148025
01-30 14:09:16.728 12740 12740 E ArmVmp : Match on catch block at 0xc3 in for 0x72f9148025
01-30 14:09:17.217 12740 12740 E ArmVmp : Match on catch block at 0xc3 in for 0x72f9148025
01-30 14:09:17.225 12740 12740 E ArmVmp : Match on catch block at 0xc3 in for 0x72f9148025
01-30 14:09:17.718 12740 12740 E ArmVmp : Match on catch block at 0xc3 in for 0x72f9148025
01-30 14:09:17.728 12740 12740 E ArmVmp : Match on catch block at 0xc3 in for 0x72f9148025
01-30 14:09:18.218 12740 12740 E ArmVmp : Match on catch block at 0xc3 in for 0x72f9148025
01-30 14:09:18.228 12740 12740 E ArmVmp : Match on catch block at 0xc3 in for 0x72f9148025
01-30 14:09:18.715 12740 12740 E ArmVmp : Match on catch block at 0xc3 in for 0x72f9148025
01-30 14:09:18.718 12740 12740 E ArmVmp : Match on catch block at 0xc3 in for 0x72f9148025
01-30 14:09:19.215 12740 12740 E ArmVmp : Match on catch block at 0xc3 in for 0x72f9148025
01-30 14:09:19.218 12740 12740 E ArmVmp : Match on catch block at 0xc3 in for 0x72f9148025
01-30 14:09:19.718 12740 12740 E ArmVmp : Match on catch block at 0xc3 in for 0x72f9148025
01-30 14:09:19.724 12740 12740 E ArmVmp : Match on catch block at 0xc3 in for 0x72f9148025
01-30 14:09:20.216 12740 12740 E ArmVmp : Match on catch block at 0xc3 in for 0x72f9148025
01-30 14:09:20.220 12740 12740 E ArmVmp : Match on catch block at 0xc3 in for 0x72f9148025
01-30 14:09:20.719 12740 12740 E ArmVmp : Match on catch block at 0xc3 in for 0x72f9148025
01-30 14:09:20.730 12740 12740 E ArmVmp : Match on catch block at 0xc3 in for 0x72f9148025
01-30 14:09:21.218 12740 12740 E ArmVmp : Match on catch block at 0xc3 in for 0x72f9148025
01-30 14:09:21.230 12740 12740 E ArmVmp : Match on catch block at 0xc3 in for 0x72f9148025
01-30 14:09:21.716 12740 12740 E ArmVmp : Match on catch block at 0xc3 in for 0x72f9148025
01-30 14:09:21.720 12740 12740 E ArmVmp : Match on catch block at 0xc3 in for 0x72f9148025
01-30 14:09:22.233 12740 12740 E ArmVmp : Match on catch block at 0xc3 in for 0x72f9148025
01-30 14:09:22.238 12740 12740 E ArmVmp : Match on catch block at 0xc3 in for 0x72f9148025
01-30 14:09:22.732 12740 12740 E ArmVmp : Match on catch block at 0xc3 in for 0x72f9148025
01-30 14:09:22.735 12740 12740 E ArmVmp : Match on catch block at 0xc3 in for 0x72f9148025
01-30 14:09:22.779 12740 12740 E ArmVmp : Match on catch block at 0xc3 in for 0x72f9148025
01-30 14:09:22.783 12740 12740 E ArmVmp : Match on catch block at 0xc3 in for 0x72f9148025
01-30 14:09:22.791 12740 12740 E ArmVmp : Match on catch block at 0xc3 in for 0x72f9148025
01-30 14:09:22.797 12740 12740 E ArmVmp : Match on catch block at 0xc3 in for 0x72f9148025
01-30 14:09:23.233 12740 12740 E ArmVmp : Match on catch block at 0xc3 in for 0x72f9148025
01-30 14:09:23.236 12740 12740 E ArmVmp : Match on catch block at 0xc3 in for 0x72f9148025
01-30 14:09:23.494 12740 12740 E ArmVmp : Match on catch block at 0xc3 in for 0x72f9148025
01-30 14:09:23.496 12740 12740 E ArmVmp : Match on catch block at 0xc3 in for 0x72f9148025
01-30 14:09:23.523 12740 12740 E ArmVmp : Match on catch block at 0xc3 in for 0x72f9148025
01-30 14:09:23.525 12740 12740 E ArmVmp : Match on catch block at 0xc3 in for 0x72f9148025
01-30 14:09:23.647 12740 12740 E ArmVmp : Match on catch block at 0xc3 in for 0x72f9148025
01-30 14:09:23.650 12740 12740 E ArmVmp : Match on catch block at 0xc3 in for 0x72f9148025
01-30 14:09:23.660 12740 12740 E ArmVmp : Match on catch block at 0xc3 in for 0x72f9148025
01-30 14:09:23.662 12740 12740 E ArmVmp : Match on catch block at 0xc3 in for 0x72f9148025
01-30 14:09:23.685 12740 12740 E ArmVmp : Match on catch block at 0xc3 in for 0x72f9148025
01-30 14:09:23.687 12740 12740 E ArmVmp : Match on catch block at 0xc3 in for 0x72f9148025
01-30 14:09:23.696 12740 12740 E ArmVmp : Match on catch block at 0xc3 in for 0x72f9148025
01-30 14:09:23.701 12740 12740 E ArmVmp : Match on catch block at 0xc3 in for 0x72f9148025
01-30 14:09:23.723 12740 12740 E ArmVmp : Match on catch block at 0xc3 in for 0x72f9148025
01-30 14:09:23.726 12740 12740 E ArmVmp : Match on catch block at 0xc3 in for 0x72f9148025
01-30 14:09:23.746 12740 12740 E ArmVmp : Match on catch block at 0xc3 in for 0x72f9148025
01-30 14:09:23.753 12740 12740 E ArmVmp : Match on catch block at 0xc3 in for 0x72f9148025
01-30 14:09:24.192 12740 12740 E ArmVmp : Match on catch block at 0xc3 in for 0x72f9148025
01-30 14:09:24.194 12740 12740 E ArmVmp : Match on catch block at 0xc3 in for 0x72f9148025
01-30 14:09:34.499 12740 12740 W Activity: PerfMonitor: Slow Operation: Activity com.mbwhatsapp/.HomeActivity onPause took 555ms
01-30 14:10:23.826 12740 13667 W com.mbwhatsapp: Accessing hidden field Landroid/app/Notification;->extraNotification:Landroid/app/MiuiNotification; (blocked, reflection, denied)
01-30 14:10:23.867 12740 13667 W com.mbwhatsapp: Accessing hidden field Landroid/app/Notification;->extraNotification:Landroid/app/MiuiNotification; (blocked, reflection, denied)
01-30 14:10:23.879 12740 14018 W com.mbwhatsapp: Accessing hidden method Landroid/app/MiuiNotification;-><init>()V (blocked, reflection, denied)
01-30 14:10:32.032 12740 12740 W Activity: PerfMonitor: Slow Operation: Activity com.mbwhatsapp/.HomeActivity onResume took 127ms
01-30 14:10:32.415 12740 12740 W Looper : PerfMonitor doFrame : time=373ms vsyncFrame=0 latency=204ms procState=-1 historyMsgCount=1 (msgIndex=1 wall=221ms seq=2344 h=android.app.ActivityThread$H w=159)
01-30 14:10:32.425 12740 12740 W Looper : PerfMonitor looperActivity : package=com.mbwhatsapp/.HomeActivity time=3ms latency=435ms procState=-1 historyMsgCount=7 (msgIndex=1 wall=221ms seq=2344 h=android.app.ActivityThread$H w=159) (msgIndex=2 wall=373ms seq=2345 late=204ms h=android.view.Choreographer$FrameHandler c=android.view.Choreographer$FrameDisplayEventReceiver)
01-30 14:10:32.475 12740 12740 W Looper : PerfMonitor looperActivity : package=com.mbwhatsapp/.HomeActivity time=51ms latency=438ms procState=-1 historyMsgCount=8 (msgIndex=1 wall=221ms seq=2344 h=android.app.ActivityThread$H w=159) (msgIndex=2 wall=373ms seq=2345 late=204ms h=android.view.Choreographer$FrameHandler c=android.view.Choreographer$FrameDisplayEventReceiver)
01-30 14:10:32.486 12740 12740 W Looper : PerfMonitor doFrame : time=9ms vsyncFrame=0 latency=421ms procState=-1 historyMsgCount=16 (msgIndex=1 wall=373ms seq=2345 late=204ms h=android.view.Choreographer$FrameHandler c=android.view.Choreographer$FrameDisplayEventReceiver) (msgIndex=8 wall=51ms seq=2352 late=438ms h=android.app.ActivityThread$H w=159)
01-30 14:10:32.720 12740 13050 E perf_hint: Session creation failed, mPreferredRateNanos: -1
01-30 14:10:33.355 12740 12740 W FingerprintManager: Invalid acquired message: 6, 22
01-30 14:10:35.233 12740 12740 E ArmVmp : Match on catch block at 0x0a in for 0x72f9148035
01-30 14:10:35.237 12740 12740 E ArmVmp : Match on catch block at 0x0a in for 0x72f9148035
01-30 14:10:35.284 12740 12740 W Looper : PerfMonitor looperActivity : package=com.mbwhatsapp/.Conversation time=0ms latency=338ms procState=-1 historyMsgCount=6 (msgIndex=5 wall=334ms seq=2585 late=5ms h=android.app.ActivityThread$H w=159)
01-30 14:10:35.511 12740 16894 E Linkify : Unsupported character for applying links: u202C
01-30 14:10:35.604 12740 12740 E ArmVmp : Match on catch block at 0xc3 in for 0x72f9148021
01-30 14:10:35.609 12740 12740 E ArmVmp : Match on catch block at 0xc3 in for 0x72f9148021
01-30 14:10:35.611 12740 12740 E ArmVmp : Match on catch block at 0xc3 in for 0x72f9148021
01-30 14:10:35.638 12740 13050 E perf_hint: Session creation failed, mPreferredRateNanos: -1
01-30 14:10:35.640 12740 12740 W Looper : PerfMonitor doFrame : time=356ms vsyncFrame=0 latency=328ms procState=-1 historyMsgCount=3 (msgIndex=1 wall=334ms seq=2585 late=5ms h=android.app.ActivityThread$H w=159)
01-30 14:10:35.666 12740 12740 E ArmVmp : Match on catch block at 0xc3 in for 0x72f9148025
01-30 14:10:35.669 12740 12740 E ArmVmp : Match on catch block at 0xc3 in for 0x72f9148025
01-30 14:10:35.670 12740 12740 E ArmVmp : Match on catch block at 0xc3 in for 0x72f9148025
01-30 14:10:35.684 12740 12740 W Looper : PerfMonitor doFrame : time=35ms vsyncFrame=0 latency=360ms procState=-1 historyMsgCount=45 (msgIndex=1 wall=356ms seq=2588 late=328ms h=android.view.Choreographer$FrameHandler c=android.view.Choreographer$FrameDisplayEventReceiver)
01-30 14:10:35.745 12740 12740 E ArmVmp : Match on catch block at 0xc3 in for 0x72f9148025
01-30 14:10:35.748 12740 12740 E ArmVmp : Match on catch block at 0xc3 in for 0x72f9148025
01-30 14:10:35.749 12740 12740 E ArmVmp : Match on catch block at 0xc3 in for 0x72f9148025
01-30 14:10:35.791 12740 12740 E ArmVmp : Match on catch block at 0xc3 in for 0x72f9148025
01-30 14:10:35.795 12740 12740 E ArmVmp : Match on catch block at 0xc3 in for 0x72f9148025
01-30 14:10:35.802 12740 12740 E ArmVmp : Match on catch block at 0xc3 in for 0x72f9148025
01-30 14:10:35.822 12740 14018 W com.mbwhatsapp: Accessing hidden method Landroid/app/MiuiNotification;-><init>()V (blocked, reflection, denied)
01-30 14:10:35.830 12740 12740 E ArmVmp : Match on catch block at 0xc3 in for 0x72f9148025
01-30 14:10:35.833 12740 12740 E ArmVmp : Match on catch block at 0xc3 in for 0x72f9148025
01-30 14:10:35.836 12740 12740 E ArmVmp : Match on catch block at 0xc3 in for 0x72f9148025
01-30 14:10:35.858 12740 12740 E ArmVmp : Match on catch block at 0xc3 in for 0x72f9148025
01-30 14:10:35.862 12740 12740 E ArmVmp : Match on catch block at 0xc3 in for 0x72f9148025
01-30 14:10:35.863 12740 12740 E ArmVmp : Match on catch block at 0xc3 in for 0x72f9148025
01-30 14:10:35.869 12740 12740 E ArmVmp : Match on catch block at 0xc3 in for 0x72f9148025
01-30 14:10:35.871 12740 12740 E ArmVmp : Match on catch block at 0xc3 in for 0x72f9148025
01-30 14:10:35.872 12740 12740 E ArmVmp : Match on catch block at 0xc3 in for 0x72f9148025
01-30 14:10:35.885 12740 12740 E ArmVmp : Match on catch block at 0xc3 in for 0x72f9148025
01-30 14:10:35.888 12740 12740 E ArmVmp : Match on catch block at 0xc3 in for 0x72f9148025
01-30 14:10:35.891 12740 12740 E ArmVmp : Match on catch block at 0xc3 in for 0x72f9148025
01-30 14:10:35.900 12740 12740 E ArmVmp : Match on catch block at 0xc3 in for 0x72f9148025
01-30 14:10:35.904 12740 12740 E ArmVmp : Match on catch block at 0xc3 in for 0x72f9148025
01-30 14:10:35.906 12740 12740 E ArmVmp : Match on catch block at 0xc3 in for 0x72f9148025
01-30 14:10:35.916 12740 12740 E ArmVmp : Match on catch block at 0xc3 in for 0x72f9148025
01-30 14:10:35.925 12740 12740 E ArmVmp : Match on catch block at 0xc3 in for 0x72f9148025
01-30 14:10:35.928 12740 12740 E ArmVmp : Match on catch block at 0xc3 in for 0x72f9148025
01-30 14:10:35.934 12740 12740 E ArmVmp : Match on catch block at 0xc3 in for 0x72f9148025
01-30 14:10:35.938 12740 12740 E ArmVmp : Match on catch block at 0xc3 in for 0x72f9148025
01-30 14:10:35.940 12740 12740 E ArmVmp : Match on catch block at 0xc3 in for 0x72f9148025
01-30 14:10:35.951 12740 12740 E ArmVmp : Match on catch block at 0xc3 in for 0x72f9148025
01-30 14:10:35.956 12740 12740 E ArmVmp : Match on catch block at 0xc3 in for 0x72f9148025
01-30 14:10:35.961 12740 12740 E ArmVmp : Match on catch block at 0xc3 in for 0x72f9148025
01-30 14:10:35.967 12740 12740 E ArmVmp : Match on catch block at 0xc3 in for 0x72f9148025
01-30 14:10:35.972 12740 12740 E ArmVmp : Match on catch block at 0xc3 in for 0x72f9148025
01-30 14:10:35.975 12740 12740 E ArmVmp : Match on catch block at 0xc3 in for 0x72f9148025
01-30 14:10:35.985 12740 12740 E ArmVmp : Match on catch block at 0xc3 in for 0x72f9148025
01-30 14:10:35.988 12740 12740 E ArmVmp : Match on catch block at 0xc3 in for 0x72f9148025
01-30 14:10:35.991 12740 12740 E ArmVmp : Match on catch block at 0xc3 in for 0x72f9148025
01-30 14:10:35.998 12740 12740 E ArmVmp : Match on catch block at 0xc3 in for 0x72f9148025
01-30 14:10:36.001 12740 12740 E ArmVmp : Match on catch block at 0xc3 in for 0x72f9148025
01-30 14:10:36.002 12740 12740 E ArmVmp : Match on catch block at 0xc3 in for 0x72f9148025
01-30 14:10:36.009 12740 12740 E ArmVmp : Match on catch block at 0xc3 in for 0x72f9148025
01-30 14:10:36.012 12740 12740 E ArmVmp : Match on catch block at 0xc3 in for 0x72f9148025
01-30 14:10:36.014 12740 12740 E ArmVmp : Match on catch block at 0xc3 in for 0x72f9148025
01-30 14:10:36.024 12740 12740 E ArmVmp : Match on catch block at 0xc3 in for 0x72f9148025
01-30 14:10:36.027 12740 12740 E ArmVmp : Match on catch block at 0xc3 in for 0x72f9148025
01-30 14:10:36.028 12740 12740 E ArmVmp : Match on catch block at 0xc3 in for 0x72f9148025
01-30 14:10:36.040 12740 12740 E ArmVmp : Match on catch block at 0xc3 in for 0x72f9148025
01-30 14:10:36.045 12740 12740 E ArmVmp : Match on catch block at 0xc3 in for 0x72f9148025
01-30 14:10:36.047 12740 12740 E ArmVmp : Match on catch block at 0xc3 in for 0x72f9148025
01-30 14:10:36.058 12740 12740 E ArmVmp : Match on catch block at 0xc3 in for 0x72f9148025
01-30 14:10:36.061 12740 12740 E ArmVmp : Match on catch block at 0xc3 in for 0x72f9148025
01-30 14:10:36.062 12740 12740 E ArmVmp : Match on catch block at 0xc3 in for 0x72f9148025
01-30 14:10:36.072 12740 14018 W com.mbwhatsapp: Accessing hidden method Landroid/app/MiuiNotification;-><init>()V (blocked, reflection, denied)
01-30 14:10:36.083 12740 12740 E ArmVmp : Match on catch block at 0xc3 in for 0x72f9148025
01-30 14:10:36.085 12740 12740 E ArmVmp : Match on catch block at 0xc3 in for 0x72f9148025
01-30 14:10:36.087 12740 12740 E ArmVmp : Match on catch block at 0xc3 in for 0x72f9148025
01-30 14:10:36.095 12740 12740 E ArmVmp : Match on catch block at 0xc3 in for 0x72f9148025
01-30 14:10:36.098 12740 12740 E ArmVmp : Match on catch block at 0xc3 in for 0x72f9148025
01-30 14:10:36.099 12740 12740 E ArmVmp : Match on catch block at 0xc3 in for 0x72f9148025
01-30 14:10:36.107 12740 12740 E ArmVmp : Match on catch block at 0xc3 in for 0x72f9148025
01-30 14:10:36.109 12740 12740 E ArmVmp : Match on catch block at 0xc3 in for 0x72f9148025
01-30 14:10:36.111 12740 12740 E ArmVmp : Match on catch block at 0xc3 in for 0x72f9148025
01-30 14:10:36.124 12740 12740 E ArmVmp : Match on catch block at 0xc3 in for 0x72f9148025
01-30 14:10:36.127 12740 12740 E ArmVmp : Match on catch block at 0xc3 in for 0x72f9148025
01-30 14:10:36.129 12740 12740 E ArmVmp : Match on catch block at 0xc3 in for 0x72f9148025
01-30 14:10:36.140 12740 12740 E ArmVmp : Match on catch block at 0xc3 in for 0x72f9148025
01-30 14:10:36.143 12740 12740 E ArmVmp : Match on catch block at 0xc3 in for 0x72f9148025
01-30 14:10:36.145 12740 12740 E ArmVmp : Match on catch block at 0xc3 in for 0x72f9148025
01-30 14:10:36.157 12740 12740 E ArmVmp : Match on catch block at 0xc3 in for 0x72f9148025
01-30 14:10:36.161 12740 12740 E ArmVmp : Match on catch block at 0xc3 in for 0x72f9148025
01-30 14:10:36.165 12740 12740 E ArmVmp : Match on catch block at 0xc3 in for 0x72f9148025
01-30 14:10:36.174 12740 12740 E ArmVmp : Match on catch block at 0xc3 in for 0x72f9148025
01-30 14:10:36.179 12740 12740 E ArmVmp : Match on catch block at 0xc3 in for 0x72f9148025
01-30 14:10:36.181 12740 12740 E ArmVmp : Match on catch block at 0xc3 in for 0x72f9148025
01-30 14:10:36.195 12740 12740 E ArmVmp : Match on catch block at 0xc3 in for 0x72f9148025
01-30 14:10:36.199 12740 12740 E ArmVmp : Match on catch block at 0xc3 in for 0x72f9148025
01-30 14:10:36.200 12740 12740 E ArmVmp : Match on catch block at 0xc3 in for 0x72f9148025
01-30 14:10:36.208 12740 12740 E ArmVmp : Match on catch block at 0xc3 in for 0x72f9148025
01-30 14:10:36.212 12740 12740 E ArmVmp : Match on catch block at 0xc3 in for 0x72f9148025
01-30 14:10:36.213 12740 12740 E ArmVmp : Match on catch block at 0xc3 in for 0x72f9148025
01-30 14:10:36.224 12740 12740 E ArmVmp : Match on catch block at 0xc3 in for 0x72f9148025
01-30 14:10:36.227 12740 12740 E ArmVmp : Match on catch block at 0xc3 in for 0x72f9148025
01-30 14:10:36.228 12740 12740 E ArmVmp : Match on catch block at 0xc3 in for 0x72f9148025
01-30 14:10:36.240 12740 12740 E ArmVmp : Match on catch block at 0xc3 in for 0x72f9148025
01-30 14:10:36.243 12740 12740 E ArmVmp : Match on catch block at 0xc3 in for 0x72f9148025
01-30 14:10:36.246 12740 12740 E ArmVmp : Match on catch block at 0xc3 in for 0x72f9148025
01-30 14:10:36.257 12740 12740 E ArmVmp : Match on catch block at 0xc3 in for 0x72f9148025
01-30 14:10:36.260 12740 12740 E ArmVmp : Match on catch block at 0xc3 in for 0x72f9148025
01-30 14:10:36.262 12740 12740 E ArmVmp : Match on catch block at 0xc3 in for 0x72f9148025
01-30 14:10:36.274 12740 12740 E ArmVmp : Match on catch block at 0xc3 in for 0x72f9148025
01-30 14:10:36.276 12740 12740 E ArmVmp : Match on catch block at 0xc3 in for 0x72f9148025
01-30 14:10:36.279 12740 12740 E ArmVmp : Match on catch block at 0xc3 in for 0x72f9148025
01-30 14:10:36.290 12740 12740 E ArmVmp : Match on catch block at 0xc3 in for 0x72f9148025
01-30 14:10:36.292 12740 12740 E ArmVmp : Match on catch block at 0xc3 in for 0x72f9148025
01-30 14:10:36.293 12740 12740 E ArmVmp : Match on catch block at 0xc3 in for 0x72f9148025
01-30 14:10:36.307 12740 12740 E ArmVmp : Match on catch block at 0xc3 in for 0x72f9148025
01-30 14:10:36.309 12740 12740 E ArmVmp : Match on catch block at 0xc3 in for 0x72f9148025
01-30 14:10:36.310 12740 12740 E ArmVmp : Match on catch block at 0xc3 in for 0x72f9148025
01-30 14:10:36.323 12740 12740 E ArmVmp : Match on catch block at 0xc3 in for 0x72f9148025
01-30 14:10:36.326 12740 12740 E ArmVmp : Match on catch block at 0xc3 in for 0x72f9148025
01-30 14:10:36.327 12740 12740 E ArmVmp : Match on catch block at 0xc3 in for 0x72f9148025
01-30 14:10:36.340 12740 12740 E ArmVmp : Match on catch block at 0xc3 in for 0x72f9148025
01-30 14:10:36.342 12740 12740 E ArmVmp : Match on catch block at 0xc3 in for 0x72f9148025
01-30 14:10:36.344 12740 12740 E ArmVmp : Match on catch block at 0xc3 in for 0x72f9148025
01-30 14:10:36.357 12740 12740 E ArmVmp : Match on catch block at 0xc3 in for 0x72f9148025
01-30 14:10:36.359 12740 12740 E ArmVmp : Match on catch block at 0xc3 in for 0x72f9148025
01-30 14:10:36.360 12740 12740 E ArmVmp : Match on catch block at 0xc3 in for 0x72f9148025
01-30 14:10:36.373 12740 12740 E ArmVmp : Match on catch block at 0xc3 in for 0x72f9148025
01-30 14:10:36.376 12740 12740 E ArmVmp : Match on catch block at 0xc3 in for 0x72f9148025
01-30 14:10:36.377 12740 12740 E ArmVmp : Match on catch block at 0xc3 in for 0x72f9148025
01-30 14:10:36.390 12740 12740 E ArmVmp : Match on catch block at 0xc3 in for 0x72f9148025
01-30 14:10:36.392 12740 12740 E ArmVmp : Match on catch block at 0xc3 in for 0x72f9148025
01-30 14:10:36.394 12740 12740 E ArmVmp : Match on catch block at 0xc3 in for 0x72f9148025
01-30 14:10:36.407 12740 12740 E ArmVmp : Match on catch block at 0xc3 in for 0x72f9148025
01-30 14:10:36.409 12740 12740 E ArmVmp : Match on catch block at 0xc3 in for 0x72f9148025
01-30 14:10:36.410 12740 12740 E ArmVmp : Match on catch block at 0xc3 in for 0x72f9148025
01-30 14:10:36.423 12740 12740 E ArmVmp : Match on catch block at 0xc3 in for 0x72f9148025
01-30 14:10:36.426 12740 12740 E ArmVmp : Match on catch block at 0xc3 in for 0x72f9148025
01-30 14:10:36.427 12740 12740 E ArmVmp : Match on catch block at 0xc3 in for 0x72f9148025
01-30 14:10:36.441 12740 12740 E ArmVmp : Match on catch block at 0xc3 in for 0x72f9148025
01-30 14:10:36.445 12740 12740 E ArmVmp : Match on catch block at 0xc3 in for 0x72f9148025
01-30 14:10:36.455 12740 12740 E ArmVmp : Match on catch block at 0xc3 in for 0x72f9148025
01-30 14:10:36.459 12740 12740 E ArmVmp : Match on catch block at 0xc3 in for 0x72f9148025
01-30 14:10:36.462 12740 12740 E ArmVmp : Match on catch block at 0xc3 in for 0x72f9148025
01-30 14:10:36.463 12740 12740 E ArmVmp : Match on catch block at 0xc3 in for 0x72f9148025
01-30 14:10:36.473 12740 12740 E ArmVmp : Match on catch block at 0xc3 in for 0x72f9148025
01-30 14:10:36.476 12740 12740 E ArmVmp : Match on catch block at 0xc3 in for 0x72f9148025
01-30 14:10:36.478 12740 12740 E ArmVmp : Match on catch block at 0xc3 in for 0x72f9148025
01-30 14:10:36.490 12740 12740 E ArmVmp : Match on catch block at 0xc3 in for 0x72f9148025
01-30 14:10:36.493 12740 12740 E ArmVmp : Match on catch block at 0xc3 in for 0x72f9148025
01-30 14:10:36.494 12740 12740 E ArmVmp : Match on catch block at 0xc3 in for 0x72f9148025
01-30 14:10:36.507 12740 12740 E ArmVmp : Match on catch block at 0xc3 in for 0x72f9148025
01-30 14:10:36.511 12740 12740 E ArmVmp : Match on catch block at 0xc3 in for 0x72f9148025
01-30 14:10:36.514 12740 12740 E ArmVmp : Match on catch block at 0xc3 in for 0x72f9148025
01-30 14:10:36.524 12740 12740 E ArmVmp : Match on catch block at 0xc3 in for 0x72f9148025
01-30 14:10:36.527 12740 12740 E ArmVmp : Match on catch block at 0xc3 in for 0x72f9148025
01-30 14:10:36.531 12740 12740 E ArmVmp : Match on catch block at 0xc3 in for 0x72f9148025
01-30 14:10:36.541 12740 12740 E ArmVmp : Match on catch block at 0xc3 in for 0x72f9148025
01-30 14:10:36.544 12740 12740 E ArmVmp : Match on catch block at 0xc3 in for 0x72f9148025
01-30 14:10:36.546 12740 12740 E ArmVmp : Match on catch block at 0xc3 in for 0x72f9148025
01-30 14:10:36.557 12740 12740 E ArmVmp : Match on catch block at 0xc3 in for 0x72f9148025
01-30 14:10:36.559 12740 12740 E ArmVmp : Match on catch block at 0xc3 in for 0x72f9148025
01-30 14:10:36.562 12740 12740 E ArmVmp : Match on catch block at 0xc3 in for 0x72f9148025
01-30 14:10:36.574 12740 12740 E ArmVmp : Match on catch block at 0xc3 in for 0x72f9148025
01-30 14:10:36.578 12740 12740 E ArmVmp : Match on catch block at 0xc3 in for 0x72f9148025
01-30 14:10:36.579 12740 12740 E ArmVmp : Match on catch block at 0xc3 in for 0x72f9148025
01-30 14:10:36.590 12740 12740 E ArmVmp : Match on catch block at 0xc3 in for 0x72f9148025
01-30 14:10:36.593 12740 12740 E ArmVmp : Match on catch block at 0xc3 in for 0x72f9148025
01-30 14:10:36.596 12740 12740 E ArmVmp : Match on catch block at 0xc3 in for 0x72f9148025
01-30 14:10:36.608 12740 12740 E ArmVmp : Match on catch block at 0xc3 in for 0x72f9148025
01-30 14:10:36.615 12740 12740 E ArmVmp : Match on catch block at 0xc3 in for 0x72f9148025
01-30 14:10:36.617 12740 12740 E ArmVmp : Match on catch block at 0xc3 in for 0x72f9148025
01-30 14:10:36.632 12740 12740 E ArmVmp : Match on catch block at 0xc3 in for 0x72f9148025
01-30 14:10:36.645 12740 12740 E ArmVmp : Match on catch block at 0xc3 in for 0x72f9148025
01-30 14:10:36.648 12740 12740 E ArmVmp : Match on catch block at 0xc3 in for 0x72f9148025
01-30 14:10:36.674 12740 12740 E ArmVmp : Match on catch block at 0xc3 in for 0x72f9148025
01-30 14:10:36.678 12740 12740 E ArmVmp : Match on catch block at 0xc3 in for 0x72f9148025
01-30 14:10:36.681 12740 12740 E ArmVmp : Match on catch block at 0xc3 in for 0x72f9148025
01-30 14:10:36.688 12740 12740 E ArmVmp : Match on catch block at 0xc3 in for 0x72f9148025
01-30 14:10:36.693 12740 12740 E ArmVmp : Match on catch block at 0xc3 in for 0x72f9148025
01-30 14:10:36.695 12740 12740 E ArmVmp : Match on catch block at 0xc3 in for 0x72f9148025
01-30 14:10:36.705 12740 12740 E ArmVmp : Match on catch block at 0xc3 in for 0x72f9148025
01-30 14:10:36.709 12740 12740 E ArmVmp : Match on catch block at 0xc3 in for 0x72f9148025
01-30 14:10:36.711 12740 12740 E ArmVmp : Match on catch block at 0xc3 in for 0x72f9148025
01-30 14:10:36.718 12740 12740 E ArmVmp : Match on catch block at 0xc3 in for 0x72f9148025
01-30 14:10:36.726 12740 12740 E ArmVmp : Match on catch block at 0xc3 in for 0x72f9148025
01-30 14:10:36.729 12740 12740 E ArmVmp : Match on catch block at 0xc3 in for 0x72f9148025
01-30 14:10:36.735 12740 12740 E ArmVmp : Match on catch block at 0xc3 in for 0x72f9148025
01-30 14:10:36.742 12740 12740 E ArmVmp : Match on catch block at 0xc3 in for 0x72f9148025
01-30 14:10:36.749 12740 12740 E ArmVmp : Match on catch block at 0xc3 in for 0x72f9148025
01-30 14:10:36.761 12740 12740 E ArmVmp : Match on catch block at 0xc3 in for 0x72f9148025
01-30 14:10:36.765 12740 12740 E ArmVmp : Match on catch block at 0xc3 in for 0x72f9148025
01-30 14:10:36.768 12740 12740 E ArmVmp : Match on catch block at 0xc3 in for 0x72f9148025
01-30 14:10:36.779 12740 12740 E ArmVmp : Match on catch block at 0xc3 in for 0x72f9148025
01-30 14:10:36.783 12740 12740 E ArmVmp : Match on catch block at 0xc3 in for 0x72f9148025
01-30 14:10:36.786 12740 12740 E ArmVmp : Match on catch block at 0xc3 in for 0x72f9148025
01-30 14:10:36.792 12740 12740 E ArmVmp : Match on catch block at 0xc3 in for 0x72f9148025
01-30 14:10:36.801 12740 12740 E ArmVmp : Match on catch block at 0xc3 in for 0x72f9148025
01-30 14:10:36.803 12740 12740 E ArmVmp : Match on catch block at 0xc3 in for 0x72f9148025
01-30 14:10:36.809 12740 12740 E ArmVmp : Match on catch block at 0xc3 in for 0x72f9148025
01-30 14:10:36.815 12740 12740 E ArmVmp : Match on catch block at 0xc3 in for 0x72f9148025
01-30 14:10:36.817 12740 12740 E ArmVmp : Match on catch block at 0xc3 in for 0x72f9148025
01-30 14:10:36.826 12740 12740 E ArmVmp : Match on catch block at 0xc3 in for 0x72f9148025
01-30 14:10:36.830 12740 12740 E ArmVmp : Match on catch block at 0xc3 in for 0x72f9148025
01-30 14:10:36.832 12740 12740 E ArmVmp : Match on catch block at 0xc3 in for 0x72f9148025
01-30 14:10:36.842 12740 12740 E ArmVmp : Match on catch block at 0xc3 in for 0x72f9148025
01-30 14:10:36.847 12740 12740 E ArmVmp : Match on catch block at 0xc3 in for 0x72f9148025
01-30 14:10:36.849 12740 12740 E ArmVmp : Match on catch block at 0xc3 in for 0x72f9148025
01-30 14:10:36.858 12740 12740 E ArmVmp : Match on catch block at 0xc3 in for 0x72f9148025
01-30 14:10:36.861 12740 12740 E ArmVmp : Match on catch block at 0xc3 in for 0x72f9148025
01-30 14:10:36.863 12740 12740 E ArmVmp : Match on catch block at 0xc3 in for 0x72f9148025
01-30 14:10:36.875 12740 12740 E ArmVmp : Match on catch block at 0xc3 in for 0x72f9148025
01-30 14:10:36.878 12740 12740 E ArmVmp : Match on catch block at 0xc3 in for 0x72f9148025
01-30 14:10:36.880 12740 12740 E ArmVmp : Match on catch block at 0xc3 in for 0x72f9148025
01-30 14:10:36.892 12740 12740 E ArmVmp : Match on catch block at 0xc3 in for 0x72f9148025
01-30 14:10:36.897 12740 12740 E ArmVmp : Match on catch block at 0xc3 in for 0x72f9148025
01-30 14:10:36.899 12740 12740 E ArmVmp : Match on catch block at 0xc3 in for 0x72f9148025
01-30 14:10:36.909 12740 12740 E ArmVmp : Match on catch block at 0xc3 in for 0x72f9148025
01-30 14:10:36.912 12740 12740 E ArmVmp : Match on catch block at 0xc3 in for 0x72f9148025
01-30 14:10:36.914 12740 12740 E ArmVmp : Match on catch block at 0xc3 in for 0x72f9148025
01-30 14:10:36.926 12740 12740 E ArmVmp : Match on catch block at 0xc3 in for 0x72f9148025
01-30 14:10:36.929 12740 12740 E ArmVmp : Match on catch block at 0xc3 in for 0x72f9148025
01-30 14:10:36.931 12740 12740 E ArmVmp : Match on catch block at 0xc3 in for 0x72f9148025
01-30 14:10:36.941 12740 12740 E ArmVmp : Match on catch block at 0xc3 in for 0x72f9148025
01-30 14:10:36.944 12740 12740 E ArmVmp : Match on catch block at 0xc3 in for 0x72f9148025
01-30 14:10:36.945 12740 12740 E ArmVmp : Match on catch block at 0xc3 in for 0x72f9148025
01-30 14:10:36.957 12740 12740 E ArmVmp : Match on catch block at 0xc3 in for 0x72f9148025
01-30 14:10:36.962 12740 12740 E ArmVmp : Match on catch block at 0xc3 in for 0x72f9148025
01-30 14:10:36.963 12740 12740 E ArmVmp : Match on catch block at 0xc3 in for 0x72f9148025
01-30 14:10:36.974 12740 12740 E ArmVmp : Match on catch block at 0xc3 in for 0x72f9148025
01-30 14:10:36.977 12740 12740 E ArmVmp : Match on catch block at 0xc3 in for 0x72f9148025
01-30 14:10:36.979 12740 12740 E ArmVmp : Match on catch block at 0xc3 in for 0x72f9148025
01-30 14:10:36.991 12740 12740 E ArmVmp : Match on catch block at 0xc3 in for 0x72f9148025
01-30 14:10:36.994 12740 12740 E ArmVmp : Match on catch block at 0xc3 in for 0x72f9148025
01-30 14:10:36.997 12740 12740 E ArmVmp : Match on catch block at 0xc3 in for 0x72f9148025
01-30 14:10:37.008 12740 12740 E ArmVmp : Match on catch block at 0xc3 in for 0x72f9148025
01-30 14:10:37.014 12740 12740 E ArmVmp : Match on catch block at 0xc3 in for 0x72f9148025
01-30 14:10:37.015 12740 12740 E ArmVmp : Match on catch block at 0xc3 in for 0x72f9148025
01-30 14:10:37.024 12740 12740 E ArmVmp : Match on catch block at 0xc3 in for 0x72f9148025
01-30 14:10:37.029 12740 12740 E ArmVmp : Match on catch block at 0xc3 in for 0x72f9148025
01-30 14:10:37.030 12740 12740 E ArmVmp : Match on catch block at 0xc3 in for 0x72f9148025
01-30 14:10:37.040 12740 12740 E ArmVmp : Match on catch block at 0xc3 in for 0x72f9148025
01-30 14:10:37.043 12740 12740 E ArmVmp : Match on catch block at 0xc3 in for 0x72f9148025
01-30 14:10:37.045 12740 12740 E ArmVmp : Match on catch block at 0xc3 in for 0x72f9148025
01-30 14:10:37.058 12740 12740 E ArmVmp : Match on catch block at 0xc3 in for 0x72f9148025
01-30 14:10:37.060 12740 12740 E ArmVmp : Match on catch block at 0xc3 in for 0x72f9148025
01-30 14:10:37.062 12740 12740 E ArmVmp : Match on catch block at 0xc3 in for 0x72f9148025
01-30 14:10:37.074 12740 12740 E ArmVmp : Match on catch block at 0xc3 in for 0x72f9148025
01-30 14:10:37.077 12740 12740 E ArmVmp : Match on catch block at 0xc3 in for 0x72f9148025
01-30 14:10:37.078 12740 12740 E ArmVmp : Match on catch block at 0xc3 in for 0x72f9148025
01-30 14:10:37.091 12740 12740 E ArmVmp : Match on catch block at 0xc3 in for 0x72f9148025
01-30 14:10:37.094 12740 12740 E ArmVmp : Match on catch block at 0xc3 in for 0x72f9148025
01-30 14:10:37.095 12740 12740 E ArmVmp : Match on catch block at 0xc3 in for 0x72f9148025
01-30 14:10:37.108 12740 12740 E ArmVmp : Match on catch block at 0xc3 in for 0x72f9148025
01-30 14:10:37.111 12740 12740 E ArmVmp : Match on catch block at 0xc3 in for 0x72f9148025
01-30 14:10:37.113 12740 12740 E ArmVmp : Match on catch block at 0xc3 in for 0x72f9148025
01-30 14:10:37.124 12740 12740 E ArmVmp : Match on catch block at 0xc3 in for 0x72f9148025
01-30 14:10:37.127 12740 12740 E ArmVmp : Match on catch block at 0xc3 in for 0x72f9148025
01-30 14:10:37.129 12740 12740 E ArmVmp : Match on catch block at 0xc3 in for 0x72f9148025
01-30 14:10:37.140 12740 12740 E ArmVmp : Match on catch block at 0xc3 in for 0x72f9148025
01-30 14:10:37.143 12740 12740 E ArmVmp : Match on catch block at 0xc3 in for 0x72f9148025
01-30 14:10:37.145 12740 12740 E ArmVmp : Match on catch block at 0xc3 in for 0x72f9148025
01-30 14:10:37.157 12740 12740 E ArmVmp : Match on catch block at 0xc3 in for 0x72f9148025
01-30 14:10:37.160 12740 12740 E ArmVmp : Match on catch block at 0xc3 in for 0x72f9148025
01-30 14:10:37.162 12740 12740 E ArmVmp : Match on catch block at 0xc3 in for 0x72f9148025
01-30 14:10:37.174 12740 12740 E ArmVmp : Match on catch block at 0xc3 in for 0x72f9148025
01-30 14:10:37.178 12740 12740 E ArmVmp : Match on catch block at 0xc3 in for 0x72f9148025
01-30 14:10:37.179 12740 12740 E ArmVmp : Match on catch block at 0xc3 in for 0x72f9148025
01-30 14:10:37.190 12740 12740 E ArmVmp : Match on catch block at 0xc3 in for 0x72f9148025
01-30 14:10:37.193 12740 12740 E ArmVmp : Match on catch block at 0xc3 in for 0x72f9148025
01-30 14:10:37.195 12740 12740 E ArmVmp : Match on catch block at 0xc3 in for 0x72f9148025
01-30 14:10:37.207 12740 12740 E ArmVmp : Match on catch block at 0xc3 in for 0x72f9148025
01-30 14:10:37.210 12740 12740 E ArmVmp : Match on catch block at 0xc3 in for 0x72f9148025
01-30 14:10:37.211 12740 12740 E ArmVmp : Match on catch block at 0xc3 in for 0x72f9148025
01-30 14:10:37.224 12740 12740 E ArmVmp : Match on catch block at 0xc3 in for 0x72f9148025
01-30 14:10:37.227 12740 12740 E ArmVmp : Match on catch block at 0xc3 in for 0x72f9148025
01-30 14:10:37.228 12740 12740 E ArmVmp : Match on catch block at 0xc3 in for 0x72f9148025
01-30 14:10:37.240 12740 12740 E ArmVmp : Match on catch block at 0xc3 in for 0x72f9148025
01-30 14:10:37.243 12740 12740 E ArmVmp : Match on catch block at 0xc3 in for 0x72f9148025
01-30 14:10:37.244 12740 12740 E ArmVmp : Match on catch block at 0xc3 in for 0x72f9148025
01-30 14:10:37.257 12740 12740 E ArmVmp : Match on catch block at 0xc3 in for 0x72f9148025
01-30 14:10:37.262 12740 12740 E ArmVmp : Match on catch block at 0xc3 in for 0x72f9148025
01-30 14:10:37.263 12740 12740 E ArmVmp : Match on catch block at 0xc3 in for 0x72f9148025
01-30 14:10:37.274 12740 12740 E ArmVmp : Match on catch block at 0xc3 in for 0x72f9148025
01-30 14:10:37.276 12740 12740 E ArmVmp : Match on catch block at 0xc3 in for 0x72f9148025
01-30 14:10:37.277 12740 12740 E ArmVmp : Match on catch block at 0xc3 in for 0x72f9148025
01-30 14:10:37.291 12740 12740 E ArmVmp : Match on catch block at 0xc3 in for 0x72f9148025
01-30 14:10:37.294 12740 12740 E ArmVmp : Match on catch block at 0xc3 in for 0x72f9148025
01-30 14:10:37.295 12740 12740 E ArmVmp : Match on catch block at 0xc3 in for 0x72f9148025
01-30 14:10:37.307 12740 12740 E ArmVmp : Match on catch block at 0xc3 in for 0x72f9148025
01-30 14:10:37.310 12740 12740 E ArmVmp : Match on catch block at 0xc3 in for 0x72f9148025
01-30 14:10:37.311 12740 12740 E ArmVmp : Match on catch block at 0xc3 in for 0x72f9148025
01-30 14:10:37.324 12740 12740 E ArmVmp : Match on catch block at 0xc3 in for 0x72f9148025
01-30 14:10:37.326 12740 12740 E ArmVmp : Match on catch block at 0xc3 in for 0x72f9148025
01-30 14:10:37.328 12740 12740 E ArmVmp : Match on catch block at 0xc3 in for 0x72f9148025
01-30 14:10:37.340 12740 12740 E ArmVmp : Match on catch block at 0xc3 in for 0x72f9148025
01-30 14:10:37.343 12740 12740 E ArmVmp : Match on catch block at 0xc3 in for 0x72f9148025
01-30 14:10:37.345 12740 12740 E ArmVmp : Match on catch block at 0xc3 in for 0x72f9148025
01-30 14:10:37.357 12740 12740 E ArmVmp : Match on catch block at 0xc3 in for 0x72f9148025
01-30 14:10:37.360 12740 12740 E ArmVmp : Match on catch block at 0xc3 in for 0x72f9148025
01-30 14:10:37.361 12740 12740 E ArmVmp : Match on catch block at 0xc3 in for 0x72f9148025
01-30 14:10:37.375 12740 12740 E ArmVmp : Match on catch block at 0xc3 in for 0x72f9148025
01-30 14:10:37.387 12740 12740 E ArmVmp : Match on catch block at 0xc3 in for 0x72f9148025
01-30 14:10:37.390 12740 12740 E ArmVmp : Match on catch block at 0xc3 in for 0x72f9148025
01-30 14:10:37.394 12740 12740 E ArmVmp : Match on catch block at 0xc3 in for 0x72f9148025
01-30 14:10:37.402 12740 12740 E ArmVmp : Match on catch block at 0xc3 in for 0x72f9148025
01-30 14:10:37.404 12740 12740 E ArmVmp : Match on catch block at 0xc3 in for 0x72f9148025
01-30 14:10:37.411 12740 12740 E ArmVmp : Match on catch block at 0xc3 in for 0x72f9148025
01-30 14:10:37.413 12740 12740 E ArmVmp : Match on catch block at 0xc3 in for 0x72f9148025
01-30 14:10:37.415 12740 12740 E ArmVmp : Match on catch block at 0xc3 in for 0x72f9148025
01-30 14:10:37.424 12740 12740 E ArmVmp : Match on catch block at 0xc3 in for 0x72f9148025
