01-30 14:13:30.540 12740 12740 E ArmVmp : Match on catch block at 0xc3 in for 0x72f9148025
01-30 14:13:30.543 12740 12740 E ArmVmp : Match on catch block at 0xc3 in for 0x72f9148025
01-30 14:13:30.607 12740 12740 E ArmVmp : Match on catch block at 0xc3 in for 0x72f9148025
01-30 14:13:30.609 12740 12740 E ArmVmp : Match on catch block at 0xc3 in for 0x72f9148025
01-30 14:13:30.673 12740 12740 E ArmVmp : Match on catch block at 0xc3 in for 0x72f9148025
01-30 14:13:30.676 12740 12740 E ArmVmp : Match on catch block at 0xc3 in for 0x72f9148025
01-30 14:13:30.740 12740 12740 E ArmVmp : Match on catch block at 0xc3 in for 0x72f9148025
01-30 14:13:30.743 12740 12740 E ArmVmp : Match on catch block at 0xc3 in for 0x72f9148025
01-30 14:13:30.807 12740 12740 E ArmVmp : Match on catch block at 0xc3 in for 0x72f9148025
01-30 14:13:30.809 12740 12740 E ArmVmp : Match on catch block at 0xc3 in for 0x72f9148025
01-30 14:13:30.824 12740 12740 E ArmVmp : Match on catch block at 0xc3 in for 0x72f9148025
01-30 14:13:30.826 12740 12740 E ArmVmp : Match on catch block at 0xc3 in for 0x72f9148025
01-30 14:13:30.890 12740 12740 E ArmVmp : Match on catch block at 0xc3 in for 0x72f9148025
01-30 14:13:30.892 12740 12740 E ArmVmp : Match on catch block at 0xc3 in for 0x72f9148025
01-30 14:13:30.930 12740 12740 E ArmVmp : Match on catch block at 0xc3 in for 0x72f9148025
01-30 14:13:30.934 12740 12740 E ArmVmp : Match on catch block at 0xc3 in for 0x72f9148025
01-30 14:13:30.952 12740 12740 E ArmVmp : Match on catch block at 0xc3 in for 0x72f9148025
01-30 14:13:30.955 12740 12740 E ArmVmp : Match on catch block at 0xc3 in for 0x72f9148025
01-30 14:13:30.959 12740 12740 E ArmVmp : Match on catch block at 0xc3 in for 0x72f9148025
01-30 14:13:30.964 12740 12740 E ArmVmp : Match on catch block at 0xc3 in for 0x72f9148025
01-30 14:13:30.974 12740 12740 E ArmVmp : Match on catch block at 0xc3 in for 0x72f9148025
01-30 14:13:30.976 12740 12740 E ArmVmp : Match on catch block at 0xc3 in for 0x72f9148025
01-30 14:13:30.990 12740 12740 E ArmVmp : Match on catch block at 0xc3 in for 0x72f9148025
01-30 14:13:30.993 12740 12740 E ArmVmp : Match on catch block at 0xc3 in for 0x72f9148025
01-30 14:13:31.007 12740 12740 E ArmVmp : Match on catch block at 0xc3 in for 0x72f9148025
01-30 14:13:31.009 12740 12740 E ArmVmp : Match on catch block at 0xc3 in for 0x72f9148025
01-30 14:13:31.024 12740 12740 E ArmVmp : Match on catch block at 0xc3 in for 0x72f9148025
01-30 14:13:31.026 12740 12740 E ArmVmp : Match on catch block at 0xc3 in for 0x72f9148025
01-30 14:13:31.043 12740 12740 E ArmVmp : Match on catch block at 0xc3 in for 0x72f9148025
01-30 14:13:31.045 12740 12740 E ArmVmp : Match on catch block at 0xc3 in for 0x72f9148025
01-30 14:13:31.057 12740 12740 E ArmVmp : Match on catch block at 0xc3 in for 0x72f9148025
01-30 14:13:31.059 12740 12740 E ArmVmp : Match on catch block at 0xc3 in for 0x72f9148025
01-30 14:13:31.074 12740 12740 E ArmVmp : Match on catch block at 0xc3 in for 0x72f9148025
01-30 14:13:31.076 12740 12740 E ArmVmp : Match on catch block at 0xc3 in for 0x72f9148025
01-30 14:13:31.090 12740 12740 E ArmVmp : Match on catch block at 0xc3 in for 0x72f9148025
01-30 14:13:31.092 12740 12740 E ArmVmp : Match on catch block at 0xc3 in for 0x72f9148025
01-30 14:13:31.107 12740 12740 E ArmVmp : Match on catch block at 0xc3 in for 0x72f9148025
01-30 14:13:31.109 12740 12740 E ArmVmp : Match on catch block at 0xc3 in for 0x72f9148025
01-30 14:13:31.124 12740 12740 E ArmVmp : Match on catch block at 0xc3 in for 0x72f9148025
01-30 14:13:31.127 12740 12740 E ArmVmp : Match on catch block at 0xc3 in for 0x72f9148025
01-30 14:13:31.190 12740 12740 E ArmVmp : Match on catch block at 0xc3 in for 0x72f9148025
01-30 14:13:31.193 12740 12740 E ArmVmp : Match on catch block at 0xc3 in for 0x72f9148025
01-30 14:13:31.390 12740 12740 E ArmVmp : Match on catch block at 0xc3 in for 0x72f9148025
01-30 14:13:31.393 12740 12740 E ArmVmp : Match on catch block at 0xc3 in for 0x72f9148025
01-30 14:13:31.844 12740 12740 E ArmVmp : Match on catch block at 0xc3 in for 0x72f9148025
01-30 14:13:31.847 12740 12740 E ArmVmp : Match on catch block at 0xc3 in for 0x72f9148025
01-30 14:13:31.957 12740 12740 E ArmVmp : Match on catch block at 0xc3 in for 0x72f9148025
01-30 14:13:31.960 12740 12740 E ArmVmp : Match on catch block at 0xc3 in for 0x72f9148025
01-30 14:13:31.973 12740 12740 E ArmVmp : Match on catch block at 0xc3 in for 0x72f9148025
01-30 14:13:31.976 12740 12740 E ArmVmp : Match on catch block at 0xc3 in for 0x72f9148025
01-30 14:13:31.990 12740 12740 E ArmVmp : Match on catch block at 0xc3 in for 0x72f9148025
01-30 14:13:31.993 12740 12740 E ArmVmp : Match on catch block at 0xc3 in for 0x72f9148025
01-30 14:13:32.007 12740 12740 E ArmVmp : Match on catch block at 0xc3 in for 0x72f9148025
01-30 14:13:32.009 12740 12740 E ArmVmp : Match on catch block at 0xc3 in for 0x72f9148025
01-30 14:13:32.023 12740 12740 E ArmVmp : Match on catch block at 0xc3 in for 0x72f9148025
01-30 14:13:32.026 12740 12740 E ArmVmp : Match on catch block at 0xc3 in for 0x72f9148025
01-30 14:13:32.040 12740 12740 E ArmVmp : Match on catch block at 0xc3 in for 0x72f9148025
01-30 14:13:32.043 12740 12740 E ArmVmp : Match on catch block at 0xc3 in for 0x72f9148025
01-30 14:13:32.057 12740 12740 E ArmVmp : Match on catch block at 0xc3 in for 0x72f9148025
01-30 14:13:32.059 12740 12740 E ArmVmp : Match on catch block at 0xc3 in for 0x72f9148025
01-30 14:13:32.073 12740 12740 E ArmVmp : Match on catch block at 0xc3 in for 0x72f9148025
01-30 14:13:32.076 12740 12740 E ArmVmp : Match on catch block at 0xc3 in for 0x72f9148025
01-30 14:13:32.090 12740 12740 E ArmVmp : Match on catch block at 0xc3 in for 0x72f9148025
01-30 14:13:32.093 12740 12740 E ArmVmp : Match on catch block at 0xc3 in for 0x72f9148025
01-30 14:13:32.107 12740 12740 E ArmVmp : Match on catch block at 0xc3 in for 0x72f9148025
01-30 14:13:32.110 12740 12740 E ArmVmp : Match on catch block at 0xc3 in for 0x72f9148025
01-30 14:13:32.124 12740 12740 E ArmVmp : Match on catch block at 0xc3 in for 0x72f9148025
01-30 14:13:32.127 12740 12740 E ArmVmp : Match on catch block at 0xc3 in for 0x72f9148025
01-30 14:13:32.135 12740 13667 W com.mbwhatsapp: Accessing hidden field Landroid/app/Notification;->extraNotification:Landroid/app/MiuiNotification; (blocked, reflection, denied)
01-30 14:13:32.140 12740 12740 E ArmVmp : Match on catch block at 0xc3 in for 0x72f9148025
01-30 14:13:32.143 12740 12740 E ArmVmp : Match on catch block at 0xc3 in for 0x72f9148025
01-30 14:13:32.157 12740 12740 E ArmVmp : Match on catch block at 0xc3 in for 0x72f9148025
01-30 14:13:32.159 12740 12740 E ArmVmp : Match on catch block at 0xc3 in for 0x72f9148025
01-30 14:13:32.173 12740 12740 E ArmVmp : Match on catch block at 0xc3 in for 0x72f9148025
01-30 14:13:32.176 12740 12740 E ArmVmp : Match on catch block at 0xc3 in for 0x72f9148025
01-30 14:13:32.177 12740 13667 W com.mbwhatsapp: Accessing hidden field Landroid/app/Notification;->extraNotification:Landroid/app/MiuiNotification; (blocked, reflection, denied)
01-30 14:13:32.190 12740 12740 E ArmVmp : Match on catch block at 0xc3 in for 0x72f9148025
01-30 14:13:32.192 12740 14018 W com.mbwhatsapp: Accessing hidden method Landroid/app/MiuiNotification;-><init>()V (blocked, reflection, denied)
01-30 14:13:32.193 12740 12740 E ArmVmp : Match on catch block at 0xc3 in for 0x72f9148025
01-30 14:13:32.208 12740 12740 E ArmVmp : Match on catch block at 0xc3 in for 0x72f9148025
01-30 14:13:32.211 12740 12740 E ArmVmp : Match on catch block at 0xc3 in for 0x72f9148025
01-30 14:13:32.340 12740 12740 E ArmVmp : Match on catch block at 0xc3 in for 0x72f9148025
01-30 14:13:32.343 12740 12740 E ArmVmp : Match on catch block at 0xc3 in for 0x72f9148025
01-30 14:13:32.407 12740 12740 E ArmVmp : Match on catch block at 0xc3 in for 0x72f9148025
01-30 14:13:32.411 12740 12740 E ArmVmp : Match on catch block at 0xc3 in for 0x72f9148025
01-30 14:13:32.812 12740 12740 E ArmVmp : Match on catch block at 0xc3 in for 0x72f9148025
01-30 14:13:32.818 12740 12740 E ArmVmp : Match on catch block at 0xc3 in for 0x72f9148025
01-30 14:13:33.207 12740 12740 E ArmVmp : Match on catch block at 0xc3 in for 0x72f9148025
01-30 14:13:33.212 12740 12740 E ArmVmp : Match on catch block at 0xc3 in for 0x72f9148025
01-30 14:13:33.707 12740 12740 E ArmVmp : Match on catch block at 0xc3 in for 0x72f9148025
01-30 14:13:33.709 12740 12740 E ArmVmp : Match on catch block at 0xc3 in for 0x72f9148025
01-30 14:13:34.207 12740 12740 E ArmVmp : Match on catch block at 0xc3 in for 0x72f9148025
01-30 14:13:34.210 12740 12740 E ArmVmp : Match on catch block at 0xc3 in for 0x72f9148025
01-30 14:13:34.707 12740 12740 E ArmVmp : Match on catch block at 0xc3 in for 0x72f9148025
01-30 14:13:34.710 12740 12740 E ArmVmp : Match on catch block at 0xc3 in for 0x72f9148025
01-30 14:13:34.941 12740 12740 E ArmVmp : Match on catch block at 0xc3 in for 0x72f9148025
01-30 14:13:34.945 12740 12740 E ArmVmp : Match on catch block at 0xc3 in for 0x72f9148025
01-30 14:13:35.124 12740 12740 E ArmVmp : Match on catch block at 0xc3 in for 0x72f9148025
01-30 14:13:35.129 12740 12740 E ArmVmp : Match on catch block at 0xc3 in for 0x72f9148025
01-30 14:13:35.291 12740 12740 E ArmVmp : Match on catch block at 0xc3 in for 0x72f9148025
01-30 14:13:35.296 12740 12740 E ArmVmp : Match on catch block at 0xc3 in for 0x72f9148025
01-30 14:13:35.791 12740 12740 E ArmVmp : Match on catch block at 0xc3 in for 0x72f9148025
01-30 14:13:35.798 12740 12740 E ArmVmp : Match on catch block at 0xc3 in for 0x72f9148025
01-30 14:13:35.858 12740 12740 E ArmVmp : Match on catch block at 0xc3 in for 0x72f9148025
01-30 14:13:35.862 12740 12740 E ArmVmp : Match on catch block at 0xc3 in for 0x72f9148025
01-30 14:13:36.358 12740 12740 E ArmVmp : Match on catch block at 0xc3 in for 0x72f9148025
01-30 14:13:36.367 12740 12740 E ArmVmp : Match on catch block at 0xc3 in for 0x72f9148025
01-30 14:13:36.476 12740 12740 E ArmVmp : Match on catch block at 0xc3 in for 0x72f9148025
01-30 14:13:36.486 12740 12740 E ArmVmp : Match on catch block at 0xc3 in for 0x72f9148025
01-30 14:13:36.623 12740 12740 E ArmVmp : Match on catch block at 0xc3 in for 0x72f9148025
01-30 14:13:36.626 12740 12740 E ArmVmp : Match on catch block at 0xc3 in for 0x72f9148025
01-30 14:13:36.991 12740 12740 E ArmVmp : Match on catch block at 0xc3 in for 0x72f9148025
01-30 14:13:36.995 12740 12740 E ArmVmp : Match on catch block at 0xc3 in for 0x72f9148025
01-30 14:13:37.007 12740 12740 E ArmVmp : Match on catch block at 0xc3 in for 0x72f9148025
01-30 14:13:37.013 12740 12740 E ArmVmp : Match on catch block at 0xc3 in for 0x72f9148025
01-30 14:13:37.175 12740 12740 E ArmVmp : Match on catch block at 0xc3 in for 0x72f9148025
01-30 14:13:37.181 12740 12740 E ArmVmp : Match on catch block at 0xc3 in for 0x72f9148025
01-30 14:13:37.658 12740 12740 E ArmVmp : Match on catch block at 0xc3 in for 0x72f9148025
01-30 14:13:37.663 12740 12740 E ArmVmp : Match on catch block at 0xc3 in for 0x72f9148025
01-30 14:13:38.109 12740 12740 E ArmVmp : Match on catch block at 0xc3 in for 0x72f9148025
01-30 14:13:38.116 12740 12740 E ArmVmp : Match on catch block at 0xc3 in for 0x72f9148025
01-30 14:13:38.134 12740 12740 E ArmVmp : Match on catch block at 0xc3 in for 0x72f9148025
01-30 14:13:38.140 12740 12740 E ArmVmp : Match on catch block at 0xc3 in for 0x72f9148025
01-30 14:13:38.150 12740 12740 E ArmVmp : Match on catch block at 0xc3 in for 0x72f9148025
01-30 14:13:38.155 12740 12740 E ArmVmp : Match on catch block at 0xc3 in for 0x72f9148025
01-30 14:13:38.160 12740 12740 E ArmVmp : Match on catch block at 0xc3 in for 0x72f9148025
01-30 14:13:38.164 12740 12740 E ArmVmp : Match on catch block at 0xc3 in for 0x72f9148025
01-30 14:13:38.174 12740 12740 E ArmVmp : Match on catch block at 0xc3 in for 0x72f9148025
01-30 14:13:38.178 12740 12740 E ArmVmp : Match on catch block at 0xc3 in for 0x72f9148025
01-30 14:13:38.191 12740 12740 E ArmVmp : Match on catch block at 0xc3 in for 0x72f9148025
01-30 14:13:38.195 12740 12740 E ArmVmp : Match on catch block at 0xc3 in for 0x72f9148025
01-30 14:13:38.208 12740 12740 E ArmVmp : Match on catch block at 0xc3 in for 0x72f9148025
01-30 14:13:38.212 12740 12740 E ArmVmp : Match on catch block at 0xc3 in for 0x72f9148025
01-30 14:13:38.241 12740 12740 E ArmVmp : Match on catch block at 0xc3 in for 0x72f9148025
01-30 14:13:38.244 12740 12740 E ArmVmp : Match on catch block at 0xc3 in for 0x72f9148025
01-30 14:13:38.265 12740 12740 E ArmVmp : Match on catch block at 0xc3 in for 0x72f9148025
01-30 14:13:38.268 12740 12740 E ArmVmp : Match on catch block at 0xc3 in for 0x72f9148025
01-30 14:13:38.274 12740 12740 E ArmVmp : Match on catch block at 0xc3 in for 0x72f9148025
01-30 14:13:38.277 12740 12740 E ArmVmp : Match on catch block at 0xc3 in for 0x72f9148025
01-30 14:13:38.291 12740 12740 E ArmVmp : Match on catch block at 0xc3 in for 0x72f9148025
01-30 14:13:38.294 12740 12740 E ArmVmp : Match on catch block at 0xc3 in for 0x72f9148025
01-30 14:13:38.308 12740 12740 E ArmVmp : Match on catch block at 0xc3 in for 0x72f9148025
01-30 14:13:38.317 12740 12740 E ArmVmp : Match on catch block at 0xc3 in for 0x72f9148025
01-30 14:13:38.365 12740 12740 E ArmVmp : Match on catch block at 0xc3 in for 0x72f9148025
01-30 14:13:38.367 12740 12740 E ArmVmp : Match on catch block at 0xc3 in for 0x72f9148025
01-30 14:13:38.381 12740 12740 E ArmVmp : Match on catch block at 0xc3 in for 0x72f9148025
01-30 14:13:38.384 12740 12740 E ArmVmp : Match on catch block at 0xc3 in for 0x72f9148025
01-30 14:13:38.394 12740 12740 E ArmVmp : Match on catch block at 0xc3 in for 0x72f9148025
01-30 14:13:38.398 12740 12740 E ArmVmp : Match on catch block at 0xc3 in for 0x72f9148025
01-30 14:13:38.407 12740 12740 E ArmVmp : Match on catch block at 0xc3 in for 0x72f9148025
01-30 14:13:38.408 12740 12740 E ArmVmp : Match on catch block at 0xc3 in for 0x72f9148025
01-30 14:13:38.425 12740 12740 E ArmVmp : Match on catch block at 0xc3 in for 0x72f9148025
01-30 14:13:38.432 12740 12740 E ArmVmp : Match on catch block at 0xc3 in for 0x72f9148025
01-30 14:13:38.578 12740 12740 E ArmVmp : Match on catch block at 0xc3 in for 0x72f9148025
01-30 14:13:38.581 12740 12740 E ArmVmp : Match on catch block at 0xc3 in for 0x72f9148025
01-30 14:13:38.592 12740 12740 E ArmVmp : Match on catch block at 0xc3 in for 0x72f9148025
01-30 14:13:38.594 12740 12740 E ArmVmp : Match on catch block at 0xc3 in for 0x72f9148025
01-30 14:13:38.665 12740 20160 W MediaPlayer: Use of stream types is deprecated for operations other than volume control
01-30 14:13:38.665 12740 20160 W MediaPlayer: See the documentation of setAudioStreamType() for what to use instead with android.media.AudioAttributes to qualify your playback use case
01-30 14:13:38.683 12740 12740 E ArmVmp : Match on catch block at 0xc3 in for 0x72f9148025
01-30 14:13:38.701 12740 12740 E ArmVmp : Match on catch block at 0xc3 in for 0x72f9148025
01-30 14:13:38.714 12740 12740 E ArmVmp : Match on catch block at 0xc3 in for 0x72f9148025
01-30 14:13:38.717 12740 12740 E ArmVmp : Match on catch block at 0xc3 in for 0x72f9148025
01-30 14:13:38.742 12740 12740 E ArmVmp : Match on catch block at 0xc3 in for 0x72f9148025
01-30 14:13:38.748 12740 12740 E ArmVmp : Match on catch block at 0xc3 in for 0x72f9148025
01-30 14:13:39.246 12740 12740 E ArmVmp : Match on catch block at 0xc3 in for 0x72f9148025
01-30 14:13:39.248 12740 12740 E ArmVmp : Match on catch block at 0xc3 in for 0x72f9148025
01-30 14:13:39.305 12740 12740 W AidlConversion: aidl2legacy_AudioChannelLayout_audio_channel_mask_t: no legacy output audio_channel_mask_t found for AudioChannelLayout{layoutMask: 16}
01-30 14:13:39.741 12740 12740 E ArmVmp : Match on catch block at 0xc3 in for 0x72f9148025
01-30 14:13:39.744 12740 12740 E ArmVmp : Match on catch block at 0xc3 in for 0x72f9148025
01-30 14:13:40.241 12740 12740 E ArmVmp : Match on catch block at 0xc3 in for 0x72f9148025
01-30 14:13:40.251 12740 12740 E ArmVmp : Match on catch block at 0xc3 in for 0x72f9148025
01-30 14:13:40.258 12740 12740 E ArmVmp : Match on catch block at 0xc3 in for 0x72f9148025
01-30 14:13:40.273 12740 12740 E ArmVmp : Match on catch block at 0xc3 in for 0x72f9148025
01-30 14:13:40.293 12740 12740 E ArmVmp : Match on catch block at 0xc3 in for 0x72f9148025
01-30 14:13:40.302 12740 12740 E ArmVmp : Match on catch block at 0xc3 in for 0x72f9148025
01-30 14:13:40.307 12740 12740 E ArmVmp : Match on catch block at 0xc3 in for 0x72f9148025
01-30 14:13:40.318 12740 12740 E ArmVmp : Match on catch block at 0xc3 in for 0x72f9148025
01-30 14:13:40.326 12740 12740 E ArmVmp : Match on catch block at 0xc3 in for 0x72f9148025
01-30 14:13:40.334 12740 12740 E ArmVmp : Match on catch block at 0xc3 in for 0x72f9148025
01-30 14:13:40.344 12740 12740 E ArmVmp : Match on catch block at 0xc3 in for 0x72f9148025
01-30 14:13:40.351 12740 12740 E ArmVmp : Match on catch block at 0xc3 in for 0x72f9148025
01-30 14:13:40.360 12740 12740 E ArmVmp : Match on catch block at 0xc3 in for 0x72f9148025
01-30 14:13:40.369 12740 12740 E ArmVmp : Match on catch block at 0xc3 in for 0x72f9148025
01-30 14:13:40.380 12740 12740 E ArmVmp : Match on catch block at 0xc3 in for 0x72f9148025
01-30 14:13:40.395 12740 12740 E ArmVmp : Match on catch block at 0xc3 in for 0x72f9148025
01-30 14:13:40.409 12740 12740 E ArmVmp : Match on catch block at 0xc3 in for 0x72f9148025
01-30 14:13:40.419 12740 12740 E ArmVmp : Match on catch block at 0xc3 in for 0x72f9148025
01-30 14:13:40.463 12740 12740 E ArmVmp : Match on catch block at 0xc3 in for 0x72f9148025
01-30 14:13:40.476 12740 12740 E ArmVmp : Match on catch block at 0xc3 in for 0x72f9148025
01-30 14:13:40.525 12740 12740 E ArmVmp : Match on catch block at 0xc3 in for 0x72f9148025
01-30 14:13:40.533 12740 12740 E ArmVmp : Match on catch block at 0xc3 in for 0x72f9148025
01-30 14:13:40.582 12740 12740 E ArmVmp : Match on catch block at 0xc3 in for 0x72f9148025
01-30 14:13:40.585 12740 12740 E ArmVmp : Match on catch block at 0xc3 in for 0x72f9148025
01-30 14:13:40.826 12740 12740 E ArmVmp : Match on catch block at 0xc3 in for 0x72f9148025
01-30 14:13:40.833 12740 12740 E ArmVmp : Match on catch block at 0xc3 in for 0x72f9148025
01-30 14:13:40.895 12740 12740 E ArmVmp : Match on catch block at 0xc3 in for 0x72f9148025
01-30 14:13:40.899 12740 12740 E ArmVmp : Match on catch block at 0xc3 in for 0x72f9148025
01-30 14:13:40.935 12740 12740 E ArmVmp : Match on catch block at 0xc3 in for 0x72f9148025
01-30 14:13:40.939 12740 12740 E ArmVmp : Match on catch block at 0xc3 in for 0x72f9148025
01-30 14:13:41.369 12740 12740 E ArmVmp : Match on catch block at 0xc3 in for 0x72f9148025
01-30 14:13:41.371 12740 12740 E ArmVmp : Match on catch block at 0xc3 in for 0x72f9148025
01-30 14:13:43.027 12740 12740 E ArmVmp : Match on catch block at 0x0a in for 0x72f9148035
01-30 14:13:43.032 12740 12740 E ArmVmp : Match on catch block at 0x0a in for 0x72f9148035
01-30 14:13:43.084 12740 12740 W Looper : PerfMonitor looperActivity : package=com.mbwhatsapp/.Conversation time=0ms latency=345ms procState=-1 historyMsgCount=6 (msgIndex=6 wall=334ms seq=7823 late=12ms h=android.app.ActivityThread$H w=159)
01-30 14:13:43.185 12740 21600 E Linkify : Unsupported character for applying links: u202C
01-30 14:13:43.287 12740 12740 E ArmVmp : Match on catch block at 0xc3 in for 0x72f9148021
01-30 14:13:43.295 12740 12740 E ArmVmp : Match on catch block at 0xc3 in for 0x72f9148021
01-30 14:13:43.299 12740 12740 E ArmVmp : Match on catch block at 0xc3 in for 0x72f9148021
01-30 14:13:43.324 12740 13050 E perf_hint: Session creation failed, mPreferredRateNanos: -1
01-30 14:13:43.326 12740 12740 W Looper : PerfMonitor doFrame : time=242ms vsyncFrame=0 latency=328ms procState=-1 historyMsgCount=3 (msgIndex=1 wall=334ms seq=7823 late=12ms h=android.app.ActivityThread$H w=159)
01-30 14:13:43.351 12740 12740 E ArmVmp : Match on catch block at 0xc3 in for 0x72f9148025
01-30 14:13:43.353 12740 12740 E ArmVmp : Match on catch block at 0xc3 in for 0x72f9148025
01-30 14:13:43.354 12740 12740 E ArmVmp : Match on catch block at 0xc3 in for 0x72f9148025
01-30 14:13:43.409 12740 12740 E ArmVmp : Match on catch block at 0xc3 in for 0x72f9148025
01-30 14:13:43.412 12740 12740 E ArmVmp : Match on catch block at 0xc3 in for 0x72f9148025
01-30 14:13:43.414 12740 12740 E ArmVmp : Match on catch block at 0xc3 in for 0x72f9148025
01-30 14:13:43.439 12740 12740 E ArmVmp : Match on catch block at 0xc3 in for 0x72f9148025
01-30 14:13:43.443 12740 12740 E ArmVmp : Match on catch block at 0xc3 in for 0x72f9148025
01-30 14:13:43.445 12740 12740 E ArmVmp : Match on catch block at 0xc3 in for 0x72f9148025
01-30 14:13:43.463 12740 14018 W com.mbwhatsapp: Accessing hidden method Landroid/app/MiuiNotification;-><init>()V (blocked, reflection, denied)
01-30 14:13:43.467 12740 12740 E ArmVmp : Match on catch block at 0xc3 in for 0x72f9148025
01-30 14:13:43.469 12740 12740 E ArmVmp : Match on catch block at 0xc3 in for 0x72f9148025
01-30 14:13:43.471 12740 12740 E ArmVmp : Match on catch block at 0xc3 in for 0x72f9148025
01-30 14:13:43.487 12740 12740 E ArmVmp : Match on catch block at 0xc3 in for 0x72f9148025
01-30 14:13:43.490 12740 12740 E ArmVmp : Match on catch block at 0xc3 in for 0x72f9148025
01-30 14:13:43.491 12740 12740 E ArmVmp : Match on catch block at 0xc3 in for 0x72f9148025
01-30 14:13:43.510 12740 12740 E ArmVmp : Match on catch block at 0xc3 in for 0x72f9148025
01-30 14:13:43.513 12740 12740 E ArmVmp : Match on catch block at 0xc3 in for 0x72f9148025
01-30 14:13:43.514 12740 12740 E ArmVmp : Match on catch block at 0xc3 in for 0x72f9148025
01-30 14:13:43.536 12740 12740 E ArmVmp : Match on catch block at 0xc3 in for 0x72f9148025
01-30 14:13:43.539 12740 12740 E ArmVmp : Match on catch block at 0xc3 in for 0x72f9148025
01-30 14:13:43.541 12740 12740 E ArmVmp : Match on catch block at 0xc3 in for 0x72f9148025
01-30 14:13:43.554 12740 12740 E ArmVmp : Match on catch block at 0xc3 in for 0x72f9148025
01-30 14:13:43.556 12740 12740 E ArmVmp : Match on catch block at 0xc3 in for 0x72f9148025
01-30 14:13:43.558 12740 12740 E ArmVmp : Match on catch block at 0xc3 in for 0x72f9148025
01-30 14:13:43.567 12740 12740 E ArmVmp : Match on catch block at 0xc3 in for 0x72f9148025
01-30 14:13:43.570 12740 12740 E ArmVmp : Match on catch block at 0xc3 in for 0x72f9148025
01-30 14:13:43.571 12740 12740 E ArmVmp : Match on catch block at 0xc3 in for 0x72f9148025
01-30 14:13:43.575 12740 12740 E ArmVmp : Match on catch block at 0xc3 in for 0x72f9148025
01-30 14:13:43.578 12740 12740 E ArmVmp : Match on catch block at 0xc3 in for 0x72f9148025
01-30 14:13:43.580 12740 12740 E ArmVmp : Match on catch block at 0xc3 in for 0x72f9148025
01-30 14:13:43.590 12740 12740 E ArmVmp : Match on catch block at 0xc3 in for 0x72f9148025
01-30 14:13:43.592 12740 12740 E ArmVmp : Match on catch block at 0xc3 in for 0x72f9148025
01-30 14:13:43.594 12740 12740 E ArmVmp : Match on catch block at 0xc3 in for 0x72f9148025
01-30 14:13:43.607 12740 12740 E ArmVmp : Match on catch block at 0xc3 in for 0x72f9148025
01-30 14:13:43.611 12740 12740 E ArmVmp : Match on catch block at 0xc3 in for 0x72f9148025
01-30 14:13:43.612 12740 12740 E ArmVmp : Match on catch block at 0xc3 in for 0x72f9148025
01-30 14:13:43.623 12740 12740 E ArmVmp : Match on catch block at 0xc3 in for 0x72f9148025
01-30 14:13:43.627 12740 12740 E ArmVmp : Match on catch block at 0xc3 in for 0x72f9148025
01-30 14:13:43.628 12740 12740 E ArmVmp : Match on catch block at 0xc3 in for 0x72f9148025
01-30 14:13:43.640 12740 12740 E ArmVmp : Match on catch block at 0xc3 in for 0x72f9148025
01-30 14:13:43.643 12740 12740 E ArmVmp : Match on catch block at 0xc3 in for 0x72f9148025
01-30 14:13:43.644 12740 12740 E ArmVmp : Match on catch block at 0xc3 in for 0x72f9148025
01-30 14:13:43.657 12740 12740 E ArmVmp : Match on catch block at 0xc3 in for 0x72f9148025
01-30 14:13:43.659 12740 12740 E ArmVmp : Match on catch block at 0xc3 in for 0x72f9148025
01-30 14:13:43.661 12740 12740 E ArmVmp : Match on catch block at 0xc3 in for 0x72f9148025
01-30 14:13:43.673 12740 12740 E ArmVmp : Match on catch block at 0xc3 in for 0x72f9148025
01-30 14:13:43.677 12740 12740 E ArmVmp : Match on catch block at 0xc3 in for 0x72f9148025
01-30 14:13:43.678 12740 12740 E ArmVmp : Match on catch block at 0xc3 in for 0x72f9148025
01-30 14:13:43.690 12740 12740 E ArmVmp : Match on catch block at 0xc3 in for 0x72f9148025
01-30 14:13:43.693 12740 12740 E ArmVmp : Match on catch block at 0xc3 in for 0x72f9148025
01-30 14:13:43.695 12740 12740 E ArmVmp : Match on catch block at 0xc3 in for 0x72f9148025
01-30 14:13:43.707 12740 12740 E ArmVmp : Match on catch block at 0xc3 in for 0x72f9148025
01-30 14:13:43.711 12740 12740 E ArmVmp : Match on catch block at 0xc3 in for 0x72f9148025
01-30 14:13:43.712 12740 12740 E ArmVmp : Match on catch block at 0xc3 in for 0x72f9148025
01-30 14:13:43.726 12740 12740 E ArmVmp : Match on catch block at 0xc3 in for 0x72f9148025
01-30 14:13:43.731 12740 12740 E ArmVmp : Match on catch block at 0xc3 in for 0x72f9148025
01-30 14:13:43.732 12740 12740 E ArmVmp : Match on catch block at 0xc3 in for 0x72f9148025
01-30 14:13:43.742 12740 12740 E ArmVmp : Match on catch block at 0xc3 in for 0x72f9148025
01-30 14:13:43.742 12740 14018 W com.mbwhatsapp: Accessing hidden method Landroid/app/MiuiNotification;-><init>()V (blocked, reflection, denied)
01-30 14:13:43.747 12740 12740 E ArmVmp : Match on catch block at 0xc3 in for 0x72f9148025
01-30 14:13:43.748 12740 12740 E ArmVmp : Match on catch block at 0xc3 in for 0x72f9148025
01-30 14:13:43.765 12740 12740 E ArmVmp : Match on catch block at 0xc3 in for 0x72f9148025
01-30 14:13:43.767 12740 12740 E ArmVmp : Match on catch block at 0xc3 in for 0x72f9148025
01-30 14:13:43.769 12740 12740 E ArmVmp : Match on catch block at 0xc3 in for 0x72f9148025
01-30 14:13:43.778 12740 12740 E ArmVmp : Match on catch block at 0xc3 in for 0x72f9148025
01-30 14:13:43.780 12740 12740 E ArmVmp : Match on catch block at 0xc3 in for 0x72f9148025
01-30 14:13:43.782 12740 12740 E ArmVmp : Match on catch block at 0xc3 in for 0x72f9148025
01-30 14:13:43.791 12740 12740 E ArmVmp : Match on catch block at 0xc3 in for 0x72f9148025
01-30 14:13:43.795 12740 12740 E ArmVmp : Match on catch block at 0xc3 in for 0x72f9148025
01-30 14:13:43.796 12740 12740 E ArmVmp : Match on catch block at 0xc3 in for 0x72f9148025
01-30 14:13:43.807 12740 12740 E ArmVmp : Match on catch block at 0xc3 in for 0x72f9148025
01-30 14:13:43.810 12740 12740 E ArmVmp : Match on catch block at 0xc3 in for 0x72f9148025
01-30 14:13:43.812 12740 12740 E ArmVmp : Match on catch block at 0xc3 in for 0x72f9148025
01-30 14:13:43.825 12740 12740 E ArmVmp : Match on catch block at 0xc3 in for 0x72f9148025
01-30 14:13:43.830 12740 12740 E ArmVmp : Match on catch block at 0xc3 in for 0x72f9148025
01-30 14:13:43.833 12740 12740 E ArmVmp : Match on catch block at 0xc3 in for 0x72f9148025
01-30 14:13:43.841 12740 12740 E ArmVmp : Match on catch block at 0xc3 in for 0x72f9148025
01-30 14:13:43.847 12740 12740 E ArmVmp : Match on catch block at 0xc3 in for 0x72f9148025
01-30 14:13:43.850 12740 12740 E ArmVmp : Match on catch block at 0xc3 in for 0x72f9148025
01-30 14:13:43.868 12740 12740 E ArmVmp : Match on catch block at 0xc3 in for 0x72f9148025
01-30 14:13:43.871 12740 12740 E ArmVmp : Match on catch block at 0xc3 in for 0x72f9148025
01-30 14:13:43.878 12740 12740 E ArmVmp : Match on catch block at 0xc3 in for 0x72f9148025
01-30 14:13:43.886 12740 12740 E ArmVmp : Match on catch block at 0xc3 in for 0x72f9148025
01-30 14:13:43.888 12740 12740 E ArmVmp : Match on catch block at 0xc3 in for 0x72f9148025
01-30 14:13:43.890 12740 12740 E ArmVmp : Match on catch block at 0xc3 in for 0x72f9148025
01-30 14:13:43.895 12740 12740 E ArmVmp : Match on catch block at 0xc3 in for 0x72f9148025
01-30 14:13:43.898 12740 12740 E ArmVmp : Match on catch block at 0xc3 in for 0x72f9148025
01-30 14:13:43.899 12740 12740 E ArmVmp : Match on catch block at 0xc3 in for 0x72f9148025
01-30 14:13:43.907 12740 12740 E ArmVmp : Match on catch block at 0xc3 in for 0x72f9148025
01-30 14:13:43.909 12740 12740 E ArmVmp : Match on catch block at 0xc3 in for 0x72f9148025
01-30 14:13:43.911 12740 12740 E ArmVmp : Match on catch block at 0xc3 in for 0x72f9148025
01-30 14:13:43.924 12740 12740 E ArmVmp : Match on catch block at 0xc3 in for 0x72f9148025
01-30 14:13:43.926 12740 12740 E ArmVmp : Match on catch block at 0xc3 in for 0x72f9148025
01-30 14:13:43.927 12740 12740 E ArmVmp : Match on catch block at 0xc3 in for 0x72f9148025
01-30 14:13:43.940 12740 12740 E ArmVmp : Match on catch block at 0xc3 in for 0x72f9148025
01-30 14:13:43.942 12740 12740 E ArmVmp : Match on catch block at 0xc3 in for 0x72f9148025
01-30 14:13:43.943 12740 12740 E ArmVmp : Match on catch block at 0xc3 in for 0x72f9148025
01-30 14:13:43.957 12740 12740 E ArmVmp : Match on catch block at 0xc3 in for 0x72f9148025
01-30 14:13:43.960 12740 12740 E ArmVmp : Match on catch block at 0xc3 in for 0x72f9148025
01-30 14:13:43.961 12740 12740 E ArmVmp : Match on catch block at 0xc3 in for 0x72f9148025
01-30 14:13:43.974 12740 12740 E ArmVmp : Match on catch block at 0xc3 in for 0x72f9148025
01-30 14:13:43.976 12740 12740 E ArmVmp : Match on catch block at 0xc3 in for 0x72f9148025
01-30 14:13:43.977 12740 12740 E ArmVmp : Match on catch block at 0xc3 in for 0x72f9148025
01-30 14:13:43.990 12740 12740 E ArmVmp : Match on catch block at 0xc3 in for 0x72f9148025
01-30 14:13:43.992 12740 12740 E ArmVmp : Match on catch block at 0xc3 in for 0x72f9148025
01-30 14:13:43.994 12740 12740 E ArmVmp : Match on catch block at 0xc3 in for 0x72f9148025
01-30 14:13:44.007 12740 12740 E ArmVmp : Match on catch block at 0xc3 in for 0x72f9148025
01-30 14:13:44.009 12740 12740 E ArmVmp : Match on catch block at 0xc3 in for 0x72f9148025
01-30 14:13:44.010 12740 12740 E ArmVmp : Match on catch block at 0xc3 in for 0x72f9148025
01-30 14:13:44.023 12740 12740 E ArmVmp : Match on catch block at 0xc3 in for 0x72f9148025
01-30 14:13:44.026 12740 12740 E ArmVmp : Match on catch block at 0xc3 in for 0x72f9148025
01-30 14:13:44.027 12740 12740 E ArmVmp : Match on catch block at 0xc3 in for 0x72f9148025
01-30 14:13:44.040 12740 12740 E ArmVmp : Match on catch block at 0xc3 in for 0x72f9148025
01-30 14:13:44.042 12740 12740 E ArmVmp : Match on catch block at 0xc3 in for 0x72f9148025
01-30 14:13:44.043 12740 12740 E ArmVmp : Match on catch block at 0xc3 in for 0x72f9148025
01-30 14:13:44.057 12740 12740 E ArmVmp : Match on catch block at 0xc3 in for 0x72f9148025
01-30 14:13:44.059 12740 12740 E ArmVmp : Match on catch block at 0xc3 in for 0x72f9148025
01-30 14:13:44.060 12740 12740 E ArmVmp : Match on catch block at 0xc3 in for 0x72f9148025
01-30 14:13:44.073 12740 12740 E ArmVmp : Match on catch block at 0xc3 in for 0x72f9148025
01-30 14:13:44.076 12740 12740 E ArmVmp : Match on catch block at 0xc3 in for 0x72f9148025
01-30 14:13:44.077 12740 12740 E ArmVmp : Match on catch block at 0xc3 in for 0x72f9148025
01-30 14:13:44.090 12740 12740 E ArmVmp : Match on catch block at 0xc3 in for 0x72f9148025
01-30 14:13:44.092 12740 12740 E ArmVmp : Match on catch block at 0xc3 in for 0x72f9148025
01-30 14:13:44.094 12740 12740 E ArmVmp : Match on catch block at 0xc3 in for 0x72f9148025
01-30 14:13:44.107 12740 12740 E ArmVmp : Match on catch block at 0xc3 in for 0x72f9148025
01-30 14:13:44.109 12740 12740 E ArmVmp : Match on catch block at 0xc3 in for 0x72f9148025
01-30 14:13:44.110 12740 12740 E ArmVmp : Match on catch block at 0xc3 in for 0x72f9148025
01-30 14:13:44.123 12740 12740 E ArmVmp : Match on catch block at 0xc3 in for 0x72f9148025
01-30 14:13:44.126 12740 12740 E ArmVmp : Match on catch block at 0xc3 in for 0x72f9148025
01-30 14:13:44.127 12740 12740 E ArmVmp : Match on catch block at 0xc3 in for 0x72f9148025
01-30 14:13:44.140 12740 12740 E ArmVmp : Match on catch block at 0xc3 in for 0x72f9148025
01-30 14:13:44.142 12740 12740 E ArmVmp : Match on catch block at 0xc3 in for 0x72f9148025
01-30 14:13:44.143 12740 12740 E ArmVmp : Match on catch block at 0xc3 in for 0x72f9148025
01-30 14:13:44.157 12740 12740 E ArmVmp : Match on catch block at 0xc3 in for 0x72f9148025
01-30 14:13:44.159 12740 12740 E ArmVmp : Match on catch block at 0xc3 in for 0x72f9148025
01-30 14:13:44.160 12740 12740 E ArmVmp : Match on catch block at 0xc3 in for 0x72f9148025
01-30 14:13:44.173 12740 12740 E ArmVmp : Match on catch block at 0xc3 in for 0x72f9148025
01-30 14:13:44.176 12740 12740 E ArmVmp : Match on catch block at 0xc3 in for 0x72f9148025
01-30 14:13:44.177 12740 12740 E ArmVmp : Match on catch block at 0xc3 in for 0x72f9148025
01-30 14:13:44.190 12740 12740 E ArmVmp : Match on catch block at 0xc3 in for 0x72f9148025
01-30 14:13:44.192 12740 12740 E ArmVmp : Match on catch block at 0xc3 in for 0x72f9148025
01-30 14:13:44.193 12740 12740 E ArmVmp : Match on catch block at 0xc3 in for 0x72f9148025
01-30 14:13:44.207 12740 12740 E ArmVmp : Match on catch block at 0xc3 in for 0x72f9148025
01-30 14:13:44.210 12740 12740 E ArmVmp : Match on catch block at 0xc3 in for 0x72f9148025
01-30 14:13:44.211 12740 12740 E ArmVmp : Match on catch block at 0xc3 in for 0x72f9148025
01-30 14:13:44.223 12740 12740 E ArmVmp : Match on catch block at 0xc3 in for 0x72f9148025
01-30 14:13:44.226 12740 12740 E ArmVmp : Match on catch block at 0xc3 in for 0x72f9148025
01-30 14:13:44.227 12740 12740 E ArmVmp : Match on catch block at 0xc3 in for 0x72f9148025
01-30 14:13:44.240 12740 12740 E ArmVmp : Match on catch block at 0xc3 in for 0x72f9148025
01-30 14:13:44.242 12740 12740 E ArmVmp : Match on catch block at 0xc3 in for 0x72f9148025
01-30 14:13:44.243 12740 12740 E ArmVmp : Match on catch block at 0xc3 in for 0x72f9148025
01-30 14:13:44.257 12740 12740 E ArmVmp : Match on catch block at 0xc3 in for 0x72f9148025
01-30 14:13:44.259 12740 12740 E ArmVmp : Match on catch block at 0xc3 in for 0x72f9148025
01-30 14:13:44.261 12740 12740 E ArmVmp : Match on catch block at 0xc3 in for 0x72f9148025
01-30 14:13:44.273 12740 12740 E ArmVmp : Match on catch block at 0xc3 in for 0x72f9148025
01-30 14:13:44.276 12740 12740 E ArmVmp : Match on catch block at 0xc3 in for 0x72f9148025
01-30 14:13:44.278 12740 12740 E ArmVmp : Match on catch block at 0xc3 in for 0x72f9148025
01-30 14:13:44.290 12740 12740 E ArmVmp : Match on catch block at 0xc3 in for 0x72f9148025
01-30 14:13:44.292 12740 12740 E ArmVmp : Match on catch block at 0xc3 in for 0x72f9148025
01-30 14:13:44.294 12740 12740 E ArmVmp : Match on catch block at 0xc3 in for 0x72f9148025
01-30 14:13:44.307 12740 12740 E ArmVmp : Match on catch block at 0xc3 in for 0x72f9148025
01-30 14:13:44.309 12740 12740 E ArmVmp : Match on catch block at 0xc3 in for 0x72f9148025
01-30 14:13:44.310 12740 12740 E ArmVmp : Match on catch block at 0xc3 in for 0x72f9148025
01-30 14:13:44.323 12740 12740 E ArmVmp : Match on catch block at 0xc3 in for 0x72f9148025
01-30 14:13:44.326 12740 12740 E ArmVmp : Match on catch block at 0xc3 in for 0x72f9148025
01-30 14:13:44.327 12740 12740 E ArmVmp : Match on catch block at 0xc3 in for 0x72f9148025
01-30 14:13:44.340 12740 12740 E ArmVmp : Match on catch block at 0xc3 in for 0x72f9148025
01-30 14:13:44.342 12740 12740 E ArmVmp : Match on catch block at 0xc3 in for 0x72f9148025
01-30 14:13:44.343 12740 12740 E ArmVmp : Match on catch block at 0xc3 in for 0x72f9148025
01-30 14:13:44.357 12740 12740 E ArmVmp : Match on catch block at 0xc3 in for 0x72f9148025
01-30 14:13:44.360 12740 12740 E ArmVmp : Match on catch block at 0xc3 in for 0x72f9148025
01-30 14:13:44.361 12740 12740 E ArmVmp : Match on catch block at 0xc3 in for 0x72f9148025
01-30 14:13:44.373 12740 12740 E ArmVmp : Match on catch block at 0xc3 in for 0x72f9148025
01-30 14:13:44.375 12740 12740 E ArmVmp : Match on catch block at 0xc3 in for 0x72f9148025
01-30 14:13:44.377 12740 12740 E ArmVmp : Match on catch block at 0xc3 in for 0x72f9148025
01-30 14:13:44.390 12740 12740 E ArmVmp : Match on catch block at 0xc3 in for 0x72f9148025
01-30 14:13:44.392 12740 12740 E ArmVmp : Match on catch block at 0xc3 in for 0x72f9148025
01-30 14:13:44.394 12740 12740 E ArmVmp : Match on catch block at 0xc3 in for 0x72f9148025
01-30 14:13:44.407 12740 12740 E ArmVmp : Match on catch block at 0xc3 in for 0x72f9148025
01-30 14:13:44.409 12740 12740 E ArmVmp : Match on catch block at 0xc3 in for 0x72f9148025
01-30 14:13:44.410 12740 12740 E ArmVmp : Match on catch block at 0xc3 in for 0x72f9148025
01-30 14:13:44.423 12740 12740 E ArmVmp : Match on catch block at 0xc3 in for 0x72f9148025
01-30 14:13:44.425 12740 12740 E ArmVmp : Match on catch block at 0xc3 in for 0x72f9148025
01-30 14:13:44.426 12740 12740 E ArmVmp : Match on catch block at 0xc3 in for 0x72f9148025
01-30 14:13:44.440 12740 12740 E ArmVmp : Match on catch block at 0xc3 in for 0x72f9148025
01-30 14:13:44.442 12740 12740 E ArmVmp : Match on catch block at 0xc3 in for 0x72f9148025
01-30 14:13:44.443 12740 12740 E ArmVmp : Match on catch block at 0xc3 in for 0x72f9148025
01-30 14:13:44.457 12740 12740 E ArmVmp : Match on catch block at 0xc3 in for 0x72f9148025
01-30 14:13:44.459 12740 12740 E ArmVmp : Match on catch block at 0xc3 in for 0x72f9148025
01-30 14:13:44.460 12740 12740 E ArmVmp : Match on catch block at 0xc3 in for 0x72f9148025
01-30 14:13:44.474 12740 12740 E ArmVmp : Match on catch block at 0xc3 in for 0x72f9148025
01-30 14:13:44.476 12740 12740 E ArmVmp : Match on catch block at 0xc3 in for 0x72f9148025
01-30 14:13:44.477 12740 12740 E ArmVmp : Match on catch block at 0xc3 in for 0x72f9148025
01-30 14:13:44.490 12740 12740 E ArmVmp : Match on catch block at 0xc3 in for 0x72f9148025
01-30 14:13:44.493 12740 12740 E ArmVmp : Match on catch block at 0xc3 in for 0x72f9148025
01-30 14:13:44.494 12740 12740 E ArmVmp : Match on catch block at 0xc3 in for 0x72f9148025
01-30 14:13:44.507 12740 12740 E ArmVmp : Match on catch block at 0xc3 in for 0x72f9148025
01-30 14:13:44.509 12740 12740 E ArmVmp : Match on catch block at 0xc3 in for 0x72f9148025
01-30 14:13:44.510 12740 12740 E ArmVmp : Match on catch block at 0xc3 in for 0x72f9148025
01-30 14:13:44.523 12740 12740 E ArmVmp : Match on catch block at 0xc3 in for 0x72f9148025
01-30 14:13:44.526 12740 12740 E ArmVmp : Match on catch block at 0xc3 in for 0x72f9148025
01-30 14:13:44.527 12740 12740 E ArmVmp : Match on catch block at 0xc3 in for 0x72f9148025
01-30 14:13:44.540 12740 12740 E ArmVmp : Match on catch block at 0xc3 in for 0x72f9148025
01-30 14:13:44.542 12740 12740 E ArmVmp : Match on catch block at 0xc3 in for 0x72f9148025
01-30 14:13:44.543 12740 12740 E ArmVmp : Match on catch block at 0xc3 in for 0x72f9148025
01-30 14:13:44.557 12740 12740 E ArmVmp : Match on catch block at 0xc3 in for 0x72f9148025
01-30 14:13:44.559 12740 12740 E ArmVmp : Match on catch block at 0xc3 in for 0x72f9148025
01-30 14:13:44.560 12740 12740 E ArmVmp : Match on catch block at 0xc3 in for 0x72f9148025
01-30 14:13:44.573 12740 12740 E ArmVmp : Match on catch block at 0xc3 in for 0x72f9148025
01-30 14:13:44.575 12740 12740 E ArmVmp : Match on catch block at 0xc3 in for 0x72f9148025
01-30 14:13:44.576 12740 12740 E ArmVmp : Match on catch block at 0xc3 in for 0x72f9148025
01-30 14:13:44.590 12740 12740 E ArmVmp : Match on catch block at 0xc3 in for 0x72f9148025
01-30 14:13:44.592 12740 12740 E ArmVmp : Match on catch block at 0xc3 in for 0x72f9148025
01-30 14:13:44.593 12740 12740 E ArmVmp : Match on catch block at 0xc3 in for 0x72f9148025
01-30 14:13:44.610 12740 12740 E ArmVmp : Match on catch block at 0xc3 in for 0x72f9148025
01-30 14:13:44.612 12740 12740 E ArmVmp : Match on catch block at 0xc3 in for 0x72f9148025
01-30 14:13:44.613 12740 12740 E ArmVmp : Match on catch block at 0xc3 in for 0x72f9148025
01-30 14:13:44.623 12740 12740 E ArmVmp : Match on catch block at 0xc3 in for 0x72f9148025
01-30 14:13:44.626 12740 12740 E ArmVmp : Match on catch block at 0xc3 in for 0x72f9148025
01-30 14:13:44.627 12740 12740 E ArmVmp : Match on catch block at 0xc3 in for 0x72f9148025
01-30 14:13:44.640 12740 12740 E ArmVmp : Match on catch block at 0xc3 in for 0x72f9148025
01-30 14:13:44.643 12740 12740 E ArmVmp : Match on catch block at 0xc3 in for 0x72f9148025
01-30 14:13:44.644 12740 12740 E ArmVmp : Match on catch block at 0xc3 in for 0x72f9148025
01-30 14:13:44.657 12740 12740 E ArmVmp : Match on catch block at 0xc3 in for 0x72f9148025
01-30 14:13:44.660 12740 12740 E ArmVmp : Match on catch block at 0xc3 in for 0x72f9148025
01-30 14:13:44.661 12740 12740 E ArmVmp : Match on catch block at 0xc3 in for 0x72f9148025
01-30 14:13:44.674 12740 12740 E ArmVmp : Match on catch block at 0xc3 in for 0x72f9148025
01-30 14:13:44.676 12740 12740 E ArmVmp : Match on catch block at 0xc3 in for 0x72f9148025
01-30 14:13:44.678 12740 12740 E ArmVmp : Match on catch block at 0xc3 in for 0x72f9148025
01-30 14:13:44.690 12740 12740 E ArmVmp : Match on catch block at 0xc3 in for 0x72f9148025
01-30 14:13:44.692 12740 12740 E ArmVmp : Match on catch block at 0xc3 in for 0x72f9148025
01-30 14:13:44.693 12740 12740 E ArmVmp : Match on catch block at 0xc3 in for 0x72f9148025
01-30 14:13:44.707 12740 12740 E ArmVmp : Match on catch block at 0xc3 in for 0x72f9148025
01-30 14:13:44.709 12740 12740 E ArmVmp : Match on catch block at 0xc3 in for 0x72f9148025
01-30 14:13:44.710 12740 12740 E ArmVmp : Match on catch block at 0xc3 in for 0x72f9148025
01-30 14:13:44.724 12740 12740 E ArmVmp : Match on catch block at 0xc3 in for 0x72f9148025
01-30 14:13:44.726 12740 12740 E ArmVmp : Match on catch block at 0xc3 in for 0x72f9148025
01-30 14:13:44.728 12740 12740 E ArmVmp : Match on catch block at 0xc3 in for 0x72f9148025
01-30 14:13:44.741 12740 12740 E ArmVmp : Match on catch block at 0xc3 in for 0x72f9148025
01-30 14:13:44.744 12740 12740 E ArmVmp : Match on catch block at 0xc3 in for 0x72f9148025
01-30 14:13:44.746 12740 12740 E ArmVmp : Match on catch block at 0xc3 in for 0x72f9148025
01-30 14:13:44.758 12740 12740 E ArmVmp : Match on catch block at 0xc3 in for 0x72f9148025
01-30 14:13:44.761 12740 12740 E ArmVmp : Match on catch block at 0xc3 in for 0x72f9148025
01-30 14:13:44.762 12740 12740 E ArmVmp : Match on catch block at 0xc3 in for 0x72f9148025
01-30 14:13:44.774 12740 12740 E ArmVmp : Match on catch block at 0xc3 in for 0x72f9148025
01-30 14:13:44.777 12740 12740 E ArmVmp : Match on catch block at 0xc3 in for 0x72f9148025
01-30 14:13:44.779 12740 12740 E ArmVmp : Match on catch block at 0xc3 in for 0x72f9148025
01-30 14:13:44.790 12740 12740 E ArmVmp : Match on catch block at 0xc3 in for 0x72f9148025
01-30 14:13:44.793 12740 12740 E ArmVmp : Match on catch block at 0xc3 in for 0x72f9148025
01-30 14:13:44.794 12740 12740 E ArmVmp : Match on catch block at 0xc3 in for 0x72f9148025
01-30 14:13:44.807 12740 12740 E ArmVmp : Match on catch block at 0xc3 in for 0x72f9148025
01-30 14:13:44.810 12740 12740 E ArmVmp : Match on catch block at 0xc3 in for 0x72f9148025
01-30 14:13:44.811 12740 12740 E ArmVmp : Match on catch block at 0xc3 in for 0x72f9148025
01-30 14:13:44.824 12740 12740 E ArmVmp : Match on catch block at 0xc3 in for 0x72f9148025
01-30 14:13:44.827 12740 12740 E ArmVmp : Match on catch block at 0xc3 in for 0x72f9148025
01-30 14:13:44.829 12740 12740 E ArmVmp : Match on catch block at 0xc3 in for 0x72f9148025
01-30 14:13:44.841 12740 12740 E ArmVmp : Match on catch block at 0xc3 in for 0x72f9148025
01-30 14:13:44.844 12740 12740 E ArmVmp : Match on catch block at 0xc3 in for 0x72f9148025
01-30 14:13:44.846 12740 12740 E ArmVmp : Match on catch block at 0xc3 in for 0x72f9148025
01-30 14:13:44.858 12740 12740 E ArmVmp : Match on catch block at 0xc3 in for 0x72f9148025
01-30 14:13:44.861 12740 12740 E ArmVmp : Match on catch block at 0xc3 in for 0x72f9148025
01-30 14:13:44.862 12740 12740 E ArmVmp : Match on catch block at 0xc3 in for 0x72f9148025
01-30 14:13:44.874 12740 12740 E ArmVmp : Match on catch block at 0xc3 in for 0x72f9148025
01-30 14:13:44.877 12740 12740 E ArmVmp : Match on catch block at 0xc3 in for 0x72f9148025
01-30 14:13:44.878 12740 12740 E ArmVmp : Match on catch block at 0xc3 in for 0x72f9148025
01-30 14:13:44.890 12740 12740 E ArmVmp : Match on catch block at 0xc3 in for 0x72f9148025
01-30 14:13:44.893 12740 12740 E ArmVmp : Match on catch block at 0xc3 in for 0x72f9148025
01-30 14:13:44.894 12740 12740 E ArmVmp : Match on catch block at 0xc3 in for 0x72f9148025
01-30 14:13:44.907 12740 12740 E ArmVmp : Match on catch block at 0xc3 in for 0x72f9148025
01-30 14:13:44.910 12740 12740 E ArmVmp : Match on catch block at 0xc3 in for 0x72f9148025
01-30 14:13:44.911 12740 12740 E ArmVmp : Match on catch block at 0xc3 in for 0x72f9148025
01-30 14:13:44.924 12740 12740 E ArmVmp : Match on catch block at 0xc3 in for 0x72f9148025
01-30 14:13:44.927 12740 12740 E ArmVmp : Match on catch block at 0xc3 in for 0x72f9148025
01-30 14:13:44.929 12740 12740 E ArmVmp : Match on catch block at 0xc3 in for 0x72f9148025
01-30 14:13:44.941 12740 12740 E ArmVmp : Match on catch block at 0xc3 in for 0x72f9148025
01-30 14:13:44.945 12740 12740 E ArmVmp : Match on catch block at 0xc3 in for 0x72f9148025
01-30 14:13:44.947 12740 12740 E ArmVmp : Match on catch block at 0xc3 in for 0x72f9148025
01-30 14:13:44.958 12740 12740 E ArmVmp : Match on catch block at 0xc3 in for 0x72f9148025
01-30 14:13:44.962 12740 12740 E ArmVmp : Match on catch block at 0xc3 in for 0x72f9148025
01-30 14:13:44.964 12740 12740 E ArmVmp : Match on catch block at 0xc3 in for 0x72f9148025
01-30 14:13:44.975 12740 12740 E ArmVmp : Match on catch block at 0xc3 in for 0x72f9148025
01-30 14:13:44.978 12740 12740 E ArmVmp : Match on catch block at 0xc3 in for 0x72f9148025
01-30 14:13:44.980 12740 12740 E ArmVmp : Match on catch block at 0xc3 in for 0x72f9148025
01-30 14:13:44.991 12740 12740 E ArmVmp : Match on catch block at 0xc3 in for 0x72f9148025
01-30 14:13:44.994 12740 12740 E ArmVmp : Match on catch block at 0xc3 in for 0x72f9148025
01-30 14:13:44.996 12740 12740 E ArmVmp : Match on catch block at 0xc3 in for 0x72f9148025
01-30 14:13:45.007 12740 12740 E ArmVmp : Match on catch block at 0xc3 in for 0x72f9148025
01-30 14:13:45.010 12740 12740 E ArmVmp : Match on catch block at 0xc3 in for 0x72f9148025
01-30 14:13:45.011 12740 12740 E ArmVmp : Match on catch block at 0xc3 in for 0x72f9148025
01-30 14:13:45.024 12740 12740 E ArmVmp : Match on catch block at 0xc3 in for 0x72f9148025
01-30 14:13:45.026 12740 12740 E ArmVmp : Match on catch block at 0xc3 in for 0x72f9148025
01-30 14:13:45.028 12740 12740 E ArmVmp : Match on catch block at 0xc3 in for 0x72f9148025
01-30 14:13:45.041 12740 12740 E ArmVmp : Match on catch block at 0xc3 in for 0x72f9148025
01-30 14:13:45.044 12740 12740 E ArmVmp : Match on catch block at 0xc3 in for 0x72f9148025
01-30 14:13:45.046 12740 12740 E ArmVmp : Match on catch block at 0xc3 in for 0x72f9148025
01-30 14:13:45.057 12740 12740 E ArmVmp : Match on catch block at 0xc3 in for 0x72f9148025
01-30 14:13:45.061 12740 12740 E ArmVmp : Match on catch block at 0xc3 in for 0x72f9148025
01-30 14:13:45.062 12740 12740 E ArmVmp : Match on catch block at 0xc3 in for 0x72f9148025
01-30 14:13:45.074 12740 12740 E ArmVmp : Match on catch block at 0xc3 in for 0x72f9148025
01-30 14:13:45.077 12740 12740 E ArmVmp : Match on catch block at 0xc3 in for 0x72f9148025
01-30 14:13:45.078 12740 12740 E ArmVmp : Match on catch block at 0xc3 in for 0x72f9148025
01-30 14:13:45.090 12740 12740 E ArmVmp : Match on catch block at 0xc3 in for 0x72f9148025
01-30 14:13:45.093 12740 12740 E ArmVmp : Match on catch block at 0xc3 in for 0x72f9148025
01-30 14:13:45.094 12740 12740 E ArmVmp : Match on catch block at 0xc3 in for 0x72f9148025
01-30 14:13:45.107 12740 12740 E ArmVmp : Match on catch block at 0xc3 in for 0x72f9148025
01-30 14:13:45.110 12740 12740 E ArmVmp : Match on catch block at 0xc3 in for 0x72f9148025
01-30 14:13:45.111 12740 12740 E ArmVmp : Match on catch block at 0xc3 in for 0x72f9148025
01-30 14:13:45.124 12740 12740 E ArmVmp : Match on catch block at 0xc3 in for 0x72f9148025
01-30 14:13:45.127 12740 12740 E ArmVmp : Match on catch block at 0xc3 in for 0x72f9148025
01-30 14:13:45.129 12740 12740 E ArmVmp : Match on catch block at 0xc3 in for 0x72f9148025
01-30 14:13:45.141 12740 12740 E ArmVmp : Match on catch block at 0xc3 in for 0x72f9148025
01-30 14:13:45.145 12740 12740 E ArmVmp : Match on catch block at 0xc3 in for 0x72f9148025
01-30 14:13:45.147 12740 12740 E ArmVmp : Match on catch block at 0xc3 in for 0x72f9148025
01-30 14:13:45.158 12740 12740 E ArmVmp : Match on catch block at 0xc3 in for 0x72f9148025
01-30 14:13:45.162 12740 12740 E ArmVmp : Match on catch block at 0xc3 in for 0x72f9148025
01-30 14:13:45.164 12740 12740 E ArmVmp : Match on catch block at 0xc3 in for 0x72f9148025
01-30 14:13:45.174 12740 12740 E ArmVmp : Match on catch block at 0xc3 in for 0x72f9148025
01-30 14:13:45.178 12740 12740 E ArmVmp : Match on catch block at 0xc3 in for 0x72f9148025
01-30 14:13:45.180 12740 12740 E ArmVmp : Match on catch block at 0xc3 in for 0x72f9148025
01-30 14:13:45.191 12740 12740 E ArmVmp : Match on catch block at 0xc3 in for 0x72f9148025
01-30 14:13:45.194 12740 12740 E ArmVmp : Match on catch block at 0xc3 in for 0x72f9148025
01-30 14:13:45.195 12740 12740 E ArmVmp : Match on catch block at 0xc3 in for 0x72f9148025
01-30 14:13:45.207 12740 12740 E ArmVmp : Match on catch block at 0xc3 in for 0x72f9148025
01-30 14:13:45.210 12740 12740 E ArmVmp : Match on catch block at 0xc3 in for 0x72f9148025
01-30 14:13:45.211 12740 12740 E ArmVmp : Match on catch block at 0xc3 in for 0x72f9148025
01-30 14:13:45.224 12740 12740 E ArmVmp : Match on catch block at 0xc3 in for 0x72f9148025
01-30 14:13:45.226 12740 12740 E ArmVmp : Match on catch block at 0xc3 in for 0x72f9148025
01-30 14:13:45.228 12740 12740 E ArmVmp : Match on catch block at 0xc3 in for 0x72f9148025
