01-30 14:16:02.942 12740 13667 W com.mbwhatsapp: Accessing hidden field Landroid/app/Notification;->extraNotification:Landroid/app/MiuiNotification; (blocked, reflection, denied)
01-30 14:16:02.970 12740 13667 W com.mbwhatsapp: Accessing hidden field Landroid/app/Notification;->extraNotification:Landroid/app/MiuiNotification; (blocked, reflection, denied)
01-30 14:16:02.998 12740 14018 W com.mbwhatsapp: Accessing hidden method Landroid/app/MiuiNotification;-><init>()V (blocked, reflection, denied)
01-30 14:16:15.242 12740 13667 W com.mbwhatsapp: Accessing hidden field Landroid/app/Notification;->extraNotification:Landroid/app/MiuiNotification; (blocked, reflection, denied)
01-30 14:16:15.324 12740 13667 W com.mbwhatsapp: Accessing hidden field Landroid/app/Notification;->extraNotification:Landroid/app/MiuiNotification; (blocked, reflection, denied)
01-30 14:16:15.368 12740 14018 W com.mbwhatsapp: Accessing hidden method Landroid/app/MiuiNotification;-><init>()V (blocked, reflection, denied)
01-30 14:16:17.140 12740 13667 W com.mbwhatsapp: Accessing hidden field Landroid/app/Notification;->extraNotification:Landroid/app/MiuiNotification; (blocked, reflection, denied)
01-30 14:16:17.161 12740 13667 W com.mbwhatsapp: Accessing hidden field Landroid/app/Notification;->extraNotification:Landroid/app/MiuiNotification; (blocked, reflection, denied)
01-30 14:16:17.188 12740 14018 W com.mbwhatsapp: Accessing hidden method Landroid/app/MiuiNotification;-><init>()V (blocked, reflection, denied)
01-30 14:16:17.249 12740 12917 E SQLiteDatabase: Error inserting transferred=1 media_job_uuid=be3abe27-a671-4083-83c2-12d0f189aa97 transcoded=0 gif_attribution=0 first_scan_length=0 direct_path=/v/t62.15575- 24/30572561_694214749571808_6680503262996767231_n.enc?ccb=11- 4&oh=01_AdSSa6nB_BWJ4biqoXnX-TMoiWyik0d7Oy6pl48V50Jd2A&oe=65E0CCD6&_nc_sid=5e03e0 thumbnail_height_width_ratio=1.0 is_animated_sticker=0 file_hash=0uHStdYbSOi6FosdQ2iUzDiWusgD9hANN+PIxYUuGaQ= file_path=Media/MBWhatsApp Stickers/STK-20240116-WA0011.webp file_size=0 partial_media_hash=null face_x=0 face_y=0 height=64 trim_to=0 media_key_timestamp=1706641876000 message_url=https://mmg.whatsapp.net/v/t62.15575- 24/30572561_694214749571808_6680503262996767231_n.enc?ccb=11- 4&oh=01_AdSSa6nB_BWJ4biqoXnX- TMoiWyik0d7Oy6pl48V50Jd2A&oe=65E0CCD6&_nc_sid=5e03e0&mms3=true media_caption=null trim_from=0 mime_type=image/webp partial_media_enc_hash=null width=64 original_file_hash=null has_streaming_sidecar=0 autotransfer_retry_enabled=1 media_upload_handle=null message_row_id=6010 multicast_id=null enc_file_hash=Cc96XpgtOvKYu1B5s1AxfAzhFhBtmPi3etaJOgPPy/M= mute_video=0 page_count=0 first_scan_sidecar=null suspicious_content=0 file_length=17096 media_name=null media_duration=0 chat_row_id=71 media_key=[B@600c4c2
01-30 14:16:17.249 12740 12917 E SQLiteDatabase: android.database.sqlite.SQLiteConstraintException: UNIQUE constraint failed: message_media.message_row_id (code 1555 SQLITE_CONSTRAINT_PRIMARYKEY)
01-30 14:16:17.249 12740 12917 E SQLiteDatabase: at android.database.sqlite.SQLiteConnection.nativeExecuteForLastInsertedRowId(Native Method)
01-30 14:16:17.249 12740 12917 E SQLiteDatabase: at android.database.sqlite.SQLiteConnection.executeForLastInsertedRowId(SQLiteConnecti on.java:961)
01-30 14:16:17.249 12740 12917 E SQLiteDatabase: at android.database.sqlite.SQLiteSession.executeForLastInsertedRowId(SQLiteSession.jav a:790)
01-30 14:16:17.249 12740 12917 E SQLiteDatabase: at android.database.sqlite.SQLiteStatement.executeInsert(SQLiteStatement.java:89)
01-30 14:16:17.249 12740 12917 E SQLiteDatabase: at android.database.sqlite.SQLiteDatabase.insertWithOnConflict(SQLiteDatabase.java:186 8)
01-30 14:16:17.249 12740 12917 E SQLiteDatabase: at android.database.sqlite.SQLiteDatabase.insert(SQLiteDatabase.java:1737)
01-30 14:16:17.249 12740 12917 E SQLiteDatabase: at X.2tm.A08(Unknown Source:6)
01-30 14:16:17.249 12740 12917 E SQLiteDatabase: at X.35Y.A07(Unknown Source:212)
01-30 14:16:17.249 12740 12917 E SQLiteDatabase: at X.3QF.A14(Unknown Source:470)
01-30 14:16:17.249 12740 12917 E SQLiteDatabase: at X.3gU.run(Unknown Source:982)
01-30 14:16:17.249 12740 12917 E SQLiteDatabase: at android.os.Handler.handleCallback(Handler.java:942)
01-30 14:16:17.249 12740 12917 E SQLiteDatabase: at android.os.Handler.dispatchMessage(Handler.java:99)
01-30 14:16:17.249 12740 12917 E SQLiteDatabase: at X.0zq.dispatchMessage(Unknown Source:4)
01-30 14:16:17.249 12740 12917 E SQLiteDatabase: at android.os.Looper.loopOnce(Looper.java:211)
01-30 14:16:17.249 12740 12917 E SQLiteDatabase: at android.os.Looper.loop(Looper.java:300)
01-30 14:16:17.249 12740 12917 E SQLiteDatabase: at android.os.HandlerThread.run(HandlerThread.java:67)
01-30 14:16:20.968 12740 13667 W com.mbwhatsapp: Accessing hidden field Landroid/app/Notification;->extraNotification:Landroid/app/MiuiNotification; (blocked, reflection, denied)
01-30 14:16:20.995 12740 13667 W com.mbwhatsapp: Accessing hidden field Landroid/app/Notification;->extraNotification:Landroid/app/MiuiNotification; (blocked, reflection, denied)
01-30 14:16:21.025 12740 14018 W com.mbwhatsapp: Accessing hidden method Landroid/app/MiuiNotification;-><init>()V (blocked, reflection, denied)
01-30 14:16:21.157 12740 13667 W com.mbwhatsapp: Accessing hidden field Landroid/app/Notification;->extraNotification:Landroid/app/MiuiNotification; (blocked, reflection, denied)
01-30 14:16:21.217 12740 13667 W com.mbwhatsapp: Accessing hidden field Landroid/app/Notification;->extraNotification:Landroid/app/MiuiNotification; (blocked, reflection, denied)
01-30 14:16:21.240 12740 13667 W com.mbwhatsapp: Accessing hidden field Landroid/app/Notification;->extraNotification:Landroid/app/MiuiNotification; (blocked, reflection, denied)
01-30 14:16:22.554 12740 13667 W com.mbwhatsapp: Accessing hidden field Landroid/app/Notification;->extraNotification:Landroid/app/MiuiNotification; (blocked, reflection, denied)
01-30 14:16:22.563 12740 13667 W com.mbwhatsapp: Accessing hidden field Landroid/app/Notification;->extraNotification:Landroid/app/MiuiNotification; (blocked, reflection, denied)
01-30 14:16:22.574 12740 14018 W com.mbwhatsapp: Accessing hidden method Landroid/app/MiuiNotification;-><init>()V (blocked, reflection, denied)
01-30 14:16:35.797 12740 12749 W com.mbwhatsapp: Suspending all threads took: 9.527ms
01-30 14:16:35.987 12740 14018 W com.mbwhatsapp: Accessing hidden method Landroid/app/MiuiNotification;-><init>()V (blocked, reflection, denied)
01-30 14:16:36.055 12740 13667 W com.mbwhatsapp: Accessing hidden field Landroid/app/Notification;->extraNotification:Landroid/app/MiuiNotification; (blocked, reflection, denied)
01-30 14:16:36.204 12740 14018 W com.mbwhatsapp: Accessing hidden method Landroid/app/MiuiNotification;-><init>()V (blocked, reflection, denied)
01-30 14:16:54.549 12740 13667 W com.mbwhatsapp: Accessing hidden field Landroid/app/Notification;->extraNotification:Landroid/app/MiuiNotification; (blocked, reflection, denied)
01-30 14:16:54.575 12740 13667 W com.mbwhatsapp: Accessing hidden field Landroid/app/Notification;->extraNotification:Landroid/app/MiuiNotification; (blocked, reflection, denied)
01-30 14:16:54.610 12740 14018 W com.mbwhatsapp: Accessing hidden method Landroid/app/MiuiNotification;-><init>()V (blocked, reflection, denied)
01-30 14:17:00.207 12740 13667 W com.mbwhatsapp: Accessing hidden field Landroid/app/Notification;->extraNotification:Landroid/app/MiuiNotification; (blocked, reflection, denied)
01-30 14:17:00.248 12740 13667 W com.mbwhatsapp: Accessing hidden field Landroid/app/Notification;->extraNotification:Landroid/app/MiuiNotification; (blocked, reflection, denied)
01-30 14:17:00.284 12740 14018 W com.mbwhatsapp: Accessing hidden method Landroid/app/MiuiNotification;-><init>()V (blocked, reflection, denied)
01-30 14:17:17.624 12740 12740 E ArmVmp : Match on catch block at 0x0a in for 0x72f9148035
01-30 14:17:17.631 12740 12740 E ArmVmp : Match on catch block at 0x0a in for 0x72f9148035
01-30 14:17:17.686 12740 12740 W Activity: PerfMonitor: Slow Operation: Activity com.mbwhatsapp/.Conversation onStart took 267ms
01-30 14:17:18.102 12740 21600 E Linkify : Unsupported character for applying links: u202C
01-30 14:17:18.332 12740 12740 E ArmVmp : Match on catch block at 0xc3 in for 0x72f9148025
01-30 14:17:18.672 12740 12740 E ArmVmp : Match on catch block at 0xc3 in for 0x72f9148025
01-30 14:17:18.675 12740 12740 E ArmVmp : Match on catch block at 0xc3 in for 0x72f9148025
01-30 14:17:18.731 12740 12740 W Looper : PerfMonitor doFrame : time=894ms vsyncFrame=0 latency=431ms procState=-1 historyMsgCount=1 (msgIndex=1 wall=434ms seq=10199 late=1ms h=android.app.ActivityThread$H w=159)
01-30 14:17:18.739 12740 12740 W Looper : PerfMonitor looperActivity : package=com.mbwhatsapp/.Conversation time=1ms latency=942ms procState=-1 historyMsgCount=14 (msgIndex=1 wall=434ms seq=10199 late=1ms h=android.app.ActivityThread$H w=159) (msgIndex=2 wall=894ms seq=10200 late=431ms h=android.view.Choreographer$FrameHandler c=android.view.Choreographer$FrameDisplayEventReceiver)
01-30 14:17:18.743 12740 12740 W Looper : PerfMonitor looperActivity : package=com.mbwhatsapp/.Conversation time=4ms latency=943ms procState=-1 historyMsgCount=15 (msgIndex=1 wall=434ms seq=10199 late=1ms h=android.app.ActivityThread$H w=159) (msgIndex=2 wall=894ms seq=10200 late=431ms h=android.view.Choreographer$FrameHandler c=android.view.Choreographer$FrameDisplayEventReceiver)
01-30 14:17:18.850 12740 12740 E ArmVmp : Match on catch block at 0xc3 in for 0x72f9148025
01-30 14:17:18.853 12740 12740 E ArmVmp : Match on catch block at 0xc3 in for 0x72f9148025
01-30 14:17:18.867 12740 12740 W Looper : PerfMonitor doFrame : time=122ms vsyncFrame=0 latency=889ms procState=-1 historyMsgCount=17 (msgIndex=1 wall=894ms seq=10200 late=431ms h=android.view.Choreographer$FrameHandler c=android.view.Choreographer$FrameDisplayEventReceiver)
01-30 14:17:19.004 12740 12740 W Looper : PerfMonitor looperActivity : package=com.mbwhatsapp/.authentication.AppAuthenticationActivity time=130ms latency=567ms procState=-1 historyMsgCount=44 (msgIndex=1 wall=894ms seq=10200 late=431ms h=android.view.Choreographer$FrameHandler c=android.view.Choreographer$FrameDisplayEventReceiver) (msgIndex=18 wall=122ms seq=10217 late=889ms h=android.view.Choreographer$FrameHandler c=android.view.Choreographer$FrameDisplayEventReceiver)
01-30 14:17:19.004 12740 12740 W Looper : PerfMonitor looperActivity : package=com.mbwhatsapp/.authentication.AppAuthenticationActivity time=0ms latency=696ms procState=-1 historyMsgCount=45 (msgIndex=1 wall=894ms seq=10200 late=431ms h=android.view.Choreographer$FrameHandler c=android.view.Choreographer$FrameDisplayEventReceiver) (msgIndex=18 wall=122ms seq=10217 late=889ms h=android.view.Choreographer$FrameHandler c=android.view.Choreographer$FrameDisplayEventReceiver) (msgIndex=45 wall=130ms seq=10244 late=567ms h=android.app.ActivityThread$H w=159)
01-30 14:17:19.026 12740 12740 W Looper : PerfMonitor looperActivity : package=com.mbwhatsapp/.Conversation time=21ms latency=691ms procState=-1 historyMsgCount=47 (msgIndex=1 wall=894ms seq=10200 late=431ms h=android.view.Choreographer$FrameHandler c=android.view.Choreographer$FrameDisplayEventReceiver) (msgIndex=18 wall=122ms seq=10217 late=889ms h=android.view.Choreographer$FrameHandler c=android.view.Choreographer$FrameDisplayEventReceiver) (msgIndex=45 wall=130ms seq=10244 late=567ms h=android.app.ActivityThread$H w=159)
01-30 14:17:19.073 12740 13050 E perf_hint: Session creation failed, mPreferredRateNanos: -1
01-30 14:17:20.104 12740 12740 W FingerprintManager: Invalid acquired message: 6, 22
01-30 14:17:20.842 12740 12740 E ArmVmp : Match on catch block at 0x0a in for 0x72f9148035
01-30 14:17:20.847 12740 12740 E ArmVmp : Match on catch block at 0x0a in for 0x72f9148035
01-30 14:17:20.951 12740 12740 E ArmVmp : Match on catch block at 0xc3 in for 0x72f9148025
01-30 14:17:20.956 12740 12740 E ArmVmp : Match on catch block at 0xc3 in for 0x72f9148025
01-30 14:17:20.957 12740 12740 E ArmVmp : Match on catch block at 0xc3 in for 0x72f9148025
01-30 14:17:21.053 12740 12740 E ArmVmp : Match on catch block at 0xc3 in for 0x72f9148025
01-30 14:17:21.056 12740 12740 E ArmVmp : Match on catch block at 0xc3 in for 0x72f9148025
01-30 14:17:21.078 12740 12740 E ArmVmp : Match on catch block at 0xc3 in for 0x72f9148025
01-30 14:17:21.084 12740 12740 E ArmVmp : Match on catch block at 0xc3 in for 0x72f9148025
01-30 14:17:21.107 12740 12740 E ArmVmp : Match on catch block at 0xc3 in for 0x72f9148025
01-30 14:17:21.112 12740 12740 E ArmVmp : Match on catch block at 0xc3 in for 0x72f9148025
01-30 14:17:21.123 12740 12740 E ArmVmp : Match on catch block at 0xc3 in for 0x72f9148025
01-30 14:17:21.126 12740 12740 E ArmVmp : Match on catch block at 0xc3 in for 0x72f9148025
01-30 14:17:21.128 12740 14018 W com.mbwhatsapp: Accessing hidden method Landroid/app/MiuiNotification;-><init>()V (blocked, reflection, denied)
01-30 14:17:21.139 12740 12740 E ArmVmp : Match on catch block at 0xc3 in for 0x72f9148025
01-30 14:17:21.143 12740 12740 E ArmVmp : Match on catch block at 0xc3 in for 0x72f9148025
01-30 14:17:21.154 12740 12740 E ArmVmp : Match on catch block at 0xc3 in for 0x72f9148025
01-30 14:17:21.158 12740 12740 E ArmVmp : Match on catch block at 0xc3 in for 0x72f9148025
01-30 14:17:21.162 12740 12740 E ArmVmp : Match on catch block at 0xc3 in for 0x72f9148025
01-30 14:17:21.164 12740 12740 E ArmVmp : Match on catch block at 0xc3 in for 0x72f9148025
01-30 14:17:21.174 12740 12740 E ArmVmp : Match on catch block at 0xc3 in for 0x72f9148025
01-30 14:17:21.177 12740 12740 E ArmVmp : Match on catch block at 0xc3 in for 0x72f9148025
01-30 14:17:21.192 12740 12740 E ArmVmp : Match on catch block at 0xc3 in for 0x72f9148025
01-30 14:17:21.194 12740 12740 E ArmVmp : Match on catch block at 0xc3 in for 0x72f9148025
01-30 14:17:21.208 12740 12740 E ArmVmp : Match on catch block at 0xc3 in for 0x72f9148025
01-30 14:17:21.210 12740 12740 E ArmVmp : Match on catch block at 0xc3 in for 0x72f9148025
01-30 14:17:21.225 12740 12740 E ArmVmp : Match on catch block at 0xc3 in for 0x72f9148025
01-30 14:17:21.228 12740 12740 E ArmVmp : Match on catch block at 0xc3 in for 0x72f9148025
01-30 14:17:21.240 12740 12740 E ArmVmp : Match on catch block at 0xc3 in for 0x72f9148025
01-30 14:17:21.242 12740 12740 E ArmVmp : Match on catch block at 0xc3 in for 0x72f9148025
01-30 14:17:21.257 12740 12740 E ArmVmp : Match on catch block at 0xc3 in for 0x72f9148025
01-30 14:17:21.260 12740 12740 E ArmVmp : Match on catch block at 0xc3 in for 0x72f9148025
01-30 14:17:21.273 12740 12740 E ArmVmp : Match on catch block at 0xc3 in for 0x72f9148025
01-30 14:17:21.275 12740 12740 E ArmVmp : Match on catch block at 0xc3 in for 0x72f9148025
01-30 14:17:21.290 12740 12740 E ArmVmp : Match on catch block at 0xc3 in for 0x72f9148025
01-30 14:17:21.292 12740 12740 E ArmVmp : Match on catch block at 0xc3 in for 0x72f9148025
01-30 14:17:21.307 12740 12740 E ArmVmp : Match on catch block at 0xc3 in for 0x72f9148025
01-30 14:17:21.310 12740 12740 E ArmVmp : Match on catch block at 0xc3 in for 0x72f9148025
01-30 14:17:21.323 12740 12740 E ArmVmp : Match on catch block at 0xc3 in for 0x72f9148025
01-30 14:17:21.326 12740 12740 E ArmVmp : Match on catch block at 0xc3 in for 0x72f9148025
01-30 14:17:21.340 12740 12740 E ArmVmp : Match on catch block at 0xc3 in for 0x72f9148025
01-30 14:17:21.342 12740 12740 E ArmVmp : Match on catch block at 0xc3 in for 0x72f9148025
01-30 14:17:21.357 12740 12740 E ArmVmp : Match on catch block at 0xc3 in for 0x72f9148025
01-30 14:17:21.359 12740 12740 E ArmVmp : Match on catch block at 0xc3 in for 0x72f9148025
01-30 14:17:21.374 12740 12740 E ArmVmp : Match on catch block at 0xc3 in for 0x72f9148025
01-30 14:17:21.376 12740 12740 E ArmVmp : Match on catch block at 0xc3 in for 0x72f9148025
01-30 14:17:21.394 12740 14018 W com.mbwhatsapp: Accessing hidden method Landroid/app/MiuiNotification;-><init>()V (blocked, reflection, denied)
01-30 14:17:21.394 12740 12740 E ArmVmp : Match on catch block at 0xc3 in for 0x72f9148025
01-30 14:17:21.399 12740 12740 E ArmVmp : Match on catch block at 0xc3 in for 0x72f9148025
01-30 14:17:21.412 12740 12740 E ArmVmp : Match on catch block at 0xc3 in for 0x72f9148025
01-30 14:17:21.414 12740 12740 E ArmVmp : Match on catch block at 0xc3 in for 0x72f9148025
01-30 14:17:21.424 12740 12740 E ArmVmp : Match on catch block at 0xc3 in for 0x72f9148025
01-30 14:17:21.428 12740 12740 E ArmVmp : Match on catch block at 0xc3 in for 0x72f9148025
01-30 14:17:21.441 12740 12740 E ArmVmp : Match on catch block at 0xc3 in for 0x72f9148025
01-30 14:17:21.443 12740 12740 E ArmVmp : Match on catch block at 0xc3 in for 0x72f9148025
01-30 14:17:21.457 12740 12740 E ArmVmp : Match on catch block at 0xc3 in for 0x72f9148025
01-30 14:17:21.461 12740 12740 E ArmVmp : Match on catch block at 0xc3 in for 0x72f9148025
01-30 14:17:21.474 12740 12740 E ArmVmp : Match on catch block at 0xc3 in for 0x72f9148025
01-30 14:17:21.478 12740 12740 E ArmVmp : Match on catch block at 0xc3 in for 0x72f9148025
01-30 14:17:21.491 12740 12740 E ArmVmp : Match on catch block at 0xc3 in for 0x72f9148025
01-30 14:17:21.494 12740 12740 E ArmVmp : Match on catch block at 0xc3 in for 0x72f9148025
01-30 14:17:21.508 12740 12740 E ArmVmp : Match on catch block at 0xc3 in for 0x72f9148025
01-30 14:17:21.511 12740 12740 E ArmVmp : Match on catch block at 0xc3 in for 0x72f9148025
01-30 14:17:21.524 12740 12740 E ArmVmp : Match on catch block at 0xc3 in for 0x72f9148025
01-30 14:17:21.528 12740 12740 E ArmVmp : Match on catch block at 0xc3 in for 0x72f9148025
01-30 14:17:21.542 12740 12740 E ArmVmp : Match on catch block at 0xc3 in for 0x72f9148025
01-30 14:17:21.545 12740 12740 E ArmVmp : Match on catch block at 0xc3 in for 0x72f9148025
01-30 14:17:21.558 12740 12740 E ArmVmp : Match on catch block at 0xc3 in for 0x72f9148025
01-30 14:17:21.561 12740 12740 E ArmVmp : Match on catch block at 0xc3 in for 0x72f9148025
01-30 14:17:21.575 12740 12740 E ArmVmp : Match on catch block at 0xc3 in for 0x72f9148025
01-30 14:17:21.578 12740 12740 E ArmVmp : Match on catch block at 0xc3 in for 0x72f9148025
01-30 14:17:21.591 12740 12740 E ArmVmp : Match on catch block at 0xc3 in for 0x72f9148025
01-30 14:17:21.595 12740 12740 E ArmVmp : Match on catch block at 0xc3 in for 0x72f9148025
01-30 14:17:21.608 12740 12740 E ArmVmp : Match on catch block at 0xc3 in for 0x72f9148025
01-30 14:17:21.611 12740 12740 E ArmVmp : Match on catch block at 0xc3 in for 0x72f9148025
01-30 14:17:21.625 12740 12740 E ArmVmp : Match on catch block at 0xc3 in for 0x72f9148025
01-30 14:17:21.628 12740 12740 E ArmVmp : Match on catch block at 0xc3 in for 0x72f9148025
01-30 14:17:21.642 12740 12740 E ArmVmp : Match on catch block at 0xc3 in for 0x72f9148025
01-30 14:17:21.645 12740 12740 E ArmVmp : Match on catch block at 0xc3 in for 0x72f9148025
01-30 14:17:21.658 12740 12740 E ArmVmp : Match on catch block at 0xc3 in for 0x72f9148025
01-30 14:17:21.662 12740 12740 E ArmVmp : Match on catch block at 0xc3 in for 0x72f9148025
01-30 14:17:21.675 12740 12740 E ArmVmp : Match on catch block at 0xc3 in for 0x72f9148025
01-30 14:17:21.678 12740 12740 E ArmVmp : Match on catch block at 0xc3 in for 0x72f9148025
01-30 14:17:21.692 12740 12740 E ArmVmp : Match on catch block at 0xc3 in for 0x72f9148025
01-30 14:17:21.695 12740 12740 E ArmVmp : Match on catch block at 0xc3 in for 0x72f9148025
01-30 14:17:21.708 12740 12740 E ArmVmp : Match on catch block at 0xc3 in for 0x72f9148025
01-30 14:17:21.712 12740 12740 E ArmVmp : Match on catch block at 0xc3 in for 0x72f9148025
01-30 14:17:21.725 12740 12740 E ArmVmp : Match on catch block at 0xc3 in for 0x72f9148025
01-30 14:17:21.728 12740 12740 E ArmVmp : Match on catch block at 0xc3 in for 0x72f9148025
01-30 14:17:21.741 12740 12740 E ArmVmp : Match on catch block at 0xc3 in for 0x72f9148025
01-30 14:17:21.745 12740 12740 E ArmVmp : Match on catch block at 0xc3 in for 0x72f9148025
01-30 14:17:21.758 12740 12740 E ArmVmp : Match on catch block at 0xc3 in for 0x72f9148025
01-30 14:17:21.762 12740 12740 E ArmVmp : Match on catch block at 0xc3 in for 0x72f9148025
01-30 14:17:21.775 12740 12740 E ArmVmp : Match on catch block at 0xc3 in for 0x72f9148025
01-30 14:17:21.778 12740 12740 E ArmVmp : Match on catch block at 0xc3 in for 0x72f9148025
01-30 14:17:21.791 12740 12740 E ArmVmp : Match on catch block at 0xc3 in for 0x72f9148025
01-30 14:17:21.795 12740 12740 E ArmVmp : Match on catch block at 0xc3 in for 0x72f9148025
01-30 14:17:21.808 12740 12740 E ArmVmp : Match on catch block at 0xc3 in for 0x72f9148025
01-30 14:17:21.811 12740 12740 E ArmVmp : Match on catch block at 0xc3 in for 0x72f9148025
01-30 14:17:21.825 12740 12740 E ArmVmp : Match on catch block at 0xc3 in for 0x72f9148025
01-30 14:17:21.828 12740 12740 E ArmVmp : Match on catch block at 0xc3 in for 0x72f9148025
01-30 14:17:21.842 12740 12740 E ArmVmp : Match on catch block at 0xc3 in for 0x72f9148025
01-30 14:17:21.845 12740 12740 E ArmVmp : Match on catch block at 0xc3 in for 0x72f9148025
01-30 14:17:21.858 12740 12740 E ArmVmp : Match on catch block at 0xc3 in for 0x72f9148025
01-30 14:17:21.861 12740 12740 E ArmVmp : Match on catch block at 0xc3 in for 0x72f9148025
01-30 14:17:21.875 12740 12740 E ArmVmp : Match on catch block at 0xc3 in for 0x72f9148025
01-30 14:17:21.878 12740 12740 E ArmVmp : Match on catch block at 0xc3 in for 0x72f9148025
01-30 14:17:21.891 12740 12740 E ArmVmp : Match on catch block at 0xc3 in for 0x72f9148025
01-30 14:17:21.894 12740 12740 E ArmVmp : Match on catch block at 0xc3 in for 0x72f9148025
01-30 14:17:21.908 12740 12740 E ArmVmp : Match on catch block at 0xc3 in for 0x72f9148025
01-30 14:17:21.911 12740 12740 E ArmVmp : Match on catch block at 0xc3 in for 0x72f9148025
01-30 14:17:21.925 12740 12740 E ArmVmp : Match on catch block at 0xc3 in for 0x72f9148025
01-30 14:17:21.928 12740 12740 E ArmVmp : Match on catch block at 0xc3 in for 0x72f9148025
01-30 14:17:21.941 12740 12740 E ArmVmp : Match on catch block at 0xc3 in for 0x72f9148025
01-30 14:17:21.945 12740 12740 E ArmVmp : Match on catch block at 0xc3 in for 0x72f9148025
01-30 14:17:21.958 12740 12740 E ArmVmp : Match on catch block at 0xc3 in for 0x72f9148025
01-30 14:17:21.962 12740 12740 E ArmVmp : Match on catch block at 0xc3 in for 0x72f9148025
01-30 14:17:21.974 12740 12740 E ArmVmp : Match on catch block at 0xc3 in for 0x72f9148025
01-30 14:17:21.978 12740 12740 E ArmVmp : Match on catch block at 0xc3 in for 0x72f9148025
01-30 14:17:21.991 12740 12740 E ArmVmp : Match on catch block at 0xc3 in for 0x72f9148025
01-30 14:17:21.995 12740 12740 E ArmVmp : Match on catch block at 0xc3 in for 0x72f9148025
01-30 14:17:22.008 12740 12740 E ArmVmp : Match on catch block at 0xc3 in for 0x72f9148025
01-30 14:17:22.011 12740 12740 E ArmVmp : Match on catch block at 0xc3 in for 0x72f9148025
01-30 14:17:22.025 12740 12740 E ArmVmp : Match on catch block at 0xc3 in for 0x72f9148025
01-30 14:17:22.028 12740 12740 E ArmVmp : Match on catch block at 0xc3 in for 0x72f9148025
01-30 14:17:22.041 12740 12740 E ArmVmp : Match on catch block at 0xc3 in for 0x72f9148025
01-30 14:17:22.045 12740 12740 E ArmVmp : Match on catch block at 0xc3 in for 0x72f9148025
01-30 14:17:22.058 12740 12740 E ArmVmp : Match on catch block at 0xc3 in for 0x72f9148025
01-30 14:17:22.061 12740 12740 E ArmVmp : Match on catch block at 0xc3 in for 0x72f9148025
01-30 14:17:22.074 12740 12740 E ArmVmp : Match on catch block at 0xc3 in for 0x72f9148025
01-30 14:17:22.078 12740 12740 E ArmVmp : Match on catch block at 0xc3 in for 0x72f9148025
01-30 14:17:22.092 12740 12740 E ArmVmp : Match on catch block at 0xc3 in for 0x72f9148025
01-30 14:17:22.097 12740 12740 E ArmVmp : Match on catch block at 0xc3 in for 0x72f9148025
01-30 14:17:22.108 12740 12740 E ArmVmp : Match on catch block at 0xc3 in for 0x72f9148025
01-30 14:17:22.113 12740 12740 E ArmVmp : Match on catch block at 0xc3 in for 0x72f9148025
01-30 14:17:22.126 12740 12740 E ArmVmp : Match on catch block at 0xc3 in for 0x72f9148025
01-30 14:17:22.131 12740 12740 E ArmVmp : Match on catch block at 0xc3 in for 0x72f9148025
01-30 14:17:22.143 12740 12740 E ArmVmp : Match on catch block at 0xc3 in for 0x72f9148025
01-30 14:17:22.149 12740 12740 E ArmVmp : Match on catch block at 0xc3 in for 0x72f9148025
01-30 14:17:22.160 12740 12740 E ArmVmp : Match on catch block at 0xc3 in for 0x72f9148025
01-30 14:17:22.165 12740 12740 E ArmVmp : Match on catch block at 0xc3 in for 0x72f9148025
01-30 14:17:22.175 12740 12740 E ArmVmp : Match on catch block at 0xc3 in for 0x72f9148025
01-30 14:17:22.178 12740 12740 E ArmVmp : Match on catch block at 0xc3 in for 0x72f9148025
01-30 14:17:22.191 12740 12740 E ArmVmp : Match on catch block at 0xc3 in for 0x72f9148025
01-30 14:17:22.194 12740 12740 E ArmVmp : Match on catch block at 0xc3 in for 0x72f9148025
01-30 14:17:22.208 12740 12740 E ArmVmp : Match on catch block at 0xc3 in for 0x72f9148025
01-30 14:17:22.211 12740 12740 E ArmVmp : Match on catch block at 0xc3 in for 0x72f9148025
01-30 14:17:22.224 12740 12740 E ArmVmp : Match on catch block at 0xc3 in for 0x72f9148025
01-30 14:17:22.227 12740 12740 E ArmVmp : Match on catch block at 0xc3 in for 0x72f9148025
01-30 14:17:22.241 12740 12740 E ArmVmp : Match on catch block at 0xc3 in for 0x72f9148025
01-30 14:17:22.244 12740 12740 E ArmVmp : Match on catch block at 0xc3 in for 0x72f9148025
01-30 14:17:22.258 12740 12740 E ArmVmp : Match on catch block at 0xc3 in for 0x72f9148025
01-30 14:17:22.261 12740 12740 E ArmVmp : Match on catch block at 0xc3 in for 0x72f9148025
01-30 14:17:22.275 12740 12740 E ArmVmp : Match on catch block at 0xc3 in for 0x72f9148025
01-30 14:17:22.278 12740 12740 E ArmVmp : Match on catch block at 0xc3 in for 0x72f9148025
01-30 14:17:22.291 12740 12740 E ArmVmp : Match on catch block at 0xc3 in for 0x72f9148025
01-30 14:17:22.296 12740 12740 E ArmVmp : Match on catch block at 0xc3 in for 0x72f9148025
01-30 14:17:22.308 12740 12740 E ArmVmp : Match on catch block at 0xc3 in for 0x72f9148025
01-30 14:17:22.312 12740 12740 E ArmVmp : Match on catch block at 0xc3 in for 0x72f9148025
01-30 14:17:22.325 12740 12740 E ArmVmp : Match on catch block at 0xc3 in for 0x72f9148025
01-30 14:17:22.329 12740 12740 E ArmVmp : Match on catch block at 0xc3 in for 0x72f9148025
01-30 14:17:22.342 12740 12740 E ArmVmp : Match on catch block at 0xc3 in for 0x72f9148025
01-30 14:17:22.346 12740 12740 E ArmVmp : Match on catch block at 0xc3 in for 0x72f9148025
01-30 14:17:22.359 12740 12740 E ArmVmp : Match on catch block at 0xc3 in for 0x72f9148025
01-30 14:17:22.363 12740 12740 E ArmVmp : Match on catch block at 0xc3 in for 0x72f9148025
01-30 14:17:22.375 12740 12740 E ArmVmp : Match on catch block at 0xc3 in for 0x72f9148025
01-30 14:17:22.379 12740 12740 E ArmVmp : Match on catch block at 0xc3 in for 0x72f9148025
01-30 14:17:22.392 12740 12740 E ArmVmp : Match on catch block at 0xc3 in for 0x72f9148025
01-30 14:17:22.397 12740 12740 E ArmVmp : Match on catch block at 0xc3 in for 0x72f9148025
01-30 14:17:22.408 12740 12740 E ArmVmp : Match on catch block at 0xc3 in for 0x72f9148025
01-30 14:17:22.411 12740 12740 E ArmVmp : Match on catch block at 0xc3 in for 0x72f9148025
01-30 14:17:22.425 12740 12740 E ArmVmp : Match on catch block at 0xc3 in for 0x72f9148025
01-30 14:17:22.428 12740 12740 E ArmVmp : Match on catch block at 0xc3 in for 0x72f9148025
01-30 14:17:22.441 12740 12740 E ArmVmp : Match on catch block at 0xc3 in for 0x72f9148025
01-30 14:17:22.445 12740 12740 E ArmVmp : Match on catch block at 0xc3 in for 0x72f9148025
01-30 14:17:22.458 12740 12740 E ArmVmp : Match on catch block at 0xc3 in for 0x72f9148025
01-30 14:17:22.461 12740 12740 E ArmVmp : Match on catch block at 0xc3 in for 0x72f9148025
01-30 14:17:22.475 12740 12740 E ArmVmp : Match on catch block at 0xc3 in for 0x72f9148025
01-30 14:17:22.478 12740 12740 E ArmVmp : Match on catch block at 0xc3 in for 0x72f9148025
01-30 14:17:22.491 12740 12740 E ArmVmp : Match on catch block at 0xc3 in for 0x72f9148025
01-30 14:17:22.494 12740 12740 E ArmVmp : Match on catch block at 0xc3 in for 0x72f9148025
01-30 14:17:22.508 12740 12740 E ArmVmp : Match on catch block at 0xc3 in for 0x72f9148025
01-30 14:17:22.511 12740 12740 E ArmVmp : Match on catch block at 0xc3 in for 0x72f9148025
01-30 14:17:22.525 12740 12740 E ArmVmp : Match on catch block at 0xc3 in for 0x72f9148025
01-30 14:17:22.528 12740 12740 E ArmVmp : Match on catch block at 0xc3 in for 0x72f9148025
01-30 14:17:22.543 12740 12740 E ArmVmp : Match on catch block at 0xc3 in for 0x72f9148025
01-30 14:17:22.549 12740 12740 E ArmVmp : Match on catch block at 0xc3 in for 0x72f9148025
01-30 14:17:22.559 12740 12740 E ArmVmp : Match on catch block at 0xc3 in for 0x72f9148025
01-30 14:17:22.564 12740 12740 E ArmVmp : Match on catch block at 0xc3 in for 0x72f9148025
01-30 14:17:22.575 12740 12740 E ArmVmp : Match on catch block at 0xc3 in for 0x72f9148025
01-30 14:17:22.580 12740 12740 E ArmVmp : Match on catch block at 0xc3 in for 0x72f9148025
01-30 14:17:22.592 12740 12740 E ArmVmp : Match on catch block at 0xc3 in for 0x72f9148025
01-30 14:17:22.598 12740 12740 E ArmVmp : Match on catch block at 0xc3 in for 0x72f9148025
01-30 14:17:22.609 12740 12740 E ArmVmp : Match on catch block at 0xc3 in for 0x72f9148025
01-30 14:17:22.614 12740 12740 E ArmVmp : Match on catch block at 0xc3 in for 0x72f9148025
01-30 14:17:22.625 12740 12740 E ArmVmp : Match on catch block at 0xc3 in for 0x72f9148025
01-30 14:17:22.630 12740 12740 E ArmVmp : Match on catch block at 0xc3 in for 0x72f9148025
01-30 14:17:22.642 12740 12740 E ArmVmp : Match on catch block at 0xc3 in for 0x72f9148025
01-30 14:17:22.647 12740 12740 E ArmVmp : Match on catch block at 0xc3 in for 0x72f9148025
01-30 14:17:22.658 12740 12740 E ArmVmp : Match on catch block at 0xc3 in for 0x72f9148025
01-30 14:17:22.662 12740 12740 E ArmVmp : Match on catch block at 0xc3 in for 0x72f9148025
01-30 14:17:22.674 12740 12740 E ArmVmp : Match on catch block at 0xc3 in for 0x72f9148025
01-30 14:17:22.678 12740 12740 E ArmVmp : Match on catch block at 0xc3 in for 0x72f9148025
01-30 14:17:22.691 12740 12740 E ArmVmp : Match on catch block at 0xc3 in for 0x72f9148025
01-30 14:17:22.694 12740 12740 E ArmVmp : Match on catch block at 0xc3 in for 0x72f9148025
01-30 14:17:22.708 12740 12740 E ArmVmp : Match on catch block at 0xc3 in for 0x72f9148025
01-30 14:17:22.711 12740 12740 E ArmVmp : Match on catch block at 0xc3 in for 0x72f9148025
01-30 14:17:22.724 12740 12740 E ArmVmp : Match on catch block at 0xc3 in for 0x72f9148025
01-30 14:17:22.728 12740 12740 E ArmVmp : Match on catch block at 0xc3 in for 0x72f9148025
01-30 14:17:22.743 12740 12740 E ArmVmp : Match on catch block at 0xc3 in for 0x72f9148025
01-30 14:17:22.749 12740 12740 E ArmVmp : Match on catch block at 0xc3 in for 0x72f9148025
01-30 14:17:22.758 12740 12740 E ArmVmp : Match on catch block at 0xc3 in for 0x72f9148025
01-30 14:17:22.762 12740 12740 E ArmVmp : Match on catch block at 0xc3 in for 0x72f9148025
01-30 14:17:22.775 12740 12740 E ArmVmp : Match on catch block at 0xc3 in for 0x72f9148025
01-30 14:17:22.778 12740 12740 E ArmVmp : Match on catch block at 0xc3 in for 0x72f9148025
01-30 14:17:22.791 12740 12740 E ArmVmp : Match on catch block at 0xc3 in for 0x72f9148025
01-30 14:17:22.795 12740 12740 E ArmVmp : Match on catch block at 0xc3 in for 0x72f9148025
01-30 14:17:22.808 12740 12740 E ArmVmp : Match on catch block at 0xc3 in for 0x72f9148025
01-30 14:17:22.811 12740 12740 E ArmVmp : Match on catch block at 0xc3 in for 0x72f9148025
01-30 14:17:22.825 12740 12740 E ArmVmp : Match on catch block at 0xc3 in for 0x72f9148025
01-30 14:17:22.828 12740 12740 E ArmVmp : Match on catch block at 0xc3 in for 0x72f9148025
01-30 14:17:22.842 12740 12740 E ArmVmp : Match on catch block at 0xc3 in for 0x72f9148025
01-30 14:17:22.845 12740 12740 E ArmVmp : Match on catch block at 0xc3 in for 0x72f9148025
01-30 14:17:22.858 12740 12740 E ArmVmp : Match on catch block at 0xc3 in for 0x72f9148025
01-30 14:17:22.861 12740 12740 E ArmVmp : Match on catch block at 0xc3 in for 0x72f9148025
01-30 14:17:22.875 12740 12740 E ArmVmp : Match on catch block at 0xc3 in for 0x72f9148025
01-30 14:17:22.879 12740 12740 E ArmVmp : Match on catch block at 0xc3 in for 0x72f9148025
01-30 14:17:22.891 12740 12740 E ArmVmp : Match on catch block at 0xc3 in for 0x72f9148025
01-30 14:17:22.895 12740 12740 E ArmVmp : Match on catch block at 0xc3 in for 0x72f9148025
01-30 14:17:22.908 12740 12740 E ArmVmp : Match on catch block at 0xc3 in for 0x72f9148025
01-30 14:17:22.912 12740 12740 E ArmVmp : Match on catch block at 0xc3 in for 0x72f9148025
01-30 14:17:22.924 12740 12740 E ArmVmp : Match on catch block at 0xc3 in for 0x72f9148025
01-30 14:17:22.928 12740 12740 E ArmVmp : Match on catch block at 0xc3 in for 0x72f9148025
01-30 14:17:22.941 12740 12740 E ArmVmp : Match on catch block at 0xc3 in for 0x72f9148025
01-30 14:17:22.943 12740 12740 E ArmVmp : Match on catch block at 0xc3 in for 0x72f9148025
01-30 14:17:22.958 12740 12740 E ArmVmp : Match on catch block at 0xc3 in for 0x72f9148025
01-30 14:17:22.960 12740 12740 E ArmVmp : Match on catch block at 0xc3 in for 0x72f9148025
01-30 14:17:22.974 12740 12740 E ArmVmp : Match on catch block at 0xc3 in for 0x72f9148025
01-30 14:17:22.977 12740 12740 E ArmVmp : Match on catch block at 0xc3 in for 0x72f9148025
01-30 14:17:22.991 12740 12740 E ArmVmp : Match on catch block at 0xc3 in for 0x72f9148025
01-30 14:17:22.995 12740 12740 E ArmVmp : Match on catch block at 0xc3 in for 0x72f9148025
01-30 14:17:23.008 12740 12740 E ArmVmp : Match on catch block at 0xc3 in for 0x72f9148025
01-30 14:17:23.011 12740 12740 E ArmVmp : Match on catch block at 0xc3 in for 0x72f9148025
01-30 14:17:23.024 12740 12740 E ArmVmp : Match on catch block at 0xc3 in for 0x72f9148025
01-30 14:17:23.028 12740 12740 E ArmVmp : Match on catch block at 0xc3 in for 0x72f9148025
01-30 14:17:23.041 12740 12740 E ArmVmp : Match on catch block at 0xc3 in for 0x72f9148025
01-30 14:17:23.044 12740 12740 E ArmVmp : Match on catch block at 0xc3 in for 0x72f9148025
01-30 14:17:23.058 12740 12740 E ArmVmp : Match on catch block at 0xc3 in for 0x72f9148025
01-30 14:17:23.061 12740 12740 E ArmVmp : Match on catch block at 0xc3 in for 0x72f9148025
01-30 14:17:23.074 12740 12740 E ArmVmp : Match on catch block at 0xc3 in for 0x72f9148025
01-30 14:17:23.078 12740 12740 E ArmVmp : Match on catch block at 0xc3 in for 0x72f9148025
01-30 14:17:23.093 12740 12740 E ArmVmp : Match on catch block at 0xc3 in for 0x72f9148025
01-30 14:17:23.097 12740 12740 E ArmVmp : Match on catch block at 0xc3 in for 0x72f9148025
01-30 14:17:23.108 12740 12740 E ArmVmp : Match on catch block at 0xc3 in for 0x72f9148025
01-30 14:17:23.112 12740 12740 E ArmVmp : Match on catch block at 0xc3 in for 0x72f9148025
01-30 14:17:23.125 12740 12740 E ArmVmp : Match on catch block at 0xc3 in for 0x72f9148025
01-30 14:17:23.130 12740 12740 E ArmVmp : Match on catch block at 0xc3 in for 0x72f9148025
01-30 14:17:23.142 12740 12740 E ArmVmp : Match on catch block at 0xc3 in for 0x72f9148025
01-30 14:17:23.147 12740 12740 E ArmVmp : Match on catch block at 0xc3 in for 0x72f9148025
01-30 14:17:23.160 12740 12740 E ArmVmp : Match on catch block at 0xc3 in for 0x72f9148025
01-30 14:17:23.164 12740 12740 E ArmVmp : Match on catch block at 0xc3 in for 0x72f9148025
01-30 14:17:23.175 12740 12740 E ArmVmp : Match on catch block at 0xc3 in for 0x72f9148025
01-30 14:17:23.178 12740 12740 E ArmVmp : Match on catch block at 0xc3 in for 0x72f9148025
01-30 14:17:23.191 12740 12740 E ArmVmp : Match on catch block at 0xc3 in for 0x72f9148025
01-30 14:17:23.194 12740 12740 E ArmVmp : Match on catch block at 0xc3 in for 0x72f9148025
01-30 14:17:23.208 12740 12740 E ArmVmp : Match on catch block at 0xc3 in for 0x72f9148025
01-30 14:17:23.211 12740 12740 E ArmVmp : Match on catch block at 0xc3 in for 0x72f9148025
01-30 14:17:23.224 12740 12740 E ArmVmp : Match on catch block at 0xc3 in for 0x72f9148025
01-30 14:17:23.228 12740 12740 E ArmVmp : Match on catch block at 0xc3 in for 0x72f9148025
01-30 14:17:23.241 12740 12740 E ArmVmp : Match on catch block at 0xc3 in for 0x72f9148025
01-30 14:17:23.244 12740 12740 E ArmVmp : Match on catch block at 0xc3 in for 0x72f9148025
01-30 14:17:23.258 12740 12740 E ArmVmp : Match on catch block at 0xc3 in for 0x72f9148025
01-30 14:17:23.261 12740 12740 E ArmVmp : Match on catch block at 0xc3 in for 0x72f9148025
01-30 14:17:23.275 12740 12740 E ArmVmp : Match on catch block at 0xc3 in for 0x72f9148025
01-30 14:17:23.278 12740 12740 E ArmVmp : Match on catch block at 0xc3 in for 0x72f9148025
01-30 14:17:23.291 12740 12740 E ArmVmp : Match on catch block at 0xc3 in for 0x72f9148025
01-30 14:17:23.294 12740 12740 E ArmVmp : Match on catch block at 0xc3 in for 0x72f9148025
01-30 14:17:23.308 12740 12740 E ArmVmp : Match on catch block at 0xc3 in for 0x72f9148025
01-30 14:17:23.312 12740 12740 E ArmVmp : Match on catch block at 0xc3 in for 0x72f9148025
01-30 14:17:23.325 12740 12740 E ArmVmp : Match on catch block at 0xc3 in for 0x72f9148025
01-30 14:17:23.329 12740 12740 E ArmVmp : Match on catch block at 0xc3 in for 0x72f9148025
01-30 14:17:23.342 12740 12740 E ArmVmp : Match on catch block at 0xc3 in for 0x72f9148025
01-30 14:17:23.347 12740 12740 E ArmVmp : Match on catch block at 0xc3 in for 0x72f9148025
01-30 14:17:23.359 12740 12740 E ArmVmp : Match on catch block at 0xc3 in for 0x72f9148025
01-30 14:17:23.363 12740 12740 E ArmVmp : Match on catch block at 0xc3 in for 0x72f9148025
01-30 14:17:23.375 12740 12740 E ArmVmp : Match on catch block at 0xc3 in for 0x72f9148025
01-30 14:17:23.381 12740 12740 E ArmVmp : Match on catch block at 0xc3 in for 0x72f9148025
01-30 14:17:23.392 12740 12740 E ArmVmp : Match on catch block at 0xc3 in for 0x72f9148025
01-30 14:17:23.396 12740 12740 E ArmVmp : Match on catch block at 0xc3 in for 0x72f9148025
01-30 14:17:23.408 12740 12740 E ArmVmp : Match on catch block at 0xc3 in for 0x72f9148025
01-30 14:17:23.411 12740 12740 E ArmVmp : Match on catch block at 0xc3 in for 0x72f9148025
01-30 14:17:23.424 12740 12740 E ArmVmp : Match on catch block at 0xc3 in for 0x72f9148025
01-30 14:17:23.428 12740 12740 E ArmVmp : Match on catch block at 0xc3 in for 0x72f9148025
01-30 14:17:23.441 12740 12740 E ArmVmp : Match on catch block at 0xc3 in for 0x72f9148025
01-30 14:17:23.445 12740 12740 E ArmVmp : Match on catch block at 0xc3 in for 0x72f9148025
01-30 14:17:23.458 12740 12740 E ArmVmp : Match on catch block at 0xc3 in for 0x72f9148025
01-30 14:17:23.461 12740 12740 E ArmVmp : Match on catch block at 0xc3 in for 0x72f9148025
01-30 14:17:23.474 12740 12740 E ArmVmp : Match on catch block at 0xc3 in for 0x72f9148025
01-30 14:17:23.478 12740 12740 E ArmVmp : Match on catch block at 0xc3 in for 0x72f9148025
01-30 14:17:23.491 12740 12740 E ArmVmp : Match on catch block at 0xc3 in for 0x72f9148025
01-30 14:17:23.495 12740 12740 E ArmVmp : Match on catch block at 0xc3 in for 0x72f9148025
01-30 14:17:23.508 12740 12740 E ArmVmp : Match on catch block at 0xc3 in for 0x72f9148025
01-30 14:17:23.511 12740 12740 E ArmVmp : Match on catch block at 0xc3 in for 0x72f9148025
01-30 14:17:23.525 12740 12740 E ArmVmp : Match on catch block at 0xc3 in for 0x72f9148025
01-30 14:17:23.528 12740 12740 E ArmVmp : Match on catch block at 0xc3 in for 0x72f9148025
01-30 14:17:23.541 12740 12740 E ArmVmp : Match on catch block at 0xc3 in for 0x72f9148025
01-30 14:17:23.546 12740 12740 E ArmVmp : Match on catch block at 0xc3 in for 0x72f9148025
01-30 14:17:23.558 12740 12740 E ArmVmp : Match on catch block at 0xc3 in for 0x72f9148025
01-30 14:17:23.563 12740 12740 E ArmVmp : Match on catch block at 0xc3 in for 0x72f9148025
01-30 14:17:23.575 12740 12740 E ArmVmp : Match on catch block at 0xc3 in for 0x72f9148025
01-30 14:17:23.580 12740 12740 E ArmVmp : Match on catch block at 0xc3 in for 0x72f9148025
01-30 14:17:23.592 12740 12740 E ArmVmp : Match on catch block at 0xc3 in for 0x72f9148025
01-30 14:17:23.597 12740 12740 E ArmVmp : Match on catch block at 0xc3 in for 0x72f9148025
01-30 14:17:23.608 12740 12740 E ArmVmp : Match on catch block at 0xc3 in for 0x72f9148025
01-30 14:17:23.612 12740 12740 E ArmVmp : Match on catch block at 0xc3 in for 0x72f9148025
01-30 14:17:23.625 12740 12740 E ArmVmp : Match on catch block at 0xc3 in for 0x72f9148025
01-30 14:17:23.628 12740 12740 E ArmVmp : Match on catch block at 0xc3 in for 0x72f9148025
01-30 14:17:23.642 12740 12740 E ArmVmp : Match on catch block at 0xc3 in for 0x72f9148025
01-30 14:17:23.645 12740 12740 E ArmVmp : Match on catch block at 0xc3 in for 0x72f9148025
01-30 14:17:23.658 12740 12740 E ArmVmp : Match on catch block at 0xc3 in for 0x72f9148025
01-30 14:17:23.661 12740 12740 E ArmVmp : Match on catch block at 0xc3 in for 0x72f9148025
01-30 14:17:23.675 12740 12740 E ArmVmp : Match on catch block at 0xc3 in for 0x72f9148025
01-30 14:17:23.678 12740 12740 E ArmVmp : Match on catch block at 0xc3 in for 0x72f9148025
01-30 14:17:23.691 12740 12740 E ArmVmp : Match on catch block at 0xc3 in for 0x72f9148025
01-30 14:17:23.694 12740 12740 E ArmVmp : Match on catch block at 0xc3 in for 0x72f9148025
01-30 14:17:23.708 12740 12740 E ArmVmp : Match on catch block at 0xc3 in for 0x72f9148025
01-30 14:17:23.711 12740 12740 E ArmVmp : Match on catch block at 0xc3 in for 0x72f9148025
01-30 14:17:23.725 12740 12740 E ArmVmp : Match on catch block at 0xc3 in for 0x72f9148025
01-30 14:17:23.728 12740 12740 E ArmVmp : Match on catch block at 0xc3 in for 0x72f9148025
01-30 14:17:23.741 12740 12740 E ArmVmp : Match on catch block at 0xc3 in for 0x72f9148025
01-30 14:17:23.745 12740 12740 E ArmVmp : Match on catch block at 0xc3 in for 0x72f9148025
01-30 14:17:23.758 12740 12740 E ArmVmp : Match on catch block at 0xc3 in for 0x72f9148025
01-30 14:17:23.763 12740 12740 E ArmVmp : Match on catch block at 0xc3 in for 0x72f9148025
01-30 14:17:23.775 12740 12740 E ArmVmp : Match on catch block at 0xc3 in for 0x72f9148025
01-30 14:17:23.779 12740 12740 E ArmVmp : Match on catch block at 0xc3 in for 0x72f9148025
01-30 14:17:23.792 12740 12740 E ArmVmp : Match on catch block at 0xc3 in for 0x72f9148025
01-30 14:17:23.797 12740 12740 E ArmVmp : Match on catch block at 0xc3 in for 0x72f9148025
01-30 14:17:23.808 12740 12740 E ArmVmp : Match on catch block at 0xc3 in for 0x72f9148025
01-30 14:17:23.813 12740 12740 E ArmVmp : Match on catch block at 0xc3 in for 0x72f9148025
01-30 14:17:23.825 12740 12740 E ArmVmp : Match on catch block at 0xc3 in for 0x72f9148025
01-30 14:17:23.830 12740 12740 E ArmVmp : Match on catch block at 0xc3 in for 0x72f9148025
01-30 14:17:23.842 12740 12740 E ArmVmp : Match on catch block at 0xc3 in for 0x72f9148025
01-30 14:17:23.847 12740 12740 E ArmVmp : Match on catch block at 0xc3 in for 0x72f9148025
01-30 14:17:23.858 12740 12740 E ArmVmp : Match on catch block at 0xc3 in for 0x72f9148025
01-30 14:17:23.862 12740 12740 E ArmVmp : Match on catch block at 0xc3 in for 0x72f9148025
01-30 14:17:23.880 12740 12740 E ArmVmp : Match on catch block at 0xc3 in for 0x72f9148025
01-30 14:17:23.883 12740 12740 E ArmVmp : Match on catch block at 0xc3 in for 0x72f9148025
01-30 14:17:23.896 12740 12740 E ArmVmp : Match on catch block at 0xc3 in for 0x72f9148025
01-30 14:17:23.899 12740 12740 E ArmVmp : Match on catch block at 0xc3 in for 0x72f9148025
01-30 14:17:23.908 12740 12740 E ArmVmp : Match on catch block at 0xc3 in for 0x72f9148025
01-30 14:17:23.911 12740 12740 E ArmVmp : Match on catch block at 0xc3 in for 0x72f9148025
01-30 14:17:23.924 12740 12740 E ArmVmp : Match on catch block at 0xc3 in for 0x72f9148025
01-30 14:17:23.928 12740 12740 E ArmVmp : Match on catch block at 0xc3 in for 0x72f9148025
01-30 14:17:23.941 12740 12740 E ArmVmp : Match on catch block at 0xc3 in for 0x72f9148025
01-30 14:17:23.944 12740 12740 E ArmVmp : Match on catch block at 0xc3 in for 0x72f9148025
01-30 14:17:23.958 12740 12740 E ArmVmp : Match on catch block at 0xc3 in for 0x72f9148025
01-30 14:17:23.961 12740 12740 E ArmVmp : Match on catch block at 0xc3 in for 0x72f9148025
01-30 14:17:23.974 12740 12740 E ArmVmp : Match on catch block at 0xc3 in for 0x72f9148025
01-30 14:17:23.978 12740 12740 E ArmVmp : Match on catch block at 0xc3 in for 0x72f9148025
01-30 14:17:23.991 12740 12740 E ArmVmp : Match on catch block at 0xc3 in for 0x72f9148025
01-30 14:17:23.994 12740 12740 E ArmVmp : Match on catch block at 0xc3 in for 0x72f9148025
01-30 14:17:24.008 12740 12740 E ArmVmp : Match on catch block at 0xc3 in for 0x72f9148025
01-30 14:17:24.014 12740 12740 E ArmVmp : Match on catch block at 0xc3 in for 0x72f9148025
01-30 14:17:24.025 12740 12740 E ArmVmp : Match on catch block at 0xc3 in for 0x72f9148025
01-30 14:17:24.029 12740 12740 E ArmVmp : Match on catch block at 0xc3 in for 0x72f9148025
01-30 14:17:24.042 12740 12740 E ArmVmp : Match on catch block at 0xc3 in for 0x72f9148025
01-30 14:17:24.046 12740 12740 E ArmVmp : Match on catch block at 0xc3 in for 0x72f9148025
01-30 14:17:24.058 12740 12740 E ArmVmp : Match on catch block at 0xc3 in for 0x72f9148025
01-30 14:17:24.064 12740 12740 E ArmVmp : Match on catch block at 0xc3 in for 0x72f9148025
01-30 14:17:24.075 12740 12740 E ArmVmp : Match on catch block at 0xc3 in for 0x72f9148025
01-30 14:17:24.080 12740 12740 E ArmVmp : Match on catch block at 0xc3 in for 0x72f9148025
01-30 14:17:24.092 12740 12740 E ArmVmp : Match on catch block at 0xc3 in for 0x72f9148025
01-30 14:17:24.097 12740 12740 E ArmVmp : Match on catch block at 0xc3 in for 0x72f9148025
01-30 14:17:24.109 12740 12740 E ArmVmp : Match on catch block at 0xc3 in for 0x72f9148025
01-30 14:17:24.114 12740 12740 E ArmVmp : Match on catch block at 0xc3 in for 0x72f9148025
01-30 14:17:24.126 12740 12740 E ArmVmp : Match on catch block at 0xc3 in for 0x72f9148025
01-30 14:17:24.132 12740 12740 E ArmVmp : Match on catch block at 0xc3 in for 0x72f9148025
01-30 14:17:24.140 12740 12740 E ArmVmp : Match on catch block at 0xc3 in for 0x72f9148025
01-30 14:17:24.143 12740 12740 E ArmVmp : Match on catch block at 0xc3 in for 0x72f9148025
01-30 14:17:24.158 12740 12740 E ArmVmp : Match on catch block at 0xc3 in for 0x72f9148025
01-30 14:17:24.162 12740 12740 E ArmVmp : Match on catch block at 0xc3 in for 0x72f9148025
01-30 14:17:24.175 12740 12740 E ArmVmp : Match on catch block at 0xc3 in for 0x72f9148025
01-30 14:17:24.177 12740 12740 E ArmVmp : Match on catch block at 0xc3 in for 0x72f9148025
01-30 14:17:24.191 12740 12740 E ArmVmp : Match on catch block at 0xc3 in for 0x72f9148025
01-30 14:17:24.194 12740 12740 E ArmVmp : Match on catch block at 0xc3 in for 0x72f9148025
01-30 14:17:24.230 12740 12740 E ArmVmp : Match on catch block at 0xc3 in for 0x72f9148025
01-30 14:17:24.233 12740 12740 E ArmVmp : Match on catch block at 0xc3 in for 0x72f9148025
01-30 14:17:24.270 12740 12740 E ArmVmp : Match on catch block at 0xc3 in for 0x72f9148025
01-30 14:17:24.273 12740 12740 E ArmVmp : Match on catch block at 0xc3 in for 0x72f9148025
01-30 14:17:24.276 12740 12740 E ArmVmp : Match on catch block at 0xc3 in for 0x72f9148025
01-30 14:17:24.279 12740 12740 E ArmVmp : Match on catch block at 0xc3 in for 0x72f9148025
01-30 14:17:24.291 12740 12740 E ArmVmp : Match on catch block at 0xc3 in for 0x72f9148025
01-30 14:17:24.294 12740 12740 E ArmVmp : Match on catch block at 0xc3 in for 0x72f9148025
01-30 14:17:24.307 12740 12740 E ArmVmp : Match on catch block at 0xc3 in for 0x72f9148025
01-30 14:17:24.311 12740 12740 E ArmVmp : Match on catch block at 0xc3 in for 0x72f9148025
01-30 14:17:24.324 12740 12740 E ArmVmp : Match on catch block at 0xc3 in for 0x72f9148025
01-30 14:17:24.327 12740 12740 E ArmVmp : Match on catch block at 0xc3 in for 0x72f9148025
01-30 14:17:24.341 12740 12740 E ArmVmp : Match on catch block at 0xc3 in for 0x72f9148025
01-30 14:17:24.343 12740 12740 E ArmVmp : Match on catch block at 0xc3 in for 0x72f9148025
01-30 14:17:24.358 12740 12740 E ArmVmp : Match on catch block at 0xc3 in for 0x72f9148025
01-30 14:17:24.360 12740 12740 E ArmVmp : Match on catch block at 0xc3 in for 0x72f9148025
01-30 14:17:24.374 12740 12740 E ArmVmp : Match on catch block at 0xc3 in for 0x72f9148025
01-30 14:17:24.377 12740 12740 E ArmVmp : Match on catch block at 0xc3 in for 0x72f9148025
01-30 14:17:24.395 12740 12740 E ArmVmp : Match on catch block at 0xc3 in for 0x72f9148025
01-30 14:17:24.397 12740 12740 E ArmVmp : Match on catch block at 0xc3 in for 0x72f9148025
01-30 14:17:24.407 12740 12740 E ArmVmp : Match on catch block at 0xc3 in for 0x72f9148025
01-30 14:17:24.410 12740 12740 E ArmVmp : Match on catch block at 0xc3 in for 0x72f9148025
01-30 14:17:24.424 12740 12740 E ArmVmp : Match on catch block at 0xc3 in for 0x72f9148025
01-30 14:17:24.426 12740 12740 E ArmVmp : Match on catch block at 0xc3 in for 0x72f9148025
01-30 14:17:24.441 12740 12740 E ArmVmp : Match on catch block at 0xc3 in for 0x72f9148025
01-30 14:17:24.445 12740 12740 E ArmVmp : Match on catch block at 0xc3 in for 0x72f9148025
01-30 14:17:24.458 12740 12740 E ArmVmp : Match on catch block at 0xc3 in for 0x72f9148025
01-30 14:17:24.462 12740 12740 E ArmVmp : Match on catch block at 0xc3 in for 0x72f9148025
01-30 14:17:24.475 12740 12740 E ArmVmp : Match on catch block at 0xc3 in for 0x72f9148025
01-30 14:17:24.480 12740 12740 E ArmVmp : Match on catch block at 0xc3 in for 0x72f9148025
01-30 14:17:24.491 12740 12740 E ArmVmp : Match on catch block at 0xc3 in for 0x72f9148025
01-30 14:17:24.498 12740 12740 E ArmVmp : Match on catch block at 0xc3 in for 0x72f9148025
01-30 14:17:24.509 12740 12740 E ArmVmp : Match on catch block at 0xc3 in for 0x72f9148025
01-30 14:17:24.513 12740 12740 E ArmVmp : Match on catch block at 0xc3 in for 0x72f9148025
