01-30 21:59:27.687 14828 15049 E SQLiteDatabase: at android.os.HandlerThread.run(HandlerThread.java:67)
01-30 21:59:27.708 14828 15049 E SQLiteDatabase: Error inserting transferred=0 media_job_uuid=63c5ffeb-7db2-46a7-80fd-e05a21b593eb transcoded=0 gif_attribution=0 first_scan_length=0 direct_path=/v/t62.7161- 24/40931284_876955840778199_3680505598974150459_n.enc?ccb=11- 4&oh=01_AdT_3wk1sBhkUunGqWyBFmgXJT7U6jT1UWfw_EYLd7oW-A&oe=65E05ECB&_nc_sid=5e03e0 thumbnail_height_width_ratio=1.7777778 is_animated_sticker=0 file_hash=OV+cTk0PC2ntSK1Zr+yZpl1Weg8MzFmdWYKVUu4QKtg= file_path=null file_size=0 partial_media_hash=null face_x=0 face_y=0 height=656 trim_to=0 media_key_timestamp=1706619663000 message_url=https://mmg.whatsapp.net/v/t62.7161- 24/40931284_876955840778199_3680505598974150459_n.enc?ccb=11- 4&oh=01_AdT_3wk1sBhkUunGqWyBFmgXJT7U6jT1UWfw_EYLd7oW- A&oe=65E05ECB&_nc_sid=5e03e0&mms3=true media_caption=null trim_from=0 mime_type=video/mp4 partial_media_enc_hash=null width=368 original_file_hash=null has_streaming_sidecar=1 autotransfer_retry_enabled=1 media_upload_handle=null message_row_id=5994 multicast_id=null enc_file_hash=shQ5tdz+RD2jhBm6ykvAIs4wSHyVpIvd1Mi16v6j3ac= mute_video=0 page_count=0 first_scan_sidecar=null suspicious_content=0 file_length=4044651 media_name=null media_duration=23 chat_row_id=50 media_key=[B@20edb0f
01-30 21:59:27.708 14828 15049 E SQLiteDatabase: android.database.sqlite.SQLiteConstraintException: UNIQUE constraint failed: message_media.message_row_id (code 1555 SQLITE_CONSTRAINT_PRIMARYKEY)
01-30 21:59:27.708 14828 15049 E SQLiteDatabase: at android.database.sqlite.SQLiteConnection.nativeExecuteForLastInsertedRowId(Native Method)
01-30 21:59:27.708 14828 15049 E SQLiteDatabase: at android.database.sqlite.SQLiteConnection.executeForLastInsertedRowId(SQLiteConnecti on.java:961)
01-30 21:59:27.708 14828 15049 E SQLiteDatabase: at android.database.sqlite.SQLiteSession.executeForLastInsertedRowId(SQLiteSession.jav a:790)
01-30 21:59:27.708 14828 15049 E SQLiteDatabase: at android.database.sqlite.SQLiteStatement.executeInsert(SQLiteStatement.java:89)
01-30 21:59:27.708 14828 15049 E SQLiteDatabase: at android.database.sqlite.SQLiteDatabase.insertWithOnConflict(SQLiteDatabase.java:186 8)
01-30 21:59:27.708 14828 15049 E SQLiteDatabase: at android.database.sqlite.SQLiteDatabase.insert(SQLiteDatabase.java:1737)
01-30 21:59:27.708 14828 15049 E SQLiteDatabase: at X.2tm.A08(Unknown Source:6)
01-30 21:59:27.708 14828 15049 E SQLiteDatabase: at X.35Y.A07(Unknown Source:212)
01-30 21:59:27.708 14828 15049 E SQLiteDatabase: at X.3QF.A14(Unknown Source:470)
01-30 21:59:27.708 14828 15049 E SQLiteDatabase: at X.3gU.run(Unknown Source:982)
01-30 21:59:27.708 14828 15049 E SQLiteDatabase: at android.os.Handler.handleCallback(Handler.java:942)
01-30 21:59:27.708 14828 15049 E SQLiteDatabase: at android.os.Handler.dispatchMessage(Handler.java:99)
01-30 21:59:27.708 14828 15049 E SQLiteDatabase: at X.0zq.dispatchMessage(Unknown Source:4)
01-30 21:59:27.708 14828 15049 E SQLiteDatabase: at android.os.Looper.loopOnce(Looper.java:211)
01-30 21:59:27.708 14828 15049 E SQLiteDatabase: at android.os.Looper.loop(Looper.java:300)
01-30 21:59:27.708 14828 15049 E SQLiteDatabase: at android.os.HandlerThread.run(HandlerThread.java:67)
01-30 21:59:27.713 14828 15502 W com.mbwhatsapp: Accessing hidden method Landroid/app/MiuiNotification;-><init>()V (blocked, reflection, denied)
01-30 21:59:27.840 14828 15049 E SQLiteDatabase: Error inserting transferred=0 media_job_uuid=5cf05b03-86d5-461a-9cee-34f8c5b2b382 transcoded=0 gif_attribution=0 first_scan_length=0 direct_path=/v/t62.7161- 24/35593316_297996239925799_2932068402298722843_n.enc?ccb=11- 4&oh=01_AdQvhlhP2F7pmZU9FH74cgBYXRXVkU3Zzzc6VCl4ME9MGw&oe=65E105C6&_nc_sid=5e03e0 thumbnail_height_width_ratio=1.7777778 is_animated_sticker=0 file_hash=z3wzzUQg22653QvmEtqqbGcbvvbCIHdjvGRnoN8T54g= file_path=null file_size=0 partial_media_hash=null face_x=0 face_y=0 height=1024 trim_to=0 media_key_timestamp=1706665455000 message_url=https://mmg.whatsapp.net/v/t62.7161- 24/35593316_297996239925799_2932068402298722843_n.enc?ccb=11- 4&oh=01_AdQvhlhP2F7pmZU9FH74cgBYXRXVkU3Zzzc6VCl4ME9MGw&oe=65E105C6&_nc_sid=5e03e0&m ms3=true media_caption=null trim_from=0 mime_type=video/mp4 partial_media_enc_hash=null width=576 original_file_hash=null has_streaming_sidecar=1 autotransfer_retry_enabled=1 media_upload_handle=null message_row_id=6062 multicast_id=null enc_file_hash=HYvMl4Kj/Nk2o9THXFchNWdCZrgjDa49rJzaYbHrZoU= mute_video=0 page_count=0 first_scan_sidecar=null suspicious_content=0 file_length=3085130 media_name=null media_duration=27 chat_row_id=50 media_key=[B@c6a5bd2
01-30 21:59:27.840 14828 15049 E SQLiteDatabase: android.database.sqlite.SQLiteConstraintException: UNIQUE constraint failed: message_media.message_row_id (code 1555 SQLITE_CONSTRAINT_PRIMARYKEY)
01-30 21:59:27.840 14828 15049 E SQLiteDatabase: at android.database.sqlite.SQLiteConnection.nativeExecuteForLastInsertedRowId(Native Method)
01-30 21:59:27.840 14828 15049 E SQLiteDatabase: at android.database.sqlite.SQLiteConnection.executeForLastInsertedRowId(SQLiteConnecti on.java:961)
01-30 21:59:27.840 14828 15049 E SQLiteDatabase: at android.database.sqlite.SQLiteSession.executeForLastInsertedRowId(SQLiteSession.jav a:790)
01-30 21:59:27.840 14828 15049 E SQLiteDatabase: at android.database.sqlite.SQLiteStatement.executeInsert(SQLiteStatement.java:89)
01-30 21:59:27.840 14828 15049 E SQLiteDatabase: at android.database.sqlite.SQLiteDatabase.insertWithOnConflict(SQLiteDatabase.java:186 8)
01-30 21:59:27.840 14828 15049 E SQLiteDatabase: at android.database.sqlite.SQLiteDatabase.insert(SQLiteDatabase.java:1737)
01-30 21:59:27.840 14828 15049 E SQLiteDatabase: at X.2tm.A08(Unknown Source:6)
01-30 21:59:27.840 14828 15049 E SQLiteDatabase: at X.35Y.A07(Unknown Source:212)
01-30 21:59:27.840 14828 15049 E SQLiteDatabase: at X.3QF.A14(Unknown Source:470)
01-30 21:59:27.840 14828 15049 E SQLiteDatabase: at X.3gU.run(Unknown Source:982)
01-30 21:59:27.840 14828 15049 E SQLiteDatabase: at android.os.Handler.handleCallback(Handler.java:942)
01-30 21:59:27.840 14828 15049 E SQLiteDatabase: at android.os.Handler.dispatchMessage(Handler.java:99)
01-30 21:59:27.840 14828 15049 E SQLiteDatabase: at X.0zq.dispatchMessage(Unknown Source:4)
01-30 21:59:27.840 14828 15049 E SQLiteDatabase: at android.os.Looper.loopOnce(Looper.java:211)
01-30 21:59:27.840 14828 15049 E SQLiteDatabase: at android.os.Looper.loop(Looper.java:300)
01-30 21:59:27.840 14828 15049 E SQLiteDatabase: at android.os.HandlerThread.run(HandlerThread.java:67)
01-30 21:59:27.845 14828 15502 W com.mbwhatsapp: Accessing hidden method Landroid/app/MiuiNotification;-><init>()V (blocked, reflection, denied)
01-30 21:59:27.944 14828 15502 W com.mbwhatsapp: Accessing hidden method Landroid/app/MiuiNotification;-><init>()V (blocked, reflection, denied)
01-30 21:59:28.197 14828 14828 W TabLayout: MODE_SCROLLABLE + GRAVITY_FILL is not supported, GRAVITY_START will be used instead
01-30 21:59:28.628 14828 16769 W libc : Access denied finding property "vendor.camera.aux.packagelist"
01-30 21:59:28.628 14828 16769 W libc : Access denied finding property "vendor.camera.aux.packagelistext"
01-30 21:59:28.628 14828 16769 W CameraManagerGlobal: [soar.cts] ignore the status update of camera: 2
01-30 21:59:28.744 14828 16769 W libc : Access denied finding property "vendor.camera.aux.packagelist"
01-30 21:59:28.744 14828 16769 W libc : Access denied finding property "vendor.camera.aux.packagelistext"
01-30 21:59:28.744 14828 16769 W CameraManagerGlobal: [soar.cts] ignore the status update of camera: 3
01-30 21:59:28.744 14828 16769 W libc : Access denied finding property "vendor.camera.aux.packagelist"
01-30 21:59:28.744 14828 16769 W libc : Access denied finding property "vendor.camera.aux.packagelistext"
01-30 21:59:28.744 14828 16769 W CameraManagerGlobal: [soar.cts] ignore the status update of camera: 4
01-30 21:59:28.744 14828 16769 W libc : Access denied finding property "vendor.camera.aux.packagelist"
01-30 21:59:28.744 14828 16769 W libc : Access denied finding property "vendor.camera.aux.packagelistext"
01-30 21:59:28.744 14828 16769 W CameraManagerGlobal: [soar.cts] ignore the status update of camera: 5
01-30 21:59:28.745 14828 16769 W libc : Access denied finding property "vendor.camera.aux.packagelist"
01-30 21:59:28.745 14828 16769 W libc : Access denied finding property "vendor.camera.aux.packagelistext"
01-30 21:59:28.750 14828 14843 W com.mbwhatsapp: Long monitor contention with owner Optic-Task-Handler-Thread (16769) at java.lang.String[] android.hardware.camera2.CameraManager$CameraManagerGlobal.getCameraIdList() (CameraManager.java:1896) waiters=0 in void android.hardware.camera2.CameraManager$CameraManagerGlobal.onTorchStatusChanged(int , java.lang.String) for 475ms
01-30 21:59:28.751 14828 14843 W libc : Access denied finding property "vendor.camera.aux.packagelist"
01-30 21:59:28.751 14828 14843 W libc : Access denied finding property "vendor.camera.aux.packagelistext"
01-30 21:59:28.751 14828 14843 W CameraManagerGlobal: ignore the torch status update of camera: 3
01-30 21:59:28.751 14828 14843 W libc : Access denied finding property "vendor.camera.aux.packagelist"
01-30 21:59:28.751 14828 14843 W libc : Access denied finding property "vendor.camera.aux.packagelistext"
01-30 21:59:28.751 14828 14843 W CameraManagerGlobal: ignore the torch status update of camera: 4
01-30 21:59:28.798 14828 14828 W BottomSheetBehavior: BottomSheetBehavior now supports multiple callbacks. `setBottomSheetCallback()` removes all existing callbacks, including ones set internally by library authors, which may result in unintended behavior. This may change in the future. Please use `addBottomSheetCallback()` and `removeBottomSheetCallback()` instead to set your own callbacks.
01-30 21:59:28.805 14828 14828 W Activity: PerfMonitor: Slow Operation: Activity com.mbwhatsapp/.camera.CameraActivity onCreate took 669ms
01-30 21:59:28.811 14828 16770 W libc : Access denied finding property "persist.vendor.camera.privapp.list"
01-30 21:59:28.822 14828 16770 E MiuiMultiWindowUtils: initFreeFormResolutionArgs failed, device is wind
01-30 21:59:28.840 14828 14843 E CameraManagerGlobal: Camera 3 is not available. Ignore physical camera status change
01-30 21:59:28.859 14828 16759 W IconCustomizer: can't load transform_config.xml
01-30 21:59:28.860 14828 16759 W IconCustomizer: getCustomizedIconW 122
01-30 21:59:28.881 14828 14828 W Looper : PerfMonitor looperActivity : package=com.mbwhatsapp/.camera.CameraActivity time=0ms latency=759ms procState=-1 historyMsgCount=2 (msgIndex=2 wall=757ms seq=13647 late=3ms h=android.app.ActivityThread$H w=159)
01-30 21:59:28.898 14828 16610 W libc : Access denied finding property "vendor.camera.aux.packagelist"
01-30 21:59:28.898 14828 16610 W libc : Access denied finding property "vendor.camera.aux.packagelistext"
01-30 21:59:28.898 14828 16610 W CameraManagerGlobal: ignore the torch status update of camera: 3
01-30 21:59:28.898 14828 16610 W libc : Access denied finding property "vendor.camera.aux.packagelist"
01-30 21:59:28.898 14828 16610 W libc : Access denied finding property "vendor.camera.aux.packagelistext"
01-30 21:59:28.898 14828 16610 W CameraManagerGlobal: ignore the torch status update of camera: 4
01-30 21:59:29.012 14828 14828 W View : requestLayout() improperly called by com.mbwhatsapp.WaImageView{72a625f VF.D..CL. ......ID 0,0-128,128 #7f0b1814 app:id/shutter} during layout: running second layout pass
01-30 21:59:29.012 14828 14828 W View : requestLayout() improperly called by com.mbwhatsapp.CircularProgressBar{b7f04ac V.ED..... ......ID 0,0-128,128 #7f0b14fc app:id/recording_progress} during layout: running second layout pass
01-30 21:59:29.012 14828 14828 W View : requestLayout() improperly called by com.mbwhatsapp.WaImageView{1899575 VF.D..C.. ......ID 0,0-96,96 #7f0b1976 app:id/switch_camera_btn} during layout: running second layout pass
01-30 21:59:29.012 14828 14828 W View : requestLayout() improperly called by com.mbwhatsapp.WaImageView{9c790a VFED..C.. ......ID 0,0-96,96 #7f0b0b0d app:id/gallery_btn} during layout: running second layout pass
01-30 21:59:29.012 14828 14828 W View : requestLayout() improperly called by com.mbwhatsapp.WaImageView{73cc57b VF.D..C.. ......ID 0,0-96,96 #7f0b0a9c app:id/flash_btn} during layout: running second layout pass
01-30 21:59:29.012 14828 14828 W View : requestLayout() improperly called by com.mbwhatsapp.WaImageView{12dbf98 VFED..C.. ......ID 0,0-96,96 #7f0b057f app:id/close_camera_btn} during layout: running second layout pass
01-30 21:59:29.013 14828 14828 W View : requestLayout() improperly called by X.4Ki{86b13f1 V.ED..... ......ID 0,4-720,100} during layout: running second layout pass
01-30 21:59:29.013 14828 14828 W View : requestLayout() improperly called by androidx.appcompat.view.menu.ActionMenuItemView{3111bd6 VFED..CL. ......ID 0,8- 96,104 #7f0b0fe8 app:id/more} during layout: running second layout pass
01-30 21:59:29.013 14828 14828 W View : requestLayout() improperly called by androidx.appcompat.widget.ActionMenuView{2483e57 V.E...... ......ID 624,0-720,112} during layout: running second layout pass
01-30 21:59:29.025 14828 16769 E libEGL : pre_cache appList: ,,,
01-30 21:59:29.033 14828 15117 E perf_hint: Session creation failed, mPreferredRateNanos: -1
01-30 21:59:29.044 14828 14828 W View : requestLayout() improperly called by com.mbwhatsapp.WaImageView{72a625f VF.D..CL. ......ID 296,1120-424,1248 #7f0b1814 app:id/shutter} during layout: running second layout pass
01-30 21:59:29.044 14828 14828 W View : requestLayout() improperly called by com.mbwhatsapp.CircularProgressBar{b7f04ac V.ED..... ......ID 296,1120-424,1248 #7f0b14fc app:id/recording_progress} during layout: running second layout pass
01-30 21:59:29.045 14828 14828 W View : requestLayout() improperly called by com.mbwhatsapp.WaImageView{1899575 VF.D..C.. ......ID 608,1136-704,1232 #7f0b1976 app:id/switch_camera_btn} during layout: running second layout pass
01-30 21:59:29.045 14828 14828 W View : requestLayout() improperly called by com.mbwhatsapp.WaImageView{9c790a VFED..C.. ......ID 16,1136-112,1232 #7f0b0b0d app:id/gallery_btn} during layout: running second layout pass
01-30 21:59:29.045 14828 14828 W View : requestLayout() improperly called by com.mbwhatsapp.WaImageView{73cc57b VF.D..C.. ......ID 608,16-704,112 #7f0b0a9c app:id/flash_btn} during layout: running second layout pass
01-30 21:59:29.045 14828 14828 W View : requestLayout() improperly called by com.mbwhatsapp.WaImageView{12dbf98 VFED..C.. ......I. 16,16-112,112 #7f0b057f app:id/close_camera_btn} during layout: running second layout pass
01-30 21:59:29.647 14828 16770 W BpBinder: PerfMonitor binderTransact : time=552ms interface=android.hardware.camera2.ICameraDeviceUser code=6
01-30 21:59:29.863 14828 16838 W BpBinder: PerfMonitor binderTransact : time=346ms interface=android.media.IMediaMetadataRetriever code=5
01-30 21:59:30.114 14828 16851 W BpBinder: PerfMonitor binderTransact : time=429ms interface=android.media.IMediaMetadataRetriever code=5
01-30 21:59:30.376 14828 16842 W BpBinder: PerfMonitor binderTransact : time=545ms interface=android.media.IMediaMetadataRetriever code=5
01-30 21:59:30.642 14828 16851 W BpBinder: PerfMonitor binderTransact : time=339ms interface=android.media.IMediaMetadataRetriever code=5
01-30 21:59:30.880 14828 15117 E FrameEvents: updateAcquireFence: Did not find frame.
01-30 21:59:31.246 14828 14843 W libc : Access denied finding property "vendor.camera.aux.packagelist"
01-30 21:59:31.246 14828 14843 W libc : Access denied finding property "vendor.camera.aux.packagelistext"
01-30 21:59:31.246 14828 14843 W CameraManagerGlobal: ignore the torch status update of camera: 3
01-30 21:59:31.246 14828 14843 W libc : Access denied finding property "vendor.camera.aux.packagelist"
01-30 21:59:31.247 14828 14843 W libc : Access denied finding property "vendor.camera.aux.packagelistext"
01-30 21:59:31.247 14828 14843 W CameraManagerGlobal: ignore the torch status update of camera: 4
01-30 21:59:31.254 14828 14843 E CameraManagerGlobal: Camera 3 is not available. Ignore physical camera status change
01-30 21:59:31.255 14828 16769 W BpBinder: PerfMonitor binderTransact : time=367ms interface=android.hardware.camera2.ICameraDeviceUser code=1
01-30 21:59:31.255 14828 15186 W com.mbwhatsapp: Long monitor contention with owner Optic-Task-Handler-Thread (16769) at void android.hardware.camera2.impl.CameraDeviceImpl.close()(CameraDeviceImpl.java:1532) waiters=0 in void android.hardware.camera2.impl.CameraDeviceImpl$CameraDeviceCallbacks.onCaptureStart ed(android.hardware.camera2.impl.CaptureResultExtras, long) for 349ms
01-30 21:59:31.260 14828 15186 W CameraDevice-JV-0: Device error received, code 4, frame number 18, request ID 1, subseq ID 0
01-30 21:59:31.260 14828 15186 W CameraDevice-JV-0: Device error received, code 4, frame number 17, request ID 1, subseq ID 0
01-30 21:59:31.260 14828 15001 W CameraDevice-JV-0: Device error received, code 4, frame number 14, request ID 1, subseq ID 0
01-30 21:59:31.261 14828 16056 W CameraDevice-JV-0: Device error received, code 4, frame number 13, request ID 1, subseq ID 0
01-30 21:59:31.261 14828 16056 W CameraDevice-JV-0: Device error received, code 4, frame number 12, request ID 1, subseq ID 0
01-30 21:59:31.262 14828 15001 W CameraDevice-JV-0: Device error received, code 5, frame number 12, request ID 1, subseq ID 0
01-30 21:59:31.262 14828 16056 W CameraDevice-JV-0: Device error received, code 5, frame number 18, request ID 1, subseq ID 0
01-30 21:59:31.262 14828 16056 W CameraDevice-JV-0: Device error received, code 5, frame number 13, request ID 1, subseq ID 0
01-30 21:59:31.262 14828 16056 W CameraDevice-JV-0: Device error received, code 5, frame number 14, request ID 1, subseq ID 0
01-30 21:59:31.262 14828 16056 W CameraDevice-JV-0: Device error received, code 4, frame number 15, request ID 1, subseq ID 0
01-30 21:59:31.262 14828 16056 W CameraDevice-JV-0: Device error received, code 5, frame number 15, request ID 1, subseq ID 0
01-30 21:59:31.262 14828 16056 W CameraDevice-JV-0: Device error received, code 4, frame number 16, request ID 1, subseq ID 0
01-30 21:59:31.264 14828 16056 W CameraDevice-JV-0: Device error received, code 5, frame number 16, request ID 1, subseq ID 0
01-30 21:59:31.264 14828 16056 W CameraDevice-JV-0: Device error received, code 5, frame number 17, request ID 1, subseq ID 0
01-30 21:59:31.286 14828 17034 W libc : Access denied finding property "ro.vendor.audio.dolby.vision.support"
01-30 21:59:31.289 14828 17038 W ExtendedACodec: Failed to set frame packing format on component
01-30 21:59:31.333 14828 17034 W libc : Access denied finding property "ro.vendor.audio.dolby.vision.support"
01-30 21:59:31.335 14828 17043 W Codec2Client: query -- param skipped: index = 1107298332.
01-30 21:59:31.335 14828 17043 W CCodec : This behavior is subject to change. It is recommended that app developers double check whether the requested max input size is in reasonable range.
01-30 21:59:31.336 14828 17043 W Codec2Client: query -- param skipped: index = 1342179345.
01-30 21:59:31.336 14828 17043 W Codec2Client: query -- param skipped: index = 2415921170.
01-30 21:59:31.336 14828 17043 W Codec2Client: query -- param skipped: index = 1610614798.
01-30 21:59:31.371 14828 15117 E perf_hint: Session creation failed, mPreferredRateNanos: -1
01-30 21:59:31.388 14828 17043 W Codec2Client: query -- param skipped: index = 1342179345.
01-30 21:59:31.388 14828 17043 W Codec2Client: query -- param skipped: index = 2415921170.
01-30 21:59:31.388 14828 17043 W Codec2Client: query -- param skipped: index = 1610614798.
01-30 21:59:31.399 14828 17043 W Codec2Client: query -- param skipped: index = 1342179345.
01-30 21:59:31.399 14828 17043 W Codec2Client: query -- param skipped: index = 2415921170.
01-30 21:59:31.399 14828 17043 W Codec2Client: query -- param skipped: index = 1610614798.
01-30 21:59:31.407 14828 17043 W Codec2Client: query -- param skipped: index = 1342179345.
01-30 21:59:31.407 14828 17043 W Codec2Client: query -- param skipped: index = 2415921170.
01-30 21:59:31.407 14828 17043 W Codec2Client: query -- param skipped: index = 1610614798.
01-30 21:59:31.410 14828 17037 E Surface : freeAllBuffers: 12 buffers were freed while being dequeued!
01-30 21:59:31.447 14828 17034 W libc : Access denied finding property "ro.vendor.audio.multichannel.5point1"
01-30 21:59:31.450 14828 17034 W libc : Access denied finding property "vendor.audio.lowpower"
01-30 21:59:31.462 14828 17034 W libc : Access denied finding property "vendor.audio.cpu.sched"
01-30 21:59:31.462 14828 17034 W libc : Access denied finding property "vendor.audio.rt.mode"
01-30 21:59:31.462 14828 17034 W libc : Access denied finding property "ro.vendor.audio.zerodata.upload"
01-30 21:59:31.462 14828 17034 W libc : Access denied finding property "vendor.audio.caretaker.at"
01-30 21:59:31.465 14828 16056 W libc : Access denied finding property "ro.vendor.audio.shortvideo.index"
01-30 21:59:31.466 14828 17034 W libc : Access denied finding property "ro.vendor.audio.shortvideo.index"
01-30 21:59:31.491 14828 14828 W VRI[MediaComposerActivity]: Dropping event (paused for transition):MotionEvent { action=ACTION_DOWN, actionButton=0, id[0]=0, x[0]=527.0, y[0]=1164.0, toolType[0]=TOOL_TYPE_FINGER, buttonState=0, classification=NONE, metaState=0, flags=0x80000, edgeFlags=0x0, pointerCount=1, historySize=0, eventTime=122442252, downTime=122442252, deviceId=5, source=0x1002, displayId=0, eventId=54153131 }
01-30 21:59:31.552 14828 14828 W VRI[MediaComposerActivity]: Dropping event (paused for transition):MotionEvent { action=ACTION_MOVE, actionButton=0, id[0]=0, x[0]=514.6877, y[0]=1164.0, toolType[0]=TOOL_TYPE_FINGER, buttonState=0, classification=NONE, metaState=0, flags=0x80000, edgeFlags=0x0, pointerCount=1, historySize=1, eventTime=122442309, downTime=122442252, deviceId=5, source=0x1002, displayId=0, eventId=395433306 }
01-30 21:59:31.554 14828 14841 W System : A resource failed to call CursorWrapperInner.close.
01-30 21:59:31.568 14828 14828 W VRI[MediaComposerActivity]: Dropping event (paused for transition):MotionEvent { action=ACTION_MOVE, actionButton=0, id[0]=0, x[0]=498.4324, y[0]=1164.0, toolType[0]=TOOL_TYPE_FINGER, buttonState=0, classification=NONE, metaState=0, flags=0x80000, edgeFlags=0x0, pointerCount=1, historySize=2, eventTime=122442326, downTime=122442252, deviceId=5, source=0x1002, displayId=0, eventId=470833878 }
01-30 21:59:31.585 14828 14828 W VRI[MediaComposerActivity]: Dropping event (paused for transition):MotionEvent { action=ACTION_MOVE, actionButton=0, id[0]=0, x[0]=484.27805, y[0]=1163.1598, toolType[0]=TOOL_TYPE_FINGER, buttonState=0, classification=NONE, metaState=0, flags=0x80000, edgeFlags=0x0, pointerCount=1, historySize=2, eventTime=122442342, downTime=122442252, deviceId=5, source=0x1002, displayId=0, eventId=302780488 }
01-30 21:59:31.602 14828 14828 W VRI[MediaComposerActivity]: Dropping event (paused for transition):MotionEvent { action=ACTION_MOVE, actionButton=0, id[0]=0, x[0]=473.7976, y[0]=1163.0, toolType[0]=TOOL_TYPE_FINGER, buttonState=0, classification=NONE, metaState=0, flags=0x80000, edgeFlags=0x0, pointerCount=1, historySize=2, eventTime=122442359, downTime=122442252, deviceId=5, source=0x1002, displayId=0, eventId=618468524 }
01-30 21:59:31.618 14828 14828 W VRI[MediaComposerActivity]: Dropping event (paused for transition):MotionEvent { action=ACTION_MOVE, actionButton=0, id[0]=0, x[0]=464.82584, y[0]=1163.0, toolType[0]=TOOL_TYPE_FINGER, buttonState=0, classification=NONE, metaState=0, flags=0x80000, edgeFlags=0x0, pointerCount=1, historySize=2, eventTime=122442376, downTime=122442252, deviceId=5, source=0x1002, displayId=0, eventId=702239185 }
01-30 21:59:31.635 14828 14828 W VRI[MediaComposerActivity]: Dropping event (paused for transition):MotionEvent { action=ACTION_MOVE, actionButton=0, id[0]=0, x[0]=456.81085, y[0]=1163.0, toolType[0]=TOOL_TYPE_FINGER, buttonState=0, classification=NONE, metaState=0, flags=0x80000, edgeFlags=0x0, pointerCount=1, historySize=2, eventTime=122442392, downTime=122442252, deviceId=5, source=0x1002, displayId=0, eventId=255731860 }
01-30 21:59:31.652 14828 14828 W VRI[MediaComposerActivity]: Dropping event (paused for transition):MotionEvent { action=ACTION_MOVE, actionButton=0, id[0]=0, x[0]=448.80966, y[0]=1163.838, toolType[0]=TOOL_TYPE_FINGER, buttonState=0, classification=NONE, metaState=0, flags=0x80000, edgeFlags=0x0, pointerCount=1, historySize=2, eventTime=122442409, downTime=122442252, deviceId=5, source=0x1002, displayId=0, eventId=932360098 }
01-30 21:59:31.668 14828 14828 W VRI[MediaComposerActivity]: Dropping event (paused for transition):MotionEvent { action=ACTION_MOVE, actionButton=0, id[0]=0, x[0]=441.6601, y[0]=1164.0, toolType[0]=TOOL_TYPE_FINGER, buttonState=0, classification=NONE, metaState=0, flags=0x80000, edgeFlags=0x0, pointerCount=1, historySize=2, eventTime=122442426, downTime=122442252, deviceId=5, source=0x1002, displayId=0, eventId=318872192 }
01-30 21:59:32.435 14828 17034 W MediaCodec: [mId: 10] video-debug queueInputBuffer: Input time interval reaches 995ms before pts: 627666
01-30 21:59:32.442 14828 17034 W MediaCodec: [mId: 11] video-debug queueInputBuffer: Input time interval reaches 969ms before pts: 743038
01-30 21:59:32.574 14828 14828 W binder:14828_6: type=1400 audit(0.0:325651): avc: denied { read } for name="u:object_r:vendor_audio_prop:s0" dev="tmpfs" ino=2306 scontext=u:r:untrusted_app:s0:c31,c257,c512,c768 tcontext=u:object_r:vendor_audio_prop:s0 tclass=file permissive=0 app=com.mbwhatsapp
01-30 21:59:32.580 14828 16056 W libc : Access denied finding property "ro.vendor.audio.shortvideo.index"
01-30 21:59:32.610 14828 16610 W AidlConversion: aidl2legacy_AudioChannelLayout_audio_channel_mask_t: no legacy output audio_channel_mask_t found for AudioChannelLayout{layoutMask: 16}
01-30 21:59:32.779 14828 17034 W AudioTrack: getTimestamp_l(6089): retrograde timestamp time corrected, 122443514910218 < 122443523058238
01-30 21:59:32.841 14828 17037 W MediaCodec: [mId: 10] video-debug onReleaseOutputBuffer: Render time interval reaches 1408ms before pts: 194333
01-30 21:59:33.280 14828 17043 W Codec2Client: query -- param skipped: index = 1342179345.
01-30 21:59:33.280 14828 17043 W Codec2Client: query -- param skipped: index = 2415921170.
01-30 21:59:33.280 14828 17043 W Codec2Client: query -- param skipped: index = 1610614798.
01-30 21:59:33.284 14828 17037 E Surface : freeAllBuffers: 12 buffers were freed while being dequeued!
01-30 21:59:33.325 14828 15117 E FrameEvents: updateAcquireFence: Did not find frame.
01-30 21:59:33.791 14828 16770 W libc : Access denied finding property "persist.vendor.camera.privapp.list"
01-30 21:59:33.799 14828 15629 E CameraManagerGlobal: Camera 3 is not available. Ignore physical camera status change
01-30 21:59:33.800 14828 15629 W libc : Access denied finding property "vendor.camera.aux.packagelist"
01-30 21:59:33.800 14828 15629 W libc : Access denied finding property "vendor.camera.aux.packagelistext"
01-30 21:59:33.800 14828 15629 W CameraManagerGlobal: ignore the torch status update of camera: 3
01-30 21:59:33.800 14828 15629 W libc : Access denied finding property "vendor.camera.aux.packagelist"
01-30 21:59:33.800 14828 15629 W libc : Access denied finding property "vendor.camera.aux.packagelistext"
01-30 21:59:33.800 14828 15629 W CameraManagerGlobal: ignore the torch status update of camera: 4
01-30 21:59:37.445 14828 14828 W View : requestLayout() improperly called by androidx.appcompat.view.menu.ActionMenuItemView{d46ff4d VFED..C.. ......ID 0,8- 96,104 #7f0b0f8c app:id/menuitem_select_multiple} during layout: running second layout pass
01-30 21:59:37.445 14828 14828 W View : requestLayout() improperly called by androidx.appcompat.widget.ActionMenuView{b925a02 V.E...... ......ID 624,0-720,112} during layout: running second layout pass
01-30 21:59:37.568 14828 15117 E perf_hint: Session creation failed, mPreferredRateNanos: -1
01-30 21:59:37.694 14828 16056 W libc : Access denied finding property "vendor.camera.aux.packagelist"
01-30 21:59:37.694 14828 16056 W libc : Access denied finding property "vendor.camera.aux.packagelistext"
01-30 21:59:37.694 14828 16056 W CameraManagerGlobal: ignore the torch status update of camera: 3
01-30 21:59:37.695 14828 17036 W libc : Access denied finding property "vendor.camera.aux.packagelist"
01-30 21:59:37.695 14828 17036 W libc : Access denied finding property "vendor.camera.aux.packagelistext"
01-30 21:59:37.695 14828 17036 W CameraManagerGlobal: ignore the torch status update of camera: 4
01-30 21:59:37.698 14828 16056 E CameraManagerGlobal: Camera 3 is not available. Ignore physical camera status change
01-30 21:59:37.703 14828 16769 W BpBinder: PerfMonitor binderTransact : time=455ms interface=android.hardware.camera2.ICameraDeviceUser code=1
01-30 21:59:37.704 14828 16610 W com.mbwhatsapp: Long monitor contention with owner Optic-Task-Handler-Thread (16769) at void android.hardware.camera2.impl.CameraDeviceImpl.close()(CameraDeviceImpl.java:1532) waiters=0 in void android.hardware.camera2.impl.CameraDeviceImpl$CameraDeviceCallbacks.onCaptureStart ed(android.hardware.camera2.impl.CaptureResultExtras, long) for 443ms
01-30 21:59:37.707 14828 16610 W CameraDevice-JV-0: Device error received, code 4, frame number 46, request ID 1, subseq ID 0
01-30 21:59:37.707 14828 16610 W CameraDevice-JV-0: Device error received, code 4, frame number 42, request ID 1, subseq ID 0
01-30 21:59:37.707 14828 16610 W CameraDevice-JV-0: Device error received, code 4, frame number 41, request ID 1, subseq ID 0
01-30 21:59:37.707 14828 16610 W CameraDevice-JV-0: Device error received, code 4, frame number 43, request ID 1, subseq ID 0
01-30 21:59:37.707 14828 16610 W CameraDevice-JV-0: Device error received, code 4, frame number 40, request ID 1, subseq ID 0
01-30 21:59:37.707 14828 16610 W CameraDevice-JV-0: Device error received, code 5, frame number 40, request ID 1, subseq ID 0
01-30 21:59:37.708 14828 16610 W CameraDevice-JV-0: Device error received, code 5, frame number 46, request ID 1, subseq ID 0
01-30 21:59:37.708 14828 16610 W CameraDevice-JV-0: Device error received, code 5, frame number 41, request ID 1, subseq ID 0
01-30 21:59:37.708 14828 16610 W CameraDevice-JV-0: Device error received, code 5, frame number 42, request ID 1, subseq ID 0
01-30 21:59:37.709 14828 17036 W CameraDevice-JV-0: Device error received, code 5, frame number 43, request ID 1, subseq ID 0
01-30 21:59:37.709 14828 16056 W CameraDevice-JV-0: Device error received, code 4, frame number 44, request ID 1, subseq ID 0
01-30 21:59:37.709 14828 16056 W CameraDevice-JV-0: Device error received, code 5, frame number 44, request ID 1, subseq ID 0
01-30 21:59:37.709 14828 16056 W CameraDevice-JV-0: Device error received, code 4, frame number 45, request ID 1, subseq ID 0
01-30 21:59:37.709 14828 16056 W CameraDevice-JV-0: Device error received, code 5, frame number 45, request ID 1, subseq ID 0
01-30 21:59:39.314 14828 17348 W BpBinder: PerfMonitor binderTransact : time=237ms interface=android.media.IMediaMetadataRetriever code=5
01-30 21:59:44.283 14828 17348 W BpBinder: PerfMonitor binderTransact : time=247ms interface=android.media.IMediaMetadataRetriever code=5
01-30 21:59:50.733 14828 14828 E RecyclerView: No adapter attached; skipping layout
01-30 21:59:50.752 14828 15117 E perf_hint: Session creation failed, mPreferredRateNanos: -1
01-30 21:59:51.053 14828 14841 W System : A resource failed to call HardwareBuffer.close.
01-30 21:59:51.058 14828 14841 W System : A resource failed to call HardwareBuffer.close.
01-30 21:59:53.934 14828 14828 W ExoPlayer:Playb: type=1400 audit(0.0:325965): avc: denied { read } for name="u:object_r:vendor_audio_prop:s0" dev="tmpfs" ino=2306 scontext=u:r:untrusted_app:s0:c31,c257,c512,c768 tcontext=u:object_r:vendor_audio_prop:s0 tclass=file permissive=0 app=com.mbwhatsapp
01-30 21:59:53.938 14828 18061 W libc : Access denied finding property "ro.vendor.audio.dolby.vision.support"
01-30 21:59:53.943 14828 18064 W ExtendedACodec: Failed to set frame packing format on component
01-30 21:59:54.086 14828 14828 W ExoPlayer:Playb: type=1400 audit(0.0:325966): avc: denied { read } for name="u:object_r:vendor_audio_prop:s0" dev="tmpfs" ino=2306 scontext=u:r:untrusted_app:s0:c31,c257,c512,c768 tcontext=u:object_r:vendor_audio_prop:s0 tclass=file permissive=0 app=com.mbwhatsapp
01-30 21:59:54.090 14828 18061 W libc : Access denied finding property "ro.vendor.audio.dolby.vision.support"
01-30 21:59:54.093 14828 18069 W Codec2Client: query -- param skipped: index = 1107298332.
01-30 21:59:54.093 14828 18069 W CCodec : This behavior is subject to change. It is recommended that app developers double check whether the requested max input size is in reasonable range.
01-30 21:59:54.096 14828 18069 W Codec2Client: query -- param skipped: index = 1342179345.
01-30 21:59:54.096 14828 18069 W Codec2Client: query -- param skipped: index = 2415921170.
01-30 21:59:54.096 14828 18069 W Codec2Client: query -- param skipped: index = 1610614798.
01-30 21:59:54.107 14828 18071 W libc : Access denied finding property "ro.vendor.audio.dolby.vision.support"
01-30 21:59:54.102 14828 14828 W ExoPlayer:Playb: type=1400 audit(0.0:325967): avc: denied { read } for name="u:object_r:vendor_audio_prop:s0" dev="tmpfs" ino=2306 scontext=u:r:untrusted_app:s0:c31,c257,c512,c768 tcontext=u:object_r:vendor_audio_prop:s0 tclass=file permissive=0 app=com.mbwhatsapp
01-30 21:59:54.113 14828 18074 W ExtendedACodec: Failed to set frame packing format on component
01-30 21:59:54.176 14828 18069 W Codec2Client: query -- param skipped: index = 1342179345.
01-30 21:59:54.176 14828 18069 W Codec2Client: query -- param skipped: index = 2415921170.
01-30 21:59:54.176 14828 18069 W Codec2Client: query -- param skipped: index = 1610614798.
01-30 21:59:54.248 14828 18071 W libc : Access denied finding property "ro.vendor.audio.dolby.vision.support"
01-30 21:59:54.242 14828 14828 W ExoPlayer:Playb: type=1400 audit(0.0:325968): avc: denied { read } for name="u:object_r:vendor_audio_prop:s0" dev="tmpfs" ino=2306 scontext=u:r:untrusted_app:s0:c31,c257,c512,c768 tcontext=u:object_r:vendor_audio_prop:s0 tclass=file permissive=0 app=com.mbwhatsapp
01-30 21:59:54.250 14828 18079 W Codec2Client: query -- param skipped: index = 1107298332.
01-30 21:59:54.250 14828 18079 W CCodec : This behavior is subject to change. It is recommended that app developers double check whether the requested max input size is in reasonable range.
01-30 21:59:54.252 14828 18079 W Codec2Client: query -- param skipped: index = 1342179345.
01-30 21:59:54.253 14828 18079 W Codec2Client: query -- param skipped: index = 2415921170.
01-30 21:59:54.253 14828 18079 W Codec2Client: query -- param skipped: index = 1610614798.
01-30 21:59:54.296 14828 18069 W Codec2Client: query -- param skipped: index = 1342179345.
01-30 21:59:54.297 14828 18069 W Codec2Client: query -- param skipped: index = 2415921170.
01-30 21:59:54.297 14828 18069 W Codec2Client: query -- param skipped: index = 1610614798.
01-30 21:59:54.307 14828 18069 W Codec2Client: query -- param skipped: index = 1342179345.
01-30 21:59:54.307 14828 18069 W Codec2Client: query -- param skipped: index = 2415921170.
01-30 21:59:54.307 14828 18069 W Codec2Client: query -- param skipped: index = 1610614798.
01-30 21:59:54.346 14828 18079 W Codec2Client: query -- param skipped: index = 1342179345.
01-30 21:59:54.346 14828 18079 W Codec2Client: query -- param skipped: index = 2415921170.
01-30 21:59:54.346 14828 18079 W Codec2Client: query -- param skipped: index = 1610614798.
01-30 21:59:54.352 14828 18079 W Codec2Client: query -- param skipped: index = 1342179345.
01-30 21:59:54.352 14828 18079 W Codec2Client: query -- param skipped: index = 2415921170.
01-30 21:59:54.352 14828 18079 W Codec2Client: query -- param skipped: index = 1610614798.
01-30 21:59:54.358 14828 18079 W Codec2Client: query -- param skipped: index = 1342179345.
01-30 21:59:54.358 14828 18079 W Codec2Client: query -- param skipped: index = 2415921170.
01-30 21:59:54.358 14828 18079 W Codec2Client: query -- param skipped: index = 1610614798.
01-30 21:59:54.365 14828 18063 E Surface : freeAllBuffers: 12 buffers were freed while being dequeued!
01-30 21:59:54.379 14828 14828 W Looper : PerfMonitor doFrame : time=75ms vsyncFrame=0 latency=536ms procState=-1 historyMsgCount=2 (msgIndex=1 wall=549ms seq=15809 h=android.os.Handler c=X.0jz)
01-30 21:59:54.380 14828 18061 W libc : Access denied finding property "ro.vendor.audio.multichannel.5point1"
01-30 21:59:54.374 14828 14828 W ExoPlayer:Playb: type=1400 audit(0.0:325969): avc: denied { read } for name="u:object_r:vendor_audio_prop:s0" dev="tmpfs" ino=2306 scontext=u:r:untrusted_app:s0:c31,c257,c512,c768 tcontext=u:object_r:vendor_audio_prop:s0 tclass=file permissive=0 app=com.mbwhatsapp
01-30 21:59:54.391 14828 18061 W libc : Access denied finding property "vendor.audio.lowpower"
01-30 21:59:54.392 14828 18073 E Surface : freeAllBuffers: 8 buffers were freed while being dequeued!
01-30 21:59:54.413 14828 18071 W libc : Access denied finding property "ro.vendor.audio.multichannel.5point1"
01-30 21:59:54.421 14828 18071 W libc : Access denied finding property "vendor.audio.lowpower"
01-30 21:59:54.422 14828 18061 W libc : Access denied finding property "vendor.audio.cpu.sched"
01-30 21:59:54.422 14828 18061 W libc : Access denied finding property "vendor.audio.rt.mode"
01-30 21:59:54.422 14828 18061 W libc : Access denied finding property "ro.vendor.audio.zerodata.upload"
01-30 21:59:54.423 14828 18061 W libc : Access denied finding property "vendor.audio.caretaker.at"
01-30 21:59:54.427 14828 14844 W libc : Access denied finding property "ro.vendor.audio.shortvideo.index"
01-30 21:59:54.439 14828 18071 W libc : Access denied finding property "vendor.audio.cpu.sched"
01-30 21:59:54.439 14828 18071 W libc : Access denied finding property "vendor.audio.rt.mode"
01-30 21:59:54.439 14828 18071 W libc : Access denied finding property "ro.vendor.audio.zerodata.upload"
01-30 21:59:54.440 14828 18071 W libc : Access denied finding property "vendor.audio.caretaker.at"
01-30 21:59:54.441 14828 18061 W libc : Access denied finding property "ro.vendor.audio.shortvideo.index"
01-30 21:59:54.442 14828 15186 W libc : Access denied finding property "ro.vendor.audio.shortvideo.index"
01-30 21:59:54.444 14828 18071 W libc : Access denied finding property "ro.vendor.audio.shortvideo.index"
01-30 21:59:54.759 14828 15442 W BpBinder: PerfMonitor binderTransact : time=304ms interface=android.media.IMediaMetadataRetriever code=5
01-30 21:59:54.857 14828 18011 W BpBinder: PerfMonitor binderTransact : time=290ms interface=android.media.IMediaMetadataRetriever code=5
01-30 21:59:54.972 14828 15055 W BpBinder: PerfMonitor binderTransact : time=331ms interface=android.media.IMediaMetadataRetriever code=5
01-30 21:59:55.090 14828 15442 W BpBinder: PerfMonitor binderTransact : time=322ms interface=android.media.IMediaMetadataRetriever code=5
01-30 21:59:55.192 14828 18011 W BpBinder: PerfMonitor binderTransact : time=311ms interface=android.media.IMediaMetadataRetriever code=5
01-30 21:59:55.299 14828 15055 W BpBinder: PerfMonitor binderTransact : time=323ms interface=android.media.IMediaMetadataRetriever code=5
01-30 21:59:55.371 14828 18061 W MediaCodec: [mId: 12] video-debug queueInputBuffer: Input time interval reaches 1002ms before pts: 827666
01-30 21:59:55.381 14828 18061 W MediaCodec: [mId: 13] video-debug queueInputBuffer: Input time interval reaches 937ms before pts: 510839
01-30 21:59:55.393 14828 18071 W MediaCodec: [mId: 14] video-debug queueInputBuffer: Input time interval reaches 997ms before pts: 933300
01-30 21:59:55.396 14828 18071 W MediaCodec: [mId: 15] video-debug queueInputBuffer: Input time interval reaches 938ms before pts: 464399
01-30 21:59:55.503 14828 15442 W BpBinder: PerfMonitor binderTransact : time=407ms interface=android.media.IMediaMetadataRetriever code=5
01-30 21:59:55.592 14828 18011 W BpBinder: PerfMonitor binderTransact : time=348ms interface=android.media.IMediaMetadataRetriever code=5
01-30 21:59:55.702 14828 15055 W BpBinder: PerfMonitor binderTransact : time=396ms interface=android.media.IMediaMetadataRetriever code=5
01-30 21:59:55.812 14828 15442 W BpBinder: PerfMonitor binderTransact : time=305ms interface=android.media.IMediaMetadataRetriever code=5
01-30 21:59:55.903 14828 18011 W BpBinder: PerfMonitor binderTransact : time=242ms interface=android.media.IMediaMetadataRetriever code=5
01-30 21:59:56.021 14828 15055 W BpBinder: PerfMonitor binderTransact : time=310ms interface=android.media.IMediaMetadataRetriever code=5
01-30 21:59:56.127 14828 15442 W BpBinder: PerfMonitor binderTransact : time=306ms interface=android.media.IMediaMetadataRetriever code=5
01-30 21:59:56.219 14828 18011 W BpBinder: PerfMonitor binderTransact : time=244ms interface=android.media.IMediaMetadataRetriever code=5
01-30 21:59:56.319 14828 15055 W BpBinder: PerfMonitor binderTransact : time=293ms interface=android.media.IMediaMetadataRetriever code=5
01-30 21:59:56.369 14828 18061 W MediaCodec: [mId: 13] video-debug queueInputBuffer: Input time interval reaches 984ms before pts: 696598
01-30 21:59:56.395 14828 18071 W MediaCodec: [mId: 15] video-debug queueInputBuffer: Input time interval reaches 997ms before pts: 557278
01-30 21:59:56.431 14828 15442 W BpBinder: PerfMonitor binderTransact : time=295ms interface=android.media.IMediaMetadataRetriever code=5
01-30 21:59:56.522 14828 18011 W BpBinder: PerfMonitor binderTransact : time=245ms interface=android.media.IMediaMetadataRetriever code=5
01-30 21:59:56.637 14828 15055 W BpBinder: PerfMonitor binderTransact : time=311ms interface=android.media.IMediaMetadataRetriever code=5
01-30 21:59:56.746 14828 15442 W BpBinder: PerfMonitor binderTransact : time=308ms interface=android.media.IMediaMetadataRetriever code=5
01-30 21:59:56.848 14828 18011 W BpBinder: PerfMonitor binderTransact : time=271ms interface=android.media.IMediaMetadataRetriever code=5
01-30 21:59:56.956 14828 15055 W BpBinder: PerfMonitor binderTransact : time=312ms interface=android.media.IMediaMetadataRetriever code=5
01-30 21:59:57.065 14828 15442 W BpBinder: PerfMonitor binderTransact : time=310ms interface=android.media.IMediaMetadataRetriever code=5
01-30 22:00:49.724 14828 17036 W libc : Access denied finding property "ro.vendor.audio.shortvideo.index"
01-30 22:00:49.718 14828 14828 W binder:14828_8: type=1400 audit(0.0:325999): avc: denied { read } for name="u:object_r:vendor_audio_prop:s0" dev="tmpfs" ino=2306 scontext=u:r:untrusted_app:s0:c31,c257,c512,c768 tcontext=u:object_r:vendor_audio_prop:s0 tclass=file permissive=0 app=com.mbwhatsapp
01-30 22:00:49.769 14828 15186 W AidlConversion: aidl2legacy_AudioChannelLayout_audio_channel_mask_t: no legacy output audio_channel_mask_t found for AudioChannelLayout{layoutMask: 16}
01-30 22:00:49.915 14828 18061 W AudioTrack: getTimestamp_l(6093): retrograde timestamp time corrected, 122520657625188 < 122520659030761
01-30 22:00:49.927 14828 18061 W MediaCodec: [mId: 13] video-debug queueInputBuffer: Input time interval reaches 53556ms before pts: 835918
01-30 22:00:49.975 14828 18063 W MediaCodec: [mId: 12] video-debug onReleaseOutputBuffer: Render time interval reaches 55608ms before pts: 194333
01-30 22:00:49.996 14828 18061 W MediaCodec: [mId: 12] video-debug queueInputBuffer: Input time interval reaches 54618ms before pts: 861000
01-30 22:00:53.873 14828 18063 E Surface : freeAllBuffers: 12 buffers were freed while being dequeued!
01-30 22:00:53.887 14828 18069 W Codec2Client: query -- param skipped: index = 1342179345.
01-30 22:00:53.887 14828 18069 W Codec2Client: query -- param skipped: index = 2415921170.
01-30 22:00:53.887 14828 18069 W Codec2Client: query -- param skipped: index = 1610614798.
01-30 22:00:53.892 14828 18063 E Surface : freeAllBuffers: 12 buffers were freed while being dequeued!
01-30 22:00:53.926 14828 18063 E send_data_to_xlog: send_video_play_to_xlog, start
01-30 22:00:53.937 14828 18063 E xlog_client: xlog_open: Error in open xlog
01-30 22:00:53.937 14828 18063 E xlog_client: xlog open fail
01-30 22:00:54.134 14828 18826 W libc : Access denied finding property "ro.vendor.audio.dolby.vision.support"
01-30 22:00:54.130 14828 14828 W ExoPlayer:Playb: type=1400 audit(0.0:326000): avc: denied { read } for name="u:object_r:vendor_audio_prop:s0" dev="tmpfs" ino=2306 scontext=u:r:untrusted_app:s0:c31,c257,c512,c768 tcontext=u:object_r:vendor_audio_prop:s0 tclass=file permissive=0 app=com.mbwhatsapp
01-30 22:00:54.139 14828 18833 W ExtendedACodec: Failed to set frame packing format on component
01-30 22:00:54.183 14828 18826 W libc : Access denied finding property "ro.vendor.audio.dolby.vision.support"
01-30 22:00:54.184 14828 18838 W Codec2Client: query -- param skipped: index = 1107298332.
01-30 22:00:54.184 14828 18838 W CCodec : This behavior is subject to change. It is recommended that app developers double check whether the requested max input size is in reasonable range.
01-30 22:00:54.186 14828 18838 W Codec2Client: query -- param skipped: index = 1342179345.
01-30 22:00:54.186 14828 18838 W Codec2Client: query -- param skipped: index = 2415921170.
01-30 22:00:54.186 14828 18838 W Codec2Client: query -- param skipped: index = 1610614798.
01-30 22:00:54.178 14828 14828 W ExoPlayer:Playb: type=1400 audit(0.0:326001): avc: denied { read } for name="u:object_r:vendor_audio_prop:s0" dev="tmpfs" ino=2306 scontext=u:r:untrusted_app:s0:c31,c257,c512,c768 tcontext=u:object_r:vendor_audio_prop:s0 tclass=file permissive=0 app=com.mbwhatsapp
01-30 22:00:54.198 14828 14828 E RecyclerView: Passed over target position while smooth scrolling.
01-30 22:00:54.219 14828 18838 W Codec2Client: query -- param skipped: index = 1342179345.
01-30 22:00:54.219 14828 18838 W Codec2Client: query -- param skipped: index = 2415921170.
01-30 22:00:54.219 14828 18838 W Codec2Client: query -- param skipped: index = 1610614798.
01-30 22:00:54.225 14828 18838 W Codec2Client: query -- param skipped: index = 1342179345.
01-30 22:00:54.225 14828 18838 W Codec2Client: query -- param skipped: index = 2415921170.
01-30 22:00:54.225 14828 18838 W Codec2Client: query -- param skipped: index = 1610614798.
01-30 22:00:54.230 14828 18838 W Codec2Client: query -- param skipped: index = 1342179345.
01-30 22:00:54.230 14828 18838 W Codec2Client: query -- param skipped: index = 2415921170.
01-30 22:00:54.230 14828 18838 W Codec2Client: query -- param skipped: index = 1610614798.
01-30 22:00:54.235 14828 14828 W Looper : PerfMonitor doFrame : time=57ms vsyncFrame=0 latency=327ms procState=-1 historyMsgCount=3 (msgIndex=1 wall=328ms seq=16901 late=25ms h=android.view.ViewRootImpl$ViewRootHandler c=android.view.View$PerformClick)
01-30 22:00:54.726 14828 14828 W binder:14828_4: type=1400 audit(0.0:326002): avc: denied { read } for name="u:object_r:vendor_audio_prop:s0" dev="tmpfs" ino=2306 scontext=u:r:untrusted_app:s0:c31,c257,c512,c768 tcontext=u:object_r:vendor_audio_prop:s0 tclass=file permissive=0 app=com.mbwhatsapp
01-30 22:00:54.732 14828 15186 W libc : Access denied finding property "ro.vendor.audio.shortvideo.index"
01-30 22:00:54.761 14828 18831 E Surface : freeAllBuffers: 12 buffers were freed while being dequeued!
01-30 22:00:54.763 14828 18826 W MediaCodec: [mId: 16] video-debug queueInputBuffer: Input time interval reaches 531ms before pts: 583333
01-30 22:00:54.774 14828 14828 W ExoPlayer:Playb: type=1400 audit(0.0:326003): avc: denied { read } for name="u:object_r:vendor_audio_prop:s0" dev="tmpfs" ino=2306 scontext=u:r:untrusted_app:s0:c31,c257,c512,c768 tcontext=u:object_r:vendor_audio_prop:s0 tclass=file permissive=0 app=com.mbwhatsapp
01-30 22:00:54.774 14828 14828 W ExoPlayer:Playb: type=1400 audit(0.0:326004): avc: denied { read } for name="u:object_r:vendor_audio_prop:s0" dev="tmpfs" ino=2306 scontext=u:r:untrusted_app:s0:c31,c257,c512,c768 tcontext=u:object_r:vendor_audio_prop:s0 tclass=file permissive=0 app=com.mbwhatsapp
01-30 22:00:54.778 14828 15186 W AidlConversion: aidl2legacy_AudioChannelLayout_audio_channel_mask_t: no legacy output audio_channel_mask_t found for AudioChannelLayout{layoutMask: 16}
01-30 22:00:54.778 14828 18826 W libc : Access denied finding property "ro.vendor.audio.multichannel.5point1"
01-30 22:00:54.780 14828 18826 W libc : Access denied finding property "vendor.audio.lowpower"
01-30 22:00:54.799 14828 18826 W libc : Access denied finding property "vendor.audio.cpu.sched"
01-30 22:00:54.800 14828 18826 W libc : Access denied finding property "vendor.audio.rt.mode"
01-30 22:00:54.800 14828 18826 W libc : Access denied finding property "ro.vendor.audio.zerodata.upload"
01-30 22:00:54.800 14828 18826 W libc : Access denied finding property "vendor.audio.caretaker.at"
01-30 22:00:54.801 14828 15186 W libc : Access denied finding property "ro.vendor.audio.shortvideo.index"
01-30 22:00:54.802 14828 18826 W libc : Access denied finding property "ro.vendor.audio.shortvideo.index"
01-30 22:00:54.803 14828 18826 W MediaCodec: [mId: 17] video-debug queueInputBuffer: Input time interval reaches 566ms before pts: 278639
01-30 22:00:54.820 14828 18071 W MediaCodec: [mId: 15] video-debug queueInputBuffer: Input time interval reaches 58424ms before pts: 603718
01-30 22:00:54.879 14828 18073 W MediaCodec: [mId: 14] video-debug onReleaseOutputBuffer: Render time interval reaches 60485ms before pts: 100000
01-30 22:00:54.890 14828 18071 W MediaCodec: [mId: 14] video-debug queueInputBuffer: Input time interval reaches 59496ms before pts: 999966
