01-30 22:00:55.113 14828 18073 W MediaCodec: [mId: 14] video-debug onReleaseOutputBuffer: Render time interval reaches 73ms before pts: 333200
01-30 22:00:55.193 14828 16759 W BpBinder: PerfMonitor binderTransact : time=213ms interface=android.media.IMediaMetadataRetriever code=5
01-30 22:00:55.194 14828 18073 W MediaCodec: [mId: 14] video-debug onReleaseOutputBuffer: Render time interval reaches 81ms before pts: 399866
01-30 22:00:55.398 14828 18073 W MediaCodec: [mId: 14] video-debug onReleaseOutputBuffer: Render time interval reaches 103ms before pts: 599833
01-30 22:00:55.598 14828 16759 W BpBinder: PerfMonitor binderTransact : time=202ms interface=android.media.IMediaMetadataRetriever code=5
01-30 22:00:55.763 14828 18826 W MediaCodec: [mId: 16] video-debug queueInputBuffer: Input time interval reaches 995ms before pts: 1250000
01-30 22:00:55.773 14828 18826 W MediaCodec: [mId: 17] video-debug queueInputBuffer: Input time interval reaches 968ms before pts: 464399
01-30 22:00:55.849 14828 18011 W BpBinder: PerfMonitor binderTransact : time=282ms interface=android.media.IMediaMetadataRetriever code=5
01-30 22:00:55.913 14828 18073 W MediaCodec: [mId: 14] video-debug onReleaseOutputBuffer: Render time interval reaches 89ms before pts: 1099966
01-30 22:00:55.964 14828 16759 W BpBinder: PerfMonitor binderTransact : time=359ms interface=android.media.IMediaMetadataRetriever code=5
01-30 22:00:56.101 14828 18073 W MediaCodec: [mId: 14] video-debug onReleaseOutputBuffer: Render time interval reaches 96ms before pts: 1299966
01-30 22:00:56.131 14828 18011 W BpBinder: PerfMonitor binderTransact : time=231ms interface=android.media.IMediaMetadataRetriever code=5
01-30 22:00:56.248 14828 16759 W BpBinder: PerfMonitor binderTransact : time=282ms interface=android.media.IMediaMetadataRetriever code=5
01-30 22:00:56.448 14828 18073 W MediaCodec: [mId: 14] video-debug onReleaseOutputBuffer: Render time interval reaches 71ms before pts: 1633200
01-30 22:00:56.663 14828 16759 W BpBinder: PerfMonitor binderTransact : time=217ms interface=android.media.IMediaMetadataRetriever code=5
01-30 22:00:56.749 14828 18073 W MediaCodec: [mId: 14] video-debug onReleaseOutputBuffer: Render time interval reaches 72ms before pts: 1933333
01-30 22:00:56.767 14828 18826 W MediaCodec: [mId: 17] video-debug queueInputBuffer: Input time interval reaches 992ms before pts: 650158
01-30 22:00:57.076 14828 18011 W BpBinder: PerfMonitor binderTransact : time=217ms interface=android.media.IMediaMetadataRetriever code=5
01-30 22:00:57.679 14828 18073 W MediaCodec: [mId: 14] video-debug onReleaseOutputBuffer: Render time interval reaches 71ms before pts: 2866533
01-30 22:00:57.766 14828 18826 W MediaCodec: [mId: 17] video-debug queueInputBuffer: Input time interval reaches 988ms before pts: 975238
01-30 22:00:57.946 14828 18073 W MediaCodec: [mId: 14] video-debug onReleaseOutputBuffer: Render time interval reaches 72ms before pts: 3133100
01-30 22:00:58.214 14828 18073 W MediaCodec: [mId: 14] video-debug onReleaseOutputBuffer: Render time interval reaches 82ms before pts: 3399733
01-30 22:00:58.440 14828 18073 W MediaCodec: [mId: 14] video-debug onReleaseOutputBuffer: Render time interval reaches 94ms before pts: 3633100
01-30 22:00:59.647 14828 18073 W MediaCodec: [mId: 14] video-debug onReleaseOutputBuffer: Render time interval reaches 73ms before pts: 4833066
01-30 22:00:59.780 14828 18073 W MediaCodec: [mId: 14] video-debug onReleaseOutputBuffer: Render time interval reaches 71ms before pts: 4966533
01-30 22:00:59.977 14828 18073 W MediaCodec: [mId: 14] video-debug onReleaseOutputBuffer: Render time interval reaches 104ms before pts: 5166533
01-30 22:01:00.210 14828 18073 W MediaCodec: [mId: 14] video-debug onReleaseOutputBuffer: Render time interval reaches 71ms before pts: 5399900
01-30 22:01:00.512 14828 18073 W MediaCodec: [mId: 14] video-debug onReleaseOutputBuffer: Render time interval reaches 71ms before pts: 5700000
01-30 22:01:01.744 14828 18073 W MediaCodec: [mId: 14] video-debug onReleaseOutputBuffer: Render time interval reaches 72ms before pts: 6933100
01-30 22:01:02.681 14828 18073 W MediaCodec: [mId: 14] video-debug onReleaseOutputBuffer: Render time interval reaches 74ms before pts: 7866466
01-30 22:01:03.347 14828 18073 W MediaCodec: [mId: 14] video-debug onReleaseOutputBuffer: Render time interval reaches 74ms before pts: 8532933
01-30 22:01:03.813 14828 18073 W MediaCodec: [mId: 14] video-debug onReleaseOutputBuffer: Render time interval reaches 72ms before pts: 8999833
01-30 22:01:04.778 14828 18073 W MediaCodec: [mId: 14] video-debug onReleaseOutputBuffer: Render time interval reaches 72ms before pts: 9966200
01-30 22:01:06.815 14828 18073 W MediaCodec: [mId: 14] video-debug onReleaseOutputBuffer: Render time interval reaches 74ms before pts: 11999500
01-30 22:01:09.491 14828 15117 W RenderInspector: DequeueBuffer time out on com.mbwhatsapp/com.mbwhatsapp.mediacomposer.MediaComposerActivity, count=1, avg=16 ms, max=16 ms.
01-30 22:01:09.995 14828 18073 W MediaCodec: [mId: 14] video-debug onReleaseOutputBuffer: Render time interval reaches 107ms before pts: 15198833
01-30 22:01:10.160 14828 18073 W MediaCodec: [mId: 14] video-debug onReleaseOutputBuffer: Render time interval reaches 72ms before pts: 15365433
01-30 22:01:10.413 14828 15117 W RenderInspector: DequeueBuffer time out on com.mbwhatsapp/com.mbwhatsapp.mediacomposer.MediaComposerActivity, count=1, avg=19 ms, max=19 ms.
01-30 22:01:10.891 14828 18073 E Surface : freeAllBuffers: 8 buffers were freed while being dequeued!
01-30 22:01:10.901 14828 18079 W Codec2Client: query -- param skipped: index = 1342179345.
01-30 22:01:10.901 14828 18079 W Codec2Client: query -- param skipped: index = 2415921170.
01-30 22:01:10.901 14828 18079 W Codec2Client: query -- param skipped: index = 1610614798.
01-30 22:01:10.903 14828 19076 E xlog_client: xlog_open: Error in open xlog
01-30 22:01:10.903 14828 19076 E xlog_client: xlog open fail
01-30 22:01:10.904 14828 18073 E Surface : freeAllBuffers: 8 buffers were freed while being dequeued!
01-30 22:01:10.927 14828 18073 E send_data_to_xlog: send_video_play_to_xlog, start
01-30 22:01:10.927 14828 18073 E xlog_client: xlog_open: Error in open xlog
01-30 22:01:10.927 14828 18073 E xlog_client: xlog open fail
01-30 22:01:11.034 14828 19079 W libc : Access denied finding property "ro.vendor.audio.dolby.vision.support"
01-30 22:01:11.030 14828 14828 W ExoPlayer:Playb: type=1400 audit(0.0:326017): avc: denied { read } for name="u:object_r:vendor_audio_prop:s0" dev="tmpfs" ino=2306 scontext=u:r:untrusted_app:s0:c31,c257,c512,c768 tcontext=u:object_r:vendor_audio_prop:s0 tclass=file permissive=0 app=com.mbwhatsapp
01-30 22:01:11.038 14828 19082 W ExtendedACodec: Failed to set frame packing format on component
01-30 22:01:11.085 14828 19079 W libc : Access denied finding property "ro.vendor.audio.dolby.vision.support"
01-30 22:01:11.086 14828 19087 W Codec2Client: query -- param skipped: index = 1107298332.
01-30 22:01:11.086 14828 19087 W CCodec : This behavior is subject to change. It is recommended that app developers double check whether the requested max input size is in reasonable range.
01-30 22:01:11.082 14828 14828 W ExoPlayer:Playb: type=1400 audit(0.0:326018): avc: denied { read } for name="u:object_r:vendor_audio_prop:s0" dev="tmpfs" ino=2306 scontext=u:r:untrusted_app:s0:c31,c257,c512,c768 tcontext=u:object_r:vendor_audio_prop:s0 tclass=file permissive=0 app=com.mbwhatsapp
01-30 22:01:11.087 14828 14828 E RecyclerView: Passed over target position while smooth scrolling.
01-30 22:01:11.088 14828 19087 W Codec2Client: query -- param skipped: index = 1342179345.
01-30 22:01:11.088 14828 19087 W Codec2Client: query -- param skipped: index = 2415921170.
01-30 22:01:11.088 14828 19087 W Codec2Client: query -- param skipped: index = 1610614798.
01-30 22:01:11.129 14828 19087 W Codec2Client: query -- param skipped: index = 1342179345.
01-30 22:01:11.129 14828 19087 W Codec2Client: query -- param skipped: index = 2415921170.
01-30 22:01:11.129 14828 19087 W Codec2Client: query -- param skipped: index = 1610614798.
01-30 22:01:11.136 14828 19087 W Codec2Client: query -- param skipped: index = 1342179345.
01-30 22:01:11.136 14828 19087 W Codec2Client: query -- param skipped: index = 2415921170.
01-30 22:01:11.137 14828 19087 W Codec2Client: query -- param skipped: index = 1610614798.
01-30 22:01:11.140 14828 19087 W Codec2Client: query -- param skipped: index = 1342179345.
01-30 22:01:11.140 14828 19087 W Codec2Client: query -- param skipped: index = 2415921170.
01-30 22:01:11.140 14828 19087 W Codec2Client: query -- param skipped: index = 1610614798.
01-30 22:01:11.730 14828 14828 W binder:14828_4: type=1400 audit(0.0:326019): avc: denied { read } for name="u:object_r:vendor_audio_prop:s0" dev="tmpfs" ino=2306 scontext=u:r:untrusted_app:s0:c31,c257,c512,c768 tcontext=u:object_r:vendor_audio_prop:s0 tclass=file permissive=0 app=com.mbwhatsapp
01-30 22:01:11.734 14828 15186 W libc : Access denied finding property "ro.vendor.audio.shortvideo.index"
01-30 22:01:11.752 14828 19081 E Surface : freeAllBuffers: 12 buffers were freed while being dequeued!
01-30 22:01:11.756 14828 19079 W MediaCodec: [mId: 18] video-debug queueInputBuffer: Input time interval reaches 602ms before pts: 394333
01-30 22:01:11.757 14828 17036 W AidlConversion: aidl2legacy_AudioChannelLayout_audio_channel_mask_t: no legacy output audio_channel_mask_t found for AudioChannelLayout{layoutMask: 16}
01-30 22:01:11.766 14828 19079 W libc : Access denied finding property "ro.vendor.audio.multichannel.5point1"
01-30 22:01:11.762 14828 14828 W ExoPlayer:Playb: type=1400 audit(0.0:326020): avc: denied { read } for name="u:object_r:vendor_audio_prop:s0" dev="tmpfs" ino=2306 scontext=u:r:untrusted_app:s0:c31,c257,c512,c768 tcontext=u:object_r:vendor_audio_prop:s0 tclass=file permissive=0 app=com.mbwhatsapp
01-30 22:01:11.768 14828 19079 W libc : Access denied finding property "vendor.audio.lowpower"
01-30 22:01:11.762 14828 14828 W ExoPlayer:Playb: type=1400 audit(0.0:326021): avc: denied { read } for name="u:object_r:vendor_audio_prop:s0" dev="tmpfs" ino=2306 scontext=u:r:untrusted_app:s0:c31,c257,c512,c768 tcontext=u:object_r:vendor_audio_prop:s0 tclass=file permissive=0 app=com.mbwhatsapp
01-30 22:01:11.778 14828 14828 W ExoPlayer:Playb: type=1400 audit(0.0:326022): avc: denied { read } for name="u:object_r:vendor_audio_prop:s0" dev="tmpfs" ino=2306 scontext=u:r:untrusted_app:s0:c31,c257,c512,c768 tcontext=u:object_r:vendor_audio_prop:s0 tclass=file permissive=0 app=com.mbwhatsapp
01-30 22:01:11.778 14828 14828 W ExoPlayer:Playb: type=1400 audit(0.0:326023): avc: denied { read } for name="u:object_r:vendor_audio_prop:s0" dev="tmpfs" ino=2306 scontext=u:r:untrusted_app:s0:c31,c257,c512,c768 tcontext=u:object_r:vendor_audio_prop:s0 tclass=file permissive=0 app=com.mbwhatsapp
01-30 22:01:11.783 14828 19079 W libc : Access denied finding property "vendor.audio.cpu.sched"
01-30 22:01:11.783 14828 19079 W libc : Access denied finding property "vendor.audio.rt.mode"
01-30 22:01:11.783 14828 19079 W libc : Access denied finding property "ro.vendor.audio.zerodata.upload"
01-30 22:01:11.784 14828 19079 W libc : Access denied finding property "vendor.audio.caretaker.at"
01-30 22:01:11.778 14828 14828 W ExoPlayer:Playb: type=1400 audit(0.0:326024): avc: denied { read } for name="u:object_r:vendor_audio_prop:s0" dev="tmpfs" ino=2306 scontext=u:r:untrusted_app:s0:c31,c257,c512,c768 tcontext=u:object_r:vendor_audio_prop:s0 tclass=file permissive=0 app=com.mbwhatsapp
01-30 22:01:11.785 14828 17036 W libc : Access denied finding property "ro.vendor.audio.shortvideo.index"
01-30 22:01:11.786 14828 19079 W libc : Access denied finding property "ro.vendor.audio.shortvideo.index"
01-30 22:01:11.787 14828 19079 W MediaCodec: [mId: 19] video-debug queueInputBuffer: Input time interval reaches 631ms before pts: 278639
01-30 22:01:11.896 14828 18831 W MediaCodec: [mId: 16] video-debug onReleaseOutputBuffer: Render time interval reaches 17134ms before pts: 166666
01-30 22:01:11.899 14828 18826 W MediaCodec: [mId: 17] video-debug queueInputBuffer: Input time interval reaches 14131ms before pts: 1068117
01-30 22:01:11.905 14828 18826 W MediaCodec: [mId: 16] video-debug queueInputBuffer: Input time interval reaches 16135ms before pts: 1833333
01-30 22:01:11.978 14828 18831 W MediaCodec: [mId: 16] video-debug onReleaseOutputBuffer: Render time interval reaches 82ms before pts: 250000
01-30 22:01:12.061 14828 18831 W MediaCodec: [mId: 16] video-debug onReleaseOutputBuffer: Render time interval reaches 83ms before pts: 333333
01-30 22:01:12.139 14828 18831 W MediaCodec: [mId: 16] video-debug onReleaseOutputBuffer: Render time interval reaches 78ms before pts: 416666
01-30 22:01:12.232 14828 18831 W MediaCodec: [mId: 16] video-debug onReleaseOutputBuffer: Render time interval reaches 93ms before pts: 500000
01-30 22:01:12.305 14828 18831 W MediaCodec: [mId: 16] video-debug onReleaseOutputBuffer: Render time interval reaches 73ms before pts: 583333
01-30 22:01:12.398 14828 18831 W MediaCodec: [mId: 16] video-debug onReleaseOutputBuffer: Render time interval reaches 92ms before pts: 666666
01-30 22:01:12.480 14828 18831 W MediaCodec: [mId: 16] video-debug onReleaseOutputBuffer: Render time interval reaches 82ms before pts: 750000
01-30 22:01:12.561 14828 18831 W MediaCodec: [mId: 16] video-debug onReleaseOutputBuffer: Render time interval reaches 81ms before pts: 833333
01-30 22:01:12.662 14828 18831 W MediaCodec: [mId: 16] video-debug onReleaseOutputBuffer: Render time interval reaches 101ms before pts: 916666
01-30 22:01:12.744 14828 18831 W MediaCodec: [mId: 16] video-debug onReleaseOutputBuffer: Render time interval reaches 82ms before pts: 1000000
01-30 22:01:12.756 14828 19079 W MediaCodec: [mId: 18] video-debug queueInputBuffer: Input time interval reaches 996ms before pts: 661000
01-30 22:01:12.761 14828 19079 W MediaCodec: [mId: 19] video-debug queueInputBuffer: Input time interval reaches 972ms before pts: 464399
01-30 22:01:12.826 14828 18831 W MediaCodec: [mId: 16] video-debug onReleaseOutputBuffer: Render time interval reaches 82ms before pts: 1083333
01-30 22:01:12.909 14828 18831 W MediaCodec: [mId: 16] video-debug onReleaseOutputBuffer: Render time interval reaches 82ms before pts: 1166666
01-30 22:01:12.991 14828 18831 W MediaCodec: [mId: 16] video-debug onReleaseOutputBuffer: Render time interval reaches 82ms before pts: 1250000
01-30 22:01:13.073 14828 18831 W MediaCodec: [mId: 16] video-debug onReleaseOutputBuffer: Render time interval reaches 82ms before pts: 1333333
01-30 22:01:13.163 14828 18831 W MediaCodec: [mId: 16] video-debug onReleaseOutputBuffer: Render time interval reaches 90ms before pts: 1416666
01-30 22:01:13.245 14828 18831 W MediaCodec: [mId: 16] video-debug onReleaseOutputBuffer: Render time interval reaches 82ms before pts: 1500000
01-30 22:01:13.325 14828 18831 W MediaCodec: [mId: 16] video-debug onReleaseOutputBuffer: Render time interval reaches 80ms before pts: 1583333
01-30 22:01:13.406 14828 18831 W MediaCodec: [mId: 16] video-debug onReleaseOutputBuffer: Render time interval reaches 81ms before pts: 1666666
01-30 22:01:13.488 14828 18831 W MediaCodec: [mId: 16] video-debug onReleaseOutputBuffer: Render time interval reaches 82ms before pts: 1750000
01-30 22:01:13.578 14828 18831 W MediaCodec: [mId: 16] video-debug onReleaseOutputBuffer: Render time interval reaches 90ms before pts: 1833333
01-30 22:01:13.659 14828 18831 W MediaCodec: [mId: 16] video-debug onReleaseOutputBuffer: Render time interval reaches 81ms before pts: 1916666
01-30 22:01:13.749 14828 18831 W MediaCodec: [mId: 16] video-debug onReleaseOutputBuffer: Render time interval reaches 90ms before pts: 2000000
01-30 22:01:13.756 14828 19079 W MediaCodec: [mId: 19] video-debug queueInputBuffer: Input time interval reaches 994ms before pts: 650158
01-30 22:01:13.830 14828 18831 W MediaCodec: [mId: 16] video-debug onReleaseOutputBuffer: Render time interval reaches 81ms before pts: 2083333
01-30 22:01:13.911 14828 18831 W MediaCodec: [mId: 16] video-debug onReleaseOutputBuffer: Render time interval reaches 81ms before pts: 2166666
01-30 22:01:13.992 14828 18831 W MediaCodec: [mId: 16] video-debug onReleaseOutputBuffer: Render time interval reaches 81ms before pts: 2250000
01-30 22:01:14.078 14828 18831 W MediaCodec: [mId: 16] video-debug onReleaseOutputBuffer: Render time interval reaches 86ms before pts: 2333333
01-30 22:01:14.158 14828 18831 W MediaCodec: [mId: 16] video-debug onReleaseOutputBuffer: Render time interval reaches 80ms before pts: 2416666
01-30 22:01:14.240 14828 18831 W MediaCodec: [mId: 16] video-debug onReleaseOutputBuffer: Render time interval reaches 82ms before pts: 2500000
01-30 22:01:14.331 14828 18831 W MediaCodec: [mId: 16] video-debug onReleaseOutputBuffer: Render time interval reaches 91ms before pts: 2583333
01-30 22:01:14.412 14828 18831 W MediaCodec: [mId: 16] video-debug onReleaseOutputBuffer: Render time interval reaches 81ms before pts: 2666666
01-30 22:01:14.495 14828 18831 W MediaCodec: [mId: 16] video-debug onReleaseOutputBuffer: Render time interval reaches 83ms before pts: 2750000
01-30 22:01:14.572 14828 18831 W MediaCodec: [mId: 16] video-debug onReleaseOutputBuffer: Render time interval reaches 77ms before pts: 2833333
01-30 22:01:14.655 14828 18831 W MediaCodec: [mId: 16] video-debug onReleaseOutputBuffer: Render time interval reaches 83ms before pts: 2916666
01-30 22:01:14.738 14828 18831 W MediaCodec: [mId: 16] video-debug onReleaseOutputBuffer: Render time interval reaches 83ms before pts: 3000000
01-30 22:01:14.822 14828 18831 W MediaCodec: [mId: 16] video-debug onReleaseOutputBuffer: Render time interval reaches 83ms before pts: 3083333
01-30 22:01:14.922 14828 18831 W MediaCodec: [mId: 16] video-debug onReleaseOutputBuffer: Render time interval reaches 100ms before pts: 3166666
01-30 22:01:14.993 14828 18831 W MediaCodec: [mId: 16] video-debug onReleaseOutputBuffer: Render time interval reaches 71ms before pts: 3250000
01-30 22:01:15.076 14828 18831 W MediaCodec: [mId: 16] video-debug onReleaseOutputBuffer: Render time interval reaches 83ms before pts: 3333333
01-30 22:01:15.159 14828 18831 W MediaCodec: [mId: 16] video-debug onReleaseOutputBuffer: Render time interval reaches 83ms before pts: 3416666
01-30 22:01:15.239 14828 18831 W MediaCodec: [mId: 16] video-debug onReleaseOutputBuffer: Render time interval reaches 80ms before pts: 3500000
01-30 22:01:15.330 14828 18831 W MediaCodec: [mId: 16] video-debug onReleaseOutputBuffer: Render time interval reaches 91ms before pts: 3583333
01-30 22:01:15.412 14828 18831 W MediaCodec: [mId: 16] video-debug onReleaseOutputBuffer: Render time interval reaches 82ms before pts: 3666666
01-30 22:01:15.491 14828 18831 W MediaCodec: [mId: 16] video-debug onReleaseOutputBuffer: Render time interval reaches 79ms before pts: 3750000
01-30 22:01:15.575 14828 18831 W MediaCodec: [mId: 16] video-debug onReleaseOutputBuffer: Render time interval reaches 84ms before pts: 3833333
01-30 22:01:15.658 14828 18831 W MediaCodec: [mId: 16] video-debug onReleaseOutputBuffer: Render time interval reaches 82ms before pts: 3916666
01-30 22:01:15.741 14828 18831 W MediaCodec: [mId: 16] video-debug onReleaseOutputBuffer: Render time interval reaches 83ms before pts: 4000000
01-30 22:01:15.822 14828 18831 W MediaCodec: [mId: 16] video-debug onReleaseOutputBuffer: Render time interval reaches 81ms before pts: 4083333
01-30 22:01:15.912 14828 18831 W MediaCodec: [mId: 16] video-debug onReleaseOutputBuffer: Render time interval reaches 90ms before pts: 4166666
01-30 22:01:15.994 14828 18831 W MediaCodec: [mId: 16] video-debug onReleaseOutputBuffer: Render time interval reaches 82ms before pts: 4250000
01-30 22:01:16.075 14828 18831 W MediaCodec: [mId: 16] video-debug onReleaseOutputBuffer: Render time interval reaches 81ms before pts: 4333333
01-30 22:01:16.155 14828 18831 W MediaCodec: [mId: 16] video-debug onReleaseOutputBuffer: Render time interval reaches 80ms before pts: 4416666
01-30 22:01:16.240 14828 18831 W MediaCodec: [mId: 16] video-debug onReleaseOutputBuffer: Render time interval reaches 85ms before pts: 4500000
01-30 22:01:16.323 14828 18831 W MediaCodec: [mId: 16] video-debug onReleaseOutputBuffer: Render time interval reaches 83ms before pts: 4583333
01-30 22:01:16.413 14828 18831 W MediaCodec: [mId: 16] video-debug onReleaseOutputBuffer: Render time interval reaches 90ms before pts: 4666666
01-30 22:01:16.494 14828 18831 W MediaCodec: [mId: 16] video-debug onReleaseOutputBuffer: Render time interval reaches 81ms before pts: 4750000
01-30 22:01:16.579 14828 18831 W MediaCodec: [mId: 16] video-debug onReleaseOutputBuffer: Render time interval reaches 85ms before pts: 4833333
01-30 22:01:16.661 14828 18831 W MediaCodec: [mId: 16] video-debug onReleaseOutputBuffer: Render time interval reaches 81ms before pts: 4916666
01-30 22:01:16.740 14828 18831 W MediaCodec: [mId: 16] video-debug onReleaseOutputBuffer: Render time interval reaches 79ms before pts: 5000000
01-30 22:01:16.822 14828 18831 W MediaCodec: [mId: 16] video-debug onReleaseOutputBuffer: Render time interval reaches 81ms before pts: 5083333
01-30 22:01:16.905 14828 18831 W MediaCodec: [mId: 16] video-debug onReleaseOutputBuffer: Render time interval reaches 83ms before pts: 5166666
01-30 22:01:16.990 14828 18831 W MediaCodec: [mId: 16] video-debug onReleaseOutputBuffer: Render time interval reaches 85ms before pts: 5250000
01-30 22:01:17.081 14828 18831 W MediaCodec: [mId: 16] video-debug onReleaseOutputBuffer: Render time interval reaches 91ms before pts: 5333333
01-30 22:01:17.163 14828 18831 W MediaCodec: [mId: 16] video-debug onReleaseOutputBuffer: Render time interval reaches 82ms before pts: 5416666
01-30 22:01:17.244 14828 18831 W MediaCodec: [mId: 16] video-debug onReleaseOutputBuffer: Render time interval reaches 81ms before pts: 5500000
01-30 22:01:17.327 14828 18831 W MediaCodec: [mId: 16] video-debug onReleaseOutputBuffer: Render time interval reaches 83ms before pts: 5583333
01-30 22:01:17.415 14828 18831 W MediaCodec: [mId: 16] video-debug onReleaseOutputBuffer: Render time interval reaches 88ms before pts: 5666666
01-30 22:01:17.497 14828 18831 W MediaCodec: [mId: 16] video-debug onReleaseOutputBuffer: Render time interval reaches 82ms before pts: 5750000
01-30 22:01:17.580 14828 18831 W MediaCodec: [mId: 16] video-debug onReleaseOutputBuffer: Render time interval reaches 83ms before pts: 5833333
01-30 22:01:17.656 14828 18831 W MediaCodec: [mId: 16] video-debug onReleaseOutputBuffer: Render time interval reaches 76ms before pts: 5916666
01-30 22:01:17.747 14828 18831 W MediaCodec: [mId: 16] video-debug onReleaseOutputBuffer: Render time interval reaches 91ms before pts: 6000000
01-30 22:01:17.828 14828 18831 W MediaCodec: [mId: 16] video-debug onReleaseOutputBuffer: Render time interval reaches 81ms before pts: 6083333
01-30 22:01:17.872 14828 18826 W MediaCodec: [mId: 16] video-debug queueInputBuffer: Input time interval reaches 698ms before pts: 7083333
01-30 22:01:17.915 14828 18831 W MediaCodec: [mId: 16] video-debug onReleaseOutputBuffer: Render time interval reaches 87ms before pts: 6166666
01-30 22:01:17.997 14828 18831 W MediaCodec: [mId: 16] video-debug onReleaseOutputBuffer: Render time interval reaches 82ms before pts: 6250000
01-30 22:01:18.078 14828 18831 W MediaCodec: [mId: 16] video-debug onReleaseOutputBuffer: Render time interval reaches 81ms before pts: 6333333
01-30 22:01:18.162 14828 18831 W MediaCodec: [mId: 16] video-debug onReleaseOutputBuffer: Render time interval reaches 83ms before pts: 6416666
01-30 22:01:18.244 14828 18831 W MediaCodec: [mId: 16] video-debug onReleaseOutputBuffer: Render time interval reaches 82ms before pts: 6500000
01-30 22:01:18.329 14828 18831 W MediaCodec: [mId: 16] video-debug onReleaseOutputBuffer: Render time interval reaches 85ms before pts: 6583333
01-30 22:01:18.413 14828 18831 W MediaCodec: [mId: 16] video-debug onReleaseOutputBuffer: Render time interval reaches 84ms before pts: 6666666
01-30 22:01:18.492 14828 18831 W MediaCodec: [mId: 16] video-debug onReleaseOutputBuffer: Render time interval reaches 79ms before pts: 6750000
01-30 22:01:18.574 14828 18831 W MediaCodec: [mId: 16] video-debug onReleaseOutputBuffer: Render time interval reaches 81ms before pts: 6833333
01-30 22:01:18.665 14828 18831 W MediaCodec: [mId: 16] video-debug onReleaseOutputBuffer: Render time interval reaches 91ms before pts: 6916666
01-30 22:01:18.742 14828 18831 W MediaCodec: [mId: 16] video-debug onReleaseOutputBuffer: Render time interval reaches 77ms before pts: 7000000
01-30 22:01:18.822 14828 18831 W MediaCodec: [mId: 16] video-debug onReleaseOutputBuffer: Render time interval reaches 80ms before pts: 7083333
01-30 22:01:18.913 14828 18831 W MediaCodec: [mId: 16] video-debug onReleaseOutputBuffer: Render time interval reaches 91ms before pts: 7166666
01-30 22:01:18.996 14828 18831 W MediaCodec: [mId: 16] video-debug onReleaseOutputBuffer: Render time interval reaches 83ms before pts: 7250000
01-30 22:01:19.079 14828 18831 W MediaCodec: [mId: 16] video-debug onReleaseOutputBuffer: Render time interval reaches 83ms before pts: 7333333
01-30 22:01:19.161 14828 18831 W MediaCodec: [mId: 16] video-debug onReleaseOutputBuffer: Render time interval reaches 81ms before pts: 7416666
01-30 22:01:19.243 14828 18831 W MediaCodec: [mId: 16] video-debug onReleaseOutputBuffer: Render time interval reaches 82ms before pts: 7500000
01-30 22:01:19.328 14828 18831 W MediaCodec: [mId: 16] video-debug onReleaseOutputBuffer: Render time interval reaches 85ms before pts: 7583333
01-30 22:01:19.409 14828 18831 W MediaCodec: [mId: 16] video-debug onReleaseOutputBuffer: Render time interval reaches 81ms before pts: 7666666
01-30 22:01:19.493 14828 18831 W MediaCodec: [mId: 16] video-debug onReleaseOutputBuffer: Render time interval reaches 84ms before pts: 7750000
01-30 22:01:19.575 14828 18831 W MediaCodec: [mId: 16] video-debug onReleaseOutputBuffer: Render time interval reaches 82ms before pts: 7833333
01-30 22:01:19.656 14828 18831 W MediaCodec: [mId: 16] video-debug onReleaseOutputBuffer: Render time interval reaches 81ms before pts: 7916666
01-30 22:01:19.748 14828 18831 W MediaCodec: [mId: 16] video-debug onReleaseOutputBuffer: Render time interval reaches 92ms before pts: 8000000
01-30 22:01:19.831 14828 18831 W MediaCodec: [mId: 16] video-debug onReleaseOutputBuffer: Render time interval reaches 83ms before pts: 8083333
01-30 22:01:19.913 14828 18831 W MediaCodec: [mId: 16] video-debug onReleaseOutputBuffer: Render time interval reaches 82ms before pts: 8166666
01-30 22:01:19.997 14828 18831 W MediaCodec: [mId: 16] video-debug onReleaseOutputBuffer: Render time interval reaches 83ms before pts: 8249999
01-30 22:01:20.079 14828 18831 W MediaCodec: [mId: 16] video-debug onReleaseOutputBuffer: Render time interval reaches 82ms before pts: 8333333
01-30 22:01:20.156 14828 18831 W MediaCodec: [mId: 16] video-debug onReleaseOutputBuffer: Render time interval reaches 77ms before pts: 8416666
01-30 22:01:20.240 14828 18831 W MediaCodec: [mId: 16] video-debug onReleaseOutputBuffer: Render time interval reaches 84ms before pts: 8500000
01-30 22:01:20.322 14828 18831 W MediaCodec: [mId: 16] video-debug onReleaseOutputBuffer: Render time interval reaches 82ms before pts: 8583333
01-30 22:01:20.408 14828 18831 W MediaCodec: [mId: 16] video-debug onReleaseOutputBuffer: Render time interval reaches 86ms before pts: 8666666
01-30 22:01:20.488 14828 18831 W MediaCodec: [mId: 16] video-debug onReleaseOutputBuffer: Render time interval reaches 80ms before pts: 8750000
01-30 22:01:20.581 14828 18831 W MediaCodec: [mId: 16] video-debug onReleaseOutputBuffer: Render time interval reaches 93ms before pts: 8833333
01-30 22:01:20.661 14828 18831 W MediaCodec: [mId: 16] video-debug onReleaseOutputBuffer: Render time interval reaches 79ms before pts: 8916666
01-30 22:01:20.743 14828 18831 W MediaCodec: [mId: 16] video-debug onReleaseOutputBuffer: Render time interval reaches 82ms before pts: 9000000
01-30 22:01:20.823 14828 18831 W MediaCodec: [mId: 16] video-debug onReleaseOutputBuffer: Render time interval reaches 80ms before pts: 9083333
01-30 22:01:20.906 14828 18831 W MediaCodec: [mId: 16] video-debug onReleaseOutputBuffer: Render time interval reaches 83ms before pts: 9166666
01-30 22:01:20.998 14828 18831 W MediaCodec: [mId: 16] video-debug onReleaseOutputBuffer: Render time interval reaches 92ms before pts: 9250000
01-30 22:01:21.079 14828 18831 W MediaCodec: [mId: 16] video-debug onReleaseOutputBuffer: Render time interval reaches 80ms before pts: 9333333
01-30 22:01:21.155 14828 18831 W MediaCodec: [mId: 16] video-debug onReleaseOutputBuffer: Render time interval reaches 76ms before pts: 9416666
01-30 22:01:21.244 14828 18831 W MediaCodec: [mId: 16] video-debug onReleaseOutputBuffer: Render time interval reaches 89ms before pts: 9500000
01-30 22:01:21.324 14828 18831 W MediaCodec: [mId: 16] video-debug onReleaseOutputBuffer: Render time interval reaches 80ms before pts: 9583333
01-30 22:01:21.405 14828 18831 W MediaCodec: [mId: 16] video-debug onReleaseOutputBuffer: Render time interval reaches 81ms before pts: 9666666
01-30 22:01:21.499 14828 18831 W MediaCodec: [mId: 16] video-debug onReleaseOutputBuffer: Render time interval reaches 92ms before pts: 9750000
01-30 22:01:21.581 14828 18831 W MediaCodec: [mId: 16] video-debug onReleaseOutputBuffer: Render time interval reaches 81ms before pts: 9833333
01-30 22:01:21.663 14828 18831 W MediaCodec: [mId: 16] video-debug onReleaseOutputBuffer: Render time interval reaches 82ms before pts: 9916666
01-30 22:01:21.744 14828 18831 W MediaCodec: [mId: 16] video-debug onReleaseOutputBuffer: Render time interval reaches 81ms before pts: 10000000
01-30 22:01:21.826 14828 18831 W MediaCodec: [mId: 16] video-debug onReleaseOutputBuffer: Render time interval reaches 81ms before pts: 10083333
01-30 22:01:21.907 14828 18831 W MediaCodec: [mId: 16] video-debug onReleaseOutputBuffer: Render time interval reaches 81ms before pts: 10166666
01-30 22:01:21.989 14828 18831 W MediaCodec: [mId: 16] video-debug onReleaseOutputBuffer: Render time interval reaches 81ms before pts: 10250000
01-30 22:01:22.072 14828 18831 W MediaCodec: [mId: 16] video-debug onReleaseOutputBuffer: Render time interval reaches 83ms before pts: 10333333
01-30 22:01:22.165 14828 18831 W MediaCodec: [mId: 16] video-debug onReleaseOutputBuffer: Render time interval reaches 93ms before pts: 10416666
01-30 22:01:22.246 14828 18831 W MediaCodec: [mId: 16] video-debug onReleaseOutputBuffer: Render time interval reaches 81ms before pts: 10500000
01-30 22:01:22.327 14828 18831 W MediaCodec: [mId: 16] video-debug onReleaseOutputBuffer: Render time interval reaches 80ms before pts: 10583333
01-30 22:01:22.411 14828 18831 W MediaCodec: [mId: 16] video-debug onReleaseOutputBuffer: Render time interval reaches 83ms before pts: 10666666
01-30 22:01:22.490 14828 18831 W MediaCodec: [mId: 16] video-debug onReleaseOutputBuffer: Render time interval reaches 79ms before pts: 10750000
01-30 22:01:22.680 14828 18838 W Codec2Client: query -- param skipped: index = 1342179345.
01-30 22:01:22.680 14828 18838 W Codec2Client: query -- param skipped: index = 2415921170.
01-30 22:01:22.680 14828 18838 W Codec2Client: query -- param skipped: index = 1610614798.
01-30 22:01:22.688 14828 19257 E xlog_client: xlog_open: Error in open xlog
01-30 22:01:22.688 14828 19257 E xlog_client: xlog open fail
01-30 22:01:22.694 14828 18826 W MediaCodec: [mId: 16] video-debug queueInputBuffer: Input time interval reaches 1768ms before pts: 0
01-30 22:01:22.697 14828 18826 W MediaCodec: [mId: 17] video-debug queueInputBuffer: Input time interval reaches 912ms before pts: 0
01-30 22:01:22.715 14828 18826 W libc : Access denied finding property "ro.vendor.audio.multichannel.5point1"
01-30 22:01:22.710 14828 14828 W ExoPlayer:Playb: type=1400 audit(0.0:326028): avc: denied { read } for name="u:object_r:vendor_audio_prop:s0" dev="tmpfs" ino=2306 scontext=u:r:untrusted_app:s0:c31,c257,c512,c768 tcontext=u:object_r:vendor_audio_prop:s0 tclass=file permissive=0 app=com.mbwhatsapp
01-30 22:01:22.714 14828 14828 W ExoPlayer:Playb: type=1400 audit(0.0:326029): avc: denied { read } for name="u:object_r:vendor_audio_prop:s0" dev="tmpfs" ino=2306 scontext=u:r:untrusted_app:s0:c31,c257,c512,c768 tcontext=u:object_r:vendor_audio_prop:s0 tclass=file permissive=0 app=com.mbwhatsapp
01-30 22:01:22.717 14828 18826 W libc : Access denied finding property "vendor.audio.lowpower"
01-30 22:01:22.730 14828 14828 W ExoPlayer:Playb: type=1400 audit(0.0:326030): avc: denied { read } for name="u:object_r:vendor_audio_prop:s0" dev="tmpfs" ino=2306 scontext=u:r:untrusted_app:s0:c31,c257,c512,c768 tcontext=u:object_r:vendor_audio_prop:s0 tclass=file permissive=0 app=com.mbwhatsapp
01-30 22:01:22.730 14828 14828 W ExoPlayer:Playb: type=1400 audit(0.0:326031): avc: denied { read } for name="u:object_r:vendor_audio_prop:s0" dev="tmpfs" ino=2306 scontext=u:r:untrusted_app:s0:c31,c257,c512,c768 tcontext=u:object_r:vendor_audio_prop:s0 tclass=file permissive=0 app=com.mbwhatsapp
01-30 22:01:22.730 14828 14828 W ExoPlayer:Playb: type=1400 audit(0.0:326032): avc: denied { read } for name="u:object_r:vendor_audio_prop:s0" dev="tmpfs" ino=2306 scontext=u:r:untrusted_app:s0:c31,c257,c512,c768 tcontext=u:object_r:vendor_audio_prop:s0 tclass=file permissive=0 app=com.mbwhatsapp
01-30 22:01:22.736 14828 18826 W libc : Access denied finding property "vendor.audio.cpu.sched"
01-30 22:01:22.736 14828 18826 W libc : Access denied finding property "vendor.audio.rt.mode"
01-30 22:01:22.736 14828 18826 W libc : Access denied finding property "ro.vendor.audio.zerodata.upload"
01-30 22:01:22.737 14828 18826 W libc : Access denied finding property "vendor.audio.caretaker.at"
01-30 22:01:22.738 14828 15186 W libc : Access denied finding property "ro.vendor.audio.shortvideo.index"
01-30 22:01:22.739 14828 18826 W libc : Access denied finding property "ro.vendor.audio.shortvideo.index"
01-30 22:01:22.743 14828 18831 W MediaCodec: [mId: 16] video-debug onReleaseOutputBuffer: Render time interval reaches 253ms before pts: 0
01-30 22:01:23.745 14828 18826 W MediaCodec: [mId: 16] video-debug queueInputBuffer: Input time interval reaches 999ms before pts: 1250000
01-30 22:01:23.748 14828 18826 W MediaCodec: [mId: 17] video-debug queueInputBuffer: Input time interval reaches 998ms before pts: 603718
01-30 22:01:25.514 14828 18831 E Surface : freeAllBuffers: 12 buffers were freed while being dequeued!
01-30 22:01:25.528 14828 18838 W Codec2Client: query -- param skipped: index = 1342179345.
01-30 22:01:25.528 14828 18838 W Codec2Client: query -- param skipped: index = 2415921170.
01-30 22:01:25.528 14828 18838 W Codec2Client: query -- param skipped: index = 1610614798.
01-30 22:01:25.531 14828 18831 E Surface : freeAllBuffers: 12 buffers were freed while being dequeued!
01-30 22:01:25.557 14828 18831 E send_data_to_xlog: send_video_play_to_xlog, start
01-30 22:01:25.557 14828 18831 E xlog_client: xlog_open: Error in open xlog
01-30 22:01:25.557 14828 18831 E xlog_client: xlog open fail
01-30 22:01:25.650 14828 14828 W ExoPlayer:Playb: type=1400 audit(0.0:326036): avc: denied { read } for name="u:object_r:vendor_audio_prop:s0" dev="tmpfs" ino=2306 scontext=u:r:untrusted_app:s0:c31,c257,c512,c768 tcontext=u:object_r:vendor_audio_prop:s0 tclass=file permissive=0 app=com.mbwhatsapp
01-30 22:01:25.656 14828 19418 W libc : Access denied finding property "ro.vendor.audio.dolby.vision.support"
01-30 22:01:25.660 14828 19421 W ExtendedACodec: Failed to set frame packing format on component
01-30 22:01:25.705 14828 19418 W libc : Access denied finding property "ro.vendor.audio.dolby.vision.support"
01-30 22:01:25.707 14828 19427 W Codec2Client: query -- param skipped: index = 1107298332.
01-30 22:01:25.707 14828 19427 W CCodec : This behavior is subject to change. It is recommended that app developers double check whether the requested max input size is in reasonable range.
01-30 22:01:25.702 14828 14828 W ExoPlayer:Playb: type=1400 audit(0.0:326037): avc: denied { read } for name="u:object_r:vendor_audio_prop:s0" dev="tmpfs" ino=2306 scontext=u:r:untrusted_app:s0:c31,c257,c512,c768 tcontext=u:object_r:vendor_audio_prop:s0 tclass=file permissive=0 app=com.mbwhatsapp
01-30 22:01:25.709 14828 19427 W Codec2Client: query -- param skipped: index = 1342179345.
01-30 22:01:25.709 14828 19427 W Codec2Client: query -- param skipped: index = 2415921170.
01-30 22:01:25.709 14828 19427 W Codec2Client: query -- param skipped: index = 1610614798.
01-30 22:01:25.719 14828 14828 E RecyclerView: Passed over target position while smooth scrolling.
01-30 22:01:25.741 14828 19427 W Codec2Client: query -- param skipped: index = 1342179345.
01-30 22:01:25.741 14828 19427 W Codec2Client: query -- param skipped: index = 2415921170.
01-30 22:01:25.741 14828 19427 W Codec2Client: query -- param skipped: index = 1610614798.
01-30 22:01:25.744 14828 19427 W Codec2Client: query -- param skipped: index = 1342179345.
01-30 22:01:25.744 14828 19427 W Codec2Client: query -- param skipped: index = 2415921170.
01-30 22:01:25.744 14828 19427 W Codec2Client: query -- param skipped: index = 1610614798.
01-30 22:01:25.747 14828 19415 W BpBinder: PerfMonitor binderTransact : time=220ms interface=android.media.IAudioTrack code=4
01-30 22:01:25.749 14828 19427 W Codec2Client: query -- param skipped: index = 1342179345.
01-30 22:01:25.749 14828 19427 W Codec2Client: query -- param skipped: index = 2415921170.
01-30 22:01:25.749 14828 19427 W Codec2Client: query -- param skipped: index = 1610614798.
01-30 22:01:26.755 14828 19418 W MediaCodec: [mId: 20] video-debug queueInputBuffer: Input time interval reaches 1004ms before pts: 266667
01-30 22:01:26.774 14828 14828 W ExoPlayer:Playb: type=1400 audit(0.0:326038): avc: denied { read } for name="u:object_r:vendor_audio_prop:s0" dev="tmpfs" ino=2306 scontext=u:r:untrusted_app:s0:c31,c257,c512,c768 tcontext=u:object_r:vendor_audio_prop:s0 tclass=file permissive=0 app=com.mbwhatsapp
01-30 22:01:26.777 14828 19418 W libc : Access denied finding property "ro.vendor.audio.multichannel.5point1"
01-30 22:01:26.780 14828 19418 W libc : Access denied finding property "vendor.audio.lowpower"
01-30 22:01:26.774 14828 14828 W ExoPlayer:Playb: type=1400 audit(0.0:326039): avc: denied { read } for name="u:object_r:vendor_audio_prop:s0" dev="tmpfs" ino=2306 scontext=u:r:untrusted_app:s0:c31,c257,c512,c768 tcontext=u:object_r:vendor_audio_prop:s0 tclass=file permissive=0 app=com.mbwhatsapp
01-30 22:01:26.800 14828 19418 W libc : Access denied finding property "vendor.audio.cpu.sched"
01-30 22:01:26.800 14828 19418 W libc : Access denied finding property "vendor.audio.rt.mode"
01-30 22:01:26.800 14828 19418 W libc : Access denied finding property "ro.vendor.audio.zerodata.upload"
01-30 22:01:26.794 14828 14828 W ExoPlayer:Playb: type=1400 audit(0.0:326040): avc: denied { read } for name="u:object_r:vendor_audio_prop:s0" dev="tmpfs" ino=2306 scontext=u:r:untrusted_app:s0:c31,c257,c512,c768 tcontext=u:object_r:vendor_audio_prop:s0 tclass=file permissive=0 app=com.mbwhatsapp
01-30 22:01:26.801 14828 19418 W libc : Access denied finding property "vendor.audio.caretaker.at"
01-30 22:01:26.794 14828 14828 W ExoPlayer:Playb: type=1400 audit(0.0:326041): avc: denied { read } for name="u:object_r:vendor_audio_prop:s0" dev="tmpfs" ino=2306 scontext=u:r:untrusted_app:s0:c31,c257,c512,c768 tcontext=u:object_r:vendor_audio_prop:s0 tclass=file permissive=0 app=com.mbwhatsapp
01-30 22:01:26.794 14828 14828 W ExoPlayer:Playb: type=1400 audit(0.0:326042): avc: denied { read } for name="u:object_r:vendor_audio_prop:s0" dev="tmpfs" ino=2306 scontext=u:r:untrusted_app:s0:c31,c257,c512,c768 tcontext=u:object_r:vendor_audio_prop:s0 tclass=file permissive=0 app=com.mbwhatsapp
01-30 22:01:26.798 14828 14828 W ExoPlayer:Playb: type=1400 audit(0.0:326043): avc: denied { read } for name="u:object_r:vendor_audio_prop:s0" dev="tmpfs" ino=2306 scontext=u:r:untrusted_app:s0:c31,c257,c512,c768 tcontext=u:object_r:vendor_audio_prop:s0 tclass=file permissive=0 app=com.mbwhatsapp
01-30 22:01:26.802 14828 15186 W libc : Access denied finding property "ro.vendor.audio.shortvideo.index"
01-30 22:01:26.803 14828 19418 W libc : Access denied finding property "ro.vendor.audio.shortvideo.index"
01-30 22:01:26.798 14828 14828 W binder:14828_4: type=1400 audit(0.0:326044): avc: denied { read } for name="u:object_r:vendor_audio_prop:s0" dev="tmpfs" ino=2306 scontext=u:r:untrusted_app:s0:c31,c257,c512,c768 tcontext=u:object_r:vendor_audio_prop:s0 tclass=file permissive=0 app=com.mbwhatsapp
01-30 22:01:26.798 14828 14828 W ExoPlayer:Playb: type=1400 audit(0.0:326045): avc: denied { read } for name="u:object_r:vendor_audio_prop:s0" dev="tmpfs" ino=2306 scontext=u:r:untrusted_app:s0:c31,c257,c512,c768 tcontext=u:object_r:vendor_audio_prop:s0 tclass=file permissive=0 app=com.mbwhatsapp
01-30 22:01:26.804 14828 19418 W MediaCodec: [mId: 21] video-debug queueInputBuffer: Input time interval reaches 1049ms before pts: 116099
01-30 22:01:27.753 14828 19418 W MediaCodec: [mId: 20] video-debug queueInputBuffer: Input time interval reaches 987ms before pts: 600000
01-30 22:01:27.758 14828 19418 W MediaCodec: [mId: 21] video-debug queueInputBuffer: Input time interval reaches 952ms before pts: 208979
01-30 22:01:27.904 14828 19081 E Surface : freeAllBuffers: 12 buffers were freed while being dequeued!
01-30 22:01:27.914 14828 19087 W Codec2Client: query -- param skipped: index = 1342179345.
01-30 22:01:27.914 14828 19087 W Codec2Client: query -- param skipped: index = 2415921170.
01-30 22:01:27.914 14828 19087 W Codec2Client: query -- param skipped: index = 1610614798.
01-30 22:01:27.918 14828 19081 E Surface : freeAllBuffers: 12 buffers were freed while being dequeued!
01-30 22:01:28.014 14828 19483 W libc : Access denied finding property "ro.vendor.audio.dolby.vision.support"
01-30 22:01:28.010 14828 14828 W ExoPlayer:Playb: type=1400 audit(0.0:326046): avc: denied { read } for name="u:object_r:vendor_audio_prop:s0" dev="tmpfs" ino=2306 scontext=u:r:untrusted_app:s0:c31,c257,c512,c768 tcontext=u:object_r:vendor_audio_prop:s0 tclass=file permissive=0 app=com.mbwhatsapp
01-30 22:01:28.017 14828 19486 W ExtendedACodec: Failed to set frame packing format on component
01-30 22:01:28.060 14828 14828 E RecyclerView: Passed over target position while smooth scrolling.
01-30 22:01:28.064 14828 19483 W libc : Access denied finding property "ro.vendor.audio.dolby.vision.support"
01-30 22:01:28.066 14828 19491 W Codec2Client: query -- param skipped: index = 1107298332.
01-30 22:01:28.066 14828 19491 W CCodec : This behavior is subject to change. It is recommended that app developers double check whether the requested max input size is in reasonable range.
01-30 22:01:28.069 14828 19491 W Codec2Client: query -- param skipped: index = 1342179345.
01-30 22:01:28.069 14828 19491 W Codec2Client: query -- param skipped: index = 2415921170.
01-30 22:01:28.069 14828 19491 W Codec2Client: query -- param skipped: index = 1610614798.
01-30 22:01:28.058 14828 14828 W ExoPlayer:Playb: type=1400 audit(0.0:326047): avc: denied { read } for name="u:object_r:vendor_audio_prop:s0" dev="tmpfs" ino=2306 scontext=u:r:untrusted_app:s0:c31,c257,c512,c768 tcontext=u:object_r:vendor_audio_prop:s0 tclass=file permissive=0 app=com.mbwhatsapp
01-30 22:01:28.080 14828 19420 E Surface : freeAllBuffers: 12 buffers were freed while being dequeued!
01-30 22:01:28.104 14828 19491 W Codec2Client: query -- param skipped: index = 1342179345.
01-30 22:01:28.104 14828 19491 W Codec2Client: query -- param skipped: index = 2415921170.
01-30 22:01:28.104 14828 19491 W Codec2Client: query -- param skipped: index = 1610614798.
01-30 22:01:28.109 14828 19491 W Codec2Client: query -- param skipped: index = 1342179345.
01-30 22:01:28.109 14828 19491 W Codec2Client: query -- param skipped: index = 2415921170.
01-30 22:01:28.109 14828 19491 W Codec2Client: query -- param skipped: index = 1610614798.
01-30 22:01:28.112 14828 19491 W Codec2Client: query -- param skipped: index = 1342179345.
01-30 22:01:28.112 14828 19491 W Codec2Client: query -- param skipped: index = 2415921170.
01-30 22:01:28.112 14828 19491 W Codec2Client: query -- param skipped: index = 1610614798.
01-30 22:01:28.114 14828 19485 E Surface : freeAllBuffers: 12 buffers were freed while being dequeued!
01-30 22:01:28.126 14828 14828 W ExoPlayer:Playb: type=1400 audit(0.0:326048): avc: denied { read } for name="u:object_r:vendor_audio_prop:s0" dev="tmpfs" ino=2306 scontext=u:r:untrusted_app:s0:c31,c257,c512,c768 tcontext=u:object_r:vendor_audio_prop:s0 tclass=file permissive=0 app=com.mbwhatsapp
01-30 22:01:28.130 14828 14828 W ExoPlayer:Playb: type=1400 audit(0.0:326049): avc: denied { read } for name="u:object_r:vendor_audio_prop:s0" dev="tmpfs" ino=2306 scontext=u:r:untrusted_app:s0:c31,c257,c512,c768 tcontext=u:object_r:vendor_audio_prop:s0 tclass=file permissive=0 app=com.mbwhatsapp
01-30 22:01:28.133 14828 19483 W libc : Access denied finding property "ro.vendor.audio.multichannel.5point1"
01-30 22:01:28.134 14828 19483 W libc : Access denied finding property "vendor.audio.lowpower"
01-30 22:01:28.150 14828 14828 W ExoPlayer:Playb: type=1400 audit(0.0:326050): avc: denied { read } for name="u:object_r:vendor_audio_prop:s0" dev="tmpfs" ino=2306 scontext=u:r:untrusted_app:s0:c31,c257,c512,c768 tcontext=u:object_r:vendor_audio_prop:s0 tclass=file permissive=0 app=com.mbwhatsapp
01-30 22:01:28.156 14828 19483 W libc : Access denied finding property "vendor.audio.cpu.sched"
01-30 22:01:28.156 14828 19483 W libc : Access denied finding property "vendor.audio.rt.mode"
01-30 22:01:28.156 14828 19483 W libc : Access denied finding property "ro.vendor.audio.zerodata.upload"
01-30 22:01:28.156 14828 19483 W libc : Access denied finding property "vendor.audio.caretaker.at"
01-30 22:01:28.158 14828 16056 W libc : Access denied finding property "ro.vendor.audio.shortvideo.index"
01-30 22:01:28.159 14828 19483 W libc : Access denied finding property "ro.vendor.audio.shortvideo.index"
01-30 22:01:28.368 14828 15055 W BpBinder: PerfMonitor binderTransact : time=220ms interface=android.media.IMediaMetadataRetriever code=5
01-30 22:01:28.444 14828 16759 W BpBinder: PerfMonitor binderTransact : time=226ms interface=android.media.IMediaMetadataRetriever code=5
01-30 22:01:28.751 14828 15055 W BpBinder: PerfMonitor binderTransact : time=206ms interface=android.media.IMediaMetadataRetriever code=5
01-30 22:01:28.887 14828 16759 W BpBinder: PerfMonitor binderTransact : time=246ms interface=android.media.IMediaMetadataRetriever code=5
01-30 22:01:28.960 14828 15055 W BpBinder: PerfMonitor binderTransact : time=202ms interface=android.media.IMediaMetadataRetriever code=5
01-30 22:01:29.082 14828 19418 W MediaCodec: [mId: 20] video-debug queueInputBuffer: Input time interval reaches 1326ms before pts: 700000
01-30 22:01:29.085 14828 19418 W MediaCodec: [mId: 21] video-debug queueInputBuffer: Input time interval reaches 1001ms before pts: 487619
01-30 22:01:29.163 14828 19483 W MediaCodec: [mId: 22] video-debug queueInputBuffer: Input time interval reaches 998ms before pts: 700000
01-30 22:01:29.166 14828 19483 W MediaCodec: [mId: 23] video-debug queueInputBuffer: Input time interval reaches 992ms before pts: 394739
01-30 22:01:29.478 14828 19420 E Surface : freeAllBuffers: 12 buffers were freed while being dequeued!
01-30 22:01:29.492 14828 19427 W Codec2Client: query -- param skipped: index = 1342179345.
01-30 22:01:29.492 14828 19427 W Codec2Client: query -- param skipped: index = 2415921170.
01-30 22:01:29.492 14828 19427 W Codec2Client: query -- param skipped: index = 1610614798.
01-30 22:01:29.495 14828 19420 E Surface : freeAllBuffers: 12 buffers were freed while being dequeued!
01-30 22:01:29.568 14828 16759 W BpBinder: PerfMonitor binderTransact : time=220ms interface=android.media.IMediaMetadataRetriever code=5
01-30 22:01:29.622 14828 19626 W libc : Access denied finding property "ro.vendor.audio.dolby.vision.support"
01-30 22:01:29.618 14828 14828 W ExoPlayer:Playb: type=1400 audit(0.0:326056): avc: denied { read } for name="u:object_r:vendor_audio_prop:s0" dev="tmpfs" ino=2306 scontext=u:r:untrusted_app:s0:c31,c257,c512,c768 tcontext=u:object_r:vendor_audio_prop:s0 tclass=file permissive=0 app=com.mbwhatsapp
01-30 22:01:29.626 14828 19632 W ExtendedACodec: Failed to set frame packing format on component
01-30 22:01:29.657 14828 19626 W libc : Access denied finding property "ro.vendor.audio.dolby.vision.support"
01-30 22:01:29.658 14828 14828 E RecyclerView: Passed over target position while smooth scrolling.
01-30 22:01:29.659 14828 19637 W Codec2Client: query -- param skipped: index = 1107298332.
01-30 22:01:29.659 14828 19637 W CCodec : This behavior is subject to change. It is recommended that app developers double check whether the requested max input size is in reasonable range.
01-30 22:01:29.654 14828 14828 W ExoPlayer:Playb: type=1400 audit(0.0:326057): avc: denied { read } for name="u:object_r:vendor_audio_prop:s0" dev="tmpfs" ino=2306 scontext=u:r:untrusted_app:s0:c31,c257,c512,c768 tcontext=u:object_r:vendor_audio_prop:s0 tclass=file permissive=0 app=com.mbwhatsapp
01-30 22:01:29.660 14828 19637 W Codec2Client: query -- param skipped: index = 1342179345.
01-30 22:01:29.660 14828 19637 W Codec2Client: query -- param skipped: index = 2415921170.
01-30 22:01:29.660 14828 19637 W Codec2Client: query -- param skipped: index = 1610614798.
01-30 22:01:29.685 14828 19637 W Codec2Client: query -- param skipped: index = 1342179345.
01-30 22:01:29.685 14828 19637 W Codec2Client: query -- param skipped: index = 2415921170.
