01-30 21:58:15.372 14828 14828 E ArmVmp : Match on catch block at 0xc3 in for 0x72f9148025
01-30 21:58:15.447 14828 14902 W LibraryVersion: Failed to get app version for libraryName: firebase-iid
01-30 21:58:15.554 14828 14828 E ArmVmp : Match on catch block at 0xc3 in for 0x72f9148025
01-30 21:58:15.557 14828 14828 E ArmVmp : Match on catch block at 0xc3 in for 0x72f9148025
01-30 21:58:15.638 14828 14828 E ArmVmp : Match on catch block at 0xc3 in for 0x72f9148025
01-30 21:58:15.641 14828 14828 E ArmVmp : Match on catch block at 0xc3 in for 0x72f9148025
01-30 21:58:15.652 14828 14828 E ArmVmp : Match on catch block at 0xc3 in for 0x72f9148025
01-30 21:58:15.655 14828 14828 E ArmVmp : Match on catch block at 0xc3 in for 0x72f9148025
01-30 21:58:15.665 14828 14828 W OnBackInvokedCallback: OnBackInvokedCallback is not enabled for the application.
01-30 21:58:15.665 14828 14828 W OnBackInvokedCallback: Set 'android:enableOnBackInvokedCallback="true"' in the application manifest.
01-30 21:58:15.729 14828 14828 E ArmVmp : Match on catch block at 0xc3 in for 0x72f9148025
01-30 21:58:15.732 14828 14828 E ArmVmp : Match on catch block at 0xc3 in for 0x72f9148025
01-30 21:58:15.851 14828 15502 W com.mbwhatsapp: Accessing hidden method Landroid/app/MiuiNotification;-><init>()V (blocked, reflection, denied)
01-30 21:58:15.889 14828 14828 E ArmVmp : Match on catch block at 0xc3 in for 0x72f9148025
01-30 21:58:15.905 14828 14828 E ArmVmp : Match on catch block at 0xc3 in for 0x72f9148025
01-30 21:58:15.927 14828 14828 E ArmVmp : Match on catch block at 0xc3 in for 0x72f9148025
01-30 21:58:15.934 14828 14828 E ArmVmp : Match on catch block at 0xc3 in for 0x72f9148025
01-30 21:58:15.980 14828 14828 E ArmVmp : Match on catch block at 0xc3 in for 0x72f9148025
01-30 21:58:15.985 14828 14828 E ArmVmp : Match on catch block at 0xc3 in for 0x72f9148025
01-30 21:58:15.995 14828 14828 E ArmVmp : Match on catch block at 0xc3 in for 0x72f9148025
01-30 21:58:16.005 14828 14828 E ArmVmp : Match on catch block at 0xc3 in for 0x72f9148025
01-30 21:58:16.054 14828 14828 E ArmVmp : Match on catch block at 0xc3 in for 0x72f9148025
01-30 21:58:16.058 14828 14828 E ArmVmp : Match on catch block at 0xc3 in for 0x72f9148025
01-30 21:58:16.543 14828 14838 W com.mbwhatsapp: Cleared Reference was only reachable from finalizer (only reported once)
01-30 21:58:16.553 14828 14828 E ArmVmp : Match on catch block at 0xc3 in for 0x72f9148025
01-30 21:58:16.568 14828 14828 E ArmVmp : Match on catch block at 0xc3 in for 0x72f9148025
01-30 21:58:16.656 14828 14828 E ArmVmp : Match on catch block at 0xc3 in for 0x72f9148025
01-30 21:58:16.660 14828 14828 E ArmVmp : Match on catch block at 0xc3 in for 0x72f9148025
01-30 21:58:16.670 14828 14828 E ArmVmp : Match on catch block at 0xc3 in for 0x72f9148025
01-30 21:58:16.675 14828 14828 E ArmVmp : Match on catch block at 0xc3 in for 0x72f9148025
01-30 21:58:16.729 14828 14828 E ArmVmp : Match on catch block at 0xc3 in for 0x72f9148025
01-30 21:58:16.731 14828 14828 E ArmVmp : Match on catch block at 0xc3 in for 0x72f9148025
01-30 21:58:16.754 14828 14828 E ArmVmp : Match on catch block at 0xc3 in for 0x72f9148025
01-30 21:58:16.756 14828 14828 E ArmVmp : Match on catch block at 0xc3 in for 0x72f9148025
01-30 21:58:16.763 14828 14828 E ArmVmp : Match on catch block at 0xc3 in for 0x72f9148025
01-30 21:58:16.765 14828 14828 E ArmVmp : Match on catch block at 0xc3 in for 0x72f9148025
01-30 21:58:16.772 14828 14828 E ArmVmp : Match on catch block at 0xc3 in for 0x72f9148025
01-30 21:58:16.774 14828 14828 E ArmVmp : Match on catch block at 0xc3 in for 0x72f9148025
01-30 21:58:16.786 14828 14828 E ArmVmp : Match on catch block at 0xc3 in for 0x72f9148025
01-30 21:58:16.788 14828 14828 E ArmVmp : Match on catch block at 0xc3 in for 0x72f9148025
01-30 21:58:16.803 14828 14828 E ArmVmp : Match on catch block at 0xc3 in for 0x72f9148025
01-30 21:58:16.805 14828 14828 E ArmVmp : Match on catch block at 0xc3 in for 0x72f9148025
01-30 21:58:16.820 14828 14828 E ArmVmp : Match on catch block at 0xc3 in for 0x72f9148025
01-30 21:58:16.823 14828 14828 E ArmVmp : Match on catch block at 0xc3 in for 0x72f9148025
01-30 21:58:16.836 14828 14828 E ArmVmp : Match on catch block at 0xc3 in for 0x72f9148025
01-30 21:58:16.840 14828 14828 E ArmVmp : Match on catch block at 0xc3 in for 0x72f9148025
01-30 21:58:16.854 14828 14828 E ArmVmp : Match on catch block at 0xc3 in for 0x72f9148025
01-30 21:58:16.858 14828 14828 E ArmVmp : Match on catch block at 0xc3 in for 0x72f9148025
01-30 21:58:16.937 14828 14828 E ArmVmp : Match on catch block at 0xc3 in for 0x72f9148025
01-30 21:58:16.940 14828 14828 E ArmVmp : Match on catch block at 0xc3 in for 0x72f9148025
01-30 21:58:17.287 14828 14828 E ArmVmp : Match on catch block at 0xc3 in for 0x72f9148025
01-30 21:58:17.292 14828 14828 E ArmVmp : Match on catch block at 0xc3 in for 0x72f9148025
01-30 21:58:17.789 14828 14828 E ArmVmp : Match on catch block at 0xc3 in for 0x72f9148025
01-30 21:58:17.798 14828 14828 E ArmVmp : Match on catch block at 0xc3 in for 0x72f9148025
01-30 21:58:18.154 14828 14828 E ArmVmp : Match on catch block at 0xc3 in for 0x72f9148025
01-30 21:58:18.158 14828 14828 E ArmVmp : Match on catch block at 0xc3 in for 0x72f9148025
01-30 21:58:18.337 14828 14828 E ArmVmp : Match on catch block at 0xc3 in for 0x72f9148025
01-30 21:58:18.342 14828 14828 E ArmVmp : Match on catch block at 0xc3 in for 0x72f9148025
01-30 21:58:18.354 14828 14828 E ArmVmp : Match on catch block at 0xc3 in for 0x72f9148025
01-30 21:58:18.358 14828 14828 E ArmVmp : Match on catch block at 0xc3 in for 0x72f9148025
01-30 21:58:18.370 14828 14828 E ArmVmp : Match on catch block at 0xc3 in for 0x72f9148025
01-30 21:58:18.375 14828 14828 E ArmVmp : Match on catch block at 0xc3 in for 0x72f9148025
01-30 21:58:18.386 14828 14828 E ArmVmp : Match on catch block at 0xc3 in for 0x72f9148025
01-30 21:58:18.390 14828 14828 E ArmVmp : Match on catch block at 0xc3 in for 0x72f9148025
01-30 21:58:18.403 14828 14828 E ArmVmp : Match on catch block at 0xc3 in for 0x72f9148025
01-30 21:58:18.406 14828 14828 E ArmVmp : Match on catch block at 0xc3 in for 0x72f9148025
01-30 21:58:18.419 14828 14828 E ArmVmp : Match on catch block at 0xc3 in for 0x72f9148025
01-30 21:58:18.423 14828 14828 E ArmVmp : Match on catch block at 0xc3 in for 0x72f9148025
01-30 21:58:18.436 14828 14828 E ArmVmp : Match on catch block at 0xc3 in for 0x72f9148025
01-30 21:58:18.438 14828 14828 E ArmVmp : Match on catch block at 0xc3 in for 0x72f9148025
01-30 21:58:18.453 14828 14828 E ArmVmp : Match on catch block at 0xc3 in for 0x72f9148025
01-30 21:58:18.456 14828 14828 E ArmVmp : Match on catch block at 0xc3 in for 0x72f9148025
01-30 21:58:18.469 14828 14828 E ArmVmp : Match on catch block at 0xc3 in for 0x72f9148025
01-30 21:58:18.472 14828 14828 E ArmVmp : Match on catch block at 0xc3 in for 0x72f9148025
01-30 21:58:18.486 14828 14828 E ArmVmp : Match on catch block at 0xc3 in for 0x72f9148025
01-30 21:58:18.489 14828 14828 E ArmVmp : Match on catch block at 0xc3 in for 0x72f9148025
01-30 21:58:18.503 14828 14828 E ArmVmp : Match on catch block at 0xc3 in for 0x72f9148025
01-30 21:58:18.505 14828 14828 E ArmVmp : Match on catch block at 0xc3 in for 0x72f9148025
01-30 21:58:18.519 14828 14828 E ArmVmp : Match on catch block at 0xc3 in for 0x72f9148025
01-30 21:58:18.522 14828 14828 E ArmVmp : Match on catch block at 0xc3 in for 0x72f9148025
01-30 21:58:18.536 14828 14828 E ArmVmp : Match on catch block at 0xc3 in for 0x72f9148025
01-30 21:58:18.541 14828 14828 E ArmVmp : Match on catch block at 0xc3 in for 0x72f9148025
01-30 21:58:18.555 14828 14828 E ArmVmp : Match on catch block at 0xc3 in for 0x72f9148025
01-30 21:58:18.558 14828 14828 E ArmVmp : Match on catch block at 0xc3 in for 0x72f9148025
01-30 21:58:18.570 14828 14828 E ArmVmp : Match on catch block at 0xc3 in for 0x72f9148025
01-30 21:58:18.573 14828 14828 E ArmVmp : Match on catch block at 0xc3 in for 0x72f9148025
01-30 21:58:18.586 14828 14828 E ArmVmp : Match on catch block at 0xc3 in for 0x72f9148025
01-30 21:58:18.589 14828 14828 E ArmVmp : Match on catch block at 0xc3 in for 0x72f9148025
01-30 21:58:18.603 14828 14828 E ArmVmp : Match on catch block at 0xc3 in for 0x72f9148025
01-30 21:58:18.606 14828 14828 E ArmVmp : Match on catch block at 0xc3 in for 0x72f9148025
01-30 21:58:18.620 14828 14828 E ArmVmp : Match on catch block at 0xc3 in for 0x72f9148025
01-30 21:58:18.622 14828 14828 E ArmVmp : Match on catch block at 0xc3 in for 0x72f9148025
01-30 21:58:18.636 14828 14828 E ArmVmp : Match on catch block at 0xc3 in for 0x72f9148025
01-30 21:58:18.638 14828 14828 E ArmVmp : Match on catch block at 0xc3 in for 0x72f9148025
01-30 21:58:18.653 14828 14828 E ArmVmp : Match on catch block at 0xc3 in for 0x72f9148025
01-30 21:58:18.655 14828 14828 E ArmVmp : Match on catch block at 0xc3 in for 0x72f9148025
01-30 21:58:18.669 14828 14828 E ArmVmp : Match on catch block at 0xc3 in for 0x72f9148025
01-30 21:58:18.671 14828 14828 E ArmVmp : Match on catch block at 0xc3 in for 0x72f9148025
01-30 21:58:18.686 14828 14828 E ArmVmp : Match on catch block at 0xc3 in for 0x72f9148025
01-30 21:58:18.689 14828 14828 E ArmVmp : Match on catch block at 0xc3 in for 0x72f9148025
01-30 21:58:18.703 14828 14828 E ArmVmp : Match on catch block at 0xc3 in for 0x72f9148025
01-30 21:58:18.705 14828 14828 E ArmVmp : Match on catch block at 0xc3 in for 0x72f9148025
01-30 21:58:18.722 14828 14828 E ArmVmp : Match on catch block at 0xc3 in for 0x72f9148025
01-30 21:58:18.724 14828 14828 E ArmVmp : Match on catch block at 0xc3 in for 0x72f9148025
01-30 21:58:18.736 14828 14828 E ArmVmp : Match on catch block at 0xc3 in for 0x72f9148025
01-30 21:58:18.738 14828 14828 E ArmVmp : Match on catch block at 0xc3 in for 0x72f9148025
01-30 21:58:18.752 14828 14828 E ArmVmp : Match on catch block at 0xc3 in for 0x72f9148025
01-30 21:58:18.755 14828 14828 E ArmVmp : Match on catch block at 0xc3 in for 0x72f9148025
01-30 21:58:19.056 14828 14828 E ArmVmp : Match on catch block at 0xc3 in for 0x72f9148025
01-30 21:58:19.063 14828 14828 E ArmVmp : Match on catch block at 0xc3 in for 0x72f9148025
01-30 21:58:19.358 14828 14828 E ArmVmp : Match on catch block at 0xc3 in for 0x72f9148025
01-30 21:58:19.361 14828 14828 E ArmVmp : Match on catch block at 0xc3 in for 0x72f9148025
01-30 21:58:19.370 14828 14828 E ArmVmp : Match on catch block at 0xc3 in for 0x72f9148025
01-30 21:58:19.373 14828 14828 E ArmVmp : Match on catch block at 0xc3 in for 0x72f9148025
01-30 21:58:19.386 14828 14828 E ArmVmp : Match on catch block at 0xc3 in for 0x72f9148025
01-30 21:58:19.388 14828 14828 E ArmVmp : Match on catch block at 0xc3 in for 0x72f9148025
01-30 21:58:19.403 14828 14828 E ArmVmp : Match on catch block at 0xc3 in for 0x72f9148025
01-30 21:58:19.405 14828 14828 E ArmVmp : Match on catch block at 0xc3 in for 0x72f9148025
01-30 21:58:19.419 14828 14828 E ArmVmp : Match on catch block at 0xc3 in for 0x72f9148025
01-30 21:58:19.421 14828 14828 E ArmVmp : Match on catch block at 0xc3 in for 0x72f9148025
01-30 21:58:19.436 14828 14828 E ArmVmp : Match on catch block at 0xc3 in for 0x72f9148025
01-30 21:58:19.438 14828 14828 E ArmVmp : Match on catch block at 0xc3 in for 0x72f9148025
01-30 21:58:19.453 14828 14828 E ArmVmp : Match on catch block at 0xc3 in for 0x72f9148025
01-30 21:58:19.455 14828 14828 E ArmVmp : Match on catch block at 0xc3 in for 0x72f9148025
01-30 21:58:19.472 14828 14828 E ArmVmp : Match on catch block at 0xc3 in for 0x72f9148025
01-30 21:58:19.475 14828 14828 E ArmVmp : Match on catch block at 0xc3 in for 0x72f9148025
01-30 21:58:19.486 14828 14828 E ArmVmp : Match on catch block at 0xc3 in for 0x72f9148025
01-30 21:58:19.488 14828 14828 E ArmVmp : Match on catch block at 0xc3 in for 0x72f9148025
01-30 21:58:19.503 14828 14828 E ArmVmp : Match on catch block at 0xc3 in for 0x72f9148025
01-30 21:58:19.505 14828 14828 E ArmVmp : Match on catch block at 0xc3 in for 0x72f9148025
01-30 21:58:19.519 14828 14828 E ArmVmp : Match on catch block at 0xc3 in for 0x72f9148025
01-30 21:58:19.522 14828 14828 E ArmVmp : Match on catch block at 0xc3 in for 0x72f9148025
01-30 21:58:19.536 14828 14828 E ArmVmp : Match on catch block at 0xc3 in for 0x72f9148025
01-30 21:58:19.539 14828 14828 E ArmVmp : Match on catch block at 0xc3 in for 0x72f9148025
01-30 21:58:19.553 14828 14828 E ArmVmp : Match on catch block at 0xc3 in for 0x72f9148025
01-30 21:58:19.556 14828 14828 E ArmVmp : Match on catch block at 0xc3 in for 0x72f9148025
01-30 21:58:19.687 14828 14828 E ArmVmp : Match on catch block at 0xc3 in for 0x72f9148025
01-30 21:58:19.691 14828 14828 E ArmVmp : Match on catch block at 0xc3 in for 0x72f9148025
01-30 21:58:20.039 14828 14828 E ArmVmp : Match on catch block at 0xc3 in for 0x72f9148025
01-30 21:58:20.044 14828 14828 E ArmVmp : Match on catch block at 0xc3 in for 0x72f9148025
01-30 21:58:20.339 14828 14828 E ArmVmp : Match on catch block at 0xc3 in for 0x72f9148025
01-30 21:58:20.349 14828 14828 E ArmVmp : Match on catch block at 0xc3 in for 0x72f9148025
01-30 21:58:20.355 14828 14828 E ArmVmp : Match on catch block at 0xc3 in for 0x72f9148025
01-30 21:58:20.360 14828 14828 E ArmVmp : Match on catch block at 0xc3 in for 0x72f9148025
01-30 21:58:20.369 14828 14828 E ArmVmp : Match on catch block at 0xc3 in for 0x72f9148025
01-30 21:58:20.371 14828 14828 E ArmVmp : Match on catch block at 0xc3 in for 0x72f9148025
01-30 21:58:20.386 14828 14828 E ArmVmp : Match on catch block at 0xc3 in for 0x72f9148025
01-30 21:58:20.388 14828 14828 E ArmVmp : Match on catch block at 0xc3 in for 0x72f9148025
01-30 21:58:20.403 14828 14828 E ArmVmp : Match on catch block at 0xc3 in for 0x72f9148025
01-30 21:58:20.406 14828 14828 E ArmVmp : Match on catch block at 0xc3 in for 0x72f9148025
01-30 21:58:20.420 14828 14828 E ArmVmp : Match on catch block at 0xc3 in for 0x72f9148025
01-30 21:58:20.423 14828 14828 E ArmVmp : Match on catch block at 0xc3 in for 0x72f9148025
01-30 21:58:20.437 14828 14828 E ArmVmp : Match on catch block at 0xc3 in for 0x72f9148025
01-30 21:58:20.441 14828 14828 E ArmVmp : Match on catch block at 0xc3 in for 0x72f9148025
01-30 21:58:20.453 14828 14828 E ArmVmp : Match on catch block at 0xc3 in for 0x72f9148025
01-30 21:58:20.455 14828 14828 E ArmVmp : Match on catch block at 0xc3 in for 0x72f9148025
01-30 21:58:20.469 14828 14828 E ArmVmp : Match on catch block at 0xc3 in for 0x72f9148025
01-30 21:58:20.472 14828 14828 E ArmVmp : Match on catch block at 0xc3 in for 0x72f9148025
01-30 21:58:20.486 14828 14828 E ArmVmp : Match on catch block at 0xc3 in for 0x72f9148025
01-30 21:58:20.488 14828 14828 E ArmVmp : Match on catch block at 0xc3 in for 0x72f9148025
01-30 21:58:20.503 14828 14828 E ArmVmp : Match on catch block at 0xc3 in for 0x72f9148025
01-30 21:58:20.506 14828 14828 E ArmVmp : Match on catch block at 0xc3 in for 0x72f9148025
01-30 21:58:20.520 14828 14828 E ArmVmp : Match on catch block at 0xc3 in for 0x72f9148025
01-30 21:58:20.523 14828 14828 E ArmVmp : Match on catch block at 0xc3 in for 0x72f9148025
01-30 21:58:20.537 14828 14828 E ArmVmp : Match on catch block at 0xc3 in for 0x72f9148025
01-30 21:58:20.540 14828 14828 E ArmVmp : Match on catch block at 0xc3 in for 0x72f9148025
01-30 21:58:20.554 14828 14828 E ArmVmp : Match on catch block at 0xc3 in for 0x72f9148025
01-30 21:58:20.557 14828 14828 E ArmVmp : Match on catch block at 0xc3 in for 0x72f9148025
01-30 21:58:20.570 14828 14828 E ArmVmp : Match on catch block at 0xc3 in for 0x72f9148025
01-30 21:58:20.573 14828 14828 E ArmVmp : Match on catch block at 0xc3 in for 0x72f9148025
01-30 21:58:20.587 14828 14828 E ArmVmp : Match on catch block at 0xc3 in for 0x72f9148025
01-30 21:58:20.591 14828 14828 E ArmVmp : Match on catch block at 0xc3 in for 0x72f9148025
01-30 21:58:20.654 14828 14828 E ArmVmp : Match on catch block at 0xc3 in for 0x72f9148025
01-30 21:58:20.658 14828 14828 E ArmVmp : Match on catch block at 0xc3 in for 0x72f9148025
01-30 21:58:21.153 14828 14828 E ArmVmp : Match on catch block at 0xc3 in for 0x72f9148025
01-30 21:58:21.158 14828 14828 E ArmVmp : Match on catch block at 0xc3 in for 0x72f9148025
01-30 21:58:21.203 14828 14828 E ArmVmp : Match on catch block at 0xc3 in for 0x72f9148025
01-30 21:58:21.208 14828 14828 E ArmVmp : Match on catch block at 0xc3 in for 0x72f9148025
01-30 21:58:21.706 14828 14828 E ArmVmp : Match on catch block at 0xc3 in for 0x72f9148025
01-30 21:58:21.716 14828 14828 E ArmVmp : Match on catch block at 0xc3 in for 0x72f9148025
01-30 21:58:22.204 14828 14828 E ArmVmp : Match on catch block at 0xc3 in for 0x72f9148025
01-30 21:58:22.211 14828 14828 E ArmVmp : Match on catch block at 0xc3 in for 0x72f9148025
01-30 21:58:22.238 14828 14828 E ArmVmp : Match on catch block at 0xc3 in for 0x72f9148025
01-30 21:58:22.244 14828 14828 E ArmVmp : Match on catch block at 0xc3 in for 0x72f9148025
01-30 21:58:22.437 14828 14828 E ArmVmp : Match on catch block at 0xc3 in for 0x72f9148025
01-30 21:58:22.440 14828 14828 E ArmVmp : Match on catch block at 0xc3 in for 0x72f9148025
01-30 21:58:22.460 14828 15135 W ContextImpl: Failed to ensure /storage/CE93-EDD2/Android/data/com.mbwhatsapp/cache: android.os.ServiceSpecificException: (code -22)
01-30 21:58:22.464 14828 14828 E ArmVmp : Match on catch block at 0xc3 in for 0x72f9148025
01-30 21:58:22.468 14828 14828 E ArmVmp : Match on catch block at 0xc3 in for 0x72f9148025
01-30 21:58:22.497 14828 14828 E ArmVmp : Match on catch block at 0xc3 in for 0x72f9148025
01-30 21:58:22.500 14828 14828 E ArmVmp : Match on catch block at 0xc3 in for 0x72f9148025
01-30 21:58:22.506 14828 14828 E ArmVmp : Match on catch block at 0xc3 in for 0x72f9148025
01-30 21:58:22.512 14828 14828 E ArmVmp : Match on catch block at 0xc3 in for 0x72f9148025
01-30 21:58:22.567 14828 14828 E ArmVmp : Match on catch block at 0xc3 in for 0x72f9148025
01-30 21:58:22.571 14828 14828 E ArmVmp : Match on catch block at 0xc3 in for 0x72f9148025
01-30 21:58:22.590 14828 14828 E ArmVmp : Match on catch block at 0xc3 in for 0x72f9148025
01-30 21:58:22.593 14828 14828 E ArmVmp : Match on catch block at 0xc3 in for 0x72f9148025
01-30 21:58:22.605 14828 14828 E ArmVmp : Match on catch block at 0xc3 in for 0x72f9148025
01-30 21:58:22.608 14828 14828 E ArmVmp : Match on catch block at 0xc3 in for 0x72f9148025
01-30 21:58:22.619 14828 14828 E ArmVmp : Match on catch block at 0xc3 in for 0x72f9148025
01-30 21:58:22.621 14828 14828 E ArmVmp : Match on catch block at 0xc3 in for 0x72f9148025
01-30 21:58:22.636 14828 14828 E ArmVmp : Match on catch block at 0xc3 in for 0x72f9148025
01-30 21:58:22.639 14828 14828 E ArmVmp : Match on catch block at 0xc3 in for 0x72f9148025
01-30 21:58:22.653 14828 14828 E ArmVmp : Match on catch block at 0xc3 in for 0x72f9148025
01-30 21:58:22.657 14828 14828 E ArmVmp : Match on catch block at 0xc3 in for 0x72f9148025
01-30 21:58:22.904 14828 14828 E ArmVmp : Match on catch block at 0xc3 in for 0x72f9148025
01-30 21:58:22.908 14828 14828 E ArmVmp : Match on catch block at 0xc3 in for 0x72f9148025
01-30 21:58:22.915 14828 14828 E ArmVmp : Match on catch block at 0xc3 in for 0x72f9148025
01-30 21:58:22.917 14828 14828 E ArmVmp : Match on catch block at 0xc3 in for 0x72f9148025
01-30 21:58:22.942 14828 14828 E ArmVmp : Match on catch block at 0xc3 in for 0x72f9148025
01-30 21:58:22.945 14828 14828 E ArmVmp : Match on catch block at 0xc3 in for 0x72f9148025
01-30 21:58:22.955 14828 14828 E ArmVmp : Match on catch block at 0xc3 in for 0x72f9148025
01-30 21:58:22.958 14828 14828 E ArmVmp : Match on catch block at 0xc3 in for 0x72f9148025
01-30 21:58:22.971 14828 14828 E ArmVmp : Match on catch block at 0xc3 in for 0x72f9148025
01-30 21:58:22.976 14828 14828 E ArmVmp : Match on catch block at 0xc3 in for 0x72f9148025
01-30 21:58:22.977 14828 15134 W MediaPlayer: Use of stream types is deprecated for operations other than volume control
01-30 21:58:22.977 14828 15134 W MediaPlayer: See the documentation of setAudioStreamType() for what to use instead with android.media.AudioAttributes to qualify your playback use case
01-30 21:58:23.320 14828 14828 E ArmVmp : Match on catch block at 0xc3 in for 0x72f9148025
01-30 21:58:23.322 14828 14828 E ArmVmp : Match on catch block at 0xc3 in for 0x72f9148025
01-30 21:58:23.352 14828 14828 W AidlConversion: aidl2legacy_AudioChannelLayout_audio_channel_mask_t: no legacy output audio_channel_mask_t found for AudioChannelLayout{layoutMask: 16}
01-30 21:58:23.543 14828 14828 E ArmVmp : Match on catch block at 0xc3 in for 0x72f9148025
01-30 21:58:23.544 14828 14828 E ArmVmp : Match on catch block at 0xc3 in for 0x72f9148025
01-30 21:58:23.551 14828 14828 E ArmVmp : Match on catch block at 0xc3 in for 0x72f9148025
01-30 21:58:23.556 14828 14828 E ArmVmp : Match on catch block at 0xc3 in for 0x72f9148025
01-30 21:58:23.588 14828 14828 E ArmVmp : Match on catch block at 0xc3 in for 0x72f9148025
01-30 21:58:23.592 14828 14828 E ArmVmp : Match on catch block at 0xc3 in for 0x72f9148025
01-30 21:58:23.608 14828 14828 E ArmVmp : Match on catch block at 0xc3 in for 0x72f9148025
01-30 21:58:23.611 14828 14828 E ArmVmp : Match on catch block at 0xc3 in for 0x72f9148025
01-30 21:58:23.613 14828 14828 W RemoteInputConnectionImpl: requestCursorAnchorInfo on inactive InputConnection
01-30 21:58:23.620 14828 14828 E ArmVmp : Match on catch block at 0xc3 in for 0x72f9148025
01-30 21:58:23.624 14828 14828 E ArmVmp : Match on catch block at 0xc3 in for 0x72f9148025
01-30 21:58:23.637 14828 14828 E ArmVmp : Match on catch block at 0xc3 in for 0x72f9148025
01-30 21:58:23.640 14828 14828 E ArmVmp : Match on catch block at 0xc3 in for 0x72f9148025
01-30 21:58:24.103 14828 14828 E ArmVmp : Match on catch block at 0xc3 in for 0x72f9148025
01-30 21:58:24.107 14828 14828 E ArmVmp : Match on catch block at 0xc3 in for 0x72f9148025
01-30 21:58:27.033 14828 15117 E perf_hint: Session creation failed, mPreferredRateNanos: -1
01-30 21:58:27.074 14828 14828 W BottomSheetBehavior: BottomSheetBehavior now supports multiple callbacks. `setBottomSheetCallback()` removes all existing callbacks, including ones set internally by library authors, which may result in unintended behavior. This may change in the future. Please use `addBottomSheetCallback()` and `removeBottomSheetCallback()` instead to set your own callbacks.
01-30 21:58:27.074 14828 14828 W BottomSheetBehavior: BottomSheetBehavior now supports multiple callbacks. `setBottomSheetCallback()` removes all existing callbacks, including ones set internally by library authors, which may result in unintended behavior. This may change in the future. Please use `addBottomSheetCallback()` and `removeBottomSheetCallback()` instead to set your own callbacks.
01-30 21:58:27.137 14828 14828 W BottomSheetBehavior: BottomSheetBehavior now supports multiple callbacks. `setBottomSheetCallback()` removes all existing callbacks, including ones set internally by library authors, which may result in unintended behavior. This may change in the future. Please use `addBottomSheetCallback()` and `removeBottomSheetCallback()` instead to set your own callbacks.
01-30 21:58:27.137 14828 14828 W BottomSheetBehavior: BottomSheetBehavior now supports multiple callbacks. `setBottomSheetCallback()` removes all existing callbacks, including ones set internally by library authors, which may result in unintended behavior. This may change in the future. Please use `addBottomSheetCallback()` and `removeBottomSheetCallback()` instead to set your own callbacks.
01-30 21:58:27.161 14828 14828 W BottomSheetBehavior: BottomSheetBehavior now supports multiple callbacks. `setBottomSheetCallback()` removes all existing callbacks, including ones set internally by library authors, which may result in unintended behavior. This may change in the future. Please use `addBottomSheetCallback()` and `removeBottomSheetCallback()` instead to set your own callbacks.
01-30 21:58:27.162 14828 14828 W BottomSheetBehavior: BottomSheetBehavior now supports multiple callbacks. `setBottomSheetCallback()` removes all existing callbacks, including ones set internally by library authors, which may result in unintended behavior. This may change in the future. Please use `addBottomSheetCallback()` and `removeBottomSheetCallback()` instead to set your own callbacks.
01-30 21:58:27.204 14828 14828 E RecyclerView: No adapter attached; skipping layout
01-30 21:58:27.207 14828 14828 E RecyclerView: No adapter attached; skipping layout
01-30 21:58:27.532 14828 15839 W BpBinder: PerfMonitor binderTransact : time=257ms interface=android.media.IMediaMetadataRetriever code=5
01-30 21:58:27.855 14828 15841 W VideoCapabilities: Unsupported mime image/vnd.android.heic
01-30 21:58:27.942 14828 15841 W libc : Access denied finding property "ro.vendor.audio.zoom.support"
01-30 21:58:27.944 14828 15841 W libc : Access denied finding property "ro.vendor.audio.dolby.vision.support"
01-30 21:58:27.953 14828 15851 W ExtendedACodec: Failed to set frame packing format on component
01-30 21:58:28.107 14828 15841 W libc : Access denied finding property "ro.vendor.audio.dolby.vision.support"
01-30 21:58:28.110 14828 15879 W Codec2Client: query -- param skipped: index = 1107298332.
01-30 21:58:28.110 14828 15879 W CCodec : This behavior is subject to change. It is recommended that app developers double check whether the requested max input size is in reasonable range.
01-30 21:58:28.115 14828 15879 W Codec2Client: query -- param skipped: index = 1342179345.
01-30 21:58:28.115 14828 15879 W Codec2Client: query -- param skipped: index = 2415921170.
01-30 21:58:28.115 14828 15879 W Codec2Client: query -- param skipped: index = 1610614798.
01-30 21:58:28.186 14828 14828 W ExoPlayer:Playb: type=1400 audit(0.0:325125): avc: denied { read } for name="u:object_r:vendor_audio_prop:s0" dev="tmpfs" ino=2306 scontext=u:r:untrusted_app:s0:c31,c257,c512,c768 tcontext=u:object_r:vendor_audio_prop:s0 tclass=file permissive=0 app=com.mbwhatsapp
01-30 21:58:28.200 14828 15841 W libc : Access denied finding property "vendor.audio.LL.coeff"
01-30 21:58:28.200 14828 15841 W libc : Access denied finding property "vendor.audio.rxvol.mode"
01-30 21:58:28.194 14828 14828 W ExoPlayer:Playb: type=1400 audit(0.0:325126): avc: denied { read } for name="u:object_r:vendor_audio_prop:s0" dev="tmpfs" ino=2306 scontext=u:r:untrusted_app:s0:c31,c257,c512,c768 tcontext=u:object_r:vendor_audio_prop:s0 tclass=file permissive=0 app=com.mbwhatsapp
01-30 21:58:28.194 14828 14828 W ExoPlayer:Playb: type=1400 audit(0.0:325127): avc: denied { read } for name="u:object_r:vendor_audio_prop:s0" dev="tmpfs" ino=2306 scontext=u:r:untrusted_app:s0:c31,c257,c512,c768 tcontext=u:object_r:vendor_audio_prop:s0 tclass=file permissive=0 app=com.mbwhatsapp
01-30 21:58:28.201 14828 15841 W libc : Access denied finding property "vendor.audio.lowpower"
01-30 21:58:28.198 14828 14828 W ExoPlayer:Playb: type=1400 audit(0.0:325128): avc: denied { read } for name="u:object_r:vendor_audio_prop:s0" dev="tmpfs" ino=2306 scontext=u:r:untrusted_app:s0:c31,c257,c512,c768 tcontext=u:object_r:vendor_audio_prop:s0 tclass=file permissive=0 app=com.mbwhatsapp
01-30 21:58:28.214 14828 14828 W ExoPlayer:Playb: type=1400 audit(0.0:325129): avc: denied { read } for name="u:object_r:vendor_audio_prop:s0" dev="tmpfs" ino=2306 scontext=u:r:untrusted_app:s0:c31,c257,c512,c768 tcontext=u:object_r:vendor_audio_prop:s0 tclass=file permissive=0 app=com.mbwhatsapp
01-30 21:58:28.217 14828 15841 W libc : Access denied finding property "vendor.audio.rt.mode"
01-30 21:58:28.217 14828 15841 W libc : Access denied finding property "ro.vendor.audio.zerodata.upload"
01-30 21:58:28.218 14828 15841 W libc : Access denied finding property "vendor.audio.caretaker.at"
01-30 21:58:28.222 14828 15186 W libc : Access denied finding property "ro.vendor.audio.shortvideo.index"
01-30 21:58:28.222 14828 15841 W libc : Access denied finding property "ro.vendor.audio.shortvideo.index"
01-30 21:58:28.245 14828 15186 W libc : Access denied finding property "ro.vendor.audio.shortvideo.index"
01-30 21:58:28.282 14828 15186 W AidlConversion: aidl2legacy_AudioChannelLayout_audio_channel_mask_t: no legacy output audio_channel_mask_t found for AudioChannelLayout{layoutMask: 16}
01-30 21:58:28.300 14828 15135 W ContextImpl: Failed to ensure /storage/CE93-EDD2/Android/data/com.mbwhatsapp/cache: android.os.ServiceSpecificException: (code -22)
01-30 21:58:28.525 14828 15850 W MediaCodec: [mId: 0] video-debug onReleaseOutputBuffer: Render time interval reaches 297ms before pts: 100000
01-30 21:58:28.738 14828 15117 W RenderInspector: DequeueBuffer time out on com.mbwhatsapp/com.mbwhatsapp.status.playback.StatusPlaybackActivity, count=1, avg=16 ms, max=16 ms.
01-30 21:58:28.854 14828 15117 W RenderInspector: DequeueBuffer time out on com.mbwhatsapp/com.mbwhatsapp.status.playback.StatusPlaybackActivity, count=1, avg=17 ms, max=17 ms.
01-30 21:58:33.424 14828 15117 W RenderInspector: DequeueBuffer time out on com.mbwhatsapp/com.mbwhatsapp.status.playback.StatusPlaybackActivity, count=1, avg=18 ms, max=18 ms.
01-30 21:58:33.521 14828 15117 W RenderInspector: DequeueBuffer time out on com.mbwhatsapp/com.mbwhatsapp.status.playback.StatusPlaybackActivity, count=1, avg=34 ms, max=34 ms.
01-30 21:58:33.610 14828 14828 E RecyclerView: No adapter attached; skipping layout
01-30 21:58:33.627 14828 15049 E SQLiteDatabase: Error inserting transferred=0 media_job_uuid=5cf05b03-86d5-461a-9cee-34f8c5b2b382 transcoded=0 gif_attribution=0 first_scan_length=0 direct_path=/v/t62.7161- 24/35593316_297996239925799_2932068402298722843_n.enc?ccb=11- 4&oh=01_AdQvhlhP2F7pmZU9FH74cgBYXRXVkU3Zzzc6VCl4ME9MGw&oe=65E105C6&_nc_sid=5e03e0 thumbnail_height_width_ratio=1.7777778 is_animated_sticker=0 file_hash=z3wzzUQg22653QvmEtqqbGcbvvbCIHdjvGRnoN8T54g= file_path=null file_size=0 partial_media_hash=null face_x=0 face_y=0 height=1024 trim_to=0 media_key_timestamp=1706665455000 message_url=https://mmg.whatsapp.net/v/t62.7161- 24/35593316_297996239925799_2932068402298722843_n.enc?ccb=11- 4&oh=01_AdQvhlhP2F7pmZU9FH74cgBYXRXVkU3Zzzc6VCl4ME9MGw&oe=65E105C6&_nc_sid=5e03e0&m ms3=true media_caption=null trim_from=0 mime_type=video/mp4 partial_media_enc_hash=null width=576 original_file_hash=null has_streaming_sidecar=1 autotransfer_retry_enabled=0 media_upload_handle=null message_row_id=6062 multicast_id=null enc_file_hash=HYvMl4Kj/Nk2o9THXFchNWdCZrgjDa49rJzaYbHrZoU= mute_video=0 page_count=0 first_scan_sidecar=null suspicious_content=0 file_length=3085130 media_name=null media_duration=27 chat_row_id=50 media_key=[B@c6a5bd2
01-30 21:58:33.627 14828 15049 E SQLiteDatabase: android.database.sqlite.SQLiteConstraintException: UNIQUE constraint failed: message_media.message_row_id (code 1555 SQLITE_CONSTRAINT_PRIMARYKEY)
01-30 21:58:33.627 14828 15049 E SQLiteDatabase: at android.database.sqlite.SQLiteConnection.nativeExecuteForLastInsertedRowId(Native Method)
01-30 21:58:33.627 14828 15049 E SQLiteDatabase: at android.database.sqlite.SQLiteConnection.executeForLastInsertedRowId(SQLiteConnecti on.java:961)
01-30 21:58:33.627 14828 15049 E SQLiteDatabase: at android.database.sqlite.SQLiteSession.executeForLastInsertedRowId(SQLiteSession.jav a:790)
01-30 21:58:33.627 14828 15049 E SQLiteDatabase: at android.database.sqlite.SQLiteStatement.executeInsert(SQLiteStatement.java:89)
01-30 21:58:33.627 14828 15049 E SQLiteDatabase: at android.database.sqlite.SQLiteDatabase.insertWithOnConflict(SQLiteDatabase.java:186 8)
01-30 21:58:33.627 14828 15049 E SQLiteDatabase: at android.database.sqlite.SQLiteDatabase.insert(SQLiteDatabase.java:1737)
01-30 21:58:33.627 14828 15049 E SQLiteDatabase: at X.2tm.A08(Unknown Source:6)
01-30 21:58:33.627 14828 15049 E SQLiteDatabase: at X.35Y.A07(Unknown Source:212)
01-30 21:58:33.627 14828 15049 E SQLiteDatabase: at X.3QF.A14(Unknown Source:470)
01-30 21:58:33.627 14828 15049 E SQLiteDatabase: at X.3gU.run(Unknown Source:982)
01-30 21:58:33.627 14828 15049 E SQLiteDatabase: at android.os.Handler.handleCallback(Handler.java:942)
01-30 21:58:33.627 14828 15049 E SQLiteDatabase: at android.os.Handler.dispatchMessage(Handler.java:99)
01-30 21:58:33.627 14828 15049 E SQLiteDatabase: at X.0zq.dispatchMessage(Unknown Source:4)
01-30 21:58:33.627 14828 15049 E SQLiteDatabase: at android.os.Looper.loopOnce(Looper.java:211)
01-30 21:58:33.627 14828 15049 E SQLiteDatabase: at android.os.Looper.loop(Looper.java:300)
01-30 21:58:33.627 14828 15049 E SQLiteDatabase: at android.os.HandlerThread.run(HandlerThread.java:67)
01-30 21:58:33.628 14828 15879 W Codec2Client: query -- param skipped: index = 1342179345.
01-30 21:58:33.628 14828 15879 W Codec2Client: query -- param skipped: index = 2415921170.
01-30 21:58:33.628 14828 15879 W Codec2Client: query -- param skipped: index = 1610614798.
01-30 21:58:33.631 14828 15850 E Surface : freeAllBuffers: 12 buffers were freed while being dequeued!
01-30 21:58:33.634 14828 15049 E SQLiteDatabase: Error inserting transferred=0 media_job_uuid=5cf05b03-86d5-461a-9cee-34f8c5b2b382 transcoded=0 gif_attribution=0 first_scan_length=0 direct_path=/v/t62.7161- 24/35593316_297996239925799_2932068402298722843_n.enc?ccb=11- 4&oh=01_AdQvhlhP2F7pmZU9FH74cgBYXRXVkU3Zzzc6VCl4ME9MGw&oe=65E105C6&_nc_sid=5e03e0 thumbnail_height_width_ratio=1.7777778 is_animated_sticker=0 file_hash=z3wzzUQg22653QvmEtqqbGcbvvbCIHdjvGRnoN8T54g= file_path=null file_size=0 partial_media_hash=null face_x=0 face_y=0 height=1024 trim_to=0 media_key_timestamp=1706665455000 message_url=https://mmg.whatsapp.net/v/t62.7161- 24/35593316_297996239925799_2932068402298722843_n.enc?ccb=11- 4&oh=01_AdQvhlhP2F7pmZU9FH74cgBYXRXVkU3Zzzc6VCl4ME9MGw&oe=65E105C6&_nc_sid=5e03e0&m ms3=true media_caption=null trim_from=0 mime_type=video/mp4 partial_media_enc_hash=null width=576 original_file_hash=null has_streaming_sidecar=1 autotransfer_retry_enabled=0 media_upload_handle=null message_row_id=6062 multicast_id=null enc_file_hash=HYvMl4Kj/Nk2o9THXFchNWdCZrgjDa49rJzaYbHrZoU= mute_video=0 page_count=0 first_scan_sidecar=null suspicious_content=0 file_length=3085130 media_name=null media_duration=27 chat_row_id=50 media_key=[B@c6a5bd2
01-30 21:58:33.634 14828 15049 E SQLiteDatabase: android.database.sqlite.SQLiteConstraintException: UNIQUE constraint failed: message_media.message_row_id (code 1555 SQLITE_CONSTRAINT_PRIMARYKEY)
01-30 21:58:33.634 14828 15049 E SQLiteDatabase: at android.database.sqlite.SQLiteConnection.nativeExecuteForLastInsertedRowId(Native Method)
01-30 21:58:33.634 14828 15049 E SQLiteDatabase: at android.database.sqlite.SQLiteConnection.executeForLastInsertedRowId(SQLiteConnecti on.java:961)
01-30 21:58:33.634 14828 15049 E SQLiteDatabase: at android.database.sqlite.SQLiteSession.executeForLastInsertedRowId(SQLiteSession.jav a:790)
01-30 21:58:33.634 14828 15049 E SQLiteDatabase: at android.database.sqlite.SQLiteStatement.executeInsert(SQLiteStatement.java:89)
01-30 21:58:33.634 14828 15049 E SQLiteDatabase: at android.database.sqlite.SQLiteDatabase.insertWithOnConflict(SQLiteDatabase.java:186 8)
01-30 21:58:33.634 14828 15049 E SQLiteDatabase: at android.database.sqlite.SQLiteDatabase.insert(SQLiteDatabase.java:1737)
01-30 21:58:33.634 14828 15049 E SQLiteDatabase: at X.2tm.A08(Unknown Source:6)
01-30 21:58:33.634 14828 15049 E SQLiteDatabase: at X.35Y.A07(Unknown Source:212)
01-30 21:58:33.634 14828 15049 E SQLiteDatabase: at X.3QF.A14(Unknown Source:470)
01-30 21:58:33.634 14828 15049 E SQLiteDatabase: at X.3gU.run(Unknown Source:982)
01-30 21:58:33.634 14828 15049 E SQLiteDatabase: at android.os.Handler.handleCallback(Handler.java:942)
01-30 21:58:33.634 14828 15049 E SQLiteDatabase: at android.os.Handler.dispatchMessage(Handler.java:99)
01-30 21:58:33.634 14828 15049 E SQLiteDatabase: at X.0zq.dispatchMessage(Unknown Source:4)
01-30 21:58:33.634 14828 15049 E SQLiteDatabase: at android.os.Looper.loopOnce(Looper.java:211)
01-30 21:58:33.634 14828 15049 E SQLiteDatabase: at android.os.Looper.loop(Looper.java:300)
01-30 21:58:33.634 14828 15049 E SQLiteDatabase: at android.os.HandlerThread.run(HandlerThread.java:67)
01-30 21:58:33.652 14828 15850 E send_data_to_xlog: send_video_play_to_xlog, start
01-30 21:58:33.652 14828 15850 E xlog_client: xlog_open: Error in open xlog
01-30 21:58:33.652 14828 15850 E xlog_client: xlog open fail
01-30 21:58:33.656 14828 15117 W RenderInspector: DequeueBuffer time out on com.mbwhatsapp/com.mbwhatsapp.status.playback.StatusPlaybackActivity, count=1, avg=17 ms, max=17 ms.
01-30 21:58:33.662 14828 15502 W com.mbwhatsapp: Accessing hidden method Landroid/app/MiuiNotification;-><init>()V (blocked, reflection, denied)
01-30 21:58:33.682 14828 15502 W com.mbwhatsapp: Accessing hidden method Landroid/app/MiuiNotification;-><init>()V (blocked, reflection, denied)
01-30 21:58:36.000 14828 14828 W BottomSheetBehavior: BottomSheetBehavior now supports multiple callbacks. `setBottomSheetCallback()` removes all existing callbacks, including ones set internally by library authors, which may result in unintended behavior. This may change in the future. Please use `addBottomSheetCallback()` and `removeBottomSheetCallback()` instead to set your own callbacks.
01-30 21:58:36.000 14828 14828 W BottomSheetBehavior: BottomSheetBehavior now supports multiple callbacks. `setBottomSheetCallback()` removes all existing callbacks, including ones set internally by library authors, which may result in unintended behavior. This may change in the future. Please use `addBottomSheetCallback()` and `removeBottomSheetCallback()` instead to set your own callbacks.
01-30 21:58:36.022 14828 14828 W BottomSheetBehavior: BottomSheetBehavior now supports multiple callbacks. `setBottomSheetCallback()` removes all existing callbacks, including ones set internally by library authors, which may result in unintended behavior. This may change in the future. Please use `addBottomSheetCallback()` and `removeBottomSheetCallback()` instead to set your own callbacks.
01-30 21:58:36.022 14828 14828 W BottomSheetBehavior: BottomSheetBehavior now supports multiple callbacks. `setBottomSheetCallback()` removes all existing callbacks, including ones set internally by library authors, which may result in unintended behavior. This may change in the future. Please use `addBottomSheetCallback()` and `removeBottomSheetCallback()` instead to set your own callbacks.
01-30 21:58:36.033 14828 15049 E SQLiteDatabase: Error inserting transferred=0 media_job_uuid=2d6b63e6-9e33-4045-8069-93c3390148b8 transcoded=0 gif_attribution=0 first_scan_length=0 direct_path=/v/t62.7161- 24/30985954_296165789752126_6241192609064541603_n.enc?ccb=11- 4&oh=01_AdQLVE70JrCvfNSumzCd9Hh2EIe7p1j2iwocRC3hrHR02Q&oe=65E11E05&_nc_sid=5e03e0 thumbnail_height_width_ratio=1.7777778 is_animated_sticker=0 file_hash=hIX3i2Is1tw/0BSQn2mz3+tkirzwhq0xhIR/AxIWxfI= file_path=null file_size=0 partial_media_hash=null face_x=0 face_y=0 height=1024 trim_to=0 media_key_timestamp=1706666264000 message_url=https://mmg.whatsapp.net/v/t62.7161- 24/30985954_296165789752126_6241192609064541603_n.enc?ccb=11- 4&oh=01_AdQLVE70JrCvfNSumzCd9Hh2EIe7p1j2iwocRC3hrHR02Q&oe=65E11E05&_nc_sid=5e03e0&m ms3=true media_caption=null trim_from=0 mime_type=video/mp4 partial_media_enc_hash=null width=576 original_file_hash=null has_streaming_sidecar=1 autotransfer_retry_enabled=0 media_upload_handle=null message_row_id=6063 multicast_id=null enc_file_hash=5spf5/f+KhMcDGurb2DyTOjg+kG96LOxN+pTKIX0+Ho= mute_video=0 page_count=0 first_scan_sidecar=null suspicious_content=0 file_length=2062132 media_name=null media_duration=22 chat_row_id=50 media_key=[B@7f2e54e
01-30 21:58:36.033 14828 15049 E SQLiteDatabase: android.database.sqlite.SQLiteConstraintException: UNIQUE constraint failed: message_media.message_row_id (code 1555 SQLITE_CONSTRAINT_PRIMARYKEY)
01-30 21:58:36.033 14828 15049 E SQLiteDatabase: at android.database.sqlite.SQLiteConnection.nativeExecuteForLastInsertedRowId(Native Method)
01-30 21:58:36.033 14828 15049 E SQLiteDatabase: at android.database.sqlite.SQLiteConnection.executeForLastInsertedRowId(SQLiteConnecti on.java:961)
01-30 21:58:36.033 14828 15049 E SQLiteDatabase: at android.database.sqlite.SQLiteSession.executeForLastInsertedRowId(SQLiteSession.jav a:790)
01-30 21:58:36.033 14828 15049 E SQLiteDatabase: at android.database.sqlite.SQLiteStatement.executeInsert(SQLiteStatement.java:89)
01-30 21:58:36.033 14828 15049 E SQLiteDatabase: at android.database.sqlite.SQLiteDatabase.insertWithOnConflict(SQLiteDatabase.java:186 8)
01-30 21:58:36.033 14828 15049 E SQLiteDatabase: at android.database.sqlite.SQLiteDatabase.insert(SQLiteDatabase.java:1737)
01-30 21:58:36.033 14828 15049 E SQLiteDatabase: at X.2tm.A08(Unknown Source:6)
01-30 21:58:36.033 14828 15049 E SQLiteDatabase: at X.35Y.A07(Unknown Source:212)
01-30 21:58:36.033 14828 15049 E SQLiteDatabase: at X.3QF.A14(Unknown Source:470)
01-30 21:58:36.033 14828 15049 E SQLiteDatabase: at X.3gU.run(Unknown Source:982)
01-30 21:58:36.033 14828 15049 E SQLiteDatabase: at android.os.Handler.handleCallback(Handler.java:942)
01-30 21:58:36.033 14828 15049 E SQLiteDatabase: at android.os.Handler.dispatchMessage(Handler.java:99)
01-30 21:58:36.033 14828 15049 E SQLiteDatabase: at X.0zq.dispatchMessage(Unknown Source:4)
01-30 21:58:36.033 14828 15049 E SQLiteDatabase: at android.os.Looper.loopOnce(Looper.java:211)
01-30 21:58:36.033 14828 15049 E SQLiteDatabase: at android.os.Looper.loop(Looper.java:300)
01-30 21:58:36.033 14828 15049 E SQLiteDatabase: at android.os.HandlerThread.run(HandlerThread.java:67)
01-30 21:58:36.034 14828 14828 E RecyclerView: No adapter attached; skipping layout
01-30 21:58:36.038 14828 15049 E SQLiteDatabase: Error inserting transferred=0 media_job_uuid=2d6b63e6-9e33-4045-8069-93c3390148b8 transcoded=0 gif_attribution=0 first_scan_length=0 direct_path=/v/t62.7161- 24/30985954_296165789752126_6241192609064541603_n.enc?ccb=11- 4&oh=01_AdQLVE70JrCvfNSumzCd9Hh2EIe7p1j2iwocRC3hrHR02Q&oe=65E11E05&_nc_sid=5e03e0 thumbnail_height_width_ratio=1.7777778 is_animated_sticker=0 file_hash=hIX3i2Is1tw/0BSQn2mz3+tkirzwhq0xhIR/AxIWxfI= file_path=null file_size=0 partial_media_hash=null face_x=0 face_y=0 height=1024 trim_to=0 media_key_timestamp=1706666264000 message_url=https://mmg.whatsapp.net/v/t62.7161- 24/30985954_296165789752126_6241192609064541603_n.enc?ccb=11- 4&oh=01_AdQLVE70JrCvfNSumzCd9Hh2EIe7p1j2iwocRC3hrHR02Q&oe=65E11E05&_nc_sid=5e03e0&m ms3=true media_caption=null trim_from=0 mime_type=video/mp4 partial_media_enc_hash=null width=576 original_file_hash=null has_streaming_sidecar=1 autotransfer_retry_enabled=0 media_upload_handle=null message_row_id=6063 multicast_id=null enc_file_hash=5spf5/f+KhMcDGurb2DyTOjg+kG96LOxN+pTKIX0+Ho= mute_video=0 page_count=0 first_scan_sidecar=null suspicious_content=0 file_length=2062132 media_name=null media_duration=22 chat_row_id=50 media_key=[B@7f2e54e
01-30 21:58:36.038 14828 15049 E SQLiteDatabase: android.database.sqlite.SQLiteConstraintException: UNIQUE constraint failed: message_media.message_row_id (code 1555 SQLITE_CONSTRAINT_PRIMARYKEY)
01-30 21:58:36.038 14828 15049 E SQLiteDatabase: at android.database.sqlite.SQLiteConnection.nativeExecuteForLastInsertedRowId(Native Method)
01-30 21:58:36.038 14828 15049 E SQLiteDatabase: at android.database.sqlite.SQLiteConnection.executeForLastInsertedRowId(SQLiteConnecti on.java:961)
01-30 21:58:36.038 14828 15049 E SQLiteDatabase: at android.database.sqlite.SQLiteSession.executeForLastInsertedRowId(SQLiteSession.jav a:790)
01-30 21:58:36.038 14828 15049 E SQLiteDatabase: at android.database.sqlite.SQLiteStatement.executeInsert(SQLiteStatement.java:89)
01-30 21:58:36.038 14828 15049 E SQLiteDatabase: at android.database.sqlite.SQLiteDatabase.insertWithOnConflict(SQLiteDatabase.java:186 8)
01-30 21:58:36.038 14828 15049 E SQLiteDatabase: at android.database.sqlite.SQLiteDatabase.insert(SQLiteDatabase.java:1737)
01-30 21:58:36.038 14828 15049 E SQLiteDatabase: at X.2tm.A08(Unknown Source:6)
01-30 21:58:36.038 14828 15049 E SQLiteDatabase: at X.35Y.A07(Unknown Source:212)
01-30 21:58:36.038 14828 15049 E SQLiteDatabase: at X.3QF.A14(Unknown Source:470)
01-30 21:58:36.038 14828 15049 E SQLiteDatabase: at X.3gU.run(Unknown Source:982)
01-30 21:58:36.038 14828 15049 E SQLiteDatabase: at android.os.Handler.handleCallback(Handler.java:942)
01-30 21:58:36.038 14828 15049 E SQLiteDatabase: at android.os.Handler.dispatchMessage(Handler.java:99)
01-30 21:58:36.038 14828 15049 E SQLiteDatabase: at X.0zq.dispatchMessage(Unknown Source:4)
01-30 21:58:36.038 14828 15049 E SQLiteDatabase: at android.os.Looper.loopOnce(Looper.java:211)
01-30 21:58:36.038 14828 15049 E SQLiteDatabase: at android.os.Looper.loop(Looper.java:300)
01-30 21:58:36.038 14828 15049 E SQLiteDatabase: at android.os.HandlerThread.run(HandlerThread.java:67)
01-30 21:58:36.061 14828 15502 W com.mbwhatsapp: Accessing hidden method Landroid/app/MiuiNotification;-><init>()V (blocked, reflection, denied)
01-30 21:58:36.077 14828 15502 W com.mbwhatsapp: Accessing hidden method Landroid/app/MiuiNotification;-><init>()V (blocked, reflection, denied)
01-30 21:58:36.758 14828 15841 W libc : Access denied finding property "ro.vendor.audio.dolby.vision.support"
01-30 21:58:36.754 14828 14828 W ExoPlayer:Playb: type=1400 audit(0.0:325139): avc: denied { read } for name="u:object_r:vendor_audio_prop:s0" dev="tmpfs" ino=2306 scontext=u:r:untrusted_app:s0:c31,c257,c512,c768 tcontext=u:object_r:vendor_audio_prop:s0 tclass=file permissive=0 app=com.mbwhatsapp
01-30 21:58:36.761 14828 16048 W ExtendedACodec: Failed to set frame packing format on component
01-30 21:58:36.800 14828 15841 W libc : Access denied finding property "ro.vendor.audio.dolby.vision.support"
01-30 21:58:36.794 14828 14828 W ExoPlayer:Playb: type=1400 audit(0.0:325140): avc: denied { read } for name="u:object_r:vendor_audio_prop:s0" dev="tmpfs" ino=2306 scontext=u:r:untrusted_app:s0:c31,c257,c512,c768 tcontext=u:object_r:vendor_audio_prop:s0 tclass=file permissive=0 app=com.mbwhatsapp
01-30 21:58:36.801 14828 16053 W Codec2Client: query -- param skipped: index = 1107298332.
01-30 21:58:36.801 14828 16053 W CCodec : This behavior is subject to change. It is recommended that app developers double check whether the requested max input size is in reasonable range.
01-30 21:58:36.804 14828 16053 W Codec2Client: query -- param skipped: index = 1342179345.
01-30 21:58:36.804 14828 16053 W Codec2Client: query -- param skipped: index = 2415921170.
01-30 21:58:36.804 14828 16053 W Codec2Client: query -- param skipped: index = 1610614798.
01-30 21:58:36.830 14828 15841 W libc : Access denied finding property "ro.vendor.audio.multichannel.5point1"
01-30 21:58:36.826 14828 14828 W ExoPlayer:Playb: type=1400 audit(0.0:325141): avc: denied { read } for name="u:object_r:vendor_audio_prop:s0" dev="tmpfs" ino=2306 scontext=u:r:untrusted_app:s0:c31,c257,c512,c768 tcontext=u:object_r:vendor_audio_prop:s0 tclass=file permissive=0 app=com.mbwhatsapp
01-30 21:58:36.831 14828 15841 W libc : Access denied finding property "vendor.audio.lowpower"
01-30 21:58:36.826 14828 14828 W ExoPlayer:Playb: type=1400 audit(0.0:325142): avc: denied { read } for name="u:object_r:vendor_audio_prop:s0" dev="tmpfs" ino=2306 scontext=u:r:untrusted_app:s0:c31,c257,c512,c768 tcontext=u:object_r:vendor_audio_prop:s0 tclass=file permissive=0 app=com.mbwhatsapp
01-30 21:58:36.834 14828 15055 W ContextImpl: Failed to ensure /storage/CE93-EDD2/Android/data/com.mbwhatsapp/cache: android.os.ServiceSpecificException: (code -22)
01-30 21:58:36.851 14828 15841 W libc : Access denied finding property "vendor.audio.cpu.sched"
01-30 21:58:36.851 14828 15841 W libc : Access denied finding property "vendor.audio.rt.mode"
01-30 21:58:36.851 14828 15841 W libc : Access denied finding property "ro.vendor.audio.zerodata.upload"
01-30 21:58:36.852 14828 15841 W libc : Access denied finding property "vendor.audio.caretaker.at"
01-30 21:58:36.846 14828 14828 W ExoPlayer:Playb: type=1400 audit(0.0:325143): avc: denied { read } for name="u:object_r:vendor_audio_prop:s0" dev="tmpfs" ino=2306 scontext=u:r:untrusted_app:s0:c31,c257,c512,c768 tcontext=u:object_r:vendor_audio_prop:s0 tclass=file permissive=0 app=com.mbwhatsapp
01-30 21:58:36.853 14828 15001 W libc : Access denied finding property "ro.vendor.audio.shortvideo.index"
01-30 21:58:36.854 14828 15841 W libc : Access denied finding property "ro.vendor.audio.shortvideo.index"
01-30 21:58:36.857 14828 15001 W libc : Access denied finding property "ro.vendor.audio.shortvideo.index"
01-30 21:58:36.846 14828 14828 W ExoPlayer:Playb: type=1400 audit(0.0:325144): avc: denied { read } for name="u:object_r:vendor_audio_prop:s0" dev="tmpfs" ino=2306 scontext=u:r:untrusted_app:s0:c31,c257,c512,c768 tcontext=u:object_r:vendor_audio_prop:s0 tclass=file permissive=0 app=com.mbwhatsapp
01-30 21:58:36.846 14828 14828 W ExoPlayer:Playb: type=1400 audit(0.0:325145): avc: denied { read } for name="u:object_r:vendor_audio_prop:s0" dev="tmpfs" ino=2306 scontext=u:r:untrusted_app:s0:c31,c257,c512,c768 tcontext=u:object_r:vendor_audio_prop:s0 tclass=file permissive=0 app=com.mbwhatsapp
01-30 21:58:36.881 14828 16056 W AidlConversion: aidl2legacy_AudioChannelLayout_audio_channel_mask_t: no legacy output audio_channel_mask_t found for AudioChannelLayout{layoutMask: 16}
01-30 21:58:37.074 14828 16047 W MediaCodec: [mId: 2] video-debug onReleaseOutputBuffer: Render time interval reaches 259ms before pts: 30011
