The document contains log messages from an Android system monitoring app performance. It logs messages about slow operations during app launch and use, including an activity taking 702ms for onCreate and 92ms for a frame to draw. It also logs long processing messages from an "X.10H" thread with increasing sequence numbers over time.
We take content rights seriously. If you suspect this is your content, claim it here.
Available Formats
Download as TXT, PDF, TXT or read online on Scribd
0 ratings0% found this document useful (0 votes)
15 views4,176 pages
Logcat
The document contains log messages from an Android system monitoring app performance. It logs messages about slow operations during app launch and use, including an activity taking 702ms for onCreate and 92ms for a frame to draw. It also logs long processing messages from an "X.10H" thread with increasing sequence numbers over time.
plan=06:22:53.936 late=12ms wall=1488ms h=android.app.ActivityThread$H w=110 procState=-1
01-30 06:22:55.647 3874 3874 W Looper : PerfMonitor looperActivity : package=com.mbwhatsapp/.Icon0 time=207ms latency=1495ms procState=-1 historyMsgCount=2 (msgIndex=2 wall=1488ms seq=2 late=12ms h=android.app.ActivityThread$H w=110)
01-30 06:22:55.648 3874 3874 W Looper : PerfMonitor looperActivity : package=com.mbwhatsapp/.Icon0 time=0ms latency=1703ms procState=-1 historyMsgCount=3 (msgIndex=2 wall=1488ms seq=2 late=12ms h=android.app.ActivityThread$H w=110) (msgIndex=3 wall=207ms seq=3 late=1495ms h=android.app.ActivityThread$H w=159)
01-30 06:22:56.533 3874 3874 W Activity: PerfMonitor: Slow Operation: Activity com.mbwhatsapp/.HomeActivity onCreate took 808ms
01-30 06:22:56.595 3874 3874 W Looper : PerfMonitor looperActivity : package=com.mbwhatsapp/.HomeActivity time=0ms latency=916ms procState=-1 historyMsgCount=2 (msgIndex=2 wall=903ms seq=15 late=14ms h=android.app.ActivityThread$H w=159)
01-30 06:22:56.631 3874 3874 W Looper : PerfMonitor looperActivity : package=com.mbwhatsapp/.HomeActivity time=4ms latency=338ms procState=-1 historyMsgCount=12 (msgIndex=1 wall=903ms seq=15 late=14ms h=android.app.ActivityThread$H w=159)
01-30 06:22:56.709 3874 3874 W Activity: PerfMonitor: Slow Operation: Activity com.mbwhatsapp/.HomeActivity onPause took 78ms
01-30 06:22:56.730 3874 3874 W Looper : PerfMonitor looperActivity : package=com.mbwhatsapp/.HomeActivity time=99ms latency=341ms procState=-1 historyMsgCount=13 (msgIndex=1 wall=903ms seq=15 late=14ms h=android.app.ActivityThread$H w=159)
01-30 06:22:58.373 3874 4278 W Looper : PerfMonitor longMsg : seq=2 plan=06:22:56.614 late=0ms wall=1759ms h=X.10H w=0 procState=-1
01-30 06:22:59.631 3874 3874 W FingerprintManager: Invalid acquired message: 6, 22
01-30 06:22:59.956 3874 4278 W Looper : PerfMonitor longMsg : seq=3 plan=06:22:56.740 late=1633ms wall=1582ms h=X.10H w=0 procState=-1
01-30 06:23:01.528 3874 3874 W Looper : PerfMonitor doFrame : time=660ms vsyncFrame=0 latency=1ms procState=-1
01-30 06:23:01.539 3874 4278 W Looper : PerfMonitor longMsg : seq=4 plan=06:22:58.375 late=1581ms wall=1583ms h=X.10H w=0 procState=-1
01-30 06:23:01.601 3874 3874 W Looper : PerfMonitor doFrame : time=71ms vsyncFrame=0 latency=647ms procState=-1 historyMsgCount=6 (msgIndex=1 wall=660ms seq=229 late=1ms h=android.view.Choreographer$FrameHandler c=android.view.Choreographer$FrameDisplayEventReceiver)
01-30 06:23:01.732 3874 3874 W Activity: PerfMonitor: Slow Operation: Activity com.mbwhatsapp/.HomeActivity onPause took 51ms
01-30 06:23:02.054 3874 3874 W Looper : PerfMonitor looperActivity : package=com.mbwhatsapp/.backup.google.GoogleDriveNewUserSetupActivity time=0ms latency=313ms procState=-1 historyMsgCount=20 (msgIndex=1 wall=66ms seq=368 late=55ms h=android.app.ActivityThread$H w=159) (msgIndex=20 wall=254ms seq=387 late=58ms h=android.app.ActivityThread$H w=159)
01-30 06:23:04.238 3874 4278 W Looper : PerfMonitor longMsg : seq=5 plan=06:23:02.579 late=0ms wall=1659ms h=X.10H w=0 procState=-1
01-30 06:23:06.318 3874 3874 W Looper : PerfMonitor looperActivity : package=com.mbwhatsapp/.Conversation time=0ms latency=629ms procState=-1 historyMsgCount=7 (msgIndex=1 wall=59ms seq=687 late=8ms h=android.app.ActivityThread$H w=159) (msgIndex=7 wall=623ms seq=693 late=7ms h=android.app.ActivityThread$H w=159)
01-30 06:23:06.610 3874 3874 W Looper : PerfMonitor doFrame : time=292ms vsyncFrame=0 latency=618ms procState=-1 historyMsgCount=2 (msgIndex=1 wall=623ms seq=693 late=7ms h=android.app.ActivityThread$H w=159)
01-30 06:23:06.807 3874 4278 W Looper : PerfMonitor longMsg : seq=8 plan=06:23:05.199 late=0ms wall=1607ms h=X.10H w=0 procState=-1
01-30 06:23:09.612 3874 4278 W Looper : PerfMonitor longMsg : seq=9 plan=06:23:07.985 late=1ms wall=1625ms h=X.10H w=0 procState=-1
01-30 06:23:11.270 3874 4278 W Looper : PerfMonitor longMsg : seq=10 plan=06:23:09.615 late=0ms wall=1655ms h=X.10H w=0 procState=-1
01-30 06:23:21.955 3874 4278 W Looper : PerfMonitor longMsg : seq=11 plan=06:23:20.558 late=0ms wall=1396ms h=X.10H w=0 procState=-1
01-30 06:23:23.503 3874 4278 W Looper : PerfMonitor longMsg : seq=13 plan=06:23:21.547 late=408ms wall=1548ms h=X.10H w=0 procState=-1
01-30 06:23:24.966 3874 4278 W Looper : PerfMonitor longMsg : seq=14 plan=06:23:23.437 late=66ms wall=1462ms h=X.10H w=0 procState=-1
01-30 06:23:28.905 3874 4278 W Looper : PerfMonitor longMsg : seq=16 plan=06:23:27.327 late=0ms wall=1578ms h=X.10H w=0 procState=-1
01-30 06:23:30.559 3874 4278 W Looper : PerfMonitor longMsg : seq=18 plan=06:23:27.589 late=1317ms wall=1651ms h=X.10H w=0 procState=-1
01-30 06:23:35.264 3874 4278 W Looper : PerfMonitor longMsg : seq=20 plan=06:23:33.664 late=0ms wall=1598ms h=X.10H w=0 procState=-1
01-30 06:23:36.871 3874 4278 W Looper : PerfMonitor longMsg : seq=21 plan=06:23:35.272 late=1ms wall=1598ms h=X.10H w=0 procState=-1
01-30 06:23:46.534 3874 4278 W Looper : PerfMonitor longMsg : seq=22 plan=06:23:45.054 late=0ms wall=1478ms h=X.10H w=0 procState=-1
01-30 06:24:02.705 3874 4278 W Looper : PerfMonitor longMsg : seq=23 plan=06:24:00.901 late=0ms wall=1794ms h=X.10H w=0 procState=-1
01-30 06:24:24.391 3874 4278 W Looper : PerfMonitor longMsg : seq=24 plan=06:24:22.755 late=0ms wall=1636ms h=X.10H w=0 procState=-1
01-30 06:25:01.468 3874 4278 W Looper : PerfMonitor longMsg : seq=25 plan=06:24:59.874 late=1ms wall=1586ms h=X.10H w=0 procState=-1
01-30 06:25:45.107 3874 4278 W Looper : PerfMonitor longMsg : seq=26 plan=06:25:43.560 late=0ms wall=1546ms h=X.10H w=0 procState=-1
01-30 06:27:52.727 3874 4278 W Looper : PerfMonitor longMsg : seq=27 plan=06:27:50.960 late=0ms wall=1765ms h=X.10H w=0 procState=-1
01-30 06:29:36.190 12415 12415 W Looper : PerfMonitor longMsg : seq=2 plan=06:29:06.958 late=8ms wall=2698ms h=android.app.ActivityThread$H w=110 procState=-1
01-30 06:29:38.599 12415 12738 W Looper : PerfMonitor longMsg : seq=2 plan=06:29:36.399 late=1ms wall=2198ms h=X.10H w=0 procState=-1
01-30 06:29:40.548 12415 12738 W Looper : PerfMonitor longMsg : seq=3 plan=06:29:36.415 late=2184ms wall=1948ms h=X.10H w=0 procState=-1
01-30 06:29:42.486 12415 12738 W Looper : PerfMonitor longMsg : seq=4 plan=06:29:38.608 late=1940ms wall=1934ms h=X.10H w=0 procState=-1
01-30 06:42:26.770 19639 19639 W Looper : PerfMonitor longMsg : seq=2 plan=06:42:25.187 late=6ms wall=1561ms h=android.app.ActivityThread$H w=110 procState=-1
01-30 06:42:27.554 19639 19639 W Activity: PerfMonitor: Slow Operation: Activity com.mbwhatsapp/.HomeActivity onCreate took 702ms
01-30 06:42:27.658 19639 19639 W Activity: PerfMonitor: Slow Operation: Activity com.mbwhatsapp/.HomeActivity onStart took 103ms
01-30 06:42:27.710 19639 19639 W Looper : PerfMonitor looperActivity : package=com.mbwhatsapp/.HomeActivity time=939ms latency=1580ms procState=-1 historyMsgCount=2 (msgIndex=2 wall=1561ms seq=2 late=6ms h=android.app.ActivityThread$H w=110)
01-30 06:42:27.710 19639 19639 W Looper : PerfMonitor looperActivity : package=com.mbwhatsapp/.HomeActivity time=0ms latency=2518ms procState=-1 historyMsgCount=3 (msgIndex=2 wall=1561ms seq=2 late=6ms h=android.app.ActivityThread$H w=110) (msgIndex=3 wall=939ms seq=3 late=1580ms h=android.app.ActivityThread$H w=159)
01-30 06:42:27.724 19639 19639 W Looper : PerfMonitor looperActivity : package=com.mbwhatsapp/.HomeActivity time=0ms latency=308ms procState=-1 historyMsgCount=17 (msgIndex=1 wall=939ms seq=3 late=1580ms h=android.app.ActivityThread$H w=159)
01-30 06:42:27.753 19639 19639 W Looper : PerfMonitor looperActivity : package=com.mbwhatsapp/.HomeActivity time=30ms latency=308ms procState=-1 historyMsgCount=18 (msgIndex=1 wall=939ms seq=3 late=1580ms h=android.app.ActivityThread$H w=159)
01-30 06:42:28.026 19639 19639 W FingerprintManager: Invalid acquired message: 6, 22
01-30 06:42:29.631 19639 19639 W Looper : PerfMonitor doFrame : time=560ms vsyncFrame=0 latency=45ms procState=-1 historyMsgCount=2
01-30 06:42:29.725 19639 19639 W Looper : PerfMonitor looperActivity : package=com.mbwhatsapp/.backup.google.GoogleDriveNewUserSetupActivity time=92ms latency=566ms procState=-1 historyMsgCount=7 (msgIndex=3 wall=560ms seq=235 late=45ms h=android.view.Choreographer$FrameHandler c=android.view.Choreographer$FrameDisplayEventReceiver)
01-30 06:42:29.725 19639 19639 W Looper : PerfMonitor looperActivity : package=com.mbwhatsapp/.backup.google.GoogleDriveNewUserSetupActivity time=0ms latency=659ms procState=-1 historyMsgCount=8 (msgIndex=3 wall=560ms seq=235 late=45ms h=android.view.Choreographer$FrameHandler c=android.view.Choreographer$FrameDisplayEventReceiver) (msgIndex=8 wall=92ms seq=240 late=566ms h=android.app.ActivityThread$H w=159)
01-30 06:42:29.729 19639 19639 W Looper : PerfMonitor looperActivity : package=com.mbwhatsapp/.HomeActivity time=4ms latency=654ms procState=-1 historyMsgCount=8 (msgIndex=2 wall=560ms seq=235 late=45ms h=android.view.Choreographer$FrameHandler c=android.view.Choreographer$FrameDisplayEventReceiver) (msgIndex=7 wall=92ms seq=240 late=566ms h=android.app.ActivityThread$H w=159)
01-30 06:42:29.761 19639 19639 W Looper : PerfMonitor doFrame : time=32ms vsyncFrame=0 latency=637ms procState=-1 historyMsgCount=11 (msgIndex=1 wall=560ms seq=235 late=45ms h=android.view.Choreographer$FrameHandler c=android.view.Choreographer$FrameDisplayEventReceiver) (msgIndex=6 wall=92ms seq=240 late=566ms h=android.app.ActivityThread$H w=159)
01-30 06:42:29.789 19639 19934 W Looper : PerfMonitor longMsg : seq=2 plan=06:42:27.774 late=0ms wall=2013ms h=X.10H w=0 procState=-1
01-30 06:42:31.631 19639 19934 W Looper : PerfMonitor longMsg : seq=3 plan=06:42:29.572 late=217ms wall=1843ms h=X.10H w=0 procState=-1
01-30 06:42:33.514 19639 19934 W Looper : PerfMonitor longMsg : seq=5 plan=06:42:29.898 late=1733ms wall=1882ms h=X.10H w=0 procState=-1
01-30 06:42:43.054 19639 19934 W Looper : PerfMonitor longMsg : seq=6 plan=06:42:41.244 late=0ms wall=1808ms h=X.10H w=0 procState=-1
01-30 06:42:48.592 20229 20229 W Looper : PerfMonitor looperActivity : package=com.mbwhatsapp/.HomeActivity time=1ms latency=499ms procState=-1 historyMsgCount=2 (msgIndex=2 wall=494ms seq=16 late=9ms h=android.app.ActivityThread$H w=159)
01-30 06:42:49.774 20229 20229 W Looper : PerfMonitor longMsg : seq=42 plan=06:42:48.592 late=56ms wall=1125ms h=android.view.Choreographer$FrameHandler c=android.view.Choreographer$FrameDisplayEventReceiver procState=-1
01-30 06:42:49.774 20229 20229 W Looper : PerfMonitor doFrame : time=1125ms vsyncFrame=0 latency=56ms procState=-1 historyMsgCount=25
01-30 06:42:49.806 20229 20229 W Looper : PerfMonitor looperActivity : package=com.mbwhatsapp/mbmodsd.mbmodsw.mbsettings.yo.PauseActivity time=29ms latency=1146ms procState=-1 historyMsgCount=20 (msgIndex=15 wall=1125ms seq=42 late=56ms h=android.view.Choreographer$FrameHandler c=android.view.Choreographer$FrameDisplayEventReceiver)
01-30 06:42:49.859 20229 20229 W Looper : PerfMonitor doFrame : time=51ms vsyncFrame=0 latency=1148ms procState=-1 historyMsgCount=10 (msgIndex=1 wall=1125ms seq=42 late=56ms h=android.view.Choreographer$FrameHandler c=android.view.Choreographer$FrameDisplayEventReceiver)
01-30 06:42:49.876 20229 20229 W Looper : PerfMonitor looperActivity : package=com.mbwhatsapp/mbmodsd.mbmodsw.mbsettings.yo.PauseActivity time=0ms latency=940ms procState=-1 historyMsgCount=44 (msgIndex=1 wall=1125ms seq=42 late=56ms h=android.view.Choreographer$FrameHandler c=android.view.Choreographer$FrameDisplayEventReceiver) (msgIndex=11 wall=51ms seq=52 late=1148ms h=android.view.Choreographer$FrameHandler c=android.view.Choreographer$FrameDisplayEventReceiver)
01-30 06:42:49.877 20229 20229 W Looper : PerfMonitor looperActivity : package=com.mbwhatsapp/mbmodsd.mbmodsw.mbsettings.yo.PauseActivity time=1ms latency=931ms procState=-1 historyMsgCount=45 (msgIndex=1 wall=1125ms seq=42 late=56ms h=android.view.Choreographer$FrameHandler c=android.view.Choreographer$FrameDisplayEventReceiver) (msgIndex=11 wall=51ms seq=52 late=1148ms h=android.view.Choreographer$FrameHandler c=android.view.Choreographer$FrameDisplayEventReceiver)
01-30 06:42:50.647 20229 20294 W Looper : PerfMonitor longMsg : seq=2 plan=06:42:48.597 late=1ms wall=2044ms h=X.10H w=0 procState=-1
01-30 06:43:32.300 21432 21432 W Looper : PerfMonitor longMsg : seq=2 plan=06:43:31.009 late=0ms wall=1266ms h=android.app.ActivityThread$H w=110 procState=-1
01-30 06:43:35.180 21432 21507 W Looper : PerfMonitor longMsg : seq=2 plan=06:43:32.508 late=0ms wall=2671ms h=X.10H w=0 procState=-1
01-30 06:43:37.020 21432 21507 W Looper : PerfMonitor longMsg : seq=3 plan=06:43:32.527 late=2654ms wall=1839ms h=X.10H w=0 procState=-1
01-30 06:43:39.018 21432 21507 W Looper : PerfMonitor longMsg : seq=4 plan=06:43:35.189 late=1833ms wall=1996ms h=X.10H w=0 procState=-1
01-30 06:43:50.881 21432 21507 W Looper : PerfMonitor longMsg : seq=5 plan=06:43:48.936 late=0ms wall=1944ms h=X.10H w=0 procState=-1
01-30 06:44:06.184 21432 21507 W Looper : PerfMonitor longMsg : seq=6 plan=06:44:04.385 late=0ms wall=1798ms h=X.10H w=0 procState=-1
01-30 06:44:24.617 21432 21507 W Looper : PerfMonitor longMsg : seq=7 plan=06:44:22.603 late=4ms wall=2003ms h=X.10H w=0 procState=-1
01-30 06:44:53.620 21432 21507 W Looper : PerfMonitor longMsg : seq=8 plan=06:44:51.447 late=1ms wall=2170ms h=X.10H w=0 procState=-1 --------- beginning of main
01-30 14:05:11.988 647 647 E com.mbwhatsapp: Not starting debugger since process cannot load the jdwp agent.
01-30 14:05:12.000 647 647 W System.err: android.system.ErrnoException: open failed: ENOENT (No such file or directory)
01-30 14:05:12.000 647 647 W System.err: at libcore.io.Linux.open(Native Method)
01-30 14:05:12.000 647 647 W System.err: at libcore.io.ForwardingOs.open(ForwardingOs.java:563)
01-30 14:05:12.000 647 647 W System.err: at libcore.io.BlockGuardOs.open(BlockGuardOs.java:274)
01-30 14:05:12.001 647 647 W System.err: at libcore.io.ForwardingOs.open(ForwardingOs.java:563)
01-30 14:05:12.001 647 647 W System.err: at android.app.ActivityThread$AndroidOs.open(ActivityThread.java:8288)
01-30 14:05:12.001 647 647 W System.err: at android.system.Os.open(Os.java:494)
01-30 14:05:12.001 647 647 W System.err: at android.os.perfdebug.PerfDebugMonitorImpl.monitorVersionControl(PerfDebugMonitorImp l.java:204)
01-30 14:05:12.001 647 647 W System.err: at android.os.perfdebug.PerfDebugMonitorImpl.prepareMonitor(PerfDebugMonitorImpl.java: 185)
01-30 14:05:12.001 647 647 W System.err: at android.app.ActivityThread.main(ActivityThread.java:8375)
01-30 14:05:12.001 647 647 W System.err: at java.lang.reflect.Method.invoke(Native Method)
01-30 14:05:12.001 647 647 W System.err: at com.android.internal.os.RuntimeInit$MethodAndArgsCaller.run(RuntimeInit.java:559)
01-30 14:05:12.001 647 647 W System.err: at com.android.internal.os.ZygoteInit.main(ZygoteInit.java:954)
01-30 14:05:12.410 647 647 W System.err: java.lang.ClassNotFoundException: mbmodsd.mbmodsw.ui.views.btn.BtnBK
01-30 14:05:12.418 647 647 W System.err: at java.lang.Runtime.nativeLoad(Native Method)
01-30 14:05:12.419 647 647 W System.err: at java.lang.Runtime.nativeLoad(Runtime.java:1126)
01-30 14:05:12.419 647 647 W System.err: at java.lang.Runtime.loadLibrary0(Runtime.java:1080)
01-30 14:05:12.419 647 647 W System.err: at java.lang.Runtime.loadLibrary0(Runtime.java:1003)
01-30 14:05:12.419 647 647 W System.err: at java.lang.System.loadLibrary(System.java:1661)
01-30 14:05:12.419 647 647 W System.err: at arm.EpicVm.<clinit>(Unknown Source:2)
01-30 14:05:12.419 647 647 W System.err: at java.lang.Class.newInstance(Native Method)
01-30 14:05:12.419 647 647 W System.err: at android.app.AppComponentFactory.instantiateApplication(AppComponentFactory.java:76)
01-30 14:05:12.419 647 647 W System.err: at androidx.core.app.CoreComponentFactory.instantiateApplication(Unknown Source:0)
01-30 14:05:12.419 647 647 W System.err: at android.app.Instrumentation.newApplication(Instrumentation.java:1252)
01-30 14:05:12.419 647 647 W System.err: at android.app.LoadedApk.makeApplicationInner(LoadedApk.java:1485)
01-30 14:05:12.419 647 647 W System.err: at android.app.LoadedApk.makeApplicationInner(LoadedApk.java:1422)
01-30 14:05:12.419 647 647 W System.err: at android.app.ActivityThread.handleBindApplication(ActivityThread.java:7196)
01-30 14:05:12.419 647 647 W System.err: at android.app.ActivityThread.-$ $Nest$mhandleBindApplication(Unknown Source:0)
01-30 14:05:12.419 647 647 W System.err: at android.app.ActivityThread$H.handleMessage(ActivityThread.java:2241)
01-30 14:05:12.419 647 647 W System.err: at android.os.Handler.dispatchMessage(Handler.java:106)
01-30 14:05:12.419 647 647 W System.err: at android.os.Looper.loopOnce(Looper.java:211)
01-30 14:05:12.419 647 647 W System.err: at android.os.Looper.loop(Looper.java:300)
01-30 14:05:12.419 647 647 W System.err: at android.app.ActivityThread.main(ActivityThread.java:8410)
01-30 14:05:12.419 647 647 W System.err: at java.lang.reflect.Method.invoke(Native Method)
01-30 14:05:12.419 647 647 W System.err: at com.android.internal.os.RuntimeInit$MethodAndArgsCaller.run(RuntimeInit.java:559)
01-30 14:05:12.420 647 647 W System.err: at com.android.internal.os.ZygoteInit.main(ZygoteInit.java:954)
01-30 14:05:12.485 647 647 E CustomActivityOnCrash: IMPORTANT WARNING! You already have an UncaughtExceptionHandler, are you sure this is correct? If you use a custom UncaughtExceptionHandler, you must initialize it AFTER CustomActivityOnCrash! Installing anyway, but your original handler will not be called.
01-30 14:05:12.901 647 798 W LibraryVersion: Failed to get app version for libraryName: firebase-iid
01-30 14:05:13.734 647 647 W com.mbwhatsapp: type=1400 audit(0.0:257868): avc: granted { execute } for path="/data/data/com.mbwhatsapp/files/decompressed/libs.spk.zst/libc++_shared.so" dev="dm-40" ino=59603 scontext=u:r:untrusted_app:s0:c31,c257,c512,c768 tcontext=u:object_r:app_data_file:s0:c31,c257,c512,c768 tclass=file app=com.mbwhatsapp
01-30 14:05:13.738 647 647 W com.mbwhatsapp: type=1400 audit(0.0:257869): avc: granted { execute } for path="/data/data/com.mbwhatsapp/files/decompressed/libs.spk.zst/libvlc.so" dev="dm- 40" ino=92289 scontext=u:r:untrusted_app:s0:c31,c257,c512,c768 tcontext=u:object_r:app_data_file:s0:c31,c257,c512,c768 tclass=file app=com.mbwhatsapp
01-30 14:05:13.750 647 647 W com.mbwhatsapp: type=1400 audit(0.0:257870): avc: granted { execute } for path="/data/data/com.mbwhatsapp/files/decompressed/libs.spk.zst/libwhatsapp.so" dev="dm-40" ino=87642 scontext=u:r:untrusted_app:s0:c31,c257,c512,c768 tcontext=u:object_r:app_data_file:s0:c31,c257,c512,c768 tclass=file app=com.mbwhatsapp
01-30 14:05:13.688 647 647 W com.mbwhatsapp: Accessing hidden method Lcom/android/org/conscrypt/OpenSSLSocketImpl;->setUseSessionTickets(Z)V (max- target-q,core-platform-api, reflection, denied)
01-30 14:05:13.688 647 647 W com.mbwhatsapp: Accessing hidden method Lcom/android/org/conscrypt/AbstractConscryptSocket;->setUseSessionTickets(Z)V (max- target-q, reflection, denied)
01-30 14:05:13.794 647 647 W com.mbwhatsapp: type=1400 audit(0.0:257871): avc: granted { execute } for path="/data/data/com.mbwhatsapp/files/decompressed/libs.spk.zst/libcurve25519.so" dev="dm-40" ino=73701 scontext=u:r:untrusted_app:s0:c31,c257,c512,c768 tcontext=u:object_r:app_data_file:s0:c31,c257,c512,c768 tclass=file app=com.mbwhatsapp
01-30 14:05:13.814 647 647 W com.mbwhatsapp: type=1400 audit(0.0:257872): avc: granted { execute } for path="/data/data/com.mbwhatsapp/files/decompressed/libs.spk.zst/libwhatsapp.so" dev="dm-40" ino=87642 scontext=u:r:untrusted_app:s0:c31,c257,c512,c768 tcontext=u:object_r:app_data_file:s0:c31,c257,c512,c768 tclass=file app=com.mbwhatsapp
01-30 14:05:13.908 647 1466 W com.mbwhatsapp: Method void X.2rL.A03(java.lang.Integer) failed lock verification and will run slower.
01-30 14:05:13.908 647 1466 W com.mbwhatsapp: Common causes for lock verification issues are non-optimized dex code
01-30 14:05:13.908 647 1466 W com.mbwhatsapp: and incorrect proguard optimizations.
01-30 14:05:13.916 647 647 W Looper : PerfMonitor longMsg : seq=2 plan=14:05:12.087 late=16ms wall=1799ms h=android.app.ActivityThread$H w=110 procState=-1
01-30 14:05:13.926 647 647 W com.mbwhatsapp: Method void X.0eU.A0h(X.0tK, boolean) failed lock verification and will run slower.
01-30 14:05:14.030 647 647 W libc : Access denied finding property "ro.vendor.df.effect.conflict"
01-30 14:05:14.091 647 647 W Looper : PerfMonitor looperActivity : package=com.mbwhatsapp/.Icon0 time=175ms latency=1818ms procState=-1 historyMsgCount=2 (msgIndex=2 wall=1799ms seq=2 late=16ms h=android.app.ActivityThread$H w=110)
01-30 14:05:14.092 647 647 W Looper : PerfMonitor looperActivity : package=com.mbwhatsapp/.Icon0 time=0ms latency=1989ms procState=-1 historyMsgCount=3 (msgIndex=2 wall=1799ms seq=2 late=16ms h=android.app.ActivityThread$H w=110) (msgIndex=3 wall=175ms seq=3 late=1818ms h=android.app.ActivityThread$H w=159)
01-30 14:05:14.170 647 647 W com.mbwhatsapp: Method void com.mbwhatsapp.HomeActivity.A6e() failed lock verification and will run slower.
01-30 14:05:14.570 647 647 E ArmVmp : Match on catch block at 0x0a in for 0x72f9148031
01-30 14:05:14.593 647 647 E ArmVmp : Match on catch block at 0x0a in for 0x72f914804d
01-30 14:05:14.702 647 647 W Activity: Can request only one set of permissions at a time
01-30 14:05:14.770 647 647 W Activity: PerfMonitor: Slow Operation: Activity com.mbwhatsapp/.HomeActivity onCreate took 571ms
01-30 14:05:14.813 647 647 W Looper : PerfMonitor looperActivity : package=com.mbwhatsapp/.HomeActivity time=0ms latency=685ms procState=-1 historyMsgCount=2 (msgIndex=2 wall=671ms seq=17 late=15ms h=android.app.ActivityThread$H w=159)
01-30 14:05:14.997 647 1561 W libc : Access denied finding property "vendor.migl.debug"
01-30 14:05:15.001 647 1561 E libEGL : pre_cache appList: ,,,
01-30 14:05:15.032 647 1561 E LB : fail to open node: No such file or directory
01-30 14:05:15.034 647 1561 E perf_hint: Session creation failed, mPreferredRateNanos: -1
01-30 14:05:18.798 647 647 W FingerprintManager: Invalid acquired message: 6, 22
01-30 14:05:18.855 647 647 W FingerprintManager: Invalid acquired message: 6, 22
01-30 14:05:18.948 647 647 W FingerprintManager: Invalid acquired message: 6, 44
01-30 14:05:18.967 647 647 W FingerprintManager: Invalid acquired message: 6, 23
01-30 14:05:19.408 647 647 W FingerprintManager: Invalid acquired message: 6, 22
01-30 14:05:20.089 647 647 E ArmVmp : Match on catch block at 0x0a in for 0x72f9148035
01-30 14:05:20.651 647 1918 W LOTTIE : Animation contains merge paths. Merge paths are only supported on KitKat+ and must be manually enabled by calling enableMergePathsForKitKatAndAbove().
01-30 14:05:21.117 647 647 E RecyclerView: No adapter attached; skipping layout
01-30 14:05:21.162 647 1561 E perf_hint: Session creation failed, mPreferredRateNanos: -1
01-30 14:05:21.163 647 647 W Looper : PerfMonitor doFrame : time=669ms vsyncFrame=0 latency=1ms procState=-1
01-30 14:05:21.199 647 647 E RecyclerView: No adapter attached; skipping layout
01-30 14:05:21.206 647 647 W Looper : PerfMonitor doFrame : time=41ms vsyncFrame=0 latency=655ms procState=-1 historyMsgCount=6 (msgIndex=1 wall=669ms seq=240 late=1ms h=android.view.Choreographer$FrameHandler c=android.view.Choreographer$FrameDisplayEventReceiver)
01-30 14:05:21.224 647 647 W LOTTIE : Animation contains merge paths but they are disabled.
01-30 14:05:21.738 647 647 E ArmVmp : Match on catch block at 0x5b in for 0x72f914801d
01-30 14:05:22.528 647 738 W com.mbwhatsapp: Cleared Reference was only reachable from finalizer (only reported once)
01-30 14:05:27.324 647 647 W MirrorManager: this model don't Support
01-30 14:05:28.468 647 647 W OnBackInvokedCallback: OnBackInvokedCallback is not enabled for the application.
01-30 14:05:28.468 647 647 W OnBackInvokedCallback: Set 'android:enableOnBackInvokedCallback="true"' in the application manifest.
01-30 14:05:29.253 647 1162 E FirebaseInstanceId: Token retrieval failed without exception message. Will retry token retrieval
01-30 14:05:29.742 647 1601 E ArmVmp : No matching catch block at 0x07
01-30 14:05:29.743 647 1601 E ArmVmp : Match on catch block at 0x02 in for 0x72e933ec05
01-30 14:05:29.759 647 1601 W System.err: java.net.UnknownHostException: Unable to resolve host "pastebin.com": No address associated with hostname
01-30 14:05:29.759 647 1601 W System.err: at java.net.Inet6AddressImpl.lookupHostByName(Inet6AddressImpl.java:156)
01-30 14:05:29.760 647 1601 W System.err: at java.net.Inet6AddressImpl.lookupAllHostAddr(Inet6AddressImpl.java:103)
01-30 14:05:29.760 647 1601 W System.err: at java.net.InetAddress.getAllByName(InetAddress.java:1152)
01-30 14:05:29.760 647 1601 W System.err: at com.android.okhttp.Dns$1.lookup(Dns.java:41)
01-30 14:05:29.760 647 1601 W System.err: at com.android.okhttp.internal.http.RouteSelector.resetNextInetSocketAddress(RouteSele ctor.java:178)
01-30 14:05:29.760 647 1601 W System.err: at com.android.okhttp.internal.http.RouteSelector.nextProxy(RouteSelector.java:144)
01-30 14:05:29.760 647 1601 W System.err: at com.android.okhttp.internal.http.RouteSelector.next(RouteSelector.java:86)
01-30 14:05:29.760 647 1601 W System.err: at com.android.okhttp.internal.http.StreamAllocation.findConnection(StreamAllocation.j ava:176)
01-30 14:05:29.760 647 1601 W System.err: at com.android.okhttp.internal.http.StreamAllocation.findHealthyConnection(StreamAlloc ation.java:128)
01-30 14:05:29.760 647 1601 W System.err: at com.android.okhttp.internal.http.StreamAllocation.newStream(StreamAllocation.java:9 7)
01-30 14:05:29.760 647 1601 W System.err: at com.android.okhttp.internal.http.HttpEngine.connect(HttpEngine.java:289)
01-30 14:05:29.760 647 1601 W System.err: at com.android.okhttp.internal.http.HttpEngine.sendRequest(HttpEngine.java:232)
01-30 14:05:29.760 647 1601 W System.err: at com.android.okhttp.internal.huc.HttpURLConnectionImpl.execute(HttpURLConnectionImpl .java:465)
01-30 14:05:29.760 647 1601 W System.err: at com.android.okhttp.internal.huc.HttpURLConnectionImpl.getResponse(HttpURLConnection Impl.java:411)
01-30 14:05:29.760 647 1601 W System.err: at com.android.okhttp.internal.huc.HttpURLConnectionImpl.getInputStream(HttpURLConnect ionImpl.java:248)
01-30 14:05:29.760 647 1601 W System.err: at com.android.okhttp.internal.huc.DelegatingHttpsURLConnection.getInputStream(Delegat ingHttpsURLConnection.java:211)
01-30 14:05:29.760 647 1601 W System.err: at com.android.okhttp.internal.huc.HttpsURLConnectionImpl.getInputStream(HttpsURLConne ctionImpl.java:30)
01-30 14:05:29.760 647 1601 W System.err: at java.net.URL.openStream(URL.java:1072)
01-30 14:05:29.760 647 1601 W System.err: at mbmodsd.mbmodsw.mbdialog.MBDialogMan.loadJsonFromUrl(Native Method)
01-30 14:05:29.760 647 1601 W System.err: at mbmodsd.mbmodsw.mbdialog.MBDialogMan.access$000(Native Method)
01-30 14:05:29.760 647 1601 W System.err: at mbmodsd.mbmodsw.mbdialog.MBDialogMan$FetchJsonTask.doInBackground(Native Method)
01-30 14:05:29.761 647 1601 W System.err: at mbmodsd.mbmodsw.mbdialog.MBDialogMan$FetchJsonTask.doInBackground(Native Method)
01-30 14:05:29.761 647 1601 W System.err: at android.os.AsyncTask$3.call(AsyncTask.java:394)
01-30 14:05:29.761 647 1601 W System.err: at java.util.concurrent.FutureTask.run(FutureTask.java:264)
01-30 14:05:29.761 647 1601 W System.err: at android.os.AsyncTask$SerialExecutor$1.run(AsyncTask.java:305)
01-30 14:05:29.761 647 1601 W System.err: at java.util.concurrent.ThreadPoolExecutor.runWorker(ThreadPoolExecutor.java:1145)
01-30 14:05:29.761 647 1601 W System.err: at java.util.concurrent.ThreadPoolExecutor$Worker.run(ThreadPoolExecutor.java:644)
01-30 14:05:29.761 647 1601 W System.err: at java.lang.Thread.run(Thread.java:1012)
01-30 14:05:29.761 647 1601 W System.err: Caused by: android.system.GaiException: android_getaddrinfo failed: EAI_NODATA (No address associated with hostname)
01-30 14:05:29.761 647 1601 W System.err: at libcore.io.Linux.android_getaddrinfo(Native Method)
01-30 14:05:29.761 647 1601 W System.err: at libcore.io.ForwardingOs.android_getaddrinfo(ForwardingOs.java:133)
01-30 14:05:29.761 647 1601 W System.err: at libcore.io.BlockGuardOs.android_getaddrinfo(BlockGuardOs.java:222)
01-30 14:05:29.761 647 1601 W System.err: at libcore.io.ForwardingOs.android_getaddrinfo(ForwardingOs.java:133)
01-30 14:05:29.761 647 1601 W System.err: at java.net.Inet6AddressImpl.lookupHostByName(Inet6AddressImpl.java:135)
01-30 14:05:29.761 647 1601 W System.err: ... 27 more
01-30 14:05:30.447 647 1547 W Looper : PerfMonitor longMsg : seq=2 plan=14:05:14.820 late=0ms wall=15626ms h=X.10H w=0 procState=-1
01-30 14:05:31.547 647 2574 E RenderScript: Failed to find hal setup entry points: undefined symbol: rsdHalAbort
01-30 14:05:31.548 647 2574 E RenderScript: Failed to load runtime , loading default
01-30 14:05:31.836 647 647 E ArmVmp : Match on catch block at 0x0a in for 0x72f9148035
01-30 14:05:31.841 647 647 E ArmVmp : Match on catch block at 0x0a in for 0x72f9148035
01-30 14:05:31.842 647 1710 E ArmVmp : Match on catch block at 0x48 in for 0x72e8dfb221
01-30 14:05:31.843 647 1710 W System.err: java.net.UnknownHostException: Unable to resolve host "translate.googleapis.com": No address associated with hostname
01-30 14:05:31.843 647 1710 W System.err: at java.net.Inet6AddressImpl.lookupHostByName(Inet6AddressImpl.java:156)
01-30 14:05:31.843 647 1710 W System.err: at java.net.Inet6AddressImpl.lookupAllHostAddr(Inet6AddressImpl.java:103)
01-30 14:05:31.843 647 1710 W System.err: at java.net.InetAddress.getAllByName(InetAddress.java:1152)
01-30 14:05:31.844 647 1710 W System.err: at com.android.okhttp.Dns$1.lookup(Dns.java:41)
01-30 14:05:31.844 647 1710 W System.err: at com.android.okhttp.internal.http.RouteSelector.resetNextInetSocketAddress(RouteSele ctor.java:178)
01-30 14:05:31.844 647 1710 W System.err: at com.android.okhttp.internal.http.RouteSelector.nextProxy(RouteSelector.java:144)
01-30 14:05:31.844 647 1710 W System.err: at com.android.okhttp.internal.http.RouteSelector.next(RouteSelector.java:86)
01-30 14:05:31.844 647 1710 W System.err: at com.android.okhttp.internal.http.StreamAllocation.findConnection(StreamAllocation.j ava:176)
01-30 14:05:31.844 647 1710 W System.err: at com.android.okhttp.internal.http.StreamAllocation.findHealthyConnection(StreamAlloc ation.java:128)
01-30 14:05:31.844 647 1710 W System.err: at com.android.okhttp.internal.http.StreamAllocation.newStream(StreamAllocation.java:9 7)
01-30 14:05:31.844 647 1710 W System.err: at com.android.okhttp.internal.http.HttpEngine.connect(HttpEngine.java:289)
01-30 14:05:31.845 647 1710 W System.err: at com.android.okhttp.internal.http.HttpEngine.sendRequest(HttpEngine.java:232)
01-30 14:05:31.845 647 1710 W System.err: at com.android.okhttp.internal.huc.HttpURLConnectionImpl.execute(HttpURLConnectionImpl .java:465)
01-30 14:05:31.845 647 1710 W System.err: at com.android.okhttp.internal.huc.HttpURLConnectionImpl.connect(HttpURLConnectionImpl .java:131)
01-30 14:05:31.845 647 1710 W System.err: at com.android.okhttp.internal.huc.DelegatingHttpsURLConnection.connect(DelegatingHttp sURLConnection.java:90)
01-30 14:05:31.845 647 1710 W System.err: at com.android.okhttp.internal.huc.HttpsURLConnectionImpl.connect(HttpsURLConnectionIm pl.java:30)
01-30 14:05:31.845 647 1710 W System.err: at mbmodsd.mbmodsw.home.MBTranslator.translate(Native Method)
01-30 14:05:31.845 647 1710 W System.err: at mbmodsd.mbmodsw.home.MBTranslator$Async.doInBackground(Native Method)
01-30 14:05:31.845 647 1710 W System.err: at mbmodsd.mbmodsw.home.MBTranslator$Async.doInBackground(Native Method)
01-30 14:05:31.845 647 1710 W System.err: at android.os.AsyncTask$3.call(AsyncTask.java:394)
01-30 14:05:31.845 647 1710 W System.err: at java.util.concurrent.FutureTask.run(FutureTask.java:264)
01-30 14:05:31.845 647 1710 W System.err: at android.os.AsyncTask$SerialExecutor$1.run(AsyncTask.java:305)
01-30 14:05:31.845 647 1710 W System.err: at java.util.concurrent.ThreadPoolExecutor.runWorker(ThreadPoolExecutor.java:1145)
01-30 14:05:31.845 647 1710 W System.err: at java.util.concurrent.ThreadPoolExecutor$Worker.run(ThreadPoolExecutor.java:644)
01-30 14:05:31.845 647 1710 W System.err: at java.lang.Thread.run(Thread.java:1012)
01-30 14:05:31.845 647 1710 W System.err: Caused by: android.system.GaiException: android_getaddrinfo failed: EAI_NODATA (No address associated with hostname)
01-30 14:05:31.846 647 1710 W System.err: at libcore.io.Linux.android_getaddrinfo(Native Method)
01-30 14:05:31.846 647 1710 W System.err: at libcore.io.ForwardingOs.android_getaddrinfo(ForwardingOs.java:133)
01-30 14:05:31.846 647 1710 W System.err: at libcore.io.BlockGuardOs.android_getaddrinfo(BlockGuardOs.java:222)
01-30 14:05:31.846 647 1710 W System.err: at libcore.io.ForwardingOs.android_getaddrinfo(ForwardingOs.java:133)
01-30 14:05:31.846 647 1710 W System.err: at java.net.Inet6AddressImpl.lookupHostByName(Inet6AddressImpl.java:135)
01-30 14:05:31.846 647 1710 W System.err: ... 24 more
01-30 14:05:31.847 647 1710 E ArmVmp : Match on catch block at 0x48 in for 0x72e8dfb225
01-30 14:05:31.847 647 1710 W System.err: java.net.UnknownHostException: Unable to resolve host "translate.googleapis.com": No address associated with hostname
01-30 14:05:31.847 647 1710 W System.err: at java.net.Inet6AddressImpl.lookupHostByName(Inet6AddressImpl.java:124)
01-30 14:05:31.847 647 1710 W System.err: at java.net.Inet6AddressImpl.lookupAllHostAddr(Inet6AddressImpl.java:103)
01-30 14:05:31.847 647 1710 W System.err: at java.net.InetAddress.getAllByName(InetAddress.java:1152)
01-30 14:05:31.847 647 1710 W System.err: at com.android.okhttp.Dns$1.lookup(Dns.java:41)
01-30 14:05:31.847 647 1710 W System.err: at com.android.okhttp.internal.http.RouteSelector.resetNextInetSocketAddress(RouteSele ctor.java:178)
01-30 14:05:31.847 647 1710 W System.err: at com.android.okhttp.internal.http.RouteSelector.nextProxy(RouteSelector.java:144)
01-30 14:05:31.847 647 1710 W System.err: at com.android.okhttp.internal.http.RouteSelector.next(RouteSelector.java:86)
01-30 14:05:31.847 647 1710 W System.err: at com.android.okhttp.internal.http.StreamAllocation.findConnection(StreamAllocation.j ava:176)
01-30 14:05:31.847 647 1710 W System.err: at com.android.okhttp.internal.http.StreamAllocation.findHealthyConnection(StreamAlloc ation.java:128)
01-30 14:05:31.848 647 1710 W System.err: at com.android.okhttp.internal.http.StreamAllocation.newStream(StreamAllocation.java:9 7)
01-30 14:05:31.849 647 1710 W System.err: at com.android.okhttp.internal.http.HttpEngine.connect(HttpEngine.java:289)
01-30 14:05:31.849 647 1710 W System.err: at com.android.okhttp.internal.http.HttpEngine.sendRequest(HttpEngine.java:232)
01-30 14:05:31.849 647 1710 W System.err: at com.android.okhttp.internal.huc.HttpURLConnectionImpl.execute(HttpURLConnectionImpl .java:465)
01-30 14:05:31.849 647 1710 W System.err: at com.android.okhttp.internal.huc.HttpURLConnectionImpl.connect(HttpURLConnectionImpl .java:131)
01-30 14:05:31.849 647 1710 W System.err: at com.android.okhttp.internal.huc.DelegatingHttpsURLConnection.connect(DelegatingHttp sURLConnection.java:90)
01-30 14:05:31.849 647 1710 W System.err: at com.android.okhttp.internal.huc.HttpsURLConnectionImpl.connect(HttpsURLConnectionIm pl.java:30)
01-30 14:05:31.850 647 1710 W System.err: at mbmodsd.mbmodsw.home.MBTranslator.translate(Native Method)
01-30 14:05:31.850 647 1710 W System.err: at mbmodsd.mbmodsw.home.MBTranslator$Async.doInBackground(Native Method)
01-30 14:05:31.850 647 1710 W System.err: at mbmodsd.mbmodsw.home.MBTranslator$Async.doInBackground(Native Method)
01-30 14:05:31.850 647 1710 W System.err: at android.os.AsyncTask$3.call(AsyncTask.java:394)
01-30 14:05:31.850 647 1710 W System.err: at java.util.concurrent.FutureTask.run(FutureTask.java:264)
01-30 14:05:31.850 647 1710 W System.err: at android.os.AsyncTask$SerialExecutor$1.run(AsyncTask.java:305)
01-30 14:05:31.851 647 1710 W System.err: at java.util.concurrent.ThreadPoolExecutor.runWorker(ThreadPoolExecutor.java:1145)
01-30 14:05:31.851 647 1710 W System.err: at java.util.concurrent.ThreadPoolExecutor$Worker.run(ThreadPoolExecutor.java:644)
01-30 14:05:31.851 647 1710 W System.err: at java.lang.Thread.run(Thread.java:1012)
01-30 14:05:32.052 647 1669 W com.mbwhatsapp: Long monitor contention with owner MBWhatsApp Worker #5 (1615) at java.io.File[] android.app.ContextImpl.getExternalCacheDirs()(ContextImpl.java:913) waiters=0 in android.content.res.Resources$Theme android.app.ContextImpl.getTheme() for 245ms
01-30 14:05:32.052 647 1543 W com.mbwhatsapp: Long monitor contention with owner MBWhatsApp Worker #5 (1615) at java.io.File[] android.app.ContextImpl.getExternalCacheDirs()(ContextImpl.java:913) waiters=1 in java.io.File android.app.ContextImpl.getDatabasesDir() for 241ms
01-30 14:05:32.053 647 1541 W com.mbwhatsapp: Long monitor contention with owner MBWhatsApp Worker #5 (1615) at java.io.File[] android.app.ContextImpl.getExternalCacheDirs()(ContextImpl.java:913) waiters=2 in java.io.File android.app.ContextImpl.getDatabasesDir() for 241ms
01-30 14:05:32.097 647 647 W Looper : PerfMonitor looperActivity : package=com.mbwhatsapp/.Conversation time=0ms latency=768ms procState=-1 historyMsgCount=7 (msgIndex=1 wall=52ms seq=873 late=11ms h=android.app.ActivityThread$H w=159) (msgIndex=7 wall=759ms seq=879 late=9ms h=android.app.ActivityThread$H w=159)
01-30 14:05:32.316 647 647 E ArmVmp : Match on catch block at 0xc3 in for 0x72f9148021
01-30 14:05:32.324 647 647 E ArmVmp : Match on catch block at 0xc3 in for 0x72f9148021
01-30 14:05:32.364 647 1561 E perf_hint: Session creation failed, mPreferredRateNanos: -1
01-30 14:05:32.366 647 647 W Looper : PerfMonitor doFrame : time=268ms vsyncFrame=0 latency=755ms procState=-1 historyMsgCount=2 (msgIndex=1 wall=759ms seq=879 late=9ms h=android.app.ActivityThread$H w=159)
01-30 14:05:32.473 647 647 E ArmVmp : Match on catch block at 0xc3 in for 0x72f9148025
01-30 14:05:32.508 647 647 E ArmVmp : Match on catch block at 0xc3 in for 0x72f9148025
01-30 14:05:32.550 647 647 W Looper : PerfMonitor doFrame : time=121ms vsyncFrame=0 latency=319ms procState=-1 historyMsgCount=57 (msgIndex=1 wall=268ms seq=881 late=755ms h=android.view.Choreographer$FrameHandler c=android.view.Choreographer$FrameDisplayEventReceiver)
01-30 14:05:32.555 647 647 W OnBackInvokedCallback: OnBackInvokedCallback is not enabled for the application.
01-30 14:05:32.555 647 647 W OnBackInvokedCallback: Set 'android:enableOnBackInvokedCallback="true"' in the application manifest.
01-30 14:05:32.590 647 647 E ArmVmp : Match on catch block at 0xc3 in for 0x72f9148025
01-30 14:05:32.596 647 647 E ArmVmp : Match on catch block at 0xc3 in for 0x72f9148025
01-30 14:05:32.624 647 647 E ArmVmp : Match on catch block at 0xc3 in for 0x72f9148025
01-30 14:05:32.628 647 647 E ArmVmp : Match on catch block at 0xc3 in for 0x72f9148025
01-30 14:05:32.659 647 647 W RemoteInputConnectionImpl: requestCursorAnchorInfo on inactive InputConnection
01-30 14:05:32.753 647 647 E ArmVmp : Match on catch block at 0xc3 in for 0x72f9148025
01-30 14:05:32.757 647 647 E ArmVmp : Match on catch block at 0xc3 in for 0x72f9148025
01-30 14:05:32.766 647 647 E ArmVmp : Match on catch block at 0xc3 in for 0x72f9148025
01-30 14:05:32.773 647 647 E ArmVmp : Match on catch block at 0xc3 in for 0x72f9148025
01-30 14:05:32.791 647 647 W OnBackInvokedCallback: OnBackInvokedCallback is not enabled for the application.
01-30 14:05:32.791 647 647 W OnBackInvokedCallback: Set 'android:enableOnBackInvokedCallback="true"' in the application manifest.
01-30 14:05:32.831 647 647 E ArmVmp : Match on catch block at 0xc3 in for 0x72f9148025
01-30 14:05:32.837 647 647 E ArmVmp : Match on catch block at 0xc3 in for 0x72f9148025
01-30 14:05:32.847 647 647 E ArmVmp : Match on catch block at 0xc3 in for 0x72f9148025
01-30 14:05:32.852 647 647 E ArmVmp : Match on catch block at 0xc3 in for 0x72f9148025
01-30 14:05:32.912 647 647 E ArmVmp : Match on catch block at 0xc3 in for 0x72f9148025
01-30 14:05:32.920 647 647 E ArmVmp : Match on catch block at 0xc3 in for 0x72f9148025
01-30 14:05:32.939 647 647 E ArmVmp : Match on catch block at 0xc3 in for 0x72f9148025
01-30 14:05:32.946 647 647 E ArmVmp : Match on catch block at 0xc3 in for 0x72f9148025
01-30 14:05:32.972 647 647 E ArmVmp : Match on catch block at 0xc3 in for 0x72f9148025
01-30 14:05:32.981 647 647 E ArmVmp : Match on catch block at 0xc3 in for 0x72f9148025
01-30 14:05:32.995 647 647 E ArmVmp : Match on catch block at 0xc3 in for 0x72f9148025
01-30 14:05:33.001 647 647 E ArmVmp : Match on catch block at 0xc3 in for 0x72f9148025
01-30 14:05:33.012 647 647 E ArmVmp : Match on catch block at 0xc3 in for 0x72f9148025
01-30 14:05:33.016 647 647 E ArmVmp : Match on catch block at 0xc3 in for 0x72f9148025
01-30 14:05:33.029 647 647 E ArmVmp : Match on catch block at 0xc3 in for 0x72f9148025
01-30 14:05:33.034 647 647 E ArmVmp : Match on catch block at 0xc3 in for 0x72f9148025
01-30 14:05:33.046 647 647 E ArmVmp : Match on catch block at 0xc3 in for 0x72f9148025
01-30 14:05:33.051 647 647 E ArmVmp : Match on catch block at 0xc3 in for 0x72f9148025
01-30 14:05:33.062 647 647 E ArmVmp : Match on catch block at 0xc3 in for 0x72f9148025
01-30 14:05:33.065 647 647 E ArmVmp : Match on catch block at 0xc3 in for 0x72f9148025
01-30 14:05:33.078 647 647 E ArmVmp : Match on catch block at 0xc3 in for 0x72f9148025
01-30 14:05:33.080 647 647 E ArmVmp : Match on catch block at 0xc3 in for 0x72f9148025
01-30 14:05:33.095 647 647 E ArmVmp : Match on catch block at 0xc3 in for 0x72f9148025
01-30 14:05:33.097 647 647 E ArmVmp : Match on catch block at 0xc3 in for 0x72f9148025
01-30 14:05:33.111 647 647 E ArmVmp : Match on catch block at 0xc3 in for 0x72f9148025
01-30 14:05:33.113 647 647 E ArmVmp : Match on catch block at 0xc3 in for 0x72f9148025
01-30 14:05:33.127 647 647 E ArmVmp : Match on catch block at 0xc3 in for 0x72f9148025
01-30 14:05:33.130 647 647 E ArmVmp : Match on catch block at 0xc3 in for 0x72f9148025
01-30 14:05:33.144 647 647 E ArmVmp : Match on catch block at 0xc3 in for 0x72f9148025
01-30 14:05:33.147 647 647 E ArmVmp : Match on catch block at 0xc3 in for 0x72f9148025
01-30 14:05:33.161 647 647 E ArmVmp : Match on catch block at 0xc3 in for 0x72f9148025
01-30 14:05:33.163 647 647 E ArmVmp : Match on catch block at 0xc3 in for 0x72f9148025
01-30 14:05:33.178 647 647 E ArmVmp : Match on catch block at 0xc3 in for 0x72f9148025
01-30 14:05:33.180 647 647 E ArmVmp : Match on catch block at 0xc3 in for 0x72f9148025
01-30 14:05:33.196 647 647 E ArmVmp : Match on catch block at 0xc3 in for 0x72f9148025
01-30 14:05:33.199 647 647 E ArmVmp : Match on catch block at 0xc3 in for 0x72f9148025
01-30 14:05:33.213 647 647 E ArmVmp : Match on catch block at 0xc3 in for 0x72f9148025
01-30 14:05:33.218 647 647 E ArmVmp : Match on catch block at 0xc3 in for 0x72f9148025
01-30 14:05:33.578 647 647 E ArmVmp : Match on catch block at 0xc3 in for 0x72f9148025
01-30 14:05:33.584 647 647 E ArmVmp : Match on catch block at 0xc3 in for 0x72f9148025
01-30 14:05:33.607 647 647 E ArmVmp : Match on catch block at 0xc3 in for 0x72f9148025
01-30 14:05:33.611 647 647 E ArmVmp : Match on catch block at 0xc3 in for 0x72f9148025
01-30 14:05:33.632 647 647 E ArmVmp : Match on catch block at 0xc3 in for 0x72f9148025
01-30 14:05:33.638 647 647 E ArmVmp : Match on catch block at 0xc3 in for 0x72f9148025
01-30 14:05:33.647 647 647 E ArmVmp : Match on catch block at 0xc3 in for 0x72f9148025
01-30 14:05:33.653 647 647 E ArmVmp : Match on catch block at 0xc3 in for 0x72f9148025
01-30 14:05:33.669 647 647 E ArmVmp : Match on catch block at 0xc3 in for 0x72f9148025
01-30 14:05:33.685 647 647 E ArmVmp : Match on catch block at 0xc3 in for 0x72f9148025
01-30 14:05:33.700 647 647 E ArmVmp : Match on catch block at 0xc3 in for 0x72f9148025
01-30 14:05:33.712 647 647 E ArmVmp : Match on catch block at 0xc3 in for 0x72f9148025
01-30 14:05:33.725 647 647 E ArmVmp : Match on catch block at 0xc3 in for 0x72f9148025
01-30 14:05:33.729 647 647 E ArmVmp : Match on catch block at 0xc3 in for 0x72f9148025
01-30 14:05:33.745 647 647 E ArmVmp : Match on catch block at 0xc3 in for 0x72f9148025
01-30 14:05:33.757 647 647 E ArmVmp : Match on catch block at 0xc3 in for 0x72f9148025
01-30 14:05:33.783 647 647 E ArmVmp : Match on catch block at 0xc3 in for 0x72f9148025
01-30 14:05:33.789 647 647 E ArmVmp : Match on catch block at 0xc3 in for 0x72f9148025
01-30 14:05:33.813 647 647 E ArmVmp : Match on catch block at 0xc3 in for 0x72f9148025
01-30 14:05:33.826 647 647 E ArmVmp : Match on catch block at 0xc3 in for 0x72f9148025
01-30 14:05:33.845 647 647 E ArmVmp : Match on catch block at 0xc3 in for 0x72f9148025
01-30 14:05:33.849 647 647 E ArmVmp : Match on catch block at 0xc3 in for 0x72f9148025
01-30 14:05:33.911 647 647 E ArmVmp : Match on catch block at 0xc3 in for 0x72f9148025
01-30 14:05:33.920 647 647 E ArmVmp : Match on catch block at 0xc3 in for 0x72f9148025
01-30 14:05:33.983 647 647 E ArmVmp : Match on catch block at 0xc3 in for 0x72f9148025
01-30 14:05:33.987 647 647 E ArmVmp : Match on catch block at 0xc3 in for 0x72f9148025
01-30 14:05:34.433 647 647 E ArmVmp : Match on catch block at 0xc3 in for 0x72f9148025
01-30 14:05:34.448 647 647 E ArmVmp : Match on catch block at 0xc3 in for 0x72f9148025
01-30 14:05:34.463 647 647 E ArmVmp : Match on catch block at 0xc3 in for 0x72f9148025
01-30 14:05:34.472 647 647 E ArmVmp : Match on catch block at 0xc3 in for 0x72f9148025
01-30 14:05:34.481 647 647 E ArmVmp : Match on catch block at 0xc3 in for 0x72f9148025
01-30 14:05:34.490 647 647 E ArmVmp : Match on catch block at 0xc3 in for 0x72f9148025
01-30 14:05:34.503 647 647 E ArmVmp : Match on catch block at 0xc3 in for 0x72f9148025
01-30 14:05:34.511 647 647 E ArmVmp : Match on catch block at 0xc3 in for 0x72f9148025
01-30 14:05:34.528 647 647 E ArmVmp : Match on catch block at 0xc3 in for 0x72f9148025
01-30 14:05:34.535 647 647 E ArmVmp : Match on catch block at 0xc3 in for 0x72f9148025
01-30 14:05:34.546 647 647 E ArmVmp : Match on catch block at 0xc3 in for 0x72f9148025
01-30 14:05:34.555 647 647 E ArmVmp : Match on catch block at 0xc3 in for 0x72f9148025
01-30 14:05:34.562 647 647 E ArmVmp : Match on catch block at 0xc3 in for 0x72f9148025
01-30 14:05:34.574 647 647 E ArmVmp : Match on catch block at 0xc3 in for 0x72f9148025
01-30 14:05:34.584 647 647 E ArmVmp : Match on catch block at 0xc3 in for 0x72f9148025
01-30 14:05:34.589 647 647 E ArmVmp : Match on catch block at 0xc3 in for 0x72f9148025
01-30 14:05:34.596 647 647 E ArmVmp : Match on catch block at 0xc3 in for 0x72f9148025
01-30 14:05:34.600 647 647 E ArmVmp : Match on catch block at 0xc3 in for 0x72f9148025
01-30 14:05:34.612 647 647 E ArmVmp : Match on catch block at 0xc3 in for 0x72f9148025
01-30 14:05:34.620 647 647 E ArmVmp : Match on catch block at 0xc3 in for 0x72f9148025
01-30 14:05:34.630 647 647 E ArmVmp : Match on catch block at 0xc3 in for 0x72f9148025
01-30 14:05:34.638 647 647 E ArmVmp : Match on catch block at 0xc3 in for 0x72f9148025
01-30 14:05:34.647 647 647 E ArmVmp : Match on catch block at 0xc3 in for 0x72f9148025
01-30 14:05:34.652 647 647 E ArmVmp : Match on catch block at 0xc3 in for 0x72f9148025
01-30 14:05:34.661 647 647 E ArmVmp : Match on catch block at 0xc3 in for 0x72f9148025
01-30 14:05:34.673 647 647 E ArmVmp : Match on catch block at 0xc3 in for 0x72f9148025
01-30 14:05:34.685 647 647 E ArmVmp : Match on catch block at 0xc3 in for 0x72f9148025
01-30 14:05:34.691 647 647 E ArmVmp : Match on catch block at 0xc3 in for 0x72f9148025
01-30 14:05:34.912 647 647 E ArmVmp : Match on catch block at 0xc3 in for 0x72f9148025
01-30 14:05:34.921 647 647 E ArmVmp : Match on catch block at 0xc3 in for 0x72f9148025
01-30 14:05:35.362 647 647 E ArmVmp : Match on catch block at 0xc3 in for 0x72f9148025
01-30 14:05:35.367 647 647 E ArmVmp : Match on catch block at 0xc3 in for 0x72f9148025
01-30 14:05:35.861 647 647 E ArmVmp : Match on catch block at 0xc3 in for 0x72f9148025
01-30 14:05:35.868 647 647 E ArmVmp : Match on catch block at 0xc3 in for 0x72f9148025
01-30 14:05:35.929 647 647 E ArmVmp : Match on catch block at 0xc3 in for 0x72f9148025
01-30 14:05:35.936 647 647 E ArmVmp : Match on catch block at 0xc3 in for 0x72f9148025
01-30 14:05:36.095 647 647 E ArmVmp : Match on catch block at 0xc3 in for 0x72f9148025
01-30 14:05:36.100 647 647 E ArmVmp : Match on catch block at 0xc3 in for 0x72f9148025
01-30 14:05:36.594 647 647 E ArmVmp : Match on catch block at 0xc3 in for 0x72f9148025
01-30 14:05:36.596 647 647 E ArmVmp : Match on catch block at 0xc3 in for 0x72f9148025
01-30 14:05:36.728 647 647 E ArmVmp : Match on catch block at 0xc3 in for 0x72f9148025
01-30 14:05:36.733 647 647 E ArmVmp : Match on catch block at 0xc3 in for 0x72f9148025
01-30 14:05:37.099 647 647 E ArmVmp : Match on catch block at 0xc3 in for 0x72f9148025
