4&oh=01_AdRl9X9mYZ8tDpkM_eWDkXwJ3thIyB-DWhYxw48i8H4Gfw&oe=66057308&_nc_sid=5e03e0
thumbnail_height_width_ratio=1.7777778 is_animated_sticker=0
file_hash=Hd4ZN4qa4YvDAKzN5UUyBMwMkWXKzMJr7Lv44iHGZZQ= file_path=null file_size=0
partial_media_hash=null face_x=0 face_y=0 height=640 trim_to=0
media_key_timestamp=1709048253000 message_url=https://mmg.whatsapp.net/v/t62.7161-
24/30775941_1198907854827921_3369377074957325413_n.enc?ccb=11-
4&oh=01_AdRl9X9mYZ8tDpkM_eWDkXwJ3thIyB-
DWhYxw48i8H4Gfw&oe=66057308&_nc_sid=5e03e0&mms3=true media_caption=null trim_from=0
mime_type=video/mp4 partial_media_enc_hash=null width=360 original_file_hash=null
has_streaming_sidecar=1 autotransfer_retry_enabled=0 media_upload_handle=null
message_row_id=1176 multicast_id=null
enc_file_hash=muQM9ZH8n+zaYxbhAEdfkTd8nbODWwczSSx0ZpxdJeE= mute_video=0
page_count=0 first_scan_sidecar=null suspicious_content=0 file_length=1593520
media_name=null media_duration=14 chat_row_id=2 media_key=[B@ab8e347
02-27 19:54:41.838 31410 31611 E SQLiteDatabase:
android.database.sqlite.SQLiteConstraintException: UNIQUE constraint failed:
message_media.message_row_id (code 1555 SQLITE_CONSTRAINT_PRIMARYKEY)
02-27 19:54:41.838 31410 31611 E SQLiteDatabase: at
android.database.sqlite.SQLiteConnection.nativeExecuteForLastInsertedRowId(Native
Method)
02-27 19:54:41.838 31410 31611 E SQLiteDatabase: at
android.database.sqlite.SQLiteConnection.executeForLastInsertedRowId(SQLiteConnecti
on.java:938)
02-27 19:54:41.838 31410 31611 E SQLiteDatabase: at
android.database.sqlite.SQLiteSession.executeForLastInsertedRowId(SQLiteSession.jav
a:790)
02-27 19:54:41.838 31410 31611 E SQLiteDatabase: at
android.database.sqlite.SQLiteStatement.executeInsert(SQLiteStatement.java:88)
02-27 19:54:41.838 31410 31611 E SQLiteDatabase: at
android.database.sqlite.SQLiteDatabase.insertWithOnConflict(SQLiteDatabase.java:170
1)
02-27 19:54:41.838 31410 31611 E SQLiteDatabase: at
android.database.sqlite.SQLiteDatabase.insert(SQLiteDatabase.java:1570)
02-27 19:54:41.838 31410 31611 E SQLiteDatabase: at X.2tm.A08(Unknown
Source:6)
02-27 19:54:41.838 31410 31611 E SQLiteDatabase: at X.35Y.A07(Unknown
Source:212)
02-27 19:54:41.838 31410 31611 E SQLiteDatabase: at X.3QF.A14(Unknown
Source:470)
02-27 19:54:41.838 31410 31611 E SQLiteDatabase: at X.3gU.run(Unknown
Source:982)
02-27 19:54:41.838 31410 31611 E SQLiteDatabase: at
android.os.Handler.handleCallback(Handler.java:938)
02-27 19:54:41.838 31410 31611 E SQLiteDatabase: at
android.os.Handler.dispatchMessage(Handler.java:99)
02-27 19:54:41.838 31410 31611 E SQLiteDatabase: at
X.0zq.dispatchMessage(Unknown Source:4)
02-27 19:54:41.838 31410 31611 E SQLiteDatabase: at
android.os.Looper.loop(Looper.java:236)
02-27 19:54:41.838 31410 31611 E SQLiteDatabase: at
android.os.HandlerThread.run(HandlerThread.java:67)
02-27 19:54:42.258 31410 31410 E libc : Access denied finding property
"ro.vendor.pref_scale_resolution"
02-27 19:54:43.511 31410 31410 E libc : Access denied finding property
"ro.vendor.pref_scale_resolution"
02-27 19:54:43.549 31410 31410 E libc : Access denied finding property
"ro.vendor.pref_scale_resolution"
02-27 19:54:43.575 31410 31410 E libc : Access denied finding property
"ro.vendor.pref_scale_resolution"
02-27 19:54:43.622 31410 31410 E libc : Access denied finding property
"ro.vendor.pref_scale_resolution"
02-27 19:54:44.398 31410 31410 E libc : Access denied finding property
"ro.vendor.pref_scale_resolution"
02-27 19:54:44.479 31410 31410 E libc : Access denied finding property
"ro.vendor.pref_scale_resolution"
02-27 19:54:44.603 31410 31410 E libc : Access denied finding property
"ro.vendor.pref_scale_resolution"
02-27 19:54:44.613 31410 31410 E libc : Access denied finding property
"ro.vendor.pref_scale_resolution"
02-27 19:54:44.636 31410 31410 E libc : Access denied finding property
"ro.vendor.pref_scale_resolution"
02-27 19:54:44.644 31410 31410 E libc : Access denied finding property
"ro.vendor.pref_scale_resolution"
02-27 19:54:44.648 31410 31410 E libc : Access denied finding property
"ro.vendor.pref_scale_resolution"
02-27 19:54:44.649 31410 31410 E libc : Access denied finding property
"ro.vendor.pref_scale_resolution"
02-27 19:54:44.667 31410 31410 E libc : Access denied finding property
"ro.vendor.pref_scale_resolution"
02-27 19:54:45.333 31410 2669 W RenderInspector: DequeueBuffer time out on
com.whatsapp/com.whatsapp.status.playback.MyStatusesActivity, count=1, avg=26 ms,
max=26 ms.
02-27 19:54:45.432 31410 31410 E libc : Access denied finding property
"ro.vendor.pref_scale_resolution"
02-27 19:54:45.436 31410 31410 E libc : Access denied finding property
"ro.vendor.pref_scale_resolution"
02-27 19:54:45.438 31410 31410 E libc : Access denied finding property
"ro.vendor.pref_scale_resolution"
02-27 19:54:45.451 31410 31410 E libc : Access denied finding property
"ro.vendor.pref_scale_resolution"
02-27 19:54:45.532 31410 31410 E libc : Access denied finding property
"ro.vendor.pref_scale_resolution"
02-27 19:54:45.534 31410 31410 E libc : Access denied finding property
"ro.vendor.pref_scale_resolution"
02-27 19:54:45.537 31410 31410 E libc : Access denied finding property
"ro.vendor.pref_scale_resolution"
02-27 19:54:45.539 31410 31410 E libc : Access denied finding property
"ro.vendor.pref_scale_resolution"
02-27 19:54:45.550 31410 31410 E libc : Access denied finding property
"ro.vendor.pref_scale_resolution"
02-27 19:54:45.553 31410 31410 E libc : Access denied finding property
"ro.vendor.pref_scale_resolution"
02-27 19:54:45.563 31410 31410 E libc : Access denied finding property
"ro.vendor.pref_scale_resolution"
02-27 19:54:45.571 31410 31410 E libc : Access denied finding property
"ro.vendor.pref_scale_resolution"
02-27 19:54:45.582 31410 31410 E libc : Access denied finding property
"ro.vendor.pref_scale_resolution"
02-27 19:54:45.586 31410 31410 W BottomSheetBehavior: BottomSheetBehavior now
supports multiple callbacks. `setBottomSheetCallback()` removes all existing
callbacks, including ones set internally by library authors, which may result in
unintended behavior. This may change in the future. Please use
`addBottomSheetCallback()` and `removeBottomSheetCallback()` instead to set your
own callbacks.
02-27 19:54:45.586 31410 31410 W BottomSheetBehavior: BottomSheetBehavior now
supports multiple callbacks. `setBottomSheetCallback()` removes all existing
callbacks, including ones set internally by library authors, which may result in
unintended behavior. This may change in the future. Please use
`addBottomSheetCallback()` and `removeBottomSheetCallback()` instead to set your
own callbacks.
02-27 19:54:45.674 31410 31410 W BottomSheetBehavior: BottomSheetBehavior now
supports multiple callbacks. `setBottomSheetCallback()` removes all existing
callbacks, including ones set internally by library authors, which may result in
unintended behavior. This may change in the future. Please use
`addBottomSheetCallback()` and `removeBottomSheetCallback()` instead to set your
own callbacks.
02-27 19:54:45.674 31410 31410 W BottomSheetBehavior: BottomSheetBehavior now
supports multiple callbacks. `setBottomSheetCallback()` removes all existing
callbacks, including ones set internally by library authors, which may result in
unintended behavior. This may change in the future. Please use
`addBottomSheetCallback()` and `removeBottomSheetCallback()` instead to set your
own callbacks.
02-27 19:54:45.746 31410 31410 E libc : Access denied finding property
"ro.vendor.pref_scale_resolution"
02-27 19:54:45.813 31410 3078 E MtkACodecExt: setConfig(OMX_CONFIG_ROTATIONTYPE)
returned error 0xfffffc0e
02-27 19:54:45.813 31410 3078 E ACodec : [OMX.MTK.VIDEO.DECODER.AVC] failed to
setViLTEParameters 1
02-27 19:54:45.902 31410 3092 W Codec2Client: query -- param skipped: index =
1107298332.
02-27 19:54:45.902 31410 3092 W CCodec : This behavior is subject to change. It
is recommended that app developers double check whether the requested max input
size is in reasonable range.
02-27 19:54:45.905 31410 3092 W Codec2Client: query -- param skipped: index =
1342179345.
02-27 19:54:45.905 31410 3092 W Codec2Client: query -- param skipped: index =
2415921170.
02-27 19:54:45.905 31410 3092 W Codec2Client: query -- param skipped: index =
1610614798.
02-27 19:54:45.906 31410 3092 E FMQ : grantorIdx must be less than 3
02-27 19:54:45.907 31410 3092 E FMQ : grantorIdx must be less than 3
02-27 19:54:45.925 31410 3092 E FMQ : grantorIdx must be less than 3
02-27 19:54:45.954 31410 3006 E FMQ : grantorIdx must be less than 3
02-27 19:54:47.740 31410 31410 E libc : Access denied finding property
"ro.vendor.pref_scale_resolution"
02-27 19:54:48.365 31410 31410 W Choreographer: OPTS_INPUT: First frame was drawed
before optimized, so skip!
02-27 19:54:50.437 31410 31410 W Choreographer: OPTS_INPUT: First frame was drawed
before optimized, so skip!
02-27 19:54:53.823 31410 31410 W Choreographer: OPTS_INPUT: First frame was drawed
before optimized, so skip!
02-27 19:54:58.548 31410 2669 W RenderInspector: QueueBuffer time out on
com.whatsapp/com.whatsapp.status.playback.StatusPlaybackActivity, count=4, avg=10
ms, max=17 ms.
02-27 19:54:58.597 31410 31410 E libc : Access denied finding property
"ro.vendor.pref_scale_resolution"
02-27 19:54:59.998 31410 3092 W Codec2Client: query -- param skipped: index =
1342179345.
02-27 19:54:59.998 31410 3092 W Codec2Client: query -- param skipped: index =
2415921170.
02-27 19:54:59.998 31410 3092 W Codec2Client: query -- param skipped: index =
1610614798.
02-27 19:55:00.004 31410 3078 W ACodec : Failed to set ANW_HWComposer to OMX,
ignoring (-2147483648)
02-27 19:55:00.169 31410 3108 E MtkACodecExt: setConfig(OMX_CONFIG_ROTATIONTYPE)
returned error 0xfffffc0e
02-27 19:55:00.169 31410 3108 E ACodec : [OMX.MTK.VIDEO.DECODER.AVC] failed to
setViLTEParameters 1
02-27 19:55:00.321 31410 3115 W Codec2Client: query -- param skipped: index =
1107298332.
02-27 19:55:00.321 31410 3115 W CCodec : This behavior is subject to change. It
is recommended that app developers double check whether the requested max input
size is in reasonable range.
02-27 19:55:00.323 31410 3115 W Codec2Client: query -- param skipped: index =
1342179345.
02-27 19:55:00.323 31410 3115 W Codec2Client: query -- param skipped: index =
2415921170.
02-27 19:55:00.323 31410 3115 W Codec2Client: query -- param skipped: index =
1610614798.
02-27 19:55:00.324 31410 3115 E FMQ : grantorIdx must be less than 3
02-27 19:55:00.324 31410 3115 E FMQ : grantorIdx must be less than 3
02-27 19:55:00.329 31410 3115 E FMQ : grantorIdx must be less than 3
02-27 19:55:00.343 31410 3006 E FMQ : grantorIdx must be less than 3
02-27 19:55:00.365 31410 2669 W RefBase : CallStack::getCurrentInternal not
linked, returning null
02-27 19:55:00.365 31410 2669 W RefBase : CallStack::logStackInternal not linked
02-27 19:55:00.600 31410 2669 W RefBase : CallStack::getCurrentInternal not
linked, returning null
02-27 19:55:00.600 31410 2669 W RefBase : CallStack::logStackInternal not linked
02-27 19:55:00.619 31410 2669 W RefBase : CallStack::getCurrentInternal not
linked, returning null
02-27 19:55:00.619 31410 2669 W RefBase : CallStack::logStackInternal not linked
02-27 19:55:00.649 31410 2669 W RefBase : CallStack::getCurrentInternal not
linked, returning null
02-27 19:55:00.649 31410 2669 W RefBase : CallStack::logStackInternal not linked
02-27 19:55:00.683 31410 2669 W RefBase : CallStack::getCurrentInternal not
linked, returning null
02-27 19:55:00.683 31410 2669 W RefBase : CallStack::logStackInternal not linked
02-27 19:55:00.728 31410 2669 W RefBase : CallStack::getCurrentInternal not
linked, returning null
02-27 19:55:00.728 31410 2669 W RefBase : CallStack::logStackInternal not linked
02-27 19:55:00.787 31410 2669 W RefBase : CallStack::getCurrentInternal not
linked, returning null
02-27 19:55:00.787 31410 2669 W RefBase : CallStack::logStackInternal not linked
02-27 19:55:00.819 31410 2669 W RefBase : CallStack::getCurrentInternal not
linked, returning null
02-27 19:55:00.819 31410 2669 W RefBase : CallStack::logStackInternal not linked
02-27 19:55:00.839 31410 2669 W RefBase : CallStack::getCurrentInternal not
linked, returning null
02-27 19:55:00.839 31410 2669 W RefBase : CallStack::logStackInternal not linked
02-27 19:55:00.874 31410 2669 W RefBase : CallStack::getCurrentInternal not
linked, returning null
02-27 19:55:00.874 31410 2669 W RefBase : CallStack::logStackInternal not linked
02-27 19:55:00.906 31410 2669 W RefBase : CallStack::getCurrentInternal not
linked, returning null
02-27 19:55:00.906 31410 2669 W RefBase : CallStack::logStackInternal not linked
02-27 19:55:00.990 31410 2669 W RefBase : CallStack::getCurrentInternal not
linked, returning null
02-27 19:55:00.990 31410 2669 W RefBase : CallStack::logStackInternal not linked
02-27 19:55:01.866 31410 31410 W Choreographer: OPTS_INPUT: First frame was drawed
before optimized, so skip!
02-27 19:55:04.176 31410 3121 W BpBinder: Slow Binder: BpBinder transact took 370
ms, interface=com.google.android.gms.common.internal.IGmsServiceBroker, code=46
oneway=false
02-27 19:55:05.674 31410 31410 W Choreographer: OPTS_INPUT: First frame was drawed
before optimized, so skip!
02-27 19:55:09.014 31410 2669 W RefBase : CallStack::getCurrentInternal not
linked, returning null
02-27 19:55:09.014 31410 2669 W RefBase : CallStack::logStackInternal not linked
02-27 19:55:09.015 31410 2669 W RefBase : CallStack::getCurrentInternal not
linked, returning null
02-27 19:55:09.015 31410 2669 W RefBase : CallStack::logStackInternal not linked
02-27 19:55:09.015 31410 2669 W RefBase : CallStack::getCurrentInternal not
linked, returning null
02-27 19:55:09.015 31410 2669 W RefBase : CallStack::logStackInternal not linked
02-27 19:55:09.016 31410 2669 W RefBase : CallStack::getCurrentInternal not
linked, returning null
02-27 19:55:09.016 31410 2669 W RefBase : CallStack::logStackInternal not linked
02-27 19:55:09.016 31410 2669 W RefBase : CallStack::getCurrentInternal not
linked, returning null
02-27 19:55:09.016 31410 2669 W RefBase : CallStack::logStackInternal not linked
02-27 19:55:09.017 31410 2669 W RefBase : CallStack::getCurrentInternal not
linked, returning null
02-27 19:55:09.017 31410 2669 W RefBase : CallStack::logStackInternal not linked
02-27 19:55:09.017 31410 2669 W RefBase : CallStack::getCurrentInternal not
linked, returning null
02-27 19:55:09.017 31410 2669 W RefBase : CallStack::logStackInternal not linked
02-27 19:55:09.017 31410 2669 W RefBase : CallStack::getCurrentInternal not
linked, returning null
02-27 19:55:09.017 31410 2669 W RefBase : CallStack::logStackInternal not linked
02-27 19:55:09.018 31410 2669 W RefBase : CallStack::getCurrentInternal not
linked, returning null
02-27 19:55:09.018 31410 2669 W RefBase : CallStack::logStackInternal not linked
02-27 19:55:09.018 31410 2669 W RefBase : CallStack::getCurrentInternal not
linked, returning null
02-27 19:55:09.018 31410 2669 W RefBase : CallStack::logStackInternal not linked
02-27 19:55:09.019 31410 2669 W RefBase : CallStack::getCurrentInternal not
linked, returning null
02-27 19:55:09.019 31410 2669 W RefBase : CallStack::logStackInternal not linked
02-27 19:55:09.019 31410 2669 W RefBase : CallStack::getCurrentInternal not
linked, returning null
02-27 19:55:09.019 31410 2669 W RefBase : CallStack::logStackInternal not linked
02-27 19:55:09.051 31410 3115 W Codec2Client: query -- param skipped: index =
1342179345.
02-27 19:55:09.052 31410 3115 W Codec2Client: query -- param skipped: index =
2415921170.
02-27 19:55:09.052 31410 3115 W Codec2Client: query -- param skipped: index =
1610614798.
02-27 19:55:09.056 31410 3108 W ACodec : Failed to set ANW_HWComposer to OMX,
ignoring (-2147483648)
02-27 19:55:12.832 31410 31410 E libc : Access denied finding property
"ro.vendor.pref_scale_resolution"
02-27 19:55:12.834 31410 31410 E libc : Access denied finding property
"ro.vendor.pref_scale_resolution"
02-27 19:55:12.966 31410 31410 E libc : Access denied finding property
"ro.vendor.pref_scale_resolution"
02-27 19:55:13.045 31410 31410 E libc : Access denied finding property
"ro.vendor.pref_scale_resolution"
02-27 19:55:14.289 31410 31410 W Choreographer: Frame time is 0.073329 ms in the
future! Check that graphics HAL is generating vsync timestamps using the correct
timebase.
02-27 19:55:14.691 31410 31410 E libc : Access denied finding property
"ro.vendor.pref_scale_resolution"
02-27 19:55:14.720 31410 31410 E libc : Access denied finding property
"ro.vendor.pref_scale_resolution"
02-27 19:55:14.727 31410 31410 E libc : Access denied finding property
"ro.vendor.pref_scale_resolution"
02-27 19:55:14.779 31410 31410 E libc : Access denied finding property
"ro.vendor.pref_scale_resolution"
02-27 19:55:15.873 31410 31410 E libc : Access denied finding property
"ro.vendor.pref_scale_resolution"
02-27 19:55:15.903 31410 31410 E libc : Access denied finding property
"ro.vendor.pref_scale_resolution"
02-27 19:55:15.908 31410 31410 E libc : Access denied finding property
"ro.vendor.pref_scale_resolution"
02-27 19:55:15.935 31410 31410 E libc : Access denied finding property
"ro.vendor.pref_scale_resolution"
02-27 19:55:15.950 31410 31410 E libc : Access denied finding property
"ro.vendor.pref_scale_resolution"
02-27 19:55:15.959 31410 31410 E libc : Access denied finding property
"ro.vendor.pref_scale_resolution"
02-27 19:55:15.966 31410 31410 E libc : Access denied finding property
"ro.vendor.pref_scale_resolution"
02-27 19:55:15.968 31410 31410 E libc : Access denied finding property
"ro.vendor.pref_scale_resolution"
02-27 19:55:15.973 31410 31410 E libc : Access denied finding property
"ro.vendor.pref_scale_resolution"
02-27 19:55:15.975 31410 31410 E libc : Access denied finding property
"ro.vendor.pref_scale_resolution"
02-27 19:55:15.984 31410 31410 E libc : Access denied finding property
"ro.vendor.pref_scale_resolution"
02-27 19:55:15.994 31410 31410 E libc : Access denied finding property
"ro.vendor.pref_scale_resolution"
02-27 19:55:16.005 31410 31410 E libc : Access denied finding property
"ro.vendor.pref_scale_resolution"
02-27 19:55:16.010 31410 31410 E libc : Access denied finding property
"ro.vendor.pref_scale_resolution"
02-27 19:55:16.014 31410 31410 E libc : Access denied finding property
"ro.vendor.pref_scale_resolution"
02-27 19:55:16.016 31410 31410 E libc : Access denied finding property
"ro.vendor.pref_scale_resolution"
02-27 19:55:16.026 31410 31410 E libc : Access denied finding property
"ro.vendor.pref_scale_resolution"
02-27 19:55:16.077 31410 31410 E libc : Access denied finding property
"ro.vendor.pref_scale_resolution"
02-27 19:55:16.079 31410 31410 E libc : Access denied finding property
"ro.vendor.pref_scale_resolution"
02-27 19:55:16.081 31410 31410 E libc : Access denied finding property
"ro.vendor.pref_scale_resolution"
02-27 19:55:16.082 31410 31410 E libc : Access denied finding property
"ro.vendor.pref_scale_resolution"
02-27 19:55:16.099 31410 31410 E libc : Access denied finding property
"ro.vendor.pref_scale_resolution"
02-27 19:55:16.103 31410 31410 E libc : Access denied finding property
"ro.vendor.pref_scale_resolution"
02-27 19:55:16.107 31410 31410 E libc : Access denied finding property
"ro.vendor.pref_scale_resolution"
02-27 19:55:16.131 31410 31410 E libc : Access denied finding property
"ro.vendor.pref_scale_resolution"
02-27 19:55:16.133 31410 31410 E libc : Access denied finding property
"ro.vendor.pref_scale_resolution"
02-27 19:55:16.172 31410 31410 E ArmVmp : Match on catch block at 0x0a in for 0xb9
02-27 19:55:16.178 31410 31410 E ArmVmp : Match on catch block at 0x0a in for 0xb5
02-27 19:55:16.186 31410 31410 E libc : Access denied finding property
"ro.vendor.pref_scale_resolution"
02-27 19:55:16.190 31410 31410 E libc : Access denied finding property
"ro.vendor.pref_scale_resolution"
02-27 19:55:16.200 31410 31410 E libc : Access denied finding property
"ro.vendor.pref_scale_resolution"
02-27 19:55:16.255 31410 31410 W Looper : PerfMonitor looperActivity :
package=com.whatsapp/.Conversation time=1ms latency=484ms running=0ms procState=2
ClientTransaction{ callbacks=[android.app.servertransaction.TopResumedActivityChang
eItem] } historyMsgCount=4 (msgIndex=4 wall=479ms seq=5755 running=364ms
runnable=3ms io=73ms late=6ms h=android.app.ActivityThread$H w=159)
02-27 19:55:16.304 31410 31410 E libc : Access denied finding property
"ro.vendor.pref_scale_resolution"
02-27 19:55:16.320 31410 31410 E libc : Access denied finding property
"ro.vendor.pref_scale_resolution"
02-27 19:55:16.328 31410 31410 E libc : Access denied finding property
"ro.vendor.pref_scale_resolution"
02-27 19:55:16.387 31410 31410 E libc : Access denied finding property
"ro.vendor.pref_scale_resolution"
02-27 19:55:16.401 31410 31410 E libc : Access denied finding property
"ro.vendor.pref_scale_resolution"
02-27 19:55:16.573 31410 31410 E libc : Access denied finding property
"ro.vendor.pref_scale_resolution"
02-27 19:55:16.761 31410 31410 E ArmVmp : Match on catch block at 0xc3 in for 0xa9
02-27 19:55:16.764 31410 31410 E libc : Access denied finding property
"ro.vendor.pref_scale_resolution"
02-27 19:55:16.768 31410 31410 E ArmVmp : Match on catch block at 0xc3 in for 0xa9
02-27 19:55:16.771 31410 31410 E ArmVmp : Match on catch block at 0xc3 in for 0xa9
02-27 19:55:16.830 31410 31410 W Looper : PerfMonitor doFrame : time=576ms
vsyncFrame=0 latency=480ms procState=2 historyMsgCount=5 (msgIndex=4 wall=479ms
seq=5755 running=364ms runnable=3ms io=73ms late=6ms h=android.app.ActivityThread$H
w=159)
02-27 19:55:16.844 31410 31410 E libc : Access denied finding property
"ro.vendor.pref_scale_resolution"
02-27 19:55:16.847 31410 31410 E libc : Access denied finding property
"ro.vendor.pref_scale_resolution"
02-27 19:55:16.865 31410 31410 E ArmVmp : Match on catch block at 0xc3 in for 0x91
02-27 19:55:16.869 31410 31410 E ArmVmp : Match on catch block at 0xc3 in for 0x95
02-27 19:55:16.872 31410 31410 E ArmVmp : Match on catch block at 0xc3 in for 0x95
02-27 19:55:16.899 31410 31410 W Looper : PerfMonitor doFrame : time=44ms
vsyncFrame=0 latency=584ms procState=2 historyMsgCount=50 (msgIndex=1 wall=576ms
seq=5757 running=474ms runnable=1ms io=21ms late=480ms
h=android.view.Choreographer$FrameHandler
c=android.view.Choreographer$FrameDisplayEventReceiver)
02-27 19:55:16.939 31410 31410 E ArmVmp : Match on catch block at 0xc3 in for 0x99
02-27 19:55:16.943 31410 31410 E ArmVmp : Match on catch block at 0xc3 in for 0x91
02-27 19:55:16.945 31410 31410 E ArmVmp : Match on catch block at 0xc3 in for 0x91
02-27 19:55:16.976 31410 31410 E ArmVmp : Match on catch block at 0xc3 in for 0x91
02-27 19:55:16.982 31410 31410 E ArmVmp : Match on catch block at 0xc3 in for 0x95
02-27 19:55:16.985 31410 31410 E ArmVmp : Match on catch block at 0xc3 in for 0x95
02-27 19:55:17.065 31410 31410 E ArmVmp : Match on catch block at 0xc3 in for 0x95
02-27 19:55:17.070 31410 31410 E ArmVmp : Match on catch block at 0xc3 in for 0x99
02-27 19:55:17.073 31410 31410 E ArmVmp : Match on catch block at 0xc3 in for 0x99
02-27 19:55:17.082 31410 31410 E ArmVmp : Match on catch block at 0xc3 in for 0x91
02-27 19:55:17.087 31410 31410 E ArmVmp : Match on catch block at 0xc3 in for 0x95
02-27 19:55:17.091 31410 31410 E ArmVmp : Match on catch block at 0xc3 in for 0x95
02-27 19:55:17.098 31410 31410 E ArmVmp : Match on catch block at 0xc3 in for 0x99
02-27 19:55:17.103 31410 31410 E ArmVmp : Match on catch block at 0xc3 in for 0x91
02-27 19:55:17.106 31410 31410 E ArmVmp : Match on catch block at 0xc3 in for 0x91
02-27 19:55:17.115 31410 31410 E ArmVmp : Match on catch block at 0xc3 in for 0x95
02-27 19:55:17.120 31410 31410 E ArmVmp : Match on catch block at 0xc3 in for 0x99
02-27 19:55:17.124 31410 31410 E ArmVmp : Match on catch block at 0xc3 in for 0x99
02-27 19:55:17.131 31410 31410 E ArmVmp : Match on catch block at 0xc3 in for 0x91
02-27 19:55:17.138 31410 31410 E ArmVmp : Match on catch block at 0xc3 in for 0x95
02-27 19:55:17.140 31410 31410 E ArmVmp : Match on catch block at 0xc3 in for 0x95
02-27 19:55:17.148 31410 31410 E ArmVmp : Match on catch block at 0xc3 in for 0x99
02-27 19:55:17.154 31410 31410 E ArmVmp : Match on catch block at 0xc3 in for 0x91
02-27 19:55:17.156 31410 31410 E ArmVmp : Match on catch block at 0xc3 in for 0x91
02-27 19:55:17.164 31410 31410 E ArmVmp : Match on catch block at 0xc3 in for 0x95
02-27 19:55:17.170 31410 31410 E ArmVmp : Match on catch block at 0xc3 in for 0x99
02-27 19:55:17.173 31410 31410 E ArmVmp : Match on catch block at 0xc3 in for 0x99
02-27 19:55:17.181 31410 31410 E ArmVmp : Match on catch block at 0xc3 in for 0x91
02-27 19:55:17.186 31410 31410 E ArmVmp : Match on catch block at 0xc3 in for 0x95
02-27 19:55:17.189 31410 31410 E ArmVmp : Match on catch block at 0xc3 in for 0x95
02-27 19:55:17.197 31410 31410 E ArmVmp : Match on catch block at 0xc3 in for 0x99
02-27 19:55:17.202 31410 31410 E ArmVmp : Match on catch block at 0xc3 in for 0x91
02-27 19:55:17.206 31410 31410 E ArmVmp : Match on catch block at 0xc3 in for 0x91
02-27 19:55:17.214 31410 31410 E ArmVmp : Match on catch block at 0xc3 in for 0x95
02-27 19:55:17.219 31410 31410 E ArmVmp : Match on catch block at 0xc3 in for 0x99
02-27 19:55:17.222 31410 31410 E ArmVmp : Match on catch block at 0xc3 in for 0x99
02-27 19:55:17.230 31410 31410 E ArmVmp : Match on catch block at 0xc3 in for 0x95
02-27 19:55:17.239 31410 31410 E ArmVmp : Match on catch block at 0xc3 in for 0x99
02-27 19:55:17.242 31410 31410 E ArmVmp : Match on catch block at 0xc3 in for 0x99
02-27 19:55:17.262 31410 31410 E ArmVmp : Match on catch block at 0xc3 in for 0x91
02-27 19:55:17.266 31410 31410 E ArmVmp : Match on catch block at 0xc3 in for 0x95
02-27 19:55:17.269 31410 31410 E ArmVmp : Match on catch block at 0xc3 in for 0x95
02-27 19:55:17.296 31410 31410 E ArmVmp : Match on catch block at 0xc3 in for 0x95
02-27 19:55:17.301 31410 31410 E ArmVmp : Match on catch block at 0xc3 in for 0x99
02-27 19:55:17.305 31410 31410 E ArmVmp : Match on catch block at 0xc3 in for 0x99
02-27 19:55:17.331 31410 31410 E ArmVmp : Match on catch block at 0xc3 in for 0x91
02-27 19:55:17.337 31410 31410 E ArmVmp : Match on catch block at 0xc3 in for 0x95
02-27 19:55:17.341 31410 31410 E ArmVmp : Match on catch block at 0xc3 in for 0x95
02-27 19:55:17.362 31410 31410 E ArmVmp : Match on catch block at 0xc3 in for 0x99
02-27 19:55:17.367 31410 31410 E ArmVmp : Match on catch block at 0xc3 in for 0x91
02-27 19:55:17.370 31410 31410 E ArmVmp : Match on catch block at 0xc3 in for 0x91
02-27 19:55:17.406 31410 31410 E ArmVmp : Match on catch block at 0xc3 in for 0x95
02-27 19:55:17.409 31410 31410 E ArmVmp : Match on catch block at 0xc3 in for 0x99
02-27 19:55:17.412 31410 31410 E ArmVmp : Match on catch block at 0xc3 in for 0x99
02-27 19:55:17.445 31410 31410 E ArmVmp : Match on catch block at 0xc3 in for 0x91
02-27 19:55:17.449 31410 31410 E ArmVmp : Match on catch block at 0xc3 in for 0x95
02-27 19:55:17.451 31410 31410 E ArmVmp : Match on catch block at 0xc3 in for 0x95
02-27 19:55:17.802 31410 31410 E ArmVmp : Match on catch block at 0xc3 in for 0x99
02-27 19:55:17.806 31410 31410 E ArmVmp : Match on catch block at 0xc3 in for 0x91
02-27 19:55:17.809 31410 31410 E ArmVmp : Match on catch block at 0xc3 in for 0x91
02-27 19:55:17.820 31410 31410 E ArmVmp : Match on catch block at 0xc3 in for 0x95
02-27 19:55:17.825 31410 31410 E ArmVmp : Match on catch block at 0xc3 in for 0x99
02-27 19:55:17.828 31410 31410 E ArmVmp : Match on catch block at 0xc3 in for 0x99
02-27 19:55:17.958 31410 31410 E ArmVmp : Match on catch block at 0xc3 in for 0x91
02-27 19:55:17.963 31410 31410 E ArmVmp : Match on catch block at 0xc3 in for 0x95
02-27 19:55:17.966 31410 31410 E ArmVmp : Match on catch block at 0xc3 in for 0x95
02-27 19:55:18.397 31410 31410 E ArmVmp : Match on catch block at 0xc3 in for 0x99
02-27 19:55:18.403 31410 31410 E ArmVmp : Match on catch block at 0xc3 in for 0x91
02-27 19:55:18.405 31410 31410 E ArmVmp : Match on catch block at 0xc3 in for 0x91
02-27 19:55:18.417 31410 31410 E ArmVmp : Match on catch block at 0xc3 in for 0x95
02-27 19:55:18.422 31410 31410 E ArmVmp : Match on catch block at 0xc3 in for 0x99
02-27 19:55:18.425 31410 31410 E ArmVmp : Match on catch block at 0xc3 in for 0x99
02-27 19:55:18.453 31410 31410 E ArmVmp : Match on catch block at 0xc3 in for 0x91
02-27 19:55:18.457 31410 31410 E ArmVmp : Match on catch block at 0xc3 in for 0x95
02-27 19:55:18.460 31410 31410 E ArmVmp : Match on catch block at 0xc3 in for 0x95
02-27 19:55:18.949 31410 31410 E ArmVmp : Match on catch block at 0xc3 in for 0x99
02-27 19:55:18.954 31410 31410 E ArmVmp : Match on catch block at 0xc3 in for 0x91
02-27 19:55:18.957 31410 31410 E ArmVmp : Match on catch block at 0xc3 in for 0x91
02-27 19:55:19.426 31410 31410 E ArmVmp : Match on catch block at 0xc3 in for 0x95
02-27 19:55:19.430 31410 31410 E ArmVmp : Match on catch block at 0xc3 in for 0x99
02-27 19:55:19.461 31410 31410 E ArmVmp : Match on catch block at 0xc3 in for 0x99
02-27 19:55:19.465 31410 31410 E ArmVmp : Match on catch block at 0xc3 in for 0x91
02-27 19:55:19.468 31410 31410 E ArmVmp : Match on catch block at 0xc3 in for 0x91
02-27 19:55:19.477 31410 31410 E ArmVmp : Match on catch block at 0xc3 in for 0x95
02-27 19:55:19.482 31410 31410 E ArmVmp : Match on catch block at 0xc3 in for 0x99
02-27 19:55:19.486 31410 31410 E ArmVmp : Match on catch block at 0xc3 in for 0x99
02-27 19:55:19.493 31410 31410 E ArmVmp : Match on catch block at 0xc3 in for 0x91
02-27 19:55:19.498 31410 31410 E ArmVmp : Match on catch block at 0xc3 in for 0x95
02-27 19:55:19.502 31410 31410 E ArmVmp : Match on catch block at 0xc3 in for 0x95
02-27 19:55:19.510 31410 31410 E ArmVmp : Match on catch block at 0xc3 in for 0x99
02-27 19:55:19.515 31410 31410 E ArmVmp : Match on catch block at 0xc3 in for 0x91
02-27 19:55:19.517 31410 31410 E ArmVmp : Match on catch block at 0xc3 in for 0x91
02-27 19:55:19.526 31410 31410 E ArmVmp : Match on catch block at 0xc3 in for 0x95
02-27 19:55:19.530 31410 31410 E ArmVmp : Match on catch block at 0xc3 in for 0x99
02-27 19:55:19.533 31410 31410 E ArmVmp : Match on catch block at 0xc3 in for 0x99
02-27 19:55:19.548 31410 31410 E ArmVmp : Match on catch block at 0xc3 in for 0x91
02-27 19:55:19.552 31410 31410 E ArmVmp : Match on catch block at 0xc3 in for 0x95
02-27 19:55:19.555 31410 31410 E ArmVmp : Match on catch block at 0xc3 in for 0x95
02-27 19:55:19.576 31410 31410 E ArmVmp : Match on catch block at 0xc3 in for 0x99
02-27 19:55:19.580 31410 31410 E ArmVmp : Match on catch block at 0xc3 in for 0x91
02-27 19:55:19.583 31410 31410 E ArmVmp : Match on catch block at 0xc3 in for 0x91
02-27 19:55:19.592 31410 31410 E ArmVmp : Match on catch block at 0xc3 in for 0x95
02-27 19:55:19.598 31410 31410 E ArmVmp : Match on catch block at 0xc3 in for 0x99
02-27 19:55:19.600 31410 31410 E ArmVmp : Match on catch block at 0xc3 in for 0x99
02-27 19:55:19.609 31410 31410 E ArmVmp : Match on catch block at 0xc3 in for 0x91
02-27 19:55:19.613 31410 31410 E ArmVmp : Match on catch block at 0xc3 in for 0x95
02-27 19:55:19.616 31410 31410 E ArmVmp : Match on catch block at 0xc3 in for 0x95
02-27 19:55:19.724 31410 31410 E ArmVmp : Match on catch block at 0xc3 in for 0x99
02-27 19:55:19.729 31410 31410 E ArmVmp : Match on catch block at 0xc3 in for 0x91
02-27 19:55:19.731 31410 31410 E ArmVmp : Match on catch block at 0xc3 in for 0x91
02-27 19:55:19.922 31410 31410 E ArmVmp : Match on catch block at 0xc3 in for 0x95
02-27 19:55:19.927 31410 31410 E ArmVmp : Match on catch block at 0xc3 in for 0x99
02-27 19:55:19.930 31410 31410 E ArmVmp : Match on catch block at 0xc3 in for 0x99
02-27 19:55:19.955 31410 31410 E ArmVmp : Match on catch block at 0xc3 in for 0x91
02-27 19:55:19.959 31410 31410 E ArmVmp : Match on catch block at 0xc3 in for 0x95
02-27 19:55:19.962 31410 31410 E ArmVmp : Match on catch block at 0xc3 in for 0x95
02-27 19:55:19.972 31410 31410 E ArmVmp : Match on catch block at 0xc3 in for 0x99
02-27 19:55:19.977 31410 31410 E ArmVmp : Match on catch block at 0xc3 in for 0x91
02-27 19:55:19.980 31410 31410 E ArmVmp : Match on catch block at 0xc3 in for 0x91
02-27 19:55:19.989 31410 31410 E ArmVmp : Match on catch block at 0xc3 in for 0x95
02-27 19:55:19.994 31410 31410 E ArmVmp : Match on catch block at 0xc3 in for 0x99
02-27 19:55:19.996 31410 31410 E ArmVmp : Match on catch block at 0xc3 in for 0x99
02-27 19:55:20.005 31410 31410 E ArmVmp : Match on catch block at 0xc3 in for 0x91
02-27 19:55:20.010 31410 31410 E ArmVmp : Match on catch block at 0xc3 in for 0x95
02-27 19:55:20.012 31410 31410 E ArmVmp : Match on catch block at 0xc3 in for 0x95
02-27 19:55:20.022 31410 31410 E ArmVmp : Match on catch block at 0xc3 in for 0x99
02-27 19:55:20.026 31410 31410 E ArmVmp : Match on catch block at 0xc3 in for 0x91
02-27 19:55:20.029 31410 31410 E ArmVmp : Match on catch block at 0xc3 in for 0x91
02-27 19:55:20.038 31410 31410 E ArmVmp : Match on catch block at 0xc3 in for 0x95
02-27 19:55:20.043 31410 31410 E ArmVmp : Match on catch block at 0xc3 in for 0x99
02-27 19:55:20.046 31410 31410 E ArmVmp : Match on catch block at 0xc3 in for 0x99
02-27 19:55:20.054 31410 31410 E ArmVmp : Match on catch block at 0xc3 in for 0x91
02-27 19:55:20.059 31410 31410 E ArmVmp : Match on catch block at 0xc3 in for 0x95
02-27 19:55:20.061 31410 31410 E ArmVmp : Match on catch block at 0xc3 in for 0x95
02-27 19:55:20.071 31410 31410 E ArmVmp : Match on catch block at 0xc3 in for 0x99
02-27 19:55:20.076 31410 31410 E ArmVmp : Match on catch block at 0xc3 in for 0x91
02-27 19:55:20.078 31410 31410 E ArmVmp : Match on catch block at 0xc3 in for 0x91
02-27 19:55:20.088 31410 31410 E ArmVmp : Match on catch block at 0xc3 in for 0x95
02-27 19:55:20.092 31410 31410 E ArmVmp : Match on catch block at 0xc3 in for 0x99
02-27 19:55:20.095 31410 31410 E ArmVmp : Match on catch block at 0xc3 in for 0x99
02-27 19:55:20.104 31410 31410 E ArmVmp : Match on catch block at 0xc3 in for 0x91
02-27 19:55:20.110 31410 31410 E ArmVmp : Match on catch block at 0xc3 in for 0x95
02-27 19:55:20.112 31410 31410 E ArmVmp : Match on catch block at 0xc3 in for 0x95
02-27 19:55:20.122 31410 31410 E ArmVmp : Match on catch block at 0xc3 in for 0x99
02-27 19:55:20.128 31410 31410 E ArmVmp : Match on catch block at 0xc3 in for 0x91
02-27 19:55:20.130 31410 31410 E ArmVmp : Match on catch block at 0xc3 in for 0x91
02-27 19:55:20.137 31410 31410 E ArmVmp : Match on catch block at 0xc3 in for 0x95
02-27 19:55:20.142 31410 31410 E ArmVmp : Match on catch block at 0xc3 in for 0x99
02-27 19:55:20.144 31410 31410 E ArmVmp : Match on catch block at 0xc3 in for 0x99
02-27 19:55:20.154 31410 31410 E ArmVmp : Match on catch block at 0xc3 in for 0x91
02-27 19:55:20.158 31410 31410 E ArmVmp : Match on catch block at 0xc3 in for 0x95
02-27 19:55:20.161 31410 31410 E ArmVmp : Match on catch block at 0xc3 in for 0x95
02-27 19:55:20.170 31410 31410 E ArmVmp : Match on catch block at 0xc3 in for 0x99
02-27 19:55:20.175 31410 31410 E ArmVmp : Match on catch block at 0xc3 in for 0x91
02-27 19:55:20.177 31410 31410 E ArmVmp : Match on catch block at 0xc3 in for 0x91
02-27 19:55:20.187 31410 31410 E ArmVmp : Match on catch block at 0xc3 in for 0x95
02-27 19:55:20.192 31410 31410 E ArmVmp : Match on catch block at 0xc3 in for 0x99
02-27 19:55:20.194 31410 31410 E ArmVmp : Match on catch block at 0xc3 in for 0x99
02-27 19:55:20.203 31410 31410 E ArmVmp : Match on catch block at 0xc3 in for 0x91
02-27 19:55:20.208 31410 31410 E ArmVmp : Match on catch block at 0xc3 in for 0x95
02-27 19:55:20.210 31410 31410 E ArmVmp : Match on catch block at 0xc3 in for 0x95
02-27 19:55:20.220 31410 31410 E ArmVmp : Match on catch block at 0xc3 in for 0x99
02-27 19:55:20.224 31410 31410 E ArmVmp : Match on catch block at 0xc3 in for 0x91
02-27 19:55:20.227 31410 31410 E ArmVmp : Match on catch block at 0xc3 in for 0x91
02-27 19:55:20.237 31410 31410 E ArmVmp : Match on catch block at 0xc3 in for 0x95
02-27 19:55:20.241 31410 31410 E ArmVmp : Match on catch block at 0xc3 in for 0x99
02-27 19:55:20.244 31410 31410 E ArmVmp : Match on catch block at 0xc3 in for 0x99
02-27 19:55:20.253 31410 31410 E ArmVmp : Match on catch block at 0xc3 in for 0x91
02-27 19:55:20.257 31410 31410 E ArmVmp : Match on catch block at 0xc3 in for 0x95
02-27 19:55:20.260 31410 31410 E ArmVmp : Match on catch block at 0xc3 in for 0x95
02-27 19:55:20.269 31410 31410 E ArmVmp : Match on catch block at 0xc3 in for 0x99
02-27 19:55:20.273 31410 31410 E ArmVmp : Match on catch block at 0xc3 in for 0x91
02-27 19:55:20.276 31410 31410 E ArmVmp : Match on catch block at 0xc3 in for 0x91
02-27 19:55:20.286 31410 31410 E ArmVmp : Match on catch block at 0xc3 in for 0x95
02-27 19:55:20.289 31410 31410 E ArmVmp : Match on catch block at 0xc3 in for 0x99
02-27 19:55:20.292 31410 31410 E ArmVmp : Match on catch block at 0xc3 in for 0x99
02-27 19:55:20.302 31410 31410 E ArmVmp : Match on catch block at 0xc3 in for 0x91
02-27 19:55:20.306 31410 31410 E ArmVmp : Match on catch block at 0xc3 in for 0x95
02-27 19:55:20.309 31410 31410 E ArmVmp : Match on catch block at 0xc3 in for 0x95
02-27 19:55:20.319 31410 31410 E ArmVmp : Match on catch block at 0xc3 in for 0x99
02-27 19:55:20.323 31410 31410 E ArmVmp : Match on catch block at 0xc3 in for 0x91
02-27 19:55:20.325 31410 31410 E ArmVmp : Match on catch block at 0xc3 in for 0x91
02-27 19:55:20.335 31410 31410 E ArmVmp : Match on catch block at 0xc3 in for 0x95
02-27 19:55:20.339 31410 31410 E ArmVmp : Match on catch block at 0xc3 in for 0x99
02-27 19:55:20.341 31410 31410 E ArmVmp : Match on catch block at 0xc3 in for 0x99
02-27 19:55:20.352 31410 31410 E ArmVmp : Match on catch block at 0xc3 in for 0x91
02-27 19:55:20.356 31410 31410 E ArmVmp : Match on catch block at 0xc3 in for 0x95
02-27 19:55:20.358 31410 31410 E ArmVmp : Match on catch block at 0xc3 in for 0x95
02-27 19:55:20.368 31410 31410 E ArmVmp : Match on catch block at 0xc3 in for 0x99
02-27 19:55:20.372 31410 31410 E ArmVmp : Match on catch block at 0xc3 in for 0x91
02-27 19:55:20.375 31410 31410 E ArmVmp : Match on catch block at 0xc3 in for 0x91
02-27 19:55:20.385 31410 31410 E ArmVmp : Match on catch block at 0xc3 in for 0x95
02-27 19:55:20.389 31410 31410 E ArmVmp : Match on catch block at 0xc3 in for 0x99
02-27 19:55:20.391 31410 31410 E ArmVmp : Match on catch block at 0xc3 in for 0x99
02-27 19:55:20.402 31410 31410 E ArmVmp : Match on catch block at 0xc3 in for 0x91
02-27 19:55:20.405 31410 31410 E ArmVmp : Match on catch block at 0xc3 in for 0x95
02-27 19:55:20.408 31410 31410 E ArmVmp : Match on catch block at 0xc3 in for 0x95
02-27 19:55:20.418 31410 31410 E ArmVmp : Match on catch block at 0xc3 in for 0x99
02-27 19:55:20.422 31410 31410 E ArmVmp : Match on catch block at 0xc3 in for 0x91
02-27 19:55:20.424 31410 31410 E ArmVmp : Match on catch block at 0xc3 in for 0x91
02-27 19:55:20.434 31410 31410 E ArmVmp : Match on catch block at 0xc3 in for 0x95
02-27 19:55:20.438 31410 31410 E ArmVmp : Match on catch block at 0xc3 in for 0x99
02-27 19:55:20.441 31410 31410 E ArmVmp : Match on catch block at 0xc3 in for 0x99
02-27 19:55:20.451 31410 31410 E ArmVmp : Match on catch block at 0xc3 in for 0x91
02-27 19:55:20.455 31410 31410 E ArmVmp : Match on catch block at 0xc3 in for 0x95
02-27 19:55:20.457 31410 31410 E ArmVmp : Match on catch block at 0xc3 in for 0x95
02-27 19:55:20.468 31410 31410 E ArmVmp : Match on catch block at 0xc3 in for 0x99
02-27 19:55:20.472 31410 31410 E ArmVmp : Match on catch block at 0xc3 in for 0x91
02-27 19:55:20.474 31410 31410 E ArmVmp : Match on catch block at 0xc3 in for 0x91
02-27 19:55:20.484 31410 31410 E ArmVmp : Match on catch block at 0xc3 in for 0x95
02-27 19:55:20.488 31410 31410 E ArmVmp : Match on catch block at 0xc3 in for 0x99
02-27 19:55:20.490 31410 31410 E ArmVmp : Match on catch block at 0xc3 in for 0x99
02-27 19:55:20.501 31410 31410 E ArmVmp : Match on catch block at 0xc3 in for 0x91
02-27 19:55:20.505 31410 31410 E ArmVmp : Match on catch block at 0xc3 in for 0x95
02-27 19:55:20.507 31410 31410 E ArmVmp : Match on catch block at 0xc3 in for 0x95
02-27 19:55:20.519 31410 31410 E ArmVmp : Match on catch block at 0xc3 in for 0x99
02-27 19:55:20.524 31410 31410 E ArmVmp : Match on catch block at 0xc3 in for 0x91
02-27 19:55:20.527 31410 31410 E ArmVmp : Match on catch block at 0xc3 in for 0x91
02-27 19:55:20.534 31410 31410 E ArmVmp : Match on catch block at 0xc3 in for 0x95
02-27 19:55:20.539 31410 31410 E ArmVmp : Match on catch block at 0xc3 in for 0x99
02-27 19:55:20.542 31410 31410 E ArmVmp : Match on catch block at 0xc3 in for 0x99
02-27 19:55:20.635 31410 31410 E ArmVmp : Match on catch block at 0xc3 in for 0x91
02-27 19:55:20.641 31410 31410 E ArmVmp : Match on catch block at 0xc3 in for 0x95
02-27 19:55:20.645 31410 31410 E ArmVmp : Match on catch block at 0xc3 in for 0x95
02-27 19:55:20.899 31410 31410 E ArmVmp : Match on catch block at 0xc3 in for 0x99
02-27 19:55:20.904 31410 31410 E ArmVmp : Match on catch block at 0xc3 in for 0x91
02-27 19:55:20.908 31410 31410 E ArmVmp : Match on catch block at 0xc3 in for 0x91
02-27 19:55:21.080 31410 31410 E ArmVmp : Match on catch block at 0xc3 in for 0x95
02-27 19:55:21.085 31410 31410 E ArmVmp : Match on catch block at 0xc3 in for 0x99
02-27 19:55:21.089 31410 31410 E ArmVmp : Match on catch block at 0xc3 in for 0x99
02-27 19:55:21.262 31410 31410 E ArmVmp : Match on catch block at 0xc3 in for 0x91
02-27 19:55:21.268 31410 31410 E ArmVmp : Match on catch block at 0xc3 in for 0x95
02-27 19:55:21.270 31410 31410 E ArmVmp : Match on catch block at 0xc3 in for 0x95
02-27 19:55:21.443 31410 31410 E ArmVmp : Match on catch block at 0xc3 in for 0x99
02-27 19:55:21.449 31410 31410 E ArmVmp : Match on catch block at 0xc3 in for 0x91
02-27 19:55:21.453 31410 31410 E ArmVmp : Match on catch block at 0xc3 in for 0x91
02-27 19:55:21.609 31410 31410 E ArmVmp : Match on catch block at 0xc3 in for 0x95
02-27 19:55:21.616 31410 31410 E ArmVmp : Match on catch block at 0xc3 in for 0x99
02-27 19:55:21.619 31410 31410 E ArmVmp : Match on catch block at 0xc3 in for 0x99
02-27 19:55:21.888 31410 31410 E ArmVmp : Match on catch block at 0xc3 in for 0x91
02-27 19:55:21.893 31410 31410 E ArmVmp : Match on catch block at 0xc3 in for 0x95
02-27 19:55:21.897 31410 31410 E ArmVmp : Match on catch block at 0xc3 in for 0x95
02-27 19:55:22.169 31410 31410 E ArmVmp : Match on catch block at 0xc3 in for 0x99
02-27 19:55:22.175 31410 31410 E ArmVmp : Match on catch block at 0xc3 in for 0x91
02-27 19:55:22.179 31410 31410 E ArmVmp : Match on catch block at 0xc3 in for 0x91
02-27 19:55:22.632 31410 31410 E ArmVmp : Match on catch block at 0xc3 in for 0x95
02-27 19:55:22.639 31410 31410 E ArmVmp : Match on catch block at 0xc3 in for 0x99
02-27 19:55:22.643 31410 31410 E ArmVmp : Match on catch block at 0xc3 in for 0x99
02-27 19:55:22.667 31410 31410 E libc : Access denied finding property
"ro.vendor.pref_scale_resolution"
02-27 19:55:22.671 31410 31410 E libc : Access denied finding property
"ro.vendor.pref_scale_resolution"
02-27 19:55:22.678 31410 31410 E libc : Access denied finding property
"ro.vendor.pref_scale_resolution"
02-27 19:55:22.687 31410 31410 E libc : Access denied finding property
"ro.vendor.pref_scale_resolution"
02-27 19:55:22.688 31410 31410 E libc : Access denied finding property
"ro.vendor.pref_scale_resolution"
02-27 19:55:22.797 31410 31410 E libc : Access denied finding property
"ro.vendor.pref_scale_resolution"
02-27 19:55:22.806 31410 31410 E libc : Access denied finding property
"ro.vendor.pref_scale_resolution"
02-27 19:55:22.867 31410 31410 E libc : Access denied finding property
"ro.vendor.pref_scale_resolution"
02-27 19:55:22.885 31410 31410 E ArmVmp : Match on catch block at 0xc3 in for 0x91
02-27 19:55:22.891 31410 31410 E ArmVmp : Match on catch block at 0xc3 in for 0x95
02-27 19:55:22.894 31410 31410 E ArmVmp : Match on catch block at 0xc3 in for 0x95
02-27 19:55:22.903 31410 31410 E libc : Access denied finding property
"ro.vendor.pref_scale_resolution"
02-27 19:55:22.994 31410 31410 E libc : Access denied finding property
"ro.vendor.pref_scale_resolution"
02-27 19:55:22.998 31410 31410 E libc : Access denied finding property
"ro.vendor.pref_scale_resolution"
02-27 19:55:23.001 31410 31410 E libc : Access denied finding property
"ro.vendor.pref_scale_resolution"
02-27 19:55:23.014 31410 31410 E libc : Access denied finding property
"ro.vendor.pref_scale_resolution"
02-27 19:55:23.085 31410 31410 E ArmVmp : Match on catch block at 0xc3 in for 0x95
02-27 19:55:23.089 31410 31410 E ArmVmp : Match on catch block at 0xc3 in for 0x99
02-27 19:55:23.092 31410 31410 E ArmVmp : Match on catch block at 0xc3 in for 0x99
02-27 19:55:23.132 31410 31410 E ArmVmp : Match on catch block at 0xc3 in for 0x91
02-27 19:55:23.137 31410 31410 E ArmVmp : Match on catch block at 0xc3 in for 0x95
02-27 19:55:23.140 31410 31410 E ArmVmp : Match on catch block at 0xc3 in for 0x95
02-27 19:55:23.477 31410 31410 E ArmVmp : Match on catch block at 0xc3 in for 0x99
02-27 19:55:23.484 31410 31410 E ArmVmp : Match on catch block at 0xc3 in for 0x91
02-27 19:55:23.489 31410 31410 E ArmVmp : Match on catch block at 0xc3 in for 0x91
02-27 19:55:23.777 31410 31410 E ArmVmp : Match on catch block at 0xc3 in for 0x99
02-27 19:55:23.784 31410 31410 E ArmVmp : Match on catch block at 0xc3 in for 0x91
02-27 19:55:23.788 31410 31410 E ArmVmp : Match on catch block at 0xc3 in for 0x91
02-27 19:55:23.836 31410 31410 E ArmVmp : Match on catch block at 0xc3 in for 0x95
02-27 19:55:23.841 31410 31410 E ArmVmp : Match on catch block at 0xc3 in for 0x99
02-27 19:55:23.844 31410 31410 E ArmVmp : Match on catch block at 0xc3 in for 0x99
02-27 19:55:23.865 31410 31410 E ArmVmp : Match on catch block at 0xc3 in for 0x91
02-27 19:55:23.871 31410 31410 E ArmVmp : Match on catch block at 0xc3 in for 0x95
02-27 19:55:23.874 31410 31410 E ArmVmp : Match on catch block at 0xc3 in for 0x95
02-27 19:55:24.268 31410 31410 E ArmVmp : Match on catch block at 0xc3 in for 0x99
02-27 19:55:24.276 31410 31410 E ArmVmp : Match on catch block at 0xc3 in for 0x91
02-27 19:55:24.282 31410 31410 E ArmVmp : Match on catch block at 0xc3 in for 0x91
02-27 19:55:24.409 31410 31410 E ArmVmp : Match on catch block at 0xc3 in for 0x99
02-27 19:55:24.416 31410 31410 E ArmVmp : Match on catch block at 0xc3 in for 0x91
02-27 19:55:24.420 31410 31410 E ArmVmp : Match on catch block at 0xc3 in for 0x91
02-27 19:55:24.692 31410 31410 E ArmVmp : Match on catch block at 0xc3 in for 0x99
02-27 19:55:24.699 31410 31410 E ArmVmp : Match on catch block at 0xc3 in for 0x91
02-27 19:55:24.704 31410 31410 E ArmVmp : Match on catch block at 0xc3 in for 0x91
02-27 19:55:24.746 31410 31410 E ArmVmp : Match on catch block at 0xc3 in for 0x95
02-27 19:55:24.751 31410 31410 E ArmVmp : Match on catch block at 0xc3 in for 0x99
02-27 19:55:24.754 31410 31410 E ArmVmp : Match on catch block at 0xc3 in for 0x99
02-27 19:55:24.774 31410 31410 E ArmVmp : Match on catch block at 0xc3 in for 0x91
02-27 19:55:24.779 31410 31410 E ArmVmp : Match on catch block at 0xc3 in for 0x95
02-27 19:55:24.781 31410 31410 E ArmVmp : Match on catch block at 0xc3 in for 0x95
02-27 19:55:25.193 31410 31410 E ArmVmp : Match on catch block at 0xc3 in for 0x99
02-27 19:55:25.201 31410 31410 E ArmVmp : Match on catch block at 0xc3 in for 0x91
02-27 19:55:25.206 31410 31410 E ArmVmp : Match on catch block at 0xc3 in for 0x91
02-27 19:55:25.689 31410 31410 E ArmVmp : Match on catch block at 0xc3 in for 0x95
02-27 19:55:25.696 31410 31410 E ArmVmp : Match on catch block at 0xc3 in for 0x99
02-27 19:55:25.702 31410 31410 E ArmVmp : Match on catch block at 0xc3 in for 0x99
02-27 19:55:25.727 31410 31410 E ArmVmp : Match on catch block at 0xc3 in for 0x95
02-27 19:55:25.731 31410 31410 E ArmVmp : Match on catch block at 0xc3 in for 0x99
02-27 19:55:25.734 31410 31410 E ArmVmp : Match on catch block at 0xc3 in for 0x99
02-27 19:55:26.182 31410 31410 E ArmVmp : Match on catch block at 0xc3 in for 0x95
02-27 19:55:26.189 31410 31410 E ArmVmp : Match on catch block at 0xc3 in for 0x99
02-27 19:55:26.192 31410 31410 E ArmVmp : Match on catch block at 0xc3 in for 0x99
02-27 19:55:26.232 31410 31410 E ArmVmp : Match on catch block at 0xc3 in for 0x91
02-27 19:55:26.239 31410 31410 E ArmVmp : Match on catch block at 0xc3 in for 0x95
02-27 19:55:26.243 31410 31410 E ArmVmp : Match on catch block at 0xc3 in for 0x95
02-27 19:55:26.266 31410 31410 E ArmVmp : Match on catch block at 0xc3 in for 0x99
02-27 19:55:26.272 31410 31410 E ArmVmp : Match on catch block at 0xc3 in for 0x91
02-27 19:55:26.277 31410 31410 E ArmVmp : Match on catch block at 0xc3 in for 0x91
02-27 19:55:26.464 31410 31410 E ArmVmp : Match on catch block at 0xc3 in for 0x91
02-27 19:55:26.469 31410 31410 E ArmVmp : Match on catch block at 0xc3 in for 0x95
02-27 19:55:26.472 31410 31410 E ArmVmp : Match on catch block at 0xc3 in for 0x95
02-27 19:55:26.506 31410 31410 E ArmVmp : Match on catch block at 0xc3 in for 0x99
02-27 19:55:26.512 31410 31410 E ArmVmp : Match on catch block at 0xc3 in for 0x91
02-27 19:55:26.516 31410 31410 E ArmVmp : Match on catch block at 0xc3 in for 0x91
02-27 19:55:26.538 31410 31410 E ArmVmp : Match on catch block at 0xc3 in for 0x95
02-27 19:55:26.542 31410 31410 E ArmVmp : Match on catch block at 0xc3 in for 0x99
02-27 19:55:26.547 31410 31410 E ArmVmp : Match on catch block at 0xc3 in for 0x99
02-27 19:55:26.959 31410 31410 E ArmVmp : Match on catch block at 0xc3 in for 0x91
02-27 19:55:26.967 31410 31410 E ArmVmp : Match on catch block at 0xc3 in for 0x95
02-27 19:55:26.972 31410 31410 E ArmVmp : Match on catch block at 0xc3 in for 0x95
02-27 19:55:27.006 31410 31410 E ArmVmp : Match on catch block at 0xc3 in for 0x91
02-27 19:55:27.012 31410 31410 E ArmVmp : Match on catch block at 0xc3 in for 0x95
